2026-05-27 01:54:14.073 7 INFO neutron_taas.services.taas.tap_mirror_plugin [None req-3e921dd7-d79c-4ff7-87f4-54846eecc557 321e7e516e35422bb72f00a5724330a0 93a3cbc5f9a2468f8f00b05d8c41b4db - - default default] Tap Mirror: Handle Delete Port: b84e964b-03d7-433f-92d2-33b268a73cc4 [pid: 7|app: 0|req: 1250/2301] 10.0.0.71 () {32 vars in 725 bytes} [Wed May 27 01:54:13 2026] DELETE /v2.0/networks/8ce3faed-1d19-4b5f-bcff-cc096ebad21d => generated 0 bytes in 384 msecs (HTTP/1.1 204) 3 headers in 131 bytes (1 switches on core 0) [pid: 8|app: 0|req: 1052/2302] 10.0.0.71 () {32 vars in 773 bytes} [Wed May 27 01:54:14 2026] GET /v2.0/security-groups?tenant_id=e673595af1b24179be66b20e2a6463e8&name=default => generated 2925 bytes in 271 msecs (HTTP/1.1 200) 4 headers in 158 bytes (1 switches on core 0)
2026-05-27 01:54:14.881 7 INFO neutron.db.ovn_revision_numbers_db [None req-3bcf700b-dd31-48d9-b519-4c6f23e70bf1 13821f91af61444a8725f668f94f2ba2 2607af5dce24421ab83c96d63740f126 - - default default] Successfully bumped revision number for resource 4e7cc4d3-9a87-441e-99d6-dabf973ecc52 (type: security_groups) to 1
2026-05-27 01:54:14.917 7 INFO neutron.db.ovn_revision_numbers_db [None req-3bcf700b-dd31-48d9-b519-4c6f23e70bf1 13821f91af61444a8725f668f94f2ba2 2607af5dce24421ab83c96d63740f126 - - default default] Successfully bumped revision number for resource 065278df-411e-4246-a13b-aa660b64f4e8 (type: security_group_rules) to 0
2026-05-27 01:54:14.934 7 INFO neutron.db.ovn_revision_numbers_db [None req-3bcf700b-dd31-48d9-b519-4c6f23e70bf1 13821f91af61444a8725f668f94f2ba2 2607af5dce24421ab83c96d63740f126 - - default default] Successfully bumped revision number for resource 5e921e2d-3852-4e58-9c14-9001158acdbe (type: security_group_rules) to 0
2026-05-27 01:54:14.956 7 INFO neutron.db.ovn_revision_numbers_db [None req-3bcf700b-dd31-48d9-b519-4c6f23e70bf1 13821f91af61444a8725f668f94f2ba2 2607af5dce24421ab83c96d63740f126 - - default default] Successfully bumped revision number for resource 956f1a74-ea7f-4d13-84a6-ac84d80da3f8 (type: security_group_rules) to 0
2026-05-27 01:54:14.975 7 INFO neutron.db.ovn_revision_numbers_db [None req-3bcf700b-dd31-48d9-b519-4c6f23e70bf1 13821f91af61444a8725f668f94f2ba2 2607af5dce24421ab83c96d63740f126 - - default default] Successfully bumped revision number for resource d50db131-62f7-4192-a67b-070d9f10b785 (type: security_group_rules) to 0 [pid: 7|app: 0|req: 1251/2303] 10.0.0.71 () {32 vars in 773 bytes} [Wed May 27 01:54:14 2026] GET /v2.0/security-groups?tenant_id=1247bd0f87fe42f1bdbff41bdc9ef218&name=default => generated 2925 bytes in 564 msecs (HTTP/1.1 200) 4 headers in 158 bytes (1 switches on core 0) [pid: 8|app: 0|req: 1053/2304] 10.0.0.71 () {32 vars in 739 bytes} [Wed May 27 01:54:14 2026] DELETE /v2.0/security-groups/2c9e110f-fae1-4487-8a81-3c15a88e6e9e => generated 0 bytes in 413 msecs (HTTP/1.1 204) 2 headers in 112 bytes (1 switches on core 0) [pid: 8|app: 0|req: 1054/2305] 10.0.0.71 () {32 vars in 773 bytes} [Wed May 27 01:54:15 2026] GET /v2.0/security-groups?tenant_id=93a3cbc5f9a2468f8f00b05d8c41b4db&name=default => generated 2925 bytes in 125 msecs (HTTP/1.1 200) 4 headers in 158 bytes (1 switches on core 0) [pid: 7|app: 0|req: 1252/2306] 10.0.0.71 () {32 vars in 739 bytes} [Wed May 27 01:54:15 2026] DELETE /v2.0/security-groups/4e7cc4d3-9a87-441e-99d6-dabf973ecc52 => generated 0 bytes in 375 msecs (HTTP/1.1 204) 2 headers in 112 bytes (1 switches on core 0) [pid: 8|app: 0|req: 1055/2307] 10.0.0.71 () {32 vars in 739 bytes} [Wed May 27 01:54:15 2026] DELETE /v2.0/security-groups/e2781b44-f49f-4948-90d3-828594b6a1c7 => generated 0 bytes in 336 msecs (HTTP/1.1 204) 2 headers in 112 bytes (1 switches on core 0)
2026-05-27 01:54:15.661 7 INFO neutron.db.ovn_revision_numbers_db [None req-2ebdbd4b-16d1-4122-86bf-a49783e0f9ac 13821f91af61444a8725f668f94f2ba2 2607af5dce24421ab83c96d63740f126 - - default default] Successfully bumped revision number for resource 42751d9f-6739-4a83-abfc-c5e68e92bfcf (type: security_groups) to 1
2026-05-27 01:54:15.681 7 INFO neutron.db.ovn_revision_numbers_db [None req-2ebdbd4b-16d1-4122-86bf-a49783e0f9ac 13821f91af61444a8725f668f94f2ba2 2607af5dce24421ab83c96d63740f126 - - default default] Successfully bumped revision number for resource 5a450a3b-9164-4c01-90f3-aaf07a1aa2d3 (type: security_group_rules) to 0
2026-05-27 01:54:15.697 7 INFO neutron.services.segments.plugin [-] Segment 2fe9b1b6-16de-46a1-9d85-7fe80699559a resource provider aggregate not found
2026-05-27 01:54:15.699 7 INFO neutron.db.ovn_revision_numbers_db [None req-2ebdbd4b-16d1-4122-86bf-a49783e0f9ac 13821f91af61444a8725f668f94f2ba2 2607af5dce24421ab83c96d63740f126 - - default default] Successfully bumped revision number for resource 5f5c3117-6e9d-4144-9ba3-5374caca9561 (type: security_group_rules) to 0
2026-05-27 01:54:15.719 7 INFO neutron.services.segments.plugin [-] Segment 2fe9b1b6-16de-46a1-9d85-7fe80699559a resource provider not found; error: Placement Client Error (4xx): {"errors": [{"status": 404, "title": "Not Found", "detail": "The resource could not be found.\n\n No resource provider with uuid 2fe9b1b6-16de-46a1-9d85-7fe80699559a found for delete ", "request_id": "req-8c90e7fb-3c40-48be-a3ca-404bbd5e2373"}]}
2026-05-27 01:54:15.721 7 INFO neutron.db.ovn_revision_numbers_db [None req-2ebdbd4b-16d1-4122-86bf-a49783e0f9ac 13821f91af61444a8725f668f94f2ba2 2607af5dce24421ab83c96d63740f126 - - default default] Successfully bumped revision number for resource e1b71c3c-e2d3-4021-9ede-811635c8ae7f (type: security_group_rules) to 0
2026-05-27 01:54:15.731 7 INFO neutron.services.segments.plugin [-] Segment 2fe9b1b6-16de-46a1-9d85-7fe80699559a resource provider aggregate not found
2026-05-27 01:54:15.740 7 INFO neutron.db.ovn_revision_numbers_db [None req-2ebdbd4b-16d1-4122-86bf-a49783e0f9ac 13821f91af61444a8725f668f94f2ba2 2607af5dce24421ab83c96d63740f126 - - default default] Successfully bumped revision number for resource fae671e3-7760-4182-ac74-54f96708008d (type: security_group_rules) to 0
2026-05-27 01:54:15.752 7 INFO neutron.services.segments.plugin [-] Segment 2fe9b1b6-16de-46a1-9d85-7fe80699559a resource provider not found; error: Placement Client Error (4xx): {"errors": [{"status": 404, "title": "Not Found", "detail": "The resource could not be found.\n\n No resource provider with uuid 2fe9b1b6-16de-46a1-9d85-7fe80699559a found for delete ", "request_id": "req-d6642a1e-8168-4e72-92a1-1223ddd0635e"}]} [pid: 7|app: 0|req: 1253/2308] 10.0.0.71 () {32 vars in 773 bytes} [Wed May 27 01:54:15 2026] GET /v2.0/security-groups?tenant_id=671fb271bfd4481a85bb4e3d2137f619&name=default => generated 2925 bytes in 375 msecs (HTTP/1.1 200) 4 headers in 158 bytes (1 switches on core 0)
2026-05-27 01:54:16.010 8 INFO neutron.db.ovn_revision_numbers_db [None req-ef308b64-a436-4b70-a0dd-1e95c2b1a072 13821f91af61444a8725f668f94f2ba2 2607af5dce24421ab83c96d63740f126 - - default default] Successfully bumped revision number for resource a390eed7-3a9e-4362-a5eb-0fec216ee417 (type: security_groups) to 1
2026-05-27 01:54:16.025 8 INFO neutron.db.ovn_revision_numbers_db [None req-ef308b64-a436-4b70-a0dd-1e95c2b1a072 13821f91af61444a8725f668f94f2ba2 2607af5dce24421ab83c96d63740f126 - - default default] Successfully bumped revision number for resource 29a71d2f-4d74-4965-a809-b73691a6ea79 (type: security_group_rules) to 0
2026-05-27 01:54:16.028 7 INFO neutron.db.ovn_revision_numbers_db [None req-a27136f3-5974-4b86-88e6-216922870a16 13821f91af61444a8725f668f94f2ba2 2607af5dce24421ab83c96d63740f126 - - default default] Successfully bumped revision number for resource 08c58d5a-23db-4dbf-8d2e-2665e766287e (type: security_groups) to 1
2026-05-27 01:54:16.037 8 INFO neutron.db.ovn_revision_numbers_db [None req-ef308b64-a436-4b70-a0dd-1e95c2b1a072 13821f91af61444a8725f668f94f2ba2 2607af5dce24421ab83c96d63740f126 - - default default] Successfully bumped revision number for resource 2c39aea0-58f1-4b0d-ab08-37a966422136 (type: security_group_rules) to 0
2026-05-27 01:54:16.040 7 INFO neutron.db.ovn_revision_numbers_db [None req-a27136f3-5974-4b86-88e6-216922870a16 13821f91af61444a8725f668f94f2ba2 2607af5dce24421ab83c96d63740f126 - - default default] Successfully bumped revision number for resource 46c5dd4d-d39d-4c99-9af2-8f9e78aa2f76 (type: security_group_rules) to 0
2026-05-27 01:54:16.050 7 INFO neutron.db.ovn_revision_numbers_db [None req-a27136f3-5974-4b86-88e6-216922870a16 13821f91af61444a8725f668f94f2ba2 2607af5dce24421ab83c96d63740f126 - - default default] Successfully bumped revision number for resource 5be3577a-d972-4a03-b7f3-daf819471ed9 (type: security_group_rules) to 0
2026-05-27 01:54:16.054 8 INFO neutron.db.ovn_revision_numbers_db [None req-ef308b64-a436-4b70-a0dd-1e95c2b1a072 13821f91af61444a8725f668f94f2ba2 2607af5dce24421ab83c96d63740f126 - - default default] Successfully bumped revision number for resource 563b255f-1e97-4618-bdec-2516af6a17c9 (type: security_group_rules) to 0
2026-05-27 01:54:16.062 7 INFO neutron.db.ovn_revision_numbers_db [None req-a27136f3-5974-4b86-88e6-216922870a16 13821f91af61444a8725f668f94f2ba2 2607af5dce24421ab83c96d63740f126 - - default default] Successfully bumped revision number for resource 8ab5727c-a449-48f3-b8ba-d9838790f683 (type: security_group_rules) to 0
2026-05-27 01:54:16.067 8 INFO neutron.db.ovn_revision_numbers_db [None req-ef308b64-a436-4b70-a0dd-1e95c2b1a072 13821f91af61444a8725f668f94f2ba2 2607af5dce24421ab83c96d63740f126 - - default default] Successfully bumped revision number for resource f1217e50-4390-4ca9-a3c9-5a82f944606e (type: security_group_rules) to 0
2026-05-27 01:54:16.074 7 INFO neutron.db.ovn_revision_numbers_db [None req-a27136f3-5974-4b86-88e6-216922870a16 13821f91af61444a8725f668f94f2ba2 2607af5dce24421ab83c96d63740f126 - - default default] Successfully bumped revision number for resource e72232a2-64c9-4874-8aad-d880fe087d2f (type: security_group_rules) to 0 [pid: 7|app: 0|req: 1254/2309] 10.0.0.71 () {32 vars in 773 bytes} [Wed May 27 01:54:15 2026] GET /v2.0/security-groups?tenant_id=38b97108525a40a792265ed28f4dfad1&name=default => generated 2925 bytes in 324 msecs (HTTP/1.1 200) 4 headers in 158 bytes (1 switches on core 0) [pid: 8|app: 0|req: 1056/2310] 10.0.0.71 () {32 vars in 773 bytes} [Wed May 27 01:54:15 2026] GET /v2.0/security-groups?tenant_id=2964408ad48948c4a0417e1b10e6af79&name=default => generated 2925 bytes in 507 msecs (HTTP/1.1 200) 4 headers in 158 bytes (1 switches on core 0)
2026-05-27 01:54:16.288 7 INFO neutron.db.ovn_revision_numbers_db [None req-00501230-2ca6-464d-bba1-12e210b5bee7 13821f91af61444a8725f668f94f2ba2 2607af5dce24421ab83c96d63740f126 - - default default] Successfully bumped revision number for resource ec3eeb7d-85c1-4f8d-917e-135de9eaeaab (type: security_groups) to 1
2026-05-27 01:54:16.300 7 INFO neutron.db.ovn_revision_numbers_db [None req-00501230-2ca6-464d-bba1-12e210b5bee7 13821f91af61444a8725f668f94f2ba2 2607af5dce24421ab83c96d63740f126 - - default default] Successfully bumped revision number for resource 203b3bbf-4ff8-4bc4-afd3-4e28f22fe6e5 (type: security_group_rules) to 0
2026-05-27 01:54:16.312 7 INFO neutron.db.ovn_revision_numbers_db [None req-00501230-2ca6-464d-bba1-12e210b5bee7 13821f91af61444a8725f668f94f2ba2 2607af5dce24421ab83c96d63740f126 - - default default] Successfully bumped revision number for resource 41be62a1-aa32-4de0-a65c-ad8905af630d (type: security_group_rules) to 0
2026-05-27 01:54:16.330 7 INFO neutron.db.ovn_revision_numbers_db [None req-00501230-2ca6-464d-bba1-12e210b5bee7 13821f91af61444a8725f668f94f2ba2 2607af5dce24421ab83c96d63740f126 - - default default] Successfully bumped revision number for resource 8d033e45-654f-4452-9ae7-abc083216da9 (type: security_group_rules) to 0
2026-05-27 01:54:16.351 7 INFO neutron.db.ovn_revision_numbers_db [None req-00501230-2ca6-464d-bba1-12e210b5bee7 13821f91af61444a8725f668f94f2ba2 2607af5dce24421ab83c96d63740f126 - - default default] Successfully bumped revision number for resource fb654eb7-f77d-4ca1-90e5-d856d254aeae (type: security_group_rules) to 0 [pid: 7|app: 0|req: 1255/2311] 10.0.0.71 () {32 vars in 773 bytes} [Wed May 27 01:54:16 2026] GET /v2.0/security-groups?tenant_id=45de993865a04b50b8160b074030b824&name=default => generated 2925 bytes in 309 msecs (HTTP/1.1 200) 4 headers in 158 bytes (1 switches on core 0) [pid: 8|app: 0|req: 1057/2312] 10.0.0.71 () {32 vars in 739 bytes} [Wed May 27 01:54:16 2026] DELETE /v2.0/security-groups/42751d9f-6739-4a83-abfc-c5e68e92bfcf => generated 0 bytes in 355 msecs (HTTP/1.1 204) 2 headers in 112 bytes (1 switches on core 0) [pid: 7|app: 0|req: 1256/2313] 10.0.0.71 () {32 vars in 739 bytes} [Wed May 27 01:54:16 2026] DELETE /v2.0/security-groups/08c58d5a-23db-4dbf-8d2e-2665e766287e => generated 0 bytes in 370 msecs (HTTP/1.1 204) 2 headers in 112 bytes (1 switches on core 0) [pid: 8|app: 0|req: 1058/2314] 10.0.0.71 () {32 vars in 739 bytes} [Wed May 27 01:54:16 2026] DELETE /v2.0/security-groups/a390eed7-3a9e-4362-a5eb-0fec216ee417 => generated 0 bytes in 379 msecs (HTTP/1.1 204) 2 headers in 112 bytes (1 switches on core 0) [pid: 7|app: 0|req: 1257/2315] 10.0.0.71 () {32 vars in 739 bytes} [Wed May 27 01:54:16 2026] DELETE /v2.0/security-groups/ec3eeb7d-85c1-4f8d-917e-135de9eaeaab => generated 0 bytes in 326 msecs (HTTP/1.1 204) 2 headers in 112 bytes (1 switches on core 0)
2026-05-27 01:54:19.531 8 INFO neutron.db.ovn_revision_numbers_db [None req-92dfcc7b-dea0-4903-860a-08a92fca07ca 13821f91af61444a8725f668f94f2ba2 2607af5dce24421ab83c96d63740f126 - - default default] Successfully bumped revision number for resource ca2d57ef-a184-4c2e-bc5b-06f0dabede74 (type: security_groups) to 1
2026-05-27 01:54:19.542 8 INFO neutron.db.ovn_revision_numbers_db [None req-92dfcc7b-dea0-4903-860a-08a92fca07ca 13821f91af61444a8725f668f94f2ba2 2607af5dce24421ab83c96d63740f126 - - default default] Successfully bumped revision number for resource 2822d188-7870-4a3a-8305-bd08048f71eb (type: security_group_rules) to 0
2026-05-27 01:54:19.554 8 INFO neutron.db.ovn_revision_numbers_db [None req-92dfcc7b-dea0-4903-860a-08a92fca07ca 13821f91af61444a8725f668f94f2ba2 2607af5dce24421ab83c96d63740f126 - - default default] Successfully bumped revision number for resource 498b4652-032a-4f73-abbc-1166d4e20e2e (type: security_group_rules) to 0
2026-05-27 01:54:19.569 8 INFO neutron.db.ovn_revision_numbers_db [None req-92dfcc7b-dea0-4903-860a-08a92fca07ca 13821f91af61444a8725f668f94f2ba2 2607af5dce24421ab83c96d63740f126 - - default default] Successfully bumped revision number for resource 9a89bcfd-fca9-49eb-95c5-e8b52fd02356 (type: security_group_rules) to 0
2026-05-27 01:54:19.584 8 INFO neutron.db.ovn_revision_numbers_db [None req-92dfcc7b-dea0-4903-860a-08a92fca07ca 13821f91af61444a8725f668f94f2ba2 2607af5dce24421ab83c96d63740f126 - - default default] Successfully bumped revision number for resource cbb263a8-2ee2-4ded-b2d0-ac2c5bea8c03 (type: security_group_rules) to 0 [pid: 8|app: 0|req: 1059/2316] 10.0.0.71 () {32 vars in 773 bytes} [Wed May 27 01:54:19 2026] GET /v2.0/security-groups?tenant_id=1973b76a3f2546e4b149b64676ffb7b2&name=default => generated 2925 bytes in 431 msecs (HTTP/1.1 200) 4 headers in 158 bytes (1 switches on core 0) [pid: 7|app: 0|req: 1258/2317] 10.0.0.71 () {32 vars in 739 bytes} [Wed May 27 01:54:19 2026] DELETE /v2.0/security-groups/ca2d57ef-a184-4c2e-bc5b-06f0dabede74 => generated 0 bytes in 332 msecs (HTTP/1.1 204) 2 headers in 112 bytes (1 switches on core 0)
2026-05-27 01:54:22.173 8 INFO neutron.db.ovn_revision_numbers_db [None req-2b5f0ee3-ba33-4b7a-a7ab-26bf24d34ce5 13821f91af61444a8725f668f94f2ba2 2607af5dce24421ab83c96d63740f126 - - default default] Successfully bumped revision number for resource f7b29ff8-bc8e-40ac-aaae-15759eb29c13 (type: security_groups) to 1
2026-05-27 01:54:22.185 8 INFO neutron.db.ovn_revision_numbers_db [None req-2b5f0ee3-ba33-4b7a-a7ab-26bf24d34ce5 13821f91af61444a8725f668f94f2ba2 2607af5dce24421ab83c96d63740f126 - - default default] Successfully bumped revision number for resource 1865631c-d1a8-4fdd-bb56-72feb5fdec3d (type: security_group_rules) to 0
2026-05-27 01:54:22.201 8 INFO neutron.db.ovn_revision_numbers_db [None req-2b5f0ee3-ba33-4b7a-a7ab-26bf24d34ce5 13821f91af61444a8725f668f94f2ba2 2607af5dce24421ab83c96d63740f126 - - default default] Successfully bumped revision number for resource a9d7ca2a-5a53-41ba-b6f3-b1fee98660ee (type: security_group_rules) to 0
2026-05-27 01:54:22.213 8 INFO neutron.db.ovn_revision_numbers_db [None req-2b5f0ee3-ba33-4b7a-a7ab-26bf24d34ce5 13821f91af61444a8725f668f94f2ba2 2607af5dce24421ab83c96d63740f126 - - default default] Successfully bumped revision number for resource ca0a6229-e170-4862-8b30-5bd170c6c780 (type: security_group_rules) to 0
2026-05-27 01:54:22.224 8 INFO neutron.db.ovn_revision_numbers_db [None req-2b5f0ee3-ba33-4b7a-a7ab-26bf24d34ce5 13821f91af61444a8725f668f94f2ba2 2607af5dce24421ab83c96d63740f126 - - default default] Successfully bumped revision number for resource e97d7399-c683-4c9e-8528-f072d4d0f62f (type: security_group_rules) to 0
2026-05-27 01:54:22.311 8 INFO neutron.db.segments_db [None req-2b5f0ee3-ba33-4b7a-a7ab-26bf24d34ce5 13821f91af61444a8725f668f94f2ba2 2607af5dce24421ab83c96d63740f126 - - default default] Added segment 6ddde732-7dd2-40ff-b0fc-5c67ca24afd2 of type geneve for network 42c8c7a5-428a-47ec-be4e-6fe770c73f29
2026-05-27 01:54:22.438 8 INFO neutron.db.ovn_revision_numbers_db [None req-2b5f0ee3-ba33-4b7a-a7ab-26bf24d34ce5 13821f91af61444a8725f668f94f2ba2 2607af5dce24421ab83c96d63740f126 - - default default] Successfully bumped revision number for resource 42c8c7a5-428a-47ec-be4e-6fe770c73f29 (type: networks) to 1
2026-05-27 01:54:22.608 8 WARNING neutron.scheduler.dhcp_agent_scheduler [None req-2b5f0ee3-ba33-4b7a-a7ab-26bf24d34ce5 13821f91af61444a8725f668f94f2ba2 2607af5dce24421ab83c96d63740f126 - - default default] No more DHCP agents
2026-05-27 01:54:22.610 8 WARNING neutron.api.rpc.agentnotifiers.dhcp_rpc_agent_api [None req-2b5f0ee3-ba33-4b7a-a7ab-26bf24d34ce5 13821f91af61444a8725f668f94f2ba2 2607af5dce24421ab83c96d63740f126 - - default default] Unable to schedule network 42c8c7a5-428a-47ec-be4e-6fe770c73f29: no agents available; will retry on subsequent port and subnet creation events.
2026-05-27 01:54:22.690 8 INFO neutron.plugins.ml2.drivers.ovn.mech_driver.mech_driver [None req-06fc8ea5-00e5-4e90-a13d-e2e923871a5c - - - - - -] OVN reports status down for port: 52e9fa39-8053-40c1-b7be-da6b9d0571d4
2026-05-27 01:54:22.756 8 INFO neutron.db.ovn_revision_numbers_db [None req-2b5f0ee3-ba33-4b7a-a7ab-26bf24d34ce5 13821f91af61444a8725f668f94f2ba2 2607af5dce24421ab83c96d63740f126 - - default default] Successfully bumped revision number for resource 52e9fa39-8053-40c1-b7be-da6b9d0571d4 (type: ports) to 1 [pid: 8|app: 0|req: 1060/2320] 10.0.0.71 () {34 vars in 670 bytes} [Wed May 27 01:54:21 2026] POST /v2.0/networks => generated 763 bytes in 1024 msecs (HTTP/1.1 201) 4 headers in 162 bytes (1 switches on core 0)
2026-05-27 01:54:22.991 7 WARNING neutron.scheduler.dhcp_agent_scheduler [None req-e035ed1b-52ae-43a7-9a09-1454b5629db8 13821f91af61444a8725f668f94f2ba2 2607af5dce24421ab83c96d63740f126 - - default default] No more DHCP agents
2026-05-27 01:54:22.993 7 WARNING neutron.api.rpc.agentnotifiers.dhcp_rpc_agent_api [None req-e035ed1b-52ae-43a7-9a09-1454b5629db8 13821f91af61444a8725f668f94f2ba2 2607af5dce24421ab83c96d63740f126 - - default default] Unable to schedule network 42c8c7a5-428a-47ec-be4e-6fe770c73f29: no agents available; will retry on subsequent port and subnet creation events.
2026-05-27 01:54:23.630 7 INFO neutron.db.ovn_revision_numbers_db [None req-fa676383-1fa8-4150-9205-fc5dea1d92aa - - - - - -] Successfully bumped revision number for resource 52e9fa39-8053-40c1-b7be-da6b9d0571d4 (type: ports) to 2
2026-05-27 01:54:23.665 7 INFO neutron.db.ovn_revision_numbers_db [None req-fa676383-1fa8-4150-9205-fc5dea1d92aa - - - - - -] Successfully bumped revision number for resource 6dbf2946-a247-4171-a45d-951e655f62ce (type: subnets) to 0 [pid: 7|app: 0|req: 1261/2321] 10.0.0.71 () {34 vars in 668 bytes} [Wed May 27 01:54:22 2026] POST /v2.0/subnets => generated 688 bytes in 890 msecs (HTTP/1.1 201) 4 headers in 162 bytes (1 switches on core 0)
2026-05-27 01:54:24.107 8 WARNING neutron.scheduler.dhcp_agent_scheduler [None req-0e32dc5e-78eb-45d4-9b8d-3e8284452282 13821f91af61444a8725f668f94f2ba2 2607af5dce24421ab83c96d63740f126 - - default default] No more DHCP agents
2026-05-27 01:54:24.109 8 WARNING neutron.api.rpc.agentnotifiers.dhcp_rpc_agent_api [None req-0e32dc5e-78eb-45d4-9b8d-3e8284452282 13821f91af61444a8725f668f94f2ba2 2607af5dce24421ab83c96d63740f126 - - default default] Unable to schedule network 87616be2-5ffd-44b7-9960-7ce717dd68ca: no agents available; will retry on subsequent port and subnet creation events.
2026-05-27 01:54:24.255 8 INFO neutron.plugins.ml2.drivers.ovn.mech_driver.mech_driver [None req-06fc8ea5-00e5-4e90-a13d-e2e923871a5c - - - - - -] OVN reports status down for port: 194b61f6-9ca7-4fe2-bae8-064f055447a8
2026-05-27 01:54:24.321 8 INFO neutron.db.ovn_revision_numbers_db [None req-0e32dc5e-78eb-45d4-9b8d-3e8284452282 13821f91af61444a8725f668f94f2ba2 2607af5dce24421ab83c96d63740f126 - - default default] Successfully bumped revision number for resource 194b61f6-9ca7-4fe2-bae8-064f055447a8 (type: ports) to 1
2026-05-27 01:54:25.724 8 INFO neutron.plugins.ml2.drivers.ovn.mech_driver.ovsdb.commands [None req-ac9f9b32-d9de-49d9-b2ea-02d67cd818b1 - - - - - -] Schedule LRP lrp-194b61f6-9ca7-4fe2-bae8-064f055447a8 on gateway f7a46a8a-f44c-4903-8439-49386e27cf8d with priority 1
2026-05-27 01:54:25.849 8 INFO neutron.plugins.ml2.drivers.ovn.mech_driver.ovsdb.ovsdb_monitor [None req-4e1fc206-692b-461f-98d4-4a46accdbbbd - - - - - -] Router e2dd0658-e217-4449-ab71-eb155d57a998 is bound to host instance
2026-05-27 01:54:25.879 8 INFO neutron.plugins.ml2.drivers.ovn.mech_driver.mech_driver [None req-06fc8ea5-00e5-4e90-a13d-e2e923871a5c - - - - - -] OVN reports status up for port: 194b61f6-9ca7-4fe2-bae8-064f055447a8
2026-05-27 01:54:25.946 8 INFO neutron.plugins.ml2.plugin [None req-06fc8ea5-00e5-4e90-a13d-e2e923871a5c - - - - - -] Attempt 1 to provision port 194b61f6-9ca7-4fe2-bae8-064f055447a8
2026-05-27 01:54:26.010 8 INFO neutron.db.ovn_revision_numbers_db [None req-0e32dc5e-78eb-45d4-9b8d-3e8284452282 13821f91af61444a8725f668f94f2ba2 2607af5dce24421ab83c96d63740f126 - - default default] Successfully bumped revision number for resource 194b61f6-9ca7-4fe2-bae8-064f055447a8 (type: router_ports) to 1
2026-05-27 01:54:26.198 8 INFO neutron.db.ovn_revision_numbers_db [None req-0e32dc5e-78eb-45d4-9b8d-3e8284452282 13821f91af61444a8725f668f94f2ba2 2607af5dce24421ab83c96d63740f126 - - default default] Successfully bumped revision number for resource e2dd0658-e217-4449-ab71-eb155d57a998 (type: routers) to 2 [pid: 8|app: 0|req: 1061/2322] 10.0.0.71 () {34 vars in 668 bytes} [Wed May 27 01:54:23 2026] POST /v2.0/routers => generated 966 bytes in 2542 msecs (HTTP/1.1 201) 4 headers in 162 bytes (1 switches on core 0)
2026-05-27 01:54:26.744 7 WARNING neutron.scheduler.dhcp_agent_scheduler [None req-7f64b0fb-937e-4165-b54d-bf69d9482f90 13821f91af61444a8725f668f94f2ba2 2607af5dce24421ab83c96d63740f126 - - default default] No more DHCP agents
2026-05-27 01:54:26.746 7 WARNING neutron.api.rpc.agentnotifiers.dhcp_rpc_agent_api [None req-7f64b0fb-937e-4165-b54d-bf69d9482f90 13821f91af61444a8725f668f94f2ba2 2607af5dce24421ab83c96d63740f126 - - default default] Unable to schedule network 42c8c7a5-428a-47ec-be4e-6fe770c73f29: no agents available; will retry on subsequent port and subnet creation events.
2026-05-27 01:54:27.056 7 INFO neutron.db.ovn_revision_numbers_db [None req-7f64b0fb-937e-4165-b54d-bf69d9482f90 13821f91af61444a8725f668f94f2ba2 2607af5dce24421ab83c96d63740f126 - - default default] Successfully bumped revision number for resource 44de1de9-d060-4be6-a9a4-943d79582301 (type: ports) to 1
2026-05-27 01:54:27.058 8 INFO neutron.db.ovn_revision_numbers_db [None req-272a704f-d325-4fca-a52e-4fffd96477b4 e3be0ac5620a408581ba477d43022740 e7619d95f4b343d6a505e34929cd5b7a - - default default] Successfully bumped revision number for resource 1096522a-cbd4-4a14-af4e-6a5c1c7e70a8 (type: security_groups) to 1
2026-05-27 01:54:27.094 8 INFO neutron.db.ovn_revision_numbers_db [None req-272a704f-d325-4fca-a52e-4fffd96477b4 e3be0ac5620a408581ba477d43022740 e7619d95f4b343d6a505e34929cd5b7a - - default default] Successfully bumped revision number for resource 3627fe4e-be69-4727-a432-36bcb56b2536 (type: security_group_rules) to 0
2026-05-27 01:54:27.118 8 INFO neutron.db.ovn_revision_numbers_db [None req-272a704f-d325-4fca-a52e-4fffd96477b4 e3be0ac5620a408581ba477d43022740 e7619d95f4b343d6a505e34929cd5b7a - - default default] Successfully bumped revision number for resource 63e514ee-db82-4a12-a6e5-1ccd1b63c2ce (type: security_group_rules) to 0
2026-05-27 01:54:27.135 8 INFO neutron.db.ovn_revision_numbers_db [None req-272a704f-d325-4fca-a52e-4fffd96477b4 e3be0ac5620a408581ba477d43022740 e7619d95f4b343d6a505e34929cd5b7a - - default default] Successfully bumped revision number for resource 8b450a1a-7075-4cdf-b57a-f6f5b7b29cdf (type: security_group_rules) to 0
2026-05-27 01:54:27.171 8 INFO neutron.db.ovn_revision_numbers_db [None req-272a704f-d325-4fca-a52e-4fffd96477b4 e3be0ac5620a408581ba477d43022740 e7619d95f4b343d6a505e34929cd5b7a - - default default] Successfully bumped revision number for resource fd7dbb36-4719-406b-822e-585a74ec33e8 (type: security_group_rules) to 0
2026-05-27 01:54:27.308 8 INFO neutron.db.segments_db [None req-272a704f-d325-4fca-a52e-4fffd96477b4 e3be0ac5620a408581ba477d43022740 e7619d95f4b343d6a505e34929cd5b7a - - default default] Added segment 8c0958f6-8882-4bda-a651-8746698fabd2 of type geneve for network 707c6618-dd3f-4d95-b2d9-3fdedf086ac1
2026-05-27 01:54:27.331 8 INFO neutron.db.ovn_revision_numbers_db [None req-b4b9b0b4-7932-4171-ad9a-5bad5f1ab460 - - - - - -] Successfully bumped revision number for resource 194b61f6-9ca7-4fe2-bae8-064f055447a8 (type: ports) to 4
2026-05-27 01:54:27.645 8 INFO neutron.db.ovn_revision_numbers_db [None req-272a704f-d325-4fca-a52e-4fffd96477b4 e3be0ac5620a408581ba477d43022740 e7619d95f4b343d6a505e34929cd5b7a - - default default] Successfully bumped revision number for resource 707c6618-dd3f-4d95-b2d9-3fdedf086ac1 (type: networks) to 1
2026-05-27 01:54:27.865 7 WARNING neutron.scheduler.dhcp_agent_scheduler [None req-7f64b0fb-937e-4165-b54d-bf69d9482f90 13821f91af61444a8725f668f94f2ba2 2607af5dce24421ab83c96d63740f126 - - default default] No more DHCP agents
2026-05-27 01:54:27.866 7 WARNING neutron.api.rpc.agentnotifiers.dhcp_rpc_agent_api [None req-7f64b0fb-937e-4165-b54d-bf69d9482f90 13821f91af61444a8725f668f94f2ba2 2607af5dce24421ab83c96d63740f126 - - default default] Unable to schedule network 42c8c7a5-428a-47ec-be4e-6fe770c73f29: no agents available; will retry on subsequent port and subnet creation events.
2026-05-27 01:54:28.089 8 WARNING neutron.scheduler.dhcp_agent_scheduler [None req-272a704f-d325-4fca-a52e-4fffd96477b4 e3be0ac5620a408581ba477d43022740 e7619d95f4b343d6a505e34929cd5b7a - - default default] No more DHCP agents
2026-05-27 01:54:28.094 8 WARNING neutron.api.rpc.agentnotifiers.dhcp_rpc_agent_api [None req-272a704f-d325-4fca-a52e-4fffd96477b4 e3be0ac5620a408581ba477d43022740 e7619d95f4b343d6a505e34929cd5b7a - - default default] Unable to schedule network 707c6618-dd3f-4d95-b2d9-3fdedf086ac1: no agents available; will retry on subsequent port and subnet creation events.
2026-05-27 01:54:28.106 8 INFO neutron.db.ovn_revision_numbers_db [None req-b4b9b0b4-7932-4171-ad9a-5bad5f1ab460 - - - - - -] Successfully bumped revision number for resource 194b61f6-9ca7-4fe2-bae8-064f055447a8 (type: ports) to 5
2026-05-27 01:54:28.267 8 INFO neutron.db.ovn_revision_numbers_db [None req-272a704f-d325-4fca-a52e-4fffd96477b4 e3be0ac5620a408581ba477d43022740 e7619d95f4b343d6a505e34929cd5b7a - - default default] Successfully bumped revision number for resource cc9a626a-3bc2-4945-b090-a624d3fe7114 (type: ports) to 1 [pid: 8|app: 0|req: 1062/2323] 10.0.0.71 () {34 vars in 669 bytes} [Wed May 27 01:54:26 2026] POST /v2.0/networks => generated 658 bytes in 1844 msecs (HTTP/1.1 201) 4 headers in 162 bytes (1 switches on core 0)
2026-05-27 01:54:28.428 7 INFO neutron.db.ovn_revision_numbers_db [None req-7f64b0fb-937e-4165-b54d-bf69d9482f90 13821f91af61444a8725f668f94f2ba2 2607af5dce24421ab83c96d63740f126 - - default default] Successfully bumped revision number for resource 44de1de9-d060-4be6-a9a4-943d79582301 (type: router_ports) to 1 [pid: 7|app: 0|req: 1262/2324] 10.0.0.71 () {34 vars in 782 bytes} [Wed May 27 01:54:26 2026] PUT /v2.0/routers/e2dd0658-e217-4449-ab71-eb155d57a998/add_router_interface => generated 309 bytes in 2194 msecs (HTTP/1.1 200) 4 headers in 157 bytes (1 switches on core 0)
2026-05-27 01:54:28.619 7 WARNING neutron.scheduler.dhcp_agent_scheduler [None req-40aeea48-3208-45cc-b3b3-0dc5fc82f658 e3be0ac5620a408581ba477d43022740 e7619d95f4b343d6a505e34929cd5b7a - - default default] No more DHCP agents
2026-05-27 01:54:28.622 7 WARNING neutron.api.rpc.agentnotifiers.dhcp_rpc_agent_api [None req-40aeea48-3208-45cc-b3b3-0dc5fc82f658 e3be0ac5620a408581ba477d43022740 e7619d95f4b343d6a505e34929cd5b7a - - default default] Unable to schedule network 707c6618-dd3f-4d95-b2d9-3fdedf086ac1: no agents available; will retry on subsequent port and subnet creation events.
2026-05-27 01:54:28.644 8 INFO neutron.db.ovn_revision_numbers_db [None req-7c8988a5-3659-4508-be32-102ecd533bdc 13821f91af61444a8725f668f94f2ba2 2607af5dce24421ab83c96d63740f126 - - default default] Successfully bumped revision number for resource 48999740-8d76-4c93-98ea-0809e6a342cd (type: security_groups) to 1
2026-05-27 01:54:28.658 8 INFO neutron.db.ovn_revision_numbers_db [None req-7c8988a5-3659-4508-be32-102ecd533bdc 13821f91af61444a8725f668f94f2ba2 2607af5dce24421ab83c96d63740f126 - - default default] Successfully bumped revision number for resource 0a949958-9760-4b04-b2ec-bc6806dc9b06 (type: security_group_rules) to 0
2026-05-27 01:54:28.672 8 INFO neutron.db.ovn_revision_numbers_db [None req-7c8988a5-3659-4508-be32-102ecd533bdc 13821f91af61444a8725f668f94f2ba2 2607af5dce24421ab83c96d63740f126 - - default default] Successfully bumped revision number for resource 5ea74550-a96f-4618-ae0d-8f080751809b (type: security_group_rules) to 0
2026-05-27 01:54:28.685 8 INFO neutron.db.ovn_revision_numbers_db [None req-7c8988a5-3659-4508-be32-102ecd533bdc 13821f91af61444a8725f668f94f2ba2 2607af5dce24421ab83c96d63740f126 - - default default] Successfully bumped revision number for resource 657c1fba-45a7-4b35-a8f9-71d1916af972 (type: security_group_rules) to 0
2026-05-27 01:54:28.697 8 INFO neutron.db.ovn_revision_numbers_db [None req-7c8988a5-3659-4508-be32-102ecd533bdc 13821f91af61444a8725f668f94f2ba2 2607af5dce24421ab83c96d63740f126 - - default default] Successfully bumped revision number for resource b4ecd860-4875-4ea0-bd49-e2a5f5177880 (type: security_group_rules) to 0 [pid: 8|app: 0|req: 1063/2325] 10.0.0.71 () {32 vars in 773 bytes} [Wed May 27 01:54:28 2026] GET /v2.0/security-groups?tenant_id=99d21e28d9554062a480bb5e7886415f&name=default => generated 2925 bytes in 446 msecs (HTTP/1.1 200) 4 headers in 158 bytes (1 switches on core 0) [pid: 8|app: 0|req: 1064/2326] 10.0.0.71 () {32 vars in 739 bytes} [Wed May 27 01:54:28 2026] DELETE /v2.0/security-groups/48999740-8d76-4c93-98ea-0809e6a342cd => generated 0 bytes in 290 msecs (HTTP/1.1 204) 2 headers in 112 bytes (1 switches on core 0)
2026-05-27 01:54:29.133 8 INFO neutron.plugins.ml2.drivers.ovn.mech_driver.mech_driver [None req-06fc8ea5-00e5-4e90-a13d-e2e923871a5c - - - - - -] OVN reports status down for port: 44de1de9-d060-4be6-a9a4-943d79582301
2026-05-27 01:54:29.220 7 INFO neutron.db.ovn_revision_numbers_db [None req-fe253f6f-6759-44ad-a21b-fa088c95cf35 - - - - - -] Successfully bumped revision number for resource cc9a626a-3bc2-4945-b090-a624d3fe7114 (type: ports) to 2
2026-05-27 01:54:29.227 8 WARNING neutron.plugins.ml2.drivers.ovn.mech_driver.ovsdb.ovn_client [None req-06fc8ea5-00e5-4e90-a13d-e2e923871a5c - - - - - -] Logical_Switch_Port %s host information not removed, the port state is up
2026-05-27 01:54:29.227 8 INFO neutron.plugins.ml2.drivers.ovn.mech_driver.mech_driver [None req-06fc8ea5-00e5-4e90-a13d-e2e923871a5c - - - - - -] OVN reports status up for port: 44de1de9-d060-4be6-a9a4-943d79582301
2026-05-27 01:54:29.244 8 INFO neutron.plugins.ml2.plugin [None req-06fc8ea5-00e5-4e90-a13d-e2e923871a5c - - - - - -] Attempt 1 to provision port 44de1de9-d060-4be6-a9a4-943d79582301
2026-05-27 01:54:29.253 7 INFO neutron.db.ovn_revision_numbers_db [None req-fe253f6f-6759-44ad-a21b-fa088c95cf35 - - - - - -] Successfully bumped revision number for resource 61dd1ed5-692f-486a-864e-69272efd601e (type: subnets) to 0 [pid: 7|app: 0|req: 1263/2327] 10.0.0.71 () {34 vars in 668 bytes} [Wed May 27 01:54:28 2026] POST /v2.0/subnets => generated 657 bytes in 837 msecs (HTTP/1.1 201) 4 headers in 162 bytes (1 switches on core 0) [pid: 8|app: 0|req: 1065/2328] 10.0.0.71 () {32 vars in 721 bytes} [Wed May 27 01:54:29 2026] GET /v2.0/subnetpools?name=shared-default-subnetpool-v6 => generated 19 bytes in 156 msecs (HTTP/1.1 200) 4 headers in 156 bytes (1 switches on core 0)
2026-05-27 01:54:29.671 7 WARNING neutron.scheduler.dhcp_agent_scheduler [None req-92a3dbea-d9f6-4d3c-ad60-349a17ec1c77 e3be0ac5620a408581ba477d43022740 e7619d95f4b343d6a505e34929cd5b7a - - default default] No more DHCP agents
2026-05-27 01:54:29.673 7 WARNING neutron.api.rpc.agentnotifiers.dhcp_rpc_agent_api [None req-92a3dbea-d9f6-4d3c-ad60-349a17ec1c77 e3be0ac5620a408581ba477d43022740 e7619d95f4b343d6a505e34929cd5b7a - - default default] Unable to schedule network 707c6618-dd3f-4d95-b2d9-3fdedf086ac1: no agents available; will retry on subsequent port and subnet creation events.
2026-05-27 01:54:29.696 8 INFO neutron.db.ovn_revision_numbers_db [None req-06fc8ea5-00e5-4e90-a13d-e2e923871a5c - - - - - -] Successfully bumped revision number for resource 44de1de9-d060-4be6-a9a4-943d79582301 (type: ports) to 2
2026-05-27 01:54:29.711 7 INFO neutron.db.ovn_revision_numbers_db [None req-92a3dbea-d9f6-4d3c-ad60-349a17ec1c77 e3be0ac5620a408581ba477d43022740 e7619d95f4b343d6a505e34929cd5b7a - - default default] Successfully bumped revision number for resource 0d297d5b-ef29-4fbf-a4c4-a341482aba12 (type: subnets) to 0 [pid: 7|app: 0|req: 1264/2329] 10.0.0.71 () {34 vars in 668 bytes} [Wed May 27 01:54:29 2026] POST /v2.0/subnets => generated 731 bytes in 299 msecs (HTTP/1.1 201) 4 headers in 162 bytes (1 switches on core 0)
2026-05-27 01:54:29.890 8 INFO neutron.db.segments_db [None req-55dcd7f1-c282-4a8e-a648-31d17f5608ec e3be0ac5620a408581ba477d43022740 e7619d95f4b343d6a505e34929cd5b7a - - default default] Added segment ae9f552c-90d7-4a49-93e4-db6449a07c15 of type geneve for network 26c2b821-3385-4d08-9f49-06066104adbe
2026-05-27 01:54:30.026 8 INFO neutron.db.ovn_revision_numbers_db [None req-55dcd7f1-c282-4a8e-a648-31d17f5608ec e3be0ac5620a408581ba477d43022740 e7619d95f4b343d6a505e34929cd5b7a - - default default] Successfully bumped revision number for resource 26c2b821-3385-4d08-9f49-06066104adbe (type: networks) to 1
2026-05-27 01:54:30.201 8 WARNING neutron.scheduler.dhcp_agent_scheduler [None req-55dcd7f1-c282-4a8e-a648-31d17f5608ec e3be0ac5620a408581ba477d43022740 e7619d95f4b343d6a505e34929cd5b7a - - default default] No more DHCP agents
2026-05-27 01:54:30.203 8 WARNING neutron.api.rpc.agentnotifiers.dhcp_rpc_agent_api [None req-55dcd7f1-c282-4a8e-a648-31d17f5608ec e3be0ac5620a408581ba477d43022740 e7619d95f4b343d6a505e34929cd5b7a - - default default] Unable to schedule network 26c2b821-3385-4d08-9f49-06066104adbe: no agents available; will retry on subsequent port and subnet creation events.
2026-05-27 01:54:30.314 8 INFO neutron.db.ovn_revision_numbers_db [None req-55dcd7f1-c282-4a8e-a648-31d17f5608ec e3be0ac5620a408581ba477d43022740 e7619d95f4b343d6a505e34929cd5b7a - - default default] Successfully bumped revision number for resource 3778e299-6556-4ad9-be50-65fd40f1ae68 (type: ports) to 1 [pid: 8|app: 0|req: 1066/2330] 10.0.0.71 () {34 vars in 669 bytes} [Wed May 27 01:54:29 2026] POST /v2.0/networks => generated 657 bytes in 598 msecs (HTTP/1.1 201) 4 headers in 162 bytes (1 switches on core 0)
2026-05-27 01:54:30.518 7 WARNING neutron.scheduler.dhcp_agent_scheduler [None req-39a08d10-936e-4dfc-9013-327654041e70 e3be0ac5620a408581ba477d43022740 e7619d95f4b343d6a505e34929cd5b7a - - default default] No more DHCP agents
2026-05-27 01:54:30.519 7 WARNING neutron.api.rpc.agentnotifiers.dhcp_rpc_agent_api [None req-39a08d10-936e-4dfc-9013-327654041e70 e3be0ac5620a408581ba477d43022740 e7619d95f4b343d6a505e34929cd5b7a - - default default] Unable to schedule network 26c2b821-3385-4d08-9f49-06066104adbe: no agents available; will retry on subsequent port and subnet creation events. [pid: 8|app: 0|req: 1067/2331] 10.0.0.60 () {34 vars in 981 bytes} [Wed May 27 01:54:30 2026] GET /v2.0/networks?id=42c8c7a5-428a-47ec-be4e-6fe770c73f29 => generated 711 bytes in 54 msecs (HTTP/1.1 200) 4 headers in 157 bytes (1 switches on core 0) [pid: 8|app: 0|req: 1068/2332] 10.0.0.60 () {34 vars in 964 bytes} [Wed May 27 01:54:30 2026] GET /v2.0/quotas/56625be48bdb42009a1c8cafae62b0b1 => generated 292 bytes in 15 msecs (HTTP/1.1 200) 4 headers in 157 bytes (1 switches on core 0) [pid: 8|app: 0|req: 1069/2333] 10.0.0.60 () {34 vars in 1001 bytes} [Wed May 27 01:54:30 2026] GET /v2.0/ports?tenant_id=56625be48bdb42009a1c8cafae62b0b1&fields=id => generated 103 bytes in 72 msecs (HTTP/1.1 200) 4 headers in 157 bytes (1 switches on core 0) [pid: 8|app: 0|req: 1070/2334] 10.0.0.60 () {34 vars in 1007 bytes} [Wed May 27 01:54:30 2026] GET /v2.0/networks/42c8c7a5-428a-47ec-be4e-6fe770c73f29?fields=segments => generated 14 bytes in 41 msecs (HTTP/1.1 200) 4 headers in 156 bytes (1 switches on core 0) [pid: 8|app: 0|req: 1071/2335] 10.0.0.60 () {34 vars in 1107 bytes} [Wed May 27 01:54:30 2026] GET /v2.0/networks/42c8c7a5-428a-47ec-be4e-6fe770c73f29?fields=provider%3Aphysical_network&fields=provider%3Anetwork_type => generated 79 bytes in 50 msecs (HTTP/1.1 200) 4 headers in 156 bytes (1 switches on core 0) [pid: 8|app: 0|req: 1072/2336] 10.0.0.60 () {34 vars in 989 bytes} [Wed May 27 01:54:31 2026] GET /v2.0/ports?device_id=ab6c6e20-7ccd-4075-a018-d250a3df02b8 => generated 12 bytes in 47 msecs (HTTP/1.1 200) 4 headers in 156 bytes (1 switches on core 0)
2026-05-27 01:54:31.112 7 INFO neutron.db.ovn_revision_numbers_db [None req-deaac5e6-f331-4b04-8a9a-79ecacfca164 - - - - - -] Successfully bumped revision number for resource 3778e299-6556-4ad9-be50-65fd40f1ae68 (type: ports) to 2
2026-05-27 01:54:31.144 7 INFO neutron.db.ovn_revision_numbers_db [None req-deaac5e6-f331-4b04-8a9a-79ecacfca164 - - - - - -] Successfully bumped revision number for resource adb45379-ab4b-49f4-9426-9fa6f9e25f83 (type: subnets) to 0 [pid: 7|app: 0|req: 1265/2337] 10.0.0.71 () {34 vars in 668 bytes} [Wed May 27 01:54:30 2026] POST /v2.0/subnets => generated 656 bytes in 816 msecs (HTTP/1.1 201) 4 headers in 162 bytes (1 switches on core 0)
2026-05-27 01:54:31.395 8 WARNING neutron.scheduler.dhcp_agent_scheduler [None req-73dbdf2c-4798-44f4-8bfa-68c374365a72 e3be0ac5620a408581ba477d43022740 e7619d95f4b343d6a505e34929cd5b7a - - default default] No more DHCP agents
2026-05-27 01:54:31.396 8 WARNING neutron.api.rpc.agentnotifiers.dhcp_rpc_agent_api [None req-73dbdf2c-4798-44f4-8bfa-68c374365a72 e3be0ac5620a408581ba477d43022740 e7619d95f4b343d6a505e34929cd5b7a - - default default] Unable to schedule network 26c2b821-3385-4d08-9f49-06066104adbe: no agents available; will retry on subsequent port and subnet creation events.
2026-05-27 01:54:31.454 8 INFO neutron.db.ovn_revision_numbers_db [None req-73dbdf2c-4798-44f4-8bfa-68c374365a72 e3be0ac5620a408581ba477d43022740 e7619d95f4b343d6a505e34929cd5b7a - - default default] Successfully bumped revision number for resource 5f567c95-3b20-451a-a969-c2d6c549ab02 (type: subnets) to 0 [pid: 8|app: 0|req: 1073/2338] 10.0.0.71 () {34 vars in 668 bytes} [Wed May 27 01:54:31 2026] POST /v2.0/subnets => generated 726 bytes in 308 msecs (HTTP/1.1 201) 4 headers in 162 bytes (1 switches on core 0)
2026-05-27 01:54:31.579 7 INFO neutron.db.segments_db [None req-54cc53ac-3d88-4358-bcfd-78fd9f4a2914 e3be0ac5620a408581ba477d43022740 e7619d95f4b343d6a505e34929cd5b7a - - default default] Added segment d2f33a0c-35c9-45a3-bfcc-13ab05eccd2c of type geneve for network 4977a1eb-eab0-4281-9050-02c223634a29
2026-05-27 01:54:31.705 7 INFO neutron.db.ovn_revision_numbers_db [None req-54cc53ac-3d88-4358-bcfd-78fd9f4a2914 e3be0ac5620a408581ba477d43022740 e7619d95f4b343d6a505e34929cd5b7a - - default default] Successfully bumped revision number for resource 4977a1eb-eab0-4281-9050-02c223634a29 (type: networks) to 1
2026-05-27 01:54:31.879 7 WARNING neutron.scheduler.dhcp_agent_scheduler [None req-54cc53ac-3d88-4358-bcfd-78fd9f4a2914 e3be0ac5620a408581ba477d43022740 e7619d95f4b343d6a505e34929cd5b7a - - default default] No more DHCP agents
2026-05-27 01:54:31.881 7 WARNING neutron.api.rpc.agentnotifiers.dhcp_rpc_agent_api [None req-54cc53ac-3d88-4358-bcfd-78fd9f4a2914 e3be0ac5620a408581ba477d43022740 e7619d95f4b343d6a505e34929cd5b7a - - default default] Unable to schedule network 4977a1eb-eab0-4281-9050-02c223634a29: no agents available; will retry on subsequent port and subnet creation events.
2026-05-27 01:54:32.003 7 INFO neutron.db.ovn_revision_numbers_db [None req-54cc53ac-3d88-4358-bcfd-78fd9f4a2914 e3be0ac5620a408581ba477d43022740 e7619d95f4b343d6a505e34929cd5b7a - - default default] Successfully bumped revision number for resource 74f52cee-dfcd-4dec-9477-f272611136c9 (type: ports) to 1 [pid: 7|app: 0|req: 1266/2339] 10.0.0.71 () {34 vars in 669 bytes} [Wed May 27 01:54:31 2026] POST /v2.0/networks => generated 657 bytes in 546 msecs (HTTP/1.1 201) 4 headers in 162 bytes (1 switches on core 0)
2026-05-27 01:54:32.203 8 INFO neutron.db.ovn_revision_numbers_db [None req-c6075491-1557-4957-98a7-17c327b52f6a 98dd96d430d94ba680a2632af52bc156 83ecd95c75ab473db15ff91b5525a10d - - default default] Successfully bumped revision number for resource 735e241f-fe5e-474a-b201-237b4d099125 (type: security_groups) to 1
2026-05-27 01:54:32.218 8 INFO neutron.db.ovn_revision_numbers_db [None req-c6075491-1557-4957-98a7-17c327b52f6a 98dd96d430d94ba680a2632af52bc156 83ecd95c75ab473db15ff91b5525a10d - - default default] Successfully bumped revision number for resource 3636d65c-361f-43d6-bfca-4188689fb3ea (type: security_group_rules) to 0
2026-05-27 01:54:32.230 8 INFO neutron.db.ovn_revision_numbers_db [None req-c6075491-1557-4957-98a7-17c327b52f6a 98dd96d430d94ba680a2632af52bc156 83ecd95c75ab473db15ff91b5525a10d - - default default] Successfully bumped revision number for resource 6cef1529-337c-417c-82f5-ca28ba471406 (type: security_group_rules) to 0
2026-05-27 01:54:32.243 8 INFO neutron.db.ovn_revision_numbers_db [None req-c6075491-1557-4957-98a7-17c327b52f6a 98dd96d430d94ba680a2632af52bc156 83ecd95c75ab473db15ff91b5525a10d - - default default] Successfully bumped revision number for resource 7e6e89c6-6760-47f0-a680-90a431d3770e (type: security_group_rules) to 0
2026-05-27 01:54:32.254 8 INFO neutron.db.ovn_revision_numbers_db [None req-c6075491-1557-4957-98a7-17c327b52f6a 98dd96d430d94ba680a2632af52bc156 83ecd95c75ab473db15ff91b5525a10d - - default default] Successfully bumped revision number for resource fff45302-4741-4711-830f-1564c9305342 (type: security_group_rules) to 0
2026-05-27 01:54:32.277 7 WARNING neutron.scheduler.dhcp_agent_scheduler [None req-2ad78a09-8dad-436e-b9be-c144b72bcf9a e3be0ac5620a408581ba477d43022740 e7619d95f4b343d6a505e34929cd5b7a - - default default] No more DHCP agents
2026-05-27 01:54:32.278 7 WARNING neutron.api.rpc.agentnotifiers.dhcp_rpc_agent_api [None req-2ad78a09-8dad-436e-b9be-c144b72bcf9a e3be0ac5620a408581ba477d43022740 e7619d95f4b343d6a505e34929cd5b7a - - default default] Unable to schedule network 4977a1eb-eab0-4281-9050-02c223634a29: no agents available; will retry on subsequent port and subnet creation events.
2026-05-27 01:54:32.326 8 INFO neutron.db.segments_db [None req-c6075491-1557-4957-98a7-17c327b52f6a 98dd96d430d94ba680a2632af52bc156 83ecd95c75ab473db15ff91b5525a10d - - default default] Added segment 8bba0f83-7c9a-403a-b0f2-9e57943b9e6b of type geneve for network 5c526d3c-a242-461f-87af-d5f63ee25e96
2026-05-27 01:54:32.455 8 INFO neutron.db.ovn_revision_numbers_db [None req-c6075491-1557-4957-98a7-17c327b52f6a 98dd96d430d94ba680a2632af52bc156 83ecd95c75ab473db15ff91b5525a10d - - default default] Successfully bumped revision number for resource 5c526d3c-a242-461f-87af-d5f63ee25e96 (type: networks) to 1
2026-05-27 01:54:32.601 8 WARNING neutron.scheduler.dhcp_agent_scheduler [None req-c6075491-1557-4957-98a7-17c327b52f6a 98dd96d430d94ba680a2632af52bc156 83ecd95c75ab473db15ff91b5525a10d - - default default] No more DHCP agents
2026-05-27 01:54:32.602 8 WARNING neutron.api.rpc.agentnotifiers.dhcp_rpc_agent_api [None req-c6075491-1557-4957-98a7-17c327b52f6a 98dd96d430d94ba680a2632af52bc156 83ecd95c75ab473db15ff91b5525a10d - - default default] Unable to schedule network 5c526d3c-a242-461f-87af-d5f63ee25e96: no agents available; will retry on subsequent port and subnet creation events.
2026-05-27 01:54:32.716 8 INFO neutron.db.ovn_revision_numbers_db [None req-c6075491-1557-4957-98a7-17c327b52f6a 98dd96d430d94ba680a2632af52bc156 83ecd95c75ab473db15ff91b5525a10d - - default default] Successfully bumped revision number for resource f54493cf-acd0-471c-90f8-e41c70536e21 (type: ports) to 1 [pid: 8|app: 0|req: 1074/2340] 10.0.0.71 () {34 vars in 670 bytes} [Wed May 27 01:54:31 2026] POST /v2.0/networks => generated 650 bytes in 919 msecs (HTTP/1.1 201) 4 headers in 162 bytes (1 switches on core 0) [pid: 8|app: 0|req: 1075/2341] 10.0.0.60 () {34 vars in 989 bytes} [Wed May 27 01:54:32 2026] GET /v2.0/ports?device_id=ab6c6e20-7ccd-4075-a018-d250a3df02b8 => generated 12 bytes in 20 msecs (HTTP/1.1 200) 4 headers in 156 bytes (1 switches on core 0)
2026-05-27 01:54:32.827 7 INFO neutron.db.ovn_revision_numbers_db [None req-378f1ef7-e355-405c-b8cc-7891a5b7eaf8 - - - - - -] Successfully bumped revision number for resource 74f52cee-dfcd-4dec-9477-f272611136c9 (type: ports) to 2
2026-05-27 01:54:32.856 7 INFO neutron.db.ovn_revision_numbers_db [None req-378f1ef7-e355-405c-b8cc-7891a5b7eaf8 - - - - - -] Successfully bumped revision number for resource 452a991e-ebf7-482d-9e48-12c8adca9bdb (type: subnets) to 0 [pid: 7|app: 0|req: 1267/2342] 10.0.0.71 () {34 vars in 668 bytes} [Wed May 27 01:54:32 2026] POST /v2.0/subnets => generated 655 bytes in 842 msecs (HTTP/1.1 201) 4 headers in 162 bytes (1 switches on core 0)
2026-05-27 01:54:33.065 7 WARNING neutron.scheduler.dhcp_agent_scheduler [None req-cb30c68a-6afc-4a5f-92a3-af0a95d91dea e3be0ac5620a408581ba477d43022740 e7619d95f4b343d6a505e34929cd5b7a - - default default] No more DHCP agents
2026-05-27 01:54:33.066 7 WARNING neutron.api.rpc.agentnotifiers.dhcp_rpc_agent_api [None req-cb30c68a-6afc-4a5f-92a3-af0a95d91dea e3be0ac5620a408581ba477d43022740 e7619d95f4b343d6a505e34929cd5b7a - - default default] Unable to schedule network 4977a1eb-eab0-4281-9050-02c223634a29: no agents available; will retry on subsequent port and subnet creation events.
2026-05-27 01:54:33.107 7 INFO neutron.db.ovn_revision_numbers_db [None req-cb30c68a-6afc-4a5f-92a3-af0a95d91dea e3be0ac5620a408581ba477d43022740 e7619d95f4b343d6a505e34929cd5b7a - - default default] Successfully bumped revision number for resource c88fa529-654a-4d6c-b58f-c12c9640dacf (type: subnets) to 0 [pid: 7|app: 0|req: 1268/2343] 10.0.0.71 () {34 vars in 668 bytes} [Wed May 27 01:54:32 2026] POST /v2.0/subnets => generated 729 bytes in 245 msecs (HTTP/1.1 201) 4 headers in 162 bytes (1 switches on core 0)
2026-05-27 01:54:33.214 8 WARNING neutron.scheduler.dhcp_agent_scheduler [None req-04f82a38-e0fe-44f8-a69e-07cb45f0b6ad 98dd96d430d94ba680a2632af52bc156 83ecd95c75ab473db15ff91b5525a10d - - default default] No more DHCP agents
2026-05-27 01:54:33.216 8 WARNING neutron.api.rpc.agentnotifiers.dhcp_rpc_agent_api [None req-04f82a38-e0fe-44f8-a69e-07cb45f0b6ad 98dd96d430d94ba680a2632af52bc156 83ecd95c75ab473db15ff91b5525a10d - - default default] Unable to schedule network 87616be2-5ffd-44b7-9960-7ce717dd68ca: no agents available; will retry on subsequent port and subnet creation events.
2026-05-27 01:54:33.393 8 INFO neutron.db.ovn_revision_numbers_db [None req-04f82a38-e0fe-44f8-a69e-07cb45f0b6ad 98dd96d430d94ba680a2632af52bc156 83ecd95c75ab473db15ff91b5525a10d - - default default] Successfully bumped revision number for resource 9cc005f4-1fdb-4ba8-be5e-da8a2817fa22 (type: ports) to 1
2026-05-27 01:54:33.560 7 WARNING neutron.scheduler.dhcp_agent_scheduler [None req-0bc16244-72fc-4376-950a-fb20c1e5e9f4 e3be0ac5620a408581ba477d43022740 e7619d95f4b343d6a505e34929cd5b7a - - default default] No more DHCP agents
2026-05-27 01:54:33.561 7 WARNING neutron.api.rpc.agentnotifiers.dhcp_rpc_agent_api [None req-0bc16244-72fc-4376-950a-fb20c1e5e9f4 e3be0ac5620a408581ba477d43022740 e7619d95f4b343d6a505e34929cd5b7a - - default default] Unable to schedule network 87616be2-5ffd-44b7-9960-7ce717dd68ca: no agents available; will retry on subsequent port and subnet creation events.
2026-05-27 01:54:33.735 7 INFO neutron.db.ovn_revision_numbers_db [None req-0bc16244-72fc-4376-950a-fb20c1e5e9f4 e3be0ac5620a408581ba477d43022740 e7619d95f4b343d6a505e34929cd5b7a - - default default] Successfully bumped revision number for resource 4088523c-e418-4e39-aa65-9822965692bd (type: ports) to 1
