2026-05-27 01:51:48.178 8 INFO neutron.db.ovn_revision_numbers_db [None req-35a21cd3-bfc4-40b4-b20c-4cc4b75eef4b 3ebda357dd9a421081be2f5f6a5f86ae b67bb43c68fa4ac08d134d30693eb700 - - default default] Successfully bumped revision number for resource a38b52ba-eae4-4016-ae41-5c68caa6020d (type: routers) to 3 [pid: 8|app: 0|req: 572/1237] 10.0.0.71 () {34 vars in 740 bytes} [Wed May 27 01:51:47 2026] PUT /v2.0/routers/a38b52ba-eae4-4016-ae41-5c68caa6020d => generated 964 bytes in 933 msecs (HTTP/1.1 200) 4 headers in 157 bytes (1 switches on core 0)
2026-05-27 01:51:48.235 7 WARNING neutron.scheduler.dhcp_agent_scheduler [None req-066674a9-195d-4792-a6cd-a7c3e4d1dee2 1274e1dedc1d4a4080be95512b119340 7f449f263df34768bf3c678db1ae8844 - - default default] No more DHCP agents
2026-05-27 01:51:48.236 7 WARNING neutron.api.rpc.agentnotifiers.dhcp_rpc_agent_api [None req-066674a9-195d-4792-a6cd-a7c3e4d1dee2 1274e1dedc1d4a4080be95512b119340 7f449f263df34768bf3c678db1ae8844 - - default default] Unable to schedule network 87616be2-5ffd-44b7-9960-7ce717dd68ca: no agents available; will retry on subsequent port and subnet creation events. [pid: 8|app: 0|req: 573/1238] 10.0.0.71 () {32 vars in 723 bytes} [Wed May 27 01:51:48 2026] DELETE /v2.0/subnets/4f2924c2-0b96-445e-8b8d-3b2c4b666224 => generated 0 bytes in 180 msecs (HTTP/1.1 204) 3 headers in 131 bytes (1 switches on core 0) [pid: 8|app: 0|req: 574/1239] 10.0.0.71 () {32 vars in 720 bytes} [Wed May 27 01:51:48 2026] GET /v2.0/routers/a38b52ba-eae4-4016-ae41-5c68caa6020d => generated 964 bytes in 64 msecs (HTTP/1.1 200) 4 headers in 157 bytes (1 switches on core 0) [pid: 7|app: 0|req: 666/1240] 10.0.0.71 () {34 vars in 675 bytes} [Wed May 27 01:51:47 2026] POST /v2.0/floatingips => generated 552 bytes in 520 msecs (HTTP/1.1 201) 4 headers in 162 bytes (1 switches on core 0) [pid: 7|app: 0|req: 667/1241] 10.0.0.71 () {32 vars in 735 bytes} [Wed May 27 01:51:48 2026] GET /v2.0/ports?device_id=a38b52ba-eae4-4016-ae41-5c68caa6020d => generated 12 bytes in 19 msecs (HTTP/1.1 200) 4 headers in 156 bytes (1 switches on core 0)
2026-05-27 01:51:48.554 8 INFO neutron_taas.services.taas.taas_plugin [None req-1b421033-4b98-450e-b006-78f221c5a216 9fedf43590884f34890ddbea61afc06d bfb01f2ddfa846efbe814bed2317c15f - - default default] TaaS: Handle Delete Port: 58d0f6e1-5a24-493e-9e08-5b6288c4ff9b
2026-05-27 01:51:48.558 8 INFO neutron_taas.services.taas.tap_mirror_plugin [None req-1b421033-4b98-450e-b006-78f221c5a216 9fedf43590884f34890ddbea61afc06d bfb01f2ddfa846efbe814bed2317c15f - - default default] Tap Mirror: Handle Delete Port: 58d0f6e1-5a24-493e-9e08-5b6288c4ff9b
2026-05-27 01:51:48.762 8 INFO neutron.services.segments.plugin [-] Segment 80f6bc82-361c-409f-9e8c-df041a0fe5ff resource provider aggregate not found
2026-05-27 01:51:48.770 8 INFO neutron.services.segments.plugin [-] Segment 80f6bc82-361c-409f-9e8c-df041a0fe5ff resource provider aggregate not found
2026-05-27 01:51:48.797 8 INFO neutron.services.segments.plugin [-] Segment 80f6bc82-361c-409f-9e8c-df041a0fe5ff resource provider not found; error: Placement Client Error (4xx): {"errors": [{"status": 404, "title": "Not Found", "detail": "The resource could not be found.\n\n No resource provider with uuid 80f6bc82-361c-409f-9e8c-df041a0fe5ff found for delete ", "request_id": "req-b19731e1-7383-4366-9b20-c679802a14ce"}]}
2026-05-27 01:51:48.798 8 INFO neutron.services.segments.plugin [-] Segment 80f6bc82-361c-409f-9e8c-df041a0fe5ff resource provider not found; error: Placement Client Error (4xx): {"errors": [{"status": 404, "title": "Not Found", "detail": "The resource could not be found.\n\n No resource provider with uuid 80f6bc82-361c-409f-9e8c-df041a0fe5ff found for delete ", "request_id": "req-62c47c2a-4096-4e1c-bc54-3c977cd3146d"}]} [pid: 8|app: 0|req: 575/1242] 10.0.0.71 () {32 vars in 725 bytes} [Wed May 27 01:51:48 2026] DELETE /v2.0/networks/0cdc8526-dfaf-4056-a6c3-1737155b57f2 => generated 0 bytes in 398 msecs (HTTP/1.1 204) 3 headers in 131 bytes (1 switches on core 0)
2026-05-27 01:51:48.917 7 INFO neutron_taas.services.taas.taas_plugin [None req-ebfb051c-67a7-403c-b184-6f6d122b6e20 3ebda357dd9a421081be2f5f6a5f86ae b67bb43c68fa4ac08d134d30693eb700 - - default default] TaaS: Handle Delete Port: a9430fe8-b306-48b0-9a49-7ad4a4a7ab61
2026-05-27 01:51:48.920 7 INFO neutron_taas.services.taas.tap_mirror_plugin [None req-ebfb051c-67a7-403c-b184-6f6d122b6e20 3ebda357dd9a421081be2f5f6a5f86ae b67bb43c68fa4ac08d134d30693eb700 - - default default] Tap Mirror: Handle Delete Port: a9430fe8-b306-48b0-9a49-7ad4a4a7ab61 [pid: 7|app: 0|req: 668/1243] 10.0.0.71 () {32 vars in 723 bytes} [Wed May 27 01:51:48 2026] DELETE /v2.0/routers/a38b52ba-eae4-4016-ae41-5c68caa6020d => generated 0 bytes in 796 msecs (HTTP/1.1 204) 2 headers in 112 bytes (1 switches on core 0) [pid: 7|app: 0|req: 669/1244] 10.0.0.71 () {32 vars in 735 bytes} [Wed May 27 01:51:49 2026] GET /v2.0/ports?device_id=a38b52ba-eae4-4016-ae41-5c68caa6020d => generated 12 bytes in 24 msecs (HTTP/1.1 200) 4 headers in 156 bytes (1 switches on core 0)
2026-05-27 01:51:49.396 7 INFO neutron.api.v2.resource [None req-c23b2feb-6d71-4259-b5e8-1eccd2446096 3ebda357dd9a421081be2f5f6a5f86ae b67bb43c68fa4ac08d134d30693eb700 - - default default] delete failed (client error): The resource could not be found. [pid: 7|app: 0|req: 670/1245] 10.0.0.71 () {32 vars in 723 bytes} [Wed May 27 01:51:49 2026] DELETE /v2.0/routers/a38b52ba-eae4-4016-ae41-5c68caa6020d => generated 135 bytes in 20 msecs (HTTP/1.1 404) 4 headers in 164 bytes (1 switches on core 0) [pid: 7|app: 0|req: 671/1246] 10.0.0.71 () {32 vars in 735 bytes} [Wed May 27 01:51:49 2026] GET /v2.0/ports?device_id=2cd80584-889f-46f2-9505-3260a940869c => generated 12 bytes in 17 msecs (HTTP/1.1 200) 4 headers in 156 bytes (1 switches on core 0)
2026-05-27 01:51:49.438 7 INFO neutron.api.v2.resource [None req-e414569f-ef6b-406b-a5f0-d0e2bd5597ca 3ebda357dd9a421081be2f5f6a5f86ae b67bb43c68fa4ac08d134d30693eb700 - - default default] delete failed (client error): The resource could not be found. [pid: 7|app: 0|req: 672/1247] 10.0.0.71 () {32 vars in 723 bytes} [Wed May 27 01:51:49 2026] DELETE /v2.0/routers/2cd80584-889f-46f2-9505-3260a940869c => generated 135 bytes in 15 msecs (HTTP/1.1 404) 4 headers in 164 bytes (1 switches on core 0)
2026-05-27 01:51:49.454 7 INFO neutron.pecan_wsgi.hooks.translation [None req-2d8863fc-f0f9-48aa-863e-12462a54faf9 3ebda357dd9a421081be2f5f6a5f86ae b67bb43c68fa4ac08d134d30693eb700 - - default default] DELETE failed (client error): The resource could not be found. [pid: 7|app: 0|req: 673/1248] 10.0.0.71 () {32 vars in 723 bytes} [Wed May 27 01:51:49 2026] DELETE /v2.0/subnets/656da96f-2fd3-4498-8b79-9e8aaa96aaef => generated 136 bytes in 13 msecs (HTTP/1.1 404) 4 headers in 164 bytes (1 switches on core 0) [pid: 8|app: 0|req: 576/1249] 10.0.0.71 () {32 vars in 773 bytes} [Wed May 27 01:51:49 2026] GET /v2.0/security-groups?tenant_id=bfb01f2ddfa846efbe814bed2317c15f&name=default => generated 2925 bytes in 149 msecs (HTTP/1.1 200) 4 headers in 158 bytes (1 switches on core 0) [pid: 7|app: 0|req: 674/1250] 10.0.0.71 () {32 vars in 735 bytes} [Wed May 27 01:51:49 2026] GET /v2.0/ports?device_id=522bc7a1-fb41-48d4-9bd9-94174518e761 => generated 12 bytes in 24 msecs (HTTP/1.1 200) 4 headers in 156 bytes (1 switches on core 0)
2026-05-27 01:51:49.525 7 INFO neutron.api.v2.resource [None req-e8d5b418-d35a-450a-bd11-96f16a60220f 3ebda357dd9a421081be2f5f6a5f86ae b67bb43c68fa4ac08d134d30693eb700 - - default default] delete failed (client error): The resource could not be found. [pid: 7|app: 0|req: 675/1251] 10.0.0.71 () {32 vars in 723 bytes} [Wed May 27 01:51:49 2026] DELETE /v2.0/routers/522bc7a1-fb41-48d4-9bd9-94174518e761 => generated 135 bytes in 33 msecs (HTTP/1.1 404) 4 headers in 164 bytes (1 switches on core 0)
2026-05-27 01:51:49.550 7 INFO neutron.pecan_wsgi.hooks.translation [None req-0e7758f3-d97e-4bf6-b293-915d498ab51b 3ebda357dd9a421081be2f5f6a5f86ae b67bb43c68fa4ac08d134d30693eb700 - - default default] DELETE failed (client error): The resource could not be found. [pid: 7|app: 0|req: 676/1252] 10.0.0.71 () {32 vars in 723 bytes} [Wed May 27 01:51:49 2026] DELETE /v2.0/subnets/f845a9bd-2b78-417f-9790-20761e389ac1 => generated 136 bytes in 20 msecs (HTTP/1.1 404) 4 headers in 164 bytes (1 switches on core 0) [pid: 7|app: 0|req: 677/1253] 10.0.0.71 () {32 vars in 735 bytes} [Wed May 27 01:51:49 2026] GET /v2.0/ports?device_id=a24d6391-cb06-4699-acbd-c60f97652408 => generated 12 bytes in 18 msecs (HTTP/1.1 200) 4 headers in 156 bytes (1 switches on core 0)
2026-05-27 01:51:49.596 7 INFO neutron.api.v2.resource [None req-4f4a59f0-fb25-4f3d-8762-4c85dda37a9f 3ebda357dd9a421081be2f5f6a5f86ae b67bb43c68fa4ac08d134d30693eb700 - - default default] delete failed (client error): The resource could not be found. [pid: 7|app: 0|req: 678/1254] 10.0.0.71 () {32 vars in 723 bytes} [Wed May 27 01:51:49 2026] DELETE /v2.0/routers/a24d6391-cb06-4699-acbd-c60f97652408 => generated 135 bytes in 17 msecs (HTTP/1.1 404) 4 headers in 164 bytes (1 switches on core 0)
2026-05-27 01:51:49.617 7 INFO neutron.pecan_wsgi.hooks.translation [None req-102a9960-2306-4239-a457-5e2b51d5739b 3ebda357dd9a421081be2f5f6a5f86ae b67bb43c68fa4ac08d134d30693eb700 - - default default] DELETE failed (client error): The resource could not be found. [pid: 7|app: 0|req: 679/1255] 10.0.0.71 () {32 vars in 723 bytes} [Wed May 27 01:51:49 2026] DELETE /v2.0/subnets/6e3b14c9-c4f8-4cac-aa3b-2e1c4c4ddf9b => generated 136 bytes in 19 msecs (HTTP/1.1 404) 4 headers in 164 bytes (1 switches on core 0)
2026-05-27 01:51:49.642 7 INFO neutron.pecan_wsgi.hooks.translation [None req-f2a922c0-e5d3-4a26-a799-3b1a75efd034 3ebda357dd9a421081be2f5f6a5f86ae b67bb43c68fa4ac08d134d30693eb700 - - default default] DELETE failed (client error): The resource could not be found. [pid: 7|app: 0|req: 680/1256] 10.0.0.71 () {32 vars in 723 bytes} [Wed May 27 01:51:49 2026] DELETE /v2.0/subnets/9ed29c1a-1bda-46ef-bb9f-c28f0418559d => generated 136 bytes in 24 msecs (HTTP/1.1 404) 4 headers in 164 bytes (1 switches on core 0) [pid: 8|app: 0|req: 577/1257] 10.0.0.71 () {32 vars in 739 bytes} [Wed May 27 01:51:49 2026] DELETE /v2.0/security-groups/d352465f-41d0-4326-9300-e513b1d92cb3 => generated 0 bytes in 340 msecs (HTTP/1.1 204) 2 headers in 112 bytes (1 switches on core 0) [pid: 7|app: 0|req: 681/1258] 10.0.0.71 () {32 vars in 773 bytes} [Wed May 27 01:51:50 2026] GET /v2.0/security-groups?tenant_id=b67bb43c68fa4ac08d134d30693eb700&name=default => generated 2925 bytes in 126 msecs (HTTP/1.1 200) 4 headers in 158 bytes (1 switches on core 0)
2026-05-27 01:51:50.585 8 INFO neutron.db.ovn_revision_numbers_db [None req-b00f3399-c054-4ab5-9cf8-01df38f2009f 13821f91af61444a8725f668f94f2ba2 2607af5dce24421ab83c96d63740f126 - - default default] Successfully bumped revision number for resource b2a70b8e-d5d5-4eab-9c19-02d0ba5e29e6 (type: security_groups) to 1
2026-05-27 01:51:50.601 8 INFO neutron.db.ovn_revision_numbers_db [None req-b00f3399-c054-4ab5-9cf8-01df38f2009f 13821f91af61444a8725f668f94f2ba2 2607af5dce24421ab83c96d63740f126 - - default default] Successfully bumped revision number for resource 1c168a5c-dea4-4b0a-a319-797301259ce4 (type: security_group_rules) to 0
2026-05-27 01:51:50.630 8 INFO neutron.db.ovn_revision_numbers_db [None req-b00f3399-c054-4ab5-9cf8-01df38f2009f 13821f91af61444a8725f668f94f2ba2 2607af5dce24421ab83c96d63740f126 - - default default] Successfully bumped revision number for resource 55e39d6a-b14f-40a5-a521-e3b713c4480b (type: security_group_rules) to 0
2026-05-27 01:51:50.654 8 INFO neutron.db.ovn_revision_numbers_db [None req-b00f3399-c054-4ab5-9cf8-01df38f2009f 13821f91af61444a8725f668f94f2ba2 2607af5dce24421ab83c96d63740f126 - - default default] Successfully bumped revision number for resource 630e2457-e21c-4f0d-935d-1dad319aa1ed (type: security_group_rules) to 0
2026-05-27 01:51:50.669 8 INFO neutron.db.ovn_revision_numbers_db [None req-b00f3399-c054-4ab5-9cf8-01df38f2009f 13821f91af61444a8725f668f94f2ba2 2607af5dce24421ab83c96d63740f126 - - default default] Successfully bumped revision number for resource 7a76eac6-19cd-4147-8ce9-4191bf65b616 (type: security_group_rules) to 0 [pid: 8|app: 0|req: 578/1259] 10.0.0.71 () {32 vars in 773 bytes} [Wed May 27 01:51:50 2026] GET /v2.0/security-groups?tenant_id=3c825a55586e4ba68596536002c06da5&name=default => generated 2925 bytes in 570 msecs (HTTP/1.1 200) 4 headers in 158 bytes (1 switches on core 0) [pid: 7|app: 0|req: 682/1260] 10.0.0.71 () {32 vars in 739 bytes} [Wed May 27 01:51:50 2026] DELETE /v2.0/security-groups/b71fe2b9-cbd2-4fc0-ad55-c64bc33c9c03 => generated 0 bytes in 503 msecs (HTTP/1.1 204) 2 headers in 112 bytes (1 switches on core 0) [pid: 8|app: 0|req: 579/1261] 10.0.0.71 () {32 vars in 739 bytes} [Wed May 27 01:51:50 2026] DELETE /v2.0/security-groups/b2a70b8e-d5d5-4eab-9c19-02d0ba5e29e6 => generated 0 bytes in 397 msecs (HTTP/1.1 204) 2 headers in 112 bytes (1 switches on core 0)
2026-05-27 01:51:52.231 7 INFO neutron.db.ovn_revision_numbers_db [None req-10262a8a-f434-49e2-a762-d198660d4849 5065bfc828d0411c943e96e64bf7a14b 0ade5df2983a41d4a84e98fc641ec954 - - default default] Successfully bumped revision number for resource 73893e36-f8b5-409c-bfeb-e40b4b27c3a5 (type: security_groups) to 1
2026-05-27 01:51:52.251 7 INFO neutron.db.ovn_revision_numbers_db [None req-10262a8a-f434-49e2-a762-d198660d4849 5065bfc828d0411c943e96e64bf7a14b 0ade5df2983a41d4a84e98fc641ec954 - - default default] Successfully bumped revision number for resource 22f7a0bb-d377-41a6-a512-1f395bcfe6e0 (type: security_group_rules) to 0
2026-05-27 01:51:52.267 7 INFO neutron.db.ovn_revision_numbers_db [None req-10262a8a-f434-49e2-a762-d198660d4849 5065bfc828d0411c943e96e64bf7a14b 0ade5df2983a41d4a84e98fc641ec954 - - default default] Successfully bumped revision number for resource 258b1e4b-40e9-4e77-b282-2f0a98889fcc (type: security_group_rules) to 0
2026-05-27 01:51:52.282 7 INFO neutron.db.ovn_revision_numbers_db [None req-10262a8a-f434-49e2-a762-d198660d4849 5065bfc828d0411c943e96e64bf7a14b 0ade5df2983a41d4a84e98fc641ec954 - - default default] Successfully bumped revision number for resource c4424b03-17c3-4996-ac5e-b375ce0122d5 (type: security_group_rules) to 0
2026-05-27 01:51:52.297 7 INFO neutron.db.ovn_revision_numbers_db [None req-10262a8a-f434-49e2-a762-d198660d4849 5065bfc828d0411c943e96e64bf7a14b 0ade5df2983a41d4a84e98fc641ec954 - - default default] Successfully bumped revision number for resource d84d32eb-8228-4d5c-b955-194275d63c6a (type: security_group_rules) to 0
2026-05-27 01:51:52.379 7 INFO neutron.db.segments_db [None req-10262a8a-f434-49e2-a762-d198660d4849 5065bfc828d0411c943e96e64bf7a14b 0ade5df2983a41d4a84e98fc641ec954 - - default default] Added segment 9da32fae-069b-46b2-8b79-8a58589368e7 of type geneve for network 5c485e2d-db2b-452e-a51b-b66340d49614
2026-05-27 01:51:52.553 7 INFO neutron.db.ovn_revision_numbers_db [None req-10262a8a-f434-49e2-a762-d198660d4849 5065bfc828d0411c943e96e64bf7a14b 0ade5df2983a41d4a84e98fc641ec954 - - default default] Successfully bumped revision number for resource 5c485e2d-db2b-452e-a51b-b66340d49614 (type: networks) to 1
2026-05-27 01:51:52.739 7 WARNING neutron.scheduler.dhcp_agent_scheduler [None req-10262a8a-f434-49e2-a762-d198660d4849 5065bfc828d0411c943e96e64bf7a14b 0ade5df2983a41d4a84e98fc641ec954 - - default default] No more DHCP agents
2026-05-27 01:51:52.741 7 WARNING neutron.api.rpc.agentnotifiers.dhcp_rpc_agent_api [None req-10262a8a-f434-49e2-a762-d198660d4849 5065bfc828d0411c943e96e64bf7a14b 0ade5df2983a41d4a84e98fc641ec954 - - default default] Unable to schedule network 5c485e2d-db2b-452e-a51b-b66340d49614: no agents available; will retry on subsequent port and subnet creation events.
2026-05-27 01:51:52.887 8 WARNING neutron.plugins.ml2.drivers.ovn.mech_driver.ovsdb.ovn_client [None req-38664b89-9775-4303-8230-86c947c5b02a - - - - - -] No hosting information found for port 41493479-7c48-4727-967d-92c25e9fd624: RuntimeError: No hosting information found for port 41493479-7c48-4727-967d-92c25e9fd624
2026-05-27 01:51:52.896 7 INFO neutron.db.ovn_revision_numbers_db [None req-10262a8a-f434-49e2-a762-d198660d4849 5065bfc828d0411c943e96e64bf7a14b 0ade5df2983a41d4a84e98fc641ec954 - - default default] Successfully bumped revision number for resource b597d36b-53fa-4b01-ae25-d5cacb717736 (type: ports) to 1 [pid: 7|app: 0|req: 683/1264] 10.0.0.71 () {34 vars in 669 bytes} [Wed May 27 01:51:51 2026] POST /v2.0/networks => generated 664 bytes in 1159 msecs (HTTP/1.1 201) 4 headers in 162 bytes (1 switches on core 0)
2026-05-27 01:51:53.056 8 INFO neutron.db.ovn_revision_numbers_db [None req-38664b89-9775-4303-8230-86c947c5b02a - - - - - -] Successfully bumped revision number for resource 41493479-7c48-4727-967d-92c25e9fd624 (type: router_ports) to 2
2026-05-27 01:51:53.057 8 INFO neutron.plugins.ml2.drivers.ovn.mech_driver.mech_driver [None req-38664b89-9775-4303-8230-86c947c5b02a - - - - - -] OVN reports status down for port: a9430fe8-b306-48b0-9a49-7ad4a4a7ab61
2026-05-27 01:51:53.082 8 INFO neutron.plugins.ml2.drivers.ovn.mech_driver.mech_driver [None req-38664b89-9775-4303-8230-86c947c5b02a - - - - - -] OVN reports status up for port: a9430fe8-b306-48b0-9a49-7ad4a4a7ab61
2026-05-27 01:51:53.206 8 INFO neutron.plugins.ml2.drivers.ovn.mech_driver.mech_driver [None req-38664b89-9775-4303-8230-86c947c5b02a - - - - - -] OVN reports status down for port: b597d36b-53fa-4b01-ae25-d5cacb717736
2026-05-27 01:51:53.373 8 WARNING neutron.scheduler.dhcp_agent_scheduler [None req-20dd7414-2db8-4f23-9486-b0b61e1ae019 5065bfc828d0411c943e96e64bf7a14b 0ade5df2983a41d4a84e98fc641ec954 - - default default] No more DHCP agents
2026-05-27 01:51:53.375 8 WARNING neutron.api.rpc.agentnotifiers.dhcp_rpc_agent_api [None req-20dd7414-2db8-4f23-9486-b0b61e1ae019 5065bfc828d0411c943e96e64bf7a14b 0ade5df2983a41d4a84e98fc641ec954 - - default default] Unable to schedule network 5c485e2d-db2b-452e-a51b-b66340d49614: no agents available; will retry on subsequent port and subnet creation events.
2026-05-27 01:51:53.503 8 INFO neutron.plugins.ml2.drivers.ovn.mech_driver.mech_driver [None req-38664b89-9775-4303-8230-86c947c5b02a - - - - - -] OVN reports status down for port: aba9acda-c108-49ae-ae91-a4d35e394a01
2026-05-27 01:51:53.646 8 INFO neutron.db.ovn_revision_numbers_db [None req-20dd7414-2db8-4f23-9486-b0b61e1ae019 5065bfc828d0411c943e96e64bf7a14b 0ade5df2983a41d4a84e98fc641ec954 - - default default] Successfully bumped revision number for resource aba9acda-c108-49ae-ae91-a4d35e394a01 (type: ports) to 1 [pid: 8|app: 0|req: 582/1265] 10.0.0.71 () {34 vars in 664 bytes} [Wed May 27 01:51:52 2026] POST /v2.0/ports => generated 774 bytes in 794 msecs (HTTP/1.1 201) 4 headers in 162 bytes (1 switches on core 0)
2026-05-27 01:51:53.816 7 INFO neutron.db.segments_db [None req-67583747-9447-4a64-80e2-491292b5d526 5065bfc828d0411c943e96e64bf7a14b 0ade5df2983a41d4a84e98fc641ec954 - - default default] Added segment afd66dcb-72f2-46cf-860b-5db729c974cd of type geneve for network d7a2ce2a-fdc4-4ce4-a045-f314d2eebb90
2026-05-27 01:51:53.932 7 INFO neutron.db.ovn_revision_numbers_db [None req-67583747-9447-4a64-80e2-491292b5d526 5065bfc828d0411c943e96e64bf7a14b 0ade5df2983a41d4a84e98fc641ec954 - - default default] Successfully bumped revision number for resource d7a2ce2a-fdc4-4ce4-a045-f314d2eebb90 (type: networks) to 1
2026-05-27 01:51:54.079 7 WARNING neutron.scheduler.dhcp_agent_scheduler [None req-67583747-9447-4a64-80e2-491292b5d526 5065bfc828d0411c943e96e64bf7a14b 0ade5df2983a41d4a84e98fc641ec954 - - default default] No more DHCP agents
2026-05-27 01:51:54.080 7 WARNING neutron.api.rpc.agentnotifiers.dhcp_rpc_agent_api [None req-67583747-9447-4a64-80e2-491292b5d526 5065bfc828d0411c943e96e64bf7a14b 0ade5df2983a41d4a84e98fc641ec954 - - default default] Unable to schedule network d7a2ce2a-fdc4-4ce4-a045-f314d2eebb90: no agents available; will retry on subsequent port and subnet creation events.
2026-05-27 01:51:54.156 8 INFO neutron.plugins.ml2.drivers.ovn.mech_driver.mech_driver [None req-38664b89-9775-4303-8230-86c947c5b02a - - - - - -] OVN reports status down for port: 6fee5297-a37c-4ce7-b13d-5510df406f92
2026-05-27 01:51:54.206 7 INFO neutron.db.ovn_revision_numbers_db [None req-67583747-9447-4a64-80e2-491292b5d526 5065bfc828d0411c943e96e64bf7a14b 0ade5df2983a41d4a84e98fc641ec954 - - default default] Successfully bumped revision number for resource 6fee5297-a37c-4ce7-b13d-5510df406f92 (type: ports) to 1 [pid: 7|app: 0|req: 684/1266] 10.0.0.71 () {34 vars in 669 bytes} [Wed May 27 01:51:53 2026] POST /v2.0/networks => generated 650 bytes in 514 msecs (HTTP/1.1 201) 4 headers in 162 bytes (1 switches on core 0) /var/lib/openstack/lib/python3.12/site-packages/pycadf/identifier.py:70: UserWarning: Invalid uuid: neutron. To ensure interoperability, identifiers should be a valid uuid. warnings.warn(('Invalid uuid: %s. To ensure interoperability, ' [pid: 7|app: 0|req: 685/1267] 10.0.0.60 () {34 vars in 1099 bytes} [Wed May 27 01:51:54 2026] GET /v2.0/security-groups?name=tempest-securitygroup--1232180693&fields=id&tenant_id=7f449f263df34768bf3c678db1ae8844 => generated 69 bytes in 31 msecs (HTTP/1.1 200) 4 headers in 156 bytes (1 switches on core 0) [pid: 7|app: 0|req: 686/1268] 10.0.0.60 () {34 vars in 981 bytes} [Wed May 27 01:51:54 2026] GET /v2.0/networks?id=d26fa8bc-7952-44c5-af95-03384ef962ce => generated 717 bytes in 40 msecs (HTTP/1.1 200) 4 headers in 157 bytes (1 switches on core 0) [pid: 7|app: 0|req: 687/1269] 10.0.0.60 () {34 vars in 964 bytes} [Wed May 27 01:51:54 2026] GET /v2.0/quotas/7f449f263df34768bf3c678db1ae8844 => generated 292 bytes in 12 msecs (HTTP/1.1 200) 4 headers in 157 bytes (1 switches on core 0)
2026-05-27 01:51:54.470 8 WARNING neutron.scheduler.dhcp_agent_scheduler [None req-81fab7b5-5961-46c9-af3a-77cca0a86626 5065bfc828d0411c943e96e64bf7a14b 0ade5df2983a41d4a84e98fc641ec954 - - default default] No more DHCP agents
2026-05-27 01:51:54.472 8 WARNING neutron.api.rpc.agentnotifiers.dhcp_rpc_agent_api [None req-81fab7b5-5961-46c9-af3a-77cca0a86626 5065bfc828d0411c943e96e64bf7a14b 0ade5df2983a41d4a84e98fc641ec954 - - default default] Unable to schedule network d7a2ce2a-fdc4-4ce4-a045-f314d2eebb90: no agents available; will retry on subsequent port and subnet creation events. [pid: 7|app: 0|req: 688/1270] 10.0.0.60 () {34 vars in 1001 bytes} [Wed May 27 01:51:54 2026] GET /v2.0/ports?tenant_id=7f449f263df34768bf3c678db1ae8844&fields=id => generated 103 bytes in 72 msecs (HTTP/1.1 200) 4 headers in 157 bytes (1 switches on core 0) [pid: 7|app: 0|req: 689/1271] 10.0.0.60 () {34 vars in 1007 bytes} [Wed May 27 01:51:54 2026] GET /v2.0/networks/d26fa8bc-7952-44c5-af95-03384ef962ce?fields=segments => generated 14 bytes in 42 msecs (HTTP/1.1 200) 4 headers in 156 bytes (1 switches on core 0) [pid: 7|app: 0|req: 690/1272] 10.0.0.60 () {34 vars in 1107 bytes} [Wed May 27 01:51:54 2026] GET /v2.0/networks/d26fa8bc-7952-44c5-af95-03384ef962ce?fields=provider%3Aphysical_network&fields=provider%3Anetwork_type => generated 79 bytes in 51 msecs (HTTP/1.1 200) 4 headers in 156 bytes (1 switches on core 0) [pid: 7|app: 0|req: 691/1273] 10.0.0.60 () {34 vars in 989 bytes} [Wed May 27 01:51:54 2026] GET /v2.0/ports?device_id=1c42fc86-a077-4932-93d9-0804de3933ea => generated 12 bytes in 23 msecs (HTTP/1.1 200) 4 headers in 156 bytes (1 switches on core 0)
2026-05-27 01:51:54.963 8 INFO neutron.db.ovn_revision_numbers_db [None req-828ae061-7dec-4b0f-b738-8eaa0dd92bb3 - - - - - -] Successfully bumped revision number for resource 6fee5297-a37c-4ce7-b13d-5510df406f92 (type: ports) to 2
2026-05-27 01:51:55.007 8 INFO neutron.db.ovn_revision_numbers_db [None req-828ae061-7dec-4b0f-b738-8eaa0dd92bb3 - - - - - -] Successfully bumped revision number for resource 4041ead8-d00a-494a-a6c5-a995d6e8d34b (type: subnets) to 0 [pid: 8|app: 0|req: 583/1274] 10.0.0.71 () {34 vars in 668 bytes} [Wed May 27 01:51:54 2026] POST /v2.0/subnets => generated 626 bytes in 768 msecs (HTTP/1.1 201) 4 headers in 162 bytes (1 switches on core 0)
2026-05-27 01:51:55.306 7 WARNING neutron.scheduler.dhcp_agent_scheduler [None req-7154aa12-749c-42d0-9b38-14ba0dcabc95 5065bfc828d0411c943e96e64bf7a14b 0ade5df2983a41d4a84e98fc641ec954 - - default default] No more DHCP agents
2026-05-27 01:51:55.307 7 WARNING neutron.api.rpc.agentnotifiers.dhcp_rpc_agent_api [None req-7154aa12-749c-42d0-9b38-14ba0dcabc95 5065bfc828d0411c943e96e64bf7a14b 0ade5df2983a41d4a84e98fc641ec954 - - default default] Unable to schedule network d7a2ce2a-fdc4-4ce4-a045-f314d2eebb90: no agents available; will retry on subsequent port and subnet creation events.
2026-05-27 01:51:55.440 8 INFO neutron.plugins.ml2.drivers.ovn.mech_driver.mech_driver [None req-38664b89-9775-4303-8230-86c947c5b02a - - - - - -] OVN reports status down for port: bc39f656-40f8-4b61-b463-0c81aec9cd06
2026-05-27 01:51:55.514 7 INFO neutron.db.ovn_revision_numbers_db [None req-7154aa12-749c-42d0-9b38-14ba0dcabc95 5065bfc828d0411c943e96e64bf7a14b 0ade5df2983a41d4a84e98fc641ec954 - - default default] Successfully bumped revision number for resource bc39f656-40f8-4b61-b463-0c81aec9cd06 (type: ports) to 1 [pid: 7|app: 0|req: 692/1275] 10.0.0.71 () {34 vars in 664 bytes} [Wed May 27 01:51:55 2026] POST /v2.0/ports => generated 950 bytes in 562 msecs (HTTP/1.1 201) 4 headers in 162 bytes (1 switches on core 0)
2026-05-27 01:51:55.763 8 INFO neutron_taas.services.taas.taas_plugin [None req-d56868f6-06b9-4337-8e0e-ed6fb79df82d 5065bfc828d0411c943e96e64bf7a14b 0ade5df2983a41d4a84e98fc641ec954 - - default default] TaaS: Handle Delete Port: bc39f656-40f8-4b61-b463-0c81aec9cd06
2026-05-27 01:51:55.767 8 INFO neutron_taas.services.taas.tap_mirror_plugin [None req-d56868f6-06b9-4337-8e0e-ed6fb79df82d 5065bfc828d0411c943e96e64bf7a14b 0ade5df2983a41d4a84e98fc641ec954 - - default default] Tap Mirror: Handle Delete Port: bc39f656-40f8-4b61-b463-0c81aec9cd06 /var/lib/openstack/lib/python3.12/site-packages/pycadf/identifier.py:70: UserWarning: Invalid uuid: neutron. To ensure interoperability, identifiers should be a valid uuid. warnings.warn(('Invalid uuid: %s. To ensure interoperability, '
2026-05-27 01:51:56.031 7 INFO neutron.db.ovn_revision_numbers_db [None req-4b67e199-556e-4839-b37d-86a615ca2064 13821f91af61444a8725f668f94f2ba2 2607af5dce24421ab83c96d63740f126 - - default default] Successfully bumped revision number for resource e9ff4913-dcb6-4b03-8f76-95c88a2369e6 (type: security_groups) to 1
2026-05-27 01:51:56.053 7 INFO neutron.db.ovn_revision_numbers_db [None req-4b67e199-556e-4839-b37d-86a615ca2064 13821f91af61444a8725f668f94f2ba2 2607af5dce24421ab83c96d63740f126 - - default default] Successfully bumped revision number for resource 19d2b277-5661-47ca-acb5-8cd57e50fd26 (type: security_group_rules) to 0 [pid: 8|app: 0|req: 584/1276] 10.0.0.71 () {32 vars in 719 bytes} [Wed May 27 01:51:55 2026] DELETE /v2.0/ports/bc39f656-40f8-4b61-b463-0c81aec9cd06 => generated 0 bytes in 468 msecs (HTTP/1.1 204) 3 headers in 131 bytes (1 switches on core 0)
2026-05-27 01:51:56.068 7 INFO neutron.db.ovn_revision_numbers_db [None req-4b67e199-556e-4839-b37d-86a615ca2064 13821f91af61444a8725f668f94f2ba2 2607af5dce24421ab83c96d63740f126 - - default default] Successfully bumped revision number for resource 4c0a9aa6-9b42-4ee0-8610-a5ffcd1532dd (type: security_group_rules) to 0
2026-05-27 01:51:56.082 7 INFO neutron.db.ovn_revision_numbers_db [None req-4b67e199-556e-4839-b37d-86a615ca2064 13821f91af61444a8725f668f94f2ba2 2607af5dce24421ab83c96d63740f126 - - default default] Successfully bumped revision number for resource 92e22693-b051-4b81-aabf-f4f90337bd15 (type: security_group_rules) to 0 [pid: 8|app: 0|req: 585/1277] 10.0.0.60 () {34 vars in 989 bytes} [Wed May 27 01:51:56 2026] GET /v2.0/ports?device_id=1c42fc86-a077-4932-93d9-0804de3933ea => generated 12 bytes in 20 msecs (HTTP/1.1 200) 4 headers in 156 bytes (1 switches on core 0)
2026-05-27 01:51:56.096 7 INFO neutron.db.ovn_revision_numbers_db [None req-4b67e199-556e-4839-b37d-86a615ca2064 13821f91af61444a8725f668f94f2ba2 2607af5dce24421ab83c96d63740f126 - - default default] Successfully bumped revision number for resource d91a2da3-12d2-496d-8447-833ddfc62218 (type: security_group_rules) to 0
2026-05-27 01:51:56.102 8 INFO neutron.pecan_wsgi.hooks.translation [None req-cc32152d-8699-4636-940c-9614bd4265c9 5065bfc828d0411c943e96e64bf7a14b 0ade5df2983a41d4a84e98fc641ec954 - - default default] DELETE failed (client error): The resource could not be found. [pid: 8|app: 0|req: 586/1278] 10.0.0.71 () {32 vars in 719 bytes} [Wed May 27 01:51:56 2026] DELETE /v2.0/ports/bc39f656-40f8-4b61-b463-0c81aec9cd06 => generated 132 bytes in 18 msecs (HTTP/1.1 404) 4 headers in 164 bytes (1 switches on core 0) [pid: 7|app: 0|req: 693/1279] 10.0.0.71 () {32 vars in 773 bytes} [Wed May 27 01:51:55 2026] GET /v2.0/security-groups?tenant_id=6bd2e6e36cab44bc95530bef20de4a3d&name=default => generated 2925 bytes in 475 msecs (HTTP/1.1 200) 4 headers in 158 bytes (1 switches on core 0)
2026-05-27 01:51:56.127 8 INFO neutron.pecan_wsgi.hooks.translation [None req-c1493099-cf24-4234-b805-4b096f46f8e0 5065bfc828d0411c943e96e64bf7a14b 0ade5df2983a41d4a84e98fc641ec954 - - default default] GET failed (client error): The resource could not be found. [pid: 8|app: 0|req: 587/1280] 10.0.0.71 () {32 vars in 716 bytes} [Wed May 27 01:51:56 2026] GET /v2.0/ports/bc39f656-40f8-4b61-b463-0c81aec9cd06 => generated 132 bytes in 19 msecs (HTTP/1.1 404) 4 headers in 164 bytes (1 switches on core 0) [pid: 8|app: 0|req: 588/1281] 10.0.0.71 () {32 vars in 723 bytes} [Wed May 27 01:51:56 2026] DELETE /v2.0/subnets/4041ead8-d00a-494a-a6c5-a995d6e8d34b => generated 0 bytes in 293 msecs (HTTP/1.1 204) 3 headers in 131 bytes (1 switches on core 0) [pid: 7|app: 0|req: 694/1282] 10.0.0.71 () {32 vars in 739 bytes} [Wed May 27 01:51:56 2026] DELETE /v2.0/security-groups/e9ff4913-dcb6-4b03-8f76-95c88a2369e6 => generated 0 bytes in 357 msecs (HTTP/1.1 204) 2 headers in 112 bytes (1 switches on core 0)
2026-05-27 01:51:56.558 8 INFO neutron_taas.services.taas.taas_plugin [None req-aa864181-9219-42b3-b526-a1774035ba0b 5065bfc828d0411c943e96e64bf7a14b 0ade5df2983a41d4a84e98fc641ec954 - - default default] TaaS: Handle Delete Port: 6fee5297-a37c-4ce7-b13d-5510df406f92
2026-05-27 01:51:56.562 8 INFO neutron_taas.services.taas.tap_mirror_plugin [None req-aa864181-9219-42b3-b526-a1774035ba0b 5065bfc828d0411c943e96e64bf7a14b 0ade5df2983a41d4a84e98fc641ec954 - - default default] Tap Mirror: Handle Delete Port: 6fee5297-a37c-4ce7-b13d-5510df406f92
2026-05-27 01:51:56.788 8 INFO neutron.services.segments.plugin [-] Segment afd66dcb-72f2-46cf-860b-5db729c974cd resource provider aggregate not found
2026-05-27 01:51:56.794 8 INFO neutron.services.segments.plugin [-] Segment afd66dcb-72f2-46cf-860b-5db729c974cd resource provider aggregate not found
2026-05-27 01:51:56.807 8 INFO neutron.services.segments.plugin [-] Segment afd66dcb-72f2-46cf-860b-5db729c974cd resource provider not found; error: Placement Client Error (4xx): {"errors": [{"status": 404, "title": "Not Found", "detail": "The resource could not be found.\n\n No resource provider with uuid afd66dcb-72f2-46cf-860b-5db729c974cd found for delete ", "request_id": "req-1e814848-3a64-400f-a1f3-e7aff1a6819e"}]}
2026-05-27 01:51:56.812 8 INFO neutron.services.segments.plugin [-] Segment afd66dcb-72f2-46cf-860b-5db729c974cd resource provider not found; error: Placement Client Error (4xx): {"errors": [{"status": 404, "title": "Not Found", "detail": "The resource could not be found.\n\n No resource provider with uuid afd66dcb-72f2-46cf-860b-5db729c974cd found for delete ", "request_id": "req-2bb0bca9-b230-472c-9bad-0f09dfe4518e"}]} [pid: 8|app: 0|req: 589/1283] 10.0.0.71 () {32 vars in 725 bytes} [Wed May 27 01:51:56 2026] DELETE /v2.0/networks/d7a2ce2a-fdc4-4ce4-a045-f314d2eebb90 => generated 0 bytes in 444 msecs (HTTP/1.1 204) 3 headers in 131 bytes (1 switches on core 0)
2026-05-27 01:51:56.970 7 INFO neutron.db.ovn_revision_numbers_db [None req-70aec546-a4d0-49a3-91c7-0d740faceacf 13821f91af61444a8725f668f94f2ba2 2607af5dce24421ab83c96d63740f126 - - default default] Successfully bumped revision number for resource 8b6b7de7-d900-444b-a1df-85d16b296918 (type: security_groups) to 1
2026-05-27 01:51:56.980 7 INFO neutron.db.ovn_revision_numbers_db [None req-70aec546-a4d0-49a3-91c7-0d740faceacf 13821f91af61444a8725f668f94f2ba2 2607af5dce24421ab83c96d63740f126 - - default default] Successfully bumped revision number for resource 23a2256a-26ed-4b84-b80a-fbc16e608405 (type: security_group_rules) to 0
2026-05-27 01:51:56.993 7 INFO neutron.db.ovn_revision_numbers_db [None req-70aec546-a4d0-49a3-91c7-0d740faceacf 13821f91af61444a8725f668f94f2ba2 2607af5dce24421ab83c96d63740f126 - - default default] Successfully bumped revision number for resource 9acc9c44-bfb7-4105-ab5e-f324c013e72b (type: security_group_rules) to 0
2026-05-27 01:51:57.004 7 INFO neutron.db.ovn_revision_numbers_db [None req-70aec546-a4d0-49a3-91c7-0d740faceacf 13821f91af61444a8725f668f94f2ba2 2607af5dce24421ab83c96d63740f126 - - default default] Successfully bumped revision number for resource b48beda4-26d2-4191-9576-61b612c09e3e (type: security_group_rules) to 0
2026-05-27 01:51:57.020 7 INFO neutron.db.ovn_revision_numbers_db [None req-70aec546-a4d0-49a3-91c7-0d740faceacf 13821f91af61444a8725f668f94f2ba2 2607af5dce24421ab83c96d63740f126 - - default default] Successfully bumped revision number for resource ea6ab7ec-32a6-4d67-b9dd-964052c6cb46 (type: security_group_rules) to 0 [pid: 7|app: 0|req: 695/1284] 10.0.0.71 () {32 vars in 773 bytes} [Wed May 27 01:51:56 2026] GET /v2.0/security-groups?tenant_id=dd74b9b17fbf4e28a5de57af33a4c428&name=default => generated 2925 bytes in 494 msecs (HTTP/1.1 200) 4 headers in 158 bytes (1 switches on core 0)
2026-05-27 01:51:57.076 8 INFO neutron.db.ovn_revision_numbers_db [None req-f5c849ec-7cae-4514-bf41-4a6586de79d9 13821f91af61444a8725f668f94f2ba2 2607af5dce24421ab83c96d63740f126 - - default default] Successfully bumped revision number for resource 65246d92-20c4-466a-a9c4-a8d9d30b6839 (type: security_groups) to 1
2026-05-27 01:51:57.088 8 INFO neutron.db.ovn_revision_numbers_db [None req-f5c849ec-7cae-4514-bf41-4a6586de79d9 13821f91af61444a8725f668f94f2ba2 2607af5dce24421ab83c96d63740f126 - - default default] Successfully bumped revision number for resource 0d6808b7-a882-4be1-8571-605dcaade954 (type: security_group_rules) to 0
2026-05-27 01:51:57.100 8 INFO neutron.db.ovn_revision_numbers_db [None req-f5c849ec-7cae-4514-bf41-4a6586de79d9 13821f91af61444a8725f668f94f2ba2 2607af5dce24421ab83c96d63740f126 - - default default] Successfully bumped revision number for resource 23459e6f-b30e-478f-ac9f-e8520823ee2c (type: security_group_rules) to 0
2026-05-27 01:51:57.113 8 INFO neutron.db.ovn_revision_numbers_db [None req-f5c849ec-7cae-4514-bf41-4a6586de79d9 13821f91af61444a8725f668f94f2ba2 2607af5dce24421ab83c96d63740f126 - - default default] Successfully bumped revision number for resource 49fe9134-e5c3-4580-9405-9eaffb8d7d71 (type: security_group_rules) to 0
2026-05-27 01:51:57.125 8 INFO neutron.db.ovn_revision_numbers_db [None req-f5c849ec-7cae-4514-bf41-4a6586de79d9 13821f91af61444a8725f668f94f2ba2 2607af5dce24421ab83c96d63740f126 - - default default] Successfully bumped revision number for resource 93abbac1-406d-406a-b43a-ff93cc80625e (type: security_group_rules) to 0
2026-05-27 01:51:57.161 7 INFO neutron.db.segments_db [None req-18f6c5f6-22b9-4655-8eea-c4ce1bafb87c 5065bfc828d0411c943e96e64bf7a14b 0ade5df2983a41d4a84e98fc641ec954 - - default default] Added segment 09678b22-54e0-4301-a108-23e4b45a6a45 of type geneve for network bf220dfb-ae80-416b-8b66-60a77c20a206 [pid: 8|app: 0|req: 590/1285] 10.0.0.71 () {32 vars in 773 bytes} [Wed May 27 01:51:56 2026] GET /v2.0/security-groups?tenant_id=527819c3841a461a9612a59cbd2185ea&name=default => generated 2925 bytes in 294 msecs (HTTP/1.1 200) 4 headers in 158 bytes (1 switches on core 0)
2026-05-27 01:51:57.291 7 INFO neutron.db.ovn_revision_numbers_db [None req-18f6c5f6-22b9-4655-8eea-c4ce1bafb87c 5065bfc828d0411c943e96e64bf7a14b 0ade5df2983a41d4a84e98fc641ec954 - - default default] Successfully bumped revision number for resource bf220dfb-ae80-416b-8b66-60a77c20a206 (type: networks) to 1 [pid: 8|app: 0|req: 591/1286] 10.0.0.71 () {32 vars in 739 bytes} [Wed May 27 01:51:57 2026] DELETE /v2.0/security-groups/8b6b7de7-d900-444b-a1df-85d16b296918 => generated 0 bytes in 294 msecs (HTTP/1.1 204) 2 headers in 112 bytes (1 switches on core 0) [pid: 8|app: 0|req: 592/1287] 10.0.0.60 () {34 vars in 989 bytes} [Wed May 27 01:51:57 2026] GET /v2.0/ports?device_id=1c42fc86-a077-4932-93d9-0804de3933ea => generated 12 bytes in 18 msecs (HTTP/1.1 200) 4 headers in 156 bytes (1 switches on core 0)
2026-05-27 01:51:57.517 7 WARNING neutron.scheduler.dhcp_agent_scheduler [None req-18f6c5f6-22b9-4655-8eea-c4ce1bafb87c 5065bfc828d0411c943e96e64bf7a14b 0ade5df2983a41d4a84e98fc641ec954 - - default default] No more DHCP agents
2026-05-27 01:51:57.519 7 WARNING neutron.api.rpc.agentnotifiers.dhcp_rpc_agent_api [None req-18f6c5f6-22b9-4655-8eea-c4ce1bafb87c 5065bfc828d0411c943e96e64bf7a14b 0ade5df2983a41d4a84e98fc641ec954 - - default default] Unable to schedule network bf220dfb-ae80-416b-8b66-60a77c20a206: no agents available; will retry on subsequent port and subnet creation events.
2026-05-27 01:51:57.626 8 INFO neutron.plugins.ml2.drivers.ovn.mech_driver.mech_driver [None req-38664b89-9775-4303-8230-86c947c5b02a - - - - - -] OVN reports status down for port: 5b878c9a-47de-4c13-94d3-f6879d2d19e9
2026-05-27 01:51:57.639 7 INFO neutron.db.ovn_revision_numbers_db [None req-18f6c5f6-22b9-4655-8eea-c4ce1bafb87c 5065bfc828d0411c943e96e64bf7a14b 0ade5df2983a41d4a84e98fc641ec954 - - default default] Successfully bumped revision number for resource 5b878c9a-47de-4c13-94d3-f6879d2d19e9 (type: ports) to 1 [pid: 7|app: 0|req: 696/1288] 10.0.0.71 () {34 vars in 669 bytes} [Wed May 27 01:51:57 2026] POST /v2.0/networks => generated 650 bytes in 614 msecs (HTTP/1.1 201) 4 headers in 162 bytes (1 switches on core 0)
2026-05-27 01:51:57.852 7 INFO neutron.db.ovn_revision_numbers_db [None req-74b92685-6761-40b0-bcff-d5c032184c16 13821f91af61444a8725f668f94f2ba2 2607af5dce24421ab83c96d63740f126 - - default default] Successfully bumped revision number for resource ef9f7482-fe78-4c6c-a70f-07c2327a970e (type: security_groups) to 1
2026-05-27 01:51:57.874 7 INFO neutron.db.ovn_revision_numbers_db [None req-74b92685-6761-40b0-bcff-d5c032184c16 13821f91af61444a8725f668f94f2ba2 2607af5dce24421ab83c96d63740f126 - - default default] Successfully bumped revision number for resource 22449977-ad12-4a09-94b1-05fc63ef8c01 (type: security_group_rules) to 0
2026-05-27 01:51:57.892 7 INFO neutron.db.ovn_revision_numbers_db [None req-74b92685-6761-40b0-bcff-d5c032184c16 13821f91af61444a8725f668f94f2ba2 2607af5dce24421ab83c96d63740f126 - - default default] Successfully bumped revision number for resource 525585e3-6b49-46d5-8a9f-76c7262b424e (type: security_group_rules) to 0 [pid: 8|app: 0|req: 593/1289] 10.0.0.71 () {32 vars in 739 bytes} [Wed May 27 01:51:57 2026] DELETE /v2.0/security-groups/65246d92-20c4-466a-a9c4-a8d9d30b6839 => generated 0 bytes in 421 msecs (HTTP/1.1 204) 2 headers in 112 bytes (1 switches on core 0)
2026-05-27 01:51:57.911 7 INFO neutron.db.ovn_revision_numbers_db [None req-74b92685-6761-40b0-bcff-d5c032184c16 13821f91af61444a8725f668f94f2ba2 2607af5dce24421ab83c96d63740f126 - - default default] Successfully bumped revision number for resource 7919d330-b230-481c-9658-1da4b5d3bbde (type: security_group_rules) to 0
2026-05-27 01:51:57.925 7 INFO neutron.db.ovn_revision_numbers_db [None req-74b92685-6761-40b0-bcff-d5c032184c16 13821f91af61444a8725f668f94f2ba2 2607af5dce24421ab83c96d63740f126 - - default default] Successfully bumped revision number for resource ebe3f872-547a-4106-9c75-d87886d5b520 (type: security_group_rules) to 0 [pid: 7|app: 0|req: 697/1290] 10.0.0.71 () {32 vars in 773 bytes} [Wed May 27 01:51:57 2026] GET /v2.0/security-groups?tenant_id=737e10476f0e46b3a46e265478b67a8b&name=default => generated 2925 bytes in 282 msecs (HTTP/1.1 200) 4 headers in 158 bytes (1 switches on core 0)
2026-05-27 01:51:58.096 8 WARNING neutron.scheduler.dhcp_agent_scheduler [None req-868bcb71-85e4-4888-869d-cbd4d7741043 5065bfc828d0411c943e96e64bf7a14b 0ade5df2983a41d4a84e98fc641ec954 - - default default] No more DHCP agents
2026-05-27 01:51:58.097 8 WARNING neutron.api.rpc.agentnotifiers.dhcp_rpc_agent_api [None req-868bcb71-85e4-4888-869d-cbd4d7741043 5065bfc828d0411c943e96e64bf7a14b 0ade5df2983a41d4a84e98fc641ec954 - - default default] Unable to schedule network bf220dfb-ae80-416b-8b66-60a77c20a206: no agents available; will retry on subsequent port and subnet creation events. [pid: 7|app: 0|req: 698/1291] 10.0.0.71 () {32 vars in 739 bytes} [Wed May 27 01:51:57 2026] DELETE /v2.0/security-groups/ef9f7482-fe78-4c6c-a70f-07c2327a970e => generated 0 bytes in 296 msecs (HTTP/1.1 204) 2 headers in 112 bytes (1 switches on core 0) [pid: 7|app: 0|req: 699/1292] 10.0.0.60 () {34 vars in 989 bytes} [Wed May 27 01:51:58 2026] GET /v2.0/ports?device_id=1c42fc86-a077-4932-93d9-0804de3933ea => generated 12 bytes in 22 msecs (HTTP/1.1 200) 4 headers in 156 bytes (1 switches on core 0)
2026-05-27 01:51:58.590 8 INFO neutron.db.ovn_revision_numbers_db [None req-e612762c-16b6-427b-b30e-aadd784f93e3 - - - - - -] Successfully bumped revision number for resource 5b878c9a-47de-4c13-94d3-f6879d2d19e9 (type: ports) to 2
2026-05-27 01:51:58.624 8 INFO neutron.db.ovn_revision_numbers_db [None req-e612762c-16b6-427b-b30e-aadd784f93e3 - - - - - -] Successfully bumped revision number for resource 312cbf04-8d4f-4fb6-80da-c4d2a7d13e95 (type: subnets) to 0 [pid: 8|app: 0|req: 594/1293] 10.0.0.71 () {34 vars in 668 bytes} [Wed May 27 01:51:57 2026] POST /v2.0/subnets => generated 626 bytes in 734 msecs (HTTP/1.1 201) 4 headers in 162 bytes (1 switches on core 0)
2026-05-27 01:51:58.897 7 WARNING neutron.scheduler.dhcp_agent_scheduler [None req-c62e787c-8cfd-418a-bba4-7124a2e40b06 5065bfc828d0411c943e96e64bf7a14b 0ade5df2983a41d4a84e98fc641ec954 - - default default] No more DHCP agents
2026-05-27 01:51:58.898 7 WARNING neutron.api.rpc.agentnotifiers.dhcp_rpc_agent_api [None req-c62e787c-8cfd-418a-bba4-7124a2e40b06 5065bfc828d0411c943e96e64bf7a14b 0ade5df2983a41d4a84e98fc641ec954 - - default default] Unable to schedule network bf220dfb-ae80-416b-8b66-60a77c20a206: no agents available; will retry on subsequent port and subnet creation events.
2026-05-27 01:51:59.044 8 INFO neutron.plugins.ml2.drivers.ovn.mech_driver.mech_driver [None req-38664b89-9775-4303-8230-86c947c5b02a - - - - - -] OVN reports status down for port: 77e37857-a34c-4449-8632-4b26485ce16b
2026-05-27 01:51:59.073 7 INFO neutron.db.ovn_revision_numbers_db [None req-c62e787c-8cfd-418a-bba4-7124a2e40b06 5065bfc828d0411c943e96e64bf7a14b 0ade5df2983a41d4a84e98fc641ec954 - - default default] Successfully bumped revision number for resource 77e37857-a34c-4449-8632-4b26485ce16b (type: ports) to 1 [pid: 7|app: 0|req: 700/1294] 10.0.0.71 () {34 vars in 664 bytes} [Wed May 27 01:51:58 2026] POST /v2.0/ports => generated 912 bytes in 489 msecs (HTTP/1.1 201) 4 headers in 162 bytes (1 switches on core 0) [pid: 7|app: 0|req: 701/1295] 199.204.45.57 () {34 vars in 985 bytes} [Wed May 27 01:51:59 2026] GET /v2.0/networks?id=d26fa8bc-7952-44c5-af95-03384ef962ce => generated 717 bytes in 52 msecs (HTTP/1.1 200) 4 headers in 157 bytes (1 switches on core 0)
2026-05-27 01:51:59.263 8 INFO neutron_taas.services.taas.taas_plugin [None req-473c509e-e488-4e22-8d7f-a9f6fbca4344 5065bfc828d0411c943e96e64bf7a14b 0ade5df2983a41d4a84e98fc641ec954 - - default default] TaaS: Handle Delete Port: 77e37857-a34c-4449-8632-4b26485ce16b
2026-05-27 01:51:59.266 8 INFO neutron_taas.services.taas.tap_mirror_plugin [None req-473c509e-e488-4e22-8d7f-a9f6fbca4344 5065bfc828d0411c943e96e64bf7a14b 0ade5df2983a41d4a84e98fc641ec954 - - default default] Tap Mirror: Handle Delete Port: 77e37857-a34c-4449-8632-4b26485ce16b [pid: 7|app: 0|req: 702/1296] 199.204.45.57 () {34 vars in 1049 bytes} [Wed May 27 01:51:59 2026] GET /v2.0/security-groups?fields=id&fields=name&tenant_id=7f449f263df34768bf3c678db1ae8844 => generated 181 bytes in 33 msecs (HTTP/1.1 200) 4 headers in 157 bytes (1 switches on core 0) [pid: 8|app: 0|req: 595/1297] 10.0.0.71 () {32 vars in 719 bytes} [Wed May 27 01:51:59 2026] DELETE /v2.0/ports/77e37857-a34c-4449-8632-4b26485ce16b => generated 0 bytes in 313 msecs (HTTP/1.1 204) 3 headers in 131 bytes (1 switches on core 0)
2026-05-27 01:51:59.478 8 INFO neutron.pecan_wsgi.hooks.translation [None req-e4c921ff-c212-4ab2-8a71-8ca7e8fdc34f 5065bfc828d0411c943e96e64bf7a14b 0ade5df2983a41d4a84e98fc641ec954 - - default default] GET failed (client error): The resource could not be found. [pid: 8|app: 0|req: 596/1298] 10.0.0.71 () {32 vars in 716 bytes} [Wed May 27 01:51:59 2026] GET /v2.0/ports/77e37857-a34c-4449-8632-4b26485ce16b => generated 132 bytes in 21 msecs (HTTP/1.1 404) 4 headers in 164 bytes (1 switches on core 0)
2026-05-27 01:51:59.600 7 WARNING neutron.scheduler.dhcp_agent_scheduler [req-4ff37988-9cbc-4739-be21-4d12a68282ab req-158dfbbc-2252-47e2-9696-e46fc432b053 1274e1dedc1d4a4080be95512b119340 7f449f263df34768bf3c678db1ae8844 - - default default] No more DHCP agents
2026-05-27 01:51:59.601 7 WARNING neutron.api.rpc.agentnotifiers.dhcp_rpc_agent_api [req-4ff37988-9cbc-4739-be21-4d12a68282ab req-158dfbbc-2252-47e2-9696-e46fc432b053 1274e1dedc1d4a4080be95512b119340 7f449f263df34768bf3c678db1ae8844 - - default default] Unable to schedule network d26fa8bc-7952-44c5-af95-03384ef962ce: no agents available; will retry on subsequent port and subnet creation events. [pid: 8|app: 0|req: 597/1299] 10.0.0.71 () {32 vars in 723 bytes} [Wed May 27 01:51:59 2026] DELETE /v2.0/subnets/312cbf04-8d4f-4fb6-80da-c4d2a7d13e95 => generated 0 bytes in 198 msecs (HTTP/1.1 204) 3 headers in 131 bytes (1 switches on core 0)
2026-05-27 01:51:59.829 8 INFO neutron.plugins.ml2.drivers.ovn.mech_driver.mech_driver [None req-38664b89-9775-4303-8230-86c947c5b02a - - - - - -] OVN reports status down for port: 62c31cfc-47ff-4b8a-811a-82f08539a6a5
2026-05-27 01:51:59.836 7 INFO neutron.db.ovn_revision_numbers_db [req-4ff37988-9cbc-4739-be21-4d12a68282ab req-158dfbbc-2252-47e2-9696-e46fc432b053 1274e1dedc1d4a4080be95512b119340 7f449f263df34768bf3c678db1ae8844 - - default default] Successfully bumped revision number for resource 62c31cfc-47ff-4b8a-811a-82f08539a6a5 (type: ports) to 1 [pid: 8|app: 0|req: 598/1300] 10.0.0.60 () {34 vars in 989 bytes} [Wed May 27 01:51:59 2026] GET /v2.0/ports?device_id=1c42fc86-a077-4932-93d9-0804de3933ea => generated 961 bytes in 222 msecs (HTTP/1.1 200) 4 headers in 157 bytes (1 switches on core 0) [pid: 7|app: 0|req: 703/1301] 199.204.45.57 () {38 vars in 954 bytes} [Wed May 27 01:51:59 2026] POST /v2.0/ports => generated 958 bytes in 644 msecs (HTTP/1.1 201) 4 headers in 162 bytes (1 switches on core 0) /var/lib/openstack/lib/python3.12/site-packages/pycadf/identifier.py:70: UserWarning: Invalid uuid: neutron. To ensure interoperability, identifiers should be a valid uuid. warnings.warn(('Invalid uuid: %s. To ensure interoperability, ' [pid: 7|app: 0|req: 704/1302] 10.0.0.60 () {34 vars in 1039 bytes} [Wed May 27 01:51:59 2026] GET /v2.0/security-groups?id=7ab4cc43-2b49-4460-9e7a-7bd3911b1b2b&fields=id&fields=name => generated 114 bytes in 31 msecs (HTTP/1.1 200) 4 headers in 157 bytes (1 switches on core 0)
2026-05-27 01:52:00.070 8 INFO neutron_taas.services.taas.taas_plugin [None req-acdea10b-9aef-4f19-9961-a5c27c146d68 5065bfc828d0411c943e96e64bf7a14b 0ade5df2983a41d4a84e98fc641ec954 - - default default] TaaS: Handle Delete Port: 5b878c9a-47de-4c13-94d3-f6879d2d19e9
2026-05-27 01:52:00.073 8 INFO neutron_taas.services.taas.tap_mirror_plugin [None req-acdea10b-9aef-4f19-9961-a5c27c146d68 5065bfc828d0411c943e96e64bf7a14b 0ade5df2983a41d4a84e98fc641ec954 - - default default] Tap Mirror: Handle Delete Port: 5b878c9a-47de-4c13-94d3-f6879d2d19e9
2026-05-27 01:52:00.489 8 INFO neutron.services.segments.plugin [-] Segment 09678b22-54e0-4301-a108-23e4b45a6a45 resource provider aggregate not found
2026-05-27 01:52:00.498 8 INFO neutron.services.segments.plugin [-] Segment 09678b22-54e0-4301-a108-23e4b45a6a45 resource provider aggregate not found
2026-05-27 01:52:00.535 8 INFO neutron.services.segments.plugin [-] Segment 09678b22-54e0-4301-a108-23e4b45a6a45 resource provider not found; error: Placement Client Error (4xx): {"errors": [{"status": 404, "title": "Not Found", "detail": "The resource could not be found.\n\n No resource provider with uuid 09678b22-54e0-4301-a108-23e4b45a6a45 found for delete ", "request_id": "req-b9edb08e-6b05-48a5-a3c6-24c96ebdda26"}]}
2026-05-27 01:52:00.543 8 INFO neutron.services.segments.plugin [-] Segment 09678b22-54e0-4301-a108-23e4b45a6a45 resource provider not found; error: Placement Client Error (4xx): {"errors": [{"status": 404, "title": "Not Found", "detail": "The resource could not be found.\n\n No resource provider with uuid 09678b22-54e0-4301-a108-23e4b45a6a45 found for delete ", "request_id": "req-6c029653-d319-4a7e-a5fb-c0f8c1474a90"}]} [pid: 8|app: 0|req: 599/1303] 10.0.0.71 () {32 vars in 725 bytes} [Wed May 27 01:51:59 2026] DELETE /v2.0/networks/bf220dfb-ae80-416b-8b66-60a77c20a206 => generated 0 bytes in 692 msecs (HTTP/1.1 204) 3 headers in 131 bytes (1 switches on core 0)
