2026-05-27 01:53:12.545 7 INFO neutron.db.ovn_revision_numbers_db [None req-ea739178-c44c-4b16-95a0-934b4dd17cbc 0f224042462d4d0ca2246f10b9c88401 af72a864ac824d358548f42ba37ad4d9 - - default default] Successfully bumped revision number for resource 9b946019-b561-4c8c-9895-f4d7859a9ece (type: security_group_rules) to 0
2026-05-27 01:53:12.627 7 INFO neutron.db.segments_db [None req-ea739178-c44c-4b16-95a0-934b4dd17cbc 0f224042462d4d0ca2246f10b9c88401 af72a864ac824d358548f42ba37ad4d9 - - default default] Added segment bd292b24-b4ef-4afb-bf58-98fbec3618e0 of type geneve for network 03b33007-83ca-42c1-933b-53293103b235 [pid: 8|app: 0|req: 822/1838] 10.0.0.71 () {32 vars in 739 bytes} [Wed May 27 01:53:12 2026] DELETE /v2.0/security-groups/0ef52fbe-bdde-4e54-bcb0-fa7ba6cfba45 => generated 0 bytes in 345 msecs (HTTP/1.1 204) 2 headers in 112 bytes (1 switches on core 0) [pid: 8|app: 0|req: 823/1839] 10.0.0.71 () {32 vars in 773 bytes} [Wed May 27 01:53:12 2026] GET /v2.0/security-groups?tenant_id=c11c93c6962e4a22b6e55159cb79f4ba&name=default => generated 2925 bytes in 34 msecs (HTTP/1.1 200) 4 headers in 158 bytes (1 switches on core 0)
2026-05-27 01:53:12.791 7 INFO neutron.db.ovn_revision_numbers_db [None req-ea739178-c44c-4b16-95a0-934b4dd17cbc 0f224042462d4d0ca2246f10b9c88401 af72a864ac824d358548f42ba37ad4d9 - - default default] Successfully bumped revision number for resource 03b33007-83ca-42c1-933b-53293103b235 (type: networks) to 1
2026-05-27 01:53:12.972 7 WARNING neutron.scheduler.dhcp_agent_scheduler [None req-ea739178-c44c-4b16-95a0-934b4dd17cbc 0f224042462d4d0ca2246f10b9c88401 af72a864ac824d358548f42ba37ad4d9 - - default default] No more DHCP agents
2026-05-27 01:53:12.974 7 WARNING neutron.api.rpc.agentnotifiers.dhcp_rpc_agent_api [None req-ea739178-c44c-4b16-95a0-934b4dd17cbc 0f224042462d4d0ca2246f10b9c88401 af72a864ac824d358548f42ba37ad4d9 - - default default] Unable to schedule network 03b33007-83ca-42c1-933b-53293103b235: no agents available; will retry on subsequent port and subnet creation events.
2026-05-27 01:53:13.052 8 INFO neutron.plugins.ml2.drivers.ovn.mech_driver.mech_driver [None req-cd26fe67-4836-4c85-85bb-e812214098cf - - - - - -] OVN reports status down for port: 57652639-aa8c-42ff-b5f3-0912fb7996d9
2026-05-27 01:53:13.201 7 INFO neutron.db.ovn_revision_numbers_db [None req-ea739178-c44c-4b16-95a0-934b4dd17cbc 0f224042462d4d0ca2246f10b9c88401 af72a864ac824d358548f42ba37ad4d9 - - default default] Successfully bumped revision number for resource 57652639-aa8c-42ff-b5f3-0912fb7996d9 (type: ports) to 1 [pid: 7|app: 0|req: 1017/1840] 10.0.0.71 () {34 vars in 669 bytes} [Wed May 27 01:53:12 2026] POST /v2.0/networks => generated 651 bytes in 1135 msecs (HTTP/1.1 201) 4 headers in 162 bytes (1 switches on core 0)
2026-05-27 01:53:13.240 8 WARNING neutron.scheduler.dhcp_agent_scheduler [None req-8995582f-65e1-4b14-b711-35dc5d722095 4dede822fc10498fa14fd7bd74253dd4 ee303adb9ed2454d9809ce65f1653fde - - default default] No more DHCP agents
2026-05-27 01:53:13.243 8 WARNING neutron.api.rpc.agentnotifiers.dhcp_rpc_agent_api [None req-8995582f-65e1-4b14-b711-35dc5d722095 4dede822fc10498fa14fd7bd74253dd4 ee303adb9ed2454d9809ce65f1653fde - - default default] Unable to schedule network e6551978-b549-4aac-af8f-6e99462bc421: no agents available; will retry on subsequent port and subnet creation events.
2026-05-27 01:53:13.396 8 INFO neutron.plugins.ml2.drivers.ovn.mech_driver.mech_driver [None req-cd26fe67-4836-4c85-85bb-e812214098cf - - - - - -] OVN reports status down for port: 29451ff2-6592-4c9d-b2fa-8458e6d9a597
2026-05-27 01:53:13.514 8 INFO neutron.db.ovn_revision_numbers_db [None req-8995582f-65e1-4b14-b711-35dc5d722095 4dede822fc10498fa14fd7bd74253dd4 ee303adb9ed2454d9809ce65f1653fde - - default default] Successfully bumped revision number for resource 29451ff2-6592-4c9d-b2fa-8458e6d9a597 (type: ports) to 1 [pid: 8|app: 0|req: 824/1841] 10.0.0.71 () {34 vars in 664 bytes} [Wed May 27 01:53:12 2026] POST /v2.0/ports => generated 966 bytes in 882 msecs (HTTP/1.1 201) 4 headers in 162 bytes (1 switches on core 0) /var/lib/openstack/lib/python3.12/site-packages/pycadf/identifier.py:70: UserWarning: Invalid uuid: neutron. To ensure interoperability, identifiers should be a valid uuid. warnings.warn(('Invalid uuid: %s. To ensure interoperability, ' [pid: 7|app: 0|req: 1018/1842] 10.0.0.71 () {32 vars in 739 bytes} [Wed May 27 01:53:13 2026] DELETE /v2.0/security-groups/6e4f8412-6add-42f9-b177-b6b863ad782d => generated 0 bytes in 412 msecs (HTTP/1.1 204) 2 headers in 112 bytes (1 switches on core 0)
2026-05-27 01:53:13.869 7 INFO neutron_taas.services.taas.taas_plugin [None req-aad3304b-687b-4094-b289-0b90c2cf3421 4dede822fc10498fa14fd7bd74253dd4 ee303adb9ed2454d9809ce65f1653fde - - default default] TaaS: Handle Delete Port: 29451ff2-6592-4c9d-b2fa-8458e6d9a597
2026-05-27 01:53:13.873 7 INFO neutron_taas.services.taas.tap_mirror_plugin [None req-aad3304b-687b-4094-b289-0b90c2cf3421 4dede822fc10498fa14fd7bd74253dd4 ee303adb9ed2454d9809ce65f1653fde - - default default] Tap Mirror: Handle Delete Port: 29451ff2-6592-4c9d-b2fa-8458e6d9a597
2026-05-27 01:53:13.908 8 WARNING neutron.scheduler.dhcp_agent_scheduler [None req-cfca94dc-07b9-4664-80bb-0d716523fe04 0f224042462d4d0ca2246f10b9c88401 af72a864ac824d358548f42ba37ad4d9 - - default default] No more DHCP agents
2026-05-27 01:53:13.910 8 WARNING neutron.api.rpc.agentnotifiers.dhcp_rpc_agent_api [None req-cfca94dc-07b9-4664-80bb-0d716523fe04 0f224042462d4d0ca2246f10b9c88401 af72a864ac824d358548f42ba37ad4d9 - - default default] Unable to schedule network 03b33007-83ca-42c1-933b-53293103b235: no agents available; will retry on subsequent port and subnet creation events.
2026-05-27 01:53:13.994 8 INFO neutron.plugins.ml2.drivers.ovn.mech_driver.mech_driver [None req-cd26fe67-4836-4c85-85bb-e812214098cf - - - - - -] OVN reports status down for port: 354607a0-42c2-4226-8878-0d934c638d9f [pid: 7|app: 0|req: 1019/1843] 10.0.0.71 () {32 vars in 719 bytes} [Wed May 27 01:53:13 2026] DELETE /v2.0/ports/29451ff2-6592-4c9d-b2fa-8458e6d9a597 => generated 0 bytes in 508 msecs (HTTP/1.1 204) 3 headers in 131 bytes (1 switches on core 0)
2026-05-27 01:53:14.160 8 INFO neutron.db.ovn_revision_numbers_db [None req-cfca94dc-07b9-4664-80bb-0d716523fe04 0f224042462d4d0ca2246f10b9c88401 af72a864ac824d358548f42ba37ad4d9 - - default default] Successfully bumped revision number for resource 354607a0-42c2-4226-8878-0d934c638d9f (type: ports) to 1
2026-05-27 01:53:14.184 7 INFO neutron.pecan_wsgi.hooks.translation [None req-e654c0eb-8365-417e-ab41-12e8ae5dfb60 4dede822fc10498fa14fd7bd74253dd4 ee303adb9ed2454d9809ce65f1653fde - - default default] DELETE failed (client error): The resource could not be found. [pid: 7|app: 0|req: 1020/1844] 10.0.0.71 () {32 vars in 719 bytes} [Wed May 27 01:53:14 2026] DELETE /v2.0/ports/29451ff2-6592-4c9d-b2fa-8458e6d9a597 => generated 132 bytes in 23 msecs (HTTP/1.1 404) 4 headers in 164 bytes (1 switches on core 0)
2026-05-27 01:53:14.208 7 INFO neutron.pecan_wsgi.hooks.translation [None req-7c489cd8-9710-4b05-87ca-95ad9f09d726 4dede822fc10498fa14fd7bd74253dd4 ee303adb9ed2454d9809ce65f1653fde - - default default] GET failed (client error): The resource could not be found. [pid: 7|app: 0|req: 1021/1845] 10.0.0.71 () {32 vars in 716 bytes} [Wed May 27 01:53:14 2026] GET /v2.0/ports/29451ff2-6592-4c9d-b2fa-8458e6d9a597 => generated 132 bytes in 18 msecs (HTTP/1.1 404) 4 headers in 164 bytes (1 switches on core 0) [pid: 8|app: 0|req: 825/1846] 10.0.0.71 () {34 vars in 663 bytes} [Wed May 27 01:53:13 2026] POST /v2.0/ports => generated 743 bytes in 665 msecs (HTTP/1.1 201) 4 headers in 162 bytes (1 switches on core 0) /var/lib/openstack/lib/python3.12/site-packages/pycadf/identifier.py:70: UserWarning: Invalid uuid: neutron. To ensure interoperability, identifiers should be a valid uuid. warnings.warn(('Invalid uuid: %s. To ensure interoperability, ' [pid: 7|app: 0|req: 1022/1847] 10.0.0.71 () {32 vars in 723 bytes} [Wed May 27 01:53:14 2026] DELETE /v2.0/subnets/638fa5f0-4e22-4e03-91cd-35a38ff67081 => generated 0 bytes in 146 msecs (HTTP/1.1 204) 3 headers in 131 bytes (1 switches on core 0)
2026-05-27 01:53:14.375 8 INFO neutron.db.segments_db [None req-0671c569-1c53-4811-8563-9c2522602ffe 0f224042462d4d0ca2246f10b9c88401 af72a864ac824d358548f42ba37ad4d9 - - default default] Added segment 9c0d4732-e51d-4c7a-bf5b-ecca605b8762 of type geneve for network 5e55a369-a886-4bdb-b4ea-2271ab9316a9
2026-05-27 01:53:14.524 7 INFO neutron_taas.services.taas.taas_plugin [None req-a2ce0cc3-e67b-4008-849f-be2122450183 4dede822fc10498fa14fd7bd74253dd4 ee303adb9ed2454d9809ce65f1653fde - - default default] TaaS: Handle Delete Port: c70e281b-a70a-4dac-88aa-3f44a037fd56
2026-05-27 01:53:14.528 7 INFO neutron_taas.services.taas.tap_mirror_plugin [None req-a2ce0cc3-e67b-4008-849f-be2122450183 4dede822fc10498fa14fd7bd74253dd4 ee303adb9ed2454d9809ce65f1653fde - - default default] Tap Mirror: Handle Delete Port: c70e281b-a70a-4dac-88aa-3f44a037fd56
2026-05-27 01:53:14.534 8 INFO neutron.db.ovn_revision_numbers_db [None req-0671c569-1c53-4811-8563-9c2522602ffe 0f224042462d4d0ca2246f10b9c88401 af72a864ac824d358548f42ba37ad4d9 - - default default] Successfully bumped revision number for resource 5e55a369-a886-4bdb-b4ea-2271ab9316a9 (type: networks) to 1
2026-05-27 01:53:14.783 7 INFO neutron.services.segments.plugin [-] Segment 37e43a89-40a4-4d53-9555-3d255e13f1db resource provider aggregate not found
2026-05-27 01:53:14.792 7 INFO neutron.services.segments.plugin [-] Segment 37e43a89-40a4-4d53-9555-3d255e13f1db resource provider aggregate not found
2026-05-27 01:53:14.800 7 INFO neutron.services.segments.plugin [-] Segment 37e43a89-40a4-4d53-9555-3d255e13f1db resource provider not found; error: Placement Client Error (4xx): {"errors": [{"status": 404, "title": "Not Found", "detail": "The resource could not be found.\n\n No resource provider with uuid 37e43a89-40a4-4d53-9555-3d255e13f1db found for delete ", "request_id": "req-58f436f0-df8f-47b4-8d21-1510cf0f46a0"}]}
2026-05-27 01:53:14.801 8 WARNING neutron.scheduler.dhcp_agent_scheduler [None req-0671c569-1c53-4811-8563-9c2522602ffe 0f224042462d4d0ca2246f10b9c88401 af72a864ac824d358548f42ba37ad4d9 - - default default] No more DHCP agents
2026-05-27 01:53:14.804 8 WARNING neutron.api.rpc.agentnotifiers.dhcp_rpc_agent_api [None req-0671c569-1c53-4811-8563-9c2522602ffe 0f224042462d4d0ca2246f10b9c88401 af72a864ac824d358548f42ba37ad4d9 - - default default] Unable to schedule network 5e55a369-a886-4bdb-b4ea-2271ab9316a9: no agents available; will retry on subsequent port and subnet creation events.
2026-05-27 01:53:14.814 7 INFO neutron.services.segments.plugin [-] Segment 37e43a89-40a4-4d53-9555-3d255e13f1db resource provider not found; error: Placement Client Error (4xx): {"errors": [{"status": 404, "title": "Not Found", "detail": "The resource could not be found.\n\n No resource provider with uuid 37e43a89-40a4-4d53-9555-3d255e13f1db found for delete ", "request_id": "req-9ad62cb5-d129-49cd-ae6b-e692497879f2"}]}
2026-05-27 01:53:14.908 8 INFO neutron.plugins.ml2.drivers.ovn.mech_driver.mech_driver [None req-cd26fe67-4836-4c85-85bb-e812214098cf - - - - - -] OVN reports status down for port: 3e52b8fd-5b17-47dd-8c0c-152ade00735c [pid: 7|app: 0|req: 1023/1848] 10.0.0.71 () {32 vars in 725 bytes} [Wed May 27 01:53:14 2026] DELETE /v2.0/networks/e6551978-b549-4aac-af8f-6e99462bc421 => generated 0 bytes in 550 msecs (HTTP/1.1 204) 3 headers in 131 bytes (1 switches on core 0)
2026-05-27 01:53:14.977 8 INFO neutron.db.ovn_revision_numbers_db [None req-0671c569-1c53-4811-8563-9c2522602ffe 0f224042462d4d0ca2246f10b9c88401 af72a864ac824d358548f42ba37ad4d9 - - default default] Successfully bumped revision number for resource 3e52b8fd-5b17-47dd-8c0c-152ade00735c (type: ports) to 1 [pid: 8|app: 0|req: 826/1849] 10.0.0.71 () {34 vars in 669 bytes} [Wed May 27 01:53:14 2026] POST /v2.0/networks => generated 651 bytes in 730 msecs (HTTP/1.1 201) 4 headers in 162 bytes (1 switches on core 0)
2026-05-27 01:53:15.046 7 INFO neutron.db.segments_db [None req-cbb844d5-5fd5-499f-8325-96077d5e02ea 4dede822fc10498fa14fd7bd74253dd4 ee303adb9ed2454d9809ce65f1653fde - - default default] Added segment 7731e4b6-a8f2-45e5-bae7-fdee44a8fdbd of type geneve for network 3f443446-47b8-4f35-a176-f651d64b24c7
2026-05-27 01:53:15.175 7 INFO neutron.db.ovn_revision_numbers_db [None req-cbb844d5-5fd5-499f-8325-96077d5e02ea 4dede822fc10498fa14fd7bd74253dd4 ee303adb9ed2454d9809ce65f1653fde - - default default] Successfully bumped revision number for resource 3f443446-47b8-4f35-a176-f651d64b24c7 (type: networks) to 1
2026-05-27 01:53:15.302 8 WARNING neutron.scheduler.dhcp_agent_scheduler [None req-b1cbc069-51a1-409c-bb47-e761f484fd2c 0f224042462d4d0ca2246f10b9c88401 af72a864ac824d358548f42ba37ad4d9 - - default default] No more DHCP agents
2026-05-27 01:53:15.303 8 WARNING neutron.api.rpc.agentnotifiers.dhcp_rpc_agent_api [None req-b1cbc069-51a1-409c-bb47-e761f484fd2c 0f224042462d4d0ca2246f10b9c88401 af72a864ac824d358548f42ba37ad4d9 - - default default] Unable to schedule network 5e55a369-a886-4bdb-b4ea-2271ab9316a9: no agents available; will retry on subsequent port and subnet creation events.
2026-05-27 01:53:15.336 7 WARNING neutron.scheduler.dhcp_agent_scheduler [None req-cbb844d5-5fd5-499f-8325-96077d5e02ea 4dede822fc10498fa14fd7bd74253dd4 ee303adb9ed2454d9809ce65f1653fde - - default default] No more DHCP agents
2026-05-27 01:53:15.338 7 WARNING neutron.api.rpc.agentnotifiers.dhcp_rpc_agent_api [None req-cbb844d5-5fd5-499f-8325-96077d5e02ea 4dede822fc10498fa14fd7bd74253dd4 ee303adb9ed2454d9809ce65f1653fde - - default default] Unable to schedule network 3f443446-47b8-4f35-a176-f651d64b24c7: no agents available; will retry on subsequent port and subnet creation events.
2026-05-27 01:53:15.385 8 INFO neutron.plugins.ml2.drivers.ovn.mech_driver.mech_driver [None req-cd26fe67-4836-4c85-85bb-e812214098cf - - - - - -] OVN reports status down for port: 80fc9454-1ad8-4714-87e0-9394daabf860
2026-05-27 01:53:15.509 8 INFO neutron.db.ovn_revision_numbers_db [None req-b1cbc069-51a1-409c-bb47-e761f484fd2c 0f224042462d4d0ca2246f10b9c88401 af72a864ac824d358548f42ba37ad4d9 - - default default] Successfully bumped revision number for resource 80fc9454-1ad8-4714-87e0-9394daabf860 (type: ports) to 1
2026-05-27 01:53:15.587 7 INFO neutron.db.ovn_revision_numbers_db [None req-cbb844d5-5fd5-499f-8325-96077d5e02ea 4dede822fc10498fa14fd7bd74253dd4 ee303adb9ed2454d9809ce65f1653fde - - default default] Successfully bumped revision number for resource c617653d-bb4c-456c-b882-992989125e7c (type: ports) to 1 [pid: 7|app: 0|req: 1024/1850] 10.0.0.71 () {34 vars in 669 bytes} [Wed May 27 01:53:14 2026] POST /v2.0/networks => generated 654 bytes in 702 msecs (HTTP/1.1 201) 4 headers in 162 bytes (1 switches on core 0)
2026-05-27 01:53:15.658 8 INFO neutron.plugins.ml2.drivers.ovn.mech_driver.mech_driver [None req-cd26fe67-4836-4c85-85bb-e812214098cf - - - - - -] OVN reports status down for port: c617653d-bb4c-456c-b882-992989125e7c [pid: 8|app: 0|req: 827/1851] 10.0.0.71 () {34 vars in 663 bytes} [Wed May 27 01:53:15 2026] POST /v2.0/ports => generated 743 bytes in 666 msecs (HTTP/1.1 201) 4 headers in 162 bytes (1 switches on core 0) /var/lib/openstack/lib/python3.12/site-packages/pycadf/identifier.py:70: UserWarning: Invalid uuid: neutron. To ensure interoperability, identifiers should be a valid uuid. warnings.warn(('Invalid uuid: %s. To ensure interoperability, '
2026-05-27 01:53:15.899 8 WARNING neutron.scheduler.dhcp_agent_scheduler [None req-90712d21-630f-4efe-989a-30daea8446a7 4dede822fc10498fa14fd7bd74253dd4 ee303adb9ed2454d9809ce65f1653fde - - default default] No more DHCP agents
2026-05-27 01:53:15.901 8 WARNING neutron.api.rpc.agentnotifiers.dhcp_rpc_agent_api [None req-90712d21-630f-4efe-989a-30daea8446a7 4dede822fc10498fa14fd7bd74253dd4 ee303adb9ed2454d9809ce65f1653fde - - default default] Unable to schedule network 3f443446-47b8-4f35-a176-f651d64b24c7: no agents available; will retry on subsequent port and subnet creation events.
2026-05-27 01:53:15.969 7 INFO neutron.db.ovn_revision_numbers_db [None req-7f49466e-27ac-47b0-95fa-0af809519504 13821f91af61444a8725f668f94f2ba2 2607af5dce24421ab83c96d63740f126 - - default default] Successfully bumped revision number for resource 0984ac2a-5e60-402a-9544-155361663bc7 (type: security_groups) to 1
2026-05-27 01:53:15.986 7 INFO neutron.db.ovn_revision_numbers_db [None req-7f49466e-27ac-47b0-95fa-0af809519504 13821f91af61444a8725f668f94f2ba2 2607af5dce24421ab83c96d63740f126 - - default default] Successfully bumped revision number for resource 1eb09667-943c-455d-9e43-4456c028e05e (type: security_group_rules) to 0
2026-05-27 01:53:15.998 7 INFO neutron.db.ovn_revision_numbers_db [None req-7f49466e-27ac-47b0-95fa-0af809519504 13821f91af61444a8725f668f94f2ba2 2607af5dce24421ab83c96d63740f126 - - default default] Successfully bumped revision number for resource 2a11bdf4-09cf-41d3-9390-fe42c6add47d (type: security_group_rules) to 0
2026-05-27 01:53:15.999 8 INFO neutron.db.ovn_revision_numbers_db [None req-90712d21-630f-4efe-989a-30daea8446a7 4dede822fc10498fa14fd7bd74253dd4 ee303adb9ed2454d9809ce65f1653fde - - default default] Successfully bumped revision number for resource d547012c-545d-4ca0-b1d8-4be9157bf464 (type: subnets) to 0
2026-05-27 01:53:16.012 7 INFO neutron.db.ovn_revision_numbers_db [None req-7f49466e-27ac-47b0-95fa-0af809519504 13821f91af61444a8725f668f94f2ba2 2607af5dce24421ab83c96d63740f126 - - default default] Successfully bumped revision number for resource b9d0646f-14d3-46e4-9ba6-229848bbeec7 (type: security_group_rules) to 0 [pid: 8|app: 0|req: 828/1852] 10.0.0.71 () {34 vars in 668 bytes} [Wed May 27 01:53:15 2026] POST /v2.0/subnets => generated 646 bytes in 327 msecs (HTTP/1.1 201) 4 headers in 162 bytes (1 switches on core 0)
2026-05-27 01:53:16.030 7 INFO neutron.db.ovn_revision_numbers_db [None req-7f49466e-27ac-47b0-95fa-0af809519504 13821f91af61444a8725f668f94f2ba2 2607af5dce24421ab83c96d63740f126 - - default default] Successfully bumped revision number for resource e8ef43dc-35c3-48d2-bda4-02dfbf7919ff (type: security_group_rules) to 0
2026-05-27 01:53:16.097 7 INFO neutron.db.segments_db [None req-7f49466e-27ac-47b0-95fa-0af809519504 13821f91af61444a8725f668f94f2ba2 2607af5dce24421ab83c96d63740f126 - - default default] Added segment c1df7222-5956-4d16-85ad-878ccde1d34e of type geneve for network 30ffe094-14ed-4322-ba8b-729676d4cd70
2026-05-27 01:53:16.107 8 INFO neutron.db.segments_db [None req-1a4723db-61f4-4e2d-a85a-fa2beaf39f88 0f224042462d4d0ca2246f10b9c88401 af72a864ac824d358548f42ba37ad4d9 - - default default] Added segment f9fcbf95-f6eb-439d-9761-17fd593261a4 of type geneve for network 72b86510-4dea-4745-89e2-7a22fabbf849
2026-05-27 01:53:16.238 7 INFO neutron.db.ovn_revision_numbers_db [None req-7f49466e-27ac-47b0-95fa-0af809519504 13821f91af61444a8725f668f94f2ba2 2607af5dce24421ab83c96d63740f126 - - default default] Successfully bumped revision number for resource 30ffe094-14ed-4322-ba8b-729676d4cd70 (type: networks) to 1
2026-05-27 01:53:16.241 8 INFO neutron.db.ovn_revision_numbers_db [None req-1a4723db-61f4-4e2d-a85a-fa2beaf39f88 0f224042462d4d0ca2246f10b9c88401 af72a864ac824d358548f42ba37ad4d9 - - default default] Successfully bumped revision number for resource 72b86510-4dea-4745-89e2-7a22fabbf849 (type: networks) to 1
2026-05-27 01:53:16.394 7 WARNING neutron.scheduler.dhcp_agent_scheduler [None req-7f49466e-27ac-47b0-95fa-0af809519504 13821f91af61444a8725f668f94f2ba2 2607af5dce24421ab83c96d63740f126 - - default default] No more DHCP agents
2026-05-27 01:53:16.395 7 WARNING neutron.api.rpc.agentnotifiers.dhcp_rpc_agent_api [None req-7f49466e-27ac-47b0-95fa-0af809519504 13821f91af61444a8725f668f94f2ba2 2607af5dce24421ab83c96d63740f126 - - default default] Unable to schedule network 30ffe094-14ed-4322-ba8b-729676d4cd70: no agents available; will retry on subsequent port and subnet creation events.
2026-05-27 01:53:16.421 8 WARNING neutron.scheduler.dhcp_agent_scheduler [None req-1a4723db-61f4-4e2d-a85a-fa2beaf39f88 0f224042462d4d0ca2246f10b9c88401 af72a864ac824d358548f42ba37ad4d9 - - default default] No more DHCP agents
2026-05-27 01:53:16.423 8 WARNING neutron.api.rpc.agentnotifiers.dhcp_rpc_agent_api [None req-1a4723db-61f4-4e2d-a85a-fa2beaf39f88 0f224042462d4d0ca2246f10b9c88401 af72a864ac824d358548f42ba37ad4d9 - - default default] Unable to schedule network 72b86510-4dea-4745-89e2-7a22fabbf849: no agents available; will retry on subsequent port and subnet creation events.
2026-05-27 01:53:16.505 8 INFO neutron.plugins.ml2.drivers.ovn.mech_driver.mech_driver [None req-cd26fe67-4836-4c85-85bb-e812214098cf - - - - - -] OVN reports status down for port: 5f5f7149-3a8b-461b-9718-20721f39698b
2026-05-27 01:53:16.521 7 INFO neutron.db.ovn_revision_numbers_db [None req-7f49466e-27ac-47b0-95fa-0af809519504 13821f91af61444a8725f668f94f2ba2 2607af5dce24421ab83c96d63740f126 - - default default] Successfully bumped revision number for resource 5f5f7149-3a8b-461b-9718-20721f39698b (type: ports) to 1 [pid: 7|app: 0|req: 1025/1853] 10.0.0.71 () {34 vars in 670 bytes} [Wed May 27 01:53:15 2026] POST /v2.0/networks => generated 768 bytes in 940 msecs (HTTP/1.1 201) 4 headers in 162 bytes (1 switches on core 0)
2026-05-27 01:53:16.680 8 INFO neutron.plugins.ml2.drivers.ovn.mech_driver.mech_driver [None req-cd26fe67-4836-4c85-85bb-e812214098cf - - - - - -] OVN reports status down for port: f9e1b685-cec8-4b25-a682-dab3ceae15f5
2026-05-27 01:53:16.706 8 INFO neutron.db.ovn_revision_numbers_db [None req-1a4723db-61f4-4e2d-a85a-fa2beaf39f88 0f224042462d4d0ca2246f10b9c88401 af72a864ac824d358548f42ba37ad4d9 - - default default] Successfully bumped revision number for resource f9e1b685-cec8-4b25-a682-dab3ceae15f5 (type: ports) to 1 [pid: 8|app: 0|req: 829/1854] 10.0.0.71 () {34 vars in 669 bytes} [Wed May 27 01:53:16 2026] POST /v2.0/networks => generated 651 bytes in 728 msecs (HTTP/1.1 201) 4 headers in 162 bytes (1 switches on core 0)
2026-05-27 01:53:16.887 7 WARNING neutron.scheduler.dhcp_agent_scheduler [None req-82694c2e-ccc1-4548-9ebc-e9962ae21b57 4dede822fc10498fa14fd7bd74253dd4 ee303adb9ed2454d9809ce65f1653fde - - default default] No more DHCP agents
2026-05-27 01:53:16.889 7 WARNING neutron.api.rpc.agentnotifiers.dhcp_rpc_agent_api [None req-82694c2e-ccc1-4548-9ebc-e9962ae21b57 4dede822fc10498fa14fd7bd74253dd4 ee303adb9ed2454d9809ce65f1653fde - - default default] Unable to schedule network 3f443446-47b8-4f35-a176-f651d64b24c7: no agents available; will retry on subsequent port and subnet creation events.
2026-05-27 01:53:16.926 8 WARNING neutron.scheduler.dhcp_agent_scheduler [None req-608754e9-f874-43e9-9ce3-fac556c4db9d 13821f91af61444a8725f668f94f2ba2 2607af5dce24421ab83c96d63740f126 - - default default] No more DHCP agents
2026-05-27 01:53:16.927 8 WARNING neutron.api.rpc.agentnotifiers.dhcp_rpc_agent_api [None req-608754e9-f874-43e9-9ce3-fac556c4db9d 13821f91af61444a8725f668f94f2ba2 2607af5dce24421ab83c96d63740f126 - - default default] Unable to schedule network 30ffe094-14ed-4322-ba8b-729676d4cd70: no agents available; will retry on subsequent port and subnet creation events.
2026-05-27 01:53:17.030 8 INFO neutron.plugins.ml2.drivers.ovn.mech_driver.mech_driver [None req-cd26fe67-4836-4c85-85bb-e812214098cf - - - - - -] OVN reports status down for port: 11294f3b-c2dc-475c-b66a-83da4c85f4ff
2026-05-27 01:53:17.140 7 INFO neutron.db.ovn_revision_numbers_db [None req-82694c2e-ccc1-4548-9ebc-e9962ae21b57 4dede822fc10498fa14fd7bd74253dd4 ee303adb9ed2454d9809ce65f1653fde - - default default] Successfully bumped revision number for resource 11294f3b-c2dc-475c-b66a-83da4c85f4ff (type: ports) to 1 [pid: 7|app: 0|req: 1026/1855] 10.0.0.71 () {34 vars in 664 bytes} [Wed May 27 01:53:16 2026] POST /v2.0/ports => generated 928 bytes in 766 msecs (HTTP/1.1 201) 4 headers in 162 bytes (1 switches on core 0)
2026-05-27 01:53:17.595 7 WARNING neutron.scheduler.dhcp_agent_scheduler [None req-0052bbdf-7211-43a2-90e7-721931cc5051 0f224042462d4d0ca2246f10b9c88401 af72a864ac824d358548f42ba37ad4d9 - - default default] No more DHCP agents
2026-05-27 01:53:17.598 7 WARNING neutron.api.rpc.agentnotifiers.dhcp_rpc_agent_api [None req-0052bbdf-7211-43a2-90e7-721931cc5051 0f224042462d4d0ca2246f10b9c88401 af72a864ac824d358548f42ba37ad4d9 - - default default] Unable to schedule network 72b86510-4dea-4745-89e2-7a22fabbf849: no agents available; will retry on subsequent port and subnet creation events.
2026-05-27 01:53:17.632 8 INFO neutron.db.ovn_revision_numbers_db [None req-0ead82b8-7e42-4767-8017-924594f53727 - - - - - -] Successfully bumped revision number for resource 5f5f7149-3a8b-461b-9718-20721f39698b (type: ports) to 2
2026-05-27 01:53:17.702 8 INFO neutron.db.ovn_revision_numbers_db [None req-0ead82b8-7e42-4767-8017-924594f53727 - - - - - -] Successfully bumped revision number for resource 3d4583fa-8ae3-4f95-9561-64eda38f2ed2 (type: subnets) to 0
2026-05-27 01:53:17.714 8 INFO neutron.plugins.ml2.drivers.ovn.mech_driver.mech_driver [None req-cd26fe67-4836-4c85-85bb-e812214098cf - - - - - -] OVN reports status down for port: 9c2bb8c4-474b-4250-9b37-41dc68fd260b [pid: 8|app: 0|req: 830/1856] 10.0.0.71 () {34 vars in 668 bytes} [Wed May 27 01:53:16 2026] POST /v2.0/subnets => generated 693 bytes in 980 msecs (HTTP/1.1 201) 4 headers in 162 bytes (1 switches on core 0)
2026-05-27 01:53:17.758 7 INFO neutron.db.ovn_revision_numbers_db [None req-0052bbdf-7211-43a2-90e7-721931cc5051 0f224042462d4d0ca2246f10b9c88401 af72a864ac824d358548f42ba37ad4d9 - - default default] Successfully bumped revision number for resource 9c2bb8c4-474b-4250-9b37-41dc68fd260b (type: ports) to 1 [pid: 7|app: 0|req: 1027/1857] 10.0.0.71 () {34 vars in 663 bytes} [Wed May 27 01:53:17 2026] POST /v2.0/ports => generated 743 bytes in 478 msecs (HTTP/1.1 201) 4 headers in 162 bytes (1 switches on core 0) /var/lib/openstack/lib/python3.12/site-packages/pycadf/identifier.py:70: UserWarning: Invalid uuid: neutron. To ensure interoperability, identifiers should be a valid uuid. warnings.warn(('Invalid uuid: %s. To ensure interoperability, '
2026-05-27 01:53:17.936 7 INFO neutron_taas.services.taas.taas_plugin [None req-929e3c42-9b18-4d37-a5fb-679bfb5e6bc3 4dede822fc10498fa14fd7bd74253dd4 ee303adb9ed2454d9809ce65f1653fde - - default default] TaaS: Handle Delete Port: 11294f3b-c2dc-475c-b66a-83da4c85f4ff
2026-05-27 01:53:17.940 7 INFO neutron_taas.services.taas.tap_mirror_plugin [None req-929e3c42-9b18-4d37-a5fb-679bfb5e6bc3 4dede822fc10498fa14fd7bd74253dd4 ee303adb9ed2454d9809ce65f1653fde - - default default] Tap Mirror: Handle Delete Port: 11294f3b-c2dc-475c-b66a-83da4c85f4ff
2026-05-27 01:53:18.088 8 INFO neutron.db.ovn_revision_numbers_db [None req-ca350515-ae32-4121-8318-49f2545fc241 e500d01343b549e49a93aca51baea104 427e229977114e80a0cdad086e431ac8 - - default default] Successfully bumped revision number for resource 8cf75ef2-e6c1-4e2b-9560-6c649f28588a (type: security_groups) to 1
2026-05-27 01:53:18.135 8 INFO neutron.db.ovn_revision_numbers_db [None req-ca350515-ae32-4121-8318-49f2545fc241 e500d01343b549e49a93aca51baea104 427e229977114e80a0cdad086e431ac8 - - default default] Successfully bumped revision number for resource 759dcaea-0025-4130-b5cd-52adabf5b4d1 (type: security_group_rules) to 0 [pid: 7|app: 0|req: 1028/1858] 10.0.0.71 () {32 vars in 719 bytes} [Wed May 27 01:53:17 2026] DELETE /v2.0/ports/11294f3b-c2dc-475c-b66a-83da4c85f4ff => generated 0 bytes in 335 msecs (HTTP/1.1 204) 3 headers in 131 bytes (1 switches on core 0)
2026-05-27 01:53:18.151 8 INFO neutron.db.ovn_revision_numbers_db [None req-ca350515-ae32-4121-8318-49f2545fc241 e500d01343b549e49a93aca51baea104 427e229977114e80a0cdad086e431ac8 - - default default] Successfully bumped revision number for resource b39858b9-1ae2-428b-9d0f-3f40a0fe6b0c (type: security_group_rules) to 0
2026-05-27 01:53:18.165 8 INFO neutron.db.ovn_revision_numbers_db [None req-ca350515-ae32-4121-8318-49f2545fc241 e500d01343b549e49a93aca51baea104 427e229977114e80a0cdad086e431ac8 - - default default] Successfully bumped revision number for resource de7fd8dd-915c-44b8-b33b-c0196cfa1c79 (type: security_group_rules) to 0
2026-05-27 01:53:18.182 8 INFO neutron.db.ovn_revision_numbers_db [None req-ca350515-ae32-4121-8318-49f2545fc241 e500d01343b549e49a93aca51baea104 427e229977114e80a0cdad086e431ac8 - - default default] Successfully bumped revision number for resource f4dd8ec0-e98d-498b-83e6-872cf8095e44 (type: security_group_rules) to 0
2026-05-27 01:53:18.274 8 INFO neutron.db.segments_db [None req-ca350515-ae32-4121-8318-49f2545fc241 e500d01343b549e49a93aca51baea104 427e229977114e80a0cdad086e431ac8 - - default default] Added segment 041a5109-718a-4882-8c05-a5b5a1b786bb of type geneve for network ba7a5c32-9366-4e28-aaa4-358208c606b4
2026-05-27 01:53:18.408 8 INFO neutron.db.ovn_revision_numbers_db [None req-ca350515-ae32-4121-8318-49f2545fc241 e500d01343b549e49a93aca51baea104 427e229977114e80a0cdad086e431ac8 - - default default] Successfully bumped revision number for resource ba7a5c32-9366-4e28-aaa4-358208c606b4 (type: networks) to 1
2026-05-27 01:53:18.570 8 WARNING neutron.scheduler.dhcp_agent_scheduler [None req-ca350515-ae32-4121-8318-49f2545fc241 e500d01343b549e49a93aca51baea104 427e229977114e80a0cdad086e431ac8 - - default default] No more DHCP agents
2026-05-27 01:53:18.572 8 WARNING neutron.api.rpc.agentnotifiers.dhcp_rpc_agent_api [None req-ca350515-ae32-4121-8318-49f2545fc241 e500d01343b549e49a93aca51baea104 427e229977114e80a0cdad086e431ac8 - - default default] Unable to schedule network ba7a5c32-9366-4e28-aaa4-358208c606b4: no agents available; will retry on subsequent port and subnet creation events.
2026-05-27 01:53:18.586 7 WARNING neutron.scheduler.dhcp_agent_scheduler [None req-d6718020-fb0a-469e-8d63-788e53e20fc8 13821f91af61444a8725f668f94f2ba2 2607af5dce24421ab83c96d63740f126 - - default default] No more DHCP agents
2026-05-27 01:53:18.587 7 WARNING neutron.api.rpc.agentnotifiers.dhcp_rpc_agent_api [None req-d6718020-fb0a-469e-8d63-788e53e20fc8 13821f91af61444a8725f668f94f2ba2 2607af5dce24421ab83c96d63740f126 - - default default] Unable to schedule network 87616be2-5ffd-44b7-9960-7ce717dd68ca: no agents available; will retry on subsequent port and subnet creation events.
2026-05-27 01:53:18.646 8 INFO neutron.plugins.ml2.drivers.ovn.mech_driver.mech_driver [None req-cd26fe67-4836-4c85-85bb-e812214098cf - - - - - -] OVN reports status down for port: 5a5b7a5f-16e5-4409-a382-5a18fad920f9
2026-05-27 01:53:18.705 8 INFO neutron.db.ovn_revision_numbers_db [None req-ca350515-ae32-4121-8318-49f2545fc241 e500d01343b549e49a93aca51baea104 427e229977114e80a0cdad086e431ac8 - - default default] Successfully bumped revision number for resource 5a5b7a5f-16e5-4409-a382-5a18fad920f9 (type: ports) to 1 [pid: 8|app: 0|req: 831/1859] 10.0.0.71 () {34 vars in 669 bytes} [Wed May 27 01:53:17 2026] POST /v2.0/networks => generated 650 bytes in 1048 msecs (HTTP/1.1 201) 4 headers in 162 bytes (1 switches on core 0)
2026-05-27 01:53:18.830 7 INFO neutron.db.ovn_revision_numbers_db [None req-d6718020-fb0a-469e-8d63-788e53e20fc8 13821f91af61444a8725f668f94f2ba2 2607af5dce24421ab83c96d63740f126 - - default default] Successfully bumped revision number for resource 154b9fb3-ac3f-4af0-9dd2-c1dd4cd79933 (type: ports) to 1
2026-05-27 01:53:18.834 8 INFO neutron.plugins.ml2.drivers.ovn.mech_driver.mech_driver [None req-cd26fe67-4836-4c85-85bb-e812214098cf - - - - - -] OVN reports status down for port: 154b9fb3-ac3f-4af0-9dd2-c1dd4cd79933
2026-05-27 01:53:18.900 8 INFO neutron.db.segments_db [None req-3ba6a4ec-4bb4-4ce9-9a37-1ea715ec9c0d 0f224042462d4d0ca2246f10b9c88401 af72a864ac824d358548f42ba37ad4d9 - - default default] Added segment 06c8caa8-5279-4d77-a01e-d02bcbbaea07 of type geneve for network 1ad4d11e-191e-4584-9564-1b9c0f4184bc
2026-05-27 01:53:19.026 8 INFO neutron.db.ovn_revision_numbers_db [None req-3ba6a4ec-4bb4-4ce9-9a37-1ea715ec9c0d 0f224042462d4d0ca2246f10b9c88401 af72a864ac824d358548f42ba37ad4d9 - - default default] Successfully bumped revision number for resource 1ad4d11e-191e-4584-9564-1b9c0f4184bc (type: networks) to 1
2026-05-27 01:53:19.179 8 WARNING neutron.scheduler.dhcp_agent_scheduler [None req-3ba6a4ec-4bb4-4ce9-9a37-1ea715ec9c0d 0f224042462d4d0ca2246f10b9c88401 af72a864ac824d358548f42ba37ad4d9 - - default default] No more DHCP agents
2026-05-27 01:53:19.181 8 WARNING neutron.api.rpc.agentnotifiers.dhcp_rpc_agent_api [None req-3ba6a4ec-4bb4-4ce9-9a37-1ea715ec9c0d 0f224042462d4d0ca2246f10b9c88401 af72a864ac824d358548f42ba37ad4d9 - - default default] Unable to schedule network 1ad4d11e-191e-4584-9564-1b9c0f4184bc: no agents available; will retry on subsequent port and subnet creation events.
2026-05-27 01:53:19.250 8 INFO neutron.plugins.ml2.drivers.ovn.mech_driver.mech_driver [None req-cd26fe67-4836-4c85-85bb-e812214098cf - - - - - -] OVN reports status down for port: 467586aa-24d3-4d9c-bfc9-3370e938c0c4
2026-05-27 01:53:19.335 8 INFO neutron.db.ovn_revision_numbers_db [None req-3ba6a4ec-4bb4-4ce9-9a37-1ea715ec9c0d 0f224042462d4d0ca2246f10b9c88401 af72a864ac824d358548f42ba37ad4d9 - - default default] Successfully bumped revision number for resource 467586aa-24d3-4d9c-bfc9-3370e938c0c4 (type: ports) to 1 [pid: 8|app: 0|req: 832/1860] 10.0.0.71 () {34 vars in 669 bytes} [Wed May 27 01:53:18 2026] POST /v2.0/networks => generated 651 bytes in 588 msecs (HTTP/1.1 201) 4 headers in 162 bytes (1 switches on core 0)
2026-05-27 01:53:19.402 8 INFO neutron.pecan_wsgi.hooks.translation [None req-88d9c0a9-09b8-4776-b37f-933f15fcd515 4dede822fc10498fa14fd7bd74253dd4 ee303adb9ed2454d9809ce65f1653fde - - default default] GET failed (client error): The resource could not be found. [pid: 8|app: 0|req: 833/1861] 10.0.0.71 () {32 vars in 716 bytes} [Wed May 27 01:53:19 2026] GET /v2.0/ports/11294f3b-c2dc-475c-b66a-83da4c85f4ff => generated 132 bytes in 39 msecs (HTTP/1.1 404) 4 headers in 164 bytes (1 switches on core 0)
2026-05-27 01:53:19.514 7 INFO neutron.plugins.ml2.drivers.ovn.mech_driver.ovsdb.commands [-] Schedule LRP lrp-154b9fb3-ac3f-4af0-9dd2-c1dd4cd79933 on gateway f7a46a8a-f44c-4903-8439-49386e27cf8d with priority 1
2026-05-27 01:53:19.679 8 INFO neutron.plugins.ml2.drivers.ovn.mech_driver.ovsdb.ovsdb_monitor [None req-7821d564-d8c1-4342-932f-13c8f18a07e8 - - - - - -] Router 9dbe9b7b-c848-4cfe-b466-dbc5092f9f5c is bound to host instance
2026-05-27 01:53:19.700 7 INFO neutron.db.ovn_revision_numbers_db [None req-d6718020-fb0a-469e-8d63-788e53e20fc8 13821f91af61444a8725f668f94f2ba2 2607af5dce24421ab83c96d63740f126 - - default default] Successfully bumped revision number for resource 154b9fb3-ac3f-4af0-9dd2-c1dd4cd79933 (type: router_ports) to 1
2026-05-27 01:53:19.740 8 INFO neutron.plugins.ml2.drivers.ovn.mech_driver.mech_driver [None req-cd26fe67-4836-4c85-85bb-e812214098cf - - - - - -] OVN reports status up for port: 154b9fb3-ac3f-4af0-9dd2-c1dd4cd79933
2026-05-27 01:53:19.774 7 INFO neutron.db.ovn_revision_numbers_db [None req-d6718020-fb0a-469e-8d63-788e53e20fc8 13821f91af61444a8725f668f94f2ba2 2607af5dce24421ab83c96d63740f126 - - default default] Successfully bumped revision number for resource 9dbe9b7b-c848-4cfe-b466-dbc5092f9f5c (type: routers) to 2 [pid: 7|app: 0|req: 1029/1862] 10.0.0.71 () {34 vars in 668 bytes} [Wed May 27 01:53:18 2026] POST /v2.0/routers => generated 971 bytes in 1645 msecs (HTTP/1.1 201) 4 headers in 162 bytes (1 switches on core 0)
2026-05-27 01:53:19.854 8 INFO neutron.plugins.ml2.plugin [None req-cd26fe67-4836-4c85-85bb-e812214098cf - - - - - -] Attempt 1 to provision port 154b9fb3-ac3f-4af0-9dd2-c1dd4cd79933
2026-05-27 01:53:20.019 7 WARNING neutron.scheduler.dhcp_agent_scheduler [None req-19373381-d5cf-4af4-9098-ad64f3914710 0f224042462d4d0ca2246f10b9c88401 af72a864ac824d358548f42ba37ad4d9 - - default default] No more DHCP agents
2026-05-27 01:53:20.020 7 WARNING neutron.api.rpc.agentnotifiers.dhcp_rpc_agent_api [None req-19373381-d5cf-4af4-9098-ad64f3914710 0f224042462d4d0ca2246f10b9c88401 af72a864ac824d358548f42ba37ad4d9 - - default default] Unable to schedule network 1ad4d11e-191e-4584-9564-1b9c0f4184bc: no agents available; will retry on subsequent port and subnet creation events.
2026-05-27 01:53:20.020 8 WARNING neutron.scheduler.dhcp_agent_scheduler [None req-cee14e7e-6ccb-4782-a3c8-d6f745b22ead e500d01343b549e49a93aca51baea104 427e229977114e80a0cdad086e431ac8 - - default default] No more DHCP agents
2026-05-27 01:53:20.035 8 WARNING neutron.api.rpc.agentnotifiers.dhcp_rpc_agent_api [None req-cee14e7e-6ccb-4782-a3c8-d6f745b22ead e500d01343b549e49a93aca51baea104 427e229977114e80a0cdad086e431ac8 - - default default] Unable to schedule network ba7a5c32-9366-4e28-aaa4-358208c606b4: no agents available; will retry on subsequent port and subnet creation events.
2026-05-27 01:53:20.156 7 INFO neutron.db.ovn_revision_numbers_db [None req-19373381-d5cf-4af4-9098-ad64f3914710 0f224042462d4d0ca2246f10b9c88401 af72a864ac824d358548f42ba37ad4d9 - - default default] Successfully bumped revision number for resource 3173253d-f0f1-4549-a5f7-ac986b8b8013 (type: ports) to 1 [pid: 7|app: 0|req: 1030/1863] 10.0.0.71 () {34 vars in 663 bytes} [Wed May 27 01:53:19 2026] POST /v2.0/ports => generated 743 bytes in 412 msecs (HTTP/1.1 201) 4 headers in 162 bytes (1 switches on core 0) /var/lib/openstack/lib/python3.12/site-packages/pycadf/identifier.py:70: UserWarning: Invalid uuid: neutron. To ensure interoperability, identifiers should be a valid uuid. warnings.warn(('Invalid uuid: %s. To ensure interoperability, ' [pid: 7|app: 0|req: 1031/1864] 10.0.0.71 () {32 vars in 723 bytes} [Wed May 27 01:53:20 2026] DELETE /v2.0/subnets/d547012c-545d-4ca0-b1d8-4be9157bf464 => generated 0 bytes in 215 msecs (HTTP/1.1 204) 3 headers in 131 bytes (1 switches on core 0)
2026-05-27 01:53:20.507 8 INFO neutron.db.ovn_revision_numbers_db [None req-cee14e7e-6ccb-4782-a3c8-d6f745b22ead e500d01343b549e49a93aca51baea104 427e229977114e80a0cdad086e431ac8 - - default default] Successfully bumped revision number for resource 9241b5a9-8726-4cb5-86e8-7e92bcfb6113 (type: ports) to 1 [pid: 8|app: 0|req: 834/1865] 10.0.0.71 () {34 vars in 663 bytes} [Wed May 27 01:53:19 2026] POST /v2.0/ports => generated 743 bytes in 1255 msecs (HTTP/1.1 201) 4 headers in 162 bytes (1 switches on core 0) /var/lib/openstack/lib/python3.12/site-packages/pycadf/identifier.py:70: UserWarning: Invalid uuid: neutron. To ensure interoperability, identifiers should be a valid uuid. warnings.warn(('Invalid uuid: %s. To ensure interoperability, '
2026-05-27 01:53:20.790 8 INFO neutron.db.segments_db [None req-1dab267b-86f3-42c1-bce8-dab15c98c842 0f224042462d4d0ca2246f10b9c88401 af72a864ac824d358548f42ba37ad4d9 - - default default] Added segment bad16d85-bfcc-49b5-813d-47b671e94c85 of type geneve for network 87026225-ac77-4ea5-a3e4-191e0ea804c0
2026-05-27 01:53:20.868 7 WARNING neutron.scheduler.dhcp_agent_scheduler [None req-bcef08fa-193c-4e31-bde1-8b376187d29e 13821f91af61444a8725f668f94f2ba2 2607af5dce24421ab83c96d63740f126 - - default default] No more DHCP agents
2026-05-27 01:53:20.869 7 WARNING neutron.api.rpc.agentnotifiers.dhcp_rpc_agent_api [None req-bcef08fa-193c-4e31-bde1-8b376187d29e 13821f91af61444a8725f668f94f2ba2 2607af5dce24421ab83c96d63740f126 - - default default] Unable to schedule network 30ffe094-14ed-4322-ba8b-729676d4cd70: no agents available; will retry on subsequent port and subnet creation events.
2026-05-27 01:53:21.013 8 INFO neutron.db.ovn_revision_numbers_db [None req-1dab267b-86f3-42c1-bce8-dab15c98c842 0f224042462d4d0ca2246f10b9c88401 af72a864ac824d358548f42ba37ad4d9 - - default default] Successfully bumped revision number for resource 87026225-ac77-4ea5-a3e4-191e0ea804c0 (type: networks) to 1
2026-05-27 01:53:21.074 7 INFO neutron.db.ovn_revision_numbers_db [None req-bcef08fa-193c-4e31-bde1-8b376187d29e 13821f91af61444a8725f668f94f2ba2 2607af5dce24421ab83c96d63740f126 - - default default] Successfully bumped revision number for resource 8c46dade-a805-4953-bfea-b6cf31dbd079 (type: ports) to 1
2026-05-27 01:53:21.370 8 WARNING neutron.scheduler.dhcp_agent_scheduler [None req-1dab267b-86f3-42c1-bce8-dab15c98c842 0f224042462d4d0ca2246f10b9c88401 af72a864ac824d358548f42ba37ad4d9 - - default default] No more DHCP agents
2026-05-27 01:53:21.380 8 WARNING neutron.api.rpc.agentnotifiers.dhcp_rpc_agent_api [None req-1dab267b-86f3-42c1-bce8-dab15c98c842 0f224042462d4d0ca2246f10b9c88401 af72a864ac824d358548f42ba37ad4d9 - - default default] Unable to schedule network 87026225-ac77-4ea5-a3e4-191e0ea804c0: no agents available; will retry on subsequent port and subnet creation events.
2026-05-27 01:53:21.422 8 INFO neutron.db.ovn_revision_numbers_db [None req-4e1fc206-692b-461f-98d4-4a46accdbbbd - - - - - -] Successfully bumped revision number for resource 154b9fb3-ac3f-4af0-9dd2-c1dd4cd79933 (type: ports) to 4
2026-05-27 01:53:21.667 8 INFO neutron.db.ovn_revision_numbers_db [None req-1dab267b-86f3-42c1-bce8-dab15c98c842 0f224042462d4d0ca2246f10b9c88401 af72a864ac824d358548f42ba37ad4d9 - - default default] Successfully bumped revision number for resource a4cd96e6-f2f7-49ab-874b-79039534601c (type: ports) to 1 [pid: 8|app: 0|req: 835/1866] 10.0.0.71 () {34 vars in 669 bytes} [Wed May 27 01:53:20 2026] POST /v2.0/networks => generated 650 bytes in 1040 msecs (HTTP/1.1 201) 4 headers in 162 bytes (1 switches on core 0)
2026-05-27 01:53:21.875 7 WARNING neutron.scheduler.dhcp_agent_scheduler [None req-bcef08fa-193c-4e31-bde1-8b376187d29e 13821f91af61444a8725f668f94f2ba2 2607af5dce24421ab83c96d63740f126 - - default default] No more DHCP agents
2026-05-27 01:53:21.877 7 WARNING neutron.api.rpc.agentnotifiers.dhcp_rpc_agent_api [None req-bcef08fa-193c-4e31-bde1-8b376187d29e 13821f91af61444a8725f668f94f2ba2 2607af5dce24421ab83c96d63740f126 - - default default] Unable to schedule network 30ffe094-14ed-4322-ba8b-729676d4cd70: no agents available; will retry on subsequent port and subnet creation events.
2026-05-27 01:53:21.924 8 INFO neutron_taas.services.taas.taas_plugin [None req-dd48be96-241a-43f7-80fa-a7adc9a7c484 4dede822fc10498fa14fd7bd74253dd4 ee303adb9ed2454d9809ce65f1653fde - - default default] TaaS: Handle Delete Port: c617653d-bb4c-456c-b882-992989125e7c
2026-05-27 01:53:21.942 8 INFO neutron_taas.services.taas.tap_mirror_plugin [None req-dd48be96-241a-43f7-80fa-a7adc9a7c484 4dede822fc10498fa14fd7bd74253dd4 ee303adb9ed2454d9809ce65f1653fde - - default default] Tap Mirror: Handle Delete Port: c617653d-bb4c-456c-b882-992989125e7c
2026-05-27 01:53:22.088 8 INFO neutron.db.ovn_revision_numbers_db [None req-4e1fc206-692b-461f-98d4-4a46accdbbbd - - - - - -] Successfully bumped revision number for resource 154b9fb3-ac3f-4af0-9dd2-c1dd4cd79933 (type: ports) to 5
2026-05-27 01:53:22.296 8 INFO neutron.services.segments.plugin [-] Segment 7731e4b6-a8f2-45e5-bae7-fdee44a8fdbd resource provider aggregate not found
2026-05-27 01:53:22.300 8 INFO neutron.services.segments.plugin [-] Segment 7731e4b6-a8f2-45e5-bae7-fdee44a8fdbd resource provider aggregate not found
2026-05-27 01:53:22.312 8 INFO neutron.services.segments.plugin [-] Segment 7731e4b6-a8f2-45e5-bae7-fdee44a8fdbd resource provider not found; error: Placement Client Error (4xx): {"errors": [{"status": 404, "title": "Not Found", "detail": "The resource could not be found.\n\n No resource provider with uuid 7731e4b6-a8f2-45e5-bae7-fdee44a8fdbd found for delete ", "request_id": "req-78515024-5ac2-49e2-88b2-b14d33c3b37b"}]}
2026-05-27 01:53:22.315 8 INFO neutron.services.segments.plugin [-] Segment 7731e4b6-a8f2-45e5-bae7-fdee44a8fdbd resource provider not found; error: Placement Client Error (4xx): {"errors": [{"status": 404, "title": "Not Found", "detail": "The resource could not be found.\n\n No resource provider with uuid 7731e4b6-a8f2-45e5-bae7-fdee44a8fdbd found for delete ", "request_id": "req-3eb05407-cd87-41f5-9861-8e5096097997"}]}
2026-05-27 01:53:22.457 7 INFO neutron.db.ovn_revision_numbers_db [None req-bcef08fa-193c-4e31-bde1-8b376187d29e 13821f91af61444a8725f668f94f2ba2 2607af5dce24421ab83c96d63740f126 - - default default] Successfully bumped revision number for resource 8c46dade-a805-4953-bfea-b6cf31dbd079 (type: router_ports) to 1 [pid: 7|app: 0|req: 1032/1867] 10.0.0.71 () {34 vars in 782 bytes} [Wed May 27 01:53:20 2026] PUT /v2.0/routers/9dbe9b7b-c848-4cfe-b466-dbc5092f9f5c/add_router_interface => generated 309 bytes in 2046 msecs (HTTP/1.1 200) 4 headers in 157 bytes (1 switches on core 0) [pid: 8|app: 0|req: 836/1868] 10.0.0.71 () {32 vars in 725 bytes} [Wed May 27 01:53:21 2026] DELETE /v2.0/networks/3f443446-47b8-4f35-a176-f651d64b24c7 => generated 0 bytes in 815 msecs (HTTP/1.1 204) 3 headers in 131 bytes (1 switches on core 0) [pid: 7|app: 0|req: 1033/1869] 10.0.0.71 () {34 vars in 665 bytes} [Wed May 27 01:53:22 2026] POST /v2.0/trunks => generated 409 bytes in 305 msecs (HTTP/1.1 201) 4 headers in 162 bytes (1 switches on core 0)
2026-05-27 01:53:22.808 8 WARNING neutron.scheduler.dhcp_agent_scheduler [None req-12c9d802-9a5f-4a30-b7c3-d34ccb1c1d20 0f224042462d4d0ca2246f10b9c88401 af72a864ac824d358548f42ba37ad4d9 - - default default] No more DHCP agents
2026-05-27 01:53:22.809 8 WARNING neutron.api.rpc.agentnotifiers.dhcp_rpc_agent_api [None req-12c9d802-9a5f-4a30-b7c3-d34ccb1c1d20 0f224042462d4d0ca2246f10b9c88401 af72a864ac824d358548f42ba37ad4d9 - - default default] Unable to schedule network 87026225-ac77-4ea5-a3e4-191e0ea804c0: no agents available; will retry on subsequent port and subnet creation events.
2026-05-27 01:53:22.967 8 INFO neutron.plugins.ml2.drivers.ovn.mech_driver.mech_driver [None req-cd26fe67-4836-4c85-85bb-e812214098cf - - - - - -] OVN reports status down for port: 3173253d-f0f1-4549-a5f7-ac986b8b8013
2026-05-27 01:53:23.050 8 INFO neutron.plugins.ml2.drivers.ovn.mech_driver.mech_driver [None req-cd26fe67-4836-4c85-85bb-e812214098cf - - - - - -] OVN reports status down for port: 9241b5a9-8726-4cb5-86e8-7e92bcfb6113
2026-05-27 01:53:23.052 8 INFO neutron.db.ovn_revision_numbers_db [None req-12c9d802-9a5f-4a30-b7c3-d34ccb1c1d20 0f224042462d4d0ca2246f10b9c88401 af72a864ac824d358548f42ba37ad4d9 - - default default] Successfully bumped revision number for resource abd6e3cc-729b-46dc-9aff-4662af295409 (type: ports) to 1
2026-05-27 01:53:23.077 7 WARNING neutron.scheduler.dhcp_agent_scheduler [None req-aee808b7-39d4-4198-8589-a04b15600d37 4dede822fc10498fa14fd7bd74253dd4 ee303adb9ed2454d9809ce65f1653fde - - default default] No more DHCP agents
2026-05-27 01:53:23.079 7 WARNING neutron.api.rpc.agentnotifiers.dhcp_rpc_agent_api [None req-aee808b7-39d4-4198-8589-a04b15600d37 4dede822fc10498fa14fd7bd74253dd4 ee303adb9ed2454d9809ce65f1653fde - - default default] Unable to schedule network ddd10c70-e570-4a45-968d-e8bf91393536: no agents available; will retry on subsequent port and subnet creation events.
2026-05-27 01:53:23.146 8 INFO neutron.plugins.ml2.drivers.ovn.mech_driver.mech_driver [None req-cd26fe67-4836-4c85-85bb-e812214098cf - - - - - -] OVN reports status down for port: 8c46dade-a805-4953-bfea-b6cf31dbd079 [pid: 8|app: 0|req: 837/1872] 10.0.0.71 () {34 vars in 663 bytes} [Wed May 27 01:53:22 2026] POST /v2.0/ports => generated 743 bytes in 673 msecs (HTTP/1.1 201) 4 headers in 162 bytes (1 switches on core 0) /var/lib/openstack/lib/python3.12/site-packages/pycadf/identifier.py:70: UserWarning: Invalid uuid: neutron. To ensure interoperability, identifiers should be a valid uuid. warnings.warn(('Invalid uuid: %s. To ensure interoperability, '
2026-05-27 01:53:23.238 8 WARNING neutron.plugins.ml2.drivers.ovn.mech_driver.ovsdb.ovn_client [None req-cd26fe67-4836-4c85-85bb-e812214098cf - - - - - -] Logical_Switch_Port %s host information not removed, the port state is up
2026-05-27 01:53:23.238 8 INFO neutron.plugins.ml2.drivers.ovn.mech_driver.mech_driver [None req-cd26fe67-4836-4c85-85bb-e812214098cf - - - - - -] OVN reports status down for port: a4cd96e6-f2f7-49ab-874b-79039534601c
2026-05-27 01:53:23.362 8 INFO neutron.db.segments_db [None req-c2736a2a-62bb-4df1-a0fe-444303e36da4 e500d01343b549e49a93aca51baea104 427e229977114e80a0cdad086e431ac8 - - default default] Added segment 2c313085-38a1-48b6-8a75-95eeb6cb8fb8 of type geneve for network 8e2a2596-9944-425c-93b1-dd49f3d6104a
2026-05-27 01:53:23.370 8 INFO neutron.plugins.ml2.drivers.ovn.mech_driver.mech_driver [None req-cd26fe67-4836-4c85-85bb-e812214098cf - - - - - -] OVN reports status up for port: 8c46dade-a805-4953-bfea-b6cf31dbd079
2026-05-27 01:53:23.392 8 INFO neutron.plugins.ml2.plugin [None req-cd26fe67-4836-4c85-85bb-e812214098cf - - - - - -] Attempt 1 to provision port 8c46dade-a805-4953-bfea-b6cf31dbd079
2026-05-27 01:53:23.663 8 INFO neutron.db.ovn_revision_numbers_db [None req-c2736a2a-62bb-4df1-a0fe-444303e36da4 e500d01343b549e49a93aca51baea104 427e229977114e80a0cdad086e431ac8 - - default default] Successfully bumped revision number for resource 8e2a2596-9944-425c-93b1-dd49f3d6104a (type: networks) to 1
