2026-09-07 19:35:57.658 8 INFO neutron_taas.services.taas.taas_plugin [None req-0e913bce-ec69-4a73-8170-74f06e02f6e0 5e51caba3cde41be9a5cb70efe0e6ff3 acabe96c5bfa4ce08717d21f770c4f06 - - default default] TaaS: Handle Delete Port: 9ba5fc02-b9cb-4b74-b10a-e8cda96e77c3
2026-09-07 19:35:57.661 8 INFO neutron_taas.services.taas.tap_mirror_plugin [None req-0e913bce-ec69-4a73-8170-74f06e02f6e0 5e51caba3cde41be9a5cb70efe0e6ff3 acabe96c5bfa4ce08717d21f770c4f06 - - default default] Tap Mirror: Handle Delete Port: 9ba5fc02-b9cb-4b74-b10a-e8cda96e77c3
2026-09-07 19:35:57.697 7 INFO neutron.plugins.ml2.drivers.ovn.mech_driver.mech_driver [None req-1e755b55-8101-486c-97ce-422dc67e576c - - - - - -] OVN reports status down for port: f47bf640-a197-427b-bb70-19e9c9114267
2026-09-07 19:35:57.753 7 INFO neutron.db.ovn_revision_numbers_db [None req-80d5b576-0eef-44fa-9060-9261d394faf2 5e51caba3cde41be9a5cb70efe0e6ff3 acabe96c5bfa4ce08717d21f770c4f06 - - default default] Successfully bumped revision number for resource f47bf640-a197-427b-bb70-19e9c9114267 (type: ports) to 1 [pid: 7|app: 0|req: 596/1317] 10.0.0.251 () {34 vars in 671 bytes} [Mon Sep 7 19:35:56 2026] POST /v2.0/networks => generated 741 bytes in 830 msecs (HTTP/1.1 201) 4 headers in 162 bytes (1 switches on core 0) [pid: 7|app: 0|req: 597/1318] 10.0.0.251 () {32 vars in 740 bytes} [Mon Sep 7 19:35:57 2026] DELETE /v2.0/security-groups/93fe395d-7654-4e65-ba8f-b92d1707c40f => generated 0 bytes in 305 msecs (HTTP/1.1 204) 2 headers in 112 bytes (1 switches on core 0)
2026-09-07 19:35:58.252 7 INFO neutron.db.ovn_revision_numbers_db [None req-d40dbcca-0a82-4f53-9598-07c92b8a8486 2ea6293ee93041739a335dc91da2c8b3 ec853707db2f4f6db8f8dce3d636d18e - - default default] Successfully bumped revision number for resource 5b915621-a52b-42ea-ab1b-9dd1b38cb65b (type: security_groups) to 1
2026-09-07 19:35:58.264 7 INFO neutron.db.ovn_revision_numbers_db [None req-d40dbcca-0a82-4f53-9598-07c92b8a8486 2ea6293ee93041739a335dc91da2c8b3 ec853707db2f4f6db8f8dce3d636d18e - - default default] Successfully bumped revision number for resource 9c6af43a-d95a-4012-a63c-1e0fdef26684 (type: security_group_rules) to 0
2026-09-07 19:35:58.279 7 INFO neutron.db.ovn_revision_numbers_db [None req-d40dbcca-0a82-4f53-9598-07c92b8a8486 2ea6293ee93041739a335dc91da2c8b3 ec853707db2f4f6db8f8dce3d636d18e - - default default] Successfully bumped revision number for resource ba3dec6a-0042-4269-9c2b-62961e993261 (type: security_group_rules) to 0 [pid: 7|app: 0|req: 598/1319] 10.0.0.251 () {34 vars in 685 bytes} [Mon Sep 7 19:35:58 2026] POST /v2.0/security-groups => generated 1659 bytes in 235 msecs (HTTP/1.1 201) 4 headers in 163 bytes (1 switches on core 0)
2026-09-07 19:35:58.464 7 WARNING neutron.scheduler.dhcp_agent_scheduler [None req-bdabcfa1-786b-4cda-ab35-90ac3bc20916 5e51caba3cde41be9a5cb70efe0e6ff3 acabe96c5bfa4ce08717d21f770c4f06 - - default default] No more DHCP agents
2026-09-07 19:35:58.465 7 WARNING neutron.api.rpc.agentnotifiers.dhcp_rpc_agent_api [None req-bdabcfa1-786b-4cda-ab35-90ac3bc20916 5e51caba3cde41be9a5cb70efe0e6ff3 acabe96c5bfa4ce08717d21f770c4f06 - - default default] Unable to schedule network 8fd7baac-2bfb-4d69-b501-c088f5ef94b7: no agents available; will retry on subsequent port and subnet creation events. [pid: 8|app: 0|req: 722/1320] 10.0.0.251 () {32 vars in 724 bytes} [Mon Sep 7 19:35:57 2026] DELETE /v2.0/routers/a7e55a68-599b-4fcf-87ea-c39a7e2591b3 => generated 0 bytes in 1425 msecs (HTTP/1.1 204) 2 headers in 112 bytes (1 switches on core 0)
2026-09-07 19:35:58.862 8 INFO neutron.db.ovn_revision_numbers_db [None req-d3774413-0a1a-44da-af0f-8190e2e16df9 2ea6293ee93041739a335dc91da2c8b3 ec853707db2f4f6db8f8dce3d636d18e - - default default] Successfully bumped revision number for resource f20f32a0-b2f1-4746-8f62-411af3ffc421 (type: security_group_rules) to 0 [pid: 8|app: 0|req: 723/1321] 10.0.0.251 () {34 vars in 695 bytes} [Mon Sep 7 19:35:58 2026] POST /v2.0/security-group-rules => generated 597 bytes in 171 msecs (HTTP/1.1 201) 4 headers in 162 bytes (1 switches on core 0)
2026-09-07 19:35:59.014 7 INFO neutron.db.ovn_revision_numbers_db [None req-1929caac-3bf1-4aab-914b-8a1a6c7967b2 - - - - - -] Successfully bumped revision number for resource f47bf640-a197-427b-bb70-19e9c9114267 (type: ports) to 2
2026-09-07 19:35:59.060 7 INFO neutron.db.ovn_revision_numbers_db [None req-1929caac-3bf1-4aab-914b-8a1a6c7967b2 - - - - - -] Successfully bumped revision number for resource f8d78127-ea63-4fe5-a4cc-f61347079f89 (type: subnets) to 0 [pid: 7|app: 0|req: 599/1322] 10.0.0.251 () {34 vars in 669 bytes} [Mon Sep 7 19:35:58 2026] POST /v2.0/subnets => generated 685 bytes in 752 msecs (HTTP/1.1 201) 4 headers in 162 bytes (1 switches on core 0) [pid: 8|app: 0|req: 724/1323] 10.0.0.251 () {32 vars in 724 bytes} [Mon Sep 7 19:35:58 2026] DELETE /v2.0/subnets/d344c1f8-a8ba-4451-9c12-3910be3d8edd => generated 0 bytes in 205 msecs (HTTP/1.1 204) 3 headers in 131 bytes (1 switches on core 0)
2026-09-07 19:35:59.240 7 INFO neutron.db.ovn_revision_numbers_db [None req-6308516b-4ba7-4e95-8c65-8a3342d600cd 2ea6293ee93041739a335dc91da2c8b3 ec853707db2f4f6db8f8dce3d636d18e - - default default] Successfully bumped revision number for resource 9e7e2831-8f83-40ec-87ee-bce449ea9396 (type: security_group_rules) to 0 [pid: 7|app: 0|req: 600/1324] 10.0.0.251 () {34 vars in 695 bytes} [Mon Sep 7 19:35:59 2026] POST /v2.0/security-group-rules => generated 602 bytes in 201 msecs (HTTP/1.1 201) 4 headers in 162 bytes (1 switches on core 0)
2026-09-07 19:35:59.384 7 INFO neutron_taas.services.taas.taas_plugin [None req-84fc0f8f-f3de-4e9c-95f4-999104c53ae9 5e51caba3cde41be9a5cb70efe0e6ff3 acabe96c5bfa4ce08717d21f770c4f06 - - default default] TaaS: Handle Delete Port: 57b5b1b7-1bb1-4810-8ee9-b064bceb0253
2026-09-07 19:35:59.386 7 INFO neutron_taas.services.taas.tap_mirror_plugin [None req-84fc0f8f-f3de-4e9c-95f4-999104c53ae9 5e51caba3cde41be9a5cb70efe0e6ff3 acabe96c5bfa4ce08717d21f770c4f06 - - default default] Tap Mirror: Handle Delete Port: 57b5b1b7-1bb1-4810-8ee9-b064bceb0253
2026-09-07 19:35:59.569 7 INFO neutron.services.segments.plugin [-] Segment 30e8f646-1334-48af-802b-8f99c75e23cb resource provider aggregate not found
2026-09-07 19:35:59.574 7 INFO neutron.services.segments.plugin [-] Segment 30e8f646-1334-48af-802b-8f99c75e23cb resource provider aggregate not found
2026-09-07 19:35:59.591 8 WARNING neutron.scheduler.dhcp_agent_scheduler [None req-9f9ca0cd-07f5-4a7f-84c4-6a3adc0412da 5e51caba3cde41be9a5cb70efe0e6ff3 acabe96c5bfa4ce08717d21f770c4f06 - - default default] No more DHCP agents
2026-09-07 19:35:59.594 8 WARNING neutron.api.rpc.agentnotifiers.dhcp_rpc_agent_api [None req-9f9ca0cd-07f5-4a7f-84c4-6a3adc0412da 5e51caba3cde41be9a5cb70efe0e6ff3 acabe96c5bfa4ce08717d21f770c4f06 - - default default] Unable to schedule network de0a0c6e-29b7-47f1-954a-e71c29b91abb: no agents available; will retry on subsequent port and subnet creation events.
2026-09-07 19:35:59.600 7 INFO neutron.services.segments.plugin [-] Client error retrieving segment 30e8f646-1334-48af-802b-8f99c75e23cb resource provider; error: Placement Client Error (4xx): {"errors": [{"status": 404, "title": "Not Found", "detail": "The resource could not be found.\n\n No resource provider with uuid 30e8f646-1334-48af-802b-8f99c75e23cb found for delete ", "request_id": "req-952e9ed0-8864-4266-88f3-2535dec3122f"}]}
2026-09-07 19:35:59.600 7 INFO neutron.services.segments.plugin [-] Client error retrieving segment 30e8f646-1334-48af-802b-8f99c75e23cb resource provider; error: Placement Client Error (4xx): {"errors": [{"status": 404, "title": "Not Found", "detail": "The resource could not be found.\n\n No resource provider with uuid 30e8f646-1334-48af-802b-8f99c75e23cb found for delete ", "request_id": "req-de34364f-a702-40b4-bd89-e2184eab5de1"}]} [pid: 7|app: 0|req: 601/1325] 10.0.0.251 () {32 vars in 726 bytes} [Mon Sep 7 19:35:59 2026] DELETE /v2.0/networks/895c3cca-c194-4f7b-a978-8ca3fcb3941a => generated 0 bytes in 359 msecs (HTTP/1.1 204) 3 headers in 131 bytes (1 switches on core 0)
2026-09-07 19:35:59.764 8 INFO neutron.plugins.ml2.drivers.ovn.mech_driver.mech_driver [None req-3baebdab-a220-4be3-84bb-69007d14c5aa - - - - - -] OVN reports status down for port: 040f21ed-70f4-468b-918e-dc1359fd5c2a
2026-09-07 19:35:59.843 8 INFO neutron.db.ovn_revision_numbers_db [None req-9f9ca0cd-07f5-4a7f-84c4-6a3adc0412da 5e51caba3cde41be9a5cb70efe0e6ff3 acabe96c5bfa4ce08717d21f770c4f06 - - default default] Successfully bumped revision number for resource 040f21ed-70f4-468b-918e-dc1359fd5c2a (type: ports) to 1
2026-09-07 19:35:59.910 7 WARNING neutron.scheduler.dhcp_agent_scheduler [None req-884ff6ae-5305-4aa0-b41b-dfb78a25b303 2ea6293ee93041739a335dc91da2c8b3 ec853707db2f4f6db8f8dce3d636d18e - - default default] No more DHCP agents
2026-09-07 19:35:59.911 7 WARNING neutron.api.rpc.agentnotifiers.dhcp_rpc_agent_api [None req-884ff6ae-5305-4aa0-b41b-dfb78a25b303 2ea6293ee93041739a335dc91da2c8b3 ec853707db2f4f6db8f8dce3d636d18e - - default default] Unable to schedule network de0a0c6e-29b7-47f1-954a-e71c29b91abb: no agents available; will retry on subsequent port and subnet creation events. [pid: 7|app: 0|req: 602/1326] 10.0.0.251 () {34 vars in 676 bytes} [Mon Sep 7 19:35:59 2026] POST /v2.0/floatingips => generated 552 bytes in 523 msecs (HTTP/1.1 201) 4 headers in 162 bytes (1 switches on core 0) [pid: 7|app: 0|req: 603/1327] 10.0.0.251 () {32 vars in 774 bytes} [Mon Sep 7 19:36:00 2026] GET /v2.0/security-groups?tenant_id=8ef79615d8ee4b48a6ab1d3f221108df&name=default => generated 2925 bytes in 44 msecs (HTTP/1.1 200) 4 headers in 158 bytes (1 switches on core 0)
2026-09-07 19:36:00.509 8 INFO neutron.plugins.ml2.drivers.ovn.mech_driver.ovsdb.commands [None req-46b5d3c9-2a6c-4ab6-8b19-6038d79b83e1 - - - - - -] Schedule LRP lrp-040f21ed-70f4-468b-918e-dc1359fd5c2a on gateway 863a3593-4e32-401c-95cd-95814fcfbb31 with priority 1
2026-09-07 19:36:00.580 8 INFO neutron.plugins.ml2.drivers.ovn.mech_driver.ovsdb.ovsdb_monitor [None req-06a4a410-debd-45f8-8157-7957cd577e4d - - - - - -] Router 41463e62-4ff3-455c-b936-667fae68d152 is bound to host instance
2026-09-07 19:36:00.602 8 INFO neutron.plugins.ml2.drivers.ovn.mech_driver.mech_driver [None req-3baebdab-a220-4be3-84bb-69007d14c5aa - - - - - -] OVN reports status up for port: 040f21ed-70f4-468b-918e-dc1359fd5c2a
2026-09-07 19:36:00.656 8 INFO neutron.plugins.ml2.plugin [None req-3baebdab-a220-4be3-84bb-69007d14c5aa - - - - - -] Attempt 1 to provision port 040f21ed-70f4-468b-918e-dc1359fd5c2a
2026-09-07 19:36:00.689 7 INFO neutron.db.ovn_revision_numbers_db [None req-e48668dc-82c4-424c-b2ed-45c360118abf b331cedc0e3c47d1b1391cdc24c579f6 b942d7f59bf64cb4a87d1b6a6de25c41 - - default default] Successfully bumped revision number for resource 4db5135c-b31b-4588-9c19-4a0ff5fb0e0a (type: security_groups) to 1
2026-09-07 19:36:00.705 7 INFO neutron.db.ovn_revision_numbers_db [None req-e48668dc-82c4-424c-b2ed-45c360118abf b331cedc0e3c47d1b1391cdc24c579f6 b942d7f59bf64cb4a87d1b6a6de25c41 - - default default] Successfully bumped revision number for resource 764ed902-c2f2-4bac-8bdb-1978fe3fab51 (type: security_group_rules) to 0
2026-09-07 19:36:00.722 7 INFO neutron.db.ovn_revision_numbers_db [None req-e48668dc-82c4-424c-b2ed-45c360118abf b331cedc0e3c47d1b1391cdc24c579f6 b942d7f59bf64cb4a87d1b6a6de25c41 - - default default] Successfully bumped revision number for resource 9533269e-0084-43b2-ae16-b7cdd6b1c61d (type: security_group_rules) to 0
2026-09-07 19:36:00.739 7 INFO neutron.db.ovn_revision_numbers_db [None req-e48668dc-82c4-424c-b2ed-45c360118abf b331cedc0e3c47d1b1391cdc24c579f6 b942d7f59bf64cb4a87d1b6a6de25c41 - - default default] Successfully bumped revision number for resource b80f5440-3757-456a-a3f5-ea66609916d4 (type: security_group_rules) to 0
2026-09-07 19:36:00.758 7 INFO neutron.db.ovn_revision_numbers_db [None req-e48668dc-82c4-424c-b2ed-45c360118abf b331cedc0e3c47d1b1391cdc24c579f6 b942d7f59bf64cb4a87d1b6a6de25c41 - - default default] Successfully bumped revision number for resource f76334a1-4cfb-4cd1-8ef1-d37dfee9eb96 (type: security_group_rules) to 0
2026-09-07 19:36:00.759 8 INFO neutron.db.ovn_revision_numbers_db [None req-9f9ca0cd-07f5-4a7f-84c4-6a3adc0412da 5e51caba3cde41be9a5cb70efe0e6ff3 acabe96c5bfa4ce08717d21f770c4f06 - - default default] Successfully bumped revision number for resource 040f21ed-70f4-468b-918e-dc1359fd5c2a (type: router_ports) to 1
2026-09-07 19:36:00.868 7 INFO neutron.db.segments_db [None req-e48668dc-82c4-424c-b2ed-45c360118abf b331cedc0e3c47d1b1391cdc24c579f6 b942d7f59bf64cb4a87d1b6a6de25c41 - - default default] Added segment 4085a38c-83c5-4907-a99b-e09c555adf60 of type geneve for network ff03c0fd-443e-4d54-af32-8f953e64d75d
2026-09-07 19:36:01.018 8 INFO neutron.db.ovn_revision_numbers_db [None req-9f9ca0cd-07f5-4a7f-84c4-6a3adc0412da 5e51caba3cde41be9a5cb70efe0e6ff3 acabe96c5bfa4ce08717d21f770c4f06 - - default default] Successfully bumped revision number for resource 41463e62-4ff3-455c-b936-667fae68d152 (type: routers) to 2
2026-09-07 19:36:01.023 7 INFO neutron.db.ovn_revision_numbers_db [None req-e48668dc-82c4-424c-b2ed-45c360118abf b331cedc0e3c47d1b1391cdc24c579f6 b942d7f59bf64cb4a87d1b6a6de25c41 - - default default] Successfully bumped revision number for resource ff03c0fd-443e-4d54-af32-8f953e64d75d (type: networks) to 1 [pid: 8|app: 0|req: 725/1328] 10.0.0.251 () {34 vars in 669 bytes} [Mon Sep 7 19:35:59 2026] POST /v2.0/routers => generated 963 bytes in 1944 msecs (HTTP/1.1 201) 4 headers in 162 bytes (1 switches on core 0)
2026-09-07 19:36:01.283 7 WARNING neutron.scheduler.dhcp_agent_scheduler [None req-e48668dc-82c4-424c-b2ed-45c360118abf b331cedc0e3c47d1b1391cdc24c579f6 b942d7f59bf64cb4a87d1b6a6de25c41 - - default default] No more DHCP agents
2026-09-07 19:36:01.286 7 WARNING neutron.api.rpc.agentnotifiers.dhcp_rpc_agent_api [None req-e48668dc-82c4-424c-b2ed-45c360118abf b331cedc0e3c47d1b1391cdc24c579f6 b942d7f59bf64cb4a87d1b6a6de25c41 - - default default] Unable to schedule network ff03c0fd-443e-4d54-af32-8f953e64d75d: no agents available; will retry on subsequent port and subnet creation events.
2026-09-07 19:36:01.358 7 INFO neutron.plugins.ml2.drivers.ovn.mech_driver.mech_driver [None req-1e755b55-8101-486c-97ce-422dc67e576c - - - - - -] OVN reports status down for port: cbf4c1cf-1010-446d-97ab-1db48564918c
2026-09-07 19:36:01.422 7 INFO neutron.db.ovn_revision_numbers_db [None req-e48668dc-82c4-424c-b2ed-45c360118abf b331cedc0e3c47d1b1391cdc24c579f6 b942d7f59bf64cb4a87d1b6a6de25c41 - - default default] Successfully bumped revision number for resource cbf4c1cf-1010-446d-97ab-1db48564918c (type: ports) to 1 [pid: 7|app: 0|req: 604/1329] 10.0.0.251 () {34 vars in 670 bytes} [Mon Sep 7 19:36:00 2026] POST /v2.0/networks => generated 629 bytes in 1247 msecs (HTTP/1.1 201) 4 headers in 162 bytes (1 switches on core 0) [pid: 7|app: 0|req: 605/1330] 10.0.0.169 () {34 vars in 1098 bytes} [Mon Sep 7 19:36:01 2026] GET /v2.0/security-groups?name=tempest-securitygroup--336217773&fields=id&tenant_id=ec853707db2f4f6db8f8dce3d636d18e => generated 69 bytes in 42 msecs (HTTP/1.1 200) 4 headers in 156 bytes (1 switches on core 0) [pid: 8|app: 0|req: 726/1331] 10.0.0.251 () {32 vars in 740 bytes} [Mon Sep 7 19:36:01 2026] DELETE /v2.0/security-groups/1905ef4e-4499-418d-b845-6892d7e58185 => generated 0 bytes in 630 msecs (HTTP/1.1 204) 2 headers in 112 bytes (1 switches on core 0)
2026-09-07 19:36:01.837 8 INFO neutron.db.segments_db [None req-d1e3b69d-c2a4-42b3-bd02-da6cb7c1c878 b331cedc0e3c47d1b1391cdc24c579f6 b942d7f59bf64cb4a87d1b6a6de25c41 - - default default] Added segment b80aeb3d-c6e2-4db2-a934-eb3614c69ce0 of type geneve for network 688f5275-5bdd-409e-ba79-006b2fa19c89
2026-09-07 19:36:01.919 7 WARNING neutron.scheduler.dhcp_agent_scheduler [None req-faddc671-ae69-4663-9fa6-706ffb730d0b 5e51caba3cde41be9a5cb70efe0e6ff3 acabe96c5bfa4ce08717d21f770c4f06 - - default default] No more DHCP agents
2026-09-07 19:36:01.920 7 WARNING neutron.api.rpc.agentnotifiers.dhcp_rpc_agent_api [None req-faddc671-ae69-4663-9fa6-706ffb730d0b 5e51caba3cde41be9a5cb70efe0e6ff3 acabe96c5bfa4ce08717d21f770c4f06 - - default default] Unable to schedule network 8fd7baac-2bfb-4d69-b501-c088f5ef94b7: no agents available; will retry on subsequent port and subnet creation events.
2026-09-07 19:36:02.011 7 INFO neutron.plugins.ml2.drivers.ovn.mech_driver.mech_driver [None req-1e755b55-8101-486c-97ce-422dc67e576c - - - - - -] OVN reports status down for port: 759beff9-6d75-4b51-a7da-a42b24a8be84
2026-09-07 19:36:02.062 7 INFO neutron.db.ovn_revision_numbers_db [None req-faddc671-ae69-4663-9fa6-706ffb730d0b 5e51caba3cde41be9a5cb70efe0e6ff3 acabe96c5bfa4ce08717d21f770c4f06 - - default default] Successfully bumped revision number for resource 759beff9-6d75-4b51-a7da-a42b24a8be84 (type: ports) to 1
2026-09-07 19:36:02.090 8 INFO neutron.db.ovn_revision_numbers_db [None req-d1e3b69d-c2a4-42b3-bd02-da6cb7c1c878 b331cedc0e3c47d1b1391cdc24c579f6 b942d7f59bf64cb4a87d1b6a6de25c41 - - default default] Successfully bumped revision number for resource 688f5275-5bdd-409e-ba79-006b2fa19c89 (type: networks) to 1
2026-09-07 19:36:02.415 8 INFO neutron.db.ovn_revision_numbers_db [None req-538ad48c-33ad-4125-a2b3-c89915e01b2e - - - - - -] Successfully bumped revision number for resource 040f21ed-70f4-468b-918e-dc1359fd5c2a (type: ports) to 4
2026-09-07 19:36:02.417 8 WARNING neutron.scheduler.dhcp_agent_scheduler [None req-d1e3b69d-c2a4-42b3-bd02-da6cb7c1c878 b331cedc0e3c47d1b1391cdc24c579f6 b942d7f59bf64cb4a87d1b6a6de25c41 - - default default] No more DHCP agents
2026-09-07 19:36:02.419 8 WARNING neutron.api.rpc.agentnotifiers.dhcp_rpc_agent_api [None req-d1e3b69d-c2a4-42b3-bd02-da6cb7c1c878 b331cedc0e3c47d1b1391cdc24c579f6 b942d7f59bf64cb4a87d1b6a6de25c41 - - default default] Unable to schedule network 688f5275-5bdd-409e-ba79-006b2fa19c89: no agents available; will retry on subsequent port and subnet creation events.
2026-09-07 19:36:02.505 7 INFO neutron.plugins.ml2.drivers.ovn.mech_driver.mech_driver [None req-1e755b55-8101-486c-97ce-422dc67e576c - - - - - -] OVN reports status down for port: 430df50a-553a-46a7-8806-e3c10bf73d42
2026-09-07 19:36:02.579 8 INFO neutron.db.ovn_revision_numbers_db [None req-d1e3b69d-c2a4-42b3-bd02-da6cb7c1c878 b331cedc0e3c47d1b1391cdc24c579f6 b942d7f59bf64cb4a87d1b6a6de25c41 - - default default] Successfully bumped revision number for resource 430df50a-553a-46a7-8806-e3c10bf73d42 (type: ports) to 1 [pid: 8|app: 0|req: 727/1332] 10.0.0.251 () {34 vars in 670 bytes} [Mon Sep 7 19:36:01 2026] POST /v2.0/networks => generated 630 bytes in 936 msecs (HTTP/1.1 201) 4 headers in 162 bytes (1 switches on core 0) [pid: 8|app: 0|req: 728/1333] 10.0.0.169 () {34 vars in 1098 bytes} [Mon Sep 7 19:36:02 2026] GET /v2.0/security-groups?name=tempest-secgroup-smoke-838047645&fields=id&tenant_id=ec853707db2f4f6db8f8dce3d636d18e => generated 69 bytes in 51 msecs (HTTP/1.1 200) 4 headers in 156 bytes (1 switches on core 0)
2026-09-07 19:36:02.712 7 INFO neutron.plugins.ml2.drivers.ovn.mech_driver.mech_driver [None req-1e755b55-8101-486c-97ce-422dc67e576c - - - - - -] OVN reports status up for port: 759beff9-6d75-4b51-a7da-a42b24a8be84
2026-09-07 19:36:02.744 7 INFO neutron.plugins.ml2.plugin [None req-1e755b55-8101-486c-97ce-422dc67e576c - - - - - -] Attempt 1 to provision port 759beff9-6d75-4b51-a7da-a42b24a8be84
2026-09-07 19:36:02.873 7 WARNING neutron.scheduler.dhcp_agent_scheduler [None req-faddc671-ae69-4663-9fa6-706ffb730d0b 5e51caba3cde41be9a5cb70efe0e6ff3 acabe96c5bfa4ce08717d21f770c4f06 - - default default] No more DHCP agents
2026-09-07 19:36:02.875 7 WARNING neutron.api.rpc.agentnotifiers.dhcp_rpc_agent_api [None req-faddc671-ae69-4663-9fa6-706ffb730d0b 5e51caba3cde41be9a5cb70efe0e6ff3 acabe96c5bfa4ce08717d21f770c4f06 - - default default] Unable to schedule network 8fd7baac-2bfb-4d69-b501-c088f5ef94b7: no agents available; will retry on subsequent port and subnet creation events. [pid: 8|app: 0|req: 729/1334] 10.0.0.30 () {28 vars in 584 bytes} [Mon Sep 7 19:36:02 2026] GET /v2.0/networks => generated 5852 bytes in 273 msecs (HTTP/1.1 200) 4 headers in 158 bytes (1 switches on core 0)
2026-09-07 19:36:02.969 8 INFO neutron.db.ovn_revision_numbers_db [None req-538ad48c-33ad-4125-a2b3-c89915e01b2e - - - - - -] Successfully bumped revision number for resource 040f21ed-70f4-468b-918e-dc1359fd5c2a (type: ports) to 5
2026-09-07 19:36:03.175 8 WARNING neutron.scheduler.dhcp_agent_scheduler [None req-72d68968-2ff2-4842-9565-471f3ec9a587 b331cedc0e3c47d1b1391cdc24c579f6 b942d7f59bf64cb4a87d1b6a6de25c41 - - default default] No more DHCP agents
2026-09-07 19:36:03.177 8 WARNING neutron.api.rpc.agentnotifiers.dhcp_rpc_agent_api [None req-72d68968-2ff2-4842-9565-471f3ec9a587 b331cedc0e3c47d1b1391cdc24c579f6 b942d7f59bf64cb4a87d1b6a6de25c41 - - default default] Unable to schedule network ff03c0fd-443e-4d54-af32-8f953e64d75d: no agents available; will retry on subsequent port and subnet creation events.
2026-09-07 19:36:03.457 7 INFO neutron.db.ovn_revision_numbers_db [None req-1e755b55-8101-486c-97ce-422dc67e576c - - - - - -] Successfully bumped revision number for resource 759beff9-6d75-4b51-a7da-a42b24a8be84 (type: ports) to 2
2026-09-07 19:36:03.720 8 INFO neutron.db.ovn_revision_numbers_db [None req-55a3f0da-e035-4c81-8ffa-e465021ab4ad - - - - - -] Successfully bumped revision number for resource cbf4c1cf-1010-446d-97ab-1db48564918c (type: ports) to 2
2026-09-07 19:36:03.769 8 INFO neutron.db.ovn_revision_numbers_db [None req-55a3f0da-e035-4c81-8ffa-e465021ab4ad - - - - - -] Successfully bumped revision number for resource 90dc2c9a-2fa3-48f9-9ead-528fa4347620 (type: subnets) to 0
2026-09-07 19:36:03.783 7 INFO neutron.db.ovn_revision_numbers_db [None req-faddc671-ae69-4663-9fa6-706ffb730d0b 5e51caba3cde41be9a5cb70efe0e6ff3 acabe96c5bfa4ce08717d21f770c4f06 - - default default] Successfully bumped revision number for resource 759beff9-6d75-4b51-a7da-a42b24a8be84 (type: router_ports) to 1 [pid: 7|app: 0|req: 606/1335] 10.0.0.251 () {34 vars in 783 bytes} [Mon Sep 7 19:36:01 2026] PUT /v2.0/routers/41463e62-4ff3-455c-b936-667fae68d152/add_router_interface => generated 309 bytes in 2297 msecs (HTTP/1.1 200) 4 headers in 157 bytes (1 switches on core 0) [pid: 8|app: 0|req: 730/1336] 10.0.0.251 () {34 vars in 669 bytes} [Mon Sep 7 19:36:02 2026] POST /v2.0/subnets => generated 626 bytes in 853 msecs (HTTP/1.1 201) 4 headers in 162 bytes (1 switches on core 0) [pid: 8|app: 0|req: 731/1337] 10.0.0.30 () {28 vars in 598 bytes} [Mon Sep 7 19:36:03 2026] GET /v2.0/security-groups => generated 37221 bytes in 67 msecs (HTTP/1.1 200) 4 headers in 159 bytes (1 switches on core 0)
2026-09-07 19:36:03.880 7 INFO neutron.db.ovn_revision_numbers_db [None req-b80ee617-b46b-443d-ade6-f01a1b5374fc - - - - - -] Successfully bumped revision number for resource 759beff9-6d75-4b51-a7da-a42b24a8be84 (type: router_ports) to 2 [pid: 7|app: 0|req: 607/1338] 10.0.0.169 () {34 vars in 982 bytes} [Mon Sep 7 19:36:03 2026] GET /v2.0/networks?id=b9885dc1-c1ed-4db4-b7fc-1e2046658ca4 => generated 672 bytes in 94 msecs (HTTP/1.1 200) 4 headers in 157 bytes (1 switches on core 0)
2026-09-07 19:36:04.100 7 WARNING neutron.scheduler.dhcp_agent_scheduler [None req-149e6f67-ba56-4a18-9869-4c2d4b1af751 b331cedc0e3c47d1b1391cdc24c579f6 b942d7f59bf64cb4a87d1b6a6de25c41 - - default default] No more DHCP agents
2026-09-07 19:36:04.101 7 WARNING neutron.api.rpc.agentnotifiers.dhcp_rpc_agent_api [None req-149e6f67-ba56-4a18-9869-4c2d4b1af751 b331cedc0e3c47d1b1391cdc24c579f6 b942d7f59bf64cb4a87d1b6a6de25c41 - - default default] Unable to schedule network 688f5275-5bdd-409e-ba79-006b2fa19c89: no agents available; will retry on subsequent port and subnet creation events.
2026-09-07 19:36:04.207 8 INFO neutron.db.ovn_revision_numbers_db [None req-6317aea3-bcc8-4cb8-9681-90fc7cec43dc 5e51caba3cde41be9a5cb70efe0e6ff3 acabe96c5bfa4ce08717d21f770c4f06 - - default default] Successfully bumped revision number for resource 712461d1-520d-4b03-a501-b20b96c75192 (type: security_groups) to 1
2026-09-07 19:36:04.230 8 INFO neutron.db.ovn_revision_numbers_db [None req-6317aea3-bcc8-4cb8-9681-90fc7cec43dc 5e51caba3cde41be9a5cb70efe0e6ff3 acabe96c5bfa4ce08717d21f770c4f06 - - default default] Successfully bumped revision number for resource 209113ac-0b78-4c32-9a84-bc1b1be374c6 (type: security_group_rules) to 0
2026-09-07 19:36:04.248 8 INFO neutron.db.ovn_revision_numbers_db [None req-6317aea3-bcc8-4cb8-9681-90fc7cec43dc 5e51caba3cde41be9a5cb70efe0e6ff3 acabe96c5bfa4ce08717d21f770c4f06 - - default default] Successfully bumped revision number for resource 6fda92cc-588b-4665-aac4-24377ed62596 (type: security_group_rules) to 0
2026-09-07 19:36:04.273 8 INFO neutron.db.ovn_revision_numbers_db [None req-6317aea3-bcc8-4cb8-9681-90fc7cec43dc 5e51caba3cde41be9a5cb70efe0e6ff3 acabe96c5bfa4ce08717d21f770c4f06 - - default default] Successfully bumped revision number for resource 79ef1d13-fb46-42a0-aa5d-ec26e282ba18 (type: security_group_rules) to 0
2026-09-07 19:36:04.298 8 INFO neutron.db.ovn_revision_numbers_db [None req-6317aea3-bcc8-4cb8-9681-90fc7cec43dc 5e51caba3cde41be9a5cb70efe0e6ff3 acabe96c5bfa4ce08717d21f770c4f06 - - default default] Successfully bumped revision number for resource a685bae1-782b-4504-9d79-95ea974cd9ac (type: security_group_rules) to 0
2026-09-07 19:36:04.403 8 INFO neutron.db.segments_db [None req-6317aea3-bcc8-4cb8-9681-90fc7cec43dc 5e51caba3cde41be9a5cb70efe0e6ff3 acabe96c5bfa4ce08717d21f770c4f06 - - default default] Added segment 66dbbf81-5aa7-465a-9ee2-41bde3289abd of type geneve for network 5e31c423-8558-4803-bc9a-c87a2bf76398
2026-09-07 19:36:04.548 8 INFO neutron.db.ovn_revision_numbers_db [None req-6317aea3-bcc8-4cb8-9681-90fc7cec43dc 5e51caba3cde41be9a5cb70efe0e6ff3 acabe96c5bfa4ce08717d21f770c4f06 - - default default] Successfully bumped revision number for resource 5e31c423-8558-4803-bc9a-c87a2bf76398 (type: networks) to 1
2026-09-07 19:36:04.641 7 INFO neutron.db.ovn_revision_numbers_db [None req-c2ebb48a-1a7a-4f9a-b79a-fc9e3bb738ca - - - - - -] Successfully bumped revision number for resource 430df50a-553a-46a7-8806-e3c10bf73d42 (type: ports) to 2
2026-09-07 19:36:04.692 7 INFO neutron.db.ovn_revision_numbers_db [None req-c2ebb48a-1a7a-4f9a-b79a-fc9e3bb738ca - - - - - -] Successfully bumped revision number for resource e44a24e9-6866-465c-858e-e3f6a6a592b8 (type: subnets) to 0 [pid: 7|app: 0|req: 608/1339] 10.0.0.251 () {34 vars in 669 bytes} [Mon Sep 7 19:36:03 2026] POST /v2.0/subnets => generated 626 bytes in 827 msecs (HTTP/1.1 201) 4 headers in 162 bytes (1 switches on core 0)
2026-09-07 19:36:04.737 8 WARNING neutron.scheduler.dhcp_agent_scheduler [None req-6317aea3-bcc8-4cb8-9681-90fc7cec43dc 5e51caba3cde41be9a5cb70efe0e6ff3 acabe96c5bfa4ce08717d21f770c4f06 - - default default] No more DHCP agents
2026-09-07 19:36:04.739 8 WARNING neutron.api.rpc.agentnotifiers.dhcp_rpc_agent_api [None req-6317aea3-bcc8-4cb8-9681-90fc7cec43dc 5e51caba3cde41be9a5cb70efe0e6ff3 acabe96c5bfa4ce08717d21f770c4f06 - - default default] Unable to schedule network 5e31c423-8558-4803-bc9a-c87a2bf76398: no agents available; will retry on subsequent port and subnet creation events. [pid: 7|app: 0|req: 609/1340] 10.0.0.30 () {28 vars in 618 bytes} [Mon Sep 7 19:36:04 2026] GET /v2.0/network-ip-availabilities => generated 3623 bytes in 24 msecs (HTTP/1.1 200) 4 headers in 158 bytes (1 switches on core 0) [pid: 7|app: 0|req: 610/1341] 10.0.0.169 () {34 vars in 965 bytes} [Mon Sep 7 19:36:04 2026] GET /v2.0/quotas/ec853707db2f4f6db8f8dce3d636d18e => generated 292 bytes in 9 msecs (HTTP/1.1 200) 4 headers in 157 bytes (1 switches on core 0)
2026-09-07 19:36:04.779 8 INFO neutron.plugins.ml2.drivers.ovn.mech_driver.mech_driver [None req-3baebdab-a220-4be3-84bb-69007d14c5aa - - - - - -] OVN reports status down for port: 7e6612cd-967e-49ca-8a83-bf822bdf55cb
2026-09-07 19:36:04.824 8 INFO neutron.db.ovn_revision_numbers_db [None req-6317aea3-bcc8-4cb8-9681-90fc7cec43dc 5e51caba3cde41be9a5cb70efe0e6ff3 acabe96c5bfa4ce08717d21f770c4f06 - - default default] Successfully bumped revision number for resource 7e6612cd-967e-49ca-8a83-bf822bdf55cb (type: ports) to 1
2026-09-07 19:36:04.856 7 INFO neutron.db.ovn_revision_numbers_db [None req-716143c8-6c5a-4f4e-8e2a-09dc1a4d930f 2eb0c4d25b514c398a9dc1e6cf15412b 9e08e3cb801446b592529bf2864b1f9b - - default default] Successfully bumped revision number for resource 8aac2f7a-b123-4d29-a05f-aa43d21f37aa (type: security_groups) to 1 [pid: 8|app: 0|req: 732/1342] 10.0.0.251 () {34 vars in 671 bytes} [Mon Sep 7 19:36:03 2026] POST /v2.0/networks => generated 749 bytes in 992 msecs (HTTP/1.1 201) 4 headers in 162 bytes (1 switches on core 0)
2026-09-07 19:36:04.865 7 INFO neutron.db.ovn_revision_numbers_db [None req-716143c8-6c5a-4f4e-8e2a-09dc1a4d930f 2eb0c4d25b514c398a9dc1e6cf15412b 9e08e3cb801446b592529bf2864b1f9b - - default default] Successfully bumped revision number for resource 8fb6c2f8-850a-43be-8e5b-b9dffd33e33f (type: security_group_rules) to 0
2026-09-07 19:36:04.884 7 INFO neutron.db.ovn_revision_numbers_db [None req-716143c8-6c5a-4f4e-8e2a-09dc1a4d930f 2eb0c4d25b514c398a9dc1e6cf15412b 9e08e3cb801446b592529bf2864b1f9b - - default default] Successfully bumped revision number for resource dfcd7ae7-dd46-4e2d-8ebf-a1d64d71f9ed (type: security_group_rules) to 0 [pid: 7|app: 0|req: 611/1343] 10.0.0.251 () {34 vars in 685 bytes} [Mon Sep 7 19:36:04 2026] POST /v2.0/security-groups => generated 1660 bytes in 183 msecs (HTTP/1.1 201) 4 headers in 163 bytes (1 switches on core 0) [pid: 7|app: 0|req: 612/1344] 10.0.0.30 () {28 vars in 582 bytes} [Mon Sep 7 19:36:04 2026] GET /v2.0/subnets => generated 4606 bytes in 59 msecs (HTTP/1.1 200) 4 headers in 158 bytes (1 switches on core 0)
2026-09-07 19:36:04.999 8 INFO neutron.db.ovn_revision_numbers_db [None req-8c0706c5-3d39-4f4a-8e42-4dcf3a9992ab b331cedc0e3c47d1b1391cdc24c579f6 b942d7f59bf64cb4a87d1b6a6de25c41 - - default default] Successfully bumped revision number for resource 7a076906-a591-4559-bf39-1a3482531577 (type: routers) to 1 [pid: 8|app: 0|req: 733/1345] 10.0.0.251 () {34 vars in 669 bytes} [Mon Sep 7 19:36:04 2026] POST /v2.0/routers => generated 602 bytes in 153 msecs (HTTP/1.1 201) 4 headers in 162 bytes (1 switches on core 0) [pid: 7|app: 0|req: 613/1346] 10.0.0.169 () {34 vars in 1002 bytes} [Mon Sep 7 19:36:04 2026] GET /v2.0/ports?tenant_id=ec853707db2f4f6db8f8dce3d636d18e&fields=id => generated 103 bytes in 97 msecs (HTTP/1.1 200) 4 headers in 157 bytes (1 switches on core 0)
2026-09-07 19:36:05.177 8 WARNING neutron.scheduler.dhcp_agent_scheduler [None req-140d1b59-d140-481d-ada1-4104934cb2e3 5e51caba3cde41be9a5cb70efe0e6ff3 acabe96c5bfa4ce08717d21f770c4f06 - - default default] No more DHCP agents
2026-09-07 19:36:05.178 8 WARNING neutron.api.rpc.agentnotifiers.dhcp_rpc_agent_api [None req-140d1b59-d140-481d-ada1-4104934cb2e3 5e51caba3cde41be9a5cb70efe0e6ff3 acabe96c5bfa4ce08717d21f770c4f06 - - default default] Unable to schedule network 5e31c423-8558-4803-bc9a-c87a2bf76398: no agents available; will retry on subsequent port and subnet creation events.
2026-09-07 19:36:05.259 7 INFO neutron.db.ovn_revision_numbers_db [None req-5997eb6d-8d0d-4d3f-b641-783482678a37 2eb0c4d25b514c398a9dc1e6cf15412b 9e08e3cb801446b592529bf2864b1f9b - - default default] Successfully bumped revision number for resource 9cc1812a-3753-4913-9945-9181a49abf3f (type: security_group_rules) to 0 [pid: 7|app: 0|req: 614/1347] 10.0.0.251 () {34 vars in 695 bytes} [Mon Sep 7 19:36:05 2026] POST /v2.0/security-group-rules => generated 597 bytes in 208 msecs (HTTP/1.1 201) 4 headers in 162 bytes (1 switches on core 0) [pid: 7|app: 0|req: 615/1348] 10.0.0.30 () {28 vars in 590 bytes} [Mon Sep 7 19:36:05 2026] GET /v2.0/subnetpools => generated 19 bytes in 10 msecs (HTTP/1.1 200) 4 headers in 156 bytes (1 switches on core 0)
2026-09-07 19:36:05.547 8 INFO neutron.db.ovn_revision_numbers_db [None req-dde7b6c1-8a66-4c9d-ae79-9a17f0f92849 - - - - - -] Successfully bumped revision number for resource 7e6612cd-967e-49ca-8a83-bf822bdf55cb (type: ports) to 2
2026-09-07 19:36:05.573 8 INFO neutron.db.ovn_revision_numbers_db [None req-dde7b6c1-8a66-4c9d-ae79-9a17f0f92849 - - - - - -] Successfully bumped revision number for resource fd6041f5-301e-4697-a6cf-6c0a0b15faf6 (type: subnets) to 0
2026-09-07 19:36:05.578 7 WARNING neutron.scheduler.dhcp_agent_scheduler [None req-a8b5d9b4-09bb-475a-bb88-56362eeb2cf0 b331cedc0e3c47d1b1391cdc24c579f6 b942d7f59bf64cb4a87d1b6a6de25c41 - - default default] No more DHCP agents
2026-09-07 19:36:05.579 7 WARNING neutron.api.rpc.agentnotifiers.dhcp_rpc_agent_api [None req-a8b5d9b4-09bb-475a-bb88-56362eeb2cf0 b331cedc0e3c47d1b1391cdc24c579f6 b942d7f59bf64cb4a87d1b6a6de25c41 - - default default] Unable to schedule network ff03c0fd-443e-4d54-af32-8f953e64d75d: no agents available; will retry on subsequent port and subnet creation events. [pid: 8|app: 0|req: 734/1349] 10.0.0.251 () {34 vars in 669 bytes} [Mon Sep 7 19:36:05 2026] POST /v2.0/subnets => generated 693 bytes in 571 msecs (HTTP/1.1 201) 4 headers in 162 bytes (1 switches on core 0) [pid: 8|app: 0|req: 735/1350] 10.0.0.169 () {34 vars in 1008 bytes} [Mon Sep 7 19:36:05 2026] GET /v2.0/networks/b9885dc1-c1ed-4db4-b7fc-1e2046658ca4?fields=segments => generated 14 bytes in 31 msecs (HTTP/1.1 200) 4 headers in 156 bytes (1 switches on core 0)
2026-09-07 19:36:05.646 8 INFO neutron.plugins.ml2.drivers.ovn.mech_driver.mech_driver [None req-3baebdab-a220-4be3-84bb-69007d14c5aa - - - - - -] OVN reports status down for port: 5a444f4b-839b-4c3d-912e-79b2e9f35a97
2026-09-07 19:36:05.676 7 INFO neutron.db.ovn_revision_numbers_db [None req-a8b5d9b4-09bb-475a-bb88-56362eeb2cf0 b331cedc0e3c47d1b1391cdc24c579f6 b942d7f59bf64cb4a87d1b6a6de25c41 - - default default] Successfully bumped revision number for resource 5a444f4b-839b-4c3d-912e-79b2e9f35a97 (type: ports) to 1
2026-09-07 19:36:05.769 8 INFO neutron.db.ovn_revision_numbers_db [None req-c3eb5168-2104-484b-8471-1f796a7b320d 2eb0c4d25b514c398a9dc1e6cf15412b 9e08e3cb801446b592529bf2864b1f9b - - default default] Successfully bumped revision number for resource 41ec7132-adb6-4024-922a-fb9551ac9b3c (type: security_group_rules) to 0 [pid: 8|app: 0|req: 738/1353] 10.0.0.251 () {34 vars in 695 bytes} [Mon Sep 7 19:36:05 2026] POST /v2.0/security-group-rules => generated 602 bytes in 174 msecs (HTTP/1.1 201) 4 headers in 162 bytes (1 switches on core 0) [pid: 8|app: 0|req: 739/1354] 10.0.0.30 () {28 vars in 590 bytes} [Mon Sep 7 19:36:05 2026] GET /v2.0/floatingips => generated 555 bytes in 19 msecs (HTTP/1.1 200) 4 headers in 157 bytes (1 switches on core 0)
2026-09-07 19:36:06.144 8 INFO neutron.plugins.ml2.drivers.ovn.mech_driver.mech_driver [None req-3baebdab-a220-4be3-84bb-69007d14c5aa - - - - - -] OVN reports status up for port: 5a444f4b-839b-4c3d-912e-79b2e9f35a97
2026-09-07 19:36:06.152 8 WARNING neutron.scheduler.dhcp_agent_scheduler [None req-3bcbac48-5d97-4d31-8841-0cdaccd1746c 5e51caba3cde41be9a5cb70efe0e6ff3 acabe96c5bfa4ce08717d21f770c4f06 - - default default] No more DHCP agents
2026-09-07 19:36:06.155 8 WARNING neutron.api.rpc.agentnotifiers.dhcp_rpc_agent_api [None req-3bcbac48-5d97-4d31-8841-0cdaccd1746c 5e51caba3cde41be9a5cb70efe0e6ff3 acabe96c5bfa4ce08717d21f770c4f06 - - default default] Unable to schedule network de0a0c6e-29b7-47f1-954a-e71c29b91abb: no agents available; will retry on subsequent port and subnet creation events.
2026-09-07 19:36:06.171 8 INFO neutron.plugins.ml2.plugin [None req-3baebdab-a220-4be3-84bb-69007d14c5aa - - - - - -] Attempt 1 to provision port 5a444f4b-839b-4c3d-912e-79b2e9f35a97
2026-09-07 19:36:06.262 7 WARNING neutron.scheduler.dhcp_agent_scheduler [None req-a8b5d9b4-09bb-475a-bb88-56362eeb2cf0 b331cedc0e3c47d1b1391cdc24c579f6 b942d7f59bf64cb4a87d1b6a6de25c41 - - default default] No more DHCP agents
2026-09-07 19:36:06.263 7 WARNING neutron.api.rpc.agentnotifiers.dhcp_rpc_agent_api [None req-a8b5d9b4-09bb-475a-bb88-56362eeb2cf0 b331cedc0e3c47d1b1391cdc24c579f6 b942d7f59bf64cb4a87d1b6a6de25c41 - - default default] Unable to schedule network ff03c0fd-443e-4d54-af32-8f953e64d75d: no agents available; will retry on subsequent port and subnet creation events.
2026-09-07 19:36:06.441 7 INFO neutron.db.ovn_revision_numbers_db [None req-a8b5d9b4-09bb-475a-bb88-56362eeb2cf0 b331cedc0e3c47d1b1391cdc24c579f6 b942d7f59bf64cb4a87d1b6a6de25c41 - - default default] Successfully bumped revision number for resource 5a444f4b-839b-4c3d-912e-79b2e9f35a97 (type: router_ports) to 1 [pid: 7|app: 0|req: 616/1355] 10.0.0.251 () {34 vars in 783 bytes} [Mon Sep 7 19:36:05 2026] PUT /v2.0/routers/7a076906-a591-4559-bf39-1a3482531577/add_router_interface => generated 309 bytes in 1134 msecs (HTTP/1.1 200) 4 headers in 157 bytes (1 switches on core 0)
2026-09-07 19:36:06.449 8 INFO neutron.db.ovn_revision_numbers_db [None req-3bcbac48-5d97-4d31-8841-0cdaccd1746c 5e51caba3cde41be9a5cb70efe0e6ff3 acabe96c5bfa4ce08717d21f770c4f06 - - default default] Successfully bumped revision number for resource ed2ae5dc-9c66-4828-889f-8240234218f5 (type: ports) to 1 [pid: 7|app: 0|req: 617/1356] 10.0.0.169 () {34 vars in 1108 bytes} [Mon Sep 7 19:36:06 2026] GET /v2.0/networks/b9885dc1-c1ed-4db4-b7fc-1e2046658ca4?fields=provider%3Aphysical_network&fields=provider%3Anetwork_type => generated 79 bytes in 31 msecs (HTTP/1.1 200) 4 headers in 156 bytes (1 switches on core 0)
2026-09-07 19:36:06.669 7 WARNING neutron.scheduler.dhcp_agent_scheduler [None req-41339d0c-b035-49ee-8b0d-8cf7b3c28d68 2eb0c4d25b514c398a9dc1e6cf15412b 9e08e3cb801446b592529bf2864b1f9b - - default default] No more DHCP agents
2026-09-07 19:36:06.671 7 WARNING neutron.api.rpc.agentnotifiers.dhcp_rpc_agent_api [None req-41339d0c-b035-49ee-8b0d-8cf7b3c28d68 2eb0c4d25b514c398a9dc1e6cf15412b 9e08e3cb801446b592529bf2864b1f9b - - default default] Unable to schedule network de0a0c6e-29b7-47f1-954a-e71c29b91abb: no agents available; will retry on subsequent port and subnet creation events. [pid: 7|app: 0|req: 618/1357] 10.0.0.251 () {34 vars in 676 bytes} [Mon Sep 7 19:36:06 2026] POST /v2.0/floatingips => generated 552 bytes in 464 msecs (HTTP/1.1 201) 4 headers in 162 bytes (1 switches on core 0) [pid: 7|app: 0|req: 619/1358] 10.0.0.30 () {28 vars in 580 bytes} [Mon Sep 7 19:36:06 2026] GET /v2.0/agents => generated 1214 bytes in 20 msecs (HTTP/1.1 200) 4 headers in 158 bytes (1 switches on core 0)
2026-09-07 19:36:07.018 8 INFO neutron.db.ovn_revision_numbers_db [None req-3baebdab-a220-4be3-84bb-69007d14c5aa - - - - - -] Successfully bumped revision number for resource 5a444f4b-839b-4c3d-912e-79b2e9f35a97 (type: ports) to 2 [pid: 7|app: 0|req: 620/1359] 10.0.0.251 () {32 vars in 717 bytes} [Mon Sep 7 19:36:06 2026] GET /v2.0/ports/5a444f4b-839b-4c3d-912e-79b2e9f35a97 => generated 943 bytes in 69 msecs (HTTP/1.1 200) 4 headers in 157 bytes (1 switches on core 0) [pid: 7|app: 0|req: 621/1360] 10.0.0.169 () {34 vars in 990 bytes} [Mon Sep 7 19:36:07 2026] GET /v2.0/ports?device_id=c11b6a93-21c7-44c9-bbe1-b14298d6676a => generated 12 bytes in 15 msecs (HTTP/1.1 200) 4 headers in 156 bytes (1 switches on core 0) [pid: 7|app: 0|req: 622/1361] 10.0.0.30 () {28 vars in 582 bytes} [Mon Sep 7 19:36:07 2026] GET /v2.0/subnets => generated 5289 bytes in 54 msecs (HTTP/1.1 200) 4 headers in 158 bytes (1 switches on core 0)
2026-09-07 19:36:07.196 8 INFO neutron.plugins.ml2.drivers.ovn.mech_driver.mech_driver [None req-6b6575d3-bab9-482c-a0a9-d788ae50e9df - - - - - -] OVN reports status down for port: ed2ae5dc-9c66-4828-889f-8240234218f5
2026-09-07 19:36:07.502 8 INFO neutron.db.ovn_revision_numbers_db [None req-6b6575d3-bab9-482c-a0a9-d788ae50e9df - - - - - -] Successfully bumped revision number for resource 5a444f4b-839b-4c3d-912e-79b2e9f35a97 (type: router_ports) to 2
2026-09-07 19:36:07.513 7 WARNING neutron.scheduler.dhcp_agent_scheduler [None req-30b7799c-dc2b-4a68-b6a4-c82f4bbfdbca b331cedc0e3c47d1b1391cdc24c579f6 b942d7f59bf64cb4a87d1b6a6de25c41 - - default default] No more DHCP agents
2026-09-07 19:36:07.514 7 WARNING neutron.api.rpc.agentnotifiers.dhcp_rpc_agent_api [None req-30b7799c-dc2b-4a68-b6a4-c82f4bbfdbca b331cedc0e3c47d1b1391cdc24c579f6 b942d7f59bf64cb4a87d1b6a6de25c41 - - default default] Unable to schedule network 688f5275-5bdd-409e-ba79-006b2fa19c89: no agents available; will retry on subsequent port and subnet creation events.
2026-09-07 19:36:07.589 7 INFO neutron.plugins.ml2.drivers.ovn.mech_driver.mech_driver [None req-b80ee617-b46b-443d-ade6-f01a1b5374fc - - - - - -] OVN reports status down for port: 8fa3687d-c01d-4d3a-8d85-fa33d9205114
2026-09-07 19:36:07.655 8 INFO neutron.plugins.ml2.drivers.ovn.mech_driver.ovsdb.commands [None req-46b5d3c9-2a6c-4ab6-8b19-6038d79b83e1 - - - - - -] Schedule LRP lrp-ed2ae5dc-9c66-4828-889f-8240234218f5 on gateway 863a3593-4e32-401c-95cd-95814fcfbb31 with priority 1
2026-09-07 19:36:07.680 8 INFO neutron.plugins.ml2.drivers.ovn.mech_driver.mech_driver [None req-6b6575d3-bab9-482c-a0a9-d788ae50e9df - - - - - -] OVN reports status up for port: ed2ae5dc-9c66-4828-889f-8240234218f5
2026-09-07 19:36:07.707 7 INFO neutron.plugins.ml2.drivers.ovn.mech_driver.ovsdb.ovsdb_monitor [None req-eaeb8526-95cc-43e7-a563-5a60ced93dcc - - - - - -] Router 3192096d-0d98-4656-af9a-84f4cfa951dc is bound to host instance
2026-09-07 19:36:07.722 8 INFO neutron.plugins.ml2.plugin [None req-6b6575d3-bab9-482c-a0a9-d788ae50e9df - - - - - -] Attempt 1 to provision port ed2ae5dc-9c66-4828-889f-8240234218f5
2026-09-07 19:36:07.729 7 INFO neutron.db.ovn_revision_numbers_db [None req-30b7799c-dc2b-4a68-b6a4-c82f4bbfdbca b331cedc0e3c47d1b1391cdc24c579f6 b942d7f59bf64cb4a87d1b6a6de25c41 - - default default] Successfully bumped revision number for resource 8fa3687d-c01d-4d3a-8d85-fa33d9205114 (type: ports) to 1
2026-09-07 19:36:07.753 8 INFO neutron.db.ovn_revision_numbers_db [None req-3bcbac48-5d97-4d31-8841-0cdaccd1746c 5e51caba3cde41be9a5cb70efe0e6ff3 acabe96c5bfa4ce08717d21f770c4f06 - - default default] Successfully bumped revision number for resource ed2ae5dc-9c66-4828-889f-8240234218f5 (type: router_ports) to 1
2026-09-07 19:36:07.892 8 INFO neutron.db.ovn_revision_numbers_db [None req-3bcbac48-5d97-4d31-8841-0cdaccd1746c 5e51caba3cde41be9a5cb70efe0e6ff3 acabe96c5bfa4ce08717d21f770c4f06 - - default default] Successfully bumped revision number for resource 3192096d-0d98-4656-af9a-84f4cfa951dc (type: routers) to 2 [pid: 8|app: 0|req: 740/1362] 10.0.0.251 () {34 vars in 669 bytes} [Mon Sep 7 19:36:05 2026] POST /v2.0/routers => generated 971 bytes in 2115 msecs (HTTP/1.1 201) 4 headers in 162 bytes (1 switches on core 0) [pid: 8|app: 0|req: 741/1363] 10.0.0.30 () {28 vars in 578 bytes} [Mon Sep 7 19:36:07 2026] GET /v2.0/ports => generated 23098 bytes in 147 msecs (HTTP/1.1 200) 4 headers in 159 bytes (1 switches on core 0) [pid: 8|app: 0|req: 742/1364] 10.0.0.169 () {34 vars in 1100 bytes} [Mon Sep 7 19:36:08 2026] GET /v2.0/security-groups?name=tempest-securitygroup--1870675377&fields=id&tenant_id=9e08e3cb801446b592529bf2864b1f9b => generated 69 bytes in 23 msecs (HTTP/1.1 200) 4 headers in 156 bytes (1 switches on core 0)
2026-09-07 19:36:08.649 7 INFO neutron.plugins.ml2.drivers.ovn.mech_driver.mech_driver [None req-b80ee617-b46b-443d-ade6-f01a1b5374fc - - - - - -] OVN reports status up for port: 8fa3687d-c01d-4d3a-8d85-fa33d9205114
2026-09-07 19:36:08.702 7 INFO neutron.plugins.ml2.plugin [None req-b80ee617-b46b-443d-ade6-f01a1b5374fc - - - - - -] Attempt 1 to provision port 8fa3687d-c01d-4d3a-8d85-fa33d9205114
2026-09-07 19:36:08.904 7 WARNING neutron.scheduler.dhcp_agent_scheduler [None req-30b7799c-dc2b-4a68-b6a4-c82f4bbfdbca b331cedc0e3c47d1b1391cdc24c579f6 b942d7f59bf64cb4a87d1b6a6de25c41 - - default default] No more DHCP agents
2026-09-07 19:36:08.920 7 WARNING neutron.api.rpc.agentnotifiers.dhcp_rpc_agent_api [None req-30b7799c-dc2b-4a68-b6a4-c82f4bbfdbca b331cedc0e3c47d1b1391cdc24c579f6 b942d7f59bf64cb4a87d1b6a6de25c41 - - default default] Unable to schedule network 688f5275-5bdd-409e-ba79-006b2fa19c89: no agents available; will retry on subsequent port and subnet creation events.
2026-09-07 19:36:09.046 8 WARNING neutron.scheduler.dhcp_agent_scheduler [None req-43406ef3-3dc2-41c4-a1e4-57d444bfa725 5e51caba3cde41be9a5cb70efe0e6ff3 acabe96c5bfa4ce08717d21f770c4f06 - - default default] No more DHCP agents
2026-09-07 19:36:09.048 8 WARNING neutron.api.rpc.agentnotifiers.dhcp_rpc_agent_api [None req-43406ef3-3dc2-41c4-a1e4-57d444bfa725 5e51caba3cde41be9a5cb70efe0e6ff3 acabe96c5bfa4ce08717d21f770c4f06 - - default default] Unable to schedule network 5e31c423-8558-4803-bc9a-c87a2bf76398: no agents available; will retry on subsequent port and subnet creation events.
2026-09-07 19:36:09.191 8 INFO neutron.db.ovn_revision_numbers_db [None req-43406ef3-3dc2-41c4-a1e4-57d444bfa725 5e51caba3cde41be9a5cb70efe0e6ff3 acabe96c5bfa4ce08717d21f770c4f06 - - default default] Successfully bumped revision number for resource 1a85bfc4-9cbd-4f27-93ca-f799847bb812 (type: ports) to 1
2026-09-07 19:36:09.520 7 INFO neutron.db.ovn_revision_numbers_db [None req-30b7799c-dc2b-4a68-b6a4-c82f4bbfdbca b331cedc0e3c47d1b1391cdc24c579f6 b942d7f59bf64cb4a87d1b6a6de25c41 - - default default] Successfully bumped revision number for resource 8fa3687d-c01d-4d3a-8d85-fa33d9205114 (type: router_ports) to 1 [pid: 7|app: 0|req: 623/1365] 10.0.0.251 () {34 vars in 783 bytes} [Mon Sep 7 19:36:07 2026] PUT /v2.0/routers/7a076906-a591-4559-bf39-1a3482531577/add_router_interface => generated 309 bytes in 2433 msecs (HTTP/1.1 200) 4 headers in 157 bytes (1 switches on core 0)
2026-09-07 19:36:09.746 7 INFO neutron.db.ovn_revision_numbers_db [None req-b80ee617-b46b-443d-ade6-f01a1b5374fc - - - - - -] Successfully bumped revision number for resource 8fa3687d-c01d-4d3a-8d85-fa33d9205114 (type: ports) to 2
2026-09-07 19:36:09.801 7 INFO neutron.db.ovn_revision_numbers_db [None req-b23ed931-fb48-42d6-98d9-940cc3268dc0 - - - - - -] Successfully bumped revision number for resource ed2ae5dc-9c66-4828-889f-8240234218f5 (type: ports) to 4 [pid: 7|app: 0|req: 624/1366] 10.0.0.30 () {28 vars in 582 bytes} [Mon Sep 7 19:36:09 2026] GET /v2.0/routers => generated 4472 bytes in 276 msecs (HTTP/1.1 200) 4 headers in 158 bytes (1 switches on core 0)
2026-09-07 19:36:09.836 8 WARNING neutron.scheduler.dhcp_agent_scheduler [None req-43406ef3-3dc2-41c4-a1e4-57d444bfa725 5e51caba3cde41be9a5cb70efe0e6ff3 acabe96c5bfa4ce08717d21f770c4f06 - - default default] No more DHCP agents
2026-09-07 19:36:09.837 8 WARNING neutron.api.rpc.agentnotifiers.dhcp_rpc_agent_api [None req-43406ef3-3dc2-41c4-a1e4-57d444bfa725 5e51caba3cde41be9a5cb70efe0e6ff3 acabe96c5bfa4ce08717d21f770c4f06 - - default default] Unable to schedule network 5e31c423-8558-4803-bc9a-c87a2bf76398: no agents available; will retry on subsequent port and subnet creation events. [pid: 7|app: 0|req: 625/1367] 10.0.0.169 () {34 vars in 982 bytes} [Mon Sep 7 19:36:09 2026] GET /v2.0/networks?id=8fd7baac-2bfb-4d69-b501-c088f5ef94b7 => generated 670 bytes in 161 msecs (HTTP/1.1 200) 4 headers in 157 bytes (1 switches on core 0)
2026-09-07 19:36:09.975 7 INFO neutron.plugins.ml2.drivers.ovn.mech_driver.mech_driver [None req-c553563b-c8dd-4bcd-885a-344763dc2128 - - - - - -] OVN reports status down for port: 1a85bfc4-9cbd-4f27-93ca-f799847bb812 [pid: 7|app: 0|req: 626/1368] 10.0.0.169 () {34 vars in 990 bytes} [Mon Sep 7 19:36:09 2026] GET /v2.0/ports?device_id=c11b6a93-21c7-44c9-bbe1-b14298d6676a => generated 12 bytes in 75 msecs (HTTP/1.1 200) 4 headers in 156 bytes (1 switches on core 0)
