2026-09-07 19:35:35.161 7 INFO neutron.db.segments_db [None req-b1c49e84-dcea-4a44-b49a-87954d39e625 72f78af188c74e13982c169b35ad3a47 d25c217c149c4f9da313cd98fb95e4e2 - - default default] Added segment 2f3db3bd-b3b7-4647-9b56-dba3c889906e of type geneve for network 498c5e63-f767-467e-b15a-63f5d95b7e1b
2026-09-07 19:35:35.303 7 INFO neutron.db.ovn_revision_numbers_db [None req-b1c49e84-dcea-4a44-b49a-87954d39e625 72f78af188c74e13982c169b35ad3a47 d25c217c149c4f9da313cd98fb95e4e2 - - default default] Successfully bumped revision number for resource 498c5e63-f767-467e-b15a-63f5d95b7e1b (type: networks) to 1
2026-09-07 19:35:35.478 7 WARNING neutron.scheduler.dhcp_agent_scheduler [None req-b1c49e84-dcea-4a44-b49a-87954d39e625 72f78af188c74e13982c169b35ad3a47 d25c217c149c4f9da313cd98fb95e4e2 - - default default] No more DHCP agents
2026-09-07 19:35:35.487 7 WARNING neutron.api.rpc.agentnotifiers.dhcp_rpc_agent_api [None req-b1c49e84-dcea-4a44-b49a-87954d39e625 72f78af188c74e13982c169b35ad3a47 d25c217c149c4f9da313cd98fb95e4e2 - - default default] Unable to schedule network 498c5e63-f767-467e-b15a-63f5d95b7e1b: no agents available; will retry on subsequent port and subnet creation events.
2026-09-07 19:35:35.580 8 INFO neutron.plugins.ml2.drivers.ovn.mech_driver.mech_driver [None req-cb995c5a-825f-44fd-9663-8e341a354c45 - - - - - -] OVN reports status down for port: f9633b26-fef9-4ea2-a5e2-20682cbabccf
2026-09-07 19:35:35.599 7 INFO neutron.db.ovn_revision_numbers_db [None req-b1c49e84-dcea-4a44-b49a-87954d39e625 72f78af188c74e13982c169b35ad3a47 d25c217c149c4f9da313cd98fb95e4e2 - - default default] Successfully bumped revision number for resource f9633b26-fef9-4ea2-a5e2-20682cbabccf (type: ports) to 1 /var/lib/openstack/lib/python3.12/site-packages/pycadf/identifier.py:70: UserWarning: Invalid uuid: neutron. To ensure interoperability, identifiers should be a valid uuid. warnings.warn(('Invalid uuid: %s. To ensure interoperability, ' [pid: 7|app: 0|req: 544/1205] 10.0.0.251 () {34 vars in 670 bytes} [Mon Sep 7 19:35:35 2026] POST /v2.0/networks => generated 650 bytes in 563 msecs (HTTP/1.1 201) 4 headers in 162 bytes (1 switches on core 0)
2026-09-07 19:35:35.725 7 INFO neutron.db.segments_db [None req-df1c6786-b13a-4808-81c3-60210d3594cc 72f78af188c74e13982c169b35ad3a47 d25c217c149c4f9da313cd98fb95e4e2 - - default default] Added segment aff3befc-549e-4fd3-b8f8-6122d80bfd43 of type geneve for network 175257c7-56cd-43d4-9026-04da852658b6 [pid: 8|app: 0|req: 662/1206] 10.0.0.169 () {34 vars in 990 bytes} [Mon Sep 7 19:35:35 2026] GET /v2.0/ports?device_id=463aebdd-4c54-4bed-9ac1-774ea0a01510 => generated 971 bytes in 136 msecs (HTTP/1.1 200) 4 headers in 157 bytes (1 switches on core 0) [pid: 8|app: 0|req: 663/1207] 10.0.0.169 () {34 vars in 1040 bytes} [Mon Sep 7 19:35:35 2026] GET /v2.0/security-groups?id=c25f8d7c-3586-4ee3-b2ba-c246d3c9a66a&fields=id&fields=name => generated 113 bytes in 44 msecs (HTTP/1.1 200) 4 headers in 157 bytes (1 switches on core 0)
2026-09-07 19:35:35.854 7 INFO neutron.db.ovn_revision_numbers_db [None req-df1c6786-b13a-4808-81c3-60210d3594cc 72f78af188c74e13982c169b35ad3a47 d25c217c149c4f9da313cd98fb95e4e2 - - default default] Successfully bumped revision number for resource 175257c7-56cd-43d4-9026-04da852658b6 (type: networks) to 1
2026-09-07 19:35:36.014 7 WARNING neutron.scheduler.dhcp_agent_scheduler [None req-df1c6786-b13a-4808-81c3-60210d3594cc 72f78af188c74e13982c169b35ad3a47 d25c217c149c4f9da313cd98fb95e4e2 - - default default] No more DHCP agents
2026-09-07 19:35:36.015 7 WARNING neutron.api.rpc.agentnotifiers.dhcp_rpc_agent_api [None req-df1c6786-b13a-4808-81c3-60210d3594cc 72f78af188c74e13982c169b35ad3a47 d25c217c149c4f9da313cd98fb95e4e2 - - default default] Unable to schedule network 175257c7-56cd-43d4-9026-04da852658b6: no agents available; will retry on subsequent port and subnet creation events.
2026-09-07 19:35:36.068 8 INFO neutron.plugins.ml2.drivers.ovn.mech_driver.mech_driver [None req-cb995c5a-825f-44fd-9663-8e341a354c45 - - - - - -] OVN reports status down for port: fd2d0065-e132-4955-9295-5fcdee531533
2026-09-07 19:35:36.092 7 INFO neutron.db.ovn_revision_numbers_db [None req-df1c6786-b13a-4808-81c3-60210d3594cc 72f78af188c74e13982c169b35ad3a47 d25c217c149c4f9da313cd98fb95e4e2 - - default default] Successfully bumped revision number for resource fd2d0065-e132-4955-9295-5fcdee531533 (type: ports) to 1 [pid: 7|app: 0|req: 545/1208] 10.0.0.251 () {34 vars in 670 bytes} [Mon Sep 7 19:35:35 2026] POST /v2.0/networks => generated 649 bytes in 493 msecs (HTTP/1.1 201) 4 headers in 162 bytes (1 switches on core 0) [pid: 7|app: 0|req: 546/1209] 10.0.0.18 () {30 vars in 649 bytes} [Mon Sep 7 19:35:36 2026] GET /v2.0/extensions => generated 20118 bytes in 13 msecs (HTTP/1.1 200) 4 headers in 159 bytes (1 switches on core 0) [pid: 7|app: 0|req: 547/1210] 10.0.0.18 () {30 vars in 723 bytes} [Mon Sep 7 19:35:36 2026] GET /v2.0/quotas/77965520dd4b4b50a84edb54ff7d566f/details => generated 847 bytes in 118 msecs (HTTP/1.1 200) 4 headers in 157 bytes (1 switches on core 0)
2026-09-07 19:35:36.567 8 WARNING neutron.scheduler.dhcp_agent_scheduler [None req-96611e7b-8618-4afe-acf7-99ce5d7ef31d 72f78af188c74e13982c169b35ad3a47 d25c217c149c4f9da313cd98fb95e4e2 - - default default] No more DHCP agents
2026-09-07 19:35:36.568 8 WARNING neutron.api.rpc.agentnotifiers.dhcp_rpc_agent_api [None req-96611e7b-8618-4afe-acf7-99ce5d7ef31d 72f78af188c74e13982c169b35ad3a47 d25c217c149c4f9da313cd98fb95e4e2 - - default default] Unable to schedule network 498c5e63-f767-467e-b15a-63f5d95b7e1b: no agents available; will retry on subsequent port and subnet creation events.
2026-09-07 19:35:36.648 7 INFO neutron.plugins.ml2.drivers.ovn.mech_driver.mech_driver [None req-dee694da-ded1-4e50-a55f-b1a5456feba7 - - - - - -] OVN reports status down for port: 970af720-7b26-4743-823e-dd9620f91dd3
2026-09-07 19:35:36.684 8 INFO neutron.db.ovn_revision_numbers_db [None req-96611e7b-8618-4afe-acf7-99ce5d7ef31d 72f78af188c74e13982c169b35ad3a47 d25c217c149c4f9da313cd98fb95e4e2 - - default default] Successfully bumped revision number for resource 970af720-7b26-4743-823e-dd9620f91dd3 (type: ports) to 1
2026-09-07 19:35:36.728 8 WARNING neutron.scheduler.dhcp_agent_scheduler [None req-96611e7b-8618-4afe-acf7-99ce5d7ef31d 72f78af188c74e13982c169b35ad3a47 d25c217c149c4f9da313cd98fb95e4e2 - - default default] No more DHCP agents
2026-09-07 19:35:36.729 8 WARNING neutron.api.rpc.agentnotifiers.dhcp_rpc_agent_api [None req-96611e7b-8618-4afe-acf7-99ce5d7ef31d 72f78af188c74e13982c169b35ad3a47 d25c217c149c4f9da313cd98fb95e4e2 - - default default] Unable to schedule network 175257c7-56cd-43d4-9026-04da852658b6: no agents available; will retry on subsequent port and subnet creation events.
2026-09-07 19:35:36.805 7 INFO neutron.plugins.ml2.drivers.ovn.mech_driver.mech_driver [None req-dee694da-ded1-4e50-a55f-b1a5456feba7 - - - - - -] OVN reports status down for port: 9e696f51-d479-437a-8675-424a354a33f6
2026-09-07 19:35:36.836 8 INFO neutron.db.ovn_revision_numbers_db [None req-96611e7b-8618-4afe-acf7-99ce5d7ef31d 72f78af188c74e13982c169b35ad3a47 d25c217c149c4f9da313cd98fb95e4e2 - - default default] Successfully bumped revision number for resource 9e696f51-d479-437a-8675-424a354a33f6 (type: ports) to 1
2026-09-07 19:35:36.905 8 INFO neutron.notifiers.nova [-] Nova event matching ['req-e1ce3b2a-8fc3-452b-b9d7-28764437d27f'] response: {'server_uuid': '463aebdd-4c54-4bed-9ac1-774ea0a01510', 'name': 'network-vif-plugged', 'status': 'completed', 'tag': '05516a3a-cc0a-499c-963e-3d6828dc7d42', 'code': 200} [pid: 7|app: 0|req: 548/1211] 10.0.0.169 () {34 vars in 990 bytes} [Mon Sep 7 19:35:36 2026] GET /v2.0/ports?device_id=463aebdd-4c54-4bed-9ac1-774ea0a01510 => generated 971 bytes in 72 msecs (HTTP/1.1 200) 4 headers in 157 bytes (1 switches on core 0) [pid: 8|app: 0|req: 664/1212] 10.0.0.251 () {34 vars in 665 bytes} [Mon Sep 7 19:35:36 2026] POST /v2.0/ports => generated 1505 bytes in 823 msecs (HTTP/1.1 201) 4 headers in 163 bytes (1 switches on core 0) /var/lib/openstack/lib/python3.12/site-packages/pycadf/identifier.py:70: UserWarning: Invalid uuid: neutron. To ensure interoperability, identifiers should be a valid uuid. warnings.warn(('Invalid uuid: %s. To ensure interoperability, ' [pid: 8|app: 0|req: 665/1213] 10.0.0.169 () {34 vars in 1040 bytes} [Mon Sep 7 19:35:36 2026] GET /v2.0/security-groups?id=c25f8d7c-3586-4ee3-b2ba-c246d3c9a66a&fields=id&fields=name => generated 113 bytes in 37 msecs (HTTP/1.1 200) 4 headers in 157 bytes (1 switches on core 0) [pid: 7|app: 0|req: 549/1214] 10.0.0.251 () {32 vars in 643 bytes} [Mon Sep 7 19:35:36 2026] GET /v2.0/ports => generated 3017 bytes in 115 msecs (HTTP/1.1 200) 4 headers in 158 bytes (1 switches on core 0) [pid: 8|app: 0|req: 666/1215] 10.0.0.169 () {34 vars in 990 bytes} [Mon Sep 7 19:35:37 2026] GET /v2.0/ports?device_id=463aebdd-4c54-4bed-9ac1-774ea0a01510 => generated 971 bytes in 64 msecs (HTTP/1.1 200) 4 headers in 157 bytes (1 switches on core 0)
2026-09-07 19:35:37.217 7 INFO neutron_taas.services.taas.taas_plugin [None req-c5d6b65e-42da-476f-a9fb-6154c79f5816 72f78af188c74e13982c169b35ad3a47 d25c217c149c4f9da313cd98fb95e4e2 - - default default] TaaS: Handle Delete Port: 970af720-7b26-4743-823e-dd9620f91dd3
2026-09-07 19:35:37.220 7 INFO neutron_taas.services.taas.tap_mirror_plugin [None req-c5d6b65e-42da-476f-a9fb-6154c79f5816 72f78af188c74e13982c169b35ad3a47 d25c217c149c4f9da313cd98fb95e4e2 - - default default] Tap Mirror: Handle Delete Port: 970af720-7b26-4743-823e-dd9620f91dd3 [pid: 7|app: 0|req: 550/1216] 10.0.0.251 () {32 vars in 720 bytes} [Mon Sep 7 19:35:37 2026] DELETE /v2.0/ports/970af720-7b26-4743-823e-dd9620f91dd3 => generated 0 bytes in 315 msecs (HTTP/1.1 204) 3 headers in 131 bytes (1 switches on core 0)
2026-09-07 19:35:37.520 7 INFO neutron_taas.services.taas.taas_plugin [None req-932e9946-6f8b-46a0-a802-8a0b475cc490 72f78af188c74e13982c169b35ad3a47 d25c217c149c4f9da313cd98fb95e4e2 - - default default] TaaS: Handle Delete Port: 9e696f51-d479-437a-8675-424a354a33f6
2026-09-07 19:35:37.523 7 INFO neutron_taas.services.taas.tap_mirror_plugin [None req-932e9946-6f8b-46a0-a802-8a0b475cc490 72f78af188c74e13982c169b35ad3a47 d25c217c149c4f9da313cd98fb95e4e2 - - default default] Tap Mirror: Handle Delete Port: 9e696f51-d479-437a-8675-424a354a33f6
2026-09-07 19:35:37.679 8 INFO neutron.db.ovn_revision_numbers_db [None req-df1f01d1-141b-4eb1-9ae5-f3e6635277f1 f88a11691e4d4b00911c8fe89b5b6469 af54389d248a4b2ca96b3f197e639bd2 - - default default] Successfully bumped revision number for resource b6e5597a-b665-4e5e-95fb-16f58bd03338 (type: floatingips) to 1 [pid: 7|app: 0|req: 551/1217] 10.0.0.251 () {32 vars in 720 bytes} [Mon Sep 7 19:35:37 2026] DELETE /v2.0/ports/9e696f51-d479-437a-8675-424a354a33f6 => generated 0 bytes in 298 msecs (HTTP/1.1 204) 3 headers in 131 bytes (1 switches on core 0) /var/lib/openstack/lib/python3.12/site-packages/pycadf/identifier.py:70: UserWarning: Invalid uuid: neutron. To ensure interoperability, identifiers should be a valid uuid. warnings.warn(('Invalid uuid: %s. To ensure interoperability, ' [pid: 7|app: 0|req: 552/1218] 10.0.0.251 () {32 vars in 643 bytes} [Mon Sep 7 19:35:37 2026] GET /v2.0/ports => generated 1523 bytes in 45 msecs (HTTP/1.1 200) 4 headers in 158 bytes (1 switches on core 0)
2026-09-07 19:35:37.793 8 INFO neutron.db.ovn_revision_numbers_db [None req-df1f01d1-141b-4eb1-9ae5-f3e6635277f1 f88a11691e4d4b00911c8fe89b5b6469 af54389d248a4b2ca96b3f197e639bd2 - - default default] Successfully bumped revision number for resource b6e5597a-b665-4e5e-95fb-16f58bd03338 (type: floatingips) to 2
2026-09-07 19:35:37.793 8 INFO neutron.db.l3_db [None req-df1f01d1-141b-4eb1-9ae5-f3e6635277f1 f88a11691e4d4b00911c8fe89b5b6469 af54389d248a4b2ca96b3f197e639bd2 - - default default] Floating IP b6e5597a-b665-4e5e-95fb-16f58bd03338 associated. External IP: 10.96.250.209, port: 05516a3a-cc0a-499c-963e-3d6828dc7d42. [pid: 8|app: 0|req: 667/1219] 10.0.0.251 () {34 vars in 749 bytes} [Mon Sep 7 19:35:37 2026] PUT /v2.0/floatingips/b6e5597a-b665-4e5e-95fb-16f58bd03338 => generated 855 bytes in 689 msecs (HTTP/1.1 200) 4 headers in 157 bytes (1 switches on core 0)
2026-09-07 19:35:37.878 7 INFO neutron.db.segments_db [None req-6e4c2496-257e-49f8-b5e2-e5b9fb4fdffd 72f78af188c74e13982c169b35ad3a47 d25c217c149c4f9da313cd98fb95e4e2 - - default default] Added segment 0d930880-95c6-496e-b5fb-59902b7dd14a of type geneve for network ea2ec2aa-bf82-4a1a-894d-726908b0e4a3 [pid: 8|app: 0|req: 668/1220] 10.0.0.169 () {34 vars in 990 bytes} [Mon Sep 7 19:35:37 2026] GET /v2.0/ports?device_id=463aebdd-4c54-4bed-9ac1-774ea0a01510 => generated 971 bytes in 51 msecs (HTTP/1.1 200) 4 headers in 157 bytes (1 switches on core 0) [pid: 8|app: 0|req: 669/1221] 10.0.0.169 () {34 vars in 1040 bytes} [Mon Sep 7 19:35:37 2026] GET /v2.0/security-groups?id=c25f8d7c-3586-4ee3-b2ba-c246d3c9a66a&fields=id&fields=name => generated 113 bytes in 43 msecs (HTTP/1.1 200) 4 headers in 157 bytes (1 switches on core 0)
2026-09-07 19:35:38.030 7 INFO neutron.db.ovn_revision_numbers_db [None req-6e4c2496-257e-49f8-b5e2-e5b9fb4fdffd 72f78af188c74e13982c169b35ad3a47 d25c217c149c4f9da313cd98fb95e4e2 - - default default] Successfully bumped revision number for resource ea2ec2aa-bf82-4a1a-894d-726908b0e4a3 (type: networks) to 1
2026-09-07 19:35:38.190 7 WARNING neutron.scheduler.dhcp_agent_scheduler [None req-6e4c2496-257e-49f8-b5e2-e5b9fb4fdffd 72f78af188c74e13982c169b35ad3a47 d25c217c149c4f9da313cd98fb95e4e2 - - default default] No more DHCP agents
2026-09-07 19:35:38.191 7 WARNING neutron.api.rpc.agentnotifiers.dhcp_rpc_agent_api [None req-6e4c2496-257e-49f8-b5e2-e5b9fb4fdffd 72f78af188c74e13982c169b35ad3a47 d25c217c149c4f9da313cd98fb95e4e2 - - default default] Unable to schedule network ea2ec2aa-bf82-4a1a-894d-726908b0e4a3: no agents available; will retry on subsequent port and subnet creation events.
2026-09-07 19:35:38.267 8 INFO neutron.plugins.ml2.drivers.ovn.mech_driver.mech_driver [None req-cb995c5a-825f-44fd-9663-8e341a354c45 - - - - - -] OVN reports status down for port: cdbdc600-f215-40ac-bd80-4661a54279b2
2026-09-07 19:35:38.304 7 INFO neutron.db.ovn_revision_numbers_db [None req-6e4c2496-257e-49f8-b5e2-e5b9fb4fdffd 72f78af188c74e13982c169b35ad3a47 d25c217c149c4f9da313cd98fb95e4e2 - - default default] Successfully bumped revision number for resource cdbdc600-f215-40ac-bd80-4661a54279b2 (type: ports) to 1 [pid: 7|app: 0|req: 553/1222] 10.0.0.251 () {34 vars in 670 bytes} [Mon Sep 7 19:35:37 2026] POST /v2.0/networks => generated 649 bytes in 590 msecs (HTTP/1.1 201) 4 headers in 162 bytes (1 switches on core 0) [pid: 8|app: 0|req: 670/1223] 10.0.0.169 () {34 vars in 990 bytes} [Mon Sep 7 19:35:38 2026] GET /v2.0/ports?device_id=463aebdd-4c54-4bed-9ac1-774ea0a01510 => generated 971 bytes in 81 msecs (HTTP/1.1 200) 4 headers in 157 bytes (1 switches on core 0) [pid: 8|app: 0|req: 671/1224] 10.0.0.169 () {34 vars in 1040 bytes} [Mon Sep 7 19:35:38 2026] GET /v2.0/security-groups?id=c25f8d7c-3586-4ee3-b2ba-c246d3c9a66a&fields=id&fields=name => generated 113 bytes in 22 msecs (HTTP/1.1 200) 4 headers in 157 bytes (1 switches on core 0)
2026-09-07 19:35:38.433 7 INFO neutron.db.segments_db [None req-c5cdfaf8-f999-43f0-8004-6a2ebb3885e6 72f78af188c74e13982c169b35ad3a47 d25c217c149c4f9da313cd98fb95e4e2 - - default default] Added segment f924a6fb-822e-4efd-9e05-bd54c55cc465 of type geneve for network d050a9c0-1aae-4175-b7a4-8171c04157b6
2026-09-07 19:35:38.635 7 INFO neutron.db.ovn_revision_numbers_db [None req-c5cdfaf8-f999-43f0-8004-6a2ebb3885e6 72f78af188c74e13982c169b35ad3a47 d25c217c149c4f9da313cd98fb95e4e2 - - default default] Successfully bumped revision number for resource d050a9c0-1aae-4175-b7a4-8171c04157b6 (type: networks) to 1
2026-09-07 19:35:38.770 8 INFO neutron.db.ovn_revision_numbers_db [None req-76b489da-d220-4fb1-b9e9-6fa201a93d31 5e51caba3cde41be9a5cb70efe0e6ff3 acabe96c5bfa4ce08717d21f770c4f06 - - default default] Successfully bumped revision number for resource 7af93a72-96f0-44d0-a5e0-6cd71d791e3a (type: security_groups) to 1
2026-09-07 19:35:38.782 8 INFO neutron.db.ovn_revision_numbers_db [None req-76b489da-d220-4fb1-b9e9-6fa201a93d31 5e51caba3cde41be9a5cb70efe0e6ff3 acabe96c5bfa4ce08717d21f770c4f06 - - default default] Successfully bumped revision number for resource 0e718aa6-613d-4db8-b54d-a8c9cda8847b (type: security_group_rules) to 0
2026-09-07 19:35:38.790 7 WARNING neutron.scheduler.dhcp_agent_scheduler [None req-c5cdfaf8-f999-43f0-8004-6a2ebb3885e6 72f78af188c74e13982c169b35ad3a47 d25c217c149c4f9da313cd98fb95e4e2 - - default default] No more DHCP agents
2026-09-07 19:35:38.791 7 WARNING neutron.api.rpc.agentnotifiers.dhcp_rpc_agent_api [None req-c5cdfaf8-f999-43f0-8004-6a2ebb3885e6 72f78af188c74e13982c169b35ad3a47 d25c217c149c4f9da313cd98fb95e4e2 - - default default] Unable to schedule network d050a9c0-1aae-4175-b7a4-8171c04157b6: no agents available; will retry on subsequent port and subnet creation events.
2026-09-07 19:35:38.792 8 INFO neutron.db.ovn_revision_numbers_db [None req-76b489da-d220-4fb1-b9e9-6fa201a93d31 5e51caba3cde41be9a5cb70efe0e6ff3 acabe96c5bfa4ce08717d21f770c4f06 - - default default] Successfully bumped revision number for resource 2ac6d758-3c78-463b-9091-2b304284b613 (type: security_group_rules) to 0
2026-09-07 19:35:38.801 8 INFO neutron.db.ovn_revision_numbers_db [None req-76b489da-d220-4fb1-b9e9-6fa201a93d31 5e51caba3cde41be9a5cb70efe0e6ff3 acabe96c5bfa4ce08717d21f770c4f06 - - default default] Successfully bumped revision number for resource 72c3fa88-0d1a-4999-8881-fd79138b0ae5 (type: security_group_rules) to 0
2026-09-07 19:35:38.815 8 INFO neutron.db.ovn_revision_numbers_db [None req-76b489da-d220-4fb1-b9e9-6fa201a93d31 5e51caba3cde41be9a5cb70efe0e6ff3 acabe96c5bfa4ce08717d21f770c4f06 - - default default] Successfully bumped revision number for resource 86813bd9-c322-431a-8913-76bbc0e9c897 (type: security_group_rules) to 0
2026-09-07 19:35:38.848 8 INFO neutron.plugins.ml2.drivers.ovn.mech_driver.mech_driver [None req-cb995c5a-825f-44fd-9663-8e341a354c45 - - - - - -] OVN reports status down for port: 42bbc086-6aa3-41c2-b1d3-d733ac694bb2
2026-09-07 19:35:38.870 7 INFO neutron.db.ovn_revision_numbers_db [None req-c5cdfaf8-f999-43f0-8004-6a2ebb3885e6 72f78af188c74e13982c169b35ad3a47 d25c217c149c4f9da313cd98fb95e4e2 - - default default] Successfully bumped revision number for resource 42bbc086-6aa3-41c2-b1d3-d733ac694bb2 (type: ports) to 1 [pid: 8|app: 0|req: 672/1225] 10.0.0.251 () {32 vars in 774 bytes} [Mon Sep 7 19:35:38 2026] GET /v2.0/security-groups?tenant_id=77965520dd4b4b50a84edb54ff7d566f&name=default => generated 2925 bytes in 357 msecs (HTTP/1.1 200) 4 headers in 158 bytes (1 switches on core 0) [pid: 7|app: 0|req: 554/1226] 10.0.0.251 () {34 vars in 670 bytes} [Mon Sep 7 19:35:38 2026] POST /v2.0/networks => generated 650 bytes in 546 msecs (HTTP/1.1 201) 4 headers in 162 bytes (1 switches on core 0) [pid: 8|app: 0|req: 673/1227] 10.0.0.251 () {32 vars in 740 bytes} [Mon Sep 7 19:35:38 2026] DELETE /v2.0/security-groups/7af93a72-96f0-44d0-a5e0-6cd71d791e3a => generated 0 bytes in 257 msecs (HTTP/1.1 204) 2 headers in 112 bytes (1 switches on core 0)
2026-09-07 19:35:39.168 8 INFO neutron.notifiers.nova [-] Nova event matching ['req-bfc27bf7-6add-4d8a-be77-6d151cc52d10'] response: {'name': 'network-changed', 'server_uuid': '463aebdd-4c54-4bed-9ac1-774ea0a01510', 'tag': '05516a3a-cc0a-499c-963e-3d6828dc7d42', 'status': 'completed', 'code': 200}
2026-09-07 19:35:39.351 7 WARNING neutron.scheduler.dhcp_agent_scheduler [None req-cd29f82e-f1b3-4242-ad4c-d16ba45c5098 72f78af188c74e13982c169b35ad3a47 d25c217c149c4f9da313cd98fb95e4e2 - - default default] No more DHCP agents
2026-09-07 19:35:39.353 8 INFO neutron.plugins.ml2.drivers.ovn.mech_driver.mech_driver [None req-cb995c5a-825f-44fd-9663-8e341a354c45 - - - - - -] OVN reports status down for port: 05516a3a-cc0a-499c-963e-3d6828dc7d42
2026-09-07 19:35:39.359 7 WARNING neutron.api.rpc.agentnotifiers.dhcp_rpc_agent_api [None req-cd29f82e-f1b3-4242-ad4c-d16ba45c5098 72f78af188c74e13982c169b35ad3a47 d25c217c149c4f9da313cd98fb95e4e2 - - default default] Unable to schedule network ea2ec2aa-bf82-4a1a-894d-726908b0e4a3: no agents available; will retry on subsequent port and subnet creation events. [pid: 8|app: 0|req: 674/1228] 10.0.0.169 () {34 vars in 990 bytes} [Mon Sep 7 19:35:39 2026] GET /v2.0/ports?device_id=463aebdd-4c54-4bed-9ac1-774ea0a01510 => generated 969 bytes in 50 msecs (HTTP/1.1 200) 4 headers in 157 bytes (1 switches on core 0) [pid: 8|app: 0|req: 675/1229] 10.0.0.169 () {34 vars in 1040 bytes} [Mon Sep 7 19:35:39 2026] GET /v2.0/security-groups?id=c25f8d7c-3586-4ee3-b2ba-c246d3c9a66a&fields=id&fields=name => generated 113 bytes in 49 msecs (HTTP/1.1 200) 4 headers in 157 bytes (1 switches on core 0)
2026-09-07 19:35:39.676 8 INFO neutron.db.ovn_revision_numbers_db [None req-cb995c5a-825f-44fd-9663-8e341a354c45 - - - - - -] Successfully bumped revision number for resource 05516a3a-cc0a-499c-963e-3d6828dc7d42 (type: ports) to 6 [pid: 8|app: 0|req: 676/1230] 162.253.55.164 () {34 vars in 1080 bytes} [Mon Sep 7 19:35:39 2026] GET /v2.0/ports?tenant_id=af54389d248a4b2ca96b3f197e639bd2&device_id=463aebdd-4c54-4bed-9ac1-774ea0a01510 => generated 1207 bytes in 43 msecs (HTTP/1.1 200) 4 headers in 158 bytes (1 switches on core 0)
2026-09-07 19:35:39.808 7 INFO neutron.db.ovn_revision_numbers_db [None req-99c30b7d-0025-460a-8de1-fa0121ee056d - - - - - -] Successfully bumped revision number for resource cdbdc600-f215-40ac-bd80-4661a54279b2 (type: ports) to 2 [pid: 8|app: 0|req: 677/1231] 162.253.55.164 () {34 vars in 986 bytes} [Mon Sep 7 19:35:39 2026] GET /v2.0/networks?id=a1d9d75d-004c-40fb-98d5-9491f2ffad3d => generated 777 bytes in 110 msecs (HTTP/1.1 200) 4 headers in 157 bytes (1 switches on core 0)
2026-09-07 19:35:39.849 7 INFO neutron.db.ovn_revision_numbers_db [None req-99c30b7d-0025-460a-8de1-fa0121ee056d - - - - - -] Successfully bumped revision number for resource e9456883-c850-44e6-9d90-2795d5f6a22b (type: subnets) to 0 /var/lib/openstack/lib/python3.12/site-packages/pycadf/identifier.py:70: UserWarning: Invalid uuid: neutron. To ensure interoperability, identifiers should be a valid uuid. warnings.warn(('Invalid uuid: %s. To ensure interoperability, '
2026-09-07 19:35:39.879 7 WARNING neutron.scheduler.dhcp_agent_scheduler [None req-cd29f82e-f1b3-4242-ad4c-d16ba45c5098 72f78af188c74e13982c169b35ad3a47 d25c217c149c4f9da313cd98fb95e4e2 - - default default] No more DHCP agents
2026-09-07 19:35:39.880 7 WARNING neutron.api.rpc.agentnotifiers.dhcp_rpc_agent_api [None req-cd29f82e-f1b3-4242-ad4c-d16ba45c5098 72f78af188c74e13982c169b35ad3a47 d25c217c149c4f9da313cd98fb95e4e2 - - default default] Unable to schedule network d050a9c0-1aae-4175-b7a4-8171c04157b6: no agents available; will retry on subsequent port and subnet creation events. [pid: 8|app: 0|req: 678/1232] 162.253.55.164 () {34 vars in 1058 bytes} [Mon Sep 7 19:35:39 2026] GET /v2.0/floatingips?fixed_ip_address=10.100.0.6&port_id=05516a3a-cc0a-499c-963e-3d6828dc7d42 => generated 858 bytes in 53 msecs (HTTP/1.1 200) 4 headers in 157 bytes (1 switches on core 0) [pid: 8|app: 0|req: 679/1233] 162.253.55.164 () {34 vars in 984 bytes} [Mon Sep 7 19:35:39 2026] GET /v2.0/subnets?id=2b9b5ce1-b583-40f4-85b5-d845be3a5a16 => generated 697 bytes in 24 msecs (HTTP/1.1 200) 4 headers in 157 bytes (1 switches on core 0) [pid: 8|app: 0|req: 680/1234] 162.253.55.164 () {34 vars in 1052 bytes} [Mon Sep 7 19:35:39 2026] GET /v2.0/ports?network_id=a1d9d75d-004c-40fb-98d5-9491f2ffad3d&device_owner=network%3Adhcp => generated 12 bytes in 16 msecs (HTTP/1.1 200) 4 headers in 156 bytes (1 switches on core 0) [pid: 8|app: 0|req: 681/1235] 162.253.55.164 () {34 vars in 1012 bytes} [Mon Sep 7 19:35:39 2026] GET /v2.0/networks/a1d9d75d-004c-40fb-98d5-9491f2ffad3d?fields=segments => generated 14 bytes in 36 msecs (HTTP/1.1 200) 4 headers in 156 bytes (1 switches on core 0) [pid: 8|app: 0|req: 682/1236] 162.253.55.164 () {34 vars in 1112 bytes} [Mon Sep 7 19:35:40 2026] GET /v2.0/networks/a1d9d75d-004c-40fb-98d5-9491f2ffad3d?fields=provider%3Aphysical_network&fields=provider%3Anetwork_type => generated 79 bytes in 69 msecs (HTTP/1.1 200) 4 headers in 156 bytes (1 switches on core 0) [pid: 8|app: 0|req: 683/1237] 10.0.0.41 () {34 vars in 989 bytes} [Mon Sep 7 19:35:40 2026] GET /v2.0/ports?device_id=01b36ffc-7c31-4fdd-8f18-8bd4d597c67d => generated 1209 bytes in 47 msecs (HTTP/1.1 200) 4 headers in 158 bytes (1 switches on core 0) [pid: 8|app: 0|req: 684/1238] 10.0.0.41 () {34 vars in 1039 bytes} [Mon Sep 7 19:35:40 2026] GET /v2.0/security-groups?id=e7fa22e8-cea3-49c8-b908-8ea44bcb0d2d&fields=id&fields=name => generated 113 bytes in 27 msecs (HTTP/1.1 200) 4 headers in 157 bytes (1 switches on core 0)
2026-09-07 19:35:40.349 7 INFO neutron.db.ovn_revision_numbers_db [None req-3307cd7f-8b02-4c55-9480-71eafbcefa9a - - - - - -] Successfully bumped revision number for resource 42bbc086-6aa3-41c2-b1d3-d733ac694bb2 (type: ports) to 2
2026-09-07 19:35:40.401 7 INFO neutron.db.ovn_revision_numbers_db [None req-3307cd7f-8b02-4c55-9480-71eafbcefa9a - - - - - -] Successfully bumped revision number for resource 3ab788a5-bee1-4b95-a81f-cb8e12f10cc5 (type: subnets) to 0 [pid: 7|app: 0|req: 555/1239] 10.0.0.251 () {34 vars in 669 bytes} [Mon Sep 7 19:35:38 2026] POST /v2.0/subnets => generated 1274 bytes in 1480 msecs (HTTP/1.1 201) 4 headers in 163 bytes (1 switches on core 0) [pid: 8|app: 0|req: 685/1240] 10.0.0.251 () {32 vars in 647 bytes} [Mon Sep 7 19:35:40 2026] GET /v2.0/subnets => generated 1910 bytes in 57 msecs (HTTP/1.1 200) 4 headers in 158 bytes (1 switches on core 0) [pid: 8|app: 0|req: 686/1241] 162.253.55.164 () {34 vars in 994 bytes} [Mon Sep 7 19:35:40 2026] GET /v2.0/ports?device_id=463aebdd-4c54-4bed-9ac1-774ea0a01510 => generated 969 bytes in 52 msecs (HTTP/1.1 200) 4 headers in 157 bytes (1 switches on core 0) [pid: 7|app: 0|req: 556/1242] 10.0.0.251 () {32 vars in 724 bytes} [Mon Sep 7 19:35:40 2026] DELETE /v2.0/subnets/e9456883-c850-44e6-9d90-2795d5f6a22b => generated 0 bytes in 224 msecs (HTTP/1.1 204) 3 headers in 131 bytes (1 switches on core 0)
2026-09-07 19:35:40.773 8 INFO neutron_taas.services.taas.taas_plugin [req-abe92887-80e9-4369-a000-f4d26a15eceb req-c823e1f4-de07-4444-88b9-0637b89b2f4f f88a11691e4d4b00911c8fe89b5b6469 af54389d248a4b2ca96b3f197e639bd2 - - default default] TaaS: Handle Delete Port: 05516a3a-cc0a-499c-963e-3d6828dc7d42
2026-09-07 19:35:40.776 8 INFO neutron_taas.services.taas.tap_mirror_plugin [req-abe92887-80e9-4369-a000-f4d26a15eceb req-c823e1f4-de07-4444-88b9-0637b89b2f4f f88a11691e4d4b00911c8fe89b5b6469 af54389d248a4b2ca96b3f197e639bd2 - - default default] Tap Mirror: Handle Delete Port: 05516a3a-cc0a-499c-963e-3d6828dc7d42 [pid: 7|app: 0|req: 557/1243] 10.0.0.169 () {34 vars in 990 bytes} [Mon Sep 7 19:35:40 2026] GET /v2.0/ports?device_id=463aebdd-4c54-4bed-9ac1-774ea0a01510 => generated 969 bytes in 64 msecs (HTTP/1.1 200) 4 headers in 157 bytes (1 switches on core 0)
2026-09-07 19:35:40.939 8 INFO neutron.db.l3_db [req-abe92887-80e9-4369-a000-f4d26a15eceb req-c823e1f4-de07-4444-88b9-0637b89b2f4f f88a11691e4d4b00911c8fe89b5b6469 af54389d248a4b2ca96b3f197e639bd2 - - default default] Floating IP b6e5597a-b665-4e5e-95fb-16f58bd03338 disassociated. External IP: 10.96.250.209, port: 05516a3a-cc0a-499c-963e-3d6828dc7d42. [pid: 7|app: 0|req: 558/1244] 10.0.0.251 () {32 vars in 724 bytes} [Mon Sep 7 19:35:40 2026] DELETE /v2.0/subnets/3ab788a5-bee1-4b95-a81f-cb8e12f10cc5 => generated 0 bytes in 159 msecs (HTTP/1.1 204) 3 headers in 131 bytes (1 switches on core 0) /var/lib/openstack/lib/python3.12/site-packages/pycadf/identifier.py:70: UserWarning: Invalid uuid: neutron. To ensure interoperability, identifiers should be a valid uuid. warnings.warn(('Invalid uuid: %s. To ensure interoperability, ' [pid: 7|app: 0|req: 559/1245] 10.0.0.169 () {34 vars in 1040 bytes} [Mon Sep 7 19:35:40 2026] GET /v2.0/security-groups?id=c25f8d7c-3586-4ee3-b2ba-c246d3c9a66a&fields=id&fields=name => generated 113 bytes in 29 msecs (HTTP/1.1 200) 4 headers in 157 bytes (1 switches on core 0) [pid: 7|app: 0|req: 560/1246] 10.0.0.251 () {32 vars in 647 bytes} [Mon Sep 7 19:35:40 2026] GET /v2.0/subnets => generated 649 bytes in 34 msecs (HTTP/1.1 200) 4 headers in 157 bytes (1 switches on core 0) [pid: 8|app: 0|req: 687/1247] 162.253.55.164 () {36 vars in 997 bytes} [Mon Sep 7 19:35:40 2026] DELETE /v2.0/ports/05516a3a-cc0a-499c-963e-3d6828dc7d42 => generated 0 bytes in 472 msecs (HTTP/1.1 204) 3 headers in 131 bytes (1 switches on core 0)
2026-09-07 19:35:41.113 7 INFO neutron_taas.services.taas.taas_plugin [None req-28491e31-2ac7-4398-a900-883ff0924ca8 72f78af188c74e13982c169b35ad3a47 d25c217c149c4f9da313cd98fb95e4e2 - - default default] TaaS: Handle Delete Port: 42bbc086-6aa3-41c2-b1d3-d733ac694bb2
2026-09-07 19:35:41.116 7 INFO neutron_taas.services.taas.tap_mirror_plugin [None req-28491e31-2ac7-4398-a900-883ff0924ca8 72f78af188c74e13982c169b35ad3a47 d25c217c149c4f9da313cd98fb95e4e2 - - default default] Tap Mirror: Handle Delete Port: 42bbc086-6aa3-41c2-b1d3-d733ac694bb2
2026-09-07 19:35:41.232 8 INFO neutron.notifiers.nova [-] Nova event matching ['req-453cebe8-890e-4a34-a43e-551f7d8d5b54'] response: {'server_uuid': '463aebdd-4c54-4bed-9ac1-774ea0a01510', 'name': 'network-vif-unplugged', 'status': 'completed', 'tag': '05516a3a-cc0a-499c-963e-3d6828dc7d42', 'code': 200}
2026-09-07 19:35:41.233 8 INFO neutron.notifiers.nova [-] Nova event matching ['req-453cebe8-890e-4a34-a43e-551f7d8d5b54'] response: {'server_uuid': '463aebdd-4c54-4bed-9ac1-774ea0a01510', 'name': 'network-vif-unplugged', 'status': 'completed', 'tag': '05516a3a-cc0a-499c-963e-3d6828dc7d42', 'code': 200}
2026-09-07 19:35:41.233 8 INFO neutron.notifiers.nova [-] Nova event matching ['req-453cebe8-890e-4a34-a43e-551f7d8d5b54'] response: {'server_uuid': '463aebdd-4c54-4bed-9ac1-774ea0a01510', 'name': 'network-vif-deleted', 'tag': '05516a3a-cc0a-499c-963e-3d6828dc7d42', 'status': 'completed', 'code': 200}
2026-09-07 19:35:41.353 7 INFO neutron.services.segments.plugin [-] Segment f924a6fb-822e-4efd-9e05-bd54c55cc465 resource provider aggregate not found
2026-09-07 19:35:41.356 7 INFO neutron.services.segments.plugin [-] Segment f924a6fb-822e-4efd-9e05-bd54c55cc465 resource provider aggregate not found
2026-09-07 19:35:41.372 7 INFO neutron.services.segments.plugin [-] Client error retrieving segment f924a6fb-822e-4efd-9e05-bd54c55cc465 resource provider; error: Placement Client Error (4xx): {"errors": [{"status": 404, "title": "Not Found", "detail": "The resource could not be found.\n\n No resource provider with uuid f924a6fb-822e-4efd-9e05-bd54c55cc465 found for delete ", "request_id": "req-d7216dee-258e-4158-b85c-fe5d8727ea76"}]}
2026-09-07 19:35:41.376 7 INFO neutron.services.segments.plugin [-] Client error retrieving segment f924a6fb-822e-4efd-9e05-bd54c55cc465 resource provider; error: Placement Client Error (4xx): {"errors": [{"status": 404, "title": "Not Found", "detail": "The resource could not be found.\n\n No resource provider with uuid f924a6fb-822e-4efd-9e05-bd54c55cc465 found for delete ", "request_id": "req-ae1f7980-430e-4803-87fc-3ec9a97dbb03"}]} [pid: 7|app: 0|req: 561/1248] 10.0.0.251 () {32 vars in 726 bytes} [Mon Sep 7 19:35:41 2026] DELETE /v2.0/networks/d050a9c0-1aae-4175-b7a4-8171c04157b6 => generated 0 bytes in 385 msecs (HTTP/1.1 204) 3 headers in 131 bytes (1 switches on core 0)
2026-09-07 19:35:41.479 8 INFO neutron.db.ovn_revision_numbers_db [None req-c70c5e21-733e-43ff-87f9-e1bdcbcabc08 5e51caba3cde41be9a5cb70efe0e6ff3 acabe96c5bfa4ce08717d21f770c4f06 - - default default] Successfully bumped revision number for resource faa3c3b3-5f2c-4b69-9341-ffc8f79ac608 (type: security_groups) to 1
2026-09-07 19:35:41.496 8 INFO neutron.db.ovn_revision_numbers_db [None req-c70c5e21-733e-43ff-87f9-e1bdcbcabc08 5e51caba3cde41be9a5cb70efe0e6ff3 acabe96c5bfa4ce08717d21f770c4f06 - - default default] Successfully bumped revision number for resource 244d313d-5368-41b9-a93f-51cfeab8d63a (type: security_group_rules) to 0
2026-09-07 19:35:41.511 8 INFO neutron.db.ovn_revision_numbers_db [None req-c70c5e21-733e-43ff-87f9-e1bdcbcabc08 5e51caba3cde41be9a5cb70efe0e6ff3 acabe96c5bfa4ce08717d21f770c4f06 - - default default] Successfully bumped revision number for resource 5769696b-05da-4eed-a030-41b200be9ab0 (type: security_group_rules) to 0
2026-09-07 19:35:41.514 7 INFO neutron_taas.services.taas.taas_plugin [None req-d085429a-c249-4194-83e0-0eddec4b1cdb 72f78af188c74e13982c169b35ad3a47 d25c217c149c4f9da313cd98fb95e4e2 - - default default] TaaS: Handle Delete Port: cdbdc600-f215-40ac-bd80-4661a54279b2
2026-09-07 19:35:41.516 7 INFO neutron_taas.services.taas.tap_mirror_plugin [None req-d085429a-c249-4194-83e0-0eddec4b1cdb 72f78af188c74e13982c169b35ad3a47 d25c217c149c4f9da313cd98fb95e4e2 - - default default] Tap Mirror: Handle Delete Port: cdbdc600-f215-40ac-bd80-4661a54279b2
2026-09-07 19:35:41.527 8 INFO neutron.db.ovn_revision_numbers_db [None req-c70c5e21-733e-43ff-87f9-e1bdcbcabc08 5e51caba3cde41be9a5cb70efe0e6ff3 acabe96c5bfa4ce08717d21f770c4f06 - - default default] Successfully bumped revision number for resource 6c818b37-0110-4bf6-b272-e2d382d51636 (type: security_group_rules) to 0
2026-09-07 19:35:41.541 8 INFO neutron.db.ovn_revision_numbers_db [None req-c70c5e21-733e-43ff-87f9-e1bdcbcabc08 5e51caba3cde41be9a5cb70efe0e6ff3 acabe96c5bfa4ce08717d21f770c4f06 - - default default] Successfully bumped revision number for resource 858077e5-6e3d-4aee-9538-53866cffba82 (type: security_group_rules) to 0
2026-09-07 19:35:41.685 8 INFO neutron.db.segments_db [None req-c70c5e21-733e-43ff-87f9-e1bdcbcabc08 5e51caba3cde41be9a5cb70efe0e6ff3 acabe96c5bfa4ce08717d21f770c4f06 - - default default] Added segment 93777e66-18b0-469f-8004-1b563dfee162 of type geneve for network b9885dc1-c1ed-4db4-b7fc-1e2046658ca4 [pid: 7|app: 0|req: 562/1249] 10.0.0.251 () {32 vars in 726 bytes} [Mon Sep 7 19:35:41 2026] DELETE /v2.0/networks/ea2ec2aa-bf82-4a1a-894d-726908b0e4a3 => generated 0 bytes in 365 msecs (HTTP/1.1 204) 3 headers in 131 bytes (1 switches on core 0)
2026-09-07 19:35:41.866 8 INFO neutron.db.ovn_revision_numbers_db [None req-c70c5e21-733e-43ff-87f9-e1bdcbcabc08 5e51caba3cde41be9a5cb70efe0e6ff3 acabe96c5bfa4ce08717d21f770c4f06 - - default default] Successfully bumped revision number for resource b9885dc1-c1ed-4db4-b7fc-1e2046658ca4 (type: networks) to 1
2026-09-07 19:35:41.925 7 INFO neutron_taas.services.taas.taas_plugin [None req-72f73c5d-8e11-40a3-82b0-f5946714701c 72f78af188c74e13982c169b35ad3a47 d25c217c149c4f9da313cd98fb95e4e2 - - default default] TaaS: Handle Delete Port: fd2d0065-e132-4955-9295-5fcdee531533
2026-09-07 19:35:41.928 7 INFO neutron_taas.services.taas.tap_mirror_plugin [None req-72f73c5d-8e11-40a3-82b0-f5946714701c 72f78af188c74e13982c169b35ad3a47 d25c217c149c4f9da313cd98fb95e4e2 - - default default] Tap Mirror: Handle Delete Port: fd2d0065-e132-4955-9295-5fcdee531533
2026-09-07 19:35:42.084 8 WARNING neutron.scheduler.dhcp_agent_scheduler [None req-c70c5e21-733e-43ff-87f9-e1bdcbcabc08 5e51caba3cde41be9a5cb70efe0e6ff3 acabe96c5bfa4ce08717d21f770c4f06 - - default default] No more DHCP agents
2026-09-07 19:35:42.085 8 WARNING neutron.api.rpc.agentnotifiers.dhcp_rpc_agent_api [None req-c70c5e21-733e-43ff-87f9-e1bdcbcabc08 5e51caba3cde41be9a5cb70efe0e6ff3 acabe96c5bfa4ce08717d21f770c4f06 - - default default] Unable to schedule network b9885dc1-c1ed-4db4-b7fc-1e2046658ca4: no agents available; will retry on subsequent port and subnet creation events.
2026-09-07 19:35:42.150 7 INFO neutron.plugins.ml2.drivers.ovn.mech_driver.mech_driver [None req-dee694da-ded1-4e50-a55f-b1a5456feba7 - - - - - -] OVN reports status down for port: 13ae252f-31c5-4a8a-bcc6-2aa009ba0207
2026-09-07 19:35:42.171 8 INFO neutron.db.ovn_revision_numbers_db [None req-c70c5e21-733e-43ff-87f9-e1bdcbcabc08 5e51caba3cde41be9a5cb70efe0e6ff3 acabe96c5bfa4ce08717d21f770c4f06 - - default default] Successfully bumped revision number for resource 13ae252f-31c5-4a8a-bcc6-2aa009ba0207 (type: ports) to 1 [pid: 8|app: 0|req: 688/1250] 10.0.0.251 () {34 vars in 671 bytes} [Mon Sep 7 19:35:41 2026] POST /v2.0/networks => generated 743 bytes in 1131 msecs (HTTP/1.1 201) 4 headers in 162 bytes (1 switches on core 0) [pid: 8|app: 0|req: 689/1251] 10.0.0.169 () {34 vars in 990 bytes} [Mon Sep 7 19:35:42 2026] GET /v2.0/ports?device_id=463aebdd-4c54-4bed-9ac1-774ea0a01510 => generated 12 bytes in 33 msecs (HTTP/1.1 200) 4 headers in 156 bytes (1 switches on core 0) [pid: 7|app: 0|req: 563/1252] 10.0.0.251 () {32 vars in 726 bytes} [Mon Sep 7 19:35:41 2026] DELETE /v2.0/networks/175257c7-56cd-43d4-9026-04da852658b6 => generated 0 bytes in 478 msecs (HTTP/1.1 204) 3 headers in 131 bytes (1 switches on core 0)
2026-09-07 19:35:42.367 8 WARNING neutron.scheduler.dhcp_agent_scheduler [None req-facd5e08-f565-441a-a1f6-018e267da923 5e51caba3cde41be9a5cb70efe0e6ff3 acabe96c5bfa4ce08717d21f770c4f06 - - default default] No more DHCP agents
2026-09-07 19:35:42.368 8 WARNING neutron.api.rpc.agentnotifiers.dhcp_rpc_agent_api [None req-facd5e08-f565-441a-a1f6-018e267da923 5e51caba3cde41be9a5cb70efe0e6ff3 acabe96c5bfa4ce08717d21f770c4f06 - - default default] Unable to schedule network b9885dc1-c1ed-4db4-b7fc-1e2046658ca4: no agents available; will retry on subsequent port and subnet creation events.
2026-09-07 19:35:42.438 7 INFO neutron_taas.services.taas.taas_plugin [None req-7ede3a56-2cad-4ab6-9391-62b55a87b91a 72f78af188c74e13982c169b35ad3a47 d25c217c149c4f9da313cd98fb95e4e2 - - default default] TaaS: Handle Delete Port: f9633b26-fef9-4ea2-a5e2-20682cbabccf
2026-09-07 19:35:42.441 7 INFO neutron_taas.services.taas.tap_mirror_plugin [None req-7ede3a56-2cad-4ab6-9391-62b55a87b91a 72f78af188c74e13982c169b35ad3a47 d25c217c149c4f9da313cd98fb95e4e2 - - default default] Tap Mirror: Handle Delete Port: f9633b26-fef9-4ea2-a5e2-20682cbabccf [pid: 7|app: 0|req: 564/1253] 10.0.0.251 () {32 vars in 726 bytes} [Mon Sep 7 19:35:42 2026] DELETE /v2.0/networks/498c5e63-f767-467e-b15a-63f5d95b7e1b => generated 0 bytes in 400 msecs (HTTP/1.1 204) 3 headers in 131 bytes (1 switches on core 0)
2026-09-07 19:35:42.912 8 INFO neutron.db.ovn_revision_numbers_db [None req-719cfe80-e1a2-4cde-a9a7-2ad7ba039b97 - - - - - -] Successfully bumped revision number for resource 13ae252f-31c5-4a8a-bcc6-2aa009ba0207 (type: ports) to 2
2026-09-07 19:35:42.937 8 INFO neutron.db.ovn_revision_numbers_db [None req-719cfe80-e1a2-4cde-a9a7-2ad7ba039b97 - - - - - -] Successfully bumped revision number for resource 17b1e6f5-7c7f-4edb-9184-6dfdb525c031 (type: subnets) to 0 [pid: 8|app: 0|req: 690/1254] 10.0.0.251 () {34 vars in 669 bytes} [Mon Sep 7 19:35:42 2026] POST /v2.0/subnets => generated 687 bytes in 711 msecs (HTTP/1.1 201) 4 headers in 162 bytes (1 switches on core 0) [pid: 8|app: 0|req: 691/1255] 10.0.0.251 () {32 vars in 774 bytes} [Mon Sep 7 19:35:43 2026] GET /v2.0/security-groups?tenant_id=d25c217c149c4f9da313cd98fb95e4e2&name=default => generated 2925 bytes in 176 msecs (HTTP/1.1 200) 4 headers in 158 bytes (1 switches on core 0)
2026-09-07 19:35:43.399 7 INFO neutron.services.segments.plugin [-] Segment 0d930880-95c6-496e-b5fb-59902b7dd14a resource provider aggregate not found
2026-09-07 19:35:43.405 7 WARNING neutron.scheduler.dhcp_agent_scheduler [None req-b97852b2-8977-4ee8-ad7d-2db9f885d6aa 5e51caba3cde41be9a5cb70efe0e6ff3 acabe96c5bfa4ce08717d21f770c4f06 - - default default] No more DHCP agents
2026-09-07 19:35:43.408 7 WARNING neutron.api.rpc.agentnotifiers.dhcp_rpc_agent_api [None req-b97852b2-8977-4ee8-ad7d-2db9f885d6aa 5e51caba3cde41be9a5cb70efe0e6ff3 acabe96c5bfa4ce08717d21f770c4f06 - - default default] Unable to schedule network de0a0c6e-29b7-47f1-954a-e71c29b91abb: no agents available; will retry on subsequent port and subnet creation events.
2026-09-07 19:35:43.411 7 INFO neutron.services.segments.plugin [-] Segment 0d930880-95c6-496e-b5fb-59902b7dd14a resource provider aggregate not found
2026-09-07 19:35:43.419 7 INFO neutron.services.segments.plugin [-] Client error retrieving segment 0d930880-95c6-496e-b5fb-59902b7dd14a resource provider; error: Placement Client Error (4xx): {"errors": [{"status": 404, "title": "Not Found", "detail": "The resource could not be found.\n\n No resource provider with uuid 0d930880-95c6-496e-b5fb-59902b7dd14a found for delete ", "request_id": "req-08f78bf0-23be-4bd7-9dd0-47992d9447eb"}]}
2026-09-07 19:35:43.439 7 INFO neutron.services.segments.plugin [-] Segment aff3befc-549e-4fd3-b8f8-6122d80bfd43 resource provider aggregate not found
2026-09-07 19:35:43.450 7 INFO neutron.services.segments.plugin [-] Client error retrieving segment 0d930880-95c6-496e-b5fb-59902b7dd14a resource provider; error: Placement Client Error (4xx): {"errors": [{"status": 404, "title": "Not Found", "detail": "The resource could not be found.\n\n No resource provider with uuid 0d930880-95c6-496e-b5fb-59902b7dd14a found for delete ", "request_id": "req-4180bcc9-e0c7-40ee-9d6e-f7a579302d57"}]}
2026-09-07 19:35:43.477 7 INFO neutron.services.segments.plugin [-] Segment aff3befc-549e-4fd3-b8f8-6122d80bfd43 resource provider aggregate not found
2026-09-07 19:35:43.488 7 INFO neutron.services.segments.plugin [-] Client error retrieving segment aff3befc-549e-4fd3-b8f8-6122d80bfd43 resource provider; error: Placement Client Error (4xx): {"errors": [{"status": 404, "title": "Not Found", "detail": "The resource could not be found.\n\n No resource provider with uuid aff3befc-549e-4fd3-b8f8-6122d80bfd43 found for delete ", "request_id": "req-aff00340-f597-4098-a2c1-a87b050de5ae"}]}
2026-09-07 19:35:43.497 7 INFO neutron.services.segments.plugin [-] Client error retrieving segment aff3befc-549e-4fd3-b8f8-6122d80bfd43 resource provider; error: Placement Client Error (4xx): {"errors": [{"status": 404, "title": "Not Found", "detail": "The resource could not be found.\n\n No resource provider with uuid aff3befc-549e-4fd3-b8f8-6122d80bfd43 found for delete ", "request_id": "req-5b7660a9-6541-4419-af66-119dcba113a1"}]}
2026-09-07 19:35:43.516 7 INFO neutron.services.segments.plugin [-] Segment 2f3db3bd-b3b7-4647-9b56-dba3c889906e resource provider aggregate not found
2026-09-07 19:35:43.522 7 INFO neutron.services.segments.plugin [-] Segment 2f3db3bd-b3b7-4647-9b56-dba3c889906e resource provider aggregate not found
2026-09-07 19:35:43.535 7 INFO neutron.services.segments.plugin [-] Client error retrieving segment 2f3db3bd-b3b7-4647-9b56-dba3c889906e resource provider; error: Placement Client Error (4xx): {"errors": [{"status": 404, "title": "Not Found", "detail": "The resource could not be found.\n\n No resource provider with uuid 2f3db3bd-b3b7-4647-9b56-dba3c889906e found for delete ", "request_id": "req-ac160b6c-5ede-46d7-ba30-7d52d42faf88"}]}
2026-09-07 19:35:43.538 7 INFO neutron.services.segments.plugin [-] Client error retrieving segment 2f3db3bd-b3b7-4647-9b56-dba3c889906e resource provider; error: Placement Client Error (4xx): {"errors": [{"status": 404, "title": "Not Found", "detail": "The resource could not be found.\n\n No resource provider with uuid 2f3db3bd-b3b7-4647-9b56-dba3c889906e found for delete ", "request_id": "req-30598d56-8b7f-488a-8fbc-47193d152804"}]}
2026-09-07 19:35:43.599 8 INFO neutron.plugins.ml2.drivers.ovn.mech_driver.mech_driver [None req-62b92ee0-c40d-478c-8eb8-2ca734978b44 - - - - - -] OVN reports status down for port: c40f35d0-4156-435b-ba0f-5f52c512eae5 [pid: 8|app: 0|req: 692/1256] 10.0.0.251 () {32 vars in 740 bytes} [Mon Sep 7 19:35:43 2026] DELETE /v2.0/security-groups/c3bccfd5-8690-4de1-a7d4-c8aeef5ddffe => generated 0 bytes in 291 msecs (HTTP/1.1 204) 2 headers in 112 bytes (1 switches on core 0)
2026-09-07 19:35:43.631 7 INFO neutron.db.ovn_revision_numbers_db [None req-b97852b2-8977-4ee8-ad7d-2db9f885d6aa 5e51caba3cde41be9a5cb70efe0e6ff3 acabe96c5bfa4ce08717d21f770c4f06 - - default default] Successfully bumped revision number for resource c40f35d0-4156-435b-ba0f-5f52c512eae5 (type: ports) to 1 [pid: 8|app: 0|req: 693/1257] 10.0.0.169 () {34 vars in 990 bytes} [Mon Sep 7 19:35:43 2026] GET /v2.0/ports?device_id=463aebdd-4c54-4bed-9ac1-774ea0a01510 => generated 12 bytes in 42 msecs (HTTP/1.1 200) 4 headers in 156 bytes (1 switches on core 0)
2026-09-07 19:35:44.481 7 INFO neutron.plugins.ml2.drivers.ovn.mech_driver.ovsdb.commands [None req-6aed5ddd-2638-44f6-be3c-449618391d87 - - - - - -] Schedule LRP lrp-c40f35d0-4156-435b-ba0f-5f52c512eae5 on gateway 863a3593-4e32-401c-95cd-95814fcfbb31 with priority 1
2026-09-07 19:35:44.534 8 INFO neutron.plugins.ml2.drivers.ovn.mech_driver.mech_driver [None req-62b92ee0-c40d-478c-8eb8-2ca734978b44 - - - - - -] OVN reports status up for port: c40f35d0-4156-435b-ba0f-5f52c512eae5
2026-09-07 19:35:44.550 7 INFO neutron.plugins.ml2.drivers.ovn.mech_driver.ovsdb.ovsdb_monitor [None req-ab846cd7-ced2-4b7c-b01d-b685f5a7a642 - - - - - -] Router 1ebd0165-85c7-4a50-8dde-d2f347207e1e is bound to host instance
2026-09-07 19:35:44.551 8 INFO neutron.plugins.ml2.plugin [None req-62b92ee0-c40d-478c-8eb8-2ca734978b44 - - - - - -] Attempt 1 to provision port c40f35d0-4156-435b-ba0f-5f52c512eae5
2026-09-07 19:35:44.586 7 INFO neutron.db.ovn_revision_numbers_db [None req-b97852b2-8977-4ee8-ad7d-2db9f885d6aa 5e51caba3cde41be9a5cb70efe0e6ff3 acabe96c5bfa4ce08717d21f770c4f06 - - default default] Successfully bumped revision number for resource c40f35d0-4156-435b-ba0f-5f52c512eae5 (type: router_ports) to 1
2026-09-07 19:35:44.733 7 INFO neutron.db.ovn_revision_numbers_db [None req-b97852b2-8977-4ee8-ad7d-2db9f885d6aa 5e51caba3cde41be9a5cb70efe0e6ff3 acabe96c5bfa4ce08717d21f770c4f06 - - default default] Successfully bumped revision number for resource 1ebd0165-85c7-4a50-8dde-d2f347207e1e (type: routers) to 2 [pid: 8|app: 0|req: 694/1258] 10.0.0.169 () {34 vars in 990 bytes} [Mon Sep 7 19:35:44 2026] GET /v2.0/ports?device_id=463aebdd-4c54-4bed-9ac1-774ea0a01510 => generated 12 bytes in 26 msecs (HTTP/1.1 200) 4 headers in 156 bytes (1 switches on core 0) [pid: 7|app: 0|req: 565/1259] 10.0.0.251 () {34 vars in 669 bytes} [Mon Sep 7 19:35:42 2026] POST /v2.0/routers => generated 965 bytes in 1807 msecs (HTTP/1.1 201) 4 headers in 162 bytes (1 switches on core 0)
2026-09-07 19:35:45.283 8 WARNING neutron.scheduler.dhcp_agent_scheduler [None req-09aaceee-b634-4e44-a7b0-70578cc93639 5e51caba3cde41be9a5cb70efe0e6ff3 acabe96c5bfa4ce08717d21f770c4f06 - - default default] No more DHCP agents
2026-09-07 19:35:45.285 8 WARNING neutron.api.rpc.agentnotifiers.dhcp_rpc_agent_api [None req-09aaceee-b634-4e44-a7b0-70578cc93639 5e51caba3cde41be9a5cb70efe0e6ff3 acabe96c5bfa4ce08717d21f770c4f06 - - default default] Unable to schedule network b9885dc1-c1ed-4db4-b7fc-1e2046658ca4: no agents available; will retry on subsequent port and subnet creation events.
2026-09-07 19:35:45.398 7 INFO neutron.plugins.ml2.drivers.ovn.mech_driver.mech_driver [None req-dee694da-ded1-4e50-a55f-b1a5456feba7 - - - - - -] OVN reports status down for port: 8bf5d7db-f570-4b78-b630-95bf567e5285
2026-09-07 19:35:45.400 7 INFO neutron.db.ovn_revision_numbers_db [None req-9d9badd6-a874-49df-ba52-c0c39fd787ea - - - - - -] Successfully bumped revision number for resource c40f35d0-4156-435b-ba0f-5f52c512eae5 (type: ports) to 4
2026-09-07 19:35:45.403 8 INFO neutron.db.ovn_revision_numbers_db [None req-09aaceee-b634-4e44-a7b0-70578cc93639 5e51caba3cde41be9a5cb70efe0e6ff3 acabe96c5bfa4ce08717d21f770c4f06 - - default default] Successfully bumped revision number for resource 8bf5d7db-f570-4b78-b630-95bf567e5285 (type: ports) to 1 [pid: 7|app: 0|req: 566/1260] 10.0.0.169 () {34 vars in 990 bytes} [Mon Sep 7 19:35:45 2026] GET /v2.0/ports?device_id=01b36ffc-7c31-4fdd-8f18-8bd4d597c67d => generated 971 bytes in 162 msecs (HTTP/1.1 200) 4 headers in 157 bytes (1 switches on core 0)
2026-09-07 19:35:45.971 7 INFO neutron.db.ovn_revision_numbers_db [None req-9d9badd6-a874-49df-ba52-c0c39fd787ea - - - - - -] Successfully bumped revision number for resource c40f35d0-4156-435b-ba0f-5f52c512eae5 (type: ports) to 5
2026-09-07 19:35:46.101 7 INFO neutron.db.ovn_revision_numbers_db [None req-835e23ca-9fdd-401f-8158-6b1dcdce979c 2609642438ee44f3853d667df570cd22 00333bfbdac84945a1df1a2ba8cc8ffa - - default default] Successfully bumped revision number for resource 93fe395d-7654-4e65-ba8f-b92d1707c40f (type: security_groups) to 1
2026-09-07 19:35:46.108 7 INFO neutron.plugins.ml2.drivers.ovn.mech_driver.mech_driver [None req-dee694da-ded1-4e50-a55f-b1a5456feba7 - - - - - -] OVN reports status up for port: 8bf5d7db-f570-4b78-b630-95bf567e5285
2026-09-07 19:35:46.130 7 INFO neutron.db.ovn_revision_numbers_db [None req-835e23ca-9fdd-401f-8158-6b1dcdce979c 2609642438ee44f3853d667df570cd22 00333bfbdac84945a1df1a2ba8cc8ffa - - default default] Successfully bumped revision number for resource 5e50cfee-74bf-4227-b690-2520c2a4ee3a (type: security_group_rules) to 0
2026-09-07 19:35:46.132 8 WARNING neutron.scheduler.dhcp_agent_scheduler [None req-09aaceee-b634-4e44-a7b0-70578cc93639 5e51caba3cde41be9a5cb70efe0e6ff3 acabe96c5bfa4ce08717d21f770c4f06 - - default default] No more DHCP agents
2026-09-07 19:35:46.133 8 WARNING neutron.api.rpc.agentnotifiers.dhcp_rpc_agent_api [None req-09aaceee-b634-4e44-a7b0-70578cc93639 5e51caba3cde41be9a5cb70efe0e6ff3 acabe96c5bfa4ce08717d21f770c4f06 - - default default] Unable to schedule network b9885dc1-c1ed-4db4-b7fc-1e2046658ca4: no agents available; will retry on subsequent port and subnet creation events.
2026-09-07 19:35:46.138 7 INFO neutron.plugins.ml2.plugin [None req-dee694da-ded1-4e50-a55f-b1a5456feba7 - - - - - -] Attempt 1 to provision port 8bf5d7db-f570-4b78-b630-95bf567e5285
