Feb 17 15:23:24.229018 np0000156024 neutron-periodic-workers[105208]: DEBUG cotyledon.oslo_config_glue [-] ml2.tenant_network_types = ['geneve'] {{(pid=105208) log_opt_values /opt/stack/data/venv/lib/python3.12/site-packages/oslo_config/cfg.py:2824}}
Feb 17 15:23:24.229018 np0000156024 neutron-periodic-workers[105208]: DEBUG cotyledon.oslo_config_glue [-] ml2.tunnelled_network_rp_name = rp_tunnelled {{(pid=105208) log_opt_values /opt/stack/data/venv/lib/python3.12/site-packages/oslo_config/cfg.py:2824}}
Feb 17 15:23:24.229018 np0000156024 neutron-periodic-workers[105208]: DEBUG cotyledon.oslo_config_glue [-] ml2.type_drivers = ['local', 'flat', 'vlan', 'geneve'] {{(pid=105208) log_opt_values /opt/stack/data/venv/lib/python3.12/site-packages/oslo_config/cfg.py:2824}}
Feb 17 15:23:24.229018 np0000156024 neutron-periodic-workers[105208]: DEBUG cotyledon.oslo_config_glue [-] ml2_type_flat.flat_networks = ['public'] {{(pid=105208) log_opt_values /opt/stack/data/venv/lib/python3.12/site-packages/oslo_config/cfg.py:2824}}
Feb 17 15:23:24.229190 np0000156024 neutron-periodic-workers[105208]: DEBUG cotyledon.oslo_config_glue [-] ml2_type_geneve.max_header_size = 38 {{(pid=105208) log_opt_values /opt/stack/data/venv/lib/python3.12/site-packages/oslo_config/cfg.py:2824}}
Feb 17 15:23:24.229190 np0000156024 neutron-periodic-workers[105208]: DEBUG cotyledon.oslo_config_glue [-] ml2_type_geneve.vni_ranges = ['1:65536'] {{(pid=105208) log_opt_values /opt/stack/data/venv/lib/python3.12/site-packages/oslo_config/cfg.py:2824}}
Feb 17 15:23:24.229190 np0000156024 neutron-periodic-workers[105208]: DEBUG cotyledon.oslo_config_glue [-] ml2_type_vlan.network_vlan_ranges = ['public'] {{(pid=105208) log_opt_values /opt/stack/data/venv/lib/python3.12/site-packages/oslo_config/cfg.py:2824}}
Feb 17 15:23:24.229340 np0000156024 neutron-periodic-workers[105208]: DEBUG cotyledon.oslo_config_glue [-] network_log.burst_limit = 25 {{(pid=105208) log_opt_values /opt/stack/data/venv/lib/python3.12/site-packages/oslo_config/cfg.py:2824}}
Feb 17 15:23:24.229340 np0000156024 neutron-periodic-workers[105208]: DEBUG cotyledon.oslo_config_glue [-] network_log.local_output_log_base = None {{(pid=105208) log_opt_values /opt/stack/data/venv/lib/python3.12/site-packages/oslo_config/cfg.py:2824}}
Feb 17 15:23:24.229340 np0000156024 neutron-periodic-workers[105208]: DEBUG cotyledon.oslo_config_glue [-] network_log.rate_limit = 100 {{(pid=105208) log_opt_values /opt/stack/data/venv/lib/python3.12/site-packages/oslo_config/cfg.py:2824}}
Feb 17 15:23:24.229493 np0000156024 neutron-periodic-workers[105208]: DEBUG cotyledon.oslo_config_glue [-] database.asyncio_connection = **** {{(pid=105208) log_opt_values /opt/stack/data/venv/lib/python3.12/site-packages/oslo_config/cfg.py:2824}}
Feb 17 15:23:24.229493 np0000156024 neutron-periodic-workers[105208]: DEBUG cotyledon.oslo_config_glue [-] database.asyncio_slave_connection = **** {{(pid=105208) log_opt_values /opt/stack/data/venv/lib/python3.12/site-packages/oslo_config/cfg.py:2824}}
Feb 17 15:23:24.229493 np0000156024 neutron-periodic-workers[105208]: DEBUG cotyledon.oslo_config_glue [-] database.backend = sqlalchemy {{(pid=105208) log_opt_values /opt/stack/data/venv/lib/python3.12/site-packages/oslo_config/cfg.py:2824}}
Feb 17 15:23:24.229493 np0000156024 neutron-periodic-workers[105208]: DEBUG cotyledon.oslo_config_glue [-] database.connection = **** {{(pid=105208) log_opt_values /opt/stack/data/venv/lib/python3.12/site-packages/oslo_config/cfg.py:2824}}
Feb 17 15:23:24.229625 np0000156024 neutron-periodic-workers[105208]: DEBUG cotyledon.oslo_config_glue [-] database.connection_debug = 0 {{(pid=105208) log_opt_values /opt/stack/data/venv/lib/python3.12/site-packages/oslo_config/cfg.py:2824}}
Feb 17 15:23:24.229625 np0000156024 neutron-periodic-workers[105208]: DEBUG cotyledon.oslo_config_glue [-] database.connection_parameters = {{(pid=105208) log_opt_values /opt/stack/data/venv/lib/python3.12/site-packages/oslo_config/cfg.py:2824}}
Feb 17 15:23:24.229625 np0000156024 neutron-periodic-workers[105208]: DEBUG cotyledon.oslo_config_glue [-] database.connection_recycle_time = 3600 {{(pid=105208) log_opt_values /opt/stack/data/venv/lib/python3.12/site-packages/oslo_config/cfg.py:2824}}
Feb 17 15:23:24.229745 np0000156024 neutron-periodic-workers[105208]: DEBUG cotyledon.oslo_config_glue [-] database.connection_trace = False {{(pid=105208) log_opt_values /opt/stack/data/venv/lib/python3.12/site-packages/oslo_config/cfg.py:2824}}
Feb 17 15:23:24.229745 np0000156024 neutron-periodic-workers[105208]: DEBUG cotyledon.oslo_config_glue [-] database.db_inc_retry_interval = True {{(pid=105208) log_opt_values /opt/stack/data/venv/lib/python3.12/site-packages/oslo_config/cfg.py:2824}}
Feb 17 15:23:24.229745 np0000156024 neutron-periodic-workers[105208]: DEBUG cotyledon.oslo_config_glue [-] database.db_max_retries = 20 {{(pid=105208) log_opt_values /opt/stack/data/venv/lib/python3.12/site-packages/oslo_config/cfg.py:2824}}
Feb 17 15:23:24.229859 np0000156024 neutron-periodic-workers[105208]: DEBUG cotyledon.oslo_config_glue [-] database.db_max_retry_interval = 10 {{(pid=105208) log_opt_values /opt/stack/data/venv/lib/python3.12/site-packages/oslo_config/cfg.py:2824}}
Feb 17 15:23:24.229859 np0000156024 neutron-periodic-workers[105208]: DEBUG cotyledon.oslo_config_glue [-] database.db_retry_interval = 1 {{(pid=105208) log_opt_values /opt/stack/data/venv/lib/python3.12/site-packages/oslo_config/cfg.py:2824}}
Feb 17 15:23:24.229859 np0000156024 neutron-periodic-workers[105208]: DEBUG cotyledon.oslo_config_glue [-] database.max_overflow = 50 {{(pid=105208) log_opt_values /opt/stack/data/venv/lib/python3.12/site-packages/oslo_config/cfg.py:2824}}
Feb 17 15:23:24.229970 np0000156024 neutron-periodic-workers[105208]: DEBUG cotyledon.oslo_config_glue [-] database.max_pool_size = 5 {{(pid=105208) log_opt_values /opt/stack/data/venv/lib/python3.12/site-packages/oslo_config/cfg.py:2824}}
Feb 17 15:23:24.229970 np0000156024 neutron-periodic-workers[105208]: DEBUG cotyledon.oslo_config_glue [-] database.max_retries = 10 {{(pid=105208) log_opt_values /opt/stack/data/venv/lib/python3.12/site-packages/oslo_config/cfg.py:2824}}
Feb 17 15:23:24.229970 np0000156024 neutron-periodic-workers[105208]: DEBUG cotyledon.oslo_config_glue [-] database.mysql_sql_mode = TRADITIONAL {{(pid=105208) log_opt_values /opt/stack/data/venv/lib/python3.12/site-packages/oslo_config/cfg.py:2824}}
Feb 17 15:23:24.230213 np0000156024 neutron-periodic-workers[105208]: DEBUG cotyledon.oslo_config_glue [-] database.mysql_wsrep_sync_wait = None {{(pid=105208) log_opt_values /opt/stack/data/venv/lib/python3.12/site-packages/oslo_config/cfg.py:2824}}
Feb 17 15:23:24.230213 np0000156024 neutron-periodic-workers[105208]: DEBUG cotyledon.oslo_config_glue [-] database.pool_timeout = None {{(pid=105208) log_opt_values /opt/stack/data/venv/lib/python3.12/site-packages/oslo_config/cfg.py:2824}}
Feb 17 15:23:24.230213 np0000156024 neutron-periodic-workers[105208]: DEBUG cotyledon.oslo_config_glue [-] database.retry_interval = 10 {{(pid=105208) log_opt_values /opt/stack/data/venv/lib/python3.12/site-packages/oslo_config/cfg.py:2824}}
Feb 17 15:23:24.230213 np0000156024 neutron-periodic-workers[105208]: DEBUG cotyledon.oslo_config_glue [-] database.slave_connection = **** {{(pid=105208) log_opt_values /opt/stack/data/venv/lib/python3.12/site-packages/oslo_config/cfg.py:2824}}
Feb 17 15:23:24.230213 np0000156024 neutron-periodic-workers[105208]: DEBUG cotyledon.oslo_config_glue [-] database.sqlite_synchronous = True {{(pid=105208) log_opt_values /opt/stack/data/venv/lib/python3.12/site-packages/oslo_config/cfg.py:2824}}
Feb 17 15:23:24.230213 np0000156024 neutron-periodic-workers[105208]: DEBUG cotyledon.oslo_config_glue [-] database.synchronous_reader = True {{(pid=105208) log_opt_values /opt/stack/data/venv/lib/python3.12/site-packages/oslo_config/cfg.py:2824}}
Feb 17 15:23:24.230573 np0000156024 neutron-periodic-workers[105208]: DEBUG cotyledon.oslo_config_glue [-] database.use_db_reconnect = False {{(pid=105208) log_opt_values /opt/stack/data/venv/lib/python3.12/site-packages/oslo_config/cfg.py:2824}}
Feb 17 15:23:24.230573 np0000156024 neutron-periodic-workers[105208]: DEBUG cotyledon.oslo_config_glue [-] ovn.broadcast_arps_to_all_routers = True {{(pid=105208) log_opt_values /opt/stack/data/venv/lib/python3.12/site-packages/oslo_config/cfg.py:2824}}
Feb 17 15:23:24.230573 np0000156024 neutron-periodic-workers[105208]: DEBUG cotyledon.oslo_config_glue [-] ovn.dhcp_default_lease_time = 43200 {{(pid=105208) log_opt_values /opt/stack/data/venv/lib/python3.12/site-packages/oslo_config/cfg.py:2824}}
Feb 17 15:23:24.230573 np0000156024 neutron-periodic-workers[105208]: DEBUG cotyledon.oslo_config_glue [-] ovn.disable_ovn_dhcp_for_baremetal_ports = False {{(pid=105208) log_opt_values /opt/stack/data/venv/lib/python3.12/site-packages/oslo_config/cfg.py:2824}}
Feb 17 15:23:24.230573 np0000156024 neutron-periodic-workers[105208]: DEBUG cotyledon.oslo_config_glue [-] ovn.dns_records_ovn_owned = False {{(pid=105208) log_opt_values /opt/stack/data/venv/lib/python3.12/site-packages/oslo_config/cfg.py:2824}}
Feb 17 15:23:24.230573 np0000156024 neutron-periodic-workers[105208]: DEBUG cotyledon.oslo_config_glue [-] ovn.dns_servers = [] {{(pid=105208) log_opt_values /opt/stack/data/venv/lib/python3.12/site-packages/oslo_config/cfg.py:2824}}
Feb 17 15:23:24.230573 np0000156024 neutron-periodic-workers[105208]: DEBUG cotyledon.oslo_config_glue [-] ovn.enable_distributed_floating_ip = False {{(pid=105208) log_opt_values /opt/stack/data/venv/lib/python3.12/site-packages/oslo_config/cfg.py:2824}}
Feb 17 15:23:24.230573 np0000156024 neutron-periodic-workers[105208]: DEBUG cotyledon.oslo_config_glue [-] ovn.fdb_age_threshold = 0 {{(pid=105208) log_opt_values /opt/stack/data/venv/lib/python3.12/site-packages/oslo_config/cfg.py:2824}}
Feb 17 15:23:24.230573 np0000156024 neutron-periodic-workers[105208]: DEBUG cotyledon.oslo_config_glue [-] ovn.live_migration_activation_strategy = rarp {{(pid=105208) log_opt_values /opt/stack/data/venv/lib/python3.12/site-packages/oslo_config/cfg.py:2824}}
Feb 17 15:23:24.230920 np0000156024 neutron-periodic-workers[105208]: DEBUG cotyledon.oslo_config_glue [-] ovn.localnet_learn_fdb = False {{(pid=105208) log_opt_values /opt/stack/data/venv/lib/python3.12/site-packages/oslo_config/cfg.py:2824}}
Feb 17 15:23:24.230920 np0000156024 neutron-periodic-workers[105208]: DEBUG cotyledon.oslo_config_glue [-] ovn.mac_binding_age_threshold = 0 {{(pid=105208) log_opt_values /opt/stack/data/venv/lib/python3.12/site-packages/oslo_config/cfg.py:2824}}
Feb 17 15:23:24.230920 np0000156024 neutron-periodic-workers[105208]: DEBUG cotyledon.oslo_config_glue [-] ovn.neutron_sync_mode = log {{(pid=105208) log_opt_values /opt/stack/data/venv/lib/python3.12/site-packages/oslo_config/cfg.py:2824}}
Feb 17 15:23:24.230920 np0000156024 neutron-periodic-workers[105208]: DEBUG cotyledon.oslo_config_glue [-] ovn.ovn_dhcp4_global_options = {} {{(pid=105208) log_opt_values /opt/stack/data/venv/lib/python3.12/site-packages/oslo_config/cfg.py:2824}}
Feb 17 15:23:24.230920 np0000156024 neutron-periodic-workers[105208]: DEBUG cotyledon.oslo_config_glue [-] ovn.ovn_dhcp6_global_options = {} {{(pid=105208) log_opt_values /opt/stack/data/venv/lib/python3.12/site-packages/oslo_config/cfg.py:2824}}
Feb 17 15:23:24.230920 np0000156024 neutron-periodic-workers[105208]: DEBUG cotyledon.oslo_config_glue [-] ovn.ovn_l3_scheduler = leastloaded {{(pid=105208) log_opt_values /opt/stack/data/venv/lib/python3.12/site-packages/oslo_config/cfg.py:2824}}
Feb 17 15:23:24.230920 np0000156024 neutron-periodic-workers[105208]: DEBUG cotyledon.oslo_config_glue [-] ovn.ovn_metadata_enabled = True {{(pid=105208) log_opt_values /opt/stack/data/venv/lib/python3.12/site-packages/oslo_config/cfg.py:2824}}
Feb 17 15:23:24.230920 np0000156024 neutron-periodic-workers[105208]: DEBUG cotyledon.oslo_config_glue [-] ovn.ovn_nb_ca_cert = /opt/stack/data/CA/int-ca/ca-chain.pem {{(pid=105208) log_opt_values /opt/stack/data/venv/lib/python3.12/site-packages/oslo_config/cfg.py:2824}}
Feb 17 15:23:24.230920 np0000156024 neutron-periodic-workers[105208]: DEBUG cotyledon.oslo_config_glue [-] ovn.ovn_nb_certificate = /opt/stack/data/CA/int-ca/devstack-cert.crt {{(pid=105208) log_opt_values /opt/stack/data/venv/lib/python3.12/site-packages/oslo_config/cfg.py:2824}}
Feb 17 15:23:24.231219 np0000156024 neutron-periodic-workers[105208]: DEBUG cotyledon.oslo_config_glue [-] ovn.ovn_nb_connection = ['ssl:199.204.45.102:6641'] {{(pid=105208) log_opt_values /opt/stack/data/venv/lib/python3.12/site-packages/oslo_config/cfg.py:2824}}
Feb 17 15:23:24.231219 np0000156024 neutron-periodic-workers[105208]: DEBUG cotyledon.oslo_config_glue [-] ovn.ovn_nb_private_key = /opt/stack/data/CA/int-ca/private/devstack-cert.key {{(pid=105208) log_opt_values /opt/stack/data/venv/lib/python3.12/site-packages/oslo_config/cfg.py:2824}}
Feb 17 15:23:24.231219 np0000156024 neutron-periodic-workers[105208]: DEBUG cotyledon.oslo_config_glue [-] ovn.ovn_router_indirect_snat = False {{(pid=105208) log_opt_values /opt/stack/data/venv/lib/python3.12/site-packages/oslo_config/cfg.py:2824}}
Feb 17 15:23:24.231219 np0000156024 neutron-periodic-workers[105208]: DEBUG cotyledon.oslo_config_glue [-] ovn.ovn_sb_ca_cert = /opt/stack/data/CA/int-ca/ca-chain.pem {{(pid=105208) log_opt_values /opt/stack/data/venv/lib/python3.12/site-packages/oslo_config/cfg.py:2824}}
Feb 17 15:23:24.231219 np0000156024 neutron-periodic-workers[105208]: DEBUG cotyledon.oslo_config_glue [-] ovn.ovn_sb_certificate = /opt/stack/data/CA/int-ca/devstack-cert.crt {{(pid=105208) log_opt_values /opt/stack/data/venv/lib/python3.12/site-packages/oslo_config/cfg.py:2824}}
Feb 17 15:23:24.231219 np0000156024 neutron-periodic-workers[105208]: DEBUG cotyledon.oslo_config_glue [-] ovn.ovn_sb_connection = ['ssl:199.204.45.102:6642'] {{(pid=105208) log_opt_values /opt/stack/data/venv/lib/python3.12/site-packages/oslo_config/cfg.py:2824}}
Feb 17 15:23:24.231219 np0000156024 neutron-periodic-workers[105208]: DEBUG cotyledon.oslo_config_glue [-] ovn.ovn_sb_private_key = /opt/stack/data/CA/int-ca/private/devstack-cert.key {{(pid=105208) log_opt_values /opt/stack/data/venv/lib/python3.12/site-packages/oslo_config/cfg.py:2824}}
Feb 17 15:23:24.231439 np0000156024 neutron-periodic-workers[105208]: DEBUG cotyledon.oslo_config_glue [-] ovn.ovs_create_tap = False {{(pid=105208) log_opt_values /opt/stack/data/venv/lib/python3.12/site-packages/oslo_config/cfg.py:2824}}
Feb 17 15:23:24.231439 np0000156024 neutron-periodic-workers[105208]: DEBUG cotyledon.oslo_config_glue [-] ovn.ovsdb_connection_timeout = 180 {{(pid=105208) log_opt_values /opt/stack/data/venv/lib/python3.12/site-packages/oslo_config/cfg.py:2824}}
Feb 17 15:23:24.231439 np0000156024 neutron-periodic-workers[105208]: DEBUG cotyledon.oslo_config_glue [-] ovn.ovsdb_log_level = INFO {{(pid=105208) log_opt_values /opt/stack/data/venv/lib/python3.12/site-packages/oslo_config/cfg.py:2824}}
Feb 17 15:23:24.231439 np0000156024 neutron-periodic-workers[105208]: DEBUG cotyledon.oslo_config_glue [-] ovn.ovsdb_probe_interval = 60000 {{(pid=105208) log_opt_values /opt/stack/data/venv/lib/python3.12/site-packages/oslo_config/cfg.py:2824}}
Feb 17 15:23:24.231439 np0000156024 neutron-periodic-workers[105208]: DEBUG cotyledon.oslo_config_glue [-] ovn.ovsdb_retry_max_interval = 180 {{(pid=105208) log_opt_values /opt/stack/data/venv/lib/python3.12/site-packages/oslo_config/cfg.py:2824}}
Feb 17 15:23:24.231439 np0000156024 neutron-periodic-workers[105208]: DEBUG cotyledon.oslo_config_glue [-] ovn.stateless_nat_enabled = False {{(pid=105208) log_opt_values /opt/stack/data/venv/lib/python3.12/site-packages/oslo_config/cfg.py:2824}}
Feb 17 15:23:24.231630 np0000156024 neutron-periodic-workers[105208]: DEBUG cotyledon.oslo_config_glue [-] ovn.vhost_sock_dir = /var/run/openvswitch {{(pid=105208) log_opt_values /opt/stack/data/venv/lib/python3.12/site-packages/oslo_config/cfg.py:2824}}
Feb 17 15:23:24.231630 np0000156024 neutron-periodic-workers[105208]: DEBUG cotyledon.oslo_config_glue [-] OVS.bridge_mac_table_size = 50000 {{(pid=105208) log_opt_values /opt/stack/data/venv/lib/python3.12/site-packages/oslo_config/cfg.py:2824}}
Feb 17 15:23:24.231630 np0000156024 neutron-periodic-workers[105208]: DEBUG cotyledon.oslo_config_glue [-] OVS.igmp_flood = False {{(pid=105208) log_opt_values /opt/stack/data/venv/lib/python3.12/site-packages/oslo_config/cfg.py:2824}}
Feb 17 15:23:24.231630 np0000156024 neutron-periodic-workers[105208]: DEBUG cotyledon.oslo_config_glue [-] OVS.igmp_flood_reports = True {{(pid=105208) log_opt_values /opt/stack/data/venv/lib/python3.12/site-packages/oslo_config/cfg.py:2824}}
Feb 17 15:23:24.231772 np0000156024 neutron-periodic-workers[105208]: DEBUG cotyledon.oslo_config_glue [-] OVS.igmp_flood_unregistered = False {{(pid=105208) log_opt_values /opt/stack/data/venv/lib/python3.12/site-packages/oslo_config/cfg.py:2824}}
Feb 17 15:23:24.231772 np0000156024 neutron-periodic-workers[105208]: DEBUG cotyledon.oslo_config_glue [-] OVS.igmp_snooping_enable = False {{(pid=105208) log_opt_values /opt/stack/data/venv/lib/python3.12/site-packages/oslo_config/cfg.py:2824}}
Feb 17 15:23:24.231772 np0000156024 neutron-periodic-workers[105208]: DEBUG cotyledon.oslo_config_glue [-] OVS.ovsdb_timeout = 10 {{(pid=105208) log_opt_values /opt/stack/data/venv/lib/python3.12/site-packages/oslo_config/cfg.py:2824}}
Feb 17 15:23:24.231936 np0000156024 neutron-periodic-workers[105208]: DEBUG cotyledon.oslo_config_glue [-] ovn_nb_global.fdb_removal_limit = 0 {{(pid=105208) log_opt_values /opt/stack/data/venv/lib/python3.12/site-packages/oslo_config/cfg.py:2824}}
Feb 17 15:23:24.231936 np0000156024 neutron-periodic-workers[105208]: DEBUG cotyledon.oslo_config_glue [-] ovn_nb_global.ignore_lsp_down = False {{(pid=105208) log_opt_values /opt/stack/data/venv/lib/python3.12/site-packages/oslo_config/cfg.py:2824}}
Feb 17 15:23:24.231936 np0000156024 neutron-periodic-workers[105208]: DEBUG cotyledon.oslo_config_glue [-] ovn_nb_global.mac_binding_removal_limit = 0 {{(pid=105208) log_opt_values /opt/stack/data/venv/lib/python3.12/site-packages/oslo_config/cfg.py:2824}}
Feb 17 15:23:24.231936 np0000156024 neutron-periodic-workers[105208]: DEBUG cotyledon.oslo_config_glue [-] ******************************************************************************** {{(pid=105208) log_opt_values /opt/stack/data/venv/lib/python3.12/site-packages/oslo_config/cfg.py:2828}}
Feb 17 15:23:24.232090 np0000156024 neutron-periodic-workers[105208]: DEBUG cotyledon._service_worker [-] Run service ServiceWrapper(0) [105208] {{(pid=105208) wait_forever /opt/stack/data/venv/lib/python3.12/site-packages/cotyledon/_service_worker.py:218}}
Feb 17 15:23:33.860110 np0000156024 neutron-periodic-workers[104453]: DEBUG dbcounter [-] [104453] Writing DB stats neutron:SELECT=4 {{(pid=104453) stat_writer /opt/stack/data/venv/lib/python3.12/site-packages/dbcounter.py:115}}
Feb 17 15:24:07.212743 np0000156024 neutron-periodic-workers[105188]: DEBUG oslo_db.sqlalchemy.engines [None req-d4baf5a1-a0c8-4e77-89a1-6fc4bc2a365d None None] Parent process 104453 forked (105188) with an open database connection, which is being discarded and recreated. {{(pid=105188) checkout /opt/stack/data/venv/lib/python3.12/site-packages/oslo_db/sqlalchemy/engines.py:402}}
Feb 17 15:24:07.224602 np0000156024 neutron-periodic-workers[105188]: DEBUG dbcounter [-] [105188] Writer thread running {{(pid=105188) stat_writer /opt/stack/data/venv/lib/python3.12/site-packages/dbcounter.py:102}}
Feb 17 15:24:07.228201 np0000156024 neutron-periodic-workers[105188]: DEBUG neutron.db.agents_db [None req-d4baf5a1-a0c8-4e77-89a1-6fc4bc2a365d None None] Agent healthcheck: found 0 active agents {{(pid=105188) agent_health_check /opt/stack/neutron/neutron/db/agents_db.py:317}}
Feb 17 15:24:07.228201 np0000156024 neutron-periodic-workers[105188]: DEBUG oslo.service.backend._threading.loopingcall [None req-d4baf5a1-a0c8-4e77-89a1-6fc4bc2a365d None None] Fixed interval looping call 'neutron.plugins.ml2.plugin.AgentDbMixin.agent_health_check' sleeping for 36.98 seconds {{(pid=105188) _run_loop /opt/stack/data/venv/lib/python3.12/site-packages/oslo_service/backend/_threading/loopingcall.py:125}}
Feb 17 15:24:17.225303 np0000156024 neutron-periodic-workers[105188]: DEBUG dbcounter [-] [105188] Writing DB stats neutron:SELECT=1 {{(pid=105188) stat_writer /opt/stack/data/venv/lib/python3.12/site-packages/dbcounter.py:115}}
Feb 17 15:24:37.196661 np0000156024 neutron-periodic-workers[105179]: DEBUG dbcounter [-] [105179] Writer thread running {{(pid=105179) stat_writer /opt/stack/data/venv/lib/python3.12/site-packages/dbcounter.py:102}}
Feb 17 15:24:37.207553 np0000156024 neutron-periodic-workers[105179]: DEBUG oslo.service.backend._threading.loopingcall [None req-7e493075-eba9-4f6d-b0a1-230d44f353e3 None None] Fixed interval looping call 'neutron.plugins.ml2.plugin.DhcpAgentSchedulerDbMixin.remove_networks_from_down_agents' sleeping for 36.98 seconds {{(pid=105179) _run_loop /opt/stack/data/venv/lib/python3.12/site-packages/oslo_service/backend/_threading/loopingcall.py:125}}
Feb 17 15:24:44.214618 np0000156024 neutron-periodic-workers[105188]: DEBUG neutron.db.agents_db [None req-d4baf5a1-a0c8-4e77-89a1-6fc4bc2a365d None None] Agent healthcheck: found 0 active agents {{(pid=105188) agent_health_check /opt/stack/neutron/neutron/db/agents_db.py:317}}
Feb 17 15:24:44.215360 np0000156024 neutron-periodic-workers[105188]: DEBUG oslo.service.backend._threading.loopingcall [None req-d4baf5a1-a0c8-4e77-89a1-6fc4bc2a365d None None] Fixed interval looping call 'neutron.plugins.ml2.plugin.AgentDbMixin.agent_health_check' sleeping for 36.99 seconds {{(pid=105188) _run_loop /opt/stack/data/venv/lib/python3.12/site-packages/oslo_service/backend/_threading/loopingcall.py:125}}
Feb 17 15:24:47.205992 np0000156024 neutron-periodic-workers[105179]: DEBUG dbcounter [-] [105179] Writing DB stats neutron:SELECT=3 {{(pid=105179) stat_writer /opt/stack/data/venv/lib/python3.12/site-packages/dbcounter.py:115}}
Feb 17 15:24:54.212982 np0000156024 neutron-periodic-workers[105188]: DEBUG dbcounter [-] [105188] Writing DB stats neutron:SELECT=1 {{(pid=105188) stat_writer /opt/stack/data/venv/lib/python3.12/site-packages/dbcounter.py:115}}
Feb 17 15:25:14.199153 np0000156024 neutron-periodic-workers[105179]: DEBUG oslo.service.backend._threading.loopingcall [None req-7e493075-eba9-4f6d-b0a1-230d44f353e3 None None] Fixed interval looping call 'neutron.plugins.ml2.plugin.DhcpAgentSchedulerDbMixin.remove_networks_from_down_agents' sleeping for 36.99 seconds {{(pid=105179) _run_loop /opt/stack/data/venv/lib/python3.12/site-packages/oslo_service/backend/_threading/loopingcall.py:125}}
Feb 17 15:25:21.209259 np0000156024 neutron-periodic-workers[105188]: DEBUG neutron.db.agents_db [None req-d4baf5a1-a0c8-4e77-89a1-6fc4bc2a365d None None] Agent healthcheck: found 0 active agents {{(pid=105188) agent_health_check /opt/stack/neutron/neutron/db/agents_db.py:317}}
Feb 17 15:25:21.209828 np0000156024 neutron-periodic-workers[105188]: DEBUG oslo.service.backend._threading.loopingcall [None req-d4baf5a1-a0c8-4e77-89a1-6fc4bc2a365d None None] Fixed interval looping call 'neutron.plugins.ml2.plugin.AgentDbMixin.agent_health_check' sleeping for 37.00 seconds {{(pid=105188) _run_loop /opt/stack/data/venv/lib/python3.12/site-packages/oslo_service/backend/_threading/loopingcall.py:125}}
Feb 17 15:25:24.197588 np0000156024 neutron-periodic-workers[105179]: DEBUG dbcounter [-] [105179] Writing DB stats neutron:SELECT=3 {{(pid=105179) stat_writer /opt/stack/data/venv/lib/python3.12/site-packages/dbcounter.py:115}}
Feb 17 15:25:24.237903 np0000156024 neutron-periodic-workers[105198]: DEBUG dbcounter [-] [105198] Writer thread running {{(pid=105198) stat_writer /opt/stack/data/venv/lib/python3.12/site-packages/dbcounter.py:102}}
Feb 17 15:25:24.240075 np0000156024 neutron-periodic-workers[105198]: DEBUG oslo.service.backend._threading.loopingcall [None req-57c1f7aa-c581-4797-ac81-67f565cdd9c5 None None] Fixed interval looping call 'neutron.db.quota.driver_nolock.DbQuotaNoLockDriver._remove_expired_reservations' sleeping for 119.98 seconds {{(pid=105198) _run_loop /opt/stack/data/venv/lib/python3.12/site-packages/oslo_service/backend/_threading/loopingcall.py:125}}
Feb 17 15:25:31.208076 np0000156024 neutron-periodic-workers[105188]: DEBUG dbcounter [-] [105188] Writing DB stats neutron:SELECT=1 {{(pid=105188) stat_writer /opt/stack/data/venv/lib/python3.12/site-packages/dbcounter.py:115}}
Feb 17 15:25:34.238919 np0000156024 neutron-periodic-workers[105198]: DEBUG dbcounter [-] [105198] Writing DB stats neutron:DELETE=1 {{(pid=105198) stat_writer /opt/stack/data/venv/lib/python3.12/site-packages/dbcounter.py:115}}
Feb 17 15:25:51.199679 np0000156024 neutron-periodic-workers[105179]: DEBUG oslo.service.backend._threading.loopingcall [None req-7e493075-eba9-4f6d-b0a1-230d44f353e3 None None] Fixed interval looping call 'neutron.plugins.ml2.plugin.DhcpAgentSchedulerDbMixin.remove_networks_from_down_agents' sleeping for 36.99 seconds {{(pid=105179) _run_loop /opt/stack/data/venv/lib/python3.12/site-packages/oslo_service/backend/_threading/loopingcall.py:125}}
Feb 17 15:25:58.214973 np0000156024 neutron-periodic-workers[105188]: DEBUG neutron.db.agents_db [None req-d4baf5a1-a0c8-4e77-89a1-6fc4bc2a365d None None] Agent healthcheck: found 0 active agents {{(pid=105188) agent_health_check /opt/stack/neutron/neutron/db/agents_db.py:317}}
Feb 17 15:25:58.215653 np0000156024 neutron-periodic-workers[105188]: DEBUG oslo.service.backend._threading.loopingcall [None req-d4baf5a1-a0c8-4e77-89a1-6fc4bc2a365d None None] Fixed interval looping call 'neutron.plugins.ml2.plugin.AgentDbMixin.agent_health_check' sleeping for 36.99 seconds {{(pid=105188) _run_loop /opt/stack/data/venv/lib/python3.12/site-packages/oslo_service/backend/_threading/loopingcall.py:125}}
Feb 17 15:26:01.198468 np0000156024 neutron-periodic-workers[105179]: DEBUG dbcounter [-] [105179] Writing DB stats neutron:SELECT=3 {{(pid=105179) stat_writer /opt/stack/data/venv/lib/python3.12/site-packages/dbcounter.py:115}}
Feb 17 15:26:08.213945 np0000156024 neutron-periodic-workers[105188]: DEBUG dbcounter [-] [105188] Writing DB stats neutron:SELECT=1 {{(pid=105188) stat_writer /opt/stack/data/venv/lib/python3.12/site-packages/dbcounter.py:115}}
Feb 17 15:26:28.206616 np0000156024 neutron-periodic-workers[105179]: DEBUG oslo.service.backend._threading.loopingcall [None req-7e493075-eba9-4f6d-b0a1-230d44f353e3 None None] Fixed interval looping call 'neutron.plugins.ml2.plugin.DhcpAgentSchedulerDbMixin.remove_networks_from_down_agents' sleeping for 36.98 seconds {{(pid=105179) _run_loop /opt/stack/data/venv/lib/python3.12/site-packages/oslo_service/backend/_threading/loopingcall.py:125}}
Feb 17 15:26:35.211306 np0000156024 neutron-periodic-workers[105188]: DEBUG neutron.db.agents_db [None req-d4baf5a1-a0c8-4e77-89a1-6fc4bc2a365d None None] Agent healthcheck: found 0 active agents {{(pid=105188) agent_health_check /opt/stack/neutron/neutron/db/agents_db.py:317}}
Feb 17 15:26:35.212004 np0000156024 neutron-periodic-workers[105188]: DEBUG oslo.service.backend._threading.loopingcall [None req-d4baf5a1-a0c8-4e77-89a1-6fc4bc2a365d None None] Fixed interval looping call 'neutron.plugins.ml2.plugin.AgentDbMixin.agent_health_check' sleeping for 36.99 seconds {{(pid=105188) _run_loop /opt/stack/data/venv/lib/python3.12/site-packages/oslo_service/backend/_threading/loopingcall.py:125}}
Feb 17 15:26:38.205275 np0000156024 neutron-periodic-workers[105179]: DEBUG dbcounter [-] [105179] Writing DB stats neutron:SELECT=3 {{(pid=105179) stat_writer /opt/stack/data/venv/lib/python3.12/site-packages/dbcounter.py:115}}
Feb 17 15:26:45.209341 np0000156024 neutron-periodic-workers[105188]: DEBUG dbcounter [-] [105188] Writing DB stats neutron:SELECT=1 {{(pid=105188) stat_writer /opt/stack/data/venv/lib/python3.12/site-packages/dbcounter.py:115}}
Feb 17 15:27:05.197102 np0000156024 neutron-periodic-workers[105179]: DEBUG oslo.service.backend._threading.loopingcall [None req-7e493075-eba9-4f6d-b0a1-230d44f353e3 None None] Fixed interval looping call 'neutron.plugins.ml2.plugin.DhcpAgentSchedulerDbMixin.remove_networks_from_down_agents' sleeping for 36.99 seconds {{(pid=105179) _run_loop /opt/stack/data/venv/lib/python3.12/site-packages/oslo_service/backend/_threading/loopingcall.py:125}}
Feb 17 15:27:12.206349 np0000156024 neutron-periodic-workers[105188]: DEBUG neutron.db.agents_db [None req-d4baf5a1-a0c8-4e77-89a1-6fc4bc2a365d None None] Agent healthcheck: found 0 active agents {{(pid=105188) agent_health_check /opt/stack/neutron/neutron/db/agents_db.py:317}}
Feb 17 15:27:12.206956 np0000156024 neutron-periodic-workers[105188]: DEBUG oslo.service.backend._threading.loopingcall [None req-d4baf5a1-a0c8-4e77-89a1-6fc4bc2a365d None None] Fixed interval looping call 'neutron.plugins.ml2.plugin.AgentDbMixin.agent_health_check' sleeping for 37.00 seconds {{(pid=105188) _run_loop /opt/stack/data/venv/lib/python3.12/site-packages/oslo_service/backend/_threading/loopingcall.py:125}}
Feb 17 15:27:15.195556 np0000156024 neutron-periodic-workers[105179]: DEBUG dbcounter [-] [105179] Writing DB stats neutron:SELECT=3 {{(pid=105179) stat_writer /opt/stack/data/venv/lib/python3.12/site-packages/dbcounter.py:115}}
Feb 17 15:27:22.204986 np0000156024 neutron-periodic-workers[105188]: DEBUG dbcounter [-] [105188] Writing DB stats neutron:SELECT=1 {{(pid=105188) stat_writer /opt/stack/data/venv/lib/python3.12/site-packages/dbcounter.py:115}}
Feb 17 15:27:24.224388 np0000156024 neutron-periodic-workers[105198]: DEBUG oslo.service.backend._threading.loopingcall [None req-57c1f7aa-c581-4797-ac81-67f565cdd9c5 None None] Fixed interval looping call 'neutron.db.quota.driver_nolock.DbQuotaNoLockDriver._remove_expired_reservations' sleeping for 120.00 seconds {{(pid=105198) _run_loop /opt/stack/data/venv/lib/python3.12/site-packages/oslo_service/backend/_threading/loopingcall.py:125}}
Feb 17 15:27:34.223186 np0000156024 neutron-periodic-workers[105198]: DEBUG dbcounter [-] [105198] Writing DB stats neutron:DELETE=1 {{(pid=105198) stat_writer /opt/stack/data/venv/lib/python3.12/site-packages/dbcounter.py:115}}
Feb 17 15:27:42.196191 np0000156024 neutron-periodic-workers[105179]: DEBUG oslo.service.backend._threading.loopingcall [None req-7e493075-eba9-4f6d-b0a1-230d44f353e3 None None] Fixed interval looping call 'neutron.plugins.ml2.plugin.DhcpAgentSchedulerDbMixin.remove_networks_from_down_agents' sleeping for 36.99 seconds {{(pid=105179) _run_loop /opt/stack/data/venv/lib/python3.12/site-packages/oslo_service/backend/_threading/loopingcall.py:125}}
Feb 17 15:27:49.211326 np0000156024 neutron-periodic-workers[105188]: DEBUG neutron.db.agents_db [None req-d4baf5a1-a0c8-4e77-89a1-6fc4bc2a365d None None] Agent healthcheck: found 0 active agents {{(pid=105188) agent_health_check /opt/stack/neutron/neutron/db/agents_db.py:317}}
Feb 17 15:27:49.212371 np0000156024 neutron-periodic-workers[105188]: DEBUG oslo.service.backend._threading.loopingcall [None req-d4baf5a1-a0c8-4e77-89a1-6fc4bc2a365d None None] Fixed interval looping call 'neutron.plugins.ml2.plugin.AgentDbMixin.agent_health_check' sleeping for 37.00 seconds {{(pid=105188) _run_loop /opt/stack/data/venv/lib/python3.12/site-packages/oslo_service/backend/_threading/loopingcall.py:125}}
Feb 17 15:27:52.195481 np0000156024 neutron-periodic-workers[105179]: DEBUG dbcounter [-] [105179] Writing DB stats neutron:SELECT=3 {{(pid=105179) stat_writer /opt/stack/data/venv/lib/python3.12/site-packages/dbcounter.py:115}}
Feb 17 15:27:57.269728 np0000156024 neutron-periodic-workers[105208]: DEBUG dbcounter [-] [105208] Writer thread running {{(pid=105208) stat_writer /opt/stack/data/venv/lib/python3.12/site-packages/dbcounter.py:102}}
Feb 17 15:27:57.282203 np0000156024 neutron-periodic-workers[105208]: DEBUG oslo.service.backend._threading.loopingcall [None req-0f0d9289-d4d3-46b9-8815-8f3e9ac6cb71 None None] Fixed interval looping call 'neutron.services.ovn_l3.plugin.L3_NAT_dbonly_mixin._clean_garbage' sleeping for 299.95 seconds {{(pid=105208) _run_loop /opt/stack/data/venv/lib/python3.12/site-packages/oslo_service/backend/_threading/loopingcall.py:125}}
Feb 17 15:27:59.210192 np0000156024 neutron-periodic-workers[105188]: DEBUG dbcounter [-] [105188] Writing DB stats neutron:SELECT=1 {{(pid=105188) stat_writer /opt/stack/data/venv/lib/python3.12/site-packages/dbcounter.py:115}}
Feb 17 15:28:07.270289 np0000156024 neutron-periodic-workers[105208]: DEBUG dbcounter [-] [105208] Writing DB stats neutron:SELECT=1 {{(pid=105208) stat_writer /opt/stack/data/venv/lib/python3.12/site-packages/dbcounter.py:115}}
Feb 17 15:28:19.195961 np0000156024 neutron-periodic-workers[105179]: DEBUG oslo.service.backend._threading.loopingcall [None req-7e493075-eba9-4f6d-b0a1-230d44f353e3 None None] Fixed interval looping call 'neutron.plugins.ml2.plugin.DhcpAgentSchedulerDbMixin.remove_networks_from_down_agents' sleeping for 36.99 seconds {{(pid=105179) _run_loop /opt/stack/data/venv/lib/python3.12/site-packages/oslo_service/backend/_threading/loopingcall.py:125}}
Feb 17 15:28:26.218130 np0000156024 neutron-periodic-workers[105188]: DEBUG neutron.db.agents_db [None req-d4baf5a1-a0c8-4e77-89a1-6fc4bc2a365d None None] Agent healthcheck: found 0 active agents {{(pid=105188) agent_health_check /opt/stack/neutron/neutron/db/agents_db.py:317}}
Feb 17 15:28:26.218130 np0000156024 neutron-periodic-workers[105188]: DEBUG oslo.service.backend._threading.loopingcall [None req-d4baf5a1-a0c8-4e77-89a1-6fc4bc2a365d None None] Fixed interval looping call 'neutron.plugins.ml2.plugin.AgentDbMixin.agent_health_check' sleeping for 36.99 seconds {{(pid=105188) _run_loop /opt/stack/data/venv/lib/python3.12/site-packages/oslo_service/backend/_threading/loopingcall.py:125}}
Feb 17 15:28:29.194950 np0000156024 neutron-periodic-workers[105179]: DEBUG dbcounter [-] [105179] Writing DB stats neutron:SELECT=3 {{(pid=105179) stat_writer /opt/stack/data/venv/lib/python3.12/site-packages/dbcounter.py:115}}
Feb 17 15:28:36.216360 np0000156024 neutron-periodic-workers[105188]: DEBUG dbcounter [-] [105188] Writing DB stats neutron:SELECT=1 {{(pid=105188) stat_writer /opt/stack/data/venv/lib/python3.12/site-packages/dbcounter.py:115}}
Feb 17 15:28:56.198603 np0000156024 neutron-periodic-workers[105179]: DEBUG oslo.service.backend._threading.loopingcall [None req-7e493075-eba9-4f6d-b0a1-230d44f353e3 None None] Fixed interval looping call 'neutron.plugins.ml2.plugin.DhcpAgentSchedulerDbMixin.remove_networks_from_down_agents' sleeping for 36.99 seconds {{(pid=105179) _run_loop /opt/stack/data/venv/lib/python3.12/site-packages/oslo_service/backend/_threading/loopingcall.py:125}}
Feb 17 15:29:03.224940 np0000156024 neutron-periodic-workers[105188]: DEBUG neutron.db.agents_db [None req-d4baf5a1-a0c8-4e77-89a1-6fc4bc2a365d None None] Agent healthcheck: found 0 active agents {{(pid=105188) agent_health_check /opt/stack/neutron/neutron/db/agents_db.py:317}}
Feb 17 15:29:03.224940 np0000156024 neutron-periodic-workers[105188]: DEBUG oslo.service.backend._threading.loopingcall [None req-d4baf5a1-a0c8-4e77-89a1-6fc4bc2a365d None None] Fixed interval looping call 'neutron.plugins.ml2.plugin.AgentDbMixin.agent_health_check' sleeping for 36.99 seconds {{(pid=105188) _run_loop /opt/stack/data/venv/lib/python3.12/site-packages/oslo_service/backend/_threading/loopingcall.py:125}}
Feb 17 15:29:06.197607 np0000156024 neutron-periodic-workers[105179]: DEBUG dbcounter [-] [105179] Writing DB stats neutron:SELECT=3 {{(pid=105179) stat_writer /opt/stack/data/venv/lib/python3.12/site-packages/dbcounter.py:115}}
Feb 17 15:29:13.223679 np0000156024 neutron-periodic-workers[105188]: DEBUG dbcounter [-] [105188] Writing DB stats neutron:SELECT=1 {{(pid=105188) stat_writer /opt/stack/data/venv/lib/python3.12/site-packages/dbcounter.py:115}}
Feb 17 15:29:24.229275 np0000156024 neutron-periodic-workers[105198]: DEBUG oslo.service.backend._threading.loopingcall [None req-57c1f7aa-c581-4797-ac81-67f565cdd9c5 None None] Fixed interval looping call 'neutron.db.quota.driver_nolock.DbQuotaNoLockDriver._remove_expired_reservations' sleeping for 120.00 seconds {{(pid=105198) _run_loop /opt/stack/data/venv/lib/python3.12/site-packages/oslo_service/backend/_threading/loopingcall.py:125}}
Feb 17 15:29:33.199048 np0000156024 neutron-periodic-workers[105179]: DEBUG oslo.service.backend._threading.loopingcall [None req-7e493075-eba9-4f6d-b0a1-230d44f353e3 None None] Fixed interval looping call 'neutron.plugins.ml2.plugin.DhcpAgentSchedulerDbMixin.remove_networks_from_down_agents' sleeping for 36.99 seconds {{(pid=105179) _run_loop /opt/stack/data/venv/lib/python3.12/site-packages/oslo_service/backend/_threading/loopingcall.py:125}}
Feb 17 15:29:34.227989 np0000156024 neutron-periodic-workers[105198]: DEBUG dbcounter [-] [105198] Writing DB stats neutron:DELETE=1 {{(pid=105198) stat_writer /opt/stack/data/venv/lib/python3.12/site-packages/dbcounter.py:115}}
Feb 17 15:29:40.221375 np0000156024 neutron-periodic-workers[105188]: DEBUG neutron.db.agents_db [None req-d4baf5a1-a0c8-4e77-89a1-6fc4bc2a365d None None] Agent healthcheck: found 0 active agents {{(pid=105188) agent_health_check /opt/stack/neutron/neutron/db/agents_db.py:317}}
Feb 17 15:29:40.221375 np0000156024 neutron-periodic-workers[105188]: DEBUG oslo.service.backend._threading.loopingcall [None req-d4baf5a1-a0c8-4e77-89a1-6fc4bc2a365d None None] Fixed interval looping call 'neutron.plugins.ml2.plugin.AgentDbMixin.agent_health_check' sleeping for 36.99 seconds {{(pid=105188) _run_loop /opt/stack/data/venv/lib/python3.12/site-packages/oslo_service/backend/_threading/loopingcall.py:125}}
Feb 17 15:29:43.197228 np0000156024 neutron-periodic-workers[105179]: DEBUG dbcounter [-] [105179] Writing DB stats neutron:SELECT=3 {{(pid=105179) stat_writer /opt/stack/data/venv/lib/python3.12/site-packages/dbcounter.py:115}}
Feb 17 15:29:50.218599 np0000156024 neutron-periodic-workers[105188]: DEBUG dbcounter [-] [105188] Writing DB stats neutron:SELECT=1 {{(pid=105188) stat_writer /opt/stack/data/venv/lib/python3.12/site-packages/dbcounter.py:115}}
Feb 17 15:30:10.198782 np0000156024 neutron-periodic-workers[105179]: DEBUG oslo.service.backend._threading.loopingcall [None req-7e493075-eba9-4f6d-b0a1-230d44f353e3 None None] Fixed interval looping call 'neutron.plugins.ml2.plugin.DhcpAgentSchedulerDbMixin.remove_networks_from_down_agents' sleeping for 36.99 seconds {{(pid=105179) _run_loop /opt/stack/data/venv/lib/python3.12/site-packages/oslo_service/backend/_threading/loopingcall.py:125}}
Feb 17 15:30:17.215871 np0000156024 neutron-periodic-workers[105188]: DEBUG neutron.db.agents_db [None req-d4baf5a1-a0c8-4e77-89a1-6fc4bc2a365d None None] Agent healthcheck: found 0 active agents {{(pid=105188) agent_health_check /opt/stack/neutron/neutron/db/agents_db.py:317}}
Feb 17 15:30:17.216297 np0000156024 neutron-periodic-workers[105188]: DEBUG oslo.service.backend._threading.loopingcall [None req-d4baf5a1-a0c8-4e77-89a1-6fc4bc2a365d None None] Fixed interval looping call 'neutron.plugins.ml2.plugin.AgentDbMixin.agent_health_check' sleeping for 37.00 seconds {{(pid=105188) _run_loop /opt/stack/data/venv/lib/python3.12/site-packages/oslo_service/backend/_threading/loopingcall.py:125}}
Feb 17 15:30:20.197644 np0000156024 neutron-periodic-workers[105179]: DEBUG dbcounter [-] [105179] Writing DB stats neutron:SELECT=3 {{(pid=105179) stat_writer /opt/stack/data/venv/lib/python3.12/site-packages/dbcounter.py:115}}
Feb 17 15:30:27.214148 np0000156024 neutron-periodic-workers[105188]: DEBUG dbcounter [-] [105188] Writing DB stats neutron:SELECT=1 {{(pid=105188) stat_writer /opt/stack/data/venv/lib/python3.12/site-packages/dbcounter.py:115}}
Feb 17 15:30:47.206340 np0000156024 neutron-periodic-workers[105179]: DEBUG oslo.service.backend._threading.loopingcall [None req-7e493075-eba9-4f6d-b0a1-230d44f353e3 None None] Fixed interval looping call 'neutron.plugins.ml2.plugin.DhcpAgentSchedulerDbMixin.remove_networks_from_down_agents' sleeping for 36.98 seconds {{(pid=105179) _run_loop /opt/stack/data/venv/lib/python3.12/site-packages/oslo_service/backend/_threading/loopingcall.py:125}}
Feb 17 15:30:54.222779 np0000156024 neutron-periodic-workers[105188]: DEBUG neutron.db.agents_db [None req-d4baf5a1-a0c8-4e77-89a1-6fc4bc2a365d None None] Agent healthcheck: found 0 active agents {{(pid=105188) agent_health_check /opt/stack/neutron/neutron/db/agents_db.py:317}}
Feb 17 15:30:54.223570 np0000156024 neutron-periodic-workers[105188]: DEBUG oslo.service.backend._threading.loopingcall [None req-d4baf5a1-a0c8-4e77-89a1-6fc4bc2a365d None None] Fixed interval looping call 'neutron.plugins.ml2.plugin.AgentDbMixin.agent_health_check' sleeping for 36.99 seconds {{(pid=105188) _run_loop /opt/stack/data/venv/lib/python3.12/site-packages/oslo_service/backend/_threading/loopingcall.py:125}}
Feb 17 15:30:57.209391 np0000156024 neutron-periodic-workers[105179]: DEBUG dbcounter [-] [105179] Writing DB stats neutron:SELECT=3 {{(pid=105179) stat_writer /opt/stack/data/venv/lib/python3.12/site-packages/dbcounter.py:115}}
Feb 17 15:31:04.220535 np0000156024 neutron-periodic-workers[105188]: DEBUG dbcounter [-] [105188] Writing DB stats neutron:SELECT=1 {{(pid=105188) stat_writer /opt/stack/data/venv/lib/python3.12/site-packages/dbcounter.py:115}}
Feb 17 15:31:24.197972 np0000156024 neutron-periodic-workers[105179]: DEBUG oslo.service.backend._threading.loopingcall [None req-7e493075-eba9-4f6d-b0a1-230d44f353e3 None None] Fixed interval looping call 'neutron.plugins.ml2.plugin.DhcpAgentSchedulerDbMixin.remove_networks_from_down_agents' sleeping for 36.99 seconds {{(pid=105179) _run_loop /opt/stack/data/venv/lib/python3.12/site-packages/oslo_service/backend/_threading/loopingcall.py:125}}
Feb 17 15:31:24.233930 np0000156024 neutron-periodic-workers[105198]: DEBUG oslo.service.backend._threading.loopingcall [None req-57c1f7aa-c581-4797-ac81-67f565cdd9c5 None None] Fixed interval looping call 'neutron.db.quota.driver_nolock.DbQuotaNoLockDriver._remove_expired_reservations' sleeping for 120.00 seconds {{(pid=105198) _run_loop /opt/stack/data/venv/lib/python3.12/site-packages/oslo_service/backend/_threading/loopingcall.py:125}}
Feb 17 15:31:31.220238 np0000156024 neutron-periodic-workers[105188]: DEBUG neutron.db.agents_db [None req-d4baf5a1-a0c8-4e77-89a1-6fc4bc2a365d None None] Agent healthcheck: found 0 active agents {{(pid=105188) agent_health_check /opt/stack/neutron/neutron/db/agents_db.py:317}}
Feb 17 15:31:31.220973 np0000156024 neutron-periodic-workers[105188]: DEBUG oslo.service.backend._threading.loopingcall [None req-d4baf5a1-a0c8-4e77-89a1-6fc4bc2a365d None None] Fixed interval looping call 'neutron.plugins.ml2.plugin.AgentDbMixin.agent_health_check' sleeping for 36.99 seconds {{(pid=105188) _run_loop /opt/stack/data/venv/lib/python3.12/site-packages/oslo_service/backend/_threading/loopingcall.py:125}}
Feb 17 15:31:34.196474 np0000156024 neutron-periodic-workers[105179]: DEBUG dbcounter [-] [105179] Writing DB stats neutron:SELECT=3 {{(pid=105179) stat_writer /opt/stack/data/venv/lib/python3.12/site-packages/dbcounter.py:115}}
Feb 17 15:31:34.233278 np0000156024 neutron-periodic-workers[105198]: DEBUG dbcounter [-] [105198] Writing DB stats neutron:DELETE=1 {{(pid=105198) stat_writer /opt/stack/data/venv/lib/python3.12/site-packages/dbcounter.py:115}}
Feb 17 15:31:41.217587 np0000156024 neutron-periodic-workers[105188]: DEBUG dbcounter [-] [105188] Writing DB stats neutron:SELECT=1 {{(pid=105188) stat_writer /opt/stack/data/venv/lib/python3.12/site-packages/dbcounter.py:115}}
Feb 17 15:32:01.205271 np0000156024 neutron-periodic-workers[105179]: DEBUG oslo.service.backend._threading.loopingcall [None req-7e493075-eba9-4f6d-b0a1-230d44f353e3 None None] Fixed interval looping call 'neutron.plugins.ml2.plugin.DhcpAgentSchedulerDbMixin.remove_networks_from_down_agents' sleeping for 36.98 seconds {{(pid=105179) _run_loop /opt/stack/data/venv/lib/python3.12/site-packages/oslo_service/backend/_threading/loopingcall.py:125}}
Feb 17 15:32:08.216953 np0000156024 neutron-periodic-workers[105188]: DEBUG neutron.db.agents_db [None req-d4baf5a1-a0c8-4e77-89a1-6fc4bc2a365d None None] Agent healthcheck: found 0 active agents {{(pid=105188) agent_health_check /opt/stack/neutron/neutron/db/agents_db.py:317}}
Feb 17 15:32:08.217489 np0000156024 neutron-periodic-workers[105188]: DEBUG oslo.service.backend._threading.loopingcall [None req-d4baf5a1-a0c8-4e77-89a1-6fc4bc2a365d None None] Fixed interval looping call 'neutron.plugins.ml2.plugin.AgentDbMixin.agent_health_check' sleeping for 36.99 seconds {{(pid=105188) _run_loop /opt/stack/data/venv/lib/python3.12/site-packages/oslo_service/backend/_threading/loopingcall.py:125}}
Feb 17 15:32:11.203066 np0000156024 neutron-periodic-workers[105179]: DEBUG dbcounter [-] [105179] Writing DB stats neutron:SELECT=3 {{(pid=105179) stat_writer /opt/stack/data/venv/lib/python3.12/site-packages/dbcounter.py:115}}
Feb 17 15:32:18.215815 np0000156024 neutron-periodic-workers[105188]: DEBUG dbcounter [-] [105188] Writing DB stats neutron:SELECT=1 {{(pid=105188) stat_writer /opt/stack/data/venv/lib/python3.12/site-packages/dbcounter.py:115}}
Feb 17 15:32:38.193509 np0000156024 neutron-periodic-workers[105179]: DEBUG oslo.service.backend._threading.loopingcall [None req-7e493075-eba9-4f6d-b0a1-230d44f353e3 None None] Fixed interval looping call 'neutron.plugins.ml2.plugin.DhcpAgentSchedulerDbMixin.remove_networks_from_down_agents' sleeping for 36.99 seconds {{(pid=105179) _run_loop /opt/stack/data/venv/lib/python3.12/site-packages/oslo_service/backend/_threading/loopingcall.py:125}}
Feb 17 15:32:45.213441 np0000156024 neutron-periodic-workers[105188]: DEBUG neutron.db.agents_db [None req-d4baf5a1-a0c8-4e77-89a1-6fc4bc2a365d None None] Agent healthcheck: found 0 active agents {{(pid=105188) agent_health_check /opt/stack/neutron/neutron/db/agents_db.py:317}}
Feb 17 15:32:45.214212 np0000156024 neutron-periodic-workers[105188]: DEBUG oslo.service.backend._threading.loopingcall [None req-d4baf5a1-a0c8-4e77-89a1-6fc4bc2a365d None None] Fixed interval looping call 'neutron.plugins.ml2.plugin.AgentDbMixin.agent_health_check' sleeping for 36.99 seconds {{(pid=105188) _run_loop /opt/stack/data/venv/lib/python3.12/site-packages/oslo_service/backend/_threading/loopingcall.py:125}}
Feb 17 15:32:48.192076 np0000156024 neutron-periodic-workers[105179]: DEBUG dbcounter [-] [105179] Writing DB stats neutron:SELECT=3 {{(pid=105179) stat_writer /opt/stack/data/venv/lib/python3.12/site-packages/dbcounter.py:115}}
Feb 17 15:32:55.211204 np0000156024 neutron-periodic-workers[105188]: DEBUG dbcounter [-] [105188] Writing DB stats neutron:SELECT=1 {{(pid=105188) stat_writer /opt/stack/data/venv/lib/python3.12/site-packages/dbcounter.py:115}}
Feb 17 15:32:57.243656 np0000156024 neutron-periodic-workers[105208]: DEBUG oslo.service.backend._threading.loopingcall [None req-0f0d9289-d4d3-46b9-8815-8f3e9ac6cb71 None None] Fixed interval looping call 'neutron.services.ovn_l3.plugin.L3_NAT_dbonly_mixin._clean_garbage' sleeping for 299.99 seconds {{(pid=105208) _run_loop /opt/stack/data/venv/lib/python3.12/site-packages/oslo_service/backend/_threading/loopingcall.py:125}}
Feb 17 15:33:07.236130 np0000156024 neutron-periodic-workers[105208]: DEBUG dbcounter [-] [105208] Writing DB stats neutron:SELECT=1 {{(pid=105208) stat_writer /opt/stack/data/venv/lib/python3.12/site-packages/dbcounter.py:115}}