2026-04-24 10:11:31.400 8 INFO placement.requestlog [None req-1d8b45f5-8037-4627-8417-cf1913b57344 eb3c4d47d1e24774a5d4c2b45f76ca13 37f4f7363f244b7c84c723682758b8b8 - - 4a71b01ba8dc4b04b1b23758903a76f8 4a71b01ba8dc4b04b1b23758903a76f8] 10.0.0.197 "GET /resource_providers/ee03c55a-aae4-4b6a-a2f2-ab2556c28f14/aggregates" status: 404 len: 235 microversion: 1.1 [pid: 8|app: 0|req: 384/764] 10.0.0.197 () {32 vars in 816 bytes} [Fri Apr 24 10:11:31 2026] GET /resource_providers/ee03c55a-aae4-4b6a-a2f2-ab2556c28f14/aggregates => generated 235 bytes in 10 msecs (HTTP/1.1 404) 5 headers in 202 bytes (1 switches on core 0)
2026-04-24 10:11:31.403 7 INFO placement.requestlog [None req-acb09425-0adc-4638-84eb-71ef06ef54ef eb3c4d47d1e24774a5d4c2b45f76ca13 37f4f7363f244b7c84c723682758b8b8 - - 4a71b01ba8dc4b04b1b23758903a76f8 4a71b01ba8dc4b04b1b23758903a76f8] 10.0.0.197 "GET /resource_providers/ee03c55a-aae4-4b6a-a2f2-ab2556c28f14/aggregates" status: 404 len: 235 microversion: 1.1 [pid: 7|app: 0|req: 381/765] 10.0.0.197 () {32 vars in 816 bytes} [Fri Apr 24 10:11:31 2026] GET /resource_providers/ee03c55a-aae4-4b6a-a2f2-ab2556c28f14/aggregates => generated 235 bytes in 11 msecs (HTTP/1.1 404) 5 headers in 202 bytes (1 switches on core 0)
2026-04-24 10:11:31.423 8 INFO placement.requestlog [None req-589309ad-07b9-4696-8281-efbd04f6108c eb3c4d47d1e24774a5d4c2b45f76ca13 37f4f7363f244b7c84c723682758b8b8 - - 4a71b01ba8dc4b04b1b23758903a76f8 4a71b01ba8dc4b04b1b23758903a76f8] 10.0.0.197 "DELETE /resource_providers/ee03c55a-aae4-4b6a-a2f2-ab2556c28f14" status: 404 len: 246 microversion: 1.1 [pid: 8|app: 0|req: 385/766] 10.0.0.197 () {34 vars in 816 bytes} [Fri Apr 24 10:11:31 2026] DELETE /resource_providers/ee03c55a-aae4-4b6a-a2f2-ab2556c28f14 => generated 246 bytes in 11 msecs (HTTP/1.1 404) 6 headers in 231 bytes (1 switches on core 0)
2026-04-24 10:11:31.424 7 INFO placement.requestlog [None req-458c8742-f705-4dbd-9c8f-258871002827 eb3c4d47d1e24774a5d4c2b45f76ca13 37f4f7363f244b7c84c723682758b8b8 - - 4a71b01ba8dc4b04b1b23758903a76f8 4a71b01ba8dc4b04b1b23758903a76f8] 10.0.0.197 "DELETE /resource_providers/ee03c55a-aae4-4b6a-a2f2-ab2556c28f14" status: 404 len: 246 microversion: 1.1 [pid: 7|app: 0|req: 382/767] 10.0.0.197 () {34 vars in 816 bytes} [Fri Apr 24 10:11:31 2026] DELETE /resource_providers/ee03c55a-aae4-4b6a-a2f2-ab2556c28f14 => generated 246 bytes in 10 msecs (HTTP/1.1 404) 6 headers in 231 bytes (1 switches on core 0)
2026-04-24 10:11:31.910 7 INFO placement.requestlog [None req-8d492f63-9857-4587-b40d-10625454bfed eb3c4d47d1e24774a5d4c2b45f76ca13 37f4f7363f244b7c84c723682758b8b8 - - 4a71b01ba8dc4b04b1b23758903a76f8 4a71b01ba8dc4b04b1b23758903a76f8] 10.0.0.197 "GET /resource_providers/72f6ad10-aa12-4a28-b675-3ea32f95b524/aggregates" status: 404 len: 235 microversion: 1.1 [pid: 7|app: 0|req: 383/768] 10.0.0.197 () {32 vars in 816 bytes} [Fri Apr 24 10:11:31 2026] GET /resource_providers/72f6ad10-aa12-4a28-b675-3ea32f95b524/aggregates => generated 235 bytes in 127 msecs (HTTP/1.1 404) 5 headers in 202 bytes (1 switches on core 0)
2026-04-24 10:11:31.934 7 INFO placement.requestlog [None req-9a47c1e9-dadc-4a37-87a5-22123d3b5d40 eb3c4d47d1e24774a5d4c2b45f76ca13 37f4f7363f244b7c84c723682758b8b8 - - 4a71b01ba8dc4b04b1b23758903a76f8 4a71b01ba8dc4b04b1b23758903a76f8] 10.0.0.197 "DELETE /resource_providers/72f6ad10-aa12-4a28-b675-3ea32f95b524" status: 404 len: 246 microversion: 1.1 [pid: 7|app: 0|req: 384/769] 10.0.0.197 () {34 vars in 816 bytes} [Fri Apr 24 10:11:31 2026] DELETE /resource_providers/72f6ad10-aa12-4a28-b675-3ea32f95b524 => generated 246 bytes in 11 msecs (HTTP/1.1 404) 6 headers in 231 bytes (1 switches on core 0)
2026-04-24 10:11:31.950 8 INFO placement.requestlog [None req-dab2e091-05f4-4028-9d37-470760a53566 eb3c4d47d1e24774a5d4c2b45f76ca13 37f4f7363f244b7c84c723682758b8b8 - - 4a71b01ba8dc4b04b1b23758903a76f8 4a71b01ba8dc4b04b1b23758903a76f8] 10.0.0.197 "GET /resource_providers/72f6ad10-aa12-4a28-b675-3ea32f95b524/aggregates" status: 404 len: 235 microversion: 1.1 [pid: 8|app: 0|req: 386/770] 10.0.0.197 () {32 vars in 816 bytes} [Fri Apr 24 10:11:31 2026] GET /resource_providers/72f6ad10-aa12-4a28-b675-3ea32f95b524/aggregates => generated 235 bytes in 169 msecs (HTTP/1.1 404) 5 headers in 202 bytes (1 switches on core 0)
2026-04-24 10:11:31.972 7 INFO placement.requestlog [None req-2fc3e9de-91e0-4c4b-93ec-2b72c29def23 eb3c4d47d1e24774a5d4c2b45f76ca13 37f4f7363f244b7c84c723682758b8b8 - - 4a71b01ba8dc4b04b1b23758903a76f8 4a71b01ba8dc4b04b1b23758903a76f8] 10.0.0.197 "DELETE /resource_providers/72f6ad10-aa12-4a28-b675-3ea32f95b524" status: 404 len: 246 microversion: 1.1 [pid: 7|app: 0|req: 385/771] 10.0.0.197 () {34 vars in 816 bytes} [Fri Apr 24 10:11:31 2026] DELETE /resource_providers/72f6ad10-aa12-4a28-b675-3ea32f95b524 => generated 246 bytes in 9 msecs (HTTP/1.1 404) 6 headers in 231 bytes (1 switches on core 0)
2026-04-24 10:11:38.307 7 INFO placement.requestlog [None req-4dbf5dee-43bf-4d97-b7b7-1cf45d68b55f - - - - - -] 10.0.0.233 "GET /" status: 200 len: 136 microversion: 1.0
2026-04-24 10:11:38.307 8 INFO placement.requestlog [None req-2ab0aac8-c9ce-4c5e-84f5-9c26b117562d - - - - - -] 10.0.0.233 "GET /" status: 200 len: 136 microversion: 1.0
2026-04-24 10:11:48.307 7 INFO placement.requestlog [None req-110db9a1-7fba-4f03-8ee1-3a3c021772f4 - - - - - -] 10.0.0.233 "GET /" status: 200 len: 136 microversion: 1.0
2026-04-24 10:11:48.308 8 INFO placement.requestlog [None req-6cc6e885-33fe-4dba-ab25-3fe1a1b9cf50 - - - - - -] 10.0.0.233 "GET /" status: 200 len: 136 microversion: 1.0
2026-04-24 10:11:50.883 8 INFO placement.requestlog [req-173eb5a9-6fc5-4cfd-8b5a-eb9216106d95 req-1a6e7cc8-0e95-4d09-b9dc-86110b24ff7b 488ad52dee5a443fa7ec805d78551944 37f4f7363f244b7c84c723682758b8b8 - - 4a71b01ba8dc4b04b1b23758903a76f8 4a71b01ba8dc4b04b1b23758903a76f8] 10.0.0.58 "GET /allocation_candidates?limit=1000&resources=MEMORY_MB%3A2048%2CVCPU%3A2&root_required=%21COMPUTE_STATUS_DISABLED" status: 200 len: 2771 microversion: 1.36 [pid: 8|app: 0|req: 389/776] 10.0.0.58 () {34 vars in 985 bytes} [Fri Apr 24 10:11:50 2026] GET /allocation_candidates?limit=1000&resources=MEMORY_MB%3A2048%2CVCPU%3A2&root_required=%21COMPUTE_STATUS_DISABLED => generated 2771 bytes in 37 msecs (HTTP/1.1 200) 8 headers in 297 bytes (1 switches on core 0)
2026-04-24 10:11:50.918 7 INFO placement.requestlog [req-173eb5a9-6fc5-4cfd-8b5a-eb9216106d95 req-d460b698-b7ad-4e95-9c78-0e96bf935066 488ad52dee5a443fa7ec805d78551944 37f4f7363f244b7c84c723682758b8b8 - - 4a71b01ba8dc4b04b1b23758903a76f8 4a71b01ba8dc4b04b1b23758903a76f8] 10.0.0.58 "GET /allocations/6d9af775-828a-4845-9e1b-b6f8e9050317" status: 200 len: 19 microversion: 1.28 [pid: 7|app: 0|req: 388/777] 10.0.0.58 () {34 vars in 860 bytes} [Fri Apr 24 10:11:50 2026] GET /allocations/6d9af775-828a-4845-9e1b-b6f8e9050317 => generated 19 bytes in 12 msecs (HTTP/1.1 200) 8 headers in 295 bytes (1 switches on core 0)
2026-04-24 10:11:50.992 8 INFO placement.requestlog [req-173eb5a9-6fc5-4cfd-8b5a-eb9216106d95 req-09d4341f-d5bb-4ff0-91b6-135954e4216b 488ad52dee5a443fa7ec805d78551944 37f4f7363f244b7c84c723682758b8b8 - - 4a71b01ba8dc4b04b1b23758903a76f8 4a71b01ba8dc4b04b1b23758903a76f8] 10.0.0.58 "PUT /allocations/6d9af775-828a-4845-9e1b-b6f8e9050317" status: 204 len: 0 microversion: 1.36 [pid: 8|app: 0|req: 390/778] 10.0.0.58 () {38 vars in 913 bytes} [Fri Apr 24 10:11:50 2026] PUT /allocations/6d9af775-828a-4845-9e1b-b6f8e9050317 => generated 0 bytes in 65 msecs (HTTP/1.1 204) 5 headers in 199 bytes (1 switches on core 0)
2026-04-24 10:11:52.516 7 INFO placement.requestlog [req-173eb5a9-6fc5-4cfd-8b5a-eb9216106d95 req-fe517ef2-da20-4868-b823-8610190ffa81 488ad52dee5a443fa7ec805d78551944 37f4f7363f244b7c84c723682758b8b8 - - 4a71b01ba8dc4b04b1b23758903a76f8 4a71b01ba8dc4b04b1b23758903a76f8] 199.204.45.235 "GET /allocations/6d9af775-828a-4845-9e1b-b6f8e9050317" status: 200 len: 245 microversion: 1.28 [pid: 7|app: 0|req: 389/779] 199.204.45.235 () {34 vars in 863 bytes} [Fri Apr 24 10:11:52 2026] GET /allocations/6d9af775-828a-4845-9e1b-b6f8e9050317 => generated 245 bytes in 16 msecs (HTTP/1.1 200) 8 headers in 296 bytes (1 switches on core 0)
2026-04-24 10:11:53.438 7 INFO placement.requestlog [None req-d34abe8c-0825-4a03-9c5e-6445477ffb74 eb3c4d47d1e24774a5d4c2b45f76ca13 37f4f7363f244b7c84c723682758b8b8 - - 4a71b01ba8dc4b04b1b23758903a76f8 4a71b01ba8dc4b04b1b23758903a76f8] 10.0.0.197 "GET /resource_providers/3c0d0099-5bdf-45e9-849d-afebc7ace4dd/aggregates" status: 404 len: 235 microversion: 1.1 [pid: 7|app: 0|req: 390/780] 10.0.0.197 () {32 vars in 816 bytes} [Fri Apr 24 10:11:53 2026] GET /resource_providers/3c0d0099-5bdf-45e9-849d-afebc7ace4dd/aggregates => generated 235 bytes in 11 msecs (HTTP/1.1 404) 5 headers in 202 bytes (1 switches on core 0)
2026-04-24 10:11:53.443 8 INFO placement.requestlog [None req-6cbd27b6-d54c-4c60-8baf-98d999e64adc eb3c4d47d1e24774a5d4c2b45f76ca13 37f4f7363f244b7c84c723682758b8b8 - - 4a71b01ba8dc4b04b1b23758903a76f8 4a71b01ba8dc4b04b1b23758903a76f8] 10.0.0.197 "GET /resource_providers/3c0d0099-5bdf-45e9-849d-afebc7ace4dd/aggregates" status: 404 len: 235 microversion: 1.1 [pid: 8|app: 0|req: 391/781] 10.0.0.197 () {32 vars in 816 bytes} [Fri Apr 24 10:11:53 2026] GET /resource_providers/3c0d0099-5bdf-45e9-849d-afebc7ace4dd/aggregates => generated 235 bytes in 18 msecs (HTTP/1.1 404) 5 headers in 202 bytes (1 switches on core 0)
2026-04-24 10:11:53.461 7 INFO placement.requestlog [None req-ac8e70b2-2520-4e91-91b0-3788e506a5c1 eb3c4d47d1e24774a5d4c2b45f76ca13 37f4f7363f244b7c84c723682758b8b8 - - 4a71b01ba8dc4b04b1b23758903a76f8 4a71b01ba8dc4b04b1b23758903a76f8] 10.0.0.197 "DELETE /resource_providers/3c0d0099-5bdf-45e9-849d-afebc7ace4dd" status: 404 len: 246 microversion: 1.1 [pid: 7|app: 0|req: 391/782] 10.0.0.197 () {34 vars in 816 bytes} [Fri Apr 24 10:11:53 2026] DELETE /resource_providers/3c0d0099-5bdf-45e9-849d-afebc7ace4dd => generated 246 bytes in 11 msecs (HTTP/1.1 404) 6 headers in 231 bytes (1 switches on core 0)
2026-04-24 10:11:53.485 8 INFO placement.requestlog [None req-ef49e7a0-2314-4c20-bcd1-7d0a76f6f4d8 eb3c4d47d1e24774a5d4c2b45f76ca13 37f4f7363f244b7c84c723682758b8b8 - - 4a71b01ba8dc4b04b1b23758903a76f8 4a71b01ba8dc4b04b1b23758903a76f8] 10.0.0.197 "DELETE /resource_providers/3c0d0099-5bdf-45e9-849d-afebc7ace4dd" status: 404 len: 246 microversion: 1.1 [pid: 8|app: 0|req: 392/783] 10.0.0.197 () {34 vars in 816 bytes} [Fri Apr 24 10:11:53 2026] DELETE /resource_providers/3c0d0099-5bdf-45e9-849d-afebc7ace4dd => generated 246 bytes in 22 msecs (HTTP/1.1 404) 6 headers in 231 bytes (1 switches on core 0)
2026-04-24 10:11:53.555 7 INFO placement.requestlog [req-173eb5a9-6fc5-4cfd-8b5a-eb9216106d95 req-01d759ce-b5d4-42f9-bc3a-0e21bb8747ac 488ad52dee5a443fa7ec805d78551944 37f4f7363f244b7c84c723682758b8b8 - - 4a71b01ba8dc4b04b1b23758903a76f8 4a71b01ba8dc4b04b1b23758903a76f8] 199.204.45.235 "GET /resource_providers/a8184692-4752-4359-9414-afeaaacecaaf/allocations" status: 200 len: 340 microversion: 1.0 [pid: 7|app: 0|req: 392/784] 199.204.45.235 () {32 vars in 857 bytes} [Fri Apr 24 10:11:53 2026] GET /resource_providers/a8184692-4752-4359-9414-afeaaacecaaf/allocations => generated 340 bytes in 13 msecs (HTTP/1.1 200) 6 headers in 224 bytes (1 switches on core 0)
2026-04-24 10:11:53.578 8 INFO placement.requestlog [req-173eb5a9-6fc5-4cfd-8b5a-eb9216106d95 req-c690c355-2f51-4fa5-9fee-8f67e7a80612 488ad52dee5a443fa7ec805d78551944 37f4f7363f244b7c84c723682758b8b8 - - 4a71b01ba8dc4b04b1b23758903a76f8 4a71b01ba8dc4b04b1b23758903a76f8] 199.204.45.235 "GET /allocations/6d9af775-828a-4845-9e1b-b6f8e9050317" status: 200 len: 245 microversion: 1.28 [pid: 8|app: 0|req: 393/785] 199.204.45.235 () {34 vars in 863 bytes} [Fri Apr 24 10:11:53 2026] GET /allocations/6d9af775-828a-4845-9e1b-b6f8e9050317 => generated 245 bytes in 15 msecs (HTTP/1.1 200) 8 headers in 296 bytes (1 switches on core 0)
2026-04-24 10:11:53.602 7 INFO placement.requestlog [req-173eb5a9-6fc5-4cfd-8b5a-eb9216106d95 req-febc4b73-48e5-4a3f-88a9-1da67449a554 488ad52dee5a443fa7ec805d78551944 37f4f7363f244b7c84c723682758b8b8 - - 4a71b01ba8dc4b04b1b23758903a76f8 4a71b01ba8dc4b04b1b23758903a76f8] 199.204.45.235 "GET /allocations/91e80b32-da44-40cf-9cbe-914b5d60ac8c" status: 200 len: 258 microversion: 1.28 [pid: 7|app: 0|req: 393/786] 199.204.45.235 () {34 vars in 863 bytes} [Fri Apr 24 10:11:53 2026] GET /allocations/91e80b32-da44-40cf-9cbe-914b5d60ac8c => generated 258 bytes in 17 msecs (HTTP/1.1 200) 8 headers in 296 bytes (1 switches on core 0)
2026-04-24 10:11:53.623 8 INFO placement.requestlog [req-173eb5a9-6fc5-4cfd-8b5a-eb9216106d95 req-5231a615-fa42-4b48-bcef-c8bffe8628bc 488ad52dee5a443fa7ec805d78551944 37f4f7363f244b7c84c723682758b8b8 - - 4a71b01ba8dc4b04b1b23758903a76f8 4a71b01ba8dc4b04b1b23758903a76f8] 199.204.45.235 "GET /allocations/86fd220a-dd1f-4a05-9461-b1bb0aa9db88" status: 200 len: 258 microversion: 1.28 [pid: 8|app: 0|req: 394/787] 199.204.45.235 () {34 vars in 863 bytes} [Fri Apr 24 10:11:53 2026] GET /allocations/86fd220a-dd1f-4a05-9461-b1bb0aa9db88 => generated 258 bytes in 13 msecs (HTTP/1.1 200) 8 headers in 296 bytes (1 switches on core 0)
2026-04-24 10:11:55.700 7 INFO placement.requestlog [req-6db56239-2686-4d95-b4d4-723b2b0802fd req-a3c3204c-5348-4e7a-aa84-31d721d3c864 488ad52dee5a443fa7ec805d78551944 37f4f7363f244b7c84c723682758b8b8 - - 4a71b01ba8dc4b04b1b23758903a76f8 4a71b01ba8dc4b04b1b23758903a76f8] 199.204.45.235 "GET /resource_providers/a8184692-4752-4359-9414-afeaaacecaaf/allocations" status: 200 len: 340 microversion: 1.0 [pid: 7|app: 0|req: 394/788] 199.204.45.235 () {32 vars in 857 bytes} [Fri Apr 24 10:11:55 2026] GET /resource_providers/a8184692-4752-4359-9414-afeaaacecaaf/allocations => generated 340 bytes in 20 msecs (HTTP/1.1 200) 6 headers in 224 bytes (1 switches on core 0)
2026-04-24 10:11:55.728 8 INFO placement.requestlog [req-6db56239-2686-4d95-b4d4-723b2b0802fd req-e6018349-2b73-4cc1-8ee4-2cc8bbff2a0c 488ad52dee5a443fa7ec805d78551944 37f4f7363f244b7c84c723682758b8b8 - - 4a71b01ba8dc4b04b1b23758903a76f8 4a71b01ba8dc4b04b1b23758903a76f8] 199.204.45.235 "GET /resource_providers/a8184692-4752-4359-9414-afeaaacecaaf/allocations" status: 200 len: 340 microversion: 1.0 [pid: 8|app: 0|req: 395/789] 199.204.45.235 () {32 vars in 857 bytes} [Fri Apr 24 10:11:55 2026] GET /resource_providers/a8184692-4752-4359-9414-afeaaacecaaf/allocations => generated 340 bytes in 17 msecs (HTTP/1.1 200) 6 headers in 224 bytes (1 switches on core 0)
2026-04-24 10:11:55.749 7 INFO placement.requestlog [req-6db56239-2686-4d95-b4d4-723b2b0802fd req-ca6d67fa-f5dd-42ac-8225-bde777b739f2 488ad52dee5a443fa7ec805d78551944 37f4f7363f244b7c84c723682758b8b8 - - 4a71b01ba8dc4b04b1b23758903a76f8 4a71b01ba8dc4b04b1b23758903a76f8] 199.204.45.235 "GET /allocations/6d9af775-828a-4845-9e1b-b6f8e9050317" status: 200 len: 245 microversion: 1.28 [pid: 7|app: 0|req: 395/790] 199.204.45.235 () {34 vars in 863 bytes} [Fri Apr 24 10:11:55 2026] GET /allocations/6d9af775-828a-4845-9e1b-b6f8e9050317 => generated 245 bytes in 14 msecs (HTTP/1.1 200) 8 headers in 296 bytes (1 switches on core 0)
2026-04-24 10:11:55.772 8 INFO placement.requestlog [req-6db56239-2686-4d95-b4d4-723b2b0802fd req-0b6ad2c2-d8cf-4fbb-aacc-edae09ed5303 488ad52dee5a443fa7ec805d78551944 37f4f7363f244b7c84c723682758b8b8 - - 4a71b01ba8dc4b04b1b23758903a76f8 4a71b01ba8dc4b04b1b23758903a76f8] 199.204.45.235 "GET /allocations/91e80b32-da44-40cf-9cbe-914b5d60ac8c" status: 200 len: 258 microversion: 1.28 [pid: 8|app: 0|req: 396/791] 199.204.45.235 () {34 vars in 863 bytes} [Fri Apr 24 10:11:55 2026] GET /allocations/91e80b32-da44-40cf-9cbe-914b5d60ac8c => generated 258 bytes in 14 msecs (HTTP/1.1 200) 8 headers in 296 bytes (1 switches on core 0)
2026-04-24 10:11:55.794 7 INFO placement.requestlog [req-6db56239-2686-4d95-b4d4-723b2b0802fd req-7e0ef566-a18b-4815-911e-6be55275343c 488ad52dee5a443fa7ec805d78551944 37f4f7363f244b7c84c723682758b8b8 - - 4a71b01ba8dc4b04b1b23758903a76f8 4a71b01ba8dc4b04b1b23758903a76f8] 199.204.45.235 "GET /allocations/86fd220a-dd1f-4a05-9461-b1bb0aa9db88" status: 200 len: 258 microversion: 1.28 [pid: 7|app: 0|req: 396/792] 199.204.45.235 () {34 vars in 863 bytes} [Fri Apr 24 10:11:55 2026] GET /allocations/86fd220a-dd1f-4a05-9461-b1bb0aa9db88 => generated 258 bytes in 14 msecs (HTTP/1.1 200) 8 headers in 296 bytes (1 switches on core 0)
2026-04-24 10:11:58.307 8 INFO placement.requestlog [None req-a74b2d8e-2f5e-415f-a71b-c3195b72bae9 - - - - - -] 10.0.0.233 "GET /" status: 200 len: 136 microversion: 1.0
2026-04-24 10:11:58.307 7 INFO placement.requestlog [None req-f5c677b4-6efd-46ad-80b3-c18c6b76d556 - - - - - -] 10.0.0.233 "GET /" status: 200 len: 136 microversion: 1.0
2026-04-24 10:12:00.903 8 INFO placement.requestlog [None req-b10d282c-ad68-47e3-98e5-020c1708b7f0 eb3c4d47d1e24774a5d4c2b45f76ca13 37f4f7363f244b7c84c723682758b8b8 - - 4a71b01ba8dc4b04b1b23758903a76f8 4a71b01ba8dc4b04b1b23758903a76f8] 10.0.0.197 "GET /resource_providers/3d7d250e-1fba-4ea1-95d4-93bb96f40953/aggregates" status: 404 len: 235 microversion: 1.1 [pid: 8|app: 0|req: 398/795] 10.0.0.197 () {32 vars in 816 bytes} [Fri Apr 24 10:12:00 2026] GET /resource_providers/3d7d250e-1fba-4ea1-95d4-93bb96f40953/aggregates => generated 235 bytes in 11 msecs (HTTP/1.1 404) 5 headers in 202 bytes (1 switches on core 0)
2026-04-24 10:12:00.906 7 INFO placement.requestlog [None req-e5d5a906-184d-4b17-8f82-032186400ebb eb3c4d47d1e24774a5d4c2b45f76ca13 37f4f7363f244b7c84c723682758b8b8 - - 4a71b01ba8dc4b04b1b23758903a76f8 4a71b01ba8dc4b04b1b23758903a76f8] 10.0.0.197 "GET /resource_providers/3d7d250e-1fba-4ea1-95d4-93bb96f40953/aggregates" status: 404 len: 235 microversion: 1.1 [pid: 7|app: 0|req: 398/796] 10.0.0.197 () {32 vars in 816 bytes} [Fri Apr 24 10:12:00 2026] GET /resource_providers/3d7d250e-1fba-4ea1-95d4-93bb96f40953/aggregates => generated 235 bytes in 14 msecs (HTTP/1.1 404) 5 headers in 202 bytes (1 switches on core 0)
2026-04-24 10:12:00.932 8 INFO placement.requestlog [None req-b0bd25bc-554d-47d1-a06a-e90c1cfb7b0e eb3c4d47d1e24774a5d4c2b45f76ca13 37f4f7363f244b7c84c723682758b8b8 - - 4a71b01ba8dc4b04b1b23758903a76f8 4a71b01ba8dc4b04b1b23758903a76f8] 10.0.0.197 "DELETE /resource_providers/3d7d250e-1fba-4ea1-95d4-93bb96f40953" status: 404 len: 246 microversion: 1.1 [pid: 8|app: 0|req: 399/797] 10.0.0.197 () {34 vars in 816 bytes} [Fri Apr 24 10:12:00 2026] DELETE /resource_providers/3d7d250e-1fba-4ea1-95d4-93bb96f40953 => generated 246 bytes in 10 msecs (HTTP/1.1 404) 6 headers in 231 bytes (1 switches on core 0)
2026-04-24 10:12:00.936 7 INFO placement.requestlog [None req-b2b886ed-d953-49ed-a701-18a62d4f3dc0 eb3c4d47d1e24774a5d4c2b45f76ca13 37f4f7363f244b7c84c723682758b8b8 - - 4a71b01ba8dc4b04b1b23758903a76f8 4a71b01ba8dc4b04b1b23758903a76f8] 10.0.0.197 "DELETE /resource_providers/3d7d250e-1fba-4ea1-95d4-93bb96f40953" status: 404 len: 246 microversion: 1.1 [pid: 7|app: 0|req: 399/798] 10.0.0.197 () {34 vars in 816 bytes} [Fri Apr 24 10:12:00 2026] DELETE /resource_providers/3d7d250e-1fba-4ea1-95d4-93bb96f40953 => generated 246 bytes in 13 msecs (HTTP/1.1 404) 6 headers in 231 bytes (1 switches on core 0)
2026-04-24 10:12:01.313 7 INFO placement.requestlog [None req-cae2b32c-e9ef-412b-aa16-8326fce4ce80 eb3c4d47d1e24774a5d4c2b45f76ca13 37f4f7363f244b7c84c723682758b8b8 - - 4a71b01ba8dc4b04b1b23758903a76f8 4a71b01ba8dc4b04b1b23758903a76f8] 10.0.0.197 "GET /resource_providers/3c83fe12-3046-436c-b75b-47d621ee6bfc/aggregates" status: 404 len: 235 microversion: 1.1 [pid: 7|app: 0|req: 400/799] 10.0.0.197 () {32 vars in 816 bytes} [Fri Apr 24 10:12:01 2026] GET /resource_providers/3c83fe12-3046-436c-b75b-47d621ee6bfc/aggregates => generated 235 bytes in 7 msecs (HTTP/1.1 404) 5 headers in 202 bytes (1 switches on core 0)
2026-04-24 10:12:01.318 8 INFO placement.requestlog [None req-b5b26127-163b-413b-904c-b02dade4be2d eb3c4d47d1e24774a5d4c2b45f76ca13 37f4f7363f244b7c84c723682758b8b8 - - 4a71b01ba8dc4b04b1b23758903a76f8 4a71b01ba8dc4b04b1b23758903a76f8] 10.0.0.197 "GET /resource_providers/3c83fe12-3046-436c-b75b-47d621ee6bfc/aggregates" status: 404 len: 235 microversion: 1.1 [pid: 8|app: 0|req: 400/800] 10.0.0.197 () {32 vars in 816 bytes} [Fri Apr 24 10:12:01 2026] GET /resource_providers/3c83fe12-3046-436c-b75b-47d621ee6bfc/aggregates => generated 235 bytes in 12 msecs (HTTP/1.1 404) 5 headers in 202 bytes (1 switches on core 0)
2026-04-24 10:12:01.337 7 INFO placement.requestlog [None req-7ec1784f-7a12-46b7-b69e-f7294ebee4ef eb3c4d47d1e24774a5d4c2b45f76ca13 37f4f7363f244b7c84c723682758b8b8 - - 4a71b01ba8dc4b04b1b23758903a76f8 4a71b01ba8dc4b04b1b23758903a76f8] 10.0.0.197 "DELETE /resource_providers/3c83fe12-3046-436c-b75b-47d621ee6bfc" status: 404 len: 246 microversion: 1.1 [pid: 7|app: 0|req: 401/801] 10.0.0.197 () {34 vars in 816 bytes} [Fri Apr 24 10:12:01 2026] DELETE /resource_providers/3c83fe12-3046-436c-b75b-47d621ee6bfc => generated 246 bytes in 6 msecs (HTTP/1.1 404) 6 headers in 231 bytes (1 switches on core 0)
2026-04-24 10:12:01.341 8 INFO placement.requestlog [None req-247ccb7b-1bf6-4990-b27b-60c8f23a9c46 eb3c4d47d1e24774a5d4c2b45f76ca13 37f4f7363f244b7c84c723682758b8b8 - - 4a71b01ba8dc4b04b1b23758903a76f8 4a71b01ba8dc4b04b1b23758903a76f8] 10.0.0.197 "DELETE /resource_providers/3c83fe12-3046-436c-b75b-47d621ee6bfc" status: 404 len: 246 microversion: 1.1 [pid: 8|app: 0|req: 401/802] 10.0.0.197 () {34 vars in 816 bytes} [Fri Apr 24 10:12:01 2026] DELETE /resource_providers/3c83fe12-3046-436c-b75b-47d621ee6bfc => generated 246 bytes in 10 msecs (HTTP/1.1 404) 6 headers in 231 bytes (1 switches on core 0)
2026-04-24 10:12:08.307 7 INFO placement.requestlog [None req-93dcf421-8cb8-4d0c-8aef-4ef6de696ba0 - - - - - -] 10.0.0.233 "GET /" status: 200 len: 136 microversion: 1.0
2026-04-24 10:12:08.307 8 INFO placement.requestlog [None req-cbf05f25-6997-41d2-af29-591d5a01ca42 - - - - - -] 10.0.0.233 "GET /" status: 200 len: 136 microversion: 1.0
2026-04-24 10:12:18.307 7 INFO placement.requestlog [None req-c3c2dcab-a8cd-4643-adfe-5aa8887a99ca - - - - - -] 10.0.0.233 "GET /" status: 200 len: 136 microversion: 1.0
2026-04-24 10:12:18.307 8 INFO placement.requestlog [None req-669758ba-285a-4b51-940f-ec606a077a80 - - - - - -] 10.0.0.233 "GET /" status: 200 len: 136 microversion: 1.0
2026-04-24 10:12:28.313 7 INFO placement.requestlog [None req-fb38664b-5a50-4867-bb56-5749bebd4ee0 - - - - - -] 10.0.0.233 "GET /" status: 200 len: 136 microversion: 1.0
2026-04-24 10:12:28.313 8 INFO placement.requestlog [None req-b2530db3-04eb-4b6a-bb45-ca3e36ae9e43 - - - - - -] 10.0.0.233 "GET /" status: 200 len: 136 microversion: 1.0
2026-04-24 10:12:38.307 7 INFO placement.requestlog [None req-878722aa-f078-4597-b47b-cac7fb73e4f6 - - - - - -] 10.0.0.233 "GET /" status: 200 len: 136 microversion: 1.0
2026-04-24 10:12:38.308 8 INFO placement.requestlog [None req-0968fa59-41d0-4b6c-8e63-552479934793 - - - - - -] 10.0.0.233 "GET /" status: 200 len: 136 microversion: 1.0
2026-04-24 10:12:48.307 7 INFO placement.requestlog [None req-aba51326-1c7b-47f6-a1c5-0803522b5175 - - - - - -] 10.0.0.233 "GET /" status: 200 len: 136 microversion: 1.0
2026-04-24 10:12:48.307 8 INFO placement.requestlog [None req-aefd60a7-e306-4cd5-aca5-dc4db55f5073 - - - - - -] 10.0.0.233 "GET /" status: 200 len: 136 microversion: 1.0
2026-04-24 10:12:55.109 7 INFO placement.requestlog [req-8499b09f-e83b-4843-b97f-1702addd97c2 req-ac488918-66dc-4ef2-914b-b92d5c93b2b5 488ad52dee5a443fa7ec805d78551944 37f4f7363f244b7c84c723682758b8b8 - - 4a71b01ba8dc4b04b1b23758903a76f8 4a71b01ba8dc4b04b1b23758903a76f8] 199.204.45.235 "GET /resource_providers/a8184692-4752-4359-9414-afeaaacecaaf/allocations" status: 200 len: 340 microversion: 1.0 [pid: 7|app: 0|req: 407/813] 199.204.45.235 () {32 vars in 857 bytes} [Fri Apr 24 10:12:55 2026] GET /resource_providers/a8184692-4752-4359-9414-afeaaacecaaf/allocations => generated 340 bytes in 21 msecs (HTTP/1.1 200) 6 headers in 224 bytes (1 switches on core 0)
2026-04-24 10:12:55.139 8 INFO placement.requestlog [req-8499b09f-e83b-4843-b97f-1702addd97c2 req-f78e494b-2764-4e9d-b264-763d7a9dc4ce 488ad52dee5a443fa7ec805d78551944 37f4f7363f244b7c84c723682758b8b8 - - 4a71b01ba8dc4b04b1b23758903a76f8 4a71b01ba8dc4b04b1b23758903a76f8] 199.204.45.235 "GET /resource_providers/a8184692-4752-4359-9414-afeaaacecaaf/allocations" status: 200 len: 340 microversion: 1.0 [pid: 8|app: 0|req: 407/814] 199.204.45.235 () {32 vars in 857 bytes} [Fri Apr 24 10:12:55 2026] GET /resource_providers/a8184692-4752-4359-9414-afeaaacecaaf/allocations => generated 340 bytes in 24 msecs (HTTP/1.1 200) 6 headers in 224 bytes (1 switches on core 0)
2026-04-24 10:12:55.158 7 INFO placement.requestlog [req-8499b09f-e83b-4843-b97f-1702addd97c2 req-58500fe8-1f23-42a0-9727-0fb4cbff7b11 488ad52dee5a443fa7ec805d78551944 37f4f7363f244b7c84c723682758b8b8 - - 4a71b01ba8dc4b04b1b23758903a76f8 4a71b01ba8dc4b04b1b23758903a76f8] 199.204.45.235 "GET /allocations/6d9af775-828a-4845-9e1b-b6f8e9050317" status: 200 len: 245 microversion: 1.28 [pid: 7|app: 0|req: 408/815] 199.204.45.235 () {34 vars in 863 bytes} [Fri Apr 24 10:12:55 2026] GET /allocations/6d9af775-828a-4845-9e1b-b6f8e9050317 => generated 245 bytes in 13 msecs (HTTP/1.1 200) 8 headers in 296 bytes (1 switches on core 0)
2026-04-24 10:12:55.181 8 INFO placement.requestlog [req-8499b09f-e83b-4843-b97f-1702addd97c2 req-821b273f-4e47-41e7-bb1b-f47b6ca29ad7 488ad52dee5a443fa7ec805d78551944 37f4f7363f244b7c84c723682758b8b8 - - 4a71b01ba8dc4b04b1b23758903a76f8 4a71b01ba8dc4b04b1b23758903a76f8] 199.204.45.235 "GET /allocations/91e80b32-da44-40cf-9cbe-914b5d60ac8c" status: 200 len: 258 microversion: 1.28 [pid: 8|app: 0|req: 408/816] 199.204.45.235 () {34 vars in 863 bytes} [Fri Apr 24 10:12:55 2026] GET /allocations/91e80b32-da44-40cf-9cbe-914b5d60ac8c => generated 258 bytes in 16 msecs (HTTP/1.1 200) 8 headers in 296 bytes (1 switches on core 0)
2026-04-24 10:12:55.200 7 INFO placement.requestlog [req-8499b09f-e83b-4843-b97f-1702addd97c2 req-4b140d7c-b32a-48e4-b503-1f9880534953 488ad52dee5a443fa7ec805d78551944 37f4f7363f244b7c84c723682758b8b8 - - 4a71b01ba8dc4b04b1b23758903a76f8 4a71b01ba8dc4b04b1b23758903a76f8] 199.204.45.235 "GET /allocations/86fd220a-dd1f-4a05-9461-b1bb0aa9db88" status: 200 len: 258 microversion: 1.28 [pid: 7|app: 0|req: 409/817] 199.204.45.235 () {34 vars in 863 bytes} [Fri Apr 24 10:12:55 2026] GET /allocations/86fd220a-dd1f-4a05-9461-b1bb0aa9db88 => generated 258 bytes in 11 msecs (HTTP/1.1 200) 8 headers in 296 bytes (1 switches on core 0)
2026-04-24 10:12:58.307 7 INFO placement.requestlog [None req-25fc1620-3848-4ee7-8cfe-868ab1a14689 - - - - - -] 10.0.0.233 "GET /" status: 200 len: 136 microversion: 1.0
2026-04-24 10:12:58.307 8 INFO placement.requestlog [None req-579f6771-2d46-4844-b3f1-58db2a5f45fa - - - - - -] 10.0.0.233 "GET /" status: 200 len: 136 microversion: 1.0
2026-04-24 10:13:08.308 7 INFO placement.requestlog [None req-7f6a4e8e-5b39-47b9-92cd-c7340b687376 - - - - - -] 10.0.0.233 "GET /" status: 200 len: 136 microversion: 1.0
2026-04-24 10:13:08.310 8 INFO placement.requestlog [None req-62e95de7-8e39-484c-975e-d1109908dc6a - - - - - -] 10.0.0.233 "GET /" status: 200 len: 136 microversion: 1.0
2026-04-24 10:13:18.307 8 INFO placement.requestlog [None req-233b3b50-30e1-40c3-b52f-861dc74b0225 - - - - - -] 10.0.0.233 "GET /" status: 200 len: 136 microversion: 1.0
2026-04-24 10:13:18.307 7 INFO placement.requestlog [None req-69f3b3ab-eff3-45e8-b5f1-4a47aa6ea92b - - - - - -] 10.0.0.233 "GET /" status: 200 len: 136 microversion: 1.0
2026-04-24 10:13:28.309 8 INFO placement.requestlog [None req-d4b469e8-565d-4608-9c86-d1442957e405 - - - - - -] 10.0.0.233 "GET /" status: 200 len: 136 microversion: 1.0
2026-04-24 10:13:28.309 7 INFO placement.requestlog [None req-a71fe960-3db8-4c2a-b4aa-ecf626afd0ec - - - - - -] 10.0.0.233 "GET /" status: 200 len: 136 microversion: 1.0
2026-04-24 10:13:38.311 7 INFO placement.requestlog [None req-2ce1cca4-9c4d-43a2-a4af-065b671c8542 - - - - - -] 10.0.0.233 "GET /" status: 200 len: 136 microversion: 1.0
2026-04-24 10:13:38.313 8 INFO placement.requestlog [None req-ffbc7edb-8bd4-424e-809a-4f20fbf96624 - - - - - -] 10.0.0.233 "GET /" status: 200 len: 136 microversion: 1.0
2026-04-24 10:13:48.306 7 INFO placement.requestlog [None req-6cc75d82-9472-42af-8c4f-03860b936adb - - - - - -] 10.0.0.233 "GET /" status: 200 len: 136 microversion: 1.0
2026-04-24 10:13:48.307 8 INFO placement.requestlog [None req-f162d199-5948-4dc4-9445-11726c2d2fc2 - - - - - -] 10.0.0.233 "GET /" status: 200 len: 136 microversion: 1.0
2026-04-24 10:13:56.445 7 INFO placement.requestlog [req-08bd9411-8d3b-4ead-b532-1de5eaf9ab0c req-915f8969-335e-441f-935c-a97321d3a771 488ad52dee5a443fa7ec805d78551944 37f4f7363f244b7c84c723682758b8b8 - - 4a71b01ba8dc4b04b1b23758903a76f8 4a71b01ba8dc4b04b1b23758903a76f8] 199.204.45.235 "GET /resource_providers/a8184692-4752-4359-9414-afeaaacecaaf/allocations" status: 200 len: 340 microversion: 1.0 [pid: 7|app: 0|req: 416/830] 199.204.45.235 () {32 vars in 857 bytes} [Fri Apr 24 10:13:56 2026] GET /resource_providers/a8184692-4752-4359-9414-afeaaacecaaf/allocations => generated 340 bytes in 26 msecs (HTTP/1.1 200) 6 headers in 224 bytes (1 switches on core 0)
2026-04-24 10:13:56.472 8 INFO placement.requestlog [req-08bd9411-8d3b-4ead-b532-1de5eaf9ab0c req-3a3484d9-f283-46bb-99bc-ab73e4e36a33 488ad52dee5a443fa7ec805d78551944 37f4f7363f244b7c84c723682758b8b8 - - 4a71b01ba8dc4b04b1b23758903a76f8 4a71b01ba8dc4b04b1b23758903a76f8] 199.204.45.235 "GET /resource_providers/a8184692-4752-4359-9414-afeaaacecaaf/allocations" status: 200 len: 340 microversion: 1.0 [pid: 8|app: 0|req: 415/831] 199.204.45.235 () {32 vars in 857 bytes} [Fri Apr 24 10:13:56 2026] GET /resource_providers/a8184692-4752-4359-9414-afeaaacecaaf/allocations => generated 340 bytes in 19 msecs (HTTP/1.1 200) 6 headers in 224 bytes (1 switches on core 0)
2026-04-24 10:13:56.492 7 INFO placement.requestlog [req-08bd9411-8d3b-4ead-b532-1de5eaf9ab0c req-e2185cf2-34e0-4ee9-8399-d5d6e6dbb8f1 488ad52dee5a443fa7ec805d78551944 37f4f7363f244b7c84c723682758b8b8 - - 4a71b01ba8dc4b04b1b23758903a76f8 4a71b01ba8dc4b04b1b23758903a76f8] 199.204.45.235 "GET /allocations/6d9af775-828a-4845-9e1b-b6f8e9050317" status: 200 len: 245 microversion: 1.28 [pid: 7|app: 0|req: 417/832] 199.204.45.235 () {34 vars in 863 bytes} [Fri Apr 24 10:13:56 2026] GET /allocations/6d9af775-828a-4845-9e1b-b6f8e9050317 => generated 245 bytes in 13 msecs (HTTP/1.1 200) 8 headers in 296 bytes (1 switches on core 0)
2026-04-24 10:13:56.513 8 INFO placement.requestlog [req-08bd9411-8d3b-4ead-b532-1de5eaf9ab0c req-87a043b5-6668-470d-8afc-cad5b161dbac 488ad52dee5a443fa7ec805d78551944 37f4f7363f244b7c84c723682758b8b8 - - 4a71b01ba8dc4b04b1b23758903a76f8 4a71b01ba8dc4b04b1b23758903a76f8] 199.204.45.235 "GET /allocations/91e80b32-da44-40cf-9cbe-914b5d60ac8c" status: 200 len: 258 microversion: 1.28 [pid: 8|app: 0|req: 416/833] 199.204.45.235 () {34 vars in 863 bytes} [Fri Apr 24 10:13:56 2026] GET /allocations/91e80b32-da44-40cf-9cbe-914b5d60ac8c => generated 258 bytes in 16 msecs (HTTP/1.1 200) 8 headers in 296 bytes (1 switches on core 0)
2026-04-24 10:13:56.532 7 INFO placement.requestlog [req-08bd9411-8d3b-4ead-b532-1de5eaf9ab0c req-90afdff4-3b8f-45fd-bc68-155c16ab8de2 488ad52dee5a443fa7ec805d78551944 37f4f7363f244b7c84c723682758b8b8 - - 4a71b01ba8dc4b04b1b23758903a76f8 4a71b01ba8dc4b04b1b23758903a76f8] 199.204.45.235 "GET /allocations/86fd220a-dd1f-4a05-9461-b1bb0aa9db88" status: 200 len: 258 microversion: 1.28 [pid: 7|app: 0|req: 418/834] 199.204.45.235 () {34 vars in 863 bytes} [Fri Apr 24 10:13:56 2026] GET /allocations/86fd220a-dd1f-4a05-9461-b1bb0aa9db88 => generated 258 bytes in 13 msecs (HTTP/1.1 200) 8 headers in 296 bytes (1 switches on core 0)
2026-04-24 10:13:58.307 8 INFO placement.requestlog [None req-5419a83d-70d4-4faf-b78d-b3b4b485eec3 - - - - - -] 10.0.0.233 "GET /" status: 200 len: 136 microversion: 1.0
2026-04-24 10:13:58.307 7 INFO placement.requestlog [None req-629666fa-6caa-423f-a230-47e6288c4973 - - - - - -] 10.0.0.233 "GET /" status: 200 len: 136 microversion: 1.0
2026-04-24 10:14:08.307 7 INFO placement.requestlog [None req-0e13ac3c-0301-41a3-a9e4-f861a298fdf0 - - - - - -] 10.0.0.233 "GET /" status: 200 len: 136 microversion: 1.0
2026-04-24 10:14:08.306 8 INFO placement.requestlog [None req-c9c4e3f1-c893-435f-b034-a8415f78b91f - - - - - -] 10.0.0.233 "GET /" status: 200 len: 136 microversion: 1.0
2026-04-24 10:14:18.307 7 INFO placement.requestlog [None req-7a1a668d-939f-445d-a295-a77d57de9d55 - - - - - -] 10.0.0.233 "GET /" status: 200 len: 136 microversion: 1.0
2026-04-24 10:14:18.307 8 INFO placement.requestlog [None req-c8442a47-443f-4c2b-bcc3-820c2f2dc2bd - - - - - -] 10.0.0.233 "GET /" status: 200 len: 136 microversion: 1.0
2026-04-24 10:14:28.307 7 INFO placement.requestlog [None req-6a2b3feb-c7c0-435d-b489-e5803b341823 - - - - - -] 10.0.0.233 "GET /" status: 200 len: 136 microversion: 1.0
2026-04-24 10:14:28.307 8 INFO placement.requestlog [None req-76ad2c83-753b-417b-95b3-30351bf66cad - - - - - -] 10.0.0.233 "GET /" status: 200 len: 136 microversion: 1.0
2026-04-24 10:14:38.307 7 INFO placement.requestlog [None req-4d083970-0a76-4046-9b1f-8ccf0187d9dd - - - - - -] 10.0.0.233 "GET /" status: 200 len: 136 microversion: 1.0
2026-04-24 10:14:38.307 8 INFO placement.requestlog [None req-b531cab8-56bd-499f-9e43-09eed7d7d6a0 - - - - - -] 10.0.0.233 "GET /" status: 200 len: 136 microversion: 1.0
2026-04-24 10:14:41.203 7 INFO placement.requestlog [req-07179f97-677f-41a2-ae69-bed89b2c8536 req-a7960f57-643e-4a4b-b8d4-e6bd6f7fe89d 488ad52dee5a443fa7ec805d78551944 37f4f7363f244b7c84c723682758b8b8 - - 4a71b01ba8dc4b04b1b23758903a76f8 4a71b01ba8dc4b04b1b23758903a76f8] 199.204.45.235 "GET /resource_providers/a8184692-4752-4359-9414-afeaaacecaaf/allocations" status: 200 len: 340 microversion: 1.0 [pid: 7|app: 0|req: 424/845] 199.204.45.235 () {32 vars in 857 bytes} [Fri Apr 24 10:14:41 2026] GET /resource_providers/a8184692-4752-4359-9414-afeaaacecaaf/allocations => generated 340 bytes in 17 msecs (HTTP/1.1 200) 6 headers in 224 bytes (1 switches on core 0)
2026-04-24 10:14:41.223 8 INFO placement.requestlog [req-07179f97-677f-41a2-ae69-bed89b2c8536 req-17fbb90f-e638-407d-a909-f0ed842aa078 488ad52dee5a443fa7ec805d78551944 37f4f7363f244b7c84c723682758b8b8 - - 4a71b01ba8dc4b04b1b23758903a76f8 4a71b01ba8dc4b04b1b23758903a76f8] 199.204.45.235 "GET /allocations/6d9af775-828a-4845-9e1b-b6f8e9050317" status: 200 len: 245 microversion: 1.28 [pid: 8|app: 0|req: 422/846] 199.204.45.235 () {34 vars in 863 bytes} [Fri Apr 24 10:14:41 2026] GET /allocations/6d9af775-828a-4845-9e1b-b6f8e9050317 => generated 245 bytes in 15 msecs (HTTP/1.1 200) 8 headers in 296 bytes (1 switches on core 0)
2026-04-24 10:14:41.240 7 INFO placement.requestlog [req-07179f97-677f-41a2-ae69-bed89b2c8536 req-79ecd9ed-99fa-4a6c-8b6b-376c38709b6e 488ad52dee5a443fa7ec805d78551944 37f4f7363f244b7c84c723682758b8b8 - - 4a71b01ba8dc4b04b1b23758903a76f8 4a71b01ba8dc4b04b1b23758903a76f8] 199.204.45.235 "GET /allocations/91e80b32-da44-40cf-9cbe-914b5d60ac8c" status: 200 len: 258 microversion: 1.28 [pid: 7|app: 0|req: 425/847] 199.204.45.235 () {34 vars in 863 bytes} [Fri Apr 24 10:14:41 2026] GET /allocations/91e80b32-da44-40cf-9cbe-914b5d60ac8c => generated 258 bytes in 12 msecs (HTTP/1.1 200) 8 headers in 296 bytes (1 switches on core 0)
2026-04-24 10:14:41.257 8 INFO placement.requestlog [req-07179f97-677f-41a2-ae69-bed89b2c8536 req-e3aa90c5-ebba-46e1-acb9-164dfb861782 488ad52dee5a443fa7ec805d78551944 37f4f7363f244b7c84c723682758b8b8 - - 4a71b01ba8dc4b04b1b23758903a76f8 4a71b01ba8dc4b04b1b23758903a76f8] 199.204.45.235 "GET /allocations/86fd220a-dd1f-4a05-9461-b1bb0aa9db88" status: 200 len: 258 microversion: 1.28 [pid: 8|app: 0|req: 423/848] 199.204.45.235 () {34 vars in 863 bytes} [Fri Apr 24 10:14:41 2026] GET /allocations/86fd220a-dd1f-4a05-9461-b1bb0aa9db88 => generated 258 bytes in 12 msecs (HTTP/1.1 200) 8 headers in 296 bytes (1 switches on core 0)
2026-04-24 10:14:42.308 7 INFO placement.requestlog [req-07179f97-677f-41a2-ae69-bed89b2c8536 req-3254dd7b-0c13-4359-8729-fa5e0c25cfed 488ad52dee5a443fa7ec805d78551944 37f4f7363f244b7c84c723682758b8b8 - - 4a71b01ba8dc4b04b1b23758903a76f8 4a71b01ba8dc4b04b1b23758903a76f8] 199.204.45.235 "DELETE /allocations/6d9af775-828a-4845-9e1b-b6f8e9050317" status: 204 len: 0 microversion: 1.0 [pid: 7|app: 0|req: 426/849] 199.204.45.235 () {34 vars in 841 bytes} [Fri Apr 24 10:14:42 2026] DELETE /allocations/6d9af775-828a-4845-9e1b-b6f8e9050317 => generated 0 bytes in 27 msecs (HTTP/1.1 204) 5 headers in 198 bytes (1 switches on core 0)
2026-04-24 10:14:44.664 8 INFO placement.requestlog [req-6ac651c7-fa84-4f35-9a82-92454b82dac1 req-282d621b-8321-466e-b135-23ab03eb900f 488ad52dee5a443fa7ec805d78551944 37f4f7363f244b7c84c723682758b8b8 - - 4a71b01ba8dc4b04b1b23758903a76f8 4a71b01ba8dc4b04b1b23758903a76f8] 199.204.45.235 "GET /resource_providers/a8184692-4752-4359-9414-afeaaacecaaf/allocations" status: 200 len: 253 microversion: 1.0 [pid: 8|app: 0|req: 424/850] 199.204.45.235 () {32 vars in 857 bytes} [Fri Apr 24 10:14:44 2026] GET /resource_providers/a8184692-4752-4359-9414-afeaaacecaaf/allocations => generated 253 bytes in 16 msecs (HTTP/1.1 200) 6 headers in 224 bytes (1 switches on core 0)
2026-04-24 10:14:44.687 7 INFO placement.requestlog [req-6ac651c7-fa84-4f35-9a82-92454b82dac1 req-c98083fe-cabb-465e-bfca-96155dccc173 488ad52dee5a443fa7ec805d78551944 37f4f7363f244b7c84c723682758b8b8 - - 4a71b01ba8dc4b04b1b23758903a76f8 4a71b01ba8dc4b04b1b23758903a76f8] 199.204.45.235 "GET /allocations/91e80b32-da44-40cf-9cbe-914b5d60ac8c" status: 200 len: 258 microversion: 1.28 [pid: 7|app: 0|req: 427/851] 199.204.45.235 () {34 vars in 863 bytes} [Fri Apr 24 10:14:44 2026] GET /allocations/91e80b32-da44-40cf-9cbe-914b5d60ac8c => generated 258 bytes in 17 msecs (HTTP/1.1 200) 8 headers in 296 bytes (1 switches on core 0)
2026-04-24 10:14:44.703 8 INFO placement.requestlog [req-6ac651c7-fa84-4f35-9a82-92454b82dac1 req-96b73ba5-5b0c-43ad-8981-892eddbb6e3f 488ad52dee5a443fa7ec805d78551944 37f4f7363f244b7c84c723682758b8b8 - - 4a71b01ba8dc4b04b1b23758903a76f8 4a71b01ba8dc4b04b1b23758903a76f8] 199.204.45.235 "GET /allocations/86fd220a-dd1f-4a05-9461-b1bb0aa9db88" status: 200 len: 258 microversion: 1.28 [pid: 8|app: 0|req: 425/852] 199.204.45.235 () {34 vars in 863 bytes} [Fri Apr 24 10:14:44 2026] GET /allocations/86fd220a-dd1f-4a05-9461-b1bb0aa9db88 => generated 258 bytes in 10 msecs (HTTP/1.1 200) 8 headers in 296 bytes (1 switches on core 0)
2026-04-24 10:14:45.757 7 INFO placement.requestlog [req-6ac651c7-fa84-4f35-9a82-92454b82dac1 req-be24f952-2079-4d24-8fde-8311f7bfb469 488ad52dee5a443fa7ec805d78551944 37f4f7363f244b7c84c723682758b8b8 - - 4a71b01ba8dc4b04b1b23758903a76f8 4a71b01ba8dc4b04b1b23758903a76f8] 199.204.45.235 "DELETE /allocations/86fd220a-dd1f-4a05-9461-b1bb0aa9db88" status: 204 len: 0 microversion: 1.0 [pid: 7|app: 0|req: 428/853] 199.204.45.235 () {34 vars in 841 bytes} [Fri Apr 24 10:14:45 2026] DELETE /allocations/86fd220a-dd1f-4a05-9461-b1bb0aa9db88 => generated 0 bytes in 28 msecs (HTTP/1.1 204) 5 headers in 198 bytes (1 switches on core 0)
2026-04-24 10:14:48.308 7 INFO placement.requestlog [None req-1363c35a-e5cb-45dc-85ed-0a7eb4cbe2ea - - - - - -] 10.0.0.233 "GET /" status: 200 len: 136 microversion: 1.0
2026-04-24 10:14:48.308 8 INFO placement.requestlog [None req-619c150e-dbc0-48aa-af08-3d1f6a1d2254 - - - - - -] 10.0.0.233 "GET /" status: 200 len: 136 microversion: 1.0
2026-04-24 10:14:55.638 7 INFO placement.requestlog [req-53dd503f-fdf1-4a05-bbb7-8b649db65a47 req-dce11fcd-29b2-49b3-b7ed-710a9001216d 488ad52dee5a443fa7ec805d78551944 37f4f7363f244b7c84c723682758b8b8 - - 4a71b01ba8dc4b04b1b23758903a76f8 4a71b01ba8dc4b04b1b23758903a76f8] 199.204.45.235 "GET /resource_providers/a8184692-4752-4359-9414-afeaaacecaaf/allocations" status: 200 len: 153 microversion: 1.0 [pid: 7|app: 0|req: 430/856] 199.204.45.235 () {32 vars in 857 bytes} [Fri Apr 24 10:14:55 2026] GET /resource_providers/a8184692-4752-4359-9414-afeaaacecaaf/allocations => generated 153 bytes in 21 msecs (HTTP/1.1 200) 6 headers in 224 bytes (1 switches on core 0)
2026-04-24 10:14:55.662 8 INFO placement.requestlog [req-53dd503f-fdf1-4a05-bbb7-8b649db65a47 req-fe1ef2e6-a62e-4079-a595-f8a0327e1fae 488ad52dee5a443fa7ec805d78551944 37f4f7363f244b7c84c723682758b8b8 - - 4a71b01ba8dc4b04b1b23758903a76f8 4a71b01ba8dc4b04b1b23758903a76f8] 199.204.45.235 "GET /allocations/91e80b32-da44-40cf-9cbe-914b5d60ac8c" status: 200 len: 258 microversion: 1.28 [pid: 8|app: 0|req: 427/857] 199.204.45.235 () {34 vars in 863 bytes} [Fri Apr 24 10:14:55 2026] GET /allocations/91e80b32-da44-40cf-9cbe-914b5d60ac8c => generated 258 bytes in 18 msecs (HTTP/1.1 200) 8 headers in 296 bytes (1 switches on core 0)
2026-04-24 10:14:56.726 7 INFO placement.requestlog [req-53dd503f-fdf1-4a05-bbb7-8b649db65a47 req-e554e7b3-0549-4495-ac78-9d8041c58e3b 488ad52dee5a443fa7ec805d78551944 37f4f7363f244b7c84c723682758b8b8 - - 4a71b01ba8dc4b04b1b23758903a76f8 4a71b01ba8dc4b04b1b23758903a76f8] 199.204.45.235 "DELETE /allocations/91e80b32-da44-40cf-9cbe-914b5d60ac8c" status: 204 len: 0 microversion: 1.0 [pid: 7|app: 0|req: 431/858] 199.204.45.235 () {34 vars in 841 bytes} [Fri Apr 24 10:14:56 2026] DELETE /allocations/91e80b32-da44-40cf-9cbe-914b5d60ac8c => generated 0 bytes in 31 msecs (HTTP/1.1 204) 5 headers in 198 bytes (1 switches on core 0)
2026-04-24 10:14:57.732 8 INFO placement.requestlog [req-cda6072d-e49b-45fa-848a-b780f16c2113 req-4eb9e981-d999-490a-a3d8-8935267c7271 488ad52dee5a443fa7ec805d78551944 37f4f7363f244b7c84c723682758b8b8 - - 4a71b01ba8dc4b04b1b23758903a76f8 4a71b01ba8dc4b04b1b23758903a76f8] 199.204.45.235 "GET /resource_providers/a8184692-4752-4359-9414-afeaaacecaaf/allocations" status: 200 len: 55 microversion: 1.0 [pid: 8|app: 0|req: 428/859] 199.204.45.235 () {32 vars in 857 bytes} [Fri Apr 24 10:14:57 2026] GET /resource_providers/a8184692-4752-4359-9414-afeaaacecaaf/allocations => generated 55 bytes in 18 msecs (HTTP/1.1 200) 6 headers in 223 bytes (1 switches on core 0)
2026-04-24 10:14:57.754 7 INFO placement.requestlog [req-cda6072d-e49b-45fa-848a-b780f16c2113 req-7ee7c11f-f9bd-40f7-80f9-4f0a81ff8e1d 488ad52dee5a443fa7ec805d78551944 37f4f7363f244b7c84c723682758b8b8 - - 4a71b01ba8dc4b04b1b23758903a76f8 4a71b01ba8dc4b04b1b23758903a76f8] 199.204.45.235 "GET /resource_providers/a8184692-4752-4359-9414-afeaaacecaaf/allocations" status: 200 len: 55 microversion: 1.0 [pid: 7|app: 0|req: 432/860] 199.204.45.235 () {32 vars in 857 bytes} [Fri Apr 24 10:14:57 2026] GET /resource_providers/a8184692-4752-4359-9414-afeaaacecaaf/allocations => generated 55 bytes in 15 msecs (HTTP/1.1 200) 6 headers in 223 bytes (1 switches on core 0)
2026-04-24 10:14:58.307 8 INFO placement.requestlog [None req-858fc041-2452-4855-a46d-05013445f9db - - - - - -] 10.0.0.233 "GET /" status: 200 len: 136 microversion: 1.0
2026-04-24 10:14:58.307 7 INFO placement.requestlog [None req-3dabc91c-206c-46e9-8087-4dca80dfeecf - - - - - -] 10.0.0.233 "GET /" status: 200 len: 136 microversion: 1.0
2026-04-24 10:15:08.306 8 INFO placement.requestlog [None req-7a1e0914-c823-4cdc-8ade-8bf519c8a1cd - - - - - -] 10.0.0.233 "GET /" status: 200 len: 136 microversion: 1.0
2026-04-24 10:15:08.307 7 INFO placement.requestlog [None req-75b293a9-983c-4784-9633-80fa3f5ed309 - - - - - -] 10.0.0.233 "GET /" status: 200 len: 136 microversion: 1.0
2026-04-24 10:15:08.341 7 INFO placement.requestlog [None req-25ce83a3-e92e-40ef-a940-99f54ac931d7 eb3c4d47d1e24774a5d4c2b45f76ca13 37f4f7363f244b7c84c723682758b8b8 - - 4a71b01ba8dc4b04b1b23758903a76f8 4a71b01ba8dc4b04b1b23758903a76f8] 10.0.0.197 "GET /resource_providers/c7472ead-3b92-4338-ad76-acb5ae0c4055/aggregates" status: 404 len: 235 microversion: 1.1 [pid: 7|app: 0|req: 435/865] 10.0.0.197 () {32 vars in 816 bytes} [Fri Apr 24 10:15:08 2026] GET /resource_providers/c7472ead-3b92-4338-ad76-acb5ae0c4055/aggregates => generated 235 bytes in 12 msecs (HTTP/1.1 404) 5 headers in 202 bytes (1 switches on core 0)
2026-04-24 10:15:08.342 8 INFO placement.requestlog [None req-86c644af-6c28-4164-b54f-3faa4abb8d6b eb3c4d47d1e24774a5d4c2b45f76ca13 37f4f7363f244b7c84c723682758b8b8 - - 4a71b01ba8dc4b04b1b23758903a76f8 4a71b01ba8dc4b04b1b23758903a76f8] 10.0.0.197 "GET /resource_providers/c7472ead-3b92-4338-ad76-acb5ae0c4055/aggregates" status: 404 len: 235 microversion: 1.1 [pid: 8|app: 0|req: 431/866] 10.0.0.197 () {32 vars in 816 bytes} [Fri Apr 24 10:15:08 2026] GET /resource_providers/c7472ead-3b92-4338-ad76-acb5ae0c4055/aggregates => generated 235 bytes in 13 msecs (HTTP/1.1 404) 5 headers in 202 bytes (1 switches on core 0)
2026-04-24 10:15:08.372 7 INFO placement.requestlog [None req-febfffc9-10fa-4fb6-b465-10fc1efd4e6f eb3c4d47d1e24774a5d4c2b45f76ca13 37f4f7363f244b7c84c723682758b8b8 - - 4a71b01ba8dc4b04b1b23758903a76f8 4a71b01ba8dc4b04b1b23758903a76f8] 10.0.0.197 "DELETE /resource_providers/c7472ead-3b92-4338-ad76-acb5ae0c4055" status: 404 len: 246 microversion: 1.1 [pid: 7|app: 0|req: 436/867] 10.0.0.197 () {34 vars in 816 bytes} [Fri Apr 24 10:15:08 2026] DELETE /resource_providers/c7472ead-3b92-4338-ad76-acb5ae0c4055 => generated 246 bytes in 14 msecs (HTTP/1.1 404) 6 headers in 231 bytes (1 switches on core 0)
2026-04-24 10:15:08.377 8 INFO placement.requestlog [None req-e542589a-f421-44f4-accf-9275168d6616 eb3c4d47d1e24774a5d4c2b45f76ca13 37f4f7363f244b7c84c723682758b8b8 - - 4a71b01ba8dc4b04b1b23758903a76f8 4a71b01ba8dc4b04b1b23758903a76f8] 10.0.0.197 "DELETE /resource_providers/c7472ead-3b92-4338-ad76-acb5ae0c4055" status: 404 len: 246 microversion: 1.1 [pid: 8|app: 0|req: 432/868] 10.0.0.197 () {34 vars in 816 bytes} [Fri Apr 24 10:15:08 2026] DELETE /resource_providers/c7472ead-3b92-4338-ad76-acb5ae0c4055 => generated 246 bytes in 13 msecs (HTTP/1.1 404) 6 headers in 231 bytes (1 switches on core 0)
2026-04-24 10:15:10.396 8 INFO placement.requestlog [None req-10c2656d-0c1e-4398-9874-4b49079b481f eb3c4d47d1e24774a5d4c2b45f76ca13 37f4f7363f244b7c84c723682758b8b8 - - 4a71b01ba8dc4b04b1b23758903a76f8 4a71b01ba8dc4b04b1b23758903a76f8] 10.0.0.197 "GET /resource_providers/9b2501d7-a2ed-40fd-9e14-d5f2ecbc2b2d/aggregates" status: 404 len: 235 microversion: 1.1 [pid: 8|app: 0|req: 433/869] 10.0.0.197 () {32 vars in 816 bytes} [Fri Apr 24 10:15:10 2026] GET /resource_providers/9b2501d7-a2ed-40fd-9e14-d5f2ecbc2b2d/aggregates => generated 235 bytes in 8 msecs (HTTP/1.1 404) 5 headers in 202 bytes (1 switches on core 0)
2026-04-24 10:15:10.396 7 INFO placement.requestlog [None req-ba2200fd-04b1-4bfd-bc21-834a7d9d9c72 eb3c4d47d1e24774a5d4c2b45f76ca13 37f4f7363f244b7c84c723682758b8b8 - - 4a71b01ba8dc4b04b1b23758903a76f8 4a71b01ba8dc4b04b1b23758903a76f8] 10.0.0.197 "GET /resource_providers/9b2501d7-a2ed-40fd-9e14-d5f2ecbc2b2d/aggregates" status: 404 len: 235 microversion: 1.1 [pid: 7|app: 0|req: 437/870] 10.0.0.197 () {32 vars in 816 bytes} [Fri Apr 24 10:15:10 2026] GET /resource_providers/9b2501d7-a2ed-40fd-9e14-d5f2ecbc2b2d/aggregates => generated 235 bytes in 10 msecs (HTTP/1.1 404) 5 headers in 202 bytes (1 switches on core 0)
2026-04-24 10:15:10.413 8 INFO placement.requestlog [None req-e006d450-d2b7-4048-8cc6-fd8cd74d7690 eb3c4d47d1e24774a5d4c2b45f76ca13 37f4f7363f244b7c84c723682758b8b8 - - 4a71b01ba8dc4b04b1b23758903a76f8 4a71b01ba8dc4b04b1b23758903a76f8] 10.0.0.197 "DELETE /resource_providers/9b2501d7-a2ed-40fd-9e14-d5f2ecbc2b2d" status: 404 len: 246 microversion: 1.1 [pid: 8|app: 0|req: 434/871] 10.0.0.197 () {34 vars in 816 bytes} [Fri Apr 24 10:15:10 2026] DELETE /resource_providers/9b2501d7-a2ed-40fd-9e14-d5f2ecbc2b2d => generated 246 bytes in 7 msecs (HTTP/1.1 404) 6 headers in 231 bytes (1 switches on core 0)
2026-04-24 10:15:10.421 7 INFO placement.requestlog [None req-40194cfe-64c9-443b-ac0f-15036f1e0159 eb3c4d47d1e24774a5d4c2b45f76ca13 37f4f7363f244b7c84c723682758b8b8 - - 4a71b01ba8dc4b04b1b23758903a76f8 4a71b01ba8dc4b04b1b23758903a76f8] 10.0.0.197 "DELETE /resource_providers/9b2501d7-a2ed-40fd-9e14-d5f2ecbc2b2d" status: 404 len: 246 microversion: 1.1 [pid: 7|app: 0|req: 438/872] 10.0.0.197 () {34 vars in 816 bytes} [Fri Apr 24 10:15:10 2026] DELETE /resource_providers/9b2501d7-a2ed-40fd-9e14-d5f2ecbc2b2d => generated 246 bytes in 15 msecs (HTTP/1.1 404) 6 headers in 231 bytes (1 switches on core 0)
2026-04-24 10:15:10.426 8 INFO placement.requestlog [None req-3b7cd6b1-d4e8-427f-a09f-65c7625a3972 eb3c4d47d1e24774a5d4c2b45f76ca13 37f4f7363f244b7c84c723682758b8b8 - - 4a71b01ba8dc4b04b1b23758903a76f8 4a71b01ba8dc4b04b1b23758903a76f8] 10.0.0.197 "GET /resource_providers/0257b48a-c503-46e4-a65a-7ac93d3e34f8/aggregates" status: 404 len: 235 microversion: 1.1 [pid: 8|app: 0|req: 435/873] 10.0.0.197 () {32 vars in 816 bytes} [Fri Apr 24 10:15:10 2026] GET /resource_providers/0257b48a-c503-46e4-a65a-7ac93d3e34f8/aggregates => generated 235 bytes in 8 msecs (HTTP/1.1 404) 5 headers in 202 bytes (1 switches on core 0)
2026-04-24 10:15:10.442 7 INFO placement.requestlog [None req-c9ce1d52-51da-4807-9e63-1e7172c44ceb eb3c4d47d1e24774a5d4c2b45f76ca13 37f4f7363f244b7c84c723682758b8b8 - - 4a71b01ba8dc4b04b1b23758903a76f8 4a71b01ba8dc4b04b1b23758903a76f8] 10.0.0.197 "GET /resource_providers/0257b48a-c503-46e4-a65a-7ac93d3e34f8/aggregates" status: 404 len: 235 microversion: 1.1 [pid: 7|app: 0|req: 439/874] 10.0.0.197 () {32 vars in 816 bytes} [Fri Apr 24 10:15:10 2026] GET /resource_providers/0257b48a-c503-46e4-a65a-7ac93d3e34f8/aggregates => generated 235 bytes in 9 msecs (HTTP/1.1 404) 5 headers in 202 bytes (1 switches on core 0)
