Aug 28 03:17:30.184618 np0000191358 devstack@neutron-api.service[102116]: DEBUG neutron.plugins.ml2.drivers.ovn.mech_driver.ovsdb.maintenance [-] Touching Hash Ring node "c3b9f11803305d648221476a8c8491d1" from periodic health check thread {{(pid=102116) touch_hash_ring_node /opt/stack/neutron/neutron/plugins/ml2/drivers/ovn/mech_driver/ovsdb/maintenance.py:1532}}
Aug 28 03:17:30.238261 np0000191358 devstack@neutron-api.service[102113]: DEBUG futurist.periodics [-] Submitting periodic callback 'neutron.plugins.ml2.drivers.ovn.mech_driver.ovsdb.maintenance.HashRingHealthCheckPeriodics.touch_hash_ring_node' {{(pid=102113) _process_scheduled /opt/stack/data/venv/lib/python3.12/site-packages/futurist/periodics.py:784}}
Aug 28 03:17:30.238856 np0000191358 devstack@neutron-api.service[102113]: DEBUG neutron.plugins.ml2.drivers.ovn.mech_driver.ovsdb.maintenance [-] Touching Hash Ring node "ad4bfe9183d95881b31cc9028163a400" from periodic health check thread {{(pid=102113) touch_hash_ring_node /opt/stack/neutron/neutron/plugins/ml2/drivers/ovn/mech_driver/ovsdb/maintenance.py:1532}}
Aug 28 03:17:39.376990 np0000191358 devstack@neutron-api.service[102114]: DEBUG dbcounter [-] [102114] Writing DB stats neutron:UPDATE=1,neutron:SELECT=1 {{(pid=102114) stat_writer /opt/stack/data/venv/lib/python3.12/site-packages/dbcounter.py:115}}
Aug 28 03:17:40.188929 np0000191358 devstack@neutron-api.service[102115]: DEBUG dbcounter [-] [102115] Writing DB stats neutron:UPDATE=1,neutron:SELECT=1 {{(pid=102115) stat_writer /opt/stack/data/venv/lib/python3.12/site-packages/dbcounter.py:115}}
Aug 28 03:17:40.197907 np0000191358 devstack@neutron-api.service[102116]: DEBUG dbcounter [-] [102116] Writing DB stats neutron:UPDATE=1,neutron:SELECT=1 {{(pid=102116) stat_writer /opt/stack/data/venv/lib/python3.12/site-packages/dbcounter.py:115}}
Aug 28 03:17:40.251595 np0000191358 devstack@neutron-api.service[102113]: DEBUG dbcounter [-] [102113] Writing DB stats neutron:UPDATE=1,neutron:SELECT=1 {{(pid=102113) stat_writer /opt/stack/data/venv/lib/python3.12/site-packages/dbcounter.py:115}}
Aug 28 03:17:44.364081 np0000191358 devstack@neutron-api.service[102114]: DEBUG futurist.periodics [-] Submitting periodic callback 'neutron.plugins.ml2.drivers.ovn.mech_driver.ovsdb.maintenance.HashRingHealthCheckPeriodics.touch_hash_ring_node' {{(pid=102114) _process_scheduled /opt/stack/data/venv/lib/python3.12/site-packages/futurist/periodics.py:784}}
Aug 28 03:17:44.365326 np0000191358 devstack@neutron-api.service[102114]: DEBUG neutron.plugins.ml2.drivers.ovn.mech_driver.ovsdb.maintenance [-] Touching Hash Ring node "af5fb4340635565e88609ee0da5ddef3" from periodic health check thread {{(pid=102114) touch_hash_ring_node /opt/stack/neutron/neutron/plugins/ml2/drivers/ovn/mech_driver/ovsdb/maintenance.py:1532}}
Aug 28 03:17:45.173840 np0000191358 devstack@neutron-api.service[102115]: DEBUG futurist.periodics [-] Submitting periodic callback 'neutron.plugins.ml2.drivers.ovn.mech_driver.ovsdb.maintenance.HashRingHealthCheckPeriodics.touch_hash_ring_node' {{(pid=102115) _process_scheduled /opt/stack/data/venv/lib/python3.12/site-packages/futurist/periodics.py:784}}
Aug 28 03:17:45.174757 np0000191358 devstack@neutron-api.service[102115]: DEBUG neutron.plugins.ml2.drivers.ovn.mech_driver.ovsdb.maintenance [-] Touching Hash Ring node "0968671d5e285d54969bd25b5bd00348" from periodic health check thread {{(pid=102115) touch_hash_ring_node /opt/stack/neutron/neutron/plugins/ml2/drivers/ovn/mech_driver/ovsdb/maintenance.py:1532}}
Aug 28 03:17:45.184734 np0000191358 devstack@neutron-api.service[102116]: DEBUG futurist.periodics [-] Submitting periodic callback 'neutron.plugins.ml2.drivers.ovn.mech_driver.ovsdb.maintenance.HashRingHealthCheckPeriodics.touch_hash_ring_node' {{(pid=102116) _process_scheduled /opt/stack/data/venv/lib/python3.12/site-packages/futurist/periodics.py:784}}
Aug 28 03:17:45.185351 np0000191358 devstack@neutron-api.service[102116]: DEBUG neutron.plugins.ml2.drivers.ovn.mech_driver.ovsdb.maintenance [-] Touching Hash Ring node "c3b9f11803305d648221476a8c8491d1" from periodic health check thread {{(pid=102116) touch_hash_ring_node /opt/stack/neutron/neutron/plugins/ml2/drivers/ovn/mech_driver/ovsdb/maintenance.py:1532}}
Aug 28 03:17:45.239063 np0000191358 devstack@neutron-api.service[102113]: DEBUG futurist.periodics [-] Submitting periodic callback 'neutron.plugins.ml2.drivers.ovn.mech_driver.ovsdb.maintenance.HashRingHealthCheckPeriodics.touch_hash_ring_node' {{(pid=102113) _process_scheduled /opt/stack/data/venv/lib/python3.12/site-packages/futurist/periodics.py:784}}
Aug 28 03:17:45.239952 np0000191358 devstack@neutron-api.service[102113]: DEBUG neutron.plugins.ml2.drivers.ovn.mech_driver.ovsdb.maintenance [-] Touching Hash Ring node "ad4bfe9183d95881b31cc9028163a400" from periodic health check thread {{(pid=102113) touch_hash_ring_node /opt/stack/neutron/neutron/plugins/ml2/drivers/ovn/mech_driver/ovsdb/maintenance.py:1532}}
Aug 28 03:17:54.379379 np0000191358 devstack@neutron-api.service[102114]: DEBUG dbcounter [-] [102114] Writing DB stats neutron:UPDATE=1,neutron:SELECT=1 {{(pid=102114) stat_writer /opt/stack/data/venv/lib/python3.12/site-packages/dbcounter.py:115}}
Aug 28 03:17:55.187900 np0000191358 devstack@neutron-api.service[102115]: DEBUG dbcounter [-] [102115] Writing DB stats neutron:UPDATE=1,neutron:SELECT=1 {{(pid=102115) stat_writer /opt/stack/data/venv/lib/python3.12/site-packages/dbcounter.py:115}}
Aug 28 03:17:55.197224 np0000191358 devstack@neutron-api.service[102116]: DEBUG dbcounter [-] [102116] Writing DB stats neutron:UPDATE=1,neutron:SELECT=1 {{(pid=102116) stat_writer /opt/stack/data/venv/lib/python3.12/site-packages/dbcounter.py:115}}
Aug 28 03:17:55.253693 np0000191358 devstack@neutron-api.service[102113]: DEBUG dbcounter [-] [102113] Writing DB stats neutron:UPDATE=1,neutron:SELECT=1 {{(pid=102113) stat_writer /opt/stack/data/venv/lib/python3.12/site-packages/dbcounter.py:115}}
Aug 28 03:17:59.368053 np0000191358 devstack@neutron-api.service[102114]: DEBUG futurist.periodics [-] Submitting periodic callback 'neutron.plugins.ml2.drivers.ovn.mech_driver.ovsdb.maintenance.HashRingHealthCheckPeriodics.touch_hash_ring_node' {{(pid=102114) _process_scheduled /opt/stack/data/venv/lib/python3.12/site-packages/futurist/periodics.py:784}}
Aug 28 03:17:59.368828 np0000191358 devstack@neutron-api.service[102114]: DEBUG neutron.plugins.ml2.drivers.ovn.mech_driver.ovsdb.maintenance [-] Touching Hash Ring node "af5fb4340635565e88609ee0da5ddef3" from periodic health check thread {{(pid=102114) touch_hash_ring_node /opt/stack/neutron/neutron/plugins/ml2/drivers/ovn/mech_driver/ovsdb/maintenance.py:1532}}
Aug 28 03:18:00.175045 np0000191358 devstack@neutron-api.service[102115]: DEBUG futurist.periodics [-] Submitting periodic callback 'neutron.plugins.ml2.drivers.ovn.mech_driver.ovsdb.maintenance.HashRingHealthCheckPeriodics.touch_hash_ring_node' {{(pid=102115) _process_scheduled /opt/stack/data/venv/lib/python3.12/site-packages/futurist/periodics.py:784}}
Aug 28 03:18:00.175949 np0000191358 devstack@neutron-api.service[102115]: DEBUG neutron.plugins.ml2.drivers.ovn.mech_driver.ovsdb.maintenance [-] Touching Hash Ring node "0968671d5e285d54969bd25b5bd00348" from periodic health check thread {{(pid=102115) touch_hash_ring_node /opt/stack/neutron/neutron/plugins/ml2/drivers/ovn/mech_driver/ovsdb/maintenance.py:1532}}
Aug 28 03:18:00.185782 np0000191358 devstack@neutron-api.service[102116]: DEBUG futurist.periodics [-] Submitting periodic callback 'neutron.plugins.ml2.drivers.ovn.mech_driver.ovsdb.maintenance.HashRingHealthCheckPeriodics.touch_hash_ring_node' {{(pid=102116) _process_scheduled /opt/stack/data/venv/lib/python3.12/site-packages/futurist/periodics.py:784}}
Aug 28 03:18:00.186574 np0000191358 devstack@neutron-api.service[102116]: DEBUG neutron.plugins.ml2.drivers.ovn.mech_driver.ovsdb.maintenance [-] Touching Hash Ring node "c3b9f11803305d648221476a8c8491d1" from periodic health check thread {{(pid=102116) touch_hash_ring_node /opt/stack/neutron/neutron/plugins/ml2/drivers/ovn/mech_driver/ovsdb/maintenance.py:1532}}
Aug 28 03:18:00.239928 np0000191358 devstack@neutron-api.service[102113]: DEBUG futurist.periodics [-] Submitting periodic callback 'neutron.plugins.ml2.drivers.ovn.mech_driver.ovsdb.maintenance.HashRingHealthCheckPeriodics.touch_hash_ring_node' {{(pid=102113) _process_scheduled /opt/stack/data/venv/lib/python3.12/site-packages/futurist/periodics.py:784}}
Aug 28 03:18:00.240548 np0000191358 devstack@neutron-api.service[102113]: DEBUG neutron.plugins.ml2.drivers.ovn.mech_driver.ovsdb.maintenance [-] Touching Hash Ring node "ad4bfe9183d95881b31cc9028163a400" from periodic health check thread {{(pid=102113) touch_hash_ring_node /opt/stack/neutron/neutron/plugins/ml2/drivers/ovn/mech_driver/ovsdb/maintenance.py:1532}}
Aug 28 03:18:09.380978 np0000191358 devstack@neutron-api.service[102114]: DEBUG dbcounter [-] [102114] Writing DB stats neutron:UPDATE=1,neutron:SELECT=1 {{(pid=102114) stat_writer /opt/stack/data/venv/lib/python3.12/site-packages/dbcounter.py:115}}
Aug 28 03:18:10.191055 np0000191358 devstack@neutron-api.service[102115]: DEBUG dbcounter [-] [102115] Writing DB stats neutron:UPDATE=1,neutron:SELECT=1 {{(pid=102115) stat_writer /opt/stack/data/venv/lib/python3.12/site-packages/dbcounter.py:115}}
Aug 28 03:18:10.197567 np0000191358 devstack@neutron-api.service[102116]: DEBUG dbcounter [-] [102116] Writing DB stats neutron:UPDATE=1,neutron:SELECT=1 {{(pid=102116) stat_writer /opt/stack/data/venv/lib/python3.12/site-packages/dbcounter.py:115}}
Aug 28 03:18:10.254516 np0000191358 devstack@neutron-api.service[102113]: DEBUG dbcounter [-] [102113] Writing DB stats neutron:UPDATE=1,neutron:SELECT=1 {{(pid=102113) stat_writer /opt/stack/data/venv/lib/python3.12/site-packages/dbcounter.py:115}}
Aug 28 03:18:14.368861 np0000191358 devstack@neutron-api.service[102114]: DEBUG futurist.periodics [-] Submitting periodic callback 'neutron.plugins.ml2.drivers.ovn.mech_driver.ovsdb.maintenance.HashRingHealthCheckPeriodics.touch_hash_ring_node' {{(pid=102114) _process_scheduled /opt/stack/data/venv/lib/python3.12/site-packages/futurist/periodics.py:784}}
Aug 28 03:18:14.369458 np0000191358 devstack@neutron-api.service[102114]: DEBUG neutron.plugins.ml2.drivers.ovn.mech_driver.ovsdb.maintenance [-] Touching Hash Ring node "af5fb4340635565e88609ee0da5ddef3" from periodic health check thread {{(pid=102114) touch_hash_ring_node /opt/stack/neutron/neutron/plugins/ml2/drivers/ovn/mech_driver/ovsdb/maintenance.py:1532}}
Aug 28 03:18:15.176757 np0000191358 devstack@neutron-api.service[102115]: DEBUG futurist.periodics [-] Submitting periodic callback 'neutron.plugins.ml2.drivers.ovn.mech_driver.ovsdb.maintenance.HashRingHealthCheckPeriodics.touch_hash_ring_node' {{(pid=102115) _process_scheduled /opt/stack/data/venv/lib/python3.12/site-packages/futurist/periodics.py:784}}
Aug 28 03:18:15.177578 np0000191358 devstack@neutron-api.service[102115]: DEBUG neutron.plugins.ml2.drivers.ovn.mech_driver.ovsdb.maintenance [-] Touching Hash Ring node "0968671d5e285d54969bd25b5bd00348" from periodic health check thread {{(pid=102115) touch_hash_ring_node /opt/stack/neutron/neutron/plugins/ml2/drivers/ovn/mech_driver/ovsdb/maintenance.py:1532}}
Aug 28 03:18:15.186676 np0000191358 devstack@neutron-api.service[102116]: DEBUG futurist.periodics [-] Submitting periodic callback 'neutron.plugins.ml2.drivers.ovn.mech_driver.ovsdb.maintenance.HashRingHealthCheckPeriodics.touch_hash_ring_node' {{(pid=102116) _process_scheduled /opt/stack/data/venv/lib/python3.12/site-packages/futurist/periodics.py:784}}
Aug 28 03:18:15.187358 np0000191358 devstack@neutron-api.service[102116]: DEBUG neutron.plugins.ml2.drivers.ovn.mech_driver.ovsdb.maintenance [-] Touching Hash Ring node "c3b9f11803305d648221476a8c8491d1" from periodic health check thread {{(pid=102116) touch_hash_ring_node /opt/stack/neutron/neutron/plugins/ml2/drivers/ovn/mech_driver/ovsdb/maintenance.py:1532}}
Aug 28 03:18:15.240650 np0000191358 devstack@neutron-api.service[102113]: DEBUG futurist.periodics [-] Submitting periodic callback 'neutron.plugins.ml2.drivers.ovn.mech_driver.ovsdb.maintenance.HashRingHealthCheckPeriodics.touch_hash_ring_node' {{(pid=102113) _process_scheduled /opt/stack/data/venv/lib/python3.12/site-packages/futurist/periodics.py:784}}
Aug 28 03:18:15.241333 np0000191358 devstack@neutron-api.service[102113]: DEBUG neutron.plugins.ml2.drivers.ovn.mech_driver.ovsdb.maintenance [-] Touching Hash Ring node "ad4bfe9183d95881b31cc9028163a400" from periodic health check thread {{(pid=102113) touch_hash_ring_node /opt/stack/neutron/neutron/plugins/ml2/drivers/ovn/mech_driver/ovsdb/maintenance.py:1532}}
Aug 28 03:18:24.399165 np0000191358 devstack@neutron-api.service[102114]: DEBUG dbcounter [-] [102114] Writing DB stats neutron:UPDATE=1,neutron:SELECT=1 {{(pid=102114) stat_writer /opt/stack/data/venv/lib/python3.12/site-packages/dbcounter.py:115}}
Aug 28 03:18:25.192073 np0000191358 devstack@neutron-api.service[102115]: DEBUG dbcounter [-] [102115] Writing DB stats neutron:UPDATE=1,neutron:SELECT=1 {{(pid=102115) stat_writer /opt/stack/data/venv/lib/python3.12/site-packages/dbcounter.py:115}}
Aug 28 03:18:25.199693 np0000191358 devstack@neutron-api.service[102116]: DEBUG dbcounter [-] [102116] Writing DB stats neutron:UPDATE=1,neutron:SELECT=1 {{(pid=102116) stat_writer /opt/stack/data/venv/lib/python3.12/site-packages/dbcounter.py:115}}
Aug 28 03:18:25.253150 np0000191358 devstack@neutron-api.service[102113]: DEBUG dbcounter [-] [102113] Writing DB stats neutron:UPDATE=1,neutron:SELECT=1 {{(pid=102113) stat_writer /opt/stack/data/venv/lib/python3.12/site-packages/dbcounter.py:115}}
Aug 28 03:18:29.369782 np0000191358 devstack@neutron-api.service[102114]: DEBUG futurist.periodics [-] Submitting periodic callback 'neutron.plugins.ml2.drivers.ovn.mech_driver.ovsdb.maintenance.HashRingHealthCheckPeriodics.touch_hash_ring_node' {{(pid=102114) _process_scheduled /opt/stack/data/venv/lib/python3.12/site-packages/futurist/periodics.py:784}}
Aug 28 03:18:29.370559 np0000191358 devstack@neutron-api.service[102114]: DEBUG neutron.plugins.ml2.drivers.ovn.mech_driver.ovsdb.maintenance [-] Touching Hash Ring node "af5fb4340635565e88609ee0da5ddef3" from periodic health check thread {{(pid=102114) touch_hash_ring_node /opt/stack/neutron/neutron/plugins/ml2/drivers/ovn/mech_driver/ovsdb/maintenance.py:1532}}
Aug 28 03:18:30.177741 np0000191358 devstack@neutron-api.service[102115]: DEBUG futurist.periodics [-] Submitting periodic callback 'neutron.plugins.ml2.drivers.ovn.mech_driver.ovsdb.maintenance.HashRingHealthCheckPeriodics.touch_hash_ring_node' {{(pid=102115) _process_scheduled /opt/stack/data/venv/lib/python3.12/site-packages/futurist/periodics.py:784}}
Aug 28 03:18:30.178823 np0000191358 devstack@neutron-api.service[102115]: DEBUG neutron.plugins.ml2.drivers.ovn.mech_driver.ovsdb.maintenance [-] Touching Hash Ring node "0968671d5e285d54969bd25b5bd00348" from periodic health check thread {{(pid=102115) touch_hash_ring_node /opt/stack/neutron/neutron/plugins/ml2/drivers/ovn/mech_driver/ovsdb/maintenance.py:1532}}
Aug 28 03:18:30.187511 np0000191358 devstack@neutron-api.service[102116]: DEBUG futurist.periodics [-] Submitting periodic callback 'neutron.plugins.ml2.drivers.ovn.mech_driver.ovsdb.maintenance.HashRingHealthCheckPeriodics.touch_hash_ring_node' {{(pid=102116) _process_scheduled /opt/stack/data/venv/lib/python3.12/site-packages/futurist/periodics.py:784}}
Aug 28 03:18:30.188228 np0000191358 devstack@neutron-api.service[102116]: DEBUG neutron.plugins.ml2.drivers.ovn.mech_driver.ovsdb.maintenance [-] Touching Hash Ring node "c3b9f11803305d648221476a8c8491d1" from periodic health check thread {{(pid=102116) touch_hash_ring_node /opt/stack/neutron/neutron/plugins/ml2/drivers/ovn/mech_driver/ovsdb/maintenance.py:1532}}
Aug 28 03:18:30.241748 np0000191358 devstack@neutron-api.service[102113]: DEBUG futurist.periodics [-] Submitting periodic callback 'neutron.plugins.ml2.drivers.ovn.mech_driver.ovsdb.maintenance.HashRingHealthCheckPeriodics.touch_hash_ring_node' {{(pid=102113) _process_scheduled /opt/stack/data/venv/lib/python3.12/site-packages/futurist/periodics.py:784}}
Aug 28 03:18:30.242697 np0000191358 devstack@neutron-api.service[102113]: DEBUG neutron.plugins.ml2.drivers.ovn.mech_driver.ovsdb.maintenance [-] Touching Hash Ring node "ad4bfe9183d95881b31cc9028163a400" from periodic health check thread {{(pid=102113) touch_hash_ring_node /opt/stack/neutron/neutron/plugins/ml2/drivers/ovn/mech_driver/ovsdb/maintenance.py:1532}}
Aug 28 03:18:30.552828 np0000191358 devstack@neutron-api.service[102116]: INFO neutron.pecan_wsgi.hooks.translation [None req-dd02643e-3ae7-404f-a1bf-5ee6473ba6df admin admin] GET failed (client error): The resource could not be found.
Aug 28 03:18:30.554152 np0000191358 devstack@neutron-api.service[102116]: [pid: 102116|app: 0|req: 23/91] 162.253.55.119 () {64 vars in 1334 bytes} [Fri Aug 28 03:18:30 2026] GET /networking/v2.0/networks/admin_net => generated 111 bytes in 19 msecs (HTTP/1.1 404) 4 headers in 164 bytes (1 switches on core 0)
Aug 28 03:18:30.601418 np0000191358 devstack@neutron-api.service[102115]: [pid: 102115|app: 0|req: 23/92] 162.253.55.119 () {64 vars in 1346 bytes} [Fri Aug 28 03:18:30 2026] GET /networking/v2.0/networks?name=admin_net => generated 15 bytes in 32 msecs (HTTP/1.1 200) 4 headers in 156 bytes (1 switches on core 0)
Aug 28 03:18:30.943088 np0000191358 devstack@neutron-api.service[102113]: DEBUG neutron.api.v2.base [None req-a07a7441-7df3-440d-835d-d2d5db979cb9 admin admin] Request body: {'network': {'project_id': 'a4424e63c9db40f0887d316fdfcfbb7f', 'name': 'admin_net', 'admin_state_up': True}} {{(pid=102113) prepare_request_body /opt/stack/neutron/neutron/api/v2/base.py:727}}
Aug 28 03:18:30.971598 np0000191358 devstack@neutron-api.service[102113]: DEBUG neutron.pecan_wsgi.hooks.quota_enforcement [None req-a07a7441-7df3-440d-835d-d2d5db979cb9 admin admin] Made reservation on behalf of a4424e63c9db40f0887d316fdfcfbb7f for: {'network': 1} {{(pid=102113) before /opt/stack/neutron/neutron/pecan_wsgi/hooks/quota_enforcement.py:66}}
Aug 28 03:18:30.976766 np0000191358 devstack@neutron-api.service[102113]: DEBUG neutron_lib.callbacks.manager [None req-a07a7441-7df3-440d-835d-d2d5db979cb9 admin admin] Publish callbacks ['neutron.plugins.ml2.plugin.SecurityGroupDbMixin._ensure_default_security_group_handler-3230660'] for network (None), before_create {{(pid=102113) _notify_loop /opt/stack/data/venv/lib/python3.12/site-packages/neutron_lib/callbacks/manager.py:184}}
Aug 28 03:18:30.985553 np0000191358 devstack@neutron-api.service[102113]: DEBUG neutron_lib.callbacks.manager [None req-a07a7441-7df3-440d-835d-d2d5db979cb9 admin admin] Publish callbacks [] for security_group (None), before_create {{(pid=102113) _notify_loop /opt/stack/data/venv/lib/python3.12/site-packages/neutron_lib/callbacks/manager.py:184}}
Aug 28 03:18:31.066387 np0000191358 devstack@neutron-api.service[102113]: DEBUG neutron_lib.callbacks.manager [None req-a07a7441-7df3-440d-835d-d2d5db979cb9 admin admin] Publish callbacks ['neutron.plugins.ml2.drivers.ovn.mech_driver.mech_driver.OVNMechanismDriver._create_security_group_precommit-473750'] for security_group (9271b93f-2300-4094-b506-81882ef2deed), precommit_create {{(pid=102113) _notify_loop /opt/stack/data/venv/lib/python3.12/site-packages/neutron_lib/callbacks/manager.py:184}}
Aug 28 03:18:31.066387 np0000191358 devstack@neutron-api.service[102113]: DEBUG neutron.db.ovn_revision_numbers_db [None req-a07a7441-7df3-440d-835d-d2d5db979cb9 admin admin] create_initial_revision uuid=9271b93f-2300-4094-b506-81882ef2deed, type=security_groups, rev=-1 {{(pid=102113) create_initial_revision /opt/stack/neutron/neutron/db/ovn_revision_numbers_db.py:98}}
Aug 28 03:18:31.067808 np0000191358 devstack@neutron-api.service[102113]: DEBUG neutron.db.ovn_revision_numbers_db [None req-a07a7441-7df3-440d-835d-d2d5db979cb9 admin admin] create_initial_revision uuid=4ca0c2d6-0511-4d8e-aa6f-9d90953e0ec9, type=security_group_rules, rev=-1 {{(pid=102113) create_initial_revision /opt/stack/neutron/neutron/db/ovn_revision_numbers_db.py:98}}
Aug 28 03:18:31.069092 np0000191358 devstack@neutron-api.service[102113]: DEBUG neutron.db.ovn_revision_numbers_db [None req-a07a7441-7df3-440d-835d-d2d5db979cb9 admin admin] create_initial_revision uuid=963d03ac-f71c-4bc6-b42d-20a1123d805c, type=security_group_rules, rev=-1 {{(pid=102113) create_initial_revision /opt/stack/neutron/neutron/db/ovn_revision_numbers_db.py:98}}
Aug 28 03:18:31.070416 np0000191358 devstack@neutron-api.service[102113]: DEBUG neutron.db.ovn_revision_numbers_db [None req-a07a7441-7df3-440d-835d-d2d5db979cb9 admin admin] create_initial_revision uuid=b28f4b7e-b148-4122-98d2-5a9f8297ac37, type=security_group_rules, rev=-1 {{(pid=102113) create_initial_revision /opt/stack/neutron/neutron/db/ovn_revision_numbers_db.py:98}}
Aug 28 03:18:31.071736 np0000191358 devstack@neutron-api.service[102113]: DEBUG neutron.db.ovn_revision_numbers_db [None req-a07a7441-7df3-440d-835d-d2d5db979cb9 admin admin] create_initial_revision uuid=eb144c2b-c028-40fb-ae12-0171c744806b, type=security_group_rules, rev=-1 {{(pid=102113) create_initial_revision /opt/stack/neutron/neutron/db/ovn_revision_numbers_db.py:98}}
Aug 28 03:18:31.081276 np0000191358 devstack@neutron-api.service[102113]: DEBUG neutron_lib.callbacks.manager [None req-a07a7441-7df3-440d-835d-d2d5db979cb9 admin admin] Publish callbacks ['neutron.plugins.ml2.drivers.ovn.mech_driver.mech_driver.OVNMechanismDriver._create_security_group-473752', 'neutron.plugins.ml2.ovo_rpc._ObjectChangeHandler.handle_event-8087723'] for security_group (9271b93f-2300-4094-b506-81882ef2deed), after_create {{(pid=102113) _notify_loop /opt/stack/data/venv/lib/python3.12/site-packages/neutron_lib/callbacks/manager.py:184}}
Aug 28 03:18:31.082460 np0000191358 devstack@neutron-api.service[102113]: DEBUG ovsdbapp.backend.ovs_idl.transaction [None req-a19ef877-1bfb-430b-b0ec-71fe6278a00d None None] Running txn 95c5aaa9 n=1 command(idx=0): PgAddCommand(_result=None, name=pg_9271b93f_2300_4094_b506_81882ef2deed, may_exist=False, columns={'acls': [], 'external_ids': {'neutron:security_group_id': '9271b93f-2300-4094-b506-81882ef2deed'}}) {{(pid=102113) do_commit /opt/stack/data/venv/lib/python3.12/site-packages/ovsdbapp/backend/ovs_idl/transaction.py:91}}
Aug 28 03:18:31.083037 np0000191358 devstack@neutron-api.service[102113]: DEBUG ovsdbapp.backend.ovs_idl.transaction [None req-a19ef877-1bfb-430b-b0ec-71fe6278a00d None None] Running txn 95c5aaa9 n=1 command(idx=1): PgAclAddCommand(_result=None, entity=pg_9271b93f_2300_4094_b506_81882ef2deed, direction=from-lport, priority=1002, match=inport == @pg_9271b93f_2300_4094_b506_81882ef2deed && ip6, action=allow-related, log=False, may_exist=True, severity=[], name=[], meter=[], external_ids={'neutron:security_group_rule_id': '4ca0c2d6-0511-4d8e-aa6f-9d90953e0ec9'}) {{(pid=102113) do_commit /opt/stack/data/venv/lib/python3.12/site-packages/ovsdbapp/backend/ovs_idl/transaction.py:91}}
Aug 28 03:18:31.083689 np0000191358 devstack@neutron-api.service[102113]: DEBUG ovsdbapp.backend.ovs_idl.transaction [None req-a19ef877-1bfb-430b-b0ec-71fe6278a00d None None] Running txn 95c5aaa9 n=1 command(idx=2): PgAclAddCommand(_result=None, entity=pg_9271b93f_2300_4094_b506_81882ef2deed, direction=from-lport, priority=1002, match=inport == @pg_9271b93f_2300_4094_b506_81882ef2deed && ip4, action=allow-related, log=False, may_exist=True, severity=[], name=[], meter=[], external_ids={'neutron:security_group_rule_id': '963d03ac-f71c-4bc6-b42d-20a1123d805c'}) {{(pid=102113) do_commit /opt/stack/data/venv/lib/python3.12/site-packages/ovsdbapp/backend/ovs_idl/transaction.py:91}}
Aug 28 03:18:31.084242 np0000191358 devstack@neutron-api.service[102113]: DEBUG ovsdbapp.backend.ovs_idl.transaction [None req-a19ef877-1bfb-430b-b0ec-71fe6278a00d None None] Running txn 95c5aaa9 n=1 command(idx=3): PgAclAddCommand(_result=None, entity=pg_9271b93f_2300_4094_b506_81882ef2deed, direction=to-lport, priority=1002, match=outport == @pg_9271b93f_2300_4094_b506_81882ef2deed && ip4 && ip4.src == $pg_9271b93f_2300_4094_b506_81882ef2deed_ip4, action=allow-related, log=False, may_exist=True, severity=[], name=[], meter=[], external_ids={'neutron:security_group_rule_id': 'b28f4b7e-b148-4122-98d2-5a9f8297ac37'}) {{(pid=102113) do_commit /opt/stack/data/venv/lib/python3.12/site-packages/ovsdbapp/backend/ovs_idl/transaction.py:91}}
Aug 28 03:18:31.084790 np0000191358 devstack@neutron-api.service[102113]: DEBUG ovsdbapp.backend.ovs_idl.transaction [None req-a19ef877-1bfb-430b-b0ec-71fe6278a00d None None] Running txn 95c5aaa9 n=1 command(idx=4): PgAclAddCommand(_result=None, entity=pg_9271b93f_2300_4094_b506_81882ef2deed, direction=to-lport, priority=1002, match=outport == @pg_9271b93f_2300_4094_b506_81882ef2deed && ip6 && ip6.src == $pg_9271b93f_2300_4094_b506_81882ef2deed_ip6, action=allow-related, log=False, may_exist=True, severity=[], name=[], meter=[], external_ids={'neutron:security_group_rule_id': 'eb144c2b-c028-40fb-ae12-0171c744806b'}) {{(pid=102113) do_commit /opt/stack/data/venv/lib/python3.12/site-packages/ovsdbapp/backend/ovs_idl/transaction.py:91}}
Aug 28 03:18:31.102778 np0000191358 devstack@neutron-api.service[102113]: DEBUG neutron.common.ovn.hash_ring_manager [None req-a19ef877-1bfb-430b-b0ec-71fe6278a00d None None] Hash Ring loaded. 4 active nodes. 0 offline nodes {{(pid=102113) _load_hash_ring /opt/stack/neutron/neutron/common/ovn/hash_ring_manager.py:110}}
Aug 28 03:18:31.103063 np0000191358 devstack@neutron-api.service[102115]: DEBUG neutron.common.ovn.hash_ring_manager [None req-17d42413-765b-4da6-9a7b-aae7fd3df41a None None] Hash Ring loaded. 4 active nodes. 0 offline nodes {{(pid=102115) _load_hash_ring /opt/stack/neutron/neutron/common/ovn/hash_ring_manager.py:110}}
Aug 28 03:18:31.103170 np0000191358 devstack@neutron-api.service[102113]: DEBUG neutron.plugins.ml2.drivers.ovn.mech_driver.ovsdb.ovsdb_monitor [None req-a19ef877-1bfb-430b-b0ec-71fe6278a00d None None] Hash Ring: Node ad4bfe9183d95881b31cc9028163a400 (host: np0000191358) handling event "create" for row 4cb57d67-880c-4068-a735-ed24e64ba372 (table: ACL) {{(pid=102113) notify /opt/stack/neutron/neutron/plugins/ml2/drivers/ovn/mech_driver/ovsdb/ovsdb_monitor.py:1099}}
Aug 28 03:18:31.103355 np0000191358 devstack@neutron-api.service[102115]: DEBUG neutron.plugins.ml2.drivers.ovn.mech_driver.ovsdb.ovsdb_monitor [None req-17d42413-765b-4da6-9a7b-aae7fd3df41a None None] Hash Ring: Node 0968671d5e285d54969bd25b5bd00348 (host: np0000191358) handling event "create" for row e4c86ee7-1d95-43d9-8e6b-a2005a46bd83 (table: ACL) {{(pid=102115) notify /opt/stack/neutron/neutron/plugins/ml2/drivers/ovn/mech_driver/ovsdb/ovsdb_monitor.py:1099}}
Aug 28 03:18:31.103527 np0000191358 devstack@neutron-api.service[102113]: DEBUG neutron.plugins.ml2.drivers.ovn.mech_driver.ovsdb.ovsdb_monitor [None req-a19ef877-1bfb-430b-b0ec-71fe6278a00d None None] Hash Ring: Node ad4bfe9183d95881b31cc9028163a400 (host: np0000191358) handling event "create" for row 69c9ac68-f7ab-4b15-90a1-79bbf280ff25 (table: ACL) {{(pid=102113) notify /opt/stack/neutron/neutron/plugins/ml2/drivers/ovn/mech_driver/ovsdb/ovsdb_monitor.py:1099}}
Aug 28 03:18:31.104978 np0000191358 devstack@neutron-api.service[102113]: DEBUG ovsdbapp.backend.ovs_idl.transaction [None req-a19ef877-1bfb-430b-b0ec-71fe6278a00d None None] txn 95c5aaa9 succeeded {{(pid=102113) do_commit /opt/stack/data/venv/lib/python3.12/site-packages/ovsdbapp/backend/ovs_idl/transaction.py:137}}
Aug 28 03:18:31.105573 np0000191358 devstack@neutron-api.service[102114]: DEBUG neutron.common.ovn.hash_ring_manager [None req-d7f54510-ced3-424f-a252-e7b3ab300119 None None] Hash Ring loaded. 4 active nodes. 0 offline nodes {{(pid=102114) _load_hash_ring /opt/stack/neutron/neutron/common/ovn/hash_ring_manager.py:110}}
Aug 28 03:18:31.106121 np0000191358 devstack@neutron-api.service[102114]: DEBUG neutron.plugins.ml2.drivers.ovn.mech_driver.ovsdb.ovsdb_monitor [None req-d7f54510-ced3-424f-a252-e7b3ab300119 None None] Hash Ring: Node af5fb4340635565e88609ee0da5ddef3 (host: np0000191358) handling event "create" for row def779fa-5789-4757-b37c-1a83c5a1f12b (table: Port_Group) {{(pid=102114) notify /opt/stack/neutron/neutron/plugins/ml2/drivers/ovn/mech_driver/ovsdb/ovsdb_monitor.py:1099}}
Aug 28 03:18:31.106958 np0000191358 devstack@neutron-api.service[102116]: DEBUG neutron.common.ovn.hash_ring_manager [None req-fabcf70c-7e06-47e0-bdc7-9639e4691122 None None] Hash Ring loaded. 4 active nodes. 0 offline nodes {{(pid=102116) _load_hash_ring /opt/stack/neutron/neutron/common/ovn/hash_ring_manager.py:110}}
Aug 28 03:18:31.107419 np0000191358 devstack@neutron-api.service[102116]: DEBUG neutron.plugins.ml2.drivers.ovn.mech_driver.ovsdb.ovsdb_monitor [None req-fabcf70c-7e06-47e0-bdc7-9639e4691122 None None] Hash Ring: Node c3b9f11803305d648221476a8c8491d1 (host: np0000191358) handling event "create" for row a539c731-bd7b-4b0d-bb3b-1c24c58322d4 (table: ACL) {{(pid=102116) notify /opt/stack/neutron/neutron/plugins/ml2/drivers/ovn/mech_driver/ovsdb/ovsdb_monitor.py:1099}}
Aug 28 03:18:31.125676 np0000191358 devstack@neutron-api.service[102113]: INFO neutron.db.ovn_revision_numbers_db [None req-a07a7441-7df3-440d-835d-d2d5db979cb9 admin admin] Successfully bumped revision number for resource 9271b93f-2300-4094-b506-81882ef2deed (type: security_groups) to 1
Aug 28 03:18:31.142337 np0000191358 devstack@neutron-api.service[102113]: INFO neutron.db.ovn_revision_numbers_db [None req-a07a7441-7df3-440d-835d-d2d5db979cb9 admin admin] Successfully bumped revision number for resource 4ca0c2d6-0511-4d8e-aa6f-9d90953e0ec9 (type: security_group_rules) to 0
Aug 28 03:18:31.160464 np0000191358 devstack@neutron-api.service[102113]: INFO neutron.db.ovn_revision_numbers_db [None req-a07a7441-7df3-440d-835d-d2d5db979cb9 admin admin] Successfully bumped revision number for resource 963d03ac-f71c-4bc6-b42d-20a1123d805c (type: security_group_rules) to 0
Aug 28 03:18:31.178293 np0000191358 devstack@neutron-api.service[102113]: INFO neutron.db.ovn_revision_numbers_db [None req-a07a7441-7df3-440d-835d-d2d5db979cb9 admin admin] Successfully bumped revision number for resource b28f4b7e-b148-4122-98d2-5a9f8297ac37 (type: security_group_rules) to 0
Aug 28 03:18:31.191974 np0000191358 devstack@neutron-api.service[102113]: INFO neutron.db.ovn_revision_numbers_db [None req-a07a7441-7df3-440d-835d-d2d5db979cb9 admin admin] Successfully bumped revision number for resource eb144c2b-c028-40fb-ae12-0171c744806b (type: security_group_rules) to 0
Aug 28 03:18:31.216761 np0000191358 devstack@neutron-api.service[102113]: DEBUG neutron.api.rpc.handlers.resources_rpc [None req-a07a7441-7df3-440d-835d-d2d5db979cb9 admin admin] Pushing event updated for resources: {'SecurityGroup': ['ID=9271b93f-2300-4094-b506-81882ef2deed,revision_number=1']} {{(pid=102113) push /opt/stack/neutron/neutron/api/rpc/handlers/resources_rpc.py:237}}
Aug 28 03:18:31.222335 np0000191358 devstack@neutron-api.service[102113]: DEBUG ovsdbapp.backend.ovs_idl.transaction [None req-a19ef877-1bfb-430b-b0ec-71fe6278a00d None None] Running txn ce578e7f n=1 command(idx=0): CheckLivenessCommand(_result=None) {{(pid=102113) do_commit /opt/stack/data/venv/lib/python3.12/site-packages/ovsdbapp/backend/ovs_idl/transaction.py:91}}
Aug 28 03:18:31.225803 np0000191358 devstack@neutron-api.service[102113]: DEBUG ovsdbapp.backend.ovs_idl.transaction [None req-a19ef877-1bfb-430b-b0ec-71fe6278a00d None None] txn ce578e7f succeeded {{(pid=102113) do_commit /opt/stack/data/venv/lib/python3.12/site-packages/ovsdbapp/backend/ovs_idl/transaction.py:137}}
Aug 28 03:18:31.227992 np0000191358 devstack@neutron-api.service[102113]: DEBUG neutron.api.rpc.callbacks.version_manager [None req-a07a7441-7df3-440d-835d-d2d5db979cb9 admin admin] Tracked resource versions report:
Aug 28 03:18:31.227992 np0000191358 devstack@neutron-api.service[102113]: pushed versions:
Aug 28 03:18:31.227992 np0000191358 devstack@neutron-api.service[102113]: { 'AddressGroup': {'1.2'},
Aug 28 03:18:31.227992 np0000191358 devstack@neutron-api.service[102113]: 'Agent': {'1.1'},
Aug 28 03:18:31.227992 np0000191358 devstack@neutron-api.service[102113]: 'ConntrackHelper': {'1.0'},
Aug 28 03:18:31.227992 np0000191358 devstack@neutron-api.service[102113]: 'LocalIPAssociation': {'1.0'},
Aug 28 03:18:31.227992 np0000191358 devstack@neutron-api.service[102113]: 'Log': {'1.0'},
Aug 28 03:18:31.227992 np0000191358 devstack@neutron-api.service[102113]: 'NDPProxy': {'1.0'},
Aug 28 03:18:31.227992 np0000191358 devstack@neutron-api.service[102113]: 'Network': {'1.3'},
Aug 28 03:18:31.227992 np0000191358 devstack@neutron-api.service[102113]: 'Port': {'1.11'},
Aug 28 03:18:31.227992 np0000191358 devstack@neutron-api.service[102113]: 'PortForwarding': {'1.3'},
Aug 28 03:18:31.227992 np0000191358 devstack@neutron-api.service[102113]: 'QosPolicy': {'1.10'},
Aug 28 03:18:31.227992 np0000191358 devstack@neutron-api.service[102113]: 'SecurityGroup': {'1.6'},
Aug 28 03:18:31.227992 np0000191358 devstack@neutron-api.service[102113]: 'SecurityGroupRule': {'1.3'},
Aug 28 03:18:31.227992 np0000191358 devstack@neutron-api.service[102113]: 'SubPort': {'1.0'},
Aug 28 03:18:31.227992 np0000191358 devstack@neutron-api.service[102113]: 'Subnet': {'1.2'},
Aug 28 03:18:31.227992 np0000191358 devstack@neutron-api.service[102113]: 'Trunk': {'1.1'}}
Aug 28 03:18:31.227992 np0000191358 devstack@neutron-api.service[102113]: consumer versions:
Aug 28 03:18:31.227992 np0000191358 devstack@neutron-api.service[102113]: { OVN Controller Gateway agent@np0000191358: {},
Aug 28 03:18:31.227992 np0000191358 devstack@neutron-api.service[102113]: OVN Neutron agent@np0000191358: {}}
Aug 28 03:18:31.227992 np0000191358 devstack@neutron-api.service[102113]: {{(pid=102113) report /opt/stack/neutron/neutron/api/rpc/callbacks/version_manager.py:183}}
Aug 28 03:18:31.230094 np0000191358 devstack@neutron-api.service[102116]: DEBUG neutron.plugins.ml2.drivers.ovn.mech_driver.ovsdb.ovsdb_monitor [None req-fabcf70c-7e06-47e0-bdc7-9639e4691122 None None] Hash Ring: Node c3b9f11803305d648221476a8c8491d1 (host: np0000191358) handling event "update" for row d7277073-69c3-4f5b-9be8-9c77ba5090af (table: NB_Global) {{(pid=102116) notify /opt/stack/neutron/neutron/plugins/ml2/drivers/ovn/mech_driver/ovsdb/ovsdb_monitor.py:1099}}
Aug 28 03:18:31.231247 np0000191358 devstack@neutron-api.service[102114]: DEBUG ovsdbapp.backend.ovs_idl.event [None req-ec4ddf59-e505-45ac-b811-4fd4d5031d65 None None] Matched UPDATE: ChassisAgentWriteEvent(events=('create', 'update'), table='Chassis_Private', conditions=None, old_conditions=None), priority=20 to row=Chassis_Private(uuid=8835afbb-448a-4b98-aa56-0137ee05042a, chassis=156106bf-3fc7-4019-9897-6b8f613e0908, external_ids={'neutron:ovn-bridge': 'br-int', 'neutron:ovn-neutron-agent-id': '8e916907-1e1a-560e-98d5-938308d28097', 'neutron:ovn-neutron-agent-sb-cfg': '2'}, name='8aeefea8-5efa-4ca8-ae9a-f505acf77363', nb_cfg=3, nb_cfg_timestamp=1787887111226) old=Chassis_Private(uuid=8835afbb-448a-4b98-aa56-0137ee05042a, nb_cfg=2, nb_cfg_timestamp=1787887018166) {{(pid=102114) matches /opt/stack/data/venv/lib/python3.12/site-packages/ovsdbapp/backend/ovs_idl/event.py:55}}
Aug 28 03:18:31.233872 np0000191358 devstack@neutron-api.service[102115]: DEBUG ovsdbapp.backend.ovs_idl.event [None req-66c8d7db-2071-4b3e-8c61-4574c288a627 None None] Matched UPDATE: ChassisAgentWriteEvent(events=('create', 'update'), table='Chassis_Private', conditions=None, old_conditions=None), priority=20 to row=Chassis_Private(uuid=8835afbb-448a-4b98-aa56-0137ee05042a, chassis=156106bf-3fc7-4019-9897-6b8f613e0908, external_ids={'neutron:ovn-bridge': 'br-int', 'neutron:ovn-neutron-agent-id': '8e916907-1e1a-560e-98d5-938308d28097', 'neutron:ovn-neutron-agent-sb-cfg': '2'}, name='8aeefea8-5efa-4ca8-ae9a-f505acf77363', nb_cfg=3, nb_cfg_timestamp=1787887111226) old=Chassis_Private(uuid=8835afbb-448a-4b98-aa56-0137ee05042a, nb_cfg=2, nb_cfg_timestamp=1787887018166) {{(pid=102115) matches /opt/stack/data/venv/lib/python3.12/site-packages/ovsdbapp/backend/ovs_idl/event.py:55}}
Aug 28 03:18:31.235576 np0000191358 devstack@neutron-api.service[102116]: DEBUG ovsdbapp.backend.ovs_idl.event [None req-a401a4bc-fbe6-4437-b24b-1d63a0ad88c0 None None] Matched UPDATE: ChassisAgentWriteEvent(events=('create', 'update'), table='Chassis_Private', conditions=None, old_conditions=None), priority=20 to row=Chassis_Private(uuid=8835afbb-448a-4b98-aa56-0137ee05042a, chassis=156106bf-3fc7-4019-9897-6b8f613e0908, external_ids={'neutron:ovn-bridge': 'br-int', 'neutron:ovn-neutron-agent-id': '8e916907-1e1a-560e-98d5-938308d28097', 'neutron:ovn-neutron-agent-sb-cfg': '2'}, name='8aeefea8-5efa-4ca8-ae9a-f505acf77363', nb_cfg=3, nb_cfg_timestamp=1787887111226) old=Chassis_Private(uuid=8835afbb-448a-4b98-aa56-0137ee05042a, nb_cfg=2, nb_cfg_timestamp=1787887018166) {{(pid=102116) matches /opt/stack/data/venv/lib/python3.12/site-packages/ovsdbapp/backend/ovs_idl/event.py:55}}
Aug 28 03:18:31.244180 np0000191358 devstack@neutron-api.service[102116]: DEBUG neutron.plugins.ml2.drivers.ovn.mech_driver.ovsdb.ovsdb_monitor [None req-fabcf70c-7e06-47e0-bdc7-9639e4691122 None None] Hash Ring: Node c3b9f11803305d648221476a8c8491d1 (host: np0000191358) handling event "update" for row d7277073-69c3-4f5b-9be8-9c77ba5090af (table: NB_Global) {{(pid=102116) notify /opt/stack/neutron/neutron/plugins/ml2/drivers/ovn/mech_driver/ovsdb/ovsdb_monitor.py:1099}}
Aug 28 03:18:31.244573 np0000191358 devstack@neutron-api.service[102113]: DEBUG ovsdbapp.backend.ovs_idl.event [None req-ee1be62e-8317-4378-a00a-26e0cfb8f5e7 None None] Matched UPDATE: ChassisAgentWriteEvent(events=('create', 'update'), table='Chassis_Private', conditions=None, old_conditions=None), priority=20 to row=Chassis_Private(uuid=8835afbb-448a-4b98-aa56-0137ee05042a, chassis=156106bf-3fc7-4019-9897-6b8f613e0908, external_ids={'neutron:ovn-bridge': 'br-int', 'neutron:ovn-neutron-agent-id': '8e916907-1e1a-560e-98d5-938308d28097', 'neutron:ovn-neutron-agent-sb-cfg': '2'}, name='8aeefea8-5efa-4ca8-ae9a-f505acf77363', nb_cfg=3, nb_cfg_timestamp=1787887111226) old=Chassis_Private(uuid=8835afbb-448a-4b98-aa56-0137ee05042a, nb_cfg=2, nb_cfg_timestamp=1787887018166) {{(pid=102113) matches /opt/stack/data/venv/lib/python3.12/site-packages/ovsdbapp/backend/ovs_idl/event.py:55}}
Aug 28 03:18:31.247159 np0000191358 devstack@neutron-api.service[102116]: DEBUG neutron.plugins.ml2.drivers.ovn.mech_driver.ovsdb.ovsdb_monitor [None req-fabcf70c-7e06-47e0-bdc7-9639e4691122 None None] Hash Ring: Node c3b9f11803305d648221476a8c8491d1 (host: np0000191358) handling event "update" for row d7277073-69c3-4f5b-9be8-9c77ba5090af (table: NB_Global) {{(pid=102116) notify /opt/stack/neutron/neutron/plugins/ml2/drivers/ovn/mech_driver/ovsdb/ovsdb_monitor.py:1099}}
Aug 28 03:18:31.247414 np0000191358 devstack@neutron-api.service[102115]: DEBUG neutron.common.ovn.hash_ring_manager [None req-66c8d7db-2071-4b3e-8c61-4574c288a627 None None] Hash Ring loaded. 4 active nodes. 0 offline nodes {{(pid=102115) _load_hash_ring /opt/stack/neutron/neutron/common/ovn/hash_ring_manager.py:110}}
Aug 28 03:18:31.247414 np0000191358 devstack@neutron-api.service[102115]: DEBUG neutron.plugins.ml2.drivers.ovn.mech_driver.ovsdb.ovsdb_monitor [None req-66c8d7db-2071-4b3e-8c61-4574c288a627 None None] Hash Ring: Node 0968671d5e285d54969bd25b5bd00348 (host: np0000191358) handling event "update" for row 8835afbb-448a-4b98-aa56-0137ee05042a (table: Chassis_Private) {{(pid=102115) notify /opt/stack/neutron/neutron/plugins/ml2/drivers/ovn/mech_driver/ovsdb/ovsdb_monitor.py:1099}}
Aug 28 03:18:31.248914 np0000191358 devstack@neutron-api.service[102114]: DEBUG neutron.common.ovn.hash_ring_manager [None req-ec4ddf59-e505-45ac-b811-4fd4d5031d65 None None] Hash Ring loaded. 4 active nodes. 0 offline nodes {{(pid=102114) _load_hash_ring /opt/stack/neutron/neutron/common/ovn/hash_ring_manager.py:110}}
Aug 28 03:18:31.254193 np0000191358 devstack@neutron-api.service[102116]: DEBUG neutron.common.ovn.hash_ring_manager [None req-a401a4bc-fbe6-4437-b24b-1d63a0ad88c0 None None] Hash Ring loaded. 4 active nodes. 0 offline nodes {{(pid=102116) _load_hash_ring /opt/stack/neutron/neutron/common/ovn/hash_ring_manager.py:110}}
Aug 28 03:18:31.259387 np0000191358 devstack@neutron-api.service[102113]: DEBUG neutron.common.ovn.hash_ring_manager [None req-ee1be62e-8317-4378-a00a-26e0cfb8f5e7 None None] Hash Ring loaded. 4 active nodes. 0 offline nodes {{(pid=102113) _load_hash_ring /opt/stack/neutron/neutron/common/ovn/hash_ring_manager.py:110}}
Aug 28 03:18:31.296859 np0000191358 devstack@neutron-api.service[102113]: DEBUG neutron.plugins.ml2.drivers.helpers [None req-a07a7441-7df3-440d-835d-d2d5db979cb9 admin admin] geneve segment allocate from pool success with {'geneve_vni': 61836} {{(pid=102113) allocate_partially_specified_segment /opt/stack/neutron/neutron/plugins/ml2/drivers/helpers.py:142}}
Aug 28 03:18:31.304666 np0000191358 devstack@neutron-api.service[102113]: DEBUG neutron_lib.callbacks.manager [None req-a07a7441-7df3-440d-835d-d2d5db979cb9 admin admin] Publish callbacks ['neutron.services.segments.db._add_segment_host_mapping_for_segment-8171759351788', 'neutron.plugins.ml2.plugin.Ml2Plugin._handle_segment_change-2968356'] for segment (2c1fafcd-318a-4ddb-9433-296a4a24c6d5), precommit_create {{(pid=102113) _notify_loop /opt/stack/data/venv/lib/python3.12/site-packages/neutron_lib/callbacks/manager.py:184}}
Aug 28 03:18:31.304810 np0000191358 devstack@neutron-api.service[102113]: INFO neutron.db.segments_db [None req-a07a7441-7df3-440d-835d-d2d5db979cb9 admin admin] Added segment 2c1fafcd-318a-4ddb-9433-296a4a24c6d5 of type geneve for network 85db0a9c-3d36-4949-a5f3-808875c516b6
Aug 28 03:18:31.320840 np0000191358 devstack@neutron-api.service[102113]: DEBUG neutron_lib.callbacks.manager [None req-a07a7441-7df3-440d-835d-d2d5db979cb9 admin admin] Publish callbacks ['neutron.services.auto_allocate.db._ensure_external_network_default_value_callback-8171758027726'] for network (85db0a9c-3d36-4949-a5f3-808875c516b6), precommit_create {{(pid=102113) _notify_loop /opt/stack/data/venv/lib/python3.12/site-packages/neutron_lib/callbacks/manager.py:184}}
Aug 28 03:18:31.335013 np0000191358 devstack@neutron-api.service[102113]: DEBUG neutron.plugins.ml2.drivers.ovn.mech_driver.mech_driver [None req-a07a7441-7df3-440d-835d-d2d5db979cb9 admin admin] Validating network segment with type geneve, segmentation ID 61836, physical network None {{(pid=102113) _validate_network_segments /opt/stack/neutron/neutron/plugins/ml2/drivers/ovn/mech_driver/mech_driver.py:624}}
Aug 28 03:18:31.335233 np0000191358 devstack@neutron-api.service[102113]: DEBUG neutron.db.ovn_revision_numbers_db [None req-a07a7441-7df3-440d-835d-d2d5db979cb9 admin admin] create_initial_revision uuid=85db0a9c-3d36-4949-a5f3-808875c516b6, type=networks, rev=-1 {{(pid=102113) create_initial_revision /opt/stack/neutron/neutron/db/ovn_revision_numbers_db.py:98}}
Aug 28 03:18:31.361461 np0000191358 devstack@neutron-api.service[102113]: DEBUG neutron_lib.callbacks.manager [None req-a07a7441-7df3-440d-835d-d2d5db979cb9 admin admin] Publish callbacks ['neutron.plugins.ml2.ovo_rpc._ObjectChangeHandler.handle_event-8087720'] for network (85db0a9c-3d36-4949-a5f3-808875c516b6), after_create {{(pid=102113) _notify_loop /opt/stack/data/venv/lib/python3.12/site-packages/neutron_lib/callbacks/manager.py:184}}
Aug 28 03:18:31.379939 np0000191358 devstack@neutron-api.service[102113]: DEBUG neutron.api.rpc.handlers.resources_rpc [None req-a07a7441-7df3-440d-835d-d2d5db979cb9 admin admin] Pushing event updated for resources: {'Network': ['ID=85db0a9c-3d36-4949-a5f3-808875c516b6,revision_number=1']} {{(pid=102113) push /opt/stack/neutron/neutron/api/rpc/handlers/resources_rpc.py:237}}
Aug 28 03:18:31.389490 np0000191358 devstack@neutron-api.service[102113]: DEBUG ovsdbapp.backend.ovs_idl.transaction [None req-a19ef877-1bfb-430b-b0ec-71fe6278a00d None None] Running txn 07c1e5dc n=1 command(idx=0): AddNetworkCommand(_result=None, network_uuid=85db0a9c-3d36-4949-a5f3-808875c516b6, may_exist=True, columns={'external_ids': {'neutron:network_name': 'admin_net', 'neutron:mtu': '1372', 'neutron:revision_number': '1', 'neutron:availability_zone_hints': '', 'neutron:provnet-network-type': 'geneve'}, 'other_config': {'mcast_snoop': 'false', 'mcast_flood_unregistered': 'false', 'vlan-passthru': 'false'}}) {{(pid=102113) do_commit /opt/stack/data/venv/lib/python3.12/site-packages/ovsdbapp/backend/ovs_idl/transaction.py:91}}
Aug 28 03:18:31.393974 np0000191358 devstack@neutron-api.service[102113]: DEBUG ovsdbapp.backend.ovs_idl.transaction [None req-a19ef877-1bfb-430b-b0ec-71fe6278a00d None None] txn 07c1e5dc succeeded {{(pid=102113) do_commit /opt/stack/data/venv/lib/python3.12/site-packages/ovsdbapp/backend/ovs_idl/transaction.py:137}}
Aug 28 03:18:31.398594 np0000191358 devstack@neutron-api.service[102115]: DEBUG neutron.plugins.ml2.drivers.ovn.mech_driver.ovsdb.ovsdb_monitor [None req-17d42413-765b-4da6-9a7b-aae7fd3df41a None None] Hash Ring: Node 0968671d5e285d54969bd25b5bd00348 (host: np0000191358) handling event "create" for row 85db0a9c-3d36-4949-a5f3-808875c516b6 (table: Logical_Switch) {{(pid=102115) notify /opt/stack/neutron/neutron/plugins/ml2/drivers/ovn/mech_driver/ovsdb/ovsdb_monitor.py:1099}}
Aug 28 03:18:31.404785 np0000191358 devstack@neutron-api.service[102116]: DEBUG neutron.plugins.ml2.drivers.ovn.mech_driver.ovsdb.ovsdb_monitor [None req-a401a4bc-fbe6-4437-b24b-1d63a0ad88c0 None None] Hash Ring: Node c3b9f11803305d648221476a8c8491d1 (host: np0000191358) handling event "create" for row d711c832-6165-4e95-ac23-e619d684d0ad (table: Datapath_Binding) {{(pid=102116) notify /opt/stack/neutron/neutron/plugins/ml2/drivers/ovn/mech_driver/ovsdb/ovsdb_monitor.py:1099}}
Aug 28 03:18:31.421659 np0000191358 devstack@neutron-api.service[102113]: INFO neutron.db.ovn_revision_numbers_db [None req-a07a7441-7df3-440d-835d-d2d5db979cb9 admin admin] Successfully bumped revision number for resource 85db0a9c-3d36-4949-a5f3-808875c516b6 (type: networks) to 1
Aug 28 03:18:31.435875 np0000191358 devstack@neutron-api.service[102113]: DEBUG neutron_lib.callbacks.manager [None req-a07a7441-7df3-440d-835d-d2d5db979cb9 admin admin] Publish callbacks ['neutron.plugins.ml2.plugin.SecurityGroupDbMixin._ensure_default_security_group_handler-3230660'] for port (None), before_create {{(pid=102113) _notify_loop /opt/stack/data/venv/lib/python3.12/site-packages/neutron_lib/callbacks/manager.py:184}}
Aug 28 03:18:31.502427 np0000191358 devstack@neutron-api.service[102113]: DEBUG neutron_lib.callbacks.manager [None req-a07a7441-7df3-440d-835d-d2d5db979cb9 admin admin] Publish callbacks ['neutron.plugins.ml2.drivers.ovn.mech_driver.mech_driver.OVNMechanismDriver._validate_allowed_address_pairs-472330'] for allowed_address_pair (fdc9cc24-4c5a-4b5a-80ff-b2e2955c7e74), before_create {{(pid=102113) _notify_loop /opt/stack/data/venv/lib/python3.12/site-packages/neutron_lib/callbacks/manager.py:184}}
Aug 28 03:18:31.502853 np0000191358 devstack@neutron-api.service[102113]: DEBUG neutron_lib.callbacks.manager [None req-a07a7441-7df3-440d-835d-d2d5db979cb9 admin admin] Publish callbacks [] for port (fdc9cc24-4c5a-4b5a-80ff-b2e2955c7e74), precommit_create {{(pid=102113) _notify_loop /opt/stack/data/venv/lib/python3.12/site-packages/neutron_lib/callbacks/manager.py:184}}
Aug 28 03:18:31.502976 np0000191358 devstack@neutron-api.service[102113]: DEBUG neutron.plugins.ml2.drivers.ovn.mech_driver.mech_driver [None req-a07a7441-7df3-440d-835d-d2d5db979cb9 admin admin] No provisioning block for port fdc9cc24-4c5a-4b5a-80ff-b2e2955c7e74 since it does not have a host {{(pid=102113) _is_port_provisioning_required /opt/stack/neutron/neutron/plugins/ml2/drivers/ovn/mech_driver/mech_driver.py:877}}
Aug 28 03:18:31.503131 np0000191358 devstack@neutron-api.service[102113]: DEBUG neutron.db.ovn_revision_numbers_db [None req-a07a7441-7df3-440d-835d-d2d5db979cb9 admin admin] create_initial_revision uuid=fdc9cc24-4c5a-4b5a-80ff-b2e2955c7e74, type=ports, rev=-1 {{(pid=102113) create_initial_revision /opt/stack/neutron/neutron/db/ovn_revision_numbers_db.py:98}}
Aug 28 03:18:31.535671 np0000191358 devstack@neutron-api.service[102113]: DEBUG neutron_lib.callbacks.manager [None req-a07a7441-7df3-440d-835d-d2d5db979cb9 admin admin] Publish callbacks ['neutron.plugins.ml2.ovo_rpc._ObjectChangeHandler.handle_event-8087735'] for port (fdc9cc24-4c5a-4b5a-80ff-b2e2955c7e74), after_create {{(pid=102113) _notify_loop /opt/stack/data/venv/lib/python3.12/site-packages/neutron_lib/callbacks/manager.py:184}}
Aug 28 03:18:31.562417 np0000191358 devstack@neutron-api.service[102113]: DEBUG neutron.api.rpc.handlers.resources_rpc [None req-a07a7441-7df3-440d-835d-d2d5db979cb9 admin admin] Pushing event updated for resources: {'Port': ['ID=fdc9cc24-4c5a-4b5a-80ff-b2e2955c7e74,revision_number=1']} {{(pid=102113) push /opt/stack/neutron/neutron/api/rpc/handlers/resources_rpc.py:237}}
Aug 28 03:18:31.568312 np0000191358 devstack@neutron-api.service[102113]: DEBUG neutron.plugins.ml2.drivers.ovn.mech_driver.ovsdb.commands [None req-a07a7441-7df3-440d-835d-d2d5db979cb9 admin admin] Converting tag [] to a tag_request {{(pid=102113) _tag_column_to_tag_request /opt/stack/neutron/neutron/plugins/ml2/drivers/ovn/mech_driver/ovsdb/commands.py:227}}
