2026-05-28 22:54:05.173 10 INFO neutron.db.ovn_revision_numbers_db [None req-fa217aaa-af8e-4a56-9203-eedb6f547cf2 02c98bc784d74dcd840ac22ff9c411c4 b9510abcdc464bdfa9fa09a49e4c0904 - - default default] Successfully bumped revision number for resource f74b34e2-155c-44f1-b163-de8e1cafdc7e (type: router_ports) to 1
2026-05-28 22:54:05.194 9 INFO neutron.db.ovn_revision_numbers_db [None req-030d286a-343f-48dc-8a13-7ff465b5f9d4 479e6e9ef8b342ae87eee9247f622de7 97bef609a3e54f2fbc52791b6adba279 - - default default] Successfully bumped revision number for resource 25915555-300d-455c-9c2c-94858258f610 (type: floatingips) to 1
2026-05-28 22:54:05.218 9 INFO neutron.wsgi [req-1855a0dd-09b0-4c98-a833-31afce7b8c0e req-67a704bc-647b-4657-9dae-811b548b678f 2e97ca90eb3546e1ae99765880d7dfc4 73a0f4f6eb244478b26f178b2d6bc468 - - c677fa05ab174be88a773294a28ab893 c677fa05ab174be88a773294a28ab893] 10.0.0.25 "GET /v2.0/networks/7b31570e-66cd-4bdc-afb5-d96aa6edcb1b?fields=segments HTTP/1.1" status: 200 len: 212 time: 0.0855684
2026-05-28 22:54:05.312 9 INFO neutron.wsgi [req-1855a0dd-09b0-4c98-a833-31afce7b8c0e req-b958a9e2-02af-4c08-ad96-58926e7f7165 2e97ca90eb3546e1ae99765880d7dfc4 73a0f4f6eb244478b26f178b2d6bc468 - - c677fa05ab174be88a773294a28ab893 c677fa05ab174be88a773294a28ab893] 10.0.0.25 "GET /v2.0/networks/7b31570e-66cd-4bdc-afb5-d96aa6edcb1b?fields=provider%3Aphysical_network&fields=provider%3Anetwork_type HTTP/1.1" status: 200 len: 277 time: 0.0857856
2026-05-28 22:54:05.325 10 INFO neutron.db.ovn_revision_numbers_db [None req-fa217aaa-af8e-4a56-9203-eedb6f547cf2 02c98bc784d74dcd840ac22ff9c411c4 b9510abcdc464bdfa9fa09a49e4c0904 - - default default] Successfully bumped revision number for resource f74b34e2-155c-44f1-b163-de8e1cafdc7e (type: ports) to 1
2026-05-28 22:54:05.330 9 INFO neutron.db.ovn_revision_numbers_db [None req-030d286a-343f-48dc-8a13-7ff465b5f9d4 479e6e9ef8b342ae87eee9247f622de7 97bef609a3e54f2fbc52791b6adba279 - - default default] Successfully bumped revision number for resource 25915555-300d-455c-9c2c-94858258f610 (type: floatingips) to 2
2026-05-28 22:54:05.356 9 INFO neutron.wsgi [None req-030d286a-343f-48dc-8a13-7ff465b5f9d4 479e6e9ef8b342ae87eee9247f622de7 97bef609a3e54f2fbc52791b6adba279 - - default default] 10.0.0.129 "PUT /v2.0/floatingips/25915555-300d-455c-9c2c-94858258f610 HTTP/1.1" status: 200 len: 1050 time: 0.9828358
2026-05-28 22:54:05.401 10 WARNING neutron.scheduler.dhcp_agent_scheduler [None req-fa217aaa-af8e-4a56-9203-eedb6f547cf2 02c98bc784d74dcd840ac22ff9c411c4 b9510abcdc464bdfa9fa09a49e4c0904 - - default default] No more DHCP agents
2026-05-28 22:54:05.403 10 WARNING neutron.api.rpc.agentnotifiers.dhcp_rpc_agent_api [None req-fa217aaa-af8e-4a56-9203-eedb6f547cf2 02c98bc784d74dcd840ac22ff9c411c4 b9510abcdc464bdfa9fa09a49e4c0904 - - default default] Unable to schedule network 6ae0b5e9-2629-4081-a86c-94665266f7ec: no agents available; will retry on subsequent port and subnet creation events.
2026-05-28 22:54:05.471 10 INFO neutron.wsgi [req-07da2b42-d742-4857-8301-a360ac22e280 req-af23c257-228c-4fa7-979d-d176f5f0cdda 05d994d06f2247a894f99af27e7e3e77 3bc63798ff69485aac99d59210295991 - - default default] 10.0.0.25 "GET /v2.0/ports?device_id=1e144b74-ebc2-4a94-84ed-e29dae83a3fa HTTP/1.1" status: 200 len: 210 time: 0.0277328
2026-05-28 22:54:05.720 10 INFO neutron.db.ovn_revision_numbers_db [None req-fa217aaa-af8e-4a56-9203-eedb6f547cf2 02c98bc784d74dcd840ac22ff9c411c4 b9510abcdc464bdfa9fa09a49e4c0904 - - default default] Successfully bumped revision number for resource f74b34e2-155c-44f1-b163-de8e1cafdc7e (type: router_ports) to 1
2026-05-28 22:54:05.723 10 INFO neutron.wsgi [None req-fa217aaa-af8e-4a56-9203-eedb6f547cf2 02c98bc784d74dcd840ac22ff9c411c4 b9510abcdc464bdfa9fa09a49e4c0904 - - default default] 10.0.0.129 "PUT /v2.0/routers/581c12ce-a918-4c11-84a1-b9abbcc1b029/add_router_interface HTTP/1.1" status: 200 len: 503 time: 2.2674506
2026-05-28 22:54:05.784 9 WARNING neutron_lib.context [None req-88d0cccc-b4a8-4ea3-8509-b9eb90445db6 02c98bc784d74dcd840ac22ff9c411c4 b9510abcdc464bdfa9fa09a49e4c0904 - - default default] Method 'is_advsvc' is deprecated since 2023.2 release (neutron-lib 3.8.0) and will be removed once support for the old RBAC API policies will be removed from Neutron. Please use method 'is_service_role' instead.
2026-05-28 22:54:05.854 9 INFO neutron.notifiers.nova [-] Nova event matching ['req-940452d8-f348-42a2-b01a-bb38e2fd6b33'] response: {'name': 'network-changed', 'server_uuid': 'b4c321e1-63e1-4bc1-bc17-69ee8e125b95', 'tag': 'e168badf-4b99-4058-b801-a08b2f579eb7', 'status': 'completed', 'code': 200}
2026-05-28 22:54:05.911 9 INFO neutron.wsgi [req-bbd07d94-7c36-4c97-aee3-8fa37e3d67e4 req-3717f7cc-e8df-43bb-9a3c-83791730c0be 2e97ca90eb3546e1ae99765880d7dfc4 73a0f4f6eb244478b26f178b2d6bc468 - - c677fa05ab174be88a773294a28ab893 c677fa05ab174be88a773294a28ab893] 199.204.45.210 "GET /v2.0/ports?tenant_id=97bef609a3e54f2fbc52791b6adba279&device_id=b4c321e1-63e1-4bc1-bc17-69ee8e125b95 HTTP/1.1" status: 200 len: 1413 time: 0.0365100
2026-05-28 22:54:05.967 9 INFO neutron.db.ovn_revision_numbers_db [None req-88d0cccc-b4a8-4ea3-8509-b9eb90445db6 02c98bc784d74dcd840ac22ff9c411c4 b9510abcdc464bdfa9fa09a49e4c0904 - - default default] Successfully bumped revision number for resource e6491fa6-a7b1-40f7-9ef6-a46984b6a232 (type: security_groups) to 1
2026-05-28 22:54:05.986 9 INFO neutron.wsgi [req-bbd07d94-7c36-4c97-aee3-8fa37e3d67e4 req-63481cf4-5231-4f14-acde-6eb14a66a186 2e97ca90eb3546e1ae99765880d7dfc4 73a0f4f6eb244478b26f178b2d6bc468 - - c677fa05ab174be88a773294a28ab893 c677fa05ab174be88a773294a28ab893] 199.204.45.210 "GET /v2.0/networks?id=128f281a-c763-44cf-a729-34fcbf7e77e9 HTTP/1.1" status: 200 len: 973 time: 0.0623286
2026-05-28 22:54:05.986 9 INFO neutron.db.ovn_revision_numbers_db [None req-88d0cccc-b4a8-4ea3-8509-b9eb90445db6 02c98bc784d74dcd840ac22ff9c411c4 b9510abcdc464bdfa9fa09a49e4c0904 - - default default] Successfully bumped revision number for resource 65927d8d-03ba-439e-93ef-3e55e023eb82 (type: security_group_rules) to 0
2026-05-28 22:54:06.014 9 INFO neutron.db.ovn_revision_numbers_db [None req-88d0cccc-b4a8-4ea3-8509-b9eb90445db6 02c98bc784d74dcd840ac22ff9c411c4 b9510abcdc464bdfa9fa09a49e4c0904 - - default default] Successfully bumped revision number for resource e68c906d-9c63-4733-a3a1-ff55b270deda (type: security_group_rules) to 0
2026-05-28 22:54:06.036 9 INFO neutron.wsgi [None req-88d0cccc-b4a8-4ea3-8509-b9eb90445db6 02c98bc784d74dcd840ac22ff9c411c4 b9510abcdc464bdfa9fa09a49e4c0904 - - default default] 10.0.0.129 "POST /v2.0/security-groups HTTP/1.1" status: 201 len: 1764 time: 0.2586739
2026-05-28 22:54:06.043 9 INFO neutron.wsgi [req-bbd07d94-7c36-4c97-aee3-8fa37e3d67e4 req-c7f2019a-8fce-405a-9817-9fd8ded85df9 2e97ca90eb3546e1ae99765880d7dfc4 73a0f4f6eb244478b26f178b2d6bc468 - - c677fa05ab174be88a773294a28ab893 c677fa05ab174be88a773294a28ab893] 199.204.45.210 "GET /v2.0/floatingips?fixed_ip_address=10.100.0.12&port_id=e168badf-4b99-4058-b801-a08b2f579eb7 HTTP/1.1" status: 200 len: 1060 time: 0.0492408
2026-05-28 22:54:06.050 9 WARNING neutron_lib.context [None req-684fc8b1-4714-402d-8225-a35e7d6f4536 02c98bc784d74dcd840ac22ff9c411c4 b9510abcdc464bdfa9fa09a49e4c0904 - - default default] Method 'is_advsvc' is deprecated since 2023.2 release (neutron-lib 3.8.0) and will be removed once support for the old RBAC API policies will be removed from Neutron. Please use method 'is_service_role' instead.
2026-05-28 22:54:06.089 9 INFO neutron.wsgi [req-bbd07d94-7c36-4c97-aee3-8fa37e3d67e4 req-9e10bd0e-7c50-4031-8d3b-165549d1989e 2e97ca90eb3546e1ae99765880d7dfc4 73a0f4f6eb244478b26f178b2d6bc468 - - c677fa05ab174be88a773294a28ab893 c677fa05ab174be88a773294a28ab893] 199.204.45.210 "GET /v2.0/subnets?id=495e79a6-1352-45c3-acc1-a537b58392fb HTTP/1.1" status: 200 len: 868 time: 0.0357482
2026-05-28 22:54:06.130 9 INFO neutron.wsgi [req-bbd07d94-7c36-4c97-aee3-8fa37e3d67e4 req-420f2b15-88c1-43fd-a9cf-54b314e3463d 2e97ca90eb3546e1ae99765880d7dfc4 73a0f4f6eb244478b26f178b2d6bc468 - - c677fa05ab174be88a773294a28ab893 c677fa05ab174be88a773294a28ab893] 199.204.45.210 "GET /v2.0/ports?network_id=128f281a-c763-44cf-a729-34fcbf7e77e9&device_owner=network%3Adhcp HTTP/1.1" status: 200 len: 210 time: 0.0360858
2026-05-28 22:54:06.165 9 INFO neutron.wsgi [req-a589e42c-ff80-421d-bd3e-f19cb49653b1 req-6d4f64a4-8f62-4ff5-8ad3-713365127059 beef6ced74a84d9f9798411bd7deaa2b dd5f787bbc424e528546919ea3587af2 - - default default] 10.0.0.25 "GET /v2.0/ports?device_id=530aee22-e97b-4ec2-97a5-4c73e35c74ae HTTP/1.1" status: 200 len: 1168 time: 0.0589049
2026-05-28 22:54:06.233 9 INFO neutron.wsgi [req-a589e42c-ff80-421d-bd3e-f19cb49653b1 req-a76e1bc2-01d0-4fe9-bb24-6ad41ed0c370 beef6ced74a84d9f9798411bd7deaa2b dd5f787bbc424e528546919ea3587af2 - - default default] 10.0.0.25 "GET /v2.0/security-groups?id=dc6eab31-0d9e-468a-853c-50a24895d540&fields=id&fields=name HTTP/1.1" status: 200 len: 312 time: 0.0616398
2026-05-28 22:54:06.235 9 INFO neutron.wsgi [req-bbd07d94-7c36-4c97-aee3-8fa37e3d67e4 req-a7bc672a-5b12-4c5e-9328-c6885894c581 2e97ca90eb3546e1ae99765880d7dfc4 73a0f4f6eb244478b26f178b2d6bc468 - - c677fa05ab174be88a773294a28ab893 c677fa05ab174be88a773294a28ab893] 199.204.45.210 "GET /v2.0/networks/128f281a-c763-44cf-a729-34fcbf7e77e9?fields=segments HTTP/1.1" status: 200 len: 212 time: 0.0963361
2026-05-28 22:54:06.315 10 INFO neutron.wsgi [req-1855a0dd-09b0-4c98-a833-31afce7b8c0e req-9d602d71-ca47-483d-b544-852464f35dc7 05d994d06f2247a894f99af27e7e3e77 3bc63798ff69485aac99d59210295991 - - default default] 199.204.45.210 "GET /v2.0/networks?id=7b31570e-66cd-4bdc-afb5-d96aa6edcb1b HTTP/1.1" status: 200 len: 872 time: 0.0735238
2026-05-28 22:54:06.324 9 INFO neutron.wsgi [req-bbd07d94-7c36-4c97-aee3-8fa37e3d67e4 req-f6c99b27-fe63-4dae-9267-801687774083 2e97ca90eb3546e1ae99765880d7dfc4 73a0f4f6eb244478b26f178b2d6bc468 - - c677fa05ab174be88a773294a28ab893 c677fa05ab174be88a773294a28ab893] 199.204.45.210 "GET /v2.0/networks/128f281a-c763-44cf-a729-34fcbf7e77e9?fields=provider%3Aphysical_network&fields=provider%3Anetwork_type HTTP/1.1" status: 200 len: 277 time: 0.0816493
2026-05-28 22:54:06.339 9 INFO neutron.db.ovn_revision_numbers_db [None req-684fc8b1-4714-402d-8225-a35e7d6f4536 02c98bc784d74dcd840ac22ff9c411c4 b9510abcdc464bdfa9fa09a49e4c0904 - - default default] Successfully bumped revision number for resource 6e35be41-f225-4cec-ba65-7d99cd59d7ad (type: security_group_rules) to 0
2026-05-28 22:54:06.378 9 INFO neutron.wsgi [None req-684fc8b1-4714-402d-8225-a35e7d6f4536 02c98bc784d74dcd840ac22ff9c411c4 b9510abcdc464bdfa9fa09a49e4c0904 - - default default] 10.0.0.129 "POST /v2.0/security-group-rules HTTP/1.1" status: 201 len: 764 time: 0.3317721
2026-05-28 22:54:06.390 10 INFO neutron.wsgi [req-1855a0dd-09b0-4c98-a833-31afce7b8c0e req-801e04ba-41fd-4cbe-8d0e-ca3d6f7bae14 05d994d06f2247a894f99af27e7e3e77 3bc63798ff69485aac99d59210295991 - - default default] 199.204.45.210 "GET /v2.0/security-groups?fields=id&fields=name&tenant_id=3bc63798ff69485aac99d59210295991 HTTP/1.1" status: 200 len: 473 time: 0.0694938
2026-05-28 22:54:06.394 10 WARNING neutron_lib.context [None req-1ecb415b-8121-411c-9ea2-18ffc75f5784 02c98bc784d74dcd840ac22ff9c411c4 b9510abcdc464bdfa9fa09a49e4c0904 - - default default] Method 'is_advsvc' is deprecated since 2023.2 release (neutron-lib 3.8.0) and will be removed once support for the old RBAC API policies will be removed from Neutron. Please use method 'is_service_role' instead.
2026-05-28 22:54:06.407 10 WARNING neutron_lib.context [req-1855a0dd-09b0-4c98-a833-31afce7b8c0e req-d72b1bfb-87e1-4686-bb04-8de1a1169188 05d994d06f2247a894f99af27e7e3e77 3bc63798ff69485aac99d59210295991 - - default default] Method 'is_advsvc' is deprecated since 2023.2 release (neutron-lib 3.8.0) and will be removed once support for the old RBAC API policies will be removed from Neutron. Please use method 'is_service_role' instead.
2026-05-28 22:54:06.586 10 INFO neutron.wsgi [req-f9a22966-b3d4-48ef-ad4e-2a72587eb5b9 req-e97943a6-2173-404b-9c65-2ed52b50be4d 05d994d06f2247a894f99af27e7e3e77 3bc63798ff69485aac99d59210295991 - - default default] 10.0.0.25 "GET /v2.0/ports?device_id=1e144b74-ebc2-4a94-84ed-e29dae83a3fa HTTP/1.1" status: 200 len: 210 time: 0.0356967
2026-05-28 22:54:06.594 10 INFO neutron.db.ovn_revision_numbers_db [None req-1ecb415b-8121-411c-9ea2-18ffc75f5784 02c98bc784d74dcd840ac22ff9c411c4 b9510abcdc464bdfa9fa09a49e4c0904 - - default default] Successfully bumped revision number for resource 84efc1ca-1320-424f-b768-76924e5e14fd (type: security_group_rules) to 0
2026-05-28 22:54:06.642 10 INFO neutron.wsgi [None req-1ecb415b-8121-411c-9ea2-18ffc75f5784 02c98bc784d74dcd840ac22ff9c411c4 b9510abcdc464bdfa9fa09a49e4c0904 - - default default] 10.0.0.129 "POST /v2.0/security-group-rules HTTP/1.1" status: 201 len: 764 time: 0.2594659
2026-05-28 22:54:06.653 9 WARNING neutron_lib.context [None req-5a45e0a6-56ad-4ad4-9f71-d19fa46d1cad 02c98bc784d74dcd840ac22ff9c411c4 b9510abcdc464bdfa9fa09a49e4c0904 - - default default] Method 'is_advsvc' is deprecated since 2023.2 release (neutron-lib 3.8.0) and will be removed once support for the old RBAC API policies will be removed from Neutron. Please use method 'is_service_role' instead.
2026-05-28 22:54:06.750 10 WARNING neutron.scheduler.dhcp_agent_scheduler [req-1855a0dd-09b0-4c98-a833-31afce7b8c0e req-d72b1bfb-87e1-4686-bb04-8de1a1169188 05d994d06f2247a894f99af27e7e3e77 3bc63798ff69485aac99d59210295991 - - default default] No more DHCP agents
2026-05-28 22:54:06.751 10 WARNING neutron.api.rpc.agentnotifiers.dhcp_rpc_agent_api [req-1855a0dd-09b0-4c98-a833-31afce7b8c0e req-d72b1bfb-87e1-4686-bb04-8de1a1169188 05d994d06f2247a894f99af27e7e3e77 3bc63798ff69485aac99d59210295991 - - default default] Unable to schedule network 7b31570e-66cd-4bdc-afb5-d96aa6edcb1b: no agents available; will retry on subsequent port and subnet creation events.
2026-05-28 22:54:06.801 9 INFO neutron.db.ovn_revision_numbers_db [None req-5a45e0a6-56ad-4ad4-9f71-d19fa46d1cad 02c98bc784d74dcd840ac22ff9c411c4 b9510abcdc464bdfa9fa09a49e4c0904 - - default default] Successfully bumped revision number for resource 20a0cad4-6000-43c0-bf86-13f959b7af6e (type: security_group_rules) to 0
2026-05-28 22:54:06.836 9 INFO neutron.wsgi [None req-5a45e0a6-56ad-4ad4-9f71-d19fa46d1cad 02c98bc784d74dcd840ac22ff9c411c4 b9510abcdc464bdfa9fa09a49e4c0904 - - default default] 10.0.0.129 "POST /v2.0/security-group-rules HTTP/1.1" status: 201 len: 766 time: 0.1893818
2026-05-28 22:54:06.856 9 WARNING neutron_lib.context [None req-9ec145db-42b0-4f87-89c1-835d3e30d4ad 02c98bc784d74dcd840ac22ff9c411c4 b9510abcdc464bdfa9fa09a49e4c0904 - - default default] Method 'is_advsvc' is deprecated since 2023.2 release (neutron-lib 3.8.0) and will be removed once support for the old RBAC API policies will be removed from Neutron. Please use method 'is_service_role' instead.
2026-05-28 22:54:06.944 10 INFO neutron.db.ovn_revision_numbers_db [req-1855a0dd-09b0-4c98-a833-31afce7b8c0e req-d72b1bfb-87e1-4686-bb04-8de1a1169188 05d994d06f2247a894f99af27e7e3e77 3bc63798ff69485aac99d59210295991 - - default default] Successfully bumped revision number for resource a0a4b08f-1fa4-4b74-bdad-aad74a4ac68d (type: ports) to 1
2026-05-28 22:54:06.963 10 INFO neutron.wsgi [req-1855a0dd-09b0-4c98-a833-31afce7b8c0e req-d72b1bfb-87e1-4686-bb04-8de1a1169188 05d994d06f2247a894f99af27e7e3e77 3bc63798ff69485aac99d59210295991 - - default default] 199.204.45.210 "POST /v2.0/ports HTTP/1.1" status: 201 len: 1197 time: 0.5650322 /var/lib/openstack/lib/python3.10/site-packages/pycadf/identifier.py:71: UserWarning: Invalid uuid: neutron. To ensure interoperability, identifiers should be a valid uuid. warnings.warn(('Invalid uuid: %s. To ensure interoperability, '
2026-05-28 22:54:07.007 9 INFO neutron.db.ovn_revision_numbers_db [None req-9ec145db-42b0-4f87-89c1-835d3e30d4ad 02c98bc784d74dcd840ac22ff9c411c4 b9510abcdc464bdfa9fa09a49e4c0904 - - default default] Successfully bumped revision number for resource 05f0e994-9aec-4360-8808-b8d7ea72630d (type: security_group_rules) to 0
2026-05-28 22:54:07.030 9 INFO neutron.wsgi [None req-9ec145db-42b0-4f87-89c1-835d3e30d4ad 02c98bc784d74dcd840ac22ff9c411c4 b9510abcdc464bdfa9fa09a49e4c0904 - - default default] 10.0.0.129 "POST /v2.0/security-group-rules HTTP/1.1" status: 201 len: 768 time: 0.1893146
2026-05-28 22:54:07.040 9 WARNING neutron_lib.context [None req-599a1aa3-5d16-43ce-b065-d66b035bfe42 02c98bc784d74dcd840ac22ff9c411c4 b9510abcdc464bdfa9fa09a49e4c0904 - - default default] Method 'is_advsvc' is deprecated since 2023.2 release (neutron-lib 3.8.0) and will be removed once support for the old RBAC API policies will be removed from Neutron. Please use method 'is_service_role' instead.
2026-05-28 22:54:07.135 9 INFO neutron.db.ovn_revision_numbers_db [None req-599a1aa3-5d16-43ce-b065-d66b035bfe42 02c98bc784d74dcd840ac22ff9c411c4 b9510abcdc464bdfa9fa09a49e4c0904 - - default default] Successfully bumped revision number for resource 792bd648-7ac5-4661-bcfd-5ae3b82c0d90 (type: security_group_rules) to 0
2026-05-28 22:54:07.160 9 INFO neutron.wsgi [None req-599a1aa3-5d16-43ce-b065-d66b035bfe42 02c98bc784d74dcd840ac22ff9c411c4 b9510abcdc464bdfa9fa09a49e4c0904 - - default default] 10.0.0.129 "POST /v2.0/security-group-rules HTTP/1.1" status: 201 len: 768 time: 0.1245713
2026-05-28 22:54:07.171 9 WARNING neutron_lib.context [None req-11452da3-8cbf-4ef0-a31a-b05499a165b2 02c98bc784d74dcd840ac22ff9c411c4 b9510abcdc464bdfa9fa09a49e4c0904 - - default default] Method 'is_advsvc' is deprecated since 2023.2 release (neutron-lib 3.8.0) and will be removed once support for the old RBAC API policies will be removed from Neutron. Please use method 'is_service_role' instead.
2026-05-28 22:54:07.312 9 INFO neutron.db.ovn_revision_numbers_db [None req-11452da3-8cbf-4ef0-a31a-b05499a165b2 02c98bc784d74dcd840ac22ff9c411c4 b9510abcdc464bdfa9fa09a49e4c0904 - - default default] Successfully bumped revision number for resource c338af6f-e249-4b3f-a89f-2b0e7b73a7e1 (type: security_group_rules) to 0
2026-05-28 22:54:07.316 10 INFO neutron.db.ovn_revision_numbers_db [req-1855a0dd-09b0-4c98-a833-31afce7b8c0e req-765b2a23-1d3e-4677-a484-3043beead971 2e97ca90eb3546e1ae99765880d7dfc4 73a0f4f6eb244478b26f178b2d6bc468 - - c677fa05ab174be88a773294a28ab893 c677fa05ab174be88a773294a28ab893] Successfully bumped revision number for resource a0a4b08f-1fa4-4b74-bdad-aad74a4ac68d (type: ports) to 2
2026-05-28 22:54:07.359 9 INFO neutron.wsgi [req-5b24cb7c-beb8-4d9c-ae24-c58b2cd529a9 req-40c6cafb-a102-4429-b800-02328d1b7c44 beef6ced74a84d9f9798411bd7deaa2b dd5f787bbc424e528546919ea3587af2 - - default default] 10.0.0.25 "GET /v2.0/ports?device_id=530aee22-e97b-4ec2-97a5-4c73e35c74ae HTTP/1.1" status: 200 len: 1168 time: 0.0429621
2026-05-28 22:54:07.363 9 INFO neutron.wsgi [None req-11452da3-8cbf-4ef0-a31a-b05499a165b2 02c98bc784d74dcd840ac22ff9c411c4 b9510abcdc464bdfa9fa09a49e4c0904 - - default default] 10.0.0.129 "POST /v2.0/security-group-rules HTTP/1.1" status: 201 len: 764 time: 0.1964545
2026-05-28 22:54:07.371 9 WARNING neutron_lib.context [None req-5e668d65-e70d-4c38-999e-93c337944bef 02c98bc784d74dcd840ac22ff9c411c4 b9510abcdc464bdfa9fa09a49e4c0904 - - default default] Method 'is_advsvc' is deprecated since 2023.2 release (neutron-lib 3.8.0) and will be removed once support for the old RBAC API policies will be removed from Neutron. Please use method 'is_service_role' instead.
2026-05-28 22:54:07.417 9 INFO neutron.wsgi [req-5b24cb7c-beb8-4d9c-ae24-c58b2cd529a9 req-fd21ade5-4d9e-40ec-91f3-0a658231133c beef6ced74a84d9f9798411bd7deaa2b dd5f787bbc424e528546919ea3587af2 - - default default] 10.0.0.25 "GET /v2.0/security-groups?id=dc6eab31-0d9e-468a-853c-50a24895d540&fields=id&fields=name HTTP/1.1" status: 200 len: 312 time: 0.0415578
2026-05-28 22:54:07.494 10 INFO neutron.db.ovn_revision_numbers_db [req-1855a0dd-09b0-4c98-a833-31afce7b8c0e req-765b2a23-1d3e-4677-a484-3043beead971 2e97ca90eb3546e1ae99765880d7dfc4 73a0f4f6eb244478b26f178b2d6bc468 - - c677fa05ab174be88a773294a28ab893 c677fa05ab174be88a773294a28ab893] Successfully bumped revision number for resource a0a4b08f-1fa4-4b74-bdad-aad74a4ac68d (type: ports) to 2
2026-05-28 22:54:07.511 10 INFO neutron.wsgi [req-1855a0dd-09b0-4c98-a833-31afce7b8c0e req-765b2a23-1d3e-4677-a484-3043beead971 2e97ca90eb3546e1ae99765880d7dfc4 73a0f4f6eb244478b26f178b2d6bc468 - - c677fa05ab174be88a773294a28ab893 c677fa05ab174be88a773294a28ab893] 199.204.45.210 "PUT /v2.0/ports/a0a4b08f-1fa4-4b74-bdad-aad74a4ac68d HTTP/1.1" status: 200 len: 1415 time: 0.5400796
2026-05-28 22:54:07.535 9 INFO neutron.db.ovn_revision_numbers_db [None req-5e668d65-e70d-4c38-999e-93c337944bef 02c98bc784d74dcd840ac22ff9c411c4 b9510abcdc464bdfa9fa09a49e4c0904 - - default default] Successfully bumped revision number for resource b099c03b-2086-4e70-8953-84a35463df9a (type: security_group_rules) to 0
2026-05-28 22:54:07.551 10 INFO neutron.notifiers.nova [-] Nova event matching ['req-7451c421-cdc7-4c39-9b03-722152192c17'] response: {'name': 'network-changed', 'server_uuid': '1e144b74-ebc2-4a94-84ed-e29dae83a3fa', 'tag': 'a0a4b08f-1fa4-4b74-bdad-aad74a4ac68d', 'status': 'completed', 'code': 200} /var/lib/openstack/lib/python3.10/site-packages/pycadf/identifier.py:71: UserWarning: Invalid uuid: neutron. To ensure interoperability, identifiers should be a valid uuid. warnings.warn(('Invalid uuid: %s. To ensure interoperability, '
2026-05-28 22:54:07.565 9 INFO neutron.wsgi [None req-5e668d65-e70d-4c38-999e-93c337944bef 02c98bc784d74dcd840ac22ff9c411c4 b9510abcdc464bdfa9fa09a49e4c0904 - - default default] 10.0.0.129 "POST /v2.0/security-group-rules HTTP/1.1" status: 201 len: 764 time: 0.1982586
2026-05-28 22:54:07.577 9 WARNING neutron_lib.context [None req-1f077a6e-3595-4d9f-b83a-0c2c483528f9 02c98bc784d74dcd840ac22ff9c411c4 b9510abcdc464bdfa9fa09a49e4c0904 - - default default] Method 'is_advsvc' is deprecated since 2023.2 release (neutron-lib 3.8.0) and will be removed once support for the old RBAC API policies will be removed from Neutron. Please use method 'is_service_role' instead.
2026-05-28 22:54:07.584 10 INFO neutron.wsgi [req-1855a0dd-09b0-4c98-a833-31afce7b8c0e req-2d169fbe-25d7-4ad1-a88e-6c78952c39ab 2e97ca90eb3546e1ae99765880d7dfc4 73a0f4f6eb244478b26f178b2d6bc468 - - c677fa05ab174be88a773294a28ab893 c677fa05ab174be88a773294a28ab893] 199.204.45.210 "GET /v2.0/ports?tenant_id=3bc63798ff69485aac99d59210295991&device_id=1e144b74-ebc2-4a94-84ed-e29dae83a3fa HTTP/1.1" status: 200 len: 1446 time: 0.0352972
2026-05-28 22:54:07.619 10 INFO neutron.wsgi [req-1855a0dd-09b0-4c98-a833-31afce7b8c0e req-a609cecb-b80b-416c-b876-4deb97412a10 2e97ca90eb3546e1ae99765880d7dfc4 73a0f4f6eb244478b26f178b2d6bc468 - - c677fa05ab174be88a773294a28ab893 c677fa05ab174be88a773294a28ab893] 199.204.45.210 "GET /v2.0/floatingips?fixed_ip_address=10.100.0.3&port_id=a0a4b08f-1fa4-4b74-bdad-aad74a4ac68d HTTP/1.1" status: 200 len: 217 time: 0.0259745
2026-05-28 22:54:07.655 10 INFO neutron.wsgi [req-1855a0dd-09b0-4c98-a833-31afce7b8c0e req-3b97ae03-60f9-4382-8c3a-6d7955e5e2a1 2e97ca90eb3546e1ae99765880d7dfc4 73a0f4f6eb244478b26f178b2d6bc468 - - c677fa05ab174be88a773294a28ab893 c677fa05ab174be88a773294a28ab893] 199.204.45.210 "GET /v2.0/subnets?id=99f9b08e-e952-4e77-a502-b6f746572b5e HTTP/1.1" status: 200 len: 866 time: 0.0276985
2026-05-28 22:54:07.679 10 INFO neutron.wsgi [req-1855a0dd-09b0-4c98-a833-31afce7b8c0e req-19103078-6dbb-49a1-89be-e01abce01665 2e97ca90eb3546e1ae99765880d7dfc4 73a0f4f6eb244478b26f178b2d6bc468 - - c677fa05ab174be88a773294a28ab893 c677fa05ab174be88a773294a28ab893] 199.204.45.210 "GET /v2.0/ports?network_id=7b31570e-66cd-4bdc-afb5-d96aa6edcb1b&device_owner=network%3Adhcp HTTP/1.1" status: 200 len: 210 time: 0.0171921
2026-05-28 22:54:07.691 9 INFO neutron.wsgi [req-5b62e647-4c24-4a24-9a95-32021cd72716 req-7c2d6f52-2463-4594-b9b2-dd7ab9132171 05d994d06f2247a894f99af27e7e3e77 3bc63798ff69485aac99d59210295991 - - default default] 10.0.0.25 "GET /v2.0/ports?device_id=1e144b74-ebc2-4a94-84ed-e29dae83a3fa HTTP/1.1" status: 200 len: 1208 time: 0.0411463
2026-05-28 22:54:07.733 9 INFO neutron.db.ovn_revision_numbers_db [None req-1f077a6e-3595-4d9f-b83a-0c2c483528f9 02c98bc784d74dcd840ac22ff9c411c4 b9510abcdc464bdfa9fa09a49e4c0904 - - default default] Successfully bumped revision number for resource 8f18fcdb-bf23-4500-aaca-a0dc13b0b313 (type: security_group_rules) to 0
2026-05-28 22:54:07.745 10 INFO neutron.wsgi [req-1855a0dd-09b0-4c98-a833-31afce7b8c0e req-2e602c44-a337-4aea-bad4-040d0fa0f68c 2e97ca90eb3546e1ae99765880d7dfc4 73a0f4f6eb244478b26f178b2d6bc468 - - c677fa05ab174be88a773294a28ab893 c677fa05ab174be88a773294a28ab893] 199.204.45.210 "GET /v2.0/networks/7b31570e-66cd-4bdc-afb5-d96aa6edcb1b?fields=segments HTTP/1.1" status: 200 len: 212 time: 0.0570505
2026-05-28 22:54:07.756 9 INFO neutron.wsgi [req-5b62e647-4c24-4a24-9a95-32021cd72716 req-50c162af-2c0a-4cb6-b7f8-60e17d974622 05d994d06f2247a894f99af27e7e3e77 3bc63798ff69485aac99d59210295991 - - default default] 10.0.0.25 "GET /v2.0/security-groups?id=bc653309-9ed0-40f4-b457-8edf42342d2a&id=03efdae2-94ab-4602-8227-e298c49e04fc&fields=id&fields=name HTTP/1.1" status: 200 len: 406 time: 0.0548697
2026-05-28 22:54:07.762 9 INFO neutron.wsgi [None req-1f077a6e-3595-4d9f-b83a-0c2c483528f9 02c98bc784d74dcd840ac22ff9c411c4 b9510abcdc464bdfa9fa09a49e4c0904 - - default default] 10.0.0.129 "POST /v2.0/security-group-rules HTTP/1.1" status: 201 len: 764 time: 0.1885831
2026-05-28 22:54:07.771 9 WARNING neutron_lib.context [None req-dd8bf4aa-e134-42e0-9e0f-18f12f1e5d0f 02c98bc784d74dcd840ac22ff9c411c4 b9510abcdc464bdfa9fa09a49e4c0904 - - default default] Method 'is_advsvc' is deprecated since 2023.2 release (neutron-lib 3.8.0) and will be removed once support for the old RBAC API policies will be removed from Neutron. Please use method 'is_service_role' instead.
2026-05-28 22:54:07.811 10 INFO neutron.wsgi [req-1855a0dd-09b0-4c98-a833-31afce7b8c0e req-da36de6a-ef1e-4560-92ab-cabfa7915a31 2e97ca90eb3546e1ae99765880d7dfc4 73a0f4f6eb244478b26f178b2d6bc468 - - c677fa05ab174be88a773294a28ab893 c677fa05ab174be88a773294a28ab893] 199.204.45.210 "GET /v2.0/networks/7b31570e-66cd-4bdc-afb5-d96aa6edcb1b?fields=provider%3Aphysical_network&fields=provider%3Anetwork_type HTTP/1.1" status: 200 len: 277 time: 0.0584517
2026-05-28 22:54:07.893 10 INFO neutron.wsgi [req-2fc2f7a9-6230-4247-9227-f9878501489e req-28d708c5-da14-4aaf-8998-19c3e8e44506 2e97ca90eb3546e1ae99765880d7dfc4 73a0f4f6eb244478b26f178b2d6bc468 - - c677fa05ab174be88a773294a28ab893 c677fa05ab174be88a773294a28ab893] 199.204.45.210 "GET /v2.0/ports?tenant_id=3bc63798ff69485aac99d59210295991&device_id=1e144b74-ebc2-4a94-84ed-e29dae83a3fa HTTP/1.1" status: 200 len: 1446 time: 0.0423021
2026-05-28 22:54:07.919 9 INFO neutron.db.ovn_revision_numbers_db [None req-dd8bf4aa-e134-42e0-9e0f-18f12f1e5d0f 02c98bc784d74dcd840ac22ff9c411c4 b9510abcdc464bdfa9fa09a49e4c0904 - - default default] Successfully bumped revision number for resource 3e4e79ba-4b09-4296-b6fe-ec6fcb092a62 (type: security_group_rules) to 0
2026-05-28 22:54:07.944 9 INFO neutron.wsgi [None req-dd8bf4aa-e134-42e0-9e0f-18f12f1e5d0f 02c98bc784d74dcd840ac22ff9c411c4 b9510abcdc464bdfa9fa09a49e4c0904 - - default default] 10.0.0.129 "POST /v2.0/security-group-rules HTTP/1.1" status: 201 len: 766 time: 0.1780286
2026-05-28 22:54:07.955 10 WARNING neutron_lib.context [None req-65761c5e-724b-4381-a778-2cea7773fe75 02c98bc784d74dcd840ac22ff9c411c4 b9510abcdc464bdfa9fa09a49e4c0904 - - default default] Method 'is_advsvc' is deprecated since 2023.2 release (neutron-lib 3.8.0) and will be removed once support for the old RBAC API policies will be removed from Neutron. Please use method 'is_service_role' instead.
2026-05-28 22:54:07.976 10 INFO neutron.wsgi [req-2fc2f7a9-6230-4247-9227-f9878501489e req-ba413764-a00e-40d1-afa7-8783f2a0915b 2e97ca90eb3546e1ae99765880d7dfc4 73a0f4f6eb244478b26f178b2d6bc468 - - c677fa05ab174be88a773294a28ab893 c677fa05ab174be88a773294a28ab893] 199.204.45.210 "GET /v2.0/networks?id=7b31570e-66cd-4bdc-afb5-d96aa6edcb1b HTTP/1.1" status: 200 len: 971 time: 0.0778923
2026-05-28 22:54:07.998 9 INFO neutron.wsgi [req-e78f8f32-0caf-403f-85a3-3f18b787c4f8 req-a0c206da-c9c2-4910-ae6c-5cfdcebc0c6c 2e97ca90eb3546e1ae99765880d7dfc4 73a0f4f6eb244478b26f178b2d6bc468 - - c677fa05ab174be88a773294a28ab893 c677fa05ab174be88a773294a28ab893] 199.204.45.210 "GET /v2.0/ports?device_id=1e144b74-ebc2-4a94-84ed-e29dae83a3fa HTTP/1.1" status: 200 len: 1446 time: 0.0393834
2026-05-28 22:54:08.012 10 INFO neutron.wsgi [req-2fc2f7a9-6230-4247-9227-f9878501489e req-720a53a9-6dae-486f-b666-2ded2825f4f0 2e97ca90eb3546e1ae99765880d7dfc4 73a0f4f6eb244478b26f178b2d6bc468 - - c677fa05ab174be88a773294a28ab893 c677fa05ab174be88a773294a28ab893] 199.204.45.210 "GET /v2.0/floatingips?fixed_ip_address=10.100.0.3&port_id=a0a4b08f-1fa4-4b74-bdad-aad74a4ac68d HTTP/1.1" status: 200 len: 217 time: 0.0267515
2026-05-28 22:54:08.043 9 INFO neutron.wsgi [req-e78f8f32-0caf-403f-85a3-3f18b787c4f8 req-00a91b6c-c402-4ec8-afb3-e91b08a3bcb3 2e97ca90eb3546e1ae99765880d7dfc4 73a0f4f6eb244478b26f178b2d6bc468 - - c677fa05ab174be88a773294a28ab893 c677fa05ab174be88a773294a28ab893] 199.204.45.210 "GET /v2.0/security-groups?id=bc653309-9ed0-40f4-b457-8edf42342d2a&id=03efdae2-94ab-4602-8227-e298c49e04fc&fields=id&fields=name HTTP/1.1" status: 200 len: 406 time: 0.0409310
2026-05-28 22:54:08.052 10 INFO neutron.wsgi [req-2fc2f7a9-6230-4247-9227-f9878501489e req-e20acbae-70da-46a3-9afb-cd5df7f86435 2e97ca90eb3546e1ae99765880d7dfc4 73a0f4f6eb244478b26f178b2d6bc468 - - c677fa05ab174be88a773294a28ab893 c677fa05ab174be88a773294a28ab893] 199.204.45.210 "GET /v2.0/subnets?id=99f9b08e-e952-4e77-a502-b6f746572b5e HTTP/1.1" status: 200 len: 866 time: 0.0331008
2026-05-28 22:54:08.094 10 INFO neutron.wsgi [req-2fc2f7a9-6230-4247-9227-f9878501489e req-c62bd17a-9c37-46bd-9aea-697523db7fb0 2e97ca90eb3546e1ae99765880d7dfc4 73a0f4f6eb244478b26f178b2d6bc468 - - c677fa05ab174be88a773294a28ab893 c677fa05ab174be88a773294a28ab893] 199.204.45.210 "GET /v2.0/ports?network_id=7b31570e-66cd-4bdc-afb5-d96aa6edcb1b&device_owner=network%3Adhcp HTTP/1.1" status: 200 len: 210 time: 0.0192986
2026-05-28 22:54:08.108 10 INFO neutron.db.ovn_revision_numbers_db [None req-65761c5e-724b-4381-a778-2cea7773fe75 02c98bc784d74dcd840ac22ff9c411c4 b9510abcdc464bdfa9fa09a49e4c0904 - - default default] Successfully bumped revision number for resource 9d7f3990-b119-42d6-85c8-a1e1a38ee9b3 (type: security_group_rules) to 0
2026-05-28 22:54:08.163 10 INFO neutron.wsgi [None req-65761c5e-724b-4381-a778-2cea7773fe75 02c98bc784d74dcd840ac22ff9c411c4 b9510abcdc464bdfa9fa09a49e4c0904 - - default default] 10.0.0.129 "POST /v2.0/security-group-rules HTTP/1.1" status: 201 len: 768 time: 0.2140062
2026-05-28 22:54:08.176 9 WARNING neutron_lib.context [None req-faf2e700-65e4-4eb9-bd44-dcccf63f186f 02c98bc784d74dcd840ac22ff9c411c4 b9510abcdc464bdfa9fa09a49e4c0904 - - default default] Method 'is_advsvc' is deprecated since 2023.2 release (neutron-lib 3.8.0) and will be removed once support for the old RBAC API policies will be removed from Neutron. Please use method 'is_service_role' instead.
2026-05-28 22:54:08.191 10 INFO neutron.wsgi [req-2fc2f7a9-6230-4247-9227-f9878501489e req-4935ebdd-e535-4b98-afee-02cc43153f71 2e97ca90eb3546e1ae99765880d7dfc4 73a0f4f6eb244478b26f178b2d6bc468 - - c677fa05ab174be88a773294a28ab893 c677fa05ab174be88a773294a28ab893] 199.204.45.210 "GET /v2.0/networks/7b31570e-66cd-4bdc-afb5-d96aa6edcb1b?fields=segments HTTP/1.1" status: 200 len: 212 time: 0.0776708
2026-05-28 22:54:08.263 10 INFO neutron.wsgi [req-2fc2f7a9-6230-4247-9227-f9878501489e req-f21e1c2f-c8ba-4ffb-9cb0-73f0a14c4522 2e97ca90eb3546e1ae99765880d7dfc4 73a0f4f6eb244478b26f178b2d6bc468 - - c677fa05ab174be88a773294a28ab893 c677fa05ab174be88a773294a28ab893] 199.204.45.210 "GET /v2.0/networks/7b31570e-66cd-4bdc-afb5-d96aa6edcb1b?fields=provider%3Aphysical_network&fields=provider%3Anetwork_type HTTP/1.1" status: 200 len: 277 time: 0.0652235
2026-05-28 22:54:08.335 9 INFO neutron.db.ovn_revision_numbers_db [None req-faf2e700-65e4-4eb9-bd44-dcccf63f186f 02c98bc784d74dcd840ac22ff9c411c4 b9510abcdc464bdfa9fa09a49e4c0904 - - default default] Successfully bumped revision number for resource 8e8d4bd7-01f5-4d1c-babd-63328caf65eb (type: security_group_rules) to 0
2026-05-28 22:54:08.361 9 INFO neutron.wsgi [None req-faf2e700-65e4-4eb9-bd44-dcccf63f186f 02c98bc784d74dcd840ac22ff9c411c4 b9510abcdc464bdfa9fa09a49e4c0904 - - default default] 10.0.0.129 "POST /v2.0/security-group-rules HTTP/1.1" status: 201 len: 764 time: 0.1930127
2026-05-28 22:54:08.607 10 INFO neutron.wsgi [req-d1f9d9b0-4dea-4824-8414-a9fb8461176f req-627adf3d-6b8a-46a4-8f42-03b554779f57 beef6ced74a84d9f9798411bd7deaa2b dd5f787bbc424e528546919ea3587af2 - - default default] 10.0.0.25 "GET /v2.0/ports?device_id=530aee22-e97b-4ec2-97a5-4c73e35c74ae HTTP/1.1" status: 200 len: 1168 time: 0.1091113
2026-05-28 22:54:08.651 10 INFO neutron.wsgi [req-d1f9d9b0-4dea-4824-8414-a9fb8461176f req-57ccb938-44f0-4808-9eed-0594dd343fcd beef6ced74a84d9f9798411bd7deaa2b dd5f787bbc424e528546919ea3587af2 - - default default] 10.0.0.25 "GET /v2.0/security-groups?id=dc6eab31-0d9e-468a-853c-50a24895d540&fields=id&fields=name HTTP/1.1" status: 200 len: 312 time: 0.0361490
2026-05-28 22:54:08.676 9 INFO neutron.wsgi [req-4714b79d-0064-49cf-8e1a-2c6680863cba req-7d3416be-9e6d-467d-8e6b-8ea8e8c53f21 02c98bc784d74dcd840ac22ff9c411c4 b9510abcdc464bdfa9fa09a49e4c0904 - - default default] 10.0.0.25 "GET /v2.0/security-groups?name=tempest-lb_member_SG-1168109501&fields=id&tenant_id=b9510abcdc464bdfa9fa09a49e4c0904 HTTP/1.1" status: 200 len: 267 time: 0.0358613
2026-05-28 22:54:08.731 9 INFO neutron.wsgi [req-4714b79d-0064-49cf-8e1a-2c6680863cba req-e3b1d349-6945-4d83-8d0a-726b03e53ec1 02c98bc784d74dcd840ac22ff9c411c4 b9510abcdc464bdfa9fa09a49e4c0904 - - default default] 10.0.0.25 "GET /v2.0/networks?id=0355f61d-107c-4533-9327-5964a0fcbb44 HTTP/1.1" status: 200 len: 903 time: 0.0469882
2026-05-28 22:54:08.746 9 INFO neutron.wsgi [req-4714b79d-0064-49cf-8e1a-2c6680863cba req-f2b07a61-d99a-4ed3-a0a9-cf66ac27879b 02c98bc784d74dcd840ac22ff9c411c4 b9510abcdc464bdfa9fa09a49e4c0904 - - default default] 10.0.0.25 "GET /v2.0/quotas/b9510abcdc464bdfa9fa09a49e4c0904 HTTP/1.1" status: 200 len: 386 time: 0.0082886
2026-05-28 22:54:08.890 9 WARNING neutron.plugins.ml2.drivers.ovn.mech_driver.ovsdb.ovn_client [None req-e6771b60-b103-471a-8a1b-323c05953c8e - - - - - -] No hosting information found for port 7b5300b1-fb8e-45a2-8de7-66b286f9ff49: RuntimeError: No hosting information found for port 7b5300b1-fb8e-45a2-8de7-66b286f9ff49
2026-05-28 22:54:08.891 9 INFO neutron.plugins.ml2.drivers.ovn.mech_driver.mech_driver [None req-e6771b60-b103-471a-8a1b-323c05953c8e - - - - - -] OVN reports status up for port: 8d1116d9-ff31-46ea-a917-7a35f106300a
2026-05-28 22:54:08.902 9 INFO neutron.plugins.ml2.plugin [None req-e6771b60-b103-471a-8a1b-323c05953c8e - - - - - -] Attempt 1 to provision port 8d1116d9-ff31-46ea-a917-7a35f106300a
2026-05-28 22:54:08.916 10 INFO neutron.wsgi [req-739351a8-242d-4cbf-a7ce-cfb317712785 req-384c8ea8-b807-482d-81e2-5ccab8abf754 05d994d06f2247a894f99af27e7e3e77 3bc63798ff69485aac99d59210295991 - - default default] 10.0.0.25 "GET /v2.0/ports?device_id=1e144b74-ebc2-4a94-84ed-e29dae83a3fa HTTP/1.1" status: 200 len: 1208 time: 0.1000431
2026-05-28 22:54:08.962 10 INFO neutron.wsgi [req-739351a8-242d-4cbf-a7ce-cfb317712785 req-94ccb0e3-67e1-4352-9b8e-4d7da7d09023 05d994d06f2247a894f99af27e7e3e77 3bc63798ff69485aac99d59210295991 - - default default] 10.0.0.25 "GET /v2.0/security-groups?id=bc653309-9ed0-40f4-b457-8edf42342d2a&id=03efdae2-94ab-4602-8227-e298c49e04fc&fields=id&fields=name HTTP/1.1" status: 200 len: 406 time: 0.0398548
2026-05-28 22:54:08.970 9 INFO neutron.wsgi [req-4714b79d-0064-49cf-8e1a-2c6680863cba req-a0fd1c28-5bb2-4502-9766-a065ed095bb0 02c98bc784d74dcd840ac22ff9c411c4 b9510abcdc464bdfa9fa09a49e4c0904 - - default default] 10.0.0.25 "GET /v2.0/ports?tenant_id=b9510abcdc464bdfa9fa09a49e4c0904&fields=id HTTP/1.1" status: 200 len: 486 time: 0.2191203
2026-05-28 22:54:09.053 9 INFO neutron.wsgi [req-4714b79d-0064-49cf-8e1a-2c6680863cba req-71107672-f000-4230-9f21-a08652f2d78c 2e97ca90eb3546e1ae99765880d7dfc4 73a0f4f6eb244478b26f178b2d6bc468 - - c677fa05ab174be88a773294a28ab893 c677fa05ab174be88a773294a28ab893] 10.0.0.25 "GET /v2.0/networks/0355f61d-107c-4533-9327-5964a0fcbb44?fields=segments HTTP/1.1" status: 200 len: 212 time: 0.0687218
2026-05-28 22:54:09.127 9 INFO neutron.wsgi [req-4714b79d-0064-49cf-8e1a-2c6680863cba req-11edac4b-b4dd-40b2-a199-f8174f0510b9 2e97ca90eb3546e1ae99765880d7dfc4 73a0f4f6eb244478b26f178b2d6bc468 - - c677fa05ab174be88a773294a28ab893 c677fa05ab174be88a773294a28ab893] 10.0.0.25 "GET /v2.0/networks/0355f61d-107c-4533-9327-5964a0fcbb44?fields=provider%3Aphysical_network&fields=provider%3Anetwork_type HTTP/1.1" status: 200 len: 277 time: 0.0647247
2026-05-28 22:54:09.256 9 INFO neutron.db.ovn_revision_numbers_db [None req-e6771b60-b103-471a-8a1b-323c05953c8e - - - - - -] Successfully bumped revision number for resource 8d1116d9-ff31-46ea-a917-7a35f106300a (type: ports) to 2
2026-05-28 22:54:09.259 10 INFO neutron.wsgi [req-301b2180-5603-4392-890a-50b8df3dff74 req-acbb4b94-124b-4f3b-b43f-2742faa85fca 02c98bc784d74dcd840ac22ff9c411c4 b9510abcdc464bdfa9fa09a49e4c0904 - - default default] 10.0.0.25 "GET /v2.0/ports?device_id=16b8f37c-534b-4c49-ba97-4d33cbd639f1 HTTP/1.1" status: 200 len: 210 time: 0.0199707
2026-05-28 22:54:09.336 9 INFO neutron.db.ovn_revision_numbers_db [None req-e6771b60-b103-471a-8a1b-323c05953c8e - - - - - -] Successfully bumped revision number for resource 8d1116d9-ff31-46ea-a917-7a35f106300a (type: router_ports) to 2
2026-05-28 22:54:09.820 9 INFO neutron.wsgi [req-f9cb3e63-96a5-4f28-a3d5-1850eddee6d0 req-00e9a213-0a9c-4b7c-8beb-f48818153e00 beef6ced74a84d9f9798411bd7deaa2b dd5f787bbc424e528546919ea3587af2 - - default default] 10.0.0.25 "GET /v2.0/ports?device_id=530aee22-e97b-4ec2-97a5-4c73e35c74ae HTTP/1.1" status: 200 len: 1168 time: 0.0984862
2026-05-28 22:54:09.868 9 INFO neutron.wsgi [req-f9cb3e63-96a5-4f28-a3d5-1850eddee6d0 req-add55b63-b262-4205-9179-507b8287d6ee beef6ced74a84d9f9798411bd7deaa2b dd5f787bbc424e528546919ea3587af2 - - default default] 10.0.0.25 "GET /v2.0/security-groups?id=dc6eab31-0d9e-468a-853c-50a24895d540&fields=id&fields=name HTTP/1.1" status: 200 len: 312 time: 0.0384331
2026-05-28 22:54:10.014 10 INFO neutron.wsgi [req-4714b79d-0064-49cf-8e1a-2c6680863cba req-3c1fc397-5645-4f6b-a2ba-39906c65afa0 02c98bc784d74dcd840ac22ff9c411c4 b9510abcdc464bdfa9fa09a49e4c0904 - - default default] 199.204.45.210 "GET /v2.0/networks?id=0355f61d-107c-4533-9327-5964a0fcbb44 HTTP/1.1" status: 200 len: 903 time: 0.0627475
2026-05-28 22:54:10.058 10 INFO neutron.wsgi [req-623239ef-eec9-4610-85c0-41f688b73943 req-0abd4529-3760-4a0d-8a2f-37a183477811 05d994d06f2247a894f99af27e7e3e77 3bc63798ff69485aac99d59210295991 - - default default] 10.0.0.25 "GET /v2.0/ports?device_id=1e144b74-ebc2-4a94-84ed-e29dae83a3fa HTTP/1.1" status: 200 len: 1208 time: 0.0424378
2026-05-28 22:54:10.082 10 INFO neutron.wsgi [req-4714b79d-0064-49cf-8e1a-2c6680863cba req-451e1493-d90f-4e76-9f96-4a67306523ac 02c98bc784d74dcd840ac22ff9c411c4 b9510abcdc464bdfa9fa09a49e4c0904 - - default default] 199.204.45.210 "GET /v2.0/security-groups?fields=id&fields=name&tenant_id=b9510abcdc464bdfa9fa09a49e4c0904 HTTP/1.1" status: 200 len: 378 time: 0.0579588
2026-05-28 22:54:10.112 10 WARNING neutron_lib.context [req-4714b79d-0064-49cf-8e1a-2c6680863cba req-f5b83276-2f1d-4b92-baf1-e9acb2197d1b 02c98bc784d74dcd840ac22ff9c411c4 b9510abcdc464bdfa9fa09a49e4c0904 - - default default] Method 'is_advsvc' is deprecated since 2023.2 release (neutron-lib 3.8.0) and will be removed once support for the old RBAC API policies will be removed from Neutron. Please use method 'is_service_role' instead.
2026-05-28 22:54:10.117 10 INFO neutron.wsgi [req-623239ef-eec9-4610-85c0-41f688b73943 req-aa5a5975-6c13-422e-850d-5db0d3ac7d12 05d994d06f2247a894f99af27e7e3e77 3bc63798ff69485aac99d59210295991 - - default default] 10.0.0.25 "GET /v2.0/security-groups?id=bc653309-9ed0-40f4-b457-8edf42342d2a&id=03efdae2-94ab-4602-8227-e298c49e04fc&fields=id&fields=name HTTP/1.1" status: 200 len: 406 time: 0.0509920
2026-05-28 22:54:10.480 10 WARNING neutron.scheduler.dhcp_agent_scheduler [req-4714b79d-0064-49cf-8e1a-2c6680863cba req-f5b83276-2f1d-4b92-baf1-e9acb2197d1b 02c98bc784d74dcd840ac22ff9c411c4 b9510abcdc464bdfa9fa09a49e4c0904 - - default default] No more DHCP agents
2026-05-28 22:54:10.482 10 WARNING neutron.api.rpc.agentnotifiers.dhcp_rpc_agent_api [req-4714b79d-0064-49cf-8e1a-2c6680863cba req-f5b83276-2f1d-4b92-baf1-e9acb2197d1b 02c98bc784d74dcd840ac22ff9c411c4 b9510abcdc464bdfa9fa09a49e4c0904 - - default default] Unable to schedule network 0355f61d-107c-4533-9327-5964a0fcbb44: no agents available; will retry on subsequent port and subnet creation events.
2026-05-28 22:54:10.662 10 INFO neutron.db.ovn_revision_numbers_db [req-4714b79d-0064-49cf-8e1a-2c6680863cba req-f5b83276-2f1d-4b92-baf1-e9acb2197d1b 02c98bc784d74dcd840ac22ff9c411c4 b9510abcdc464bdfa9fa09a49e4c0904 - - default default] Successfully bumped revision number for resource 8dee9c50-73ad-4e7b-9dae-4506f02703e1 (type: ports) to 1
2026-05-28 22:54:10.688 10 INFO neutron.wsgi [req-4714b79d-0064-49cf-8e1a-2c6680863cba req-f5b83276-2f1d-4b92-baf1-e9acb2197d1b 02c98bc784d74dcd840ac22ff9c411c4 b9510abcdc464bdfa9fa09a49e4c0904 - - default default] 199.204.45.210 "POST /v2.0/ports HTTP/1.1" status: 201 len: 1376 time: 0.5804112 /var/lib/openstack/lib/python3.10/site-packages/pycadf/identifier.py:71: UserWarning: Invalid uuid: neutron. To ensure interoperability, identifiers should be a valid uuid. warnings.warn(('Invalid uuid: %s. To ensure interoperability, '
2026-05-28 22:54:10.984 9 INFO neutron.wsgi [req-47e6e992-fe44-4377-8494-da0c9ec0e345 req-bb31dd7a-fc4c-4e98-8211-937de1b3f8ac beef6ced74a84d9f9798411bd7deaa2b dd5f787bbc424e528546919ea3587af2 - - default default] 10.0.0.25 "GET /v2.0/ports?device_id=530aee22-e97b-4ec2-97a5-4c73e35c74ae HTTP/1.1" status: 200 len: 1168 time: 0.0396733
2026-05-28 22:54:11.031 9 INFO neutron.wsgi [req-47e6e992-fe44-4377-8494-da0c9ec0e345 req-eab31086-46b2-4d3d-9684-cdd79a1500be beef6ced74a84d9f9798411bd7deaa2b dd5f787bbc424e528546919ea3587af2 - - default default] 10.0.0.25 "GET /v2.0/security-groups?id=dc6eab31-0d9e-468a-853c-50a24895d540&fields=id&fields=name HTTP/1.1" status: 200 len: 312 time: 0.0394051
2026-05-28 22:54:11.077 10 INFO neutron.db.ovn_revision_numbers_db [req-4714b79d-0064-49cf-8e1a-2c6680863cba req-48fe67a8-1443-4f9c-8267-90a261cb290e 2e97ca90eb3546e1ae99765880d7dfc4 73a0f4f6eb244478b26f178b2d6bc468 - - c677fa05ab174be88a773294a28ab893 c677fa05ab174be88a773294a28ab893] Successfully bumped revision number for resource 8dee9c50-73ad-4e7b-9dae-4506f02703e1 (type: ports) to 2
2026-05-28 22:54:11.271 9 INFO neutron.wsgi [req-7eeaddd9-5a72-43fb-9540-a5704d020049 req-3865566d-0f4e-4d7f-b332-a45a372ae180 05d994d06f2247a894f99af27e7e3e77 3bc63798ff69485aac99d59210295991 - - default default] 10.0.0.25 "GET /v2.0/ports?device_id=1e144b74-ebc2-4a94-84ed-e29dae83a3fa HTTP/1.1" status: 200 len: 1208 time: 0.0899780
2026-05-28 22:54:11.273 10 INFO neutron.db.ovn_revision_numbers_db [req-4714b79d-0064-49cf-8e1a-2c6680863cba req-48fe67a8-1443-4f9c-8267-90a261cb290e 2e97ca90eb3546e1ae99765880d7dfc4 73a0f4f6eb244478b26f178b2d6bc468 - - c677fa05ab174be88a773294a28ab893 c677fa05ab174be88a773294a28ab893] Successfully bumped revision number for resource 8dee9c50-73ad-4e7b-9dae-4506f02703e1 (type: ports) to 2
2026-05-28 22:54:11.292 10 INFO neutron.wsgi [req-4714b79d-0064-49cf-8e1a-2c6680863cba req-48fe67a8-1443-4f9c-8267-90a261cb290e 2e97ca90eb3546e1ae99765880d7dfc4 73a0f4f6eb244478b26f178b2d6bc468 - - c677fa05ab174be88a773294a28ab893 c677fa05ab174be88a773294a28ab893] 199.204.45.210 "PUT /v2.0/ports/8dee9c50-73ad-4e7b-9dae-4506f02703e1 HTTP/1.1" status: 200 len: 1593 time: 0.5937107
2026-05-28 22:54:11.318 9 INFO neutron.wsgi [req-7eeaddd9-5a72-43fb-9540-a5704d020049 req-9e2c908e-166e-4890-ae6e-c16c15c567e5 05d994d06f2247a894f99af27e7e3e77 3bc63798ff69485aac99d59210295991 - - default default] 10.0.0.25 "GET /v2.0/security-groups?id=bc653309-9ed0-40f4-b457-8edf42342d2a&id=03efdae2-94ab-4602-8227-e298c49e04fc&fields=id&fields=name HTTP/1.1" status: 200 len: 406 time: 0.0391147
2026-05-28 22:54:11.328 10 INFO neutron.notifiers.nova [-] Nova event matching ['req-b7613b72-345e-46b6-a033-b5fdbb17370e'] response: {'name': 'network-changed', 'server_uuid': '16b8f37c-534b-4c49-ba97-4d33cbd639f1', 'tag': '8dee9c50-73ad-4e7b-9dae-4506f02703e1', 'status': 'completed', 'code': 200} /var/lib/openstack/lib/python3.10/site-packages/pycadf/identifier.py:71: UserWarning: Invalid uuid: neutron. To ensure interoperability, identifiers should be a valid uuid. warnings.warn(('Invalid uuid: %s. To ensure interoperability, '
2026-05-28 22:54:11.370 10 INFO neutron.wsgi [req-4714b79d-0064-49cf-8e1a-2c6680863cba req-f946e731-8c4d-415e-8e8a-455005774b8b 2e97ca90eb3546e1ae99765880d7dfc4 73a0f4f6eb244478b26f178b2d6bc468 - - c677fa05ab174be88a773294a28ab893 c677fa05ab174be88a773294a28ab893] 199.204.45.210 "GET /v2.0/ports?tenant_id=b9510abcdc464bdfa9fa09a49e4c0904&device_id=16b8f37c-534b-4c49-ba97-4d33cbd639f1 HTTP/1.1" status: 200 len: 1624 time: 0.0394185
2026-05-28 22:54:11.400 10 INFO neutron.wsgi [req-4714b79d-0064-49cf-8e1a-2c6680863cba req-c869963f-3022-412c-80ee-3ea74f697938 2e97ca90eb3546e1ae99765880d7dfc4 73a0f4f6eb244478b26f178b2d6bc468 - - c677fa05ab174be88a773294a28ab893 c677fa05ab174be88a773294a28ab893] 199.204.45.210 "GET /v2.0/floatingips?fixed_ip_address=10.2.1.3&port_id=8dee9c50-73ad-4e7b-9dae-4506f02703e1 HTTP/1.1" status: 200 len: 217 time: 0.0233305
2026-05-28 22:54:11.435 10 INFO neutron.wsgi [req-4714b79d-0064-49cf-8e1a-2c6680863cba req-87c0b0c1-4633-4a52-89f3-658ebc40ec88 2e97ca90eb3546e1ae99765880d7dfc4 73a0f4f6eb244478b26f178b2d6bc468 - - c677fa05ab174be88a773294a28ab893 c677fa05ab174be88a773294a28ab893] 199.204.45.210 "GET /v2.0/floatingips?fixed_ip_address=fd7b%3Af9f7%3Afff%3A4eca%3A%3A4d&port_id=8dee9c50-73ad-4e7b-9dae-4506f02703e1 HTTP/1.1" status: 200 len: 217 time: 0.0265269
2026-05-28 22:54:11.470 10 INFO neutron.wsgi [req-4714b79d-0064-49cf-8e1a-2c6680863cba req-d6e55a31-764b-4266-a749-40bc5df1a269 2e97ca90eb3546e1ae99765880d7dfc4 73a0f4f6eb244478b26f178b2d6bc468 - - c677fa05ab174be88a773294a28ab893 c677fa05ab174be88a773294a28ab893] 199.204.45.210 "GET /v2.0/subnets?id=8125a0b4-8bab-4b45-a7b6-993a00325245&id=7120b3d1-a816-4b1c-9b11-31d40a1d1964 HTTP/1.1" status: 200 len: 1562 time: 0.0301735
2026-05-28 22:54:11.491 10 INFO neutron.wsgi [req-4714b79d-0064-49cf-8e1a-2c6680863cba req-54b6a2bc-4422-42cc-818e-b5c9dd7a9186 2e97ca90eb3546e1ae99765880d7dfc4 73a0f4f6eb244478b26f178b2d6bc468 - - c677fa05ab174be88a773294a28ab893 c677fa05ab174be88a773294a28ab893] 199.204.45.210 "GET /v2.0/ports?network_id=0355f61d-107c-4533-9327-5964a0fcbb44&device_owner=network%3Adhcp HTTP/1.1" status: 200 len: 210 time: 0.0152104
2026-05-28 22:54:11.518 10 INFO neutron.wsgi [req-4714b79d-0064-49cf-8e1a-2c6680863cba req-99c6f384-0338-4547-b670-7b6fafa8eeac 2e97ca90eb3546e1ae99765880d7dfc4 73a0f4f6eb244478b26f178b2d6bc468 - - c677fa05ab174be88a773294a28ab893 c677fa05ab174be88a773294a28ab893] 199.204.45.210 "GET /v2.0/ports?network_id=0355f61d-107c-4533-9327-5964a0fcbb44&device_owner=network%3Adhcp HTTP/1.1" status: 200 len: 210 time: 0.0190611
2026-05-28 22:54:11.580 10 INFO neutron.wsgi [req-4714b79d-0064-49cf-8e1a-2c6680863cba req-d541f49d-2ede-4bdf-a4f3-070fdd4b32ad 2e97ca90eb3546e1ae99765880d7dfc4 73a0f4f6eb244478b26f178b2d6bc468 - - c677fa05ab174be88a773294a28ab893 c677fa05ab174be88a773294a28ab893] 199.204.45.210 "GET /v2.0/networks/0355f61d-107c-4533-9327-5964a0fcbb44?fields=segments HTTP/1.1" status: 200 len: 212 time: 0.0554447
2026-05-28 22:54:11.657 10 INFO neutron.wsgi [req-4714b79d-0064-49cf-8e1a-2c6680863cba req-ec9beb2d-2360-4a04-99c5-b8bd0596090c 2e97ca90eb3546e1ae99765880d7dfc4 73a0f4f6eb244478b26f178b2d6bc468 - - c677fa05ab174be88a773294a28ab893 c677fa05ab174be88a773294a28ab893] 199.204.45.210 "GET /v2.0/networks/0355f61d-107c-4533-9327-5964a0fcbb44?fields=provider%3Aphysical_network&fields=provider%3Anetwork_type HTTP/1.1" status: 200 len: 277 time: 0.0691876
2026-05-28 22:54:11.734 10 INFO neutron.wsgi [req-33ab28a5-2427-4863-92f9-e621bacf2393 req-739840cd-441c-4bc2-8ba8-0a7d26ede0b2 2e97ca90eb3546e1ae99765880d7dfc4 73a0f4f6eb244478b26f178b2d6bc468 - - c677fa05ab174be88a773294a28ab893 c677fa05ab174be88a773294a28ab893] 199.204.45.210 "GET /v2.0/ports?tenant_id=b9510abcdc464bdfa9fa09a49e4c0904&device_id=16b8f37c-534b-4c49-ba97-4d33cbd639f1 HTTP/1.1" status: 200 len: 1624 time: 0.0377767
2026-05-28 22:54:11.803 10 INFO neutron.wsgi [req-33ab28a5-2427-4863-92f9-e621bacf2393 req-995e2df8-109c-420f-8fa1-09a30660a992 2e97ca90eb3546e1ae99765880d7dfc4 73a0f4f6eb244478b26f178b2d6bc468 - - c677fa05ab174be88a773294a28ab893 c677fa05ab174be88a773294a28ab893] 199.204.45.210 "GET /v2.0/networks?id=0355f61d-107c-4533-9327-5964a0fcbb44 HTTP/1.1" status: 200 len: 1002 time: 0.0637469
2026-05-28 22:54:12.052 10 INFO neutron.plugins.ml2.drivers.ovn.mech_driver.mech_driver [None req-97ab8ac3-bf11-4efe-8f10-3e367a5a18a6 - - - - - -] OVN reports status up for port: 8dee9c50-73ad-4e7b-9dae-4506f02703e1
