2026-05-28 22:57:08.596 9 INFO neutron.services.segments.plugin [-] Segment 39cd903d-5e72-4041-b90a-5d4acc9b1f9f resource provider not found; error: Placement Client Error (4xx): {"errors": [{"status": 404, "title": "Not Found", "detail": "The resource could not be found.\n\n No resource provider with uuid 39cd903d-5e72-4041-b90a-5d4acc9b1f9f found for delete ", "request_id": "req-addf621a-9e54-401b-ac07-8a07ed1173ab"}]}
2026-05-28 22:57:08.602 9 INFO neutron.services.segments.plugin [-] Segment 39cd903d-5e72-4041-b90a-5d4acc9b1f9f resource provider not found; error: Placement Client Error (4xx): {"errors": [{"status": 404, "title": "Not Found", "detail": "The resource could not be found.\n\n No resource provider with uuid 39cd903d-5e72-4041-b90a-5d4acc9b1f9f found for delete ", "request_id": "req-e1feae22-1478-4014-9dda-08cf16debc02"}]}
2026-05-28 22:57:08.616 9 INFO neutron.services.segments.plugin [-] Segment 772f17f0-19ce-4cb2-8353-e84430aa983d resource provider aggregate not found
2026-05-28 22:57:08.621 9 INFO neutron.services.segments.plugin [-] Segment 772f17f0-19ce-4cb2-8353-e84430aa983d resource provider aggregate not found
2026-05-28 22:57:08.635 9 INFO neutron.services.segments.plugin [-] Segment 772f17f0-19ce-4cb2-8353-e84430aa983d resource provider not found; error: Placement Client Error (4xx): {"errors": [{"status": 404, "title": "Not Found", "detail": "The resource could not be found.\n\n No resource provider with uuid 772f17f0-19ce-4cb2-8353-e84430aa983d found for delete ", "request_id": "req-df720db4-cb3d-4520-bd19-22d508cb3e82"}]}
2026-05-28 22:57:08.641 9 INFO neutron.services.segments.plugin [-] Segment 772f17f0-19ce-4cb2-8353-e84430aa983d resource provider not found; error: Placement Client Error (4xx): {"errors": [{"status": 404, "title": "Not Found", "detail": "The resource could not be found.\n\n No resource provider with uuid 772f17f0-19ce-4cb2-8353-e84430aa983d found for delete ", "request_id": "req-adbd9580-2926-46be-a7e6-c63435c117f2"}]} /var/lib/openstack/lib/python3.10/site-packages/pycadf/identifier.py:71: UserWarning: Invalid uuid: neutron. To ensure interoperability, identifiers should be a valid uuid. warnings.warn(('Invalid uuid: %s. To ensure interoperability, '
2026-05-28 22:57:09.440 10 INFO neutron.wsgi [None req-042807b4-5467-42b9-9a2f-3bac7c162a8a b76c453d58874d13b85a7d1b8ac146fa 3ad2daaa386e48638d73cfacb3b5a244 - - default default] 10.0.0.129 "GET /v2.0/security-groups?tenant_id=ccd6715a9db54dd18d0dadf397b40c72&name=default HTTP/1.1" status: 200 len: 3000 time: 0.1960304
2026-05-28 22:57:09.646 10 INFO neutron.wsgi [None req-71596409-721f-48f5-9d9c-3d9d002e9018 b76c453d58874d13b85a7d1b8ac146fa 3ad2daaa386e48638d73cfacb3b5a244 - - default default] 10.0.0.129 "DELETE /v2.0/security-groups/8fd06fbf-e532-4e5c-be9c-e3c824df5e9b HTTP/1.1" status: 204 len: 168 time: 0.2011976
2026-05-28 22:57:09.656 10 INFO neutron.notifiers.nova [-] Nova event matching ['req-a99fb18b-27ca-4bb7-82fa-0bac4493b9c9'] response: {'server_uuid': '16b8f37c-534b-4c49-ba97-4d33cbd639f1', 'name': 'network-vif-unplugged', 'status': 'completed', 'tag': '8dee9c50-73ad-4e7b-9dae-4506f02703e1', 'code': 200}
2026-05-28 22:57:09.657 10 INFO neutron.notifiers.nova [-] Nova event matching ['req-a99fb18b-27ca-4bb7-82fa-0bac4493b9c9'] response: {'server_uuid': '16b8f37c-534b-4c49-ba97-4d33cbd639f1', 'name': 'network-vif-plugged', 'status': 'completed', 'tag': '8dee9c50-73ad-4e7b-9dae-4506f02703e1', 'code': 200}
2026-05-28 22:57:09.657 10 INFO neutron.notifiers.nova [-] Nova event matching ['req-a99fb18b-27ca-4bb7-82fa-0bac4493b9c9'] response: {'server_uuid': '16b8f37c-534b-4c49-ba97-4d33cbd639f1', 'name': 'network-vif-deleted', 'tag': '8dee9c50-73ad-4e7b-9dae-4506f02703e1', 'status': 'completed', 'code': 200}
2026-05-28 22:57:09.848 10 INFO neutron.db.ovn_revision_numbers_db [None req-96c6bd16-3b69-468c-9798-980ac18338b4 b76c453d58874d13b85a7d1b8ac146fa 3ad2daaa386e48638d73cfacb3b5a244 - - default default] Successfully bumped revision number for resource befbe27b-35f5-40be-bd8d-ebcae2c90627 (type: security_groups) to 1
2026-05-28 22:57:09.864 10 INFO neutron.db.ovn_revision_numbers_db [None req-96c6bd16-3b69-468c-9798-980ac18338b4 b76c453d58874d13b85a7d1b8ac146fa 3ad2daaa386e48638d73cfacb3b5a244 - - default default] Successfully bumped revision number for resource 093eda43-9e4c-4978-b2b9-402ba771456c (type: security_group_rules) to 0
2026-05-28 22:57:09.882 10 INFO neutron.db.ovn_revision_numbers_db [None req-96c6bd16-3b69-468c-9798-980ac18338b4 b76c453d58874d13b85a7d1b8ac146fa 3ad2daaa386e48638d73cfacb3b5a244 - - default default] Successfully bumped revision number for resource 31c20b85-9c1d-49e7-9734-90d507aebbf5 (type: security_group_rules) to 0
2026-05-28 22:57:09.910 10 INFO neutron.db.ovn_revision_numbers_db [None req-96c6bd16-3b69-468c-9798-980ac18338b4 b76c453d58874d13b85a7d1b8ac146fa 3ad2daaa386e48638d73cfacb3b5a244 - - default default] Successfully bumped revision number for resource beb4063b-8fc0-447d-b32c-84635b3989c0 (type: security_group_rules) to 0
2026-05-28 22:57:09.925 10 INFO neutron.db.ovn_revision_numbers_db [None req-96c6bd16-3b69-468c-9798-980ac18338b4 b76c453d58874d13b85a7d1b8ac146fa 3ad2daaa386e48638d73cfacb3b5a244 - - default default] Successfully bumped revision number for resource e8420431-abff-4a22-b35f-fd3f45162987 (type: security_group_rules) to 0
2026-05-28 22:57:09.949 10 INFO neutron.wsgi [None req-96c6bd16-3b69-468c-9798-980ac18338b4 b76c453d58874d13b85a7d1b8ac146fa 3ad2daaa386e48638d73cfacb3b5a244 - - default default] 10.0.0.129 "GET /v2.0/security-groups?tenant_id=f9b994407bae439bb6730c380d224de6&name=default HTTP/1.1" status: 200 len: 3000 time: 0.2054393
2026-05-28 22:57:10.164 10 INFO neutron.wsgi [None req-90c41d3f-f19c-499e-aef5-722653b8897d b76c453d58874d13b85a7d1b8ac146fa 3ad2daaa386e48638d73cfacb3b5a244 - - default default] 10.0.0.129 "DELETE /v2.0/security-groups/befbe27b-35f5-40be-bd8d-ebcae2c90627 HTTP/1.1" status: 204 len: 168 time: 0.2097650
2026-05-28 22:57:10.404 10 INFO neutron.db.ovn_revision_numbers_db [None req-fc3f7e2c-f3c6-4f4e-9dae-47dde3f818a4 b76c453d58874d13b85a7d1b8ac146fa 3ad2daaa386e48638d73cfacb3b5a244 - - default default] Successfully bumped revision number for resource 38322e11-0b4c-46ef-8ec9-f09910664d9b (type: security_groups) to 1
2026-05-28 22:57:10.419 10 INFO neutron.db.ovn_revision_numbers_db [None req-fc3f7e2c-f3c6-4f4e-9dae-47dde3f818a4 b76c453d58874d13b85a7d1b8ac146fa 3ad2daaa386e48638d73cfacb3b5a244 - - default default] Successfully bumped revision number for resource 69053e87-bef2-4431-ad3c-123404a1dc71 (type: security_group_rules) to 0
2026-05-28 22:57:10.432 10 INFO neutron.db.ovn_revision_numbers_db [None req-fc3f7e2c-f3c6-4f4e-9dae-47dde3f818a4 b76c453d58874d13b85a7d1b8ac146fa 3ad2daaa386e48638d73cfacb3b5a244 - - default default] Successfully bumped revision number for resource 6e49301e-a849-45ac-b8f2-f8f89d324f89 (type: security_group_rules) to 0
2026-05-28 22:57:10.447 10 INFO neutron.db.ovn_revision_numbers_db [None req-fc3f7e2c-f3c6-4f4e-9dae-47dde3f818a4 b76c453d58874d13b85a7d1b8ac146fa 3ad2daaa386e48638d73cfacb3b5a244 - - default default] Successfully bumped revision number for resource 89cf6c39-2133-4e50-b643-455235b8376f (type: security_group_rules) to 0
2026-05-28 22:57:10.459 10 INFO neutron.db.ovn_revision_numbers_db [None req-fc3f7e2c-f3c6-4f4e-9dae-47dde3f818a4 b76c453d58874d13b85a7d1b8ac146fa 3ad2daaa386e48638d73cfacb3b5a244 - - default default] Successfully bumped revision number for resource c9279f40-591b-4713-b85f-f896aec78f9e (type: security_group_rules) to 0
2026-05-28 22:57:10.481 10 INFO neutron.wsgi [None req-fc3f7e2c-f3c6-4f4e-9dae-47dde3f818a4 b76c453d58874d13b85a7d1b8ac146fa 3ad2daaa386e48638d73cfacb3b5a244 - - default default] 10.0.0.129 "GET /v2.0/security-groups?tenant_id=7334757e0d8c4539aafd2299cb410cd6&name=default HTTP/1.1" status: 200 len: 3000 time: 0.1956036
2026-05-28 22:57:10.657 10 INFO neutron.wsgi [None req-6e86165d-ea97-4872-b171-2c30b8a9d293 b76c453d58874d13b85a7d1b8ac146fa 3ad2daaa386e48638d73cfacb3b5a244 - - default default] 10.0.0.129 "DELETE /v2.0/security-groups/38322e11-0b4c-46ef-8ec9-f09910664d9b HTTP/1.1" status: 204 len: 168 time: 0.1705596
2026-05-28 22:57:12.229 10 INFO neutron.wsgi [-] 10.0.0.45 "GET / HTTP/1.1" status: 200 len: 246 time: 0.0018623
2026-05-28 22:57:12.229 9 INFO neutron.wsgi [-] 10.0.0.45 "GET / HTTP/1.1" status: 200 len: 246 time: 0.0020032
2026-05-28 22:57:13.007 10 INFO neutron.wsgi [None req-a8e6cc96-d696-432b-a725-8dd53e2e892a 02c98bc784d74dcd840ac22ff9c411c4 b9510abcdc464bdfa9fa09a49e4c0904 - - default default] 10.0.0.129 "DELETE /v2.0/security-group-rules/8e8d4bd7-01f5-4d1c-babd-63328caf65eb HTTP/1.1" status: 204 len: 168 time: 0.1341276
2026-05-28 22:57:13.020 10 INFO neutron.api.v2.resource [None req-c16d3184-8e26-49ec-b001-63921d0f11b4 02c98bc784d74dcd840ac22ff9c411c4 b9510abcdc464bdfa9fa09a49e4c0904 - - default default] show failed (client error): The resource could not be found.
2026-05-28 22:57:13.021 10 INFO neutron.wsgi [None req-c16d3184-8e26-49ec-b001-63921d0f11b4 02c98bc784d74dcd840ac22ff9c411c4 b9510abcdc464bdfa9fa09a49e4c0904 - - default default] 10.0.0.129 "GET /v2.0/security-group-rules/8e8d4bd7-01f5-4d1c-babd-63328caf65eb HTTP/1.1" status: 404 len: 356 time: 0.0086477
2026-05-28 22:57:13.137 10 INFO neutron.wsgi [None req-43872743-10a9-4da0-801b-965277ba42ee 02c98bc784d74dcd840ac22ff9c411c4 b9510abcdc464bdfa9fa09a49e4c0904 - - default default] 10.0.0.129 "DELETE /v2.0/security-group-rules/9d7f3990-b119-42d6-85c8-a1e1a38ee9b3 HTTP/1.1" status: 204 len: 168 time: 0.1116660
2026-05-28 22:57:13.152 10 INFO neutron.api.v2.resource [None req-3d1a14c3-211e-472d-8a58-586c4879ac97 02c98bc784d74dcd840ac22ff9c411c4 b9510abcdc464bdfa9fa09a49e4c0904 - - default default] show failed (client error): The resource could not be found.
2026-05-28 22:57:13.153 10 INFO neutron.wsgi [None req-3d1a14c3-211e-472d-8a58-586c4879ac97 02c98bc784d74dcd840ac22ff9c411c4 b9510abcdc464bdfa9fa09a49e4c0904 - - default default] 10.0.0.129 "GET /v2.0/security-group-rules/9d7f3990-b119-42d6-85c8-a1e1a38ee9b3 HTTP/1.1" status: 404 len: 356 time: 0.0093634
2026-05-28 22:57:13.266 10 INFO neutron.wsgi [None req-d14d54db-ab0a-4f2b-ba22-baeb68328e3d 02c98bc784d74dcd840ac22ff9c411c4 b9510abcdc464bdfa9fa09a49e4c0904 - - default default] 10.0.0.129 "DELETE /v2.0/security-group-rules/3e4e79ba-4b09-4296-b6fe-ec6fcb092a62 HTTP/1.1" status: 204 len: 168 time: 0.1090293
2026-05-28 22:57:13.278 10 INFO neutron.api.v2.resource [None req-b37f560f-6fbd-4c56-b701-b8014a48a62d 02c98bc784d74dcd840ac22ff9c411c4 b9510abcdc464bdfa9fa09a49e4c0904 - - default default] show failed (client error): The resource could not be found.
2026-05-28 22:57:13.279 10 INFO neutron.wsgi [None req-b37f560f-6fbd-4c56-b701-b8014a48a62d 02c98bc784d74dcd840ac22ff9c411c4 b9510abcdc464bdfa9fa09a49e4c0904 - - default default] 10.0.0.129 "GET /v2.0/security-group-rules/3e4e79ba-4b09-4296-b6fe-ec6fcb092a62 HTTP/1.1" status: 404 len: 356 time: 0.0088406
2026-05-28 22:57:13.386 10 INFO neutron.wsgi [None req-0c72c371-ac4d-4bb4-9cc4-bc1d53e3da00 02c98bc784d74dcd840ac22ff9c411c4 b9510abcdc464bdfa9fa09a49e4c0904 - - default default] 10.0.0.129 "DELETE /v2.0/security-group-rules/8f18fcdb-bf23-4500-aaca-a0dc13b0b313 HTTP/1.1" status: 204 len: 168 time: 0.1025608
2026-05-28 22:57:13.398 10 INFO neutron.api.v2.resource [None req-856e2ebd-7e03-4ba0-9faa-f3262b04cc29 02c98bc784d74dcd840ac22ff9c411c4 b9510abcdc464bdfa9fa09a49e4c0904 - - default default] show failed (client error): The resource could not be found.
2026-05-28 22:57:13.400 10 INFO neutron.wsgi [None req-856e2ebd-7e03-4ba0-9faa-f3262b04cc29 02c98bc784d74dcd840ac22ff9c411c4 b9510abcdc464bdfa9fa09a49e4c0904 - - default default] 10.0.0.129 "GET /v2.0/security-group-rules/8f18fcdb-bf23-4500-aaca-a0dc13b0b313 HTTP/1.1" status: 404 len: 356 time: 0.0089326
2026-05-28 22:57:13.513 10 INFO neutron.wsgi [None req-7bfe8245-00ec-4d2f-bfe4-663b7254035c 02c98bc784d74dcd840ac22ff9c411c4 b9510abcdc464bdfa9fa09a49e4c0904 - - default default] 10.0.0.129 "DELETE /v2.0/security-group-rules/b099c03b-2086-4e70-8953-84a35463df9a HTTP/1.1" status: 204 len: 168 time: 0.1100366
2026-05-28 22:57:13.527 10 INFO neutron.api.v2.resource [None req-10356167-4987-4f26-be13-726b230bd901 02c98bc784d74dcd840ac22ff9c411c4 b9510abcdc464bdfa9fa09a49e4c0904 - - default default] show failed (client error): The resource could not be found.
2026-05-28 22:57:13.528 10 INFO neutron.wsgi [None req-10356167-4987-4f26-be13-726b230bd901 02c98bc784d74dcd840ac22ff9c411c4 b9510abcdc464bdfa9fa09a49e4c0904 - - default default] 10.0.0.129 "GET /v2.0/security-group-rules/b099c03b-2086-4e70-8953-84a35463df9a HTTP/1.1" status: 404 len: 356 time: 0.0100350
2026-05-28 22:57:13.652 10 INFO neutron.wsgi [None req-a59f381a-0be9-437e-9bc0-5126f4570cde 02c98bc784d74dcd840ac22ff9c411c4 b9510abcdc464bdfa9fa09a49e4c0904 - - default default] 10.0.0.129 "DELETE /v2.0/security-group-rules/c338af6f-e249-4b3f-a89f-2b0e7b73a7e1 HTTP/1.1" status: 204 len: 168 time: 0.1195483
2026-05-28 22:57:13.664 10 INFO neutron.api.v2.resource [None req-bc97771f-0aab-4b8d-b932-491082531100 02c98bc784d74dcd840ac22ff9c411c4 b9510abcdc464bdfa9fa09a49e4c0904 - - default default] show failed (client error): The resource could not be found.
2026-05-28 22:57:13.665 10 INFO neutron.wsgi [None req-bc97771f-0aab-4b8d-b932-491082531100 02c98bc784d74dcd840ac22ff9c411c4 b9510abcdc464bdfa9fa09a49e4c0904 - - default default] 10.0.0.129 "GET /v2.0/security-group-rules/c338af6f-e249-4b3f-a89f-2b0e7b73a7e1 HTTP/1.1" status: 404 len: 356 time: 0.0089965
2026-05-28 22:57:13.790 10 INFO neutron.wsgi [None req-5a8b42d8-b803-4c2f-b36f-8d88b9fd9206 02c98bc784d74dcd840ac22ff9c411c4 b9510abcdc464bdfa9fa09a49e4c0904 - - default default] 10.0.0.129 "DELETE /v2.0/security-group-rules/792bd648-7ac5-4661-bcfd-5ae3b82c0d90 HTTP/1.1" status: 204 len: 168 time: 0.1208377
2026-05-28 22:57:13.801 10 INFO neutron.api.v2.resource [None req-f70ab6e3-4394-4933-87ca-081434b3b29d 02c98bc784d74dcd840ac22ff9c411c4 b9510abcdc464bdfa9fa09a49e4c0904 - - default default] show failed (client error): The resource could not be found.
2026-05-28 22:57:13.803 10 INFO neutron.wsgi [None req-f70ab6e3-4394-4933-87ca-081434b3b29d 02c98bc784d74dcd840ac22ff9c411c4 b9510abcdc464bdfa9fa09a49e4c0904 - - default default] 10.0.0.129 "GET /v2.0/security-group-rules/792bd648-7ac5-4661-bcfd-5ae3b82c0d90 HTTP/1.1" status: 404 len: 356 time: 0.0084331
2026-05-28 22:57:13.828 9 WARNING neutron_lib.context [None req-90a71293-23eb-4856-b849-962742aa0cde 4b88f6ba69a24dfebfdecf6fb167200e 7c9bf0edca2b4acdb130c6136f167670 - - default default] Method 'is_advsvc' is deprecated since 2023.2 release (neutron-lib 3.8.0) and will be removed once support for the old RBAC API policies will be removed from Neutron. Please use method 'is_service_role' instead.
2026-05-28 22:57:13.993 9 INFO neutron.wsgi [None req-f83820f4-6150-439c-bbb5-203933c4301b 02c98bc784d74dcd840ac22ff9c411c4 b9510abcdc464bdfa9fa09a49e4c0904 - - default default] 10.0.0.129 "DELETE /v2.0/security-group-rules/05f0e994-9aec-4360-8808-b8d7ea72630d HTTP/1.1" status: 204 len: 168 time: 0.1859443
2026-05-28 22:57:14.009 10 INFO neutron.api.v2.resource [None req-f4126b55-bff1-437e-a256-35998c5acc30 02c98bc784d74dcd840ac22ff9c411c4 b9510abcdc464bdfa9fa09a49e4c0904 - - default default] show failed (client error): The resource could not be found.
2026-05-28 22:57:14.010 10 INFO neutron.wsgi [None req-f4126b55-bff1-437e-a256-35998c5acc30 02c98bc784d74dcd840ac22ff9c411c4 b9510abcdc464bdfa9fa09a49e4c0904 - - default default] 10.0.0.129 "GET /v2.0/security-group-rules/05f0e994-9aec-4360-8808-b8d7ea72630d HTTP/1.1" status: 404 len: 356 time: 0.0126872
2026-05-28 22:57:14.100 9 WARNING neutron.scheduler.dhcp_agent_scheduler [None req-90a71293-23eb-4856-b849-962742aa0cde 4b88f6ba69a24dfebfdecf6fb167200e 7c9bf0edca2b4acdb130c6136f167670 - - default default] No more DHCP agents
2026-05-28 22:57:14.102 9 WARNING neutron.api.rpc.agentnotifiers.dhcp_rpc_agent_api [None req-90a71293-23eb-4856-b849-962742aa0cde 4b88f6ba69a24dfebfdecf6fb167200e 7c9bf0edca2b4acdb130c6136f167670 - - default default] Unable to schedule network a3dd86cb-b66a-4537-94e0-ccb075ca04d6: no agents available; will retry on subsequent port and subnet creation events.
2026-05-28 22:57:14.120 10 INFO neutron.wsgi [None req-77fc0181-8972-4484-8272-ccd625cfa836 02c98bc784d74dcd840ac22ff9c411c4 b9510abcdc464bdfa9fa09a49e4c0904 - - default default] 10.0.0.129 "DELETE /v2.0/security-group-rules/20a0cad4-6000-43c0-bf86-13f959b7af6e HTTP/1.1" status: 204 len: 168 time: 0.1054726
2026-05-28 22:57:14.131 10 INFO neutron.api.v2.resource [None req-cd3a1fc4-d73c-4265-b10d-e33d311fd903 02c98bc784d74dcd840ac22ff9c411c4 b9510abcdc464bdfa9fa09a49e4c0904 - - default default] show failed (client error): The resource could not be found.
2026-05-28 22:57:14.132 10 INFO neutron.wsgi [None req-cd3a1fc4-d73c-4265-b10d-e33d311fd903 02c98bc784d74dcd840ac22ff9c411c4 b9510abcdc464bdfa9fa09a49e4c0904 - - default default] 10.0.0.129 "GET /v2.0/security-group-rules/20a0cad4-6000-43c0-bf86-13f959b7af6e HTTP/1.1" status: 404 len: 356 time: 0.0074296
2026-05-28 22:57:14.237 10 INFO neutron.wsgi [None req-cc408269-59ea-47f1-82b9-7a4c6880d067 02c98bc784d74dcd840ac22ff9c411c4 b9510abcdc464bdfa9fa09a49e4c0904 - - default default] 10.0.0.129 "DELETE /v2.0/security-group-rules/84efc1ca-1320-424f-b768-76924e5e14fd HTTP/1.1" status: 204 len: 168 time: 0.1030314
2026-05-28 22:57:14.252 10 INFO neutron.api.v2.resource [None req-de63631a-0c35-408e-ad5b-cec65f109bda 02c98bc784d74dcd840ac22ff9c411c4 b9510abcdc464bdfa9fa09a49e4c0904 - - default default] show failed (client error): The resource could not be found.
2026-05-28 22:57:14.254 10 INFO neutron.wsgi [None req-de63631a-0c35-408e-ad5b-cec65f109bda 02c98bc784d74dcd840ac22ff9c411c4 b9510abcdc464bdfa9fa09a49e4c0904 - - default default] 10.0.0.129 "GET /v2.0/security-group-rules/84efc1ca-1320-424f-b768-76924e5e14fd HTTP/1.1" status: 404 len: 356 time: 0.0110471
2026-05-28 22:57:14.376 10 INFO neutron.wsgi [None req-41d621d2-7dde-45de-93bc-ac97c6637147 02c98bc784d74dcd840ac22ff9c411c4 b9510abcdc464bdfa9fa09a49e4c0904 - - default default] 10.0.0.129 "DELETE /v2.0/security-group-rules/6e35be41-f225-4cec-ba65-7d99cd59d7ad HTTP/1.1" status: 204 len: 168 time: 0.1167552
2026-05-28 22:57:14.388 10 INFO neutron.api.v2.resource [None req-150332f2-d4fe-4229-962f-3aeab149efc2 02c98bc784d74dcd840ac22ff9c411c4 b9510abcdc464bdfa9fa09a49e4c0904 - - default default] show failed (client error): The resource could not be found.
2026-05-28 22:57:14.390 10 INFO neutron.wsgi [None req-150332f2-d4fe-4229-962f-3aeab149efc2 02c98bc784d74dcd840ac22ff9c411c4 b9510abcdc464bdfa9fa09a49e4c0904 - - default default] 10.0.0.129 "GET /v2.0/security-group-rules/6e35be41-f225-4cec-ba65-7d99cd59d7ad HTTP/1.1" status: 404 len: 356 time: 0.0082202
2026-05-28 22:57:14.434 9 INFO neutron.db.ovn_revision_numbers_db [None req-90a71293-23eb-4856-b849-962742aa0cde 4b88f6ba69a24dfebfdecf6fb167200e 7c9bf0edca2b4acdb130c6136f167670 - - default default] Successfully bumped revision number for resource 5ee3bcec-f80f-47e8-9fef-c39fb0a1f34e (type: floatingips) to 0
2026-05-28 22:57:14.448 9 INFO neutron.wsgi [None req-90a71293-23eb-4856-b849-962742aa0cde 4b88f6ba69a24dfebfdecf6fb167200e 7c9bf0edca2b4acdb130c6136f167670 - - default default] 10.0.0.129 "POST /v2.0/floatingips HTTP/1.1" status: 201 len: 751 time: 0.7958815
2026-05-28 22:57:14.502 9 INFO neutron.wsgi [None req-e0728d4c-1d0e-4dd6-b7a6-d6154309e203 4b88f6ba69a24dfebfdecf6fb167200e 7c9bf0edca2b4acdb130c6136f167670 - - default default] 10.0.0.129 "PUT /v2.0/floatingips/5ee3bcec-f80f-47e8-9fef-c39fb0a1f34e/tags HTTP/1.1" status: 200 len: 218 time: 0.0469503
2026-05-28 22:57:14.504 10 INFO neutron.wsgi [None req-aa86e3b4-0677-411b-a5c4-033f2086ed90 02c98bc784d74dcd840ac22ff9c411c4 b9510abcdc464bdfa9fa09a49e4c0904 - - default default] 10.0.0.129 "DELETE /v2.0/security-groups/e6491fa6-a7b1-40f7-9ef6-a46984b6a232 HTTP/1.1" status: 204 len: 168 time: 0.1114345
2026-05-28 22:57:14.519 9 INFO neutron.api.v2.resource [None req-7427408b-6dfb-4f92-bade-ddd1e68753c5 02c98bc784d74dcd840ac22ff9c411c4 b9510abcdc464bdfa9fa09a49e4c0904 - - default default] show failed (client error): The resource could not be found.
2026-05-28 22:57:14.521 9 INFO neutron.wsgi [None req-7427408b-6dfb-4f92-bade-ddd1e68753c5 02c98bc784d74dcd840ac22ff9c411c4 b9510abcdc464bdfa9fa09a49e4c0904 - - default default] 10.0.0.129 "GET /v2.0/security-groups/e6491fa6-a7b1-40f7-9ef6-a46984b6a232 HTTP/1.1" status: 404 len: 347 time: 0.0115914
2026-05-28 22:57:14.548 10 INFO neutron.wsgi [None req-07a97c3a-2dc0-439d-b745-aebded5209f4 4b88f6ba69a24dfebfdecf6fb167200e 7c9bf0edca2b4acdb130c6136f167670 - - default default] 10.0.0.129 "GET /v2.0/floatingips/5ee3bcec-f80f-47e8-9fef-c39fb0a1f34e/tags HTTP/1.1" status: 200 len: 218 time: 0.0396607
2026-05-28 22:57:14.597 10 INFO neutron.wsgi [None req-e4a31dde-7cf5-49c1-be79-4d4e0e3d00a9 4b88f6ba69a24dfebfdecf6fb167200e 7c9bf0edca2b4acdb130c6136f167670 - - default default] 10.0.0.129 "PUT /v2.0/floatingips/5ee3bcec-f80f-47e8-9fef-c39fb0a1f34e/tags/green HTTP/1.1" status: 201 len: 201 time: 0.0440955
2026-05-28 22:57:14.634 10 INFO neutron.wsgi [None req-53c9f625-328e-4502-a314-ae68cb8787c5 4b88f6ba69a24dfebfdecf6fb167200e 7c9bf0edca2b4acdb130c6136f167670 - - default default] 10.0.0.129 "GET /v2.0/floatingips/5ee3bcec-f80f-47e8-9fef-c39fb0a1f34e/tags HTTP/1.1" status: 200 len: 227 time: 0.0318544
2026-05-28 22:57:14.666 10 INFO neutron.wsgi [None req-14d4fe2a-51c8-43f3-a1ae-66aa96357e09 4b88f6ba69a24dfebfdecf6fb167200e 7c9bf0edca2b4acdb130c6136f167670 - - default default] 10.0.0.129 "PUT /v2.0/floatingips/5ee3bcec-f80f-47e8-9fef-c39fb0a1f34e/tags/red HTTP/1.1" status: 201 len: 201 time: 0.0266314
2026-05-28 22:57:14.702 10 INFO neutron.wsgi [None req-1aadd852-79ab-43a5-8af9-c8f1ee1f6a03 4b88f6ba69a24dfebfdecf6fb167200e 7c9bf0edca2b4acdb130c6136f167670 - - default default] 10.0.0.129 "GET /v2.0/floatingips/5ee3bcec-f80f-47e8-9fef-c39fb0a1f34e/tags HTTP/1.1" status: 200 len: 227 time: 0.0305626
2026-05-28 22:57:14.745 10 INFO neutron.wsgi [None req-d8c916b2-4b25-4c6d-ad17-d33d1fbc458c 4b88f6ba69a24dfebfdecf6fb167200e 7c9bf0edca2b4acdb130c6136f167670 - - default default] 10.0.0.129 "PUT /v2.0/floatingips/5ee3bcec-f80f-47e8-9fef-c39fb0a1f34e/tags/black.or.white HTTP/1.1" status: 201 len: 201 time: 0.0388224
2026-05-28 22:57:14.783 10 INFO neutron.wsgi [None req-9541e85d-86d7-474b-9d86-e1c7887e2836 4b88f6ba69a24dfebfdecf6fb167200e 7c9bf0edca2b4acdb130c6136f167670 - - default default] 10.0.0.129 "GET /v2.0/floatingips/5ee3bcec-f80f-47e8-9fef-c39fb0a1f34e/tags HTTP/1.1" status: 200 len: 245 time: 0.0323508
2026-05-28 22:57:14.837 10 INFO neutron.wsgi [None req-2e0f9dd5-a87f-4cff-9391-a2d8e6767a2b 4b88f6ba69a24dfebfdecf6fb167200e 7c9bf0edca2b4acdb130c6136f167670 - - default default] 10.0.0.129 "PUT /v2.0/floatingips/5ee3bcec-f80f-47e8-9fef-c39fb0a1f34e/tags HTTP/1.1" status: 200 len: 230 time: 0.0498133
2026-05-28 22:57:14.873 10 INFO neutron.wsgi [None req-49c93ba7-a9c5-4c49-8ac5-96fce89b2247 4b88f6ba69a24dfebfdecf6fb167200e 7c9bf0edca2b4acdb130c6136f167670 - - default default] 10.0.0.129 "GET /v2.0/floatingips/5ee3bcec-f80f-47e8-9fef-c39fb0a1f34e/tags HTTP/1.1" status: 200 len: 230 time: 0.0302904
2026-05-28 22:57:14.908 10 INFO neutron.wsgi [None req-6c8ad09f-c4a9-4be9-8c70-3d1b4046311b 4b88f6ba69a24dfebfdecf6fb167200e 7c9bf0edca2b4acdb130c6136f167670 - - default default] 10.0.0.129 "GET /v2.0/floatingips/5ee3bcec-f80f-47e8-9fef-c39fb0a1f34e/tags/red HTTP/1.1" status: 204 len: 168 time: 0.0302534
2026-05-28 22:57:14.944 10 INFO neutron.api.v2.resource [None req-121a0f4b-7081-401a-b152-b5aee326df21 4b88f6ba69a24dfebfdecf6fb167200e 7c9bf0edca2b4acdb130c6136f167670 - - default default] show failed (client error): The resource could not be found.
2026-05-28 22:57:14.945 10 INFO neutron.wsgi [None req-121a0f4b-7081-401a-b152-b5aee326df21 4b88f6ba69a24dfebfdecf6fb167200e 7c9bf0edca2b4acdb130c6136f167670 - - default default] 10.0.0.129 "GET /v2.0/floatingips/5ee3bcec-f80f-47e8-9fef-c39fb0a1f34e/tags/green HTTP/1.1" status: 404 len: 299 time: 0.0313022
2026-05-28 22:57:14.999 10 INFO neutron.wsgi [None req-0ba406d5-b0a7-495b-bfb5-869f897170c0 4b88f6ba69a24dfebfdecf6fb167200e 7c9bf0edca2b4acdb130c6136f167670 - - default default] 10.0.0.129 "DELETE /v2.0/floatingips/5ee3bcec-f80f-47e8-9fef-c39fb0a1f34e/tags/red HTTP/1.1" status: 204 len: 168 time: 0.0493369
2026-05-28 22:57:15.038 9 INFO neutron.wsgi [None req-8e5e344a-ee20-461e-bb51-b571194dd508 4b88f6ba69a24dfebfdecf6fb167200e 7c9bf0edca2b4acdb130c6136f167670 - - default default] 10.0.0.129 "GET /v2.0/floatingips/5ee3bcec-f80f-47e8-9fef-c39fb0a1f34e/tags HTTP/1.1" status: 200 len: 223 time: 0.0340397
2026-05-28 22:57:15.084 10 INFO neutron.api.v2.resource [None req-939d6dc5-cba6-4fec-bd87-76538ff7c507 4b88f6ba69a24dfebfdecf6fb167200e 7c9bf0edca2b4acdb130c6136f167670 - - default default] delete failed (client error): The resource could not be found.
2026-05-28 22:57:15.086 10 INFO neutron.wsgi [None req-939d6dc5-cba6-4fec-bd87-76538ff7c507 4b88f6ba69a24dfebfdecf6fb167200e 7c9bf0edca2b4acdb130c6136f167670 - - default default] 10.0.0.129 "DELETE /v2.0/floatingips/5ee3bcec-f80f-47e8-9fef-c39fb0a1f34e/tags/green HTTP/1.1" status: 404 len: 299 time: 0.0412655
2026-05-28 22:57:15.137 10 INFO neutron.wsgi [None req-e640f304-ef30-4a8d-9e31-c236d99d5e65 4b88f6ba69a24dfebfdecf6fb167200e 7c9bf0edca2b4acdb130c6136f167670 - - default default] 10.0.0.129 "DELETE /v2.0/floatingips/5ee3bcec-f80f-47e8-9fef-c39fb0a1f34e/tags HTTP/1.1" status: 204 len: 168 time: 0.0468695
2026-05-28 22:57:15.168 10 INFO neutron.wsgi [None req-e9e043af-af88-49a8-a9d6-2a3979db5a1c 4b88f6ba69a24dfebfdecf6fb167200e 7c9bf0edca2b4acdb130c6136f167670 - - default default] 10.0.0.129 "GET /v2.0/floatingips/5ee3bcec-f80f-47e8-9fef-c39fb0a1f34e/tags HTTP/1.1" status: 200 len: 205 time: 0.0257630
2026-05-28 22:57:15.486 10 INFO neutron.wsgi [None req-af35aa80-7b0b-4355-a037-6b96f121c60a 4b88f6ba69a24dfebfdecf6fb167200e 7c9bf0edca2b4acdb130c6136f167670 - - default default] 10.0.0.129 "DELETE /v2.0/floatingips/5ee3bcec-f80f-47e8-9fef-c39fb0a1f34e HTTP/1.1" status: 204 len: 168 time: 0.3125319
2026-05-28 22:57:15.731 9 INFO neutron.wsgi [None req-c675bb28-19d2-47b1-b13e-e757c6f0dbd1 02c98bc784d74dcd840ac22ff9c411c4 b9510abcdc464bdfa9fa09a49e4c0904 - - default default] 10.0.0.129 "PUT /v2.0/routers/581c12ce-a918-4c11-84a1-b9abbcc1b029/remove_router_interface HTTP/1.1" status: 200 len: 503 time: 1.1520517
2026-05-28 22:57:15.885 10 INFO neutron.api.v2.resource [None req-8d8a5ce3-0d76-4b0b-a3cb-217014b4aadc 02c98bc784d74dcd840ac22ff9c411c4 b9510abcdc464bdfa9fa09a49e4c0904 - - default default] remove_router_interface failed (client error): The resource could not be found.
2026-05-28 22:57:15.886 10 INFO neutron.wsgi [None req-8d8a5ce3-0d76-4b0b-a3cb-217014b4aadc 02c98bc784d74dcd840ac22ff9c411c4 b9510abcdc464bdfa9fa09a49e4c0904 - - default default] 10.0.0.129 "PUT /v2.0/routers/581c12ce-a918-4c11-84a1-b9abbcc1b029/remove_router_interface HTTP/1.1" status: 404 len: 399 time: 0.1493373 /var/lib/openstack/lib/python3.10/site-packages/pycadf/identifier.py:71: UserWarning: Invalid uuid: neutron. To ensure interoperability, identifiers should be a valid uuid. warnings.warn(('Invalid uuid: %s. To ensure interoperability, '
2026-05-28 22:57:16.320 9 INFO neutron.db.ovn_revision_numbers_db [None req-5de8cf09-9750-403d-a050-4f0b24d6c2cf b76c453d58874d13b85a7d1b8ac146fa 3ad2daaa386e48638d73cfacb3b5a244 - - default default] Successfully bumped revision number for resource d8a98523-c145-45e0-b904-5db77bce4a8a (type: security_groups) to 1
2026-05-28 22:57:16.331 9 INFO neutron.db.ovn_revision_numbers_db [None req-5de8cf09-9750-403d-a050-4f0b24d6c2cf b76c453d58874d13b85a7d1b8ac146fa 3ad2daaa386e48638d73cfacb3b5a244 - - default default] Successfully bumped revision number for resource 3e1f07e0-2ca8-4bf7-b998-55a7fc30a811 (type: security_group_rules) to 0
2026-05-28 22:57:16.350 9 INFO neutron.db.ovn_revision_numbers_db [None req-5de8cf09-9750-403d-a050-4f0b24d6c2cf b76c453d58874d13b85a7d1b8ac146fa 3ad2daaa386e48638d73cfacb3b5a244 - - default default] Successfully bumped revision number for resource 95e19833-055c-457a-97d5-727d53e9fc4a (type: security_group_rules) to 0
2026-05-28 22:57:16.365 9 INFO neutron.db.ovn_revision_numbers_db [None req-5de8cf09-9750-403d-a050-4f0b24d6c2cf b76c453d58874d13b85a7d1b8ac146fa 3ad2daaa386e48638d73cfacb3b5a244 - - default default] Successfully bumped revision number for resource a0c57df5-2ae5-4210-a6d4-d241f38b96b6 (type: security_group_rules) to 0
2026-05-28 22:57:16.378 9 INFO neutron.db.ovn_revision_numbers_db [None req-5de8cf09-9750-403d-a050-4f0b24d6c2cf b76c453d58874d13b85a7d1b8ac146fa 3ad2daaa386e48638d73cfacb3b5a244 - - default default] Successfully bumped revision number for resource d78ff672-d69e-401b-904e-845f77953a46 (type: security_group_rules) to 0
2026-05-28 22:57:16.400 9 INFO neutron.wsgi [None req-5de8cf09-9750-403d-a050-4f0b24d6c2cf b76c453d58874d13b85a7d1b8ac146fa 3ad2daaa386e48638d73cfacb3b5a244 - - default default] 10.0.0.129 "GET /v2.0/security-groups?tenant_id=7c9bf0edca2b4acdb130c6136f167670&name=default HTTP/1.1" status: 200 len: 3000 time: 0.2786844
2026-05-28 22:57:16.577 9 INFO neutron.wsgi [None req-f6ffda1c-cf2c-4735-aab1-3c51138a095f b76c453d58874d13b85a7d1b8ac146fa 3ad2daaa386e48638d73cfacb3b5a244 - - default default] 10.0.0.129 "DELETE /v2.0/security-groups/d8a98523-c145-45e0-b904-5db77bce4a8a HTTP/1.1" status: 204 len: 168 time: 0.1724629
2026-05-28 22:57:16.757 10 INFO neutron.wsgi [None req-dace4689-9d79-448c-b8f5-e7e75f6b3fff 02c98bc784d74dcd840ac22ff9c411c4 b9510abcdc464bdfa9fa09a49e4c0904 - - default default] 10.0.0.129 "PUT /v2.0/routers/581c12ce-a918-4c11-84a1-b9abbcc1b029/remove_router_interface HTTP/1.1" status: 200 len: 503 time: 0.8673480
2026-05-28 22:57:16.811 10 INFO neutron.db.ovn_revision_numbers_db [None req-eb7024cc-660b-4649-8298-5ec694fcdaaa b76c453d58874d13b85a7d1b8ac146fa 3ad2daaa386e48638d73cfacb3b5a244 - - default default] Successfully bumped revision number for resource a4dc5eed-7e19-43b4-bd6c-818f8cefce6b (type: security_groups) to 1
2026-05-28 22:57:16.824 10 INFO neutron.db.ovn_revision_numbers_db [None req-eb7024cc-660b-4649-8298-5ec694fcdaaa b76c453d58874d13b85a7d1b8ac146fa 3ad2daaa386e48638d73cfacb3b5a244 - - default default] Successfully bumped revision number for resource 0c3617fd-2cc8-42ec-8c3e-ea01ea086100 (type: security_group_rules) to 0
2026-05-28 22:57:16.837 10 INFO neutron.db.ovn_revision_numbers_db [None req-eb7024cc-660b-4649-8298-5ec694fcdaaa b76c453d58874d13b85a7d1b8ac146fa 3ad2daaa386e48638d73cfacb3b5a244 - - default default] Successfully bumped revision number for resource 82dc8efa-89a1-4a96-8f7a-329bcae26d96 (type: security_group_rules) to 0
2026-05-28 22:57:16.848 10 INFO neutron.db.ovn_revision_numbers_db [None req-eb7024cc-660b-4649-8298-5ec694fcdaaa b76c453d58874d13b85a7d1b8ac146fa 3ad2daaa386e48638d73cfacb3b5a244 - - default default] Successfully bumped revision number for resource cd6b2855-8766-4d18-89f9-b45b260254d0 (type: security_group_rules) to 0
2026-05-28 22:57:16.858 10 INFO neutron.db.ovn_revision_numbers_db [None req-eb7024cc-660b-4649-8298-5ec694fcdaaa b76c453d58874d13b85a7d1b8ac146fa 3ad2daaa386e48638d73cfacb3b5a244 - - default default] Successfully bumped revision number for resource eba309a2-42f0-4a0a-b371-69219e0be8cc (type: security_group_rules) to 0
2026-05-28 22:57:16.880 10 INFO neutron.wsgi [None req-eb7024cc-660b-4649-8298-5ec694fcdaaa b76c453d58874d13b85a7d1b8ac146fa 3ad2daaa386e48638d73cfacb3b5a244 - - default default] 10.0.0.129 "GET /v2.0/security-groups?tenant_id=c0c907a4c607490cad81d8eff5372b27&name=default HTTP/1.1" status: 200 len: 3000 time: 0.2101083 /var/lib/openstack/lib/python3.10/site-packages/pycadf/identifier.py:71: UserWarning: Invalid uuid: neutron. To ensure interoperability, identifiers should be a valid uuid. warnings.warn(('Invalid uuid: %s. To ensure interoperability, '
2026-05-28 22:57:16.892 9 INFO neutron.api.v2.resource [None req-ff9391a9-5e27-4060-a589-da490815ba7b 02c98bc784d74dcd840ac22ff9c411c4 b9510abcdc464bdfa9fa09a49e4c0904 - - default default] remove_router_interface failed (client error): The resource could not be found.
2026-05-28 22:57:16.893 9 INFO neutron.wsgi [None req-ff9391a9-5e27-4060-a589-da490815ba7b 02c98bc784d74dcd840ac22ff9c411c4 b9510abcdc464bdfa9fa09a49e4c0904 - - default default] 10.0.0.129 "PUT /v2.0/routers/581c12ce-a918-4c11-84a1-b9abbcc1b029/remove_router_interface HTTP/1.1" status: 404 len: 399 time: 0.1319277
2026-05-28 22:57:17.059 10 INFO neutron.wsgi [None req-7b85dda3-38f6-428d-afad-e943d264be47 b76c453d58874d13b85a7d1b8ac146fa 3ad2daaa386e48638d73cfacb3b5a244 - - default default] 10.0.0.129 "DELETE /v2.0/security-groups/a4dc5eed-7e19-43b4-bd6c-818f8cefce6b HTTP/1.1" status: 204 len: 168 time: 0.1735671
2026-05-28 22:57:17.772 9 INFO neutron.wsgi [None req-d1942dfc-8178-4723-a682-d3b478b9a765 02c98bc784d74dcd840ac22ff9c411c4 b9510abcdc464bdfa9fa09a49e4c0904 - - default default] 10.0.0.129 "PUT /v2.0/routers/581c12ce-a918-4c11-84a1-b9abbcc1b029/remove_router_interface HTTP/1.1" status: 200 len: 503 time: 0.8750653
2026-05-28 22:57:17.917 10 INFO neutron.api.v2.resource [None req-e0546171-85a4-4c3f-b1c1-1ee087ff4c79 02c98bc784d74dcd840ac22ff9c411c4 b9510abcdc464bdfa9fa09a49e4c0904 - - default default] remove_router_interface failed (client error): The resource could not be found.
2026-05-28 22:57:17.918 10 INFO neutron.wsgi [None req-e0546171-85a4-4c3f-b1c1-1ee087ff4c79 02c98bc784d74dcd840ac22ff9c411c4 b9510abcdc464bdfa9fa09a49e4c0904 - - default default] 10.0.0.129 "PUT /v2.0/routers/581c12ce-a918-4c11-84a1-b9abbcc1b029/remove_router_interface HTTP/1.1" status: 404 len: 399 time: 0.1383495
2026-05-28 22:57:18.958 10 INFO neutron.wsgi [None req-3d11bc01-8ae0-48ca-b1b6-1a0d1499014a 02c98bc784d74dcd840ac22ff9c411c4 b9510abcdc464bdfa9fa09a49e4c0904 - - default default] 10.0.0.129 "DELETE /v2.0/routers/581c12ce-a918-4c11-84a1-b9abbcc1b029 HTTP/1.1" status: 204 len: 168 time: 1.0350263
2026-05-28 22:57:18.982 10 INFO neutron.api.v2.resource [None req-d86aa8b6-66e1-4cc6-b88b-f96a69479247 02c98bc784d74dcd840ac22ff9c411c4 b9510abcdc464bdfa9fa09a49e4c0904 - - default default] show failed (client error): The resource could not be found.
2026-05-28 22:57:18.983 10 INFO neutron.wsgi [None req-d86aa8b6-66e1-4cc6-b88b-f96a69479247 02c98bc784d74dcd840ac22ff9c411c4 b9510abcdc464bdfa9fa09a49e4c0904 - - default default] 10.0.0.129 "GET /v2.0/routers/581c12ce-a918-4c11-84a1-b9abbcc1b029 HTTP/1.1" status: 404 len: 336 time: 0.0193765
2026-05-28 22:57:19.164 10 INFO neutron.wsgi [None req-b0879028-1b0d-4362-804b-bf92ca544b36 02c98bc784d74dcd840ac22ff9c411c4 b9510abcdc464bdfa9fa09a49e4c0904 - - default default] 10.0.0.129 "DELETE /v2.0/subnets/67cd1f72-3385-4519-86b2-a4481647cf10 HTTP/1.1" status: 204 len: 168 time: 0.1772027
2026-05-28 22:57:19.186 10 INFO neutron.pecan_wsgi.hooks.translation [None req-dcf70766-560a-4b84-b025-8d1535604c26 02c98bc784d74dcd840ac22ff9c411c4 b9510abcdc464bdfa9fa09a49e4c0904 - - default default] GET failed (client error): The resource could not be found.
2026-05-28 22:57:19.187 10 INFO neutron.wsgi [None req-dcf70766-560a-4b84-b025-8d1535604c26 02c98bc784d74dcd840ac22ff9c411c4 b9510abcdc464bdfa9fa09a49e4c0904 - - default default] 10.0.0.129 "GET /v2.0/subnets/67cd1f72-3385-4519-86b2-a4481647cf10 HTTP/1.1" status: 404 len: 337 time: 0.0183070
2026-05-28 22:57:19.382 10 INFO neutron.wsgi [None req-019362bf-9152-46c4-9374-6841672cfe06 02c98bc784d74dcd840ac22ff9c411c4 b9510abcdc464bdfa9fa09a49e4c0904 - - default default] 10.0.0.129 "DELETE /v2.0/subnets/4e2c3dc1-7541-4430-993b-e62d22dfcd0e HTTP/1.1" status: 204 len: 168 time: 0.1893783
2026-05-28 22:57:19.400 10 INFO neutron.pecan_wsgi.hooks.translation [None req-8b8cdb8e-3af8-4333-900c-72a195e76f36 02c98bc784d74dcd840ac22ff9c411c4 b9510abcdc464bdfa9fa09a49e4c0904 - - default default] GET failed (client error): The resource could not be found.
2026-05-28 22:57:19.401 10 INFO neutron.wsgi [None req-8b8cdb8e-3af8-4333-900c-72a195e76f36 02c98bc784d74dcd840ac22ff9c411c4 b9510abcdc464bdfa9fa09a49e4c0904 - - default default] 10.0.0.129 "GET /v2.0/subnets/4e2c3dc1-7541-4430-993b-e62d22dfcd0e HTTP/1.1" status: 404 len: 337 time: 0.0153508
2026-05-28 22:57:19.771 10 INFO neutron.wsgi [None req-5ca27d47-2bd5-4c14-bbef-ec191ee834f9 02c98bc784d74dcd840ac22ff9c411c4 b9510abcdc464bdfa9fa09a49e4c0904 - - default default] 10.0.0.129 "DELETE /v2.0/networks/6ae0b5e9-2629-4081-a86c-94665266f7ec HTTP/1.1" status: 204 len: 168 time: 0.3657336 /var/lib/openstack/lib/python3.10/site-packages/pycadf/identifier.py:71: UserWarning: Invalid uuid: neutron. To ensure interoperability, identifiers should be a valid uuid. warnings.warn(('Invalid uuid: %s. To ensure interoperability, '
2026-05-28 22:57:19.796 9 INFO neutron.pecan_wsgi.hooks.translation [None req-fc8fa3f8-53f7-45fb-8fc2-504d3f461d40 02c98bc784d74dcd840ac22ff9c411c4 b9510abcdc464bdfa9fa09a49e4c0904 - - default default] GET failed (client error): The resource could not be found.
2026-05-28 22:57:19.798 9 INFO neutron.wsgi [None req-fc8fa3f8-53f7-45fb-8fc2-504d3f461d40 02c98bc784d74dcd840ac22ff9c411c4 b9510abcdc464bdfa9fa09a49e4c0904 - - default default] 10.0.0.129 "GET /v2.0/networks/6ae0b5e9-2629-4081-a86c-94665266f7ec HTTP/1.1" status: 404 len: 339 time: 0.0216994
2026-05-28 22:57:19.949 10 INFO neutron.services.segments.plugin [-] Segment 9791ab07-d2d2-41af-8334-d44e0110697e resource provider aggregate not found
2026-05-28 22:57:19.965 10 INFO neutron.services.segments.plugin [-] Segment 9791ab07-d2d2-41af-8334-d44e0110697e resource provider aggregate not found
2026-05-28 22:57:19.973 9 INFO neutron.wsgi [None req-b8d43cca-3379-4f59-8337-97de56f5a9fc 02c98bc784d74dcd840ac22ff9c411c4 b9510abcdc464bdfa9fa09a49e4c0904 - - default default] 10.0.0.129 "DELETE /v2.0/subnets/8125a0b4-8bab-4b45-a7b6-993a00325245 HTTP/1.1" status: 204 len: 168 time: 0.1690221
2026-05-28 22:57:19.979 10 INFO neutron.services.segments.plugin [-] Segment 9791ab07-d2d2-41af-8334-d44e0110697e resource provider not found; error: Placement Client Error (4xx): {"errors": [{"status": 404, "title": "Not Found", "detail": "The resource could not be found.\n\n No resource provider with uuid 9791ab07-d2d2-41af-8334-d44e0110697e found for delete ", "request_id": "req-1d9f4a52-2cc1-4ce4-b21a-65954ed57ef4"}]}
2026-05-28 22:57:19.990 10 INFO neutron.services.segments.plugin [-] Segment 9791ab07-d2d2-41af-8334-d44e0110697e resource provider not found; error: Placement Client Error (4xx): {"errors": [{"status": 404, "title": "Not Found", "detail": "The resource could not be found.\n\n No resource provider with uuid 9791ab07-d2d2-41af-8334-d44e0110697e found for delete ", "request_id": "req-9522800f-1bf4-48e3-8203-2adbc8297986"}]}
2026-05-28 22:57:19.993 9 INFO neutron.pecan_wsgi.hooks.translation [None req-31e0ac38-f3b8-47fa-b651-3014117e3478 02c98bc784d74dcd840ac22ff9c411c4 b9510abcdc464bdfa9fa09a49e4c0904 - - default default] GET failed (client error): The resource could not be found.
2026-05-28 22:57:19.996 9 INFO neutron.wsgi [None req-31e0ac38-f3b8-47fa-b651-3014117e3478 02c98bc784d74dcd840ac22ff9c411c4 b9510abcdc464bdfa9fa09a49e4c0904 - - default default] 10.0.0.129 "GET /v2.0/subnets/8125a0b4-8bab-4b45-a7b6-993a00325245 HTTP/1.1" status: 404 len: 337 time: 0.0166318
2026-05-28 22:57:20.179 10 INFO neutron.wsgi [None req-d96adbe2-3523-4980-ab89-d3faa41a38d2 ce3745b0e4e4469393167606e1c10fd3 9f0bc4f57d8a4463a771dc81e8146c97 - - default default] 10.0.0.129 "POST /v2.0/qos/policies HTTP/1.1" status: 201 len: 558 time: 0.0799997
2026-05-28 22:57:20.192 9 INFO neutron.wsgi [None req-7ad82f6a-3faa-4f87-b861-33284c70f54d 02c98bc784d74dcd840ac22ff9c411c4 b9510abcdc464bdfa9fa09a49e4c0904 - - default default] 10.0.0.129 "DELETE /v2.0/subnets/7120b3d1-a816-4b1c-9b11-31d40a1d1964 HTTP/1.1" status: 204 len: 168 time: 0.1901469
2026-05-28 22:57:20.212 9 INFO neutron.pecan_wsgi.hooks.translation [None req-be3d3347-3e68-4df0-9155-00593e3505a4 02c98bc784d74dcd840ac22ff9c411c4 b9510abcdc464bdfa9fa09a49e4c0904 - - default default] GET failed (client error): The resource could not be found.
2026-05-28 22:57:20.213 9 INFO neutron.wsgi [None req-be3d3347-3e68-4df0-9155-00593e3505a4 02c98bc784d74dcd840ac22ff9c411c4 b9510abcdc464bdfa9fa09a49e4c0904 - - default default] 10.0.0.129 "GET /v2.0/subnets/7120b3d1-a816-4b1c-9b11-31d40a1d1964 HTTP/1.1" status: 404 len: 337 time: 0.0162976
2026-05-28 22:57:20.215 10 INFO neutron.wsgi [None req-ca69b209-6e45-4854-859a-60929a108eaf ce3745b0e4e4469393167606e1c10fd3 9f0bc4f57d8a4463a771dc81e8146c97 - - default default] 10.0.0.129 "PUT /v2.0/policies/892f2c10-d0aa-4a0e-8cad-7e05b17253f2/tags HTTP/1.1" status: 200 len: 218 time: 0.0293908
2026-05-28 22:57:20.236 9 INFO neutron.wsgi [None req-b3080d3b-7fd2-42ff-abc5-f691a81d5010 ce3745b0e4e4469393167606e1c10fd3 9f0bc4f57d8a4463a771dc81e8146c97 - - default default] 10.0.0.129 "GET /v2.0/policies/892f2c10-d0aa-4a0e-8cad-7e05b17253f2/tags HTTP/1.1" status: 200 len: 218 time: 0.0178397
2026-05-28 22:57:20.271 9 INFO neutron.wsgi [None req-4d3d5b84-68e0-4fb0-8718-21a0b8fdb1b3 ce3745b0e4e4469393167606e1c10fd3 9f0bc4f57d8a4463a771dc81e8146c97 - - default default] 10.0.0.129 "PUT /v2.0/policies/892f2c10-d0aa-4a0e-8cad-7e05b17253f2/tags/green HTTP/1.1" status: 201 len: 201 time: 0.0302999
2026-05-28 22:57:20.294 9 INFO neutron.wsgi [None req-60264322-8b6e-4a9e-a51c-9e4263cffa49 ce3745b0e4e4469393167606e1c10fd3 9f0bc4f57d8a4463a771dc81e8146c97 - - default default] 10.0.0.129 "GET /v2.0/policies/892f2c10-d0aa-4a0e-8cad-7e05b17253f2/tags HTTP/1.1" status: 200 len: 227 time: 0.0188882
2026-05-28 22:57:20.320 9 INFO neutron.wsgi [None req-581dbd1a-20ba-491b-92af-5ef70535bfba ce3745b0e4e4469393167606e1c10fd3 9f0bc4f57d8a4463a771dc81e8146c97 - - default default] 10.0.0.129 "PUT /v2.0/policies/892f2c10-d0aa-4a0e-8cad-7e05b17253f2/tags/red HTTP/1.1" status: 201 len: 201 time: 0.0202575
2026-05-28 22:57:20.339 9 INFO neutron.wsgi [None req-b50e997b-7008-4f63-b580-c8cb252ceb34 ce3745b0e4e4469393167606e1c10fd3 9f0bc4f57d8a4463a771dc81e8146c97 - - default default] 10.0.0.129 "GET /v2.0/policies/892f2c10-d0aa-4a0e-8cad-7e05b17253f2/tags HTTP/1.1" status: 200 len: 227 time: 0.0145900
2026-05-28 22:57:20.366 9 INFO neutron.wsgi [None req-fd0cd73b-2bbd-4a7f-918b-4fffc0f91af3 ce3745b0e4e4469393167606e1c10fd3 9f0bc4f57d8a4463a771dc81e8146c97 - - default default] 10.0.0.129 "PUT /v2.0/policies/892f2c10-d0aa-4a0e-8cad-7e05b17253f2/tags/black.or.white HTTP/1.1" status: 201 len: 201 time: 0.0239239
2026-05-28 22:57:20.386 9 INFO neutron.wsgi [None req-bd8745e0-5450-4010-b563-cf14a88fd8a2 ce3745b0e4e4469393167606e1c10fd3 9f0bc4f57d8a4463a771dc81e8146c97 - - default default] 10.0.0.129 "GET /v2.0/policies/892f2c10-d0aa-4a0e-8cad-7e05b17253f2/tags HTTP/1.1" status: 200 len: 245 time: 0.0152674
2026-05-28 22:57:20.424 9 INFO neutron.wsgi [None req-e627e397-7373-47b3-ac33-eda6dcd9b4cc ce3745b0e4e4469393167606e1c10fd3 9f0bc4f57d8a4463a771dc81e8146c97 - - default default] 10.0.0.129 "PUT /v2.0/policies/892f2c10-d0aa-4a0e-8cad-7e05b17253f2/tags HTTP/1.1" status: 200 len: 230 time: 0.0328722
2026-05-28 22:57:20.448 9 INFO neutron.wsgi [None req-b08b6e4b-a544-4a55-a254-490d70156197 ce3745b0e4e4469393167606e1c10fd3 9f0bc4f57d8a4463a771dc81e8146c97 - - default default] 10.0.0.129 "GET /v2.0/policies/892f2c10-d0aa-4a0e-8cad-7e05b17253f2/tags HTTP/1.1" status: 200 len: 230 time: 0.0193443
2026-05-28 22:57:20.492 10 INFO neutron.wsgi [None req-c61e1b47-0fc6-456b-851a-986ab6569d84 ce3745b0e4e4469393167606e1c10fd3 9f0bc4f57d8a4463a771dc81e8146c97 - - default default] 10.0.0.129 "GET /v2.0/policies/892f2c10-d0aa-4a0e-8cad-7e05b17253f2/tags/red HTTP/1.1" status: 204 len: 168 time: 0.0392537
2026-05-28 22:57:20.515 9 INFO neutron.api.v2.resource [None req-0ae1b0f6-3789-40e3-9b2d-74b1b92137f2 ce3745b0e4e4469393167606e1c10fd3 9f0bc4f57d8a4463a771dc81e8146c97 - - default default] show failed (client error): The resource could not be found.
2026-05-28 22:57:20.516 9 INFO neutron.wsgi [None req-0ae1b0f6-3789-40e3-9b2d-74b1b92137f2 ce3745b0e4e4469393167606e1c10fd3 9f0bc4f57d8a4463a771dc81e8146c97 - - default default] 10.0.0.129 "GET /v2.0/policies/892f2c10-d0aa-4a0e-8cad-7e05b17253f2/tags/green HTTP/1.1" status: 404 len: 299 time: 0.0182531
2026-05-28 22:57:20.545 9 INFO neutron.wsgi [None req-273c74fc-3efd-48c8-917b-867ac4e09e81 ce3745b0e4e4469393167606e1c10fd3 9f0bc4f57d8a4463a771dc81e8146c97 - - default default] 10.0.0.129 "DELETE /v2.0/policies/892f2c10-d0aa-4a0e-8cad-7e05b17253f2/tags/red HTTP/1.1" status: 204 len: 168 time: 0.0262730
2026-05-28 22:57:20.563 9 INFO neutron.wsgi [None req-6132b5c5-339b-4396-8018-c8ee4cd86efe ce3745b0e4e4469393167606e1c10fd3 9f0bc4f57d8a4463a771dc81e8146c97 - - default default] 10.0.0.129 "GET /v2.0/policies/892f2c10-d0aa-4a0e-8cad-7e05b17253f2/tags HTTP/1.1" status: 200 len: 223 time: 0.0146320
2026-05-28 22:57:20.583 9 INFO neutron.api.v2.resource [None req-c2bd9c31-4de7-4fae-b032-3cfff1eccc18 ce3745b0e4e4469393167606e1c10fd3 9f0bc4f57d8a4463a771dc81e8146c97 - - default default] delete failed (client error): The resource could not be found.
2026-05-28 22:57:20.584 9 INFO neutron.wsgi [None req-c2bd9c31-4de7-4fae-b032-3cfff1eccc18 ce3745b0e4e4469393167606e1c10fd3 9f0bc4f57d8a4463a771dc81e8146c97 - - default default] 10.0.0.129 "DELETE /v2.0/policies/892f2c10-d0aa-4a0e-8cad-7e05b17253f2/tags/green HTTP/1.1" status: 404 len: 299 time: 0.0186813
2026-05-28 22:57:20.588 10 INFO neutron.wsgi [None req-4939a63e-b1bd-42c4-b90f-fe9a479ad1e6 02c98bc784d74dcd840ac22ff9c411c4 b9510abcdc464bdfa9fa09a49e4c0904 - - default default] 10.0.0.129 "DELETE /v2.0/networks/0355f61d-107c-4533-9327-5964a0fcbb44 HTTP/1.1" status: 204 len: 168 time: 0.3697486
2026-05-28 22:57:20.604 10 INFO neutron.pecan_wsgi.hooks.translation [None req-2b1db3c8-6773-4f55-9a9d-f5e0b678ea2c 02c98bc784d74dcd840ac22ff9c411c4 b9510abcdc464bdfa9fa09a49e4c0904 - - default default] GET failed (client error): The resource could not be found.
2026-05-28 22:57:20.605 10 INFO neutron.wsgi [None req-2b1db3c8-6773-4f55-9a9d-f5e0b678ea2c 02c98bc784d74dcd840ac22ff9c411c4 b9510abcdc464bdfa9fa09a49e4c0904 - - default default] 10.0.0.129 "GET /v2.0/networks/0355f61d-107c-4533-9327-5964a0fcbb44 HTTP/1.1" status: 404 len: 339 time: 0.0118227
2026-05-28 22:57:20.616 9 INFO neutron.wsgi [None req-c433d48b-1a6e-4e03-927c-d43260584f8d ce3745b0e4e4469393167606e1c10fd3 9f0bc4f57d8a4463a771dc81e8146c97 - - default default] 10.0.0.129 "DELETE /v2.0/policies/892f2c10-d0aa-4a0e-8cad-7e05b17253f2/tags HTTP/1.1" status: 204 len: 168 time: 0.0274637
2026-05-28 22:57:20.638 9 INFO neutron.wsgi [None req-ea81a859-9260-4acf-800b-86554540c4f3 ce3745b0e4e4469393167606e1c10fd3 9f0bc4f57d8a4463a771dc81e8146c97 - - default default] 10.0.0.129 "GET /v2.0/policies/892f2c10-d0aa-4a0e-8cad-7e05b17253f2/tags HTTP/1.1" status: 200 len: 205 time: 0.0166566
2026-05-28 22:57:20.722 10 INFO neutron.wsgi [None req-101eb336-3c41-487d-bb11-f198e0af80ad ce3745b0e4e4469393167606e1c10fd3 9f0bc4f57d8a4463a771dc81e8146c97 - - default default] 10.0.0.129 "DELETE /v2.0/qos/policies/892f2c10-d0aa-4a0e-8cad-7e05b17253f2 HTTP/1.1" status: 204 len: 168 time: 0.0768657
2026-05-28 22:57:20.771 10 INFO neutron.wsgi [None req-a7d64a84-3e8c-4508-83e7-2612b84bf873 02c98bc784d74dcd840ac22ff9c411c4 b9510abcdc464bdfa9fa09a49e4c0904 - - default default] 10.0.0.129 "DELETE /v2.0/subnets/d6af6525-5fe0-469f-9fb3-40c9f193d03f HTTP/1.1" status: 204 len: 168 time: 0.1624744
2026-05-28 22:57:20.794 10 INFO neutron.pecan_wsgi.hooks.translation [None req-7bc7b08c-c119-47dc-968a-775b7456b11c 02c98bc784d74dcd840ac22ff9c411c4 b9510abcdc464bdfa9fa09a49e4c0904 - - default default] GET failed (client error): The resource could not be found.
2026-05-28 22:57:20.795 10 INFO neutron.wsgi [None req-7bc7b08c-c119-47dc-968a-775b7456b11c 02c98bc784d74dcd840ac22ff9c411c4 b9510abcdc464bdfa9fa09a49e4c0904 - - default default] 10.0.0.129 "GET /v2.0/subnets/d6af6525-5fe0-469f-9fb3-40c9f193d03f HTTP/1.1" status: 404 len: 337 time: 0.0179472
2026-05-28 22:57:20.985 10 INFO neutron.wsgi [None req-b461848d-bc37-4e22-9668-bb97725ab61d 02c98bc784d74dcd840ac22ff9c411c4 b9510abcdc464bdfa9fa09a49e4c0904 - - default default] 10.0.0.129 "DELETE /v2.0/subnets/e0348f91-9b06-4bf3-bc76-6f1ccbc25f5a HTTP/1.1" status: 204 len: 168 time: 0.1857669
2026-05-28 22:57:21.003 10 INFO neutron.pecan_wsgi.hooks.translation [None req-79c9c8c2-c9f2-4128-ba7e-2b616fad7dff 02c98bc784d74dcd840ac22ff9c411c4 b9510abcdc464bdfa9fa09a49e4c0904 - - default default] GET failed (client error): The resource could not be found.
2026-05-28 22:57:21.004 10 INFO neutron.wsgi [None req-79c9c8c2-c9f2-4128-ba7e-2b616fad7dff 02c98bc784d74dcd840ac22ff9c411c4 b9510abcdc464bdfa9fa09a49e4c0904 - - default default] 10.0.0.129 "GET /v2.0/subnets/e0348f91-9b06-4bf3-bc76-6f1ccbc25f5a HTTP/1.1" status: 404 len: 337 time: 0.0145776
2026-05-28 22:57:21.345 10 INFO neutron.wsgi [None req-802e6b89-f503-4162-bdaa-107a5185bd1f 02c98bc784d74dcd840ac22ff9c411c4 b9510abcdc464bdfa9fa09a49e4c0904 - - default default] 10.0.0.129 "DELETE /v2.0/networks/b2f95d81-90be-4f4a-8306-45a7281a0fc9 HTTP/1.1" status: 204 len: 168 time: 0.3369322
2026-05-28 22:57:21.366 10 INFO neutron.pecan_wsgi.hooks.translation [None req-2330e81b-2f1a-4383-bf41-4ad348f1cd28 02c98bc784d74dcd840ac22ff9c411c4 b9510abcdc464bdfa9fa09a49e4c0904 - - default default] GET failed (client error): The resource could not be found.
