2026-05-28 22:53:31.559 10 INFO neutron.plugins.ml2.plugin [None req-97ab8ac3-bf11-4efe-8f10-3e367a5a18a6 - - - - - -] Attempt 1 to provision port 307d7595-64ea-44e0-93bb-be3379f657ed
2026-05-28 22:53:31.565 9 INFO neutron.db.ovn_revision_numbers_db [None req-3c3b4676-6b6d-4da7-a998-1348dade1314 beef6ced74a84d9f9798411bd7deaa2b dd5f787bbc424e528546919ea3587af2 - - default default] Successfully bumped revision number for resource 307d7595-64ea-44e0-93bb-be3379f657ed (type: router_ports) to 1
2026-05-28 22:53:31.744 9 INFO neutron.db.ovn_revision_numbers_db [None req-3c3b4676-6b6d-4da7-a998-1348dade1314 beef6ced74a84d9f9798411bd7deaa2b dd5f787bbc424e528546919ea3587af2 - - default default] Successfully bumped revision number for resource 307d7595-64ea-44e0-93bb-be3379f657ed (type: ports) to 1
2026-05-28 22:53:31.813 9 WARNING neutron.plugins.ml2.drivers.ovn.mech_driver.ovsdb.ovn_client [None req-e6771b60-b103-471a-8a1b-323c05953c8e - - - - - -] No hosting information found for port abca7d05-6e82-4e8e-a7f1-098bfdc964f5: RuntimeError: No hosting information found for port abca7d05-6e82-4e8e-a7f1-098bfdc964f5
2026-05-28 22:53:31.813 9 INFO neutron.plugins.ml2.drivers.ovn.mech_driver.mech_driver [None req-e6771b60-b103-471a-8a1b-323c05953c8e - - - - - -] OVN reports status up for port: 346e4ac3-fd82-4ba0-bd54-5aa4d66e2cb8
2026-05-28 22:53:31.832 9 INFO neutron.plugins.ml2.plugin [None req-e6771b60-b103-471a-8a1b-323c05953c8e - - - - - -] Attempt 1 to provision port 346e4ac3-fd82-4ba0-bd54-5aa4d66e2cb8
2026-05-28 22:53:31.843 10 INFO neutron.db.ovn_revision_numbers_db [None req-97ab8ac3-bf11-4efe-8f10-3e367a5a18a6 - - - - - -] Successfully bumped revision number for resource 307d7595-64ea-44e0-93bb-be3379f657ed (type: ports) to 2
2026-05-28 22:53:31.861 9 WARNING neutron.scheduler.dhcp_agent_scheduler [None req-3c3b4676-6b6d-4da7-a998-1348dade1314 beef6ced74a84d9f9798411bd7deaa2b dd5f787bbc424e528546919ea3587af2 - - default default] No more DHCP agents
2026-05-28 22:53:31.863 9 WARNING neutron.api.rpc.agentnotifiers.dhcp_rpc_agent_api [None req-3c3b4676-6b6d-4da7-a998-1348dade1314 beef6ced74a84d9f9798411bd7deaa2b dd5f787bbc424e528546919ea3587af2 - - default default] Unable to schedule network 36d4e316-6c69-4213-b3dd-92cb8d4c91f0: no agents available; will retry on subsequent port and subnet creation events.
2026-05-28 22:53:31.903 10 INFO neutron.db.ovn_revision_numbers_db [None req-97ab8ac3-bf11-4efe-8f10-3e367a5a18a6 - - - - - -] Successfully bumped revision number for resource 307d7595-64ea-44e0-93bb-be3379f657ed (type: router_ports) to 2
2026-05-28 22:53:32.226 9 INFO neutron.plugins.ml2.drivers.ovn.mech_driver.mech_driver [None req-e6771b60-b103-471a-8a1b-323c05953c8e - - - - - -] OVN reports status up for port: 904f9a9c-b420-4403-b056-c95ab63c0c60
2026-05-28 22:53:32.259 9 INFO neutron.plugins.ml2.plugin [None req-e6771b60-b103-471a-8a1b-323c05953c8e - - - - - -] Attempt 1 to provision port 904f9a9c-b420-4403-b056-c95ab63c0c60
2026-05-28 22:53:32.423 9 INFO neutron.notifiers.nova [-] Nova event matching ['req-eb46927d-68d0-435f-8df8-879f1ced4e7e'] response: {'server_uuid': '08db7266-2e59-429f-b42c-d21add7cacb4', 'name': 'network-vif-plugged', 'status': 'completed', 'tag': '904f9a9c-b420-4403-b056-c95ab63c0c60', 'code': 200}
2026-05-28 22:53:32.491 9 INFO neutron.db.ovn_revision_numbers_db [None req-3c3b4676-6b6d-4da7-a998-1348dade1314 beef6ced74a84d9f9798411bd7deaa2b dd5f787bbc424e528546919ea3587af2 - - default default] Successfully bumped revision number for resource 307d7595-64ea-44e0-93bb-be3379f657ed (type: router_ports) to 2
2026-05-28 22:53:32.493 9 INFO neutron.wsgi [None req-3c3b4676-6b6d-4da7-a998-1348dade1314 beef6ced74a84d9f9798411bd7deaa2b dd5f787bbc424e528546919ea3587af2 - - default default] 10.0.0.129 "PUT /v2.0/routers/6b7a1ed9-2f17-4a2d-beab-53df59c3c5a1/add_router_interface HTTP/1.1" status: 200 len: 503 time: 2.3549321
2026-05-28 22:53:32.517 10 INFO neutron.wsgi [req-7999c477-1cde-492d-a922-7a38ed4b1f07 req-1a65ad17-6bf1-4e39-826f-b351baa3fae5 8c05e8506a544eac8d112e16144c9808 a9e12a506e0745d0a5d5586c11671ce0 - - default default] 10.0.0.25 "GET /v2.0/ports?device_id=08db7266-2e59-429f-b42c-d21add7cacb4 HTTP/1.1" status: 200 len: 1174 time: 0.0546091
2026-05-28 22:53:32.572 10 INFO neutron.wsgi [req-7999c477-1cde-492d-a922-7a38ed4b1f07 req-94adb528-5fb5-4abf-b839-faf04bf94070 8c05e8506a544eac8d112e16144c9808 a9e12a506e0745d0a5d5586c11671ce0 - - default default] 10.0.0.25 "GET /v2.0/security-groups?id=cb5f609c-de4d-4bf2-8192-0f055357b79e&fields=id&fields=name HTTP/1.1" status: 200 len: 313 time: 0.0492792
2026-05-28 22:53:32.610 9 INFO neutron.wsgi [None req-dbc2c2d1-189c-4540-9978-334b84b8b644 d2b4f8b3e00a4c6e84ce79f9c9224f7f 350f5890a714444c983aca87321d765b - - default default] 10.0.0.129 "GET /v2.0/networks HTTP/1.1" status: 200 len: 3875 time: 0.1124465
2026-05-28 22:53:32.654 10 INFO neutron.wsgi [None req-a4103807-7948-4c55-82eb-65db261b842e d2b4f8b3e00a4c6e84ce79f9c9224f7f 350f5890a714444c983aca87321d765b - - default default] 10.0.0.129 "GET /v2.0/subnets HTTP/1.1" status: 200 len: 2753 time: 0.0405495
2026-05-28 22:53:32.704 9 INFO neutron.db.ovn_revision_numbers_db [None req-e6771b60-b103-471a-8a1b-323c05953c8e - - - - - -] Successfully bumped revision number for resource 904f9a9c-b420-4403-b056-c95ab63c0c60 (type: ports) to 4
2026-05-28 22:53:32.725 10 INFO neutron.wsgi [None req-9265b9ae-075e-444b-b601-080249642731 d2b4f8b3e00a4c6e84ce79f9c9224f7f 350f5890a714444c983aca87321d765b - - default default] 10.0.0.129 "GET /v2.0/routers HTTP/1.1" status: 200 len: 1554 time: 0.0658925
2026-05-28 22:53:32.809 10 WARNING neutron_lib.context [None req-91d72c36-04d2-4ba7-954c-b0c21fb73bce beef6ced74a84d9f9798411bd7deaa2b dd5f787bbc424e528546919ea3587af2 - - default default] Method 'is_advsvc' is deprecated since 2023.2 release (neutron-lib 3.8.0) and will be removed once support for the old RBAC API policies will be removed from Neutron. Please use method 'is_service_role' instead.
2026-05-28 22:53:32.877 10 INFO neutron.db.ovn_revision_numbers_db [None req-81753ce9-cf8a-4b1b-97b3-7e5dd3f81206 b76c453d58874d13b85a7d1b8ac146fa 3ad2daaa386e48638d73cfacb3b5a244 - - default default] Successfully bumped revision number for resource 8995bec2-ef4e-4717-a827-dc3cf40b975c (type: security_groups) to 1
2026-05-28 22:53:32.892 10 INFO neutron.db.ovn_revision_numbers_db [None req-81753ce9-cf8a-4b1b-97b3-7e5dd3f81206 b76c453d58874d13b85a7d1b8ac146fa 3ad2daaa386e48638d73cfacb3b5a244 - - default default] Successfully bumped revision number for resource 260ff31d-5e87-4b13-b987-41c76b89c296 (type: security_group_rules) to 0
2026-05-28 22:53:32.907 10 INFO neutron.db.ovn_revision_numbers_db [None req-81753ce9-cf8a-4b1b-97b3-7e5dd3f81206 b76c453d58874d13b85a7d1b8ac146fa 3ad2daaa386e48638d73cfacb3b5a244 - - default default] Successfully bumped revision number for resource 8257de78-25a1-42d1-b926-fa8988711d48 (type: security_group_rules) to 0
2026-05-28 22:53:32.930 10 INFO neutron.db.ovn_revision_numbers_db [None req-81753ce9-cf8a-4b1b-97b3-7e5dd3f81206 b76c453d58874d13b85a7d1b8ac146fa 3ad2daaa386e48638d73cfacb3b5a244 - - default default] Successfully bumped revision number for resource e3c03f92-7841-42e9-8f3d-eeec58b367cb (type: security_group_rules) to 0
2026-05-28 22:53:32.937 10 INFO neutron.db.ovn_revision_numbers_db [None req-91d72c36-04d2-4ba7-954c-b0c21fb73bce beef6ced74a84d9f9798411bd7deaa2b dd5f787bbc424e528546919ea3587af2 - - default default] Successfully bumped revision number for resource 11ef0bb5-5391-4555-8238-60d125edd3dc (type: security_groups) to 1
2026-05-28 22:53:32.946 10 INFO neutron.db.ovn_revision_numbers_db [None req-81753ce9-cf8a-4b1b-97b3-7e5dd3f81206 b76c453d58874d13b85a7d1b8ac146fa 3ad2daaa386e48638d73cfacb3b5a244 - - default default] Successfully bumped revision number for resource ed0a87d2-7db0-4982-9463-a8de49606668 (type: security_group_rules) to 0
2026-05-28 22:53:32.961 10 INFO neutron.db.ovn_revision_numbers_db [None req-91d72c36-04d2-4ba7-954c-b0c21fb73bce beef6ced74a84d9f9798411bd7deaa2b dd5f787bbc424e528546919ea3587af2 - - default default] Successfully bumped revision number for resource 4e7cbc99-7208-47e6-ad6b-3214f068ef82 (type: security_group_rules) to 0
2026-05-28 22:53:32.969 10 INFO neutron.wsgi [None req-81753ce9-cf8a-4b1b-97b3-7e5dd3f81206 b76c453d58874d13b85a7d1b8ac146fa 3ad2daaa386e48638d73cfacb3b5a244 - - default default] 10.0.0.129 "GET /v2.0/security-groups?tenant_id=3d945e45d10241698f587d1bf89d4026&name=default HTTP/1.1" status: 200 len: 2996 time: 0.3696632
2026-05-28 22:53:32.990 10 INFO neutron.db.ovn_revision_numbers_db [None req-91d72c36-04d2-4ba7-954c-b0c21fb73bce beef6ced74a84d9f9798411bd7deaa2b dd5f787bbc424e528546919ea3587af2 - - default default] Successfully bumped revision number for resource b1d572fe-ceb3-4fd2-9081-9d23baaec98b (type: security_group_rules) to 0
2026-05-28 22:53:33.010 10 INFO neutron.wsgi [None req-91d72c36-04d2-4ba7-954c-b0c21fb73bce beef6ced74a84d9f9798411bd7deaa2b dd5f787bbc424e528546919ea3587af2 - - default default] 10.0.0.129 "POST /v2.0/security-groups HTTP/1.1" status: 201 len: 1811 time: 0.2104239
2026-05-28 22:53:33.021 10 WARNING neutron_lib.context [None req-8c4bf41f-96d9-4ebe-b0c2-e3414de6383b beef6ced74a84d9f9798411bd7deaa2b dd5f787bbc424e528546919ea3587af2 - - default default] Method 'is_advsvc' is deprecated since 2023.2 release (neutron-lib 3.8.0) and will be removed once support for the old RBAC API policies will be removed from Neutron. Please use method 'is_service_role' instead. /var/lib/openstack/lib/python3.10/site-packages/pycadf/identifier.py:71: UserWarning: Invalid uuid: neutron. To ensure interoperability, identifiers should be a valid uuid. warnings.warn(('Invalid uuid: %s. To ensure interoperability, '
2026-05-28 22:53:33.055 9 INFO neutron.wsgi [None req-47068bf7-57a5-4f0c-9319-c02d84a1812c 2012dd07441f48e5908572094c88fb83 690fe7d91cd947b599f177ab9e7d9a7a - - default default] 10.0.0.79 "GET /v2.0/extensions HTTP/1.1" status: 200 len: 16980 time: 0.0733681
2026-05-28 22:53:33.148 10 INFO neutron.db.ovn_revision_numbers_db [None req-8c4bf41f-96d9-4ebe-b0c2-e3414de6383b beef6ced74a84d9f9798411bd7deaa2b dd5f787bbc424e528546919ea3587af2 - - default default] Successfully bumped revision number for resource 6f192b56-d8a3-4e91-9a18-5b96ab2897c4 (type: security_group_rules) to 0
2026-05-28 22:53:33.159 9 INFO neutron.wsgi [None req-dd1bf56b-84aa-4ee3-8d4b-40222f7e1e74 2012dd07441f48e5908572094c88fb83 690fe7d91cd947b599f177ab9e7d9a7a - - default default] 10.0.0.79 "GET /v2.0/quotas/690fe7d91cd947b599f177ab9e7d9a7a/details HTTP/1.1" status: 200 len: 756 time: 0.0866282
2026-05-28 22:53:33.171 10 INFO neutron.wsgi [None req-8c4bf41f-96d9-4ebe-b0c2-e3414de6383b beef6ced74a84d9f9798411bd7deaa2b dd5f787bbc424e528546919ea3587af2 - - default default] 10.0.0.129 "POST /v2.0/security-group-rules HTTP/1.1" status: 201 len: 764 time: 0.1543610
2026-05-28 22:53:33.178 10 WARNING neutron_lib.context [None req-3df62f87-0007-4179-a39b-f7299f2f6cb9 beef6ced74a84d9f9798411bd7deaa2b dd5f787bbc424e528546919ea3587af2 - - default default] Method 'is_advsvc' is deprecated since 2023.2 release (neutron-lib 3.8.0) and will be removed once support for the old RBAC API policies will be removed from Neutron. Please use method 'is_service_role' instead.
2026-05-28 22:53:33.214 10 INFO neutron.wsgi [None req-b13bd93f-114f-463e-8e89-07a528d1a937 b76c453d58874d13b85a7d1b8ac146fa 3ad2daaa386e48638d73cfacb3b5a244 - - default default] 10.0.0.129 "DELETE /v2.0/security-groups/8995bec2-ef4e-4717-a827-dc3cf40b975c HTTP/1.1" status: 204 len: 168 time: 0.2403936
2026-05-28 22:53:33.279 10 INFO neutron.db.ovn_revision_numbers_db [None req-3df62f87-0007-4179-a39b-f7299f2f6cb9 beef6ced74a84d9f9798411bd7deaa2b dd5f787bbc424e528546919ea3587af2 - - default default] Successfully bumped revision number for resource 681d318b-73d5-4502-8b0e-82a52303bd88 (type: security_group_rules) to 0
2026-05-28 22:53:33.305 10 INFO neutron.wsgi [None req-3df62f87-0007-4179-a39b-f7299f2f6cb9 beef6ced74a84d9f9798411bd7deaa2b dd5f787bbc424e528546919ea3587af2 - - default default] 10.0.0.129 "POST /v2.0/security-group-rules HTTP/1.1" status: 201 len: 763 time: 0.1302092
2026-05-28 22:53:33.317 10 WARNING neutron_lib.context [None req-76862990-417f-48af-b273-9a80bec524b3 beef6ced74a84d9f9798411bd7deaa2b dd5f787bbc424e528546919ea3587af2 - - default default] Method 'is_advsvc' is deprecated since 2023.2 release (neutron-lib 3.8.0) and will be removed once support for the old RBAC API policies will be removed from Neutron. Please use method 'is_service_role' instead.
2026-05-28 22:53:33.439 10 INFO neutron.db.ovn_revision_numbers_db [None req-76862990-417f-48af-b273-9a80bec524b3 beef6ced74a84d9f9798411bd7deaa2b dd5f787bbc424e528546919ea3587af2 - - default default] Successfully bumped revision number for resource 5a63ccbe-7a00-482e-9030-a6334276ae76 (type: security_group_rules) to 0
2026-05-28 22:53:33.464 10 INFO neutron.wsgi [None req-76862990-417f-48af-b273-9a80bec524b3 beef6ced74a84d9f9798411bd7deaa2b dd5f787bbc424e528546919ea3587af2 - - default default] 10.0.0.129 "POST /v2.0/security-group-rules HTTP/1.1" status: 201 len: 769 time: 0.1511085
2026-05-28 22:53:33.474 10 WARNING neutron_lib.context [None req-4ce9c1fe-c721-4351-b2a4-8796a3a43c7d beef6ced74a84d9f9798411bd7deaa2b dd5f787bbc424e528546919ea3587af2 - - default default] Method 'is_advsvc' is deprecated since 2023.2 release (neutron-lib 3.8.0) and will be removed once support for the old RBAC API policies will be removed from Neutron. Please use method 'is_service_role' instead.
2026-05-28 22:53:33.568 10 INFO neutron.db.ovn_revision_numbers_db [None req-4ce9c1fe-c721-4351-b2a4-8796a3a43c7d beef6ced74a84d9f9798411bd7deaa2b dd5f787bbc424e528546919ea3587af2 - - default default] Successfully bumped revision number for resource c1ff46ca-5882-4044-b857-9837c1d505de (type: security_group_rules) to 0
2026-05-28 22:53:33.592 10 INFO neutron.wsgi [None req-4ce9c1fe-c721-4351-b2a4-8796a3a43c7d beef6ced74a84d9f9798411bd7deaa2b dd5f787bbc424e528546919ea3587af2 - - default default] 10.0.0.129 "POST /v2.0/security-group-rules HTTP/1.1" status: 201 len: 768 time: 0.1231885
2026-05-28 22:53:33.604 10 WARNING neutron_lib.context [None req-69421bcf-17ce-46c3-979a-cfdf51600ec2 beef6ced74a84d9f9798411bd7deaa2b dd5f787bbc424e528546919ea3587af2 - - default default] Method 'is_advsvc' is deprecated since 2023.2 release (neutron-lib 3.8.0) and will be removed once support for the old RBAC API policies will be removed from Neutron. Please use method 'is_service_role' instead.
2026-05-28 22:53:33.622 10 INFO neutron.db.securitygroups_db [None req-69421bcf-17ce-46c3-979a-cfdf51600ec2 beef6ced74a84d9f9798411bd7deaa2b dd5f787bbc424e528546919ea3587af2 - - default default] Project dd5f787bbc424e528546919ea3587af2 added a security group rule with legacy IPv6 ICMP protocol name icmp, ipv6-icmp should be used instead. It was automatically converted.
2026-05-28 22:53:33.684 10 INFO neutron.wsgi [req-65388404-1cea-43f8-bbac-748f9d9ed7e0 req-486e2867-76ab-4ae8-a0ea-8c15c0fa96c0 8c05e8506a544eac8d112e16144c9808 a9e12a506e0745d0a5d5586c11671ce0 - - default default] 10.0.0.25 "GET /v2.0/ports?device_id=08db7266-2e59-429f-b42c-d21add7cacb4 HTTP/1.1" status: 200 len: 1174 time: 0.0418062
2026-05-28 22:53:33.749 10 INFO neutron.wsgi [req-65388404-1cea-43f8-bbac-748f9d9ed7e0 req-2710e2e3-d2ec-4413-9b24-4cc008639fce 8c05e8506a544eac8d112e16144c9808 a9e12a506e0745d0a5d5586c11671ce0 - - default default] 10.0.0.25 "GET /v2.0/security-groups?id=cb5f609c-de4d-4bf2-8192-0f055357b79e&fields=id&fields=name HTTP/1.1" status: 200 len: 313 time: 0.0560479
2026-05-28 22:53:33.806 10 INFO neutron.db.ovn_revision_numbers_db [None req-69421bcf-17ce-46c3-979a-cfdf51600ec2 beef6ced74a84d9f9798411bd7deaa2b dd5f787bbc424e528546919ea3587af2 - - default default] Successfully bumped revision number for resource 8fce5a0e-cb32-4efc-9829-ce41cdec2846 (type: security_group_rules) to 0
2026-05-28 22:53:33.827 10 INFO neutron.wsgi [None req-69421bcf-17ce-46c3-979a-cfdf51600ec2 beef6ced74a84d9f9798411bd7deaa2b dd5f787bbc424e528546919ea3587af2 - - default default] 10.0.0.129 "POST /v2.0/security-group-rules HTTP/1.1" status: 201 len: 774 time: 0.2282844
2026-05-28 22:53:33.837 10 WARNING neutron_lib.context [None req-ac577e61-edd4-484d-9ad8-06d78a9d4315 beef6ced74a84d9f9798411bd7deaa2b dd5f787bbc424e528546919ea3587af2 - - default default] Method 'is_advsvc' is deprecated since 2023.2 release (neutron-lib 3.8.0) and will be removed once support for the old RBAC API policies will be removed from Neutron. Please use method 'is_service_role' instead.
2026-05-28 22:53:33.869 10 INFO neutron.db.securitygroups_db [None req-ac577e61-edd4-484d-9ad8-06d78a9d4315 beef6ced74a84d9f9798411bd7deaa2b dd5f787bbc424e528546919ea3587af2 - - default default] Project dd5f787bbc424e528546919ea3587af2 added a security group rule with legacy IPv6 ICMP protocol name icmp, ipv6-icmp should be used instead. It was automatically converted.
2026-05-28 22:53:33.899 9 INFO neutron.wsgi [req-8550f6ba-5c63-47cb-b0ab-8e2ebaeff837 req-fba312d6-c477-42e7-9503-07675c4dfb65 8c05e8506a544eac8d112e16144c9808 a9e12a506e0745d0a5d5586c11671ce0 - - default default] 10.0.0.25 "GET /v2.0/ports?device_id=08db7266-2e59-429f-b42c-d21add7cacb4 HTTP/1.1" status: 200 len: 1174 time: 0.0856457
2026-05-28 22:53:33.958 10 INFO neutron.db.ovn_revision_numbers_db [None req-ac577e61-edd4-484d-9ad8-06d78a9d4315 beef6ced74a84d9f9798411bd7deaa2b dd5f787bbc424e528546919ea3587af2 - - default default] Successfully bumped revision number for resource c7ee9670-5a4f-4a36-8716-02e0bde7937b (type: security_group_rules) to 0
2026-05-28 22:53:33.980 10 INFO neutron.wsgi [None req-ac577e61-edd4-484d-9ad8-06d78a9d4315 beef6ced74a84d9f9798411bd7deaa2b dd5f787bbc424e528546919ea3587af2 - - default default] 10.0.0.129 "POST /v2.0/security-group-rules HTTP/1.1" status: 201 len: 773 time: 0.1464119
2026-05-28 22:53:34.195 9 INFO neutron.db.l3_db [None req-acef9c65-7176-4a70-9c6c-3564afd773a5 8c05e8506a544eac8d112e16144c9808 a9e12a506e0745d0a5d5586c11671ce0 - - default default] Floating IP d3df7190-9e30-407b-9138-0160fd680c1b associated. External IP: 10.96.250.210, port: 904f9a9c-b420-4403-b056-c95ab63c0c60.
2026-05-28 22:53:34.482 9 INFO neutron.notifiers.nova [-] Nova event matching ['req-17018b2d-fe18-4115-9579-35330b6c31a1'] response: {'server_uuid': '08db7266-2e59-429f-b42c-d21add7cacb4', 'name': 'network-vif-plugged', 'status': 'completed', 'tag': '904f9a9c-b420-4403-b056-c95ab63c0c60', 'code': 200}
2026-05-28 22:53:34.519 9 INFO neutron.db.ovn_revision_numbers_db [None req-acef9c65-7176-4a70-9c6c-3564afd773a5 8c05e8506a544eac8d112e16144c9808 a9e12a506e0745d0a5d5586c11671ce0 - - default default] Successfully bumped revision number for resource d3df7190-9e30-407b-9138-0160fd680c1b (type: floatingips) to 1 /var/lib/openstack/lib/python3.10/site-packages/pycadf/identifier.py:71: UserWarning: Invalid uuid: neutron. To ensure interoperability, identifiers should be a valid uuid. warnings.warn(('Invalid uuid: %s. To ensure interoperability, '
2026-05-28 22:53:34.639 9 INFO neutron.wsgi [None req-cb867478-f653-4d56-8e01-73c877dacd57 beef6ced74a84d9f9798411bd7deaa2b dd5f787bbc424e528546919ea3587af2 - - default default] 10.0.0.129 "GET /v2.0/networks HTTP/1.1" status: 200 len: 1493 time: 0.2895842
2026-05-28 22:53:34.685 9 INFO neutron.db.ovn_revision_numbers_db [None req-acef9c65-7176-4a70-9c6c-3564afd773a5 8c05e8506a544eac8d112e16144c9808 a9e12a506e0745d0a5d5586c11671ce0 - - default default] Successfully bumped revision number for resource d3df7190-9e30-407b-9138-0160fd680c1b (type: floatingips) to 2
2026-05-28 22:53:34.710 9 INFO neutron.wsgi [None req-acef9c65-7176-4a70-9c6c-3564afd773a5 8c05e8506a544eac8d112e16144c9808 a9e12a506e0745d0a5d5586c11671ce0 - - default default] 10.0.0.129 "PUT /v2.0/floatingips/d3df7190-9e30-407b-9138-0160fd680c1b HTTP/1.1" status: 200 len: 1050 time: 0.8008299
2026-05-28 22:53:34.751 9 INFO neutron.wsgi [req-11342a40-81a6-42fb-8667-993ffc738d99 req-f9f80ef7-cafb-403c-bf75-cec4f6023b83 beef6ced74a84d9f9798411bd7deaa2b dd5f787bbc424e528546919ea3587af2 - - default default] 10.0.0.25 "GET /v2.0/security-groups?name=tempest-secgroup-smoke-1970702969&fields=id&tenant_id=dd5f787bbc424e528546919ea3587af2 HTTP/1.1" status: 200 len: 267 time: 0.0396390
2026-05-28 22:53:34.797 10 INFO neutron.wsgi [req-3cfce9cb-c594-4d91-a9d1-d4fcf551e26e req-9eb31281-ef1a-4870-9d3d-0b2d51f6121b 8c05e8506a544eac8d112e16144c9808 a9e12a506e0745d0a5d5586c11671ce0 - - default default] 10.0.0.25 "GET /v2.0/ports?device_id=08db7266-2e59-429f-b42c-d21add7cacb4 HTTP/1.1" status: 200 len: 1174 time: 0.0444307
2026-05-28 22:53:34.828 9 INFO neutron.wsgi [req-11342a40-81a6-42fb-8667-993ffc738d99 req-b00a56fe-9342-448e-a619-111a011f9a2f beef6ced74a84d9f9798411bd7deaa2b dd5f787bbc424e528546919ea3587af2 - - default default] 10.0.0.25 "GET /v2.0/networks?id=36d4e316-6c69-4213-b3dd-92cb8d4c91f0 HTTP/1.1" status: 200 len: 860 time: 0.0691822
2026-05-28 22:53:34.844 9 INFO neutron.wsgi [req-11342a40-81a6-42fb-8667-993ffc738d99 req-91391ae1-3064-4190-bbe0-71bccb3dfdec beef6ced74a84d9f9798411bd7deaa2b dd5f787bbc424e528546919ea3587af2 - - default default] 10.0.0.25 "GET /v2.0/quotas/dd5f787bbc424e528546919ea3587af2 HTTP/1.1" status: 200 len: 386 time: 0.0107298
2026-05-28 22:53:34.863 10 INFO neutron.wsgi [req-3cfce9cb-c594-4d91-a9d1-d4fcf551e26e req-5af23e8a-02df-44dd-a2bb-c14b962f8507 8c05e8506a544eac8d112e16144c9808 a9e12a506e0745d0a5d5586c11671ce0 - - default default] 10.0.0.25 "GET /v2.0/security-groups?id=cb5f609c-de4d-4bf2-8192-0f055357b79e&fields=id&fields=name HTTP/1.1" status: 200 len: 313 time: 0.0576897
2026-05-28 22:53:34.963 9 INFO neutron.wsgi [req-11342a40-81a6-42fb-8667-993ffc738d99 req-3fc2216b-d531-46d6-83cb-c7b6bd3f4eea beef6ced74a84d9f9798411bd7deaa2b dd5f787bbc424e528546919ea3587af2 - - default default] 10.0.0.25 "GET /v2.0/ports?tenant_id=dd5f787bbc424e528546919ea3587af2&fields=id HTTP/1.1" status: 200 len: 302 time: 0.1136172
2026-05-28 22:53:35.056 9 INFO neutron.wsgi [req-11342a40-81a6-42fb-8667-993ffc738d99 req-cb0870ab-18d4-442a-98bc-2efcaf36d405 2e97ca90eb3546e1ae99765880d7dfc4 73a0f4f6eb244478b26f178b2d6bc468 - - c677fa05ab174be88a773294a28ab893 c677fa05ab174be88a773294a28ab893] 10.0.0.25 "GET /v2.0/networks/36d4e316-6c69-4213-b3dd-92cb8d4c91f0?fields=segments HTTP/1.1" status: 200 len: 212 time: 0.0617874
2026-05-28 22:53:35.143 9 INFO neutron.wsgi [req-11342a40-81a6-42fb-8667-993ffc738d99 req-7a38019f-f9ee-4b69-a0c5-9cd77c81c2bf 2e97ca90eb3546e1ae99765880d7dfc4 73a0f4f6eb244478b26f178b2d6bc468 - - c677fa05ab174be88a773294a28ab893 c677fa05ab174be88a773294a28ab893] 10.0.0.25 "GET /v2.0/networks/36d4e316-6c69-4213-b3dd-92cb8d4c91f0?fields=provider%3Aphysical_network&fields=provider%3Anetwork_type HTTP/1.1" status: 200 len: 277 time: 0.0797622
2026-05-28 22:53:35.163 9 INFO neutron.plugins.ml2.drivers.ovn.mech_driver.mech_driver [None req-e6771b60-b103-471a-8a1b-323c05953c8e - - - - - -] OVN reports status down for port: 904f9a9c-b420-4403-b056-c95ab63c0c60
2026-05-28 22:53:35.211 10 INFO neutron.wsgi [req-5101ad06-15ae-45f1-8406-8f3c9c4f4bde req-1ebe0a10-5d7e-4cff-9311-4066bd5ac1b6 8c05e8506a544eac8d112e16144c9808 a9e12a506e0745d0a5d5586c11671ce0 - - default default] 10.0.0.25 "GET /v2.0/ports?device_id=08db7266-2e59-429f-b42c-d21add7cacb4 HTTP/1.1" status: 200 len: 1174 time: 0.0799544
2026-05-28 22:53:35.265 10 INFO neutron.wsgi [req-5101ad06-15ae-45f1-8406-8f3c9c4f4bde req-a46a77bf-e3d2-477f-80f0-26d7730f4ffe 8c05e8506a544eac8d112e16144c9808 a9e12a506e0745d0a5d5586c11671ce0 - - default default] 10.0.0.25 "GET /v2.0/security-groups?id=cb5f609c-de4d-4bf2-8192-0f055357b79e&fields=id&fields=name HTTP/1.1" status: 200 len: 313 time: 0.0450230
2026-05-28 22:53:35.292 9 INFO neutron.wsgi [req-f10eb25a-47f1-433a-a80e-509fbffc5642 req-5ed659db-a776-4894-9b2e-66f15281c3e1 beef6ced74a84d9f9798411bd7deaa2b dd5f787bbc424e528546919ea3587af2 - - default default] 10.0.0.25 "GET /v2.0/ports?device_id=dcd35c17-4638-4315-9a2e-f9fc999a4ef6 HTTP/1.1" status: 200 len: 210 time: 0.0284438
2026-05-28 22:53:35.480 9 INFO neutron.db.ovn_revision_numbers_db [None req-e6771b60-b103-471a-8a1b-323c05953c8e - - - - - -] Successfully bumped revision number for resource 904f9a9c-b420-4403-b056-c95ab63c0c60 (type: ports) to 5
2026-05-28 22:53:35.495 10 INFO neutron.wsgi [req-6bdef8b7-f0af-462a-bc8d-9e7e2d26d040 req-2ee5f417-c87c-4188-8d4d-af7e9cdeae81 8c05e8506a544eac8d112e16144c9808 a9e12a506e0745d0a5d5586c11671ce0 - - default default] 199.204.45.210 "GET /v2.0/ports?device_id=08db7266-2e59-429f-b42c-d21add7cacb4 HTTP/1.1" status: 200 len: 1172 time: 0.0437486 /var/lib/openstack/lib/python3.10/site-packages/pycadf/identifier.py:71: UserWarning: Invalid uuid: neutron. To ensure interoperability, identifiers should be a valid uuid. warnings.warn(('Invalid uuid: %s. To ensure interoperability, '
2026-05-28 22:53:35.599 9 INFO neutron.wsgi [None req-7a4e01ba-cb46-4056-b79a-97ad69427cf6 2012dd07441f48e5908572094c88fb83 690fe7d91cd947b599f177ab9e7d9a7a - - default default] 10.0.0.79 "GET /v2.0/extensions HTTP/1.1" status: 200 len: 16980 time: 0.0079534
2026-05-28 22:53:35.737 10 INFO neutron.wsgi [None req-007e3948-5168-4209-a273-708c8f1d2979 2012dd07441f48e5908572094c88fb83 690fe7d91cd947b599f177ab9e7d9a7a - - default default] 10.0.0.79 "GET /v2.0/quotas/690fe7d91cd947b599f177ab9e7d9a7a/details HTTP/1.1" status: 200 len: 756 time: 0.1223445
2026-05-28 22:53:35.781 10 INFO neutron.db.l3_db [req-6bdef8b7-f0af-462a-bc8d-9e7e2d26d040 req-b706acab-58f4-46a9-81a7-235b84e15c8d 8c05e8506a544eac8d112e16144c9808 a9e12a506e0745d0a5d5586c11671ce0 - - default default] Floating IP d3df7190-9e30-407b-9138-0160fd680c1b disassociated. External IP: 10.96.250.210, port: 904f9a9c-b420-4403-b056-c95ab63c0c60. /var/lib/openstack/lib/python3.10/site-packages/pycadf/identifier.py:71: UserWarning: Invalid uuid: neutron. To ensure interoperability, identifiers should be a valid uuid. warnings.warn(('Invalid uuid: %s. To ensure interoperability, '
2026-05-28 22:53:36.049 9 INFO neutron.wsgi [req-11342a40-81a6-42fb-8667-993ffc738d99 req-0d6e9ed1-4bdc-4056-a0b5-49c751bdd702 beef6ced74a84d9f9798411bd7deaa2b dd5f787bbc424e528546919ea3587af2 - - default default] 199.204.45.210 "GET /v2.0/networks?id=36d4e316-6c69-4213-b3dd-92cb8d4c91f0 HTTP/1.1" status: 200 len: 860 time: 0.0918860
2026-05-28 22:53:36.109 9 INFO neutron.wsgi [req-11342a40-81a6-42fb-8667-993ffc738d99 req-31f001b1-a677-4a07-a0e6-a8243622d8f9 beef6ced74a84d9f9798411bd7deaa2b dd5f787bbc424e528546919ea3587af2 - - default default] 199.204.45.210 "GET /v2.0/security-groups?fields=id&fields=name&tenant_id=dd5f787bbc424e528546919ea3587af2 HTTP/1.1" status: 200 len: 380 time: 0.0517614
2026-05-28 22:53:36.119 9 WARNING neutron_lib.context [req-11342a40-81a6-42fb-8667-993ffc738d99 req-51704811-32dd-414e-98e1-0ee5dbee3a1d beef6ced74a84d9f9798411bd7deaa2b dd5f787bbc424e528546919ea3587af2 - - default default] Method 'is_advsvc' is deprecated since 2023.2 release (neutron-lib 3.8.0) and will be removed once support for the old RBAC API policies will be removed from Neutron. Please use method 'is_service_role' instead.
2026-05-28 22:53:36.186 10 INFO neutron.wsgi [req-6bdef8b7-f0af-462a-bc8d-9e7e2d26d040 req-b706acab-58f4-46a9-81a7-235b84e15c8d 8c05e8506a544eac8d112e16144c9808 a9e12a506e0745d0a5d5586c11671ce0 - - default default] 199.204.45.210 "DELETE /v2.0/ports/904f9a9c-b420-4403-b056-c95ab63c0c60 HTTP/1.1" status: 204 len: 173 time: 0.6863277
2026-05-28 22:53:36.236 10 INFO neutron.notifiers.nova [-] Nova event matching ['req-b95a31b8-f79f-4353-ad12-204a9c01c5b2'] response: {'server_uuid': '08db7266-2e59-429f-b42c-d21add7cacb4', 'name': 'network-vif-deleted', 'tag': '904f9a9c-b420-4403-b056-c95ab63c0c60', 'status': 'completed', 'code': 200}
2026-05-28 22:53:36.380 10 INFO neutron.wsgi [req-0cede960-c3ec-4fae-be77-f9b3cd60de32 req-25f98ab3-f6ff-45a5-aa55-f3e77b02614d beef6ced74a84d9f9798411bd7deaa2b dd5f787bbc424e528546919ea3587af2 - - default default] 10.0.0.25 "GET /v2.0/ports?device_id=dcd35c17-4638-4315-9a2e-f9fc999a4ef6 HTTP/1.1" status: 200 len: 210 time: 0.0279984
2026-05-28 22:53:36.406 9 INFO neutron.wsgi [req-1067a723-b22b-4355-9baa-38ed0d3ed552 req-cfaf4e46-741d-42c1-8e94-21b752364b06 8c05e8506a544eac8d112e16144c9808 a9e12a506e0745d0a5d5586c11671ce0 - - default default] 10.0.0.25 "GET /v2.0/ports?device_id=08db7266-2e59-429f-b42c-d21add7cacb4 HTTP/1.1" status: 200 len: 210 time: 0.0252881
2026-05-28 22:53:36.526 9 INFO neutron.notifiers.nova [-] Nova event matching ['req-8c03d6cd-5cd0-406e-ad63-b3852fa77041'] response: {'name': 'network-changed', 'server_uuid': '08db7266-2e59-429f-b42c-d21add7cacb4', 'tag': '904f9a9c-b420-4403-b056-c95ab63c0c60', 'status': 'completed', 'code': 200}
2026-05-28 22:53:36.527 9 INFO neutron.notifiers.nova [-] Nova event matching ['req-8c03d6cd-5cd0-406e-ad63-b3852fa77041'] response: {'server_uuid': '08db7266-2e59-429f-b42c-d21add7cacb4', 'name': 'network-vif-unplugged', 'status': 'completed', 'tag': '904f9a9c-b420-4403-b056-c95ab63c0c60', 'code': 200}
2026-05-28 22:53:36.527 9 INFO neutron.notifiers.nova [-] Nova event matching ['req-8c03d6cd-5cd0-406e-ad63-b3852fa77041'] response: {'server_uuid': '08db7266-2e59-429f-b42c-d21add7cacb4', 'name': 'network-vif-plugged', 'status': 'completed', 'tag': '904f9a9c-b420-4403-b056-c95ab63c0c60', 'code': 200}
2026-05-28 22:53:36.568 10 INFO neutron.wsgi [req-828a52aa-50c1-47ba-99c6-cf19caab53d1 req-d5087687-f20d-4e41-bd57-ac7786bdd8f2 2e97ca90eb3546e1ae99765880d7dfc4 73a0f4f6eb244478b26f178b2d6bc468 - - c677fa05ab174be88a773294a28ab893 c677fa05ab174be88a773294a28ab893] 199.204.45.210 "GET /v2.0/ports?tenant_id=a9e12a506e0745d0a5d5586c11671ce0&device_id=08db7266-2e59-429f-b42c-d21add7cacb4 HTTP/1.1" status: 200 len: 210 time: 0.0235791
2026-05-28 22:53:36.684 10 INFO neutron.wsgi [req-828a52aa-50c1-47ba-99c6-cf19caab53d1 req-4f0d7413-865b-459c-a59b-b0034bbd0342 2e97ca90eb3546e1ae99765880d7dfc4 73a0f4f6eb244478b26f178b2d6bc468 - - c677fa05ab174be88a773294a28ab893 c677fa05ab174be88a773294a28ab893] 199.204.45.210 "GET /v2.0/networks?tenant_id=a9e12a506e0745d0a5d5586c11671ce0&shared=False HTTP/1.1" status: 200 len: 974 time: 0.1112502
2026-05-28 22:53:36.696 9 WARNING neutron.scheduler.dhcp_agent_scheduler [req-11342a40-81a6-42fb-8667-993ffc738d99 req-51704811-32dd-414e-98e1-0ee5dbee3a1d beef6ced74a84d9f9798411bd7deaa2b dd5f787bbc424e528546919ea3587af2 - - default default] No more DHCP agents
2026-05-28 22:53:36.698 9 WARNING neutron.api.rpc.agentnotifiers.dhcp_rpc_agent_api [req-11342a40-81a6-42fb-8667-993ffc738d99 req-51704811-32dd-414e-98e1-0ee5dbee3a1d beef6ced74a84d9f9798411bd7deaa2b dd5f787bbc424e528546919ea3587af2 - - default default] Unable to schedule network 36d4e316-6c69-4213-b3dd-92cb8d4c91f0: no agents available; will retry on subsequent port and subnet creation events.
2026-05-28 22:53:36.779 10 INFO neutron.wsgi [req-828a52aa-50c1-47ba-99c6-cf19caab53d1 req-66fb38b3-93fa-4d8e-b67f-087234120fdc 2e97ca90eb3546e1ae99765880d7dfc4 73a0f4f6eb244478b26f178b2d6bc468 - - c677fa05ab174be88a773294a28ab893 c677fa05ab174be88a773294a28ab893] 199.204.45.210 "GET /v2.0/networks?shared=True HTTP/1.1" status: 200 len: 952 time: 0.0862556
2026-05-28 22:53:36.885 9 INFO neutron.db.ovn_revision_numbers_db [req-11342a40-81a6-42fb-8667-993ffc738d99 req-51704811-32dd-414e-98e1-0ee5dbee3a1d beef6ced74a84d9f9798411bd7deaa2b dd5f787bbc424e528546919ea3587af2 - - default default] Successfully bumped revision number for resource 646d3403-b5cf-4513-8003-cfe135f3655c (type: ports) to 1
2026-05-28 22:53:36.935 9 INFO neutron.wsgi [req-11342a40-81a6-42fb-8667-993ffc738d99 req-51704811-32dd-414e-98e1-0ee5dbee3a1d beef6ced74a84d9f9798411bd7deaa2b dd5f787bbc424e528546919ea3587af2 - - default default] 199.204.45.210 "POST /v2.0/ports HTTP/1.1" status: 201 len: 1158 time: 0.8201907 /var/lib/openstack/lib/python3.10/site-packages/pycadf/identifier.py:71: UserWarning: Invalid uuid: neutron. To ensure interoperability, identifiers should be a valid uuid. warnings.warn(('Invalid uuid: %s. To ensure interoperability, '
2026-05-28 22:53:37.332 9 INFO neutron.db.ovn_revision_numbers_db [req-11342a40-81a6-42fb-8667-993ffc738d99 req-f392fedc-feff-46bc-99bb-9110e5c4ecf7 2e97ca90eb3546e1ae99765880d7dfc4 73a0f4f6eb244478b26f178b2d6bc468 - - c677fa05ab174be88a773294a28ab893 c677fa05ab174be88a773294a28ab893] Successfully bumped revision number for resource 646d3403-b5cf-4513-8003-cfe135f3655c (type: ports) to 2 /var/lib/openstack/lib/python3.10/site-packages/pycadf/identifier.py:71: UserWarning: Invalid uuid: neutron. To ensure interoperability, identifiers should be a valid uuid. warnings.warn(('Invalid uuid: %s. To ensure interoperability, '
2026-05-28 22:53:37.512 9 INFO neutron.wsgi [req-e2ae0b13-69cb-4798-b907-fb7fb29f4b0f req-26237699-8d2a-414b-9c27-2ae9aa959dcf beef6ced74a84d9f9798411bd7deaa2b dd5f787bbc424e528546919ea3587af2 - - default default] 10.0.0.25 "GET /v2.0/ports?device_id=dcd35c17-4638-4315-9a2e-f9fc999a4ef6 HTTP/1.1" status: 200 len: 1168 time: 0.0453939
2026-05-28 22:53:37.575 9 INFO neutron.wsgi [req-e2ae0b13-69cb-4798-b907-fb7fb29f4b0f req-c3b9be7f-0a00-44c2-b1c9-21e48956d3da beef6ced74a84d9f9798411bd7deaa2b dd5f787bbc424e528546919ea3587af2 - - default default] 10.0.0.25 "GET /v2.0/security-groups?id=11ef0bb5-5391-4555-8238-60d125edd3dc&fields=id&fields=name HTTP/1.1" status: 200 len: 313 time: 0.0550749
2026-05-28 22:53:37.577 9 INFO neutron.db.ovn_revision_numbers_db [req-11342a40-81a6-42fb-8667-993ffc738d99 req-f392fedc-feff-46bc-99bb-9110e5c4ecf7 2e97ca90eb3546e1ae99765880d7dfc4 73a0f4f6eb244478b26f178b2d6bc468 - - c677fa05ab174be88a773294a28ab893 c677fa05ab174be88a773294a28ab893] Successfully bumped revision number for resource 646d3403-b5cf-4513-8003-cfe135f3655c (type: ports) to 2
2026-05-28 22:53:37.601 9 INFO neutron.wsgi [req-11342a40-81a6-42fb-8667-993ffc738d99 req-f392fedc-feff-46bc-99bb-9110e5c4ecf7 2e97ca90eb3546e1ae99765880d7dfc4 73a0f4f6eb244478b26f178b2d6bc468 - - c677fa05ab174be88a773294a28ab893 c677fa05ab174be88a773294a28ab893] 199.204.45.210 "PUT /v2.0/ports/646d3403-b5cf-4513-8003-cfe135f3655c HTTP/1.1" status: 200 len: 1376 time: 0.6590233
2026-05-28 22:53:37.632 10 WARNING neutron.plugins.ml2.drivers.ovn.mech_driver.ovsdb.ovn_client [None req-97ab8ac3-bf11-4efe-8f10-3e367a5a18a6 - - - - - -] No hosting information found for port 307d7595-64ea-44e0-93bb-be3379f657ed: RuntimeError: No hosting information found for port 307d7595-64ea-44e0-93bb-be3379f657ed
2026-05-28 22:53:37.662 9 INFO neutron.wsgi [None req-fbe15c4e-906e-4a03-b7c6-b04604ca4a68 8c05e8506a544eac8d112e16144c9808 a9e12a506e0745d0a5d5586c11671ce0 - - default default] 10.0.0.129 "DELETE /v2.0/security-groups/cb5f609c-de4d-4bf2-8192-0f055357b79e HTTP/1.1" status: 204 len: 168 time: 0.1690257
2026-05-28 22:53:37.673 9 INFO neutron.wsgi [req-11342a40-81a6-42fb-8667-993ffc738d99 req-f9d83da1-15be-4b42-bffe-7263776eb70c 2e97ca90eb3546e1ae99765880d7dfc4 73a0f4f6eb244478b26f178b2d6bc468 - - c677fa05ab174be88a773294a28ab893 c677fa05ab174be88a773294a28ab893] 199.204.45.210 "GET /v2.0/ports?tenant_id=dd5f787bbc424e528546919ea3587af2&device_id=dcd35c17-4638-4315-9a2e-f9fc999a4ef6 HTTP/1.1" status: 200 len: 1407 time: 0.0366838
2026-05-28 22:53:37.681 10 INFO neutron.api.v2.resource [None req-36a1d37d-9074-4c24-b225-14191067f074 8c05e8506a544eac8d112e16144c9808 a9e12a506e0745d0a5d5586c11671ce0 - - default default] show failed (client error): The resource could not be found.
2026-05-28 22:53:37.682 10 INFO neutron.wsgi [None req-36a1d37d-9074-4c24-b225-14191067f074 8c05e8506a544eac8d112e16144c9808 a9e12a506e0745d0a5d5586c11671ce0 - - default default] 10.0.0.129 "GET /v2.0/security-groups/cb5f609c-de4d-4bf2-8192-0f055357b79e HTTP/1.1" status: 404 len: 347 time: 0.0153303
2026-05-28 22:53:37.700 9 INFO neutron.wsgi [req-11342a40-81a6-42fb-8667-993ffc738d99 req-0bb22d87-06ca-4338-8e41-6578dbae4551 2e97ca90eb3546e1ae99765880d7dfc4 73a0f4f6eb244478b26f178b2d6bc468 - - c677fa05ab174be88a773294a28ab893 c677fa05ab174be88a773294a28ab893] 199.204.45.210 "GET /v2.0/floatingips?fixed_ip_address=10.100.0.4&port_id=646d3403-b5cf-4513-8003-cfe135f3655c HTTP/1.1" status: 200 len: 217 time: 0.0194225
2026-05-28 22:53:37.773 9 INFO neutron.wsgi [req-11342a40-81a6-42fb-8667-993ffc738d99 req-0de06820-26c9-4ae1-8428-91a80acf0e5b 2e97ca90eb3546e1ae99765880d7dfc4 73a0f4f6eb244478b26f178b2d6bc468 - - c677fa05ab174be88a773294a28ab893 c677fa05ab174be88a773294a28ab893] 199.204.45.210 "GET /v2.0/subnets?id=abd82f50-54a7-455a-afc2-74d2a791cd17 HTTP/1.1" status: 200 len: 852 time: 0.0594792
2026-05-28 22:53:37.814 9 INFO neutron.wsgi [req-11342a40-81a6-42fb-8667-993ffc738d99 req-09b1c07e-cf0b-4a4b-9c55-23e13db994d5 2e97ca90eb3546e1ae99765880d7dfc4 73a0f4f6eb244478b26f178b2d6bc468 - - c677fa05ab174be88a773294a28ab893 c677fa05ab174be88a773294a28ab893] 199.204.45.210 "GET /v2.0/ports?network_id=36d4e316-6c69-4213-b3dd-92cb8d4c91f0&device_owner=network%3Adhcp HTTP/1.1" status: 200 len: 210 time: 0.0301409
2026-05-28 22:53:37.890 9 INFO neutron.wsgi [req-11342a40-81a6-42fb-8667-993ffc738d99 req-c8baa43e-684c-485b-b54b-81e46d8f1ee1 2e97ca90eb3546e1ae99765880d7dfc4 73a0f4f6eb244478b26f178b2d6bc468 - - c677fa05ab174be88a773294a28ab893 c677fa05ab174be88a773294a28ab893] 199.204.45.210 "GET /v2.0/networks/36d4e316-6c69-4213-b3dd-92cb8d4c91f0?fields=segments HTTP/1.1" status: 200 len: 212 time: 0.0680623
2026-05-28 22:53:37.975 9 INFO neutron.wsgi [req-11342a40-81a6-42fb-8667-993ffc738d99 req-9ff8f271-17dc-4aba-8d8d-e681a3f5c97b 2e97ca90eb3546e1ae99765880d7dfc4 73a0f4f6eb244478b26f178b2d6bc468 - - c677fa05ab174be88a773294a28ab893 c677fa05ab174be88a773294a28ab893] 199.204.45.210 "GET /v2.0/networks/36d4e316-6c69-4213-b3dd-92cb8d4c91f0?fields=provider%3Aphysical_network&fields=provider%3Anetwork_type HTTP/1.1" status: 200 len: 277 time: 0.0655110
2026-05-28 22:53:38.115 9 INFO neutron.wsgi [None req-74d45af3-74d1-4525-9730-8f775c1e00d8 8c05e8506a544eac8d112e16144c9808 a9e12a506e0745d0a5d5586c11671ce0 - - default default] 10.0.0.129 "DELETE /v2.0/floatingips/d3df7190-9e30-407b-9138-0160fd680c1b HTTP/1.1" status: 204 len: 168 time: 0.4290504
2026-05-28 22:53:38.158 9 INFO neutron.plugins.ml2.drivers.ovn.mech_driver.mech_driver [None req-e6771b60-b103-471a-8a1b-323c05953c8e - - - - - -] OVN reports status up for port: 646d3403-b5cf-4513-8003-cfe135f3655c
2026-05-28 22:53:38.186 9 INFO neutron.plugins.ml2.plugin [None req-e6771b60-b103-471a-8a1b-323c05953c8e - - - - - -] Attempt 1 to provision port 646d3403-b5cf-4513-8003-cfe135f3655c
2026-05-28 22:53:38.535 10 INFO neutron.db.ovn_revision_numbers_db [None req-22cdb47a-704d-49b2-b5e7-0d7747173e23 b76c453d58874d13b85a7d1b8ac146fa 3ad2daaa386e48638d73cfacb3b5a244 - - default default] Successfully bumped revision number for resource 95c0642d-986a-4448-83ce-72104b81cb5a (type: security_groups) to 1
2026-05-28 22:53:38.550 10 INFO neutron.db.ovn_revision_numbers_db [None req-22cdb47a-704d-49b2-b5e7-0d7747173e23 b76c453d58874d13b85a7d1b8ac146fa 3ad2daaa386e48638d73cfacb3b5a244 - - default default] Successfully bumped revision number for resource 2823e23d-0998-4d97-8a12-5ad0edbddb64 (type: security_group_rules) to 0
2026-05-28 22:53:38.568 10 INFO neutron.db.ovn_revision_numbers_db [None req-22cdb47a-704d-49b2-b5e7-0d7747173e23 b76c453d58874d13b85a7d1b8ac146fa 3ad2daaa386e48638d73cfacb3b5a244 - - default default] Successfully bumped revision number for resource 3c8746da-96c2-414c-ac33-548ba2d6ff7d (type: security_group_rules) to 0
2026-05-28 22:53:38.580 9 INFO neutron.notifiers.nova [-] Nova event matching ['req-0cafbe2b-4654-4883-acea-35ffa3153a81'] response: {'name': 'network-changed', 'server_uuid': 'dcd35c17-4638-4315-9a2e-f9fc999a4ef6', 'tag': '646d3403-b5cf-4513-8003-cfe135f3655c', 'status': 'completed', 'code': 200}
2026-05-28 22:53:38.580 9 INFO neutron.notifiers.nova [-] Nova event matching ['req-0cafbe2b-4654-4883-acea-35ffa3153a81'] response: {'server_uuid': 'dcd35c17-4638-4315-9a2e-f9fc999a4ef6', 'name': 'network-vif-plugged', 'status': 'completed', 'tag': '646d3403-b5cf-4513-8003-cfe135f3655c', 'code': 200}
2026-05-28 22:53:38.589 10 INFO neutron.db.ovn_revision_numbers_db [None req-22cdb47a-704d-49b2-b5e7-0d7747173e23 b76c453d58874d13b85a7d1b8ac146fa 3ad2daaa386e48638d73cfacb3b5a244 - - default default] Successfully bumped revision number for resource c7b817b7-9148-40a5-bd05-92c05d46d7a3 (type: security_group_rules) to 0
2026-05-28 22:53:38.635 10 INFO neutron.db.ovn_revision_numbers_db [None req-22cdb47a-704d-49b2-b5e7-0d7747173e23 b76c453d58874d13b85a7d1b8ac146fa 3ad2daaa386e48638d73cfacb3b5a244 - - default default] Successfully bumped revision number for resource fae5d253-414e-462b-9e61-5ddfe822e19b (type: security_group_rules) to 0
2026-05-28 22:53:38.661 10 INFO neutron.wsgi [None req-22cdb47a-704d-49b2-b5e7-0d7747173e23 b76c453d58874d13b85a7d1b8ac146fa 3ad2daaa386e48638d73cfacb3b5a244 - - default default] 10.0.0.129 "GET /v2.0/security-groups?tenant_id=690fe7d91cd947b599f177ab9e7d9a7a&name=default HTTP/1.1" status: 200 len: 2996 time: 0.4577453
2026-05-28 22:53:38.683 9 INFO neutron.wsgi [req-7ae97936-bb1f-4d82-98be-044fda0089c0 req-f5ce2219-9363-446d-9d5a-be1e9d22e4e7 2e97ca90eb3546e1ae99765880d7dfc4 73a0f4f6eb244478b26f178b2d6bc468 - - c677fa05ab174be88a773294a28ab893 c677fa05ab174be88a773294a28ab893] 199.204.45.210 "GET /v2.0/ports?tenant_id=dd5f787bbc424e528546919ea3587af2&device_id=dcd35c17-4638-4315-9a2e-f9fc999a4ef6 HTTP/1.1" status: 200 len: 1409 time: 0.0766149
2026-05-28 22:53:38.683 9 INFO neutron.db.ovn_revision_numbers_db [None req-e6771b60-b103-471a-8a1b-323c05953c8e - - - - - -] Successfully bumped revision number for resource 646d3403-b5cf-4513-8003-cfe135f3655c (type: ports) to 4
2026-05-28 22:53:38.710 9 INFO neutron.wsgi [req-d0e0f122-e241-4cb5-952a-80a8c0467e54 req-4f09787a-314b-4da8-ac16-4fe802e4079a beef6ced74a84d9f9798411bd7deaa2b dd5f787bbc424e528546919ea3587af2 - - default default] 10.0.0.25 "GET /v2.0/ports?device_id=dcd35c17-4638-4315-9a2e-f9fc999a4ef6 HTTP/1.1" status: 200 len: 1170 time: 0.0602336
2026-05-28 22:53:38.823 9 INFO neutron.wsgi [req-d0e0f122-e241-4cb5-952a-80a8c0467e54 req-b56b9b68-dbc2-4b1e-9a02-3a15bd9bde9e beef6ced74a84d9f9798411bd7deaa2b dd5f787bbc424e528546919ea3587af2 - - default default] 10.0.0.25 "GET /v2.0/security-groups?id=11ef0bb5-5391-4555-8238-60d125edd3dc&fields=id&fields=name HTTP/1.1" status: 200 len: 313 time: 0.1014428
2026-05-28 22:53:38.827 9 INFO neutron.wsgi [req-7ae97936-bb1f-4d82-98be-044fda0089c0 req-986e55bc-b136-478d-96e7-237f23894f4f 2e97ca90eb3546e1ae99765880d7dfc4 73a0f4f6eb244478b26f178b2d6bc468 - - c677fa05ab174be88a773294a28ab893 c677fa05ab174be88a773294a28ab893] 199.204.45.210 "GET /v2.0/networks?id=36d4e316-6c69-4213-b3dd-92cb8d4c91f0 HTTP/1.1" status: 200 len: 959 time: 0.1347213 /var/lib/openstack/lib/python3.10/site-packages/pycadf/identifier.py:71: UserWarning: Invalid uuid: neutron. To ensure interoperability, identifiers should be a valid uuid. warnings.warn(('Invalid uuid: %s. To ensure interoperability, '
2026-05-28 22:53:38.856 10 INFO neutron.wsgi [None req-18c28f1d-ec88-4918-8886-d548e71f87b8 b76c453d58874d13b85a7d1b8ac146fa 3ad2daaa386e48638d73cfacb3b5a244 - - default default] 10.0.0.129 "DELETE /v2.0/security-groups/95c0642d-986a-4448-83ce-72104b81cb5a HTTP/1.1" status: 204 len: 168 time: 0.1843560
2026-05-28 22:53:38.863 9 INFO neutron.wsgi [req-7ae97936-bb1f-4d82-98be-044fda0089c0 req-4d7bd2e6-6733-4d01-80c8-fac8436cafe8 2e97ca90eb3546e1ae99765880d7dfc4 73a0f4f6eb244478b26f178b2d6bc468 - - c677fa05ab174be88a773294a28ab893 c677fa05ab174be88a773294a28ab893] 199.204.45.210 "GET /v2.0/floatingips?fixed_ip_address=10.100.0.4&port_id=646d3403-b5cf-4513-8003-cfe135f3655c HTTP/1.1" status: 200 len: 217 time: 0.0292530
2026-05-28 22:53:38.914 9 INFO neutron.wsgi [req-7ae97936-bb1f-4d82-98be-044fda0089c0 req-420becad-119d-42d1-ba6f-edc15444c4c2 2e97ca90eb3546e1ae99765880d7dfc4 73a0f4f6eb244478b26f178b2d6bc468 - - c677fa05ab174be88a773294a28ab893 c677fa05ab174be88a773294a28ab893] 199.204.45.210 "GET /v2.0/subnets?id=abd82f50-54a7-455a-afc2-74d2a791cd17 HTTP/1.1" status: 200 len: 852 time: 0.0456665
2026-05-28 22:53:38.948 9 INFO neutron.wsgi [req-7ae97936-bb1f-4d82-98be-044fda0089c0 req-16536830-09e6-4b87-bd61-57972dd4916b 2e97ca90eb3546e1ae99765880d7dfc4 73a0f4f6eb244478b26f178b2d6bc468 - - c677fa05ab174be88a773294a28ab893 c677fa05ab174be88a773294a28ab893] 199.204.45.210 "GET /v2.0/ports?network_id=36d4e316-6c69-4213-b3dd-92cb8d4c91f0&device_owner=network%3Adhcp HTTP/1.1" status: 200 len: 210 time: 0.0263610
2026-05-28 22:53:39.023 9 INFO neutron.wsgi [req-7ae97936-bb1f-4d82-98be-044fda0089c0 req-219a419e-7795-4840-b069-7fa14efe7b9b 2e97ca90eb3546e1ae99765880d7dfc4 73a0f4f6eb244478b26f178b2d6bc468 - - c677fa05ab174be88a773294a28ab893 c677fa05ab174be88a773294a28ab893] 199.204.45.210 "GET /v2.0/networks/36d4e316-6c69-4213-b3dd-92cb8d4c91f0?fields=segments HTTP/1.1" status: 200 len: 212 time: 0.0669370
2026-05-28 22:53:39.091 9 INFO neutron.wsgi [req-7ae97936-bb1f-4d82-98be-044fda0089c0 req-223ed99f-e431-455e-a77d-ed3e77e8ab56 2e97ca90eb3546e1ae99765880d7dfc4 73a0f4f6eb244478b26f178b2d6bc468 - - c677fa05ab174be88a773294a28ab893 c677fa05ab174be88a773294a28ab893] 199.204.45.210 "GET /v2.0/networks/36d4e316-6c69-4213-b3dd-92cb8d4c91f0?fields=provider%3Aphysical_network&fields=provider%3Anetwork_type HTTP/1.1" status: 200 len: 277 time: 0.0557482
2026-05-28 22:53:39.799 9 INFO neutron.wsgi [None req-eb851e95-9bcf-4b9b-aa7c-17926364f4c6 b76c453d58874d13b85a7d1b8ac146fa 3ad2daaa386e48638d73cfacb3b5a244 - - default default] 10.0.0.129 "PUT /v2.0/routers/5039d2f1-c81b-472e-97eb-dd3b67e1c6cb/remove_router_interface HTTP/1.1" status: 200 len: 503 time: 1.6768882 /var/lib/openstack/lib/python3.10/site-packages/pycadf/identifier.py:71: UserWarning: Invalid uuid: neutron. To ensure interoperability, identifiers should be a valid uuid. warnings.warn(('Invalid uuid: %s. To ensure interoperability, '
2026-05-28 22:53:39.989 10 INFO neutron.wsgi [req-dc7c40b1-8037-4179-b7af-192e59ce6276 req-d7714487-0d27-43c9-a077-a4ab997f0848 beef6ced74a84d9f9798411bd7deaa2b dd5f787bbc424e528546919ea3587af2 - - default default] 10.0.0.25 "GET /v2.0/ports?device_id=dcd35c17-4638-4315-9a2e-f9fc999a4ef6 HTTP/1.1" status: 200 len: 1170 time: 0.0971892
2026-05-28 22:53:40.031 10 INFO neutron.wsgi [req-dc7c40b1-8037-4179-b7af-192e59ce6276 req-7f2fbcbb-7de9-43a6-a279-6506911535dc beef6ced74a84d9f9798411bd7deaa2b dd5f787bbc424e528546919ea3587af2 - - default default] 10.0.0.25 "GET /v2.0/security-groups?id=11ef0bb5-5391-4555-8238-60d125edd3dc&fields=id&fields=name HTTP/1.1" status: 200 len: 313 time: 0.0342336
2026-05-28 22:53:40.200 9 INFO neutron.wsgi [req-229aefa7-97a7-42d8-b4e0-fc16bbd6b7f5 req-7040dc4c-f2b3-426e-b112-d8cf70d580e0 beef6ced74a84d9f9798411bd7deaa2b dd5f787bbc424e528546919ea3587af2 - - default default] 10.0.0.25 "GET /v2.0/ports?device_id=dcd35c17-4638-4315-9a2e-f9fc999a4ef6 HTTP/1.1" status: 200 len: 1170 time: 0.1015697
2026-05-28 22:53:40.260 9 INFO neutron.wsgi [req-229aefa7-97a7-42d8-b4e0-fc16bbd6b7f5 req-b9a12138-8805-49b8-9ffa-83c0be1c0873 beef6ced74a84d9f9798411bd7deaa2b dd5f787bbc424e528546919ea3587af2 - - default default] 10.0.0.25 "GET /v2.0/security-groups?id=11ef0bb5-5391-4555-8238-60d125edd3dc&fields=id&fields=name HTTP/1.1" status: 200 len: 313 time: 0.0515082
2026-05-28 22:53:40.351 9 INFO neutron.wsgi [None req-17b51ada-3870-4114-a968-f625b2c2dc64 d2b4f8b3e00a4c6e84ce79f9c9224f7f 350f5890a714444c983aca87321d765b - - default default] 10.0.0.129 "GET /v2.0/ports?device_id=dcd35c17-4638-4315-9a2e-f9fc999a4ef6 HTTP/1.1" status: 200 len: 1404 time: 0.0630100
2026-05-28 22:53:40.363 9 WARNING neutron_lib.context [None req-a0592b35-77b2-43e6-80e9-a6e12898fa57 beef6ced74a84d9f9798411bd7deaa2b dd5f787bbc424e528546919ea3587af2 - - default default] Method 'is_advsvc' is deprecated since 2023.2 release (neutron-lib 3.8.0) and will be removed once support for the old RBAC API policies will be removed from Neutron. Please use method 'is_service_role' instead.
2026-05-28 22:53:40.414 15 INFO neutron.plugins.ml2.drivers.ovn.mech_driver.ovsdb.maintenance [None req-e2f8f9e3-b592-4811-b00b-ba84f7114458 - - - - - -] Maintenance task: Synchronization finished (took 1.02 seconds)
2026-05-28 22:53:40.624 9 INFO neutron.notifiers.nova [-] Nova event matching ['req-1fc3fee8-cb7c-4c2d-93c7-c4b95a54d9a9'] response: {'server_uuid': 'dcd35c17-4638-4315-9a2e-f9fc999a4ef6', 'name': 'network-vif-plugged', 'status': 'completed', 'tag': '646d3403-b5cf-4513-8003-cfe135f3655c', 'code': 200}
2026-05-28 22:53:40.739 9 WARNING neutron.scheduler.dhcp_agent_scheduler [None req-a0592b35-77b2-43e6-80e9-a6e12898fa57 beef6ced74a84d9f9798411bd7deaa2b dd5f787bbc424e528546919ea3587af2 - - default default] No more DHCP agents
2026-05-28 22:53:40.744 9 WARNING neutron.api.rpc.agentnotifiers.dhcp_rpc_agent_api [None req-a0592b35-77b2-43e6-80e9-a6e12898fa57 beef6ced74a84d9f9798411bd7deaa2b dd5f787bbc424e528546919ea3587af2 - - default default] Unable to schedule network a3dd86cb-b66a-4537-94e0-ccb075ca04d6: no agents available; will retry on subsequent port and subnet creation events.
2026-05-28 22:53:40.894 9 INFO neutron.wsgi [None req-29be0363-b3cc-4d5b-add6-8450c4eaa5a2 b76c453d58874d13b85a7d1b8ac146fa 3ad2daaa386e48638d73cfacb3b5a244 - - default default] 10.0.0.129 "DELETE /v2.0/routers/5039d2f1-c81b-472e-97eb-dd3b67e1c6cb HTTP/1.1" status: 204 len: 168 time: 1.0909281
2026-05-28 22:53:41.145 9 INFO neutron.wsgi [None req-a1c509e0-4170-4ca7-88d9-9e8ce6b07cb2 b76c453d58874d13b85a7d1b8ac146fa 3ad2daaa386e48638d73cfacb3b5a244 - - default default] 10.0.0.129 "DELETE /v2.0/subnets/99fff5ec-f0b9-4501-ae36-faf1a44041cd HTTP/1.1" status: 204 len: 168 time: 0.2468317
