2026-05-28 22:52:02.550 9 INFO neutron.wsgi [None req-bb320d71-c0d2-46b3-9657-32bb7e9b651b 4b9ceb0c842d448487bef3053d683b65 8a75b6b2514844fa827e977460d47182 - - default default] 10.0.0.129 "POST /v2.0/security-groups HTTP/1.1" status: 201 len: 1796 time: 0.2189536
2026-05-28 22:52:02.568 9 WARNING neutron_lib.context [None req-01736476-4623-4eec-805b-ffb47d9d5d40 4b9ceb0c842d448487bef3053d683b65 8a75b6b2514844fa827e977460d47182 - - default default] Method 'is_advsvc' is deprecated since 2023.2 release (neutron-lib 3.8.0) and will be removed once support for the old RBAC API policies will be removed from Neutron. Please use method 'is_service_role' instead.
2026-05-28 22:52:02.727 10 INFO neutron.plugins.ml2.drivers.ovn.mech_driver.ovsdb.ovsdb_monitor [None req-fc0d5e50-a074-4e40-bad9-7beaa604013e - - - - - -] Router 8c13bf92-0064-4c82-aa85-7596472cbeba is bound to host instance
2026-05-28 22:52:02.742 9 INFO neutron.db.ovn_revision_numbers_db [None req-01736476-4623-4eec-805b-ffb47d9d5d40 4b9ceb0c842d448487bef3053d683b65 8a75b6b2514844fa827e977460d47182 - - default default] Successfully bumped revision number for resource 1776ccdb-dd39-4b8e-bb4d-09b7e9f97766 (type: security_group_rules) to 0
2026-05-28 22:52:02.759 10 INFO neutron.db.ovn_revision_numbers_db [None req-e6a44885-7650-430a-b269-e7853c5ad626 b76c453d58874d13b85a7d1b8ac146fa 3ad2daaa386e48638d73cfacb3b5a244 - - default default] Successfully bumped revision number for resource 968e312a-d0d1-45c7-8298-f3df78b48433 (type: router_ports) to 1
2026-05-28 22:52:02.775 9 INFO neutron.wsgi [None req-01736476-4623-4eec-805b-ffb47d9d5d40 4b9ceb0c842d448487bef3053d683b65 8a75b6b2514844fa827e977460d47182 - - default default] 10.0.0.129 "POST /v2.0/security-group-rules HTTP/1.1" status: 201 len: 764 time: 0.2128918
2026-05-28 22:52:02.778 9 WARNING neutron.scheduler.dhcp_agent_scheduler [None req-7dd7c234-432a-4dc6-ae27-420a27afb97b 1061312ac679486ba55e39aab7256f1e 9a27a7dc5d22441ca2da4e16b8ab1c8a - - default default] No more DHCP agents
2026-05-28 22:52:02.779 9 WARNING neutron.api.rpc.agentnotifiers.dhcp_rpc_agent_api [None req-7dd7c234-432a-4dc6-ae27-420a27afb97b 1061312ac679486ba55e39aab7256f1e 9a27a7dc5d22441ca2da4e16b8ab1c8a - - default default] Unable to schedule network a3dd86cb-b66a-4537-94e0-ccb075ca04d6: no agents available; will retry on subsequent port and subnet creation events.
2026-05-28 22:52:02.787 9 WARNING neutron_lib.context [None req-3ae7110a-79d6-48d3-bead-76a53a7c61c0 4b9ceb0c842d448487bef3053d683b65 8a75b6b2514844fa827e977460d47182 - - default default] Method 'is_advsvc' is deprecated since 2023.2 release (neutron-lib 3.8.0) and will be removed once support for the old RBAC API policies will be removed from Neutron. Please use method 'is_service_role' instead.
2026-05-28 22:52:02.953 9 WARNING neutron_lib.context [req-828be3bb-795d-4d5e-b7d7-48c6b90c2966 req-f9cab3e1-6200-4970-88f7-be34769aa258 ef34886d32534e8db7b04b349d21575b 80d7734eb26d4beaac448a1428d09bed - - default default] Method 'is_advsvc' is deprecated since 2023.2 release (neutron-lib 3.8.0) and will be removed once support for the old RBAC API policies will be removed from Neutron. Please use method 'is_service_role' instead.
2026-05-28 22:52:02.956 10 INFO neutron.db.ovn_revision_numbers_db [None req-e6a44885-7650-430a-b269-e7853c5ad626 b76c453d58874d13b85a7d1b8ac146fa 3ad2daaa386e48638d73cfacb3b5a244 - - default default] Successfully bumped revision number for resource 8c13bf92-0064-4c82-aa85-7596472cbeba (type: routers) to 2
2026-05-28 22:52:02.975 10 INFO neutron.wsgi [None req-e6a44885-7650-430a-b269-e7853c5ad626 b76c453d58874d13b85a7d1b8ac146fa 3ad2daaa386e48638d73cfacb3b5a244 - - default default] 10.0.0.129 "POST /v2.0/routers HTTP/1.1" status: 201 len: 882 time: 2.1086574
2026-05-28 22:52:03.072 9 INFO neutron.db.ovn_revision_numbers_db [None req-3ae7110a-79d6-48d3-bead-76a53a7c61c0 4b9ceb0c842d448487bef3053d683b65 8a75b6b2514844fa827e977460d47182 - - default default] Successfully bumped revision number for resource 4f338f45-567d-47f6-a4d9-4ae56582995b (type: security_group_rules) to 0
2026-05-28 22:52:03.114 9 INFO neutron.wsgi [None req-3ae7110a-79d6-48d3-bead-76a53a7c61c0 4b9ceb0c842d448487bef3053d683b65 8a75b6b2514844fa827e977460d47182 - - default default] 10.0.0.129 "POST /v2.0/security-group-rules HTTP/1.1" status: 201 len: 769 time: 0.3314445
2026-05-28 22:52:03.121 9 WARNING neutron_lib.context [None req-329cb5cf-ff55-4bf2-89ae-73a5989ffec3 4b9ceb0c842d448487bef3053d683b65 8a75b6b2514844fa827e977460d47182 - - default default] Method 'is_advsvc' is deprecated since 2023.2 release (neutron-lib 3.8.0) and will be removed once support for the old RBAC API policies will be removed from Neutron. Please use method 'is_service_role' instead.
2026-05-28 22:52:03.154 9 INFO neutron.db.ovn_revision_numbers_db [req-828be3bb-795d-4d5e-b7d7-48c6b90c2966 req-f9cab3e1-6200-4970-88f7-be34769aa258 ef34886d32534e8db7b04b349d21575b 80d7734eb26d4beaac448a1428d09bed - - default default] Successfully bumped revision number for resource eaf716bb-623a-44ec-a287-7fa61340dbc9 (type: security_groups) to 1
2026-05-28 22:52:03.181 9 INFO neutron.db.ovn_revision_numbers_db [req-828be3bb-795d-4d5e-b7d7-48c6b90c2966 req-f9cab3e1-6200-4970-88f7-be34769aa258 ef34886d32534e8db7b04b349d21575b 80d7734eb26d4beaac448a1428d09bed - - default default] Successfully bumped revision number for resource 72568c4b-27df-4c2f-89be-cf62f3a08164 (type: security_group_rules) to 0
2026-05-28 22:52:03.217 9 INFO neutron.db.ovn_revision_numbers_db [req-828be3bb-795d-4d5e-b7d7-48c6b90c2966 req-f9cab3e1-6200-4970-88f7-be34769aa258 ef34886d32534e8db7b04b349d21575b 80d7734eb26d4beaac448a1428d09bed - - default default] Successfully bumped revision number for resource b85579da-72d8-4663-aba8-4dd61d60ae07 (type: security_group_rules) to 0
2026-05-28 22:52:03.252 9 INFO neutron.wsgi [req-828be3bb-795d-4d5e-b7d7-48c6b90c2966 req-f9cab3e1-6200-4970-88f7-be34769aa258 ef34886d32534e8db7b04b349d21575b 80d7734eb26d4beaac448a1428d09bed - - default default] 10.0.0.25 "POST /v2.0/security-groups HTTP/1.1" status: 201 len: 1823 time: 0.4732957
2026-05-28 22:52:03.289 10 WARNING neutron_lib.context [req-3dadd17b-b372-44f0-88a7-b85a2892a78e req-b74bc21d-55c4-4ee0-a135-b41c720edd5e ef34886d32534e8db7b04b349d21575b 80d7734eb26d4beaac448a1428d09bed - - default default] Method 'is_advsvc' is deprecated since 2023.2 release (neutron-lib 3.8.0) and will be removed once support for the old RBAC API policies will be removed from Neutron. Please use method 'is_service_role' instead.
2026-05-28 22:52:03.294 9 INFO neutron.db.ovn_revision_numbers_db [None req-7dd7c234-432a-4dc6-ae27-420a27afb97b 1061312ac679486ba55e39aab7256f1e 9a27a7dc5d22441ca2da4e16b8ab1c8a - - default default] Successfully bumped revision number for resource 2e033aad-da25-441b-8fea-935fc73a1ec9 (type: floatingips) to 0
2026-05-28 22:52:03.314 9 INFO neutron.wsgi [None req-7dd7c234-432a-4dc6-ae27-420a27afb97b 1061312ac679486ba55e39aab7256f1e 9a27a7dc5d22441ca2da4e16b8ab1c8a - - default default] 10.0.0.129 "POST /v2.0/floatingips HTTP/1.1" status: 201 len: 751 time: 0.8387659
2026-05-28 22:52:03.429 9 WARNING neutron.scheduler.dhcp_agent_scheduler [None req-329cb5cf-ff55-4bf2-89ae-73a5989ffec3 4b9ceb0c842d448487bef3053d683b65 8a75b6b2514844fa827e977460d47182 - - default default] No more DHCP agents
2026-05-28 22:52:03.431 9 WARNING neutron.api.rpc.agentnotifiers.dhcp_rpc_agent_api [None req-329cb5cf-ff55-4bf2-89ae-73a5989ffec3 4b9ceb0c842d448487bef3053d683b65 8a75b6b2514844fa827e977460d47182 - - default default] Unable to schedule network a3dd86cb-b66a-4537-94e0-ccb075ca04d6: no agents available; will retry on subsequent port and subnet creation events.
2026-05-28 22:52:03.481 10 INFO neutron.db.ovn_revision_numbers_db [req-3dadd17b-b372-44f0-88a7-b85a2892a78e req-b74bc21d-55c4-4ee0-a135-b41c720edd5e ef34886d32534e8db7b04b349d21575b 80d7734eb26d4beaac448a1428d09bed - - default default] Successfully bumped revision number for resource dde9c157-f723-4fcd-8b40-0e780b5887ca (type: security_groups) to 1
2026-05-28 22:52:03.497 10 INFO neutron.db.ovn_revision_numbers_db [None req-fc0d5e50-a074-4e40-bad9-7beaa604013e - - - - - -] Successfully bumped revision number for resource 968e312a-d0d1-45c7-8298-f3df78b48433 (type: ports) to 1
2026-05-28 22:52:03.510 10 INFO neutron.db.ovn_revision_numbers_db [req-3dadd17b-b372-44f0-88a7-b85a2892a78e req-b74bc21d-55c4-4ee0-a135-b41c720edd5e ef34886d32534e8db7b04b349d21575b 80d7734eb26d4beaac448a1428d09bed - - default default] Successfully bumped revision number for resource 6135dc7f-5b44-4f3c-a6d3-e9b5b4c15614 (type: security_group_rules) to 0
2026-05-28 22:52:03.533 10 INFO neutron.db.ovn_revision_numbers_db [req-3dadd17b-b372-44f0-88a7-b85a2892a78e req-b74bc21d-55c4-4ee0-a135-b41c720edd5e ef34886d32534e8db7b04b349d21575b 80d7734eb26d4beaac448a1428d09bed - - default default] Successfully bumped revision number for resource 6817a68c-3041-404f-9ca0-5ea863852df2 (type: security_group_rules) to 0
2026-05-28 22:52:03.570 10 INFO neutron.wsgi [req-3dadd17b-b372-44f0-88a7-b85a2892a78e req-b74bc21d-55c4-4ee0-a135-b41c720edd5e ef34886d32534e8db7b04b349d21575b 80d7734eb26d4beaac448a1428d09bed - - default default] 10.0.0.25 "POST /v2.0/security-groups HTTP/1.1" status: 201 len: 1823 time: 0.2889662
2026-05-28 22:52:03.578 10 WARNING neutron.scheduler.dhcp_agent_scheduler [None req-ae7f9bcc-ae12-4f25-a903-3857f99c04ad b76c453d58874d13b85a7d1b8ac146fa 3ad2daaa386e48638d73cfacb3b5a244 - - default default] No more DHCP agents
2026-05-28 22:52:03.580 10 WARNING neutron.api.rpc.agentnotifiers.dhcp_rpc_agent_api [None req-ae7f9bcc-ae12-4f25-a903-3857f99c04ad b76c453d58874d13b85a7d1b8ac146fa 3ad2daaa386e48638d73cfacb3b5a244 - - default default] Unable to schedule network 5d86740a-a748-4574-b577-43b078998cba: no agents available; will retry on subsequent port and subnet creation events.
2026-05-28 22:52:03.674 9 INFO neutron.wsgi [req-0c1352b1-17d3-4e0b-ab26-60ee86345740 req-f005d600-7ad1-4a8e-98c6-3d6b428218d3 ef34886d32534e8db7b04b349d21575b 80d7734eb26d4beaac448a1428d09bed - - default default] 10.0.0.25 "GET /v2.0/security-groups?tenant_id=80d7734eb26d4beaac448a1428d09bed HTTP/1.1" status: 200 len: 7796 time: 0.0753460
2026-05-28 22:52:03.710 9 INFO neutron.wsgi [req-0c1352b1-17d3-4e0b-ab26-60ee86345740 req-25d5c086-777c-48c4-a64f-959ee0ef63b5 ef34886d32534e8db7b04b349d21575b 80d7734eb26d4beaac448a1428d09bed - - default default] 10.0.0.25 "GET /v2.0/security-groups/76c4152e-bb6f-46e6-869c-7d754d2be36b HTTP/1.1" status: 200 len: 2994 time: 0.0264220
2026-05-28 22:52:03.711 9 INFO neutron.db.ovn_revision_numbers_db [None req-329cb5cf-ff55-4bf2-89ae-73a5989ffec3 4b9ceb0c842d448487bef3053d683b65 8a75b6b2514844fa827e977460d47182 - - default default] Successfully bumped revision number for resource 76d45a20-efb7-4c65-ac58-84ecdb6bb694 (type: floatingips) to 0
2026-05-28 22:52:03.730 9 INFO neutron.wsgi [None req-329cb5cf-ff55-4bf2-89ae-73a5989ffec3 4b9ceb0c842d448487bef3053d683b65 8a75b6b2514844fa827e977460d47182 - - default default] 10.0.0.129 "POST /v2.0/floatingips HTTP/1.1" status: 201 len: 751 time: 0.6117411
2026-05-28 22:52:03.751 9 INFO neutron.wsgi [req-0c1352b1-17d3-4e0b-ab26-60ee86345740 req-41f1ca4d-c92d-4ae3-aec9-69bcc0f1de9b ef34886d32534e8db7b04b349d21575b 80d7734eb26d4beaac448a1428d09bed - - default default] 10.0.0.25 "GET /v2.0/security-groups/76c4152e-bb6f-46e6-869c-7d754d2be36b HTTP/1.1" status: 200 len: 2994 time: 0.0358188
2026-05-28 22:52:03.810 9 INFO neutron.wsgi [req-4cb0a96a-63a6-4587-bfaa-3db36992120c req-55a24fd9-dd94-479f-93c1-894b9a8613f3 ef34886d32534e8db7b04b349d21575b 80d7734eb26d4beaac448a1428d09bed - - default default] 10.0.0.25 "GET /v2.0/security-groups/d15d9b93-dee5-49b6-b762-e07ce8878497 HTTP/1.1" status: 200 len: 1817 time: 0.0301807
2026-05-28 22:52:03.870 10 INFO neutron.wsgi [req-3404304a-7af2-40a9-bb09-883bec2ea095 req-95fd53f6-77a6-4c9e-a760-21fe273731d7 1061312ac679486ba55e39aab7256f1e 9a27a7dc5d22441ca2da4e16b8ab1c8a - - default default] 10.0.0.25 "GET /v2.0/security-groups?name=tempest-securitygroup--1756416625&fields=id&tenant_id=9a27a7dc5d22441ca2da4e16b8ab1c8a HTTP/1.1" status: 200 len: 267 time: 0.1799870
2026-05-28 22:52:03.917 9 INFO neutron.wsgi [req-4cb0a96a-63a6-4587-bfaa-3db36992120c req-03529968-b87e-4eb8-9fad-6bc9618c84fc ef34886d32534e8db7b04b349d21575b 80d7734eb26d4beaac448a1428d09bed - - default default] 10.0.0.25 "DELETE /v2.0/security-groups/d15d9b93-dee5-49b6-b762-e07ce8878497 HTTP/1.1" status: 204 len: 173 time: 0.0998614
2026-05-28 22:52:03.949 10 INFO neutron.db.ovn_revision_numbers_db [None req-ae7f9bcc-ae12-4f25-a903-3857f99c04ad b76c453d58874d13b85a7d1b8ac146fa 3ad2daaa386e48638d73cfacb3b5a244 - - default default] Successfully bumped revision number for resource a2aa4804-9f3d-42c0-b7b7-64044f1cfbf6 (type: ports) to 1
2026-05-28 22:52:03.952 9 INFO neutron.api.v2.resource [req-b1da1261-5c1d-4bd6-a12f-c43b214def64 req-7ba8dfcd-f8c7-4e9d-8b60-50d11086cf7d ef34886d32534e8db7b04b349d21575b 80d7734eb26d4beaac448a1428d09bed - - default default] show failed (client error): The resource could not be found.
2026-05-28 22:52:03.953 9 INFO neutron.wsgi [req-b1da1261-5c1d-4bd6-a12f-c43b214def64 req-7ba8dfcd-f8c7-4e9d-8b60-50d11086cf7d ef34886d32534e8db7b04b349d21575b 80d7734eb26d4beaac448a1428d09bed - - default default] 10.0.0.25 "GET /v2.0/security-groups/d15d9b93-dee5-49b6-b762-e07ce8878497 HTTP/1.1" status: 404 len: 352 time: 0.0133317
2026-05-28 22:52:03.981 10 INFO neutron.db.ovn_revision_numbers_db [None req-fc0d5e50-a074-4e40-bad9-7beaa604013e - - - - - -] Successfully bumped revision number for resource 968e312a-d0d1-45c7-8298-f3df78b48433 (type: router_ports) to 3
2026-05-28 22:52:03.992 10 INFO neutron.wsgi [req-3404304a-7af2-40a9-bb09-883bec2ea095 req-e0f541e4-6a30-4db7-88d4-31eb61de6fe7 1061312ac679486ba55e39aab7256f1e 9a27a7dc5d22441ca2da4e16b8ab1c8a - - default default] 10.0.0.25 "GET /v2.0/networks?id=b4909555-3ff9-49a7-a670-6f973d4597cf HTTP/1.1" status: 200 len: 882 time: 0.1139770
2026-05-28 22:52:04.004 9 INFO neutron.wsgi [req-c314f4a4-8cb7-48a7-8c9b-18ac7d88dd66 req-29d1bf1b-f46b-4c9c-af00-03ca8837475a ef34886d32534e8db7b04b349d21575b 80d7734eb26d4beaac448a1428d09bed - - default default] 10.0.0.25 "GET /v2.0/security-groups/eaf716bb-623a-44ec-a287-7fa61340dbc9 HTTP/1.1" status: 200 len: 1818 time: 0.0305629
2026-05-28 22:52:04.016 10 INFO neutron.wsgi [req-3404304a-7af2-40a9-bb09-883bec2ea095 req-cb104bd0-66b3-44d0-a802-a1a497d82764 1061312ac679486ba55e39aab7256f1e 9a27a7dc5d22441ca2da4e16b8ab1c8a - - default default] 10.0.0.25 "GET /v2.0/quotas/9a27a7dc5d22441ca2da4e16b8ab1c8a HTTP/1.1" status: 200 len: 386 time: 0.0151179
2026-05-28 22:52:04.112 9 INFO neutron.wsgi [req-c314f4a4-8cb7-48a7-8c9b-18ac7d88dd66 req-0a72a266-c77f-4ab0-8ef1-4c4b04342d32 ef34886d32534e8db7b04b349d21575b 80d7734eb26d4beaac448a1428d09bed - - default default] 10.0.0.25 "DELETE /v2.0/security-groups/eaf716bb-623a-44ec-a287-7fa61340dbc9 HTTP/1.1" status: 204 len: 173 time: 0.1042345
2026-05-28 22:52:04.187 10 INFO neutron.wsgi [req-3404304a-7af2-40a9-bb09-883bec2ea095 req-bfa02718-e18f-48fc-b448-ed01602d43c7 1061312ac679486ba55e39aab7256f1e 9a27a7dc5d22441ca2da4e16b8ab1c8a - - default default] 10.0.0.25 "GET /v2.0/ports?tenant_id=9a27a7dc5d22441ca2da4e16b8ab1c8a&fields=id HTTP/1.1" status: 200 len: 302 time: 0.1579118
2026-05-28 22:52:04.205 10 INFO neutron.db.ovn_revision_numbers_db [None req-fc0d5e50-a074-4e40-bad9-7beaa604013e - - - - - -] Successfully bumped revision number for resource 968e312a-d0d1-45c7-8298-f3df78b48433 (type: ports) to 2
2026-05-28 22:52:04.222 9 INFO neutron.wsgi [req-6a6a1c67-c6f6-4b30-990e-5283840768d8 req-338843af-29d8-4118-bfd2-e25e42e2ff9b 4b9ceb0c842d448487bef3053d683b65 8a75b6b2514844fa827e977460d47182 - - default default] 10.0.0.25 "GET /v2.0/security-groups?name=tempest-securitygroup--753506831&fields=id&tenant_id=8a75b6b2514844fa827e977460d47182 HTTP/1.1" status: 200 len: 267 time: 0.0394435
2026-05-28 22:52:04.332 9 INFO neutron.wsgi [req-6a6a1c67-c6f6-4b30-990e-5283840768d8 req-896da0ca-50ab-4b50-b6b9-ff2946583d1b 4b9ceb0c842d448487bef3053d683b65 8a75b6b2514844fa827e977460d47182 - - default default] 10.0.0.25 "GET /v2.0/networks?id=4e407540-022e-4a16-9966-5c4bd89f9049 HTTP/1.1" status: 200 len: 869 time: 0.1008568
2026-05-28 22:52:04.346 9 INFO neutron.wsgi [req-6a6a1c67-c6f6-4b30-990e-5283840768d8 req-8851b93b-f9a9-41f2-8fa3-f9e88137e66c 4b9ceb0c842d448487bef3053d683b65 8a75b6b2514844fa827e977460d47182 - - default default] 10.0.0.25 "GET /v2.0/quotas/8a75b6b2514844fa827e977460d47182 HTTP/1.1" status: 200 len: 386 time: 0.0088270
2026-05-28 22:52:04.444 9 INFO neutron.wsgi [req-6a6a1c67-c6f6-4b30-990e-5283840768d8 req-522d2d25-e23d-45be-8afd-e54db6ffd687 4b9ceb0c842d448487bef3053d683b65 8a75b6b2514844fa827e977460d47182 - - default default] 10.0.0.25 "GET /v2.0/ports?tenant_id=8a75b6b2514844fa827e977460d47182&fields=id HTTP/1.1" status: 200 len: 302 time: 0.0943882
2026-05-28 22:52:04.497 10 INFO neutron.db.ovn_revision_numbers_db [None req-ae7f9bcc-ae12-4f25-a903-3857f99c04ad b76c453d58874d13b85a7d1b8ac146fa 3ad2daaa386e48638d73cfacb3b5a244 - - default default] Successfully bumped revision number for resource a2aa4804-9f3d-42c0-b7b7-64044f1cfbf6 (type: router_ports) to 1
2026-05-28 22:52:04.504 10 INFO neutron.db.ovn_revision_numbers_db [None req-fc0d5e50-a074-4e40-bad9-7beaa604013e - - - - - -] Successfully bumped revision number for resource 968e312a-d0d1-45c7-8298-f3df78b48433 (type: ports) to 4
2026-05-28 22:52:04.599 10 INFO neutron.wsgi [req-3404304a-7af2-40a9-bb09-883bec2ea095 req-deaa415e-c70d-4a5e-80b7-0e86c466a213 2e97ca90eb3546e1ae99765880d7dfc4 73a0f4f6eb244478b26f178b2d6bc468 - - c677fa05ab174be88a773294a28ab893 c677fa05ab174be88a773294a28ab893] 10.0.0.25 "GET /v2.0/extensions HTTP/1.1" status: 200 len: 16980 time: 0.0647557
2026-05-28 22:52:04.799 10 INFO neutron.wsgi [req-3404304a-7af2-40a9-bb09-883bec2ea095 req-a17b90ce-6d08-4f3c-b2bf-623a00d50c44 2e97ca90eb3546e1ae99765880d7dfc4 73a0f4f6eb244478b26f178b2d6bc468 - - c677fa05ab174be88a773294a28ab893 c677fa05ab174be88a773294a28ab893] 10.0.0.25 "GET /v2.0/networks/b4909555-3ff9-49a7-a670-6f973d4597cf?fields=segments HTTP/1.1" status: 200 len: 212 time: 0.1936879
2026-05-28 22:52:04.806 10 INFO neutron.db.ovn_revision_numbers_db [None req-ae7f9bcc-ae12-4f25-a903-3857f99c04ad b76c453d58874d13b85a7d1b8ac146fa 3ad2daaa386e48638d73cfacb3b5a244 - - default default] Successfully bumped revision number for resource a2aa4804-9f3d-42c0-b7b7-64044f1cfbf6 (type: ports) to 1
2026-05-28 22:52:04.819 9 INFO neutron.wsgi [req-6a6a1c67-c6f6-4b30-990e-5283840768d8 req-abb067a2-d506-4520-a141-ddb5db6e504a 2e97ca90eb3546e1ae99765880d7dfc4 73a0f4f6eb244478b26f178b2d6bc468 - - c677fa05ab174be88a773294a28ab893 c677fa05ab174be88a773294a28ab893] 10.0.0.25 "GET /v2.0/extensions HTTP/1.1" status: 200 len: 16980 time: 0.0476375
2026-05-28 22:52:04.874 9 INFO neutron.wsgi [req-6a6a1c67-c6f6-4b30-990e-5283840768d8 req-f471775e-5682-4835-8cd3-2e7e7651256a 2e97ca90eb3546e1ae99765880d7dfc4 73a0f4f6eb244478b26f178b2d6bc468 - - c677fa05ab174be88a773294a28ab893 c677fa05ab174be88a773294a28ab893] 10.0.0.25 "GET /v2.0/networks/4e407540-022e-4a16-9966-5c4bd89f9049?fields=segments HTTP/1.1" status: 200 len: 212 time: 0.0481200
2026-05-28 22:52:04.893 10 INFO neutron.wsgi [req-3404304a-7af2-40a9-bb09-883bec2ea095 req-ebf9482a-cb91-4d34-ba5a-d4e6027d2245 2e97ca90eb3546e1ae99765880d7dfc4 73a0f4f6eb244478b26f178b2d6bc468 - - c677fa05ab174be88a773294a28ab893 c677fa05ab174be88a773294a28ab893] 10.0.0.25 "GET /v2.0/networks/b4909555-3ff9-49a7-a670-6f973d4597cf?fields=provider%3Aphysical_network&fields=provider%3Anetwork_type HTTP/1.1" status: 200 len: 277 time: 0.0836289
2026-05-28 22:52:04.925 10 WARNING neutron.scheduler.dhcp_agent_scheduler [None req-ae7f9bcc-ae12-4f25-a903-3857f99c04ad b76c453d58874d13b85a7d1b8ac146fa 3ad2daaa386e48638d73cfacb3b5a244 - - default default] No more DHCP agents
2026-05-28 22:52:04.926 10 WARNING neutron.api.rpc.agentnotifiers.dhcp_rpc_agent_api [None req-ae7f9bcc-ae12-4f25-a903-3857f99c04ad b76c453d58874d13b85a7d1b8ac146fa 3ad2daaa386e48638d73cfacb3b5a244 - - default default] Unable to schedule network 5d86740a-a748-4574-b577-43b078998cba: no agents available; will retry on subsequent port and subnet creation events.
2026-05-28 22:52:04.929 10 INFO neutron.db.ovn_revision_numbers_db [None req-fc0d5e50-a074-4e40-bad9-7beaa604013e - - - - - -] Successfully bumped revision number for resource 968e312a-d0d1-45c7-8298-f3df78b48433 (type: router_ports) to 4
2026-05-28 22:52:04.941 9 INFO neutron.wsgi [req-6a6a1c67-c6f6-4b30-990e-5283840768d8 req-5ece8e6c-35c0-4169-84fc-58bf7d3e4b8d 2e97ca90eb3546e1ae99765880d7dfc4 73a0f4f6eb244478b26f178b2d6bc468 - - c677fa05ab174be88a773294a28ab893 c677fa05ab174be88a773294a28ab893] 10.0.0.25 "GET /v2.0/networks/4e407540-022e-4a16-9966-5c4bd89f9049?fields=provider%3Aphysical_network&fields=provider%3Anetwork_type HTTP/1.1" status: 200 len: 277 time: 0.0573924
2026-05-28 22:52:05.051 10 INFO neutron.api.v2.resource [req-9d0ca6fb-a9d3-408b-bf61-ffa7472e26c0 req-e521e3c1-a8a1-47a9-8b54-9ef252d68cec ef34886d32534e8db7b04b349d21575b 80d7734eb26d4beaac448a1428d09bed - - default default] show failed (client error): The resource could not be found.
2026-05-28 22:52:05.052 10 INFO neutron.wsgi [req-9d0ca6fb-a9d3-408b-bf61-ffa7472e26c0 req-e521e3c1-a8a1-47a9-8b54-9ef252d68cec ef34886d32534e8db7b04b349d21575b 80d7734eb26d4beaac448a1428d09bed - - default default] 10.0.0.25 "GET /v2.0/security-groups/eaf716bb-623a-44ec-a287-7fa61340dbc9 HTTP/1.1" status: 404 len: 352 time: 0.0122080
2026-05-28 22:52:05.116 10 INFO neutron.wsgi [req-ff42ec0e-96cd-4b05-b69f-35a688b12257 req-6db57f2a-21b8-4c78-9c7e-b624de8092ad 1061312ac679486ba55e39aab7256f1e 9a27a7dc5d22441ca2da4e16b8ab1c8a - - default default] 10.0.0.25 "GET /v2.0/ports?device_id=882a801c-46d9-4a6c-882b-8ad83501f630 HTTP/1.1" status: 200 len: 210 time: 0.0310152
2026-05-28 22:52:05.186 10 INFO neutron.wsgi [req-146a5974-4cbb-42da-9f3e-4ac24525f74f req-0b06f17e-6323-4ca9-a56b-f489b921b986 ef34886d32534e8db7b04b349d21575b 80d7734eb26d4beaac448a1428d09bed - - default default] 10.0.0.25 "GET /v2.0/security-groups/dde9c157-f723-4fcd-8b40-0e780b5887ca HTTP/1.1" status: 200 len: 1818 time: 0.0498879
2026-05-28 22:52:05.250 9 INFO neutron.wsgi [req-f9cf6ba0-3e79-4daa-9700-af73625753c4 req-cb68ee8e-e983-47f5-aad2-be6989b6af70 4b9ceb0c842d448487bef3053d683b65 8a75b6b2514844fa827e977460d47182 - - default default] 10.0.0.25 "GET /v2.0/ports?device_id=9f8e4203-6c8b-4481-93f7-4556c5c09fd2 HTTP/1.1" status: 200 len: 210 time: 0.0357058
2026-05-28 22:52:05.345 10 INFO neutron.wsgi [req-146a5974-4cbb-42da-9f3e-4ac24525f74f req-0be4691c-32d4-454c-b71c-47b18ef9b888 ef34886d32534e8db7b04b349d21575b 80d7734eb26d4beaac448a1428d09bed - - default default] 10.0.0.25 "DELETE /v2.0/security-groups/dde9c157-f723-4fcd-8b40-0e780b5887ca HTTP/1.1" status: 204 len: 173 time: 0.1513937
2026-05-28 22:52:05.380 9 INFO neutron.api.v2.resource [req-06672e2c-9dc8-46df-94ba-8a34ad05dacd req-3e359033-2831-4968-80db-3887e548b388 ef34886d32534e8db7b04b349d21575b 80d7734eb26d4beaac448a1428d09bed - - default default] show failed (client error): The resource could not be found.
2026-05-28 22:52:05.381 9 INFO neutron.wsgi [req-06672e2c-9dc8-46df-94ba-8a34ad05dacd req-3e359033-2831-4968-80db-3887e548b388 ef34886d32534e8db7b04b349d21575b 80d7734eb26d4beaac448a1428d09bed - - default default] 10.0.0.25 "GET /v2.0/security-groups/dde9c157-f723-4fcd-8b40-0e780b5887ca HTTP/1.1" status: 404 len: 352 time: 0.0133932
2026-05-28 22:52:05.454 10 INFO neutron.wsgi [req-4fb6973a-bad9-416d-8de4-8efbb5a8691d req-f38e815e-1b2b-44a6-ab69-335f898adf7f ef34886d32534e8db7b04b349d21575b 80d7734eb26d4beaac448a1428d09bed - - default default] 10.0.0.25 "GET /v2.0/security-groups?tenant_id=80d7734eb26d4beaac448a1428d09bed HTTP/1.1" status: 200 len: 2997 time: 0.0466201
2026-05-28 22:52:05.505 10 INFO neutron.wsgi [req-4fb6973a-bad9-416d-8de4-8efbb5a8691d req-c4be3d2b-b2b8-4eaa-9448-b9d69ab0a8cb ef34886d32534e8db7b04b349d21575b 80d7734eb26d4beaac448a1428d09bed - - default default] 10.0.0.25 "GET /v2.0/security-groups/76c4152e-bb6f-46e6-869c-7d754d2be36b HTTP/1.1" status: 200 len: 2994 time: 0.0430310
2026-05-28 22:52:05.564 10 INFO neutron.wsgi [req-4fb6973a-bad9-416d-8de4-8efbb5a8691d req-b5cf94d4-c2a7-4fb2-9d51-e5701eb9fcf0 ef34886d32534e8db7b04b349d21575b 80d7734eb26d4beaac448a1428d09bed - - default default] 10.0.0.25 "GET /v2.0/security-groups/76c4152e-bb6f-46e6-869c-7d754d2be36b HTTP/1.1" status: 200 len: 2994 time: 0.0501664
2026-05-28 22:52:05.604 9 INFO neutron.api.v2.resource [req-38a0732c-00d5-40c3-8ba6-2369c026705b req-c55145da-cac7-4f47-a487-6c5fff9e456d ef34886d32534e8db7b04b349d21575b 80d7734eb26d4beaac448a1428d09bed - - default default] show failed (client error): The resource could not be found.
2026-05-28 22:52:05.605 9 INFO neutron.wsgi [req-38a0732c-00d5-40c3-8ba6-2369c026705b req-c55145da-cac7-4f47-a487-6c5fff9e456d ef34886d32534e8db7b04b349d21575b 80d7734eb26d4beaac448a1428d09bed - - default default] 10.0.0.25 "GET /v2.0/security-groups/dde9c157-f723-4fcd-8b40-0e780b5887ca HTTP/1.1" status: 404 len: 352 time: 0.0114522
2026-05-28 22:52:05.642 10 INFO neutron.api.v2.resource [req-2b1f6b7e-4ac9-4ae0-a715-71516284fdf4 req-223a787d-0b65-424b-ad12-18510f5a220c ef34886d32534e8db7b04b349d21575b 80d7734eb26d4beaac448a1428d09bed - - default default] show failed (client error): The resource could not be found.
2026-05-28 22:52:05.643 10 INFO neutron.wsgi [req-2b1f6b7e-4ac9-4ae0-a715-71516284fdf4 req-223a787d-0b65-424b-ad12-18510f5a220c ef34886d32534e8db7b04b349d21575b 80d7734eb26d4beaac448a1428d09bed - - default default] 10.0.0.25 "GET /v2.0/security-groups/eaf716bb-623a-44ec-a287-7fa61340dbc9 HTTP/1.1" status: 404 len: 352 time: 0.0170269
2026-05-28 22:52:05.686 9 INFO neutron.api.v2.resource [req-ac41401b-5e90-4d8c-870b-5e6c53d758be req-49c874f1-bf00-4611-8a11-9ff952a96679 ef34886d32534e8db7b04b349d21575b 80d7734eb26d4beaac448a1428d09bed - - default default] show failed (client error): The resource could not be found.
2026-05-28 22:52:05.687 9 INFO neutron.wsgi [req-ac41401b-5e90-4d8c-870b-5e6c53d758be req-49c874f1-bf00-4611-8a11-9ff952a96679 ef34886d32534e8db7b04b349d21575b 80d7734eb26d4beaac448a1428d09bed - - default default] 10.0.0.25 "GET /v2.0/security-groups/d15d9b93-dee5-49b6-b762-e07ce8878497 HTTP/1.1" status: 404 len: 352 time: 0.0232587
2026-05-28 22:52:05.717 10 INFO neutron.db.ovn_revision_numbers_db [None req-ae7f9bcc-ae12-4f25-a903-3857f99c04ad b76c453d58874d13b85a7d1b8ac146fa 3ad2daaa386e48638d73cfacb3b5a244 - - default default] Successfully bumped revision number for resource a2aa4804-9f3d-42c0-b7b7-64044f1cfbf6 (type: router_ports) to 1
2026-05-28 22:52:05.719 10 INFO neutron.wsgi [None req-ae7f9bcc-ae12-4f25-a903-3857f99c04ad b76c453d58874d13b85a7d1b8ac146fa 3ad2daaa386e48638d73cfacb3b5a244 - - default default] 10.0.0.129 "PUT /v2.0/routers/8c13bf92-0064-4c82-aa85-7596472cbeba/add_router_interface HTTP/1.1" status: 200 len: 503 time: 2.7384043
2026-05-28 22:52:06.153 10 WARNING neutron_lib.context [req-55f8fcd6-fa3d-434d-a58a-794c55e821d4 req-a1ecda12-2a30-489f-b300-c3205e0e893b 21c98777dc544df3bced6e3ba479a3a0 b20ad663ff1f4009bce6c65e406df442 - - default default] Method 'is_advsvc' is deprecated since 2023.2 release (neutron-lib 3.8.0) and will be removed once support for the old RBAC API policies will be removed from Neutron. Please use method 'is_service_role' instead.
2026-05-28 22:52:06.233 9 INFO neutron.wsgi [req-509188ab-985b-4044-a944-1ce73de5444d req-b186a712-c154-4695-9847-b2f9a0491ac0 1061312ac679486ba55e39aab7256f1e 9a27a7dc5d22441ca2da4e16b8ab1c8a - - default default] 10.0.0.25 "GET /v2.0/ports?device_id=882a801c-46d9-4a6c-882b-8ad83501f630 HTTP/1.1" status: 200 len: 210 time: 0.0185199
2026-05-28 22:52:06.349 9 INFO neutron.wsgi [req-ecd95263-30e6-4073-b7cd-fc4b9461afd0 req-2657c674-f67a-4d53-8d2c-6e6e24dab60e 4b9ceb0c842d448487bef3053d683b65 8a75b6b2514844fa827e977460d47182 - - default default] 10.0.0.25 "GET /v2.0/ports?device_id=9f8e4203-6c8b-4481-93f7-4556c5c09fd2 HTTP/1.1" status: 200 len: 210 time: 0.0305760
2026-05-28 22:52:06.408 10 INFO neutron.db.ovn_revision_numbers_db [req-55f8fcd6-fa3d-434d-a58a-794c55e821d4 req-a1ecda12-2a30-489f-b300-c3205e0e893b 21c98777dc544df3bced6e3ba479a3a0 b20ad663ff1f4009bce6c65e406df442 - - default default] Successfully bumped revision number for resource fdf30486-74b3-46ed-9975-ecf7bc291087 (type: security_groups) to 1
2026-05-28 22:52:06.427 10 INFO neutron.db.ovn_revision_numbers_db [req-55f8fcd6-fa3d-434d-a58a-794c55e821d4 req-a1ecda12-2a30-489f-b300-c3205e0e893b 21c98777dc544df3bced6e3ba479a3a0 b20ad663ff1f4009bce6c65e406df442 - - default default] Successfully bumped revision number for resource 2c4a69d6-1cd2-4f48-9189-2bfd6dbc78c3 (type: security_group_rules) to 0
2026-05-28 22:52:06.456 10 INFO neutron.db.ovn_revision_numbers_db [req-55f8fcd6-fa3d-434d-a58a-794c55e821d4 req-a1ecda12-2a30-489f-b300-c3205e0e893b 21c98777dc544df3bced6e3ba479a3a0 b20ad663ff1f4009bce6c65e406df442 - - default default] Successfully bumped revision number for resource c28b735d-6bcc-48bd-b125-f8b647d31ee8 (type: security_group_rules) to 0
2026-05-28 22:52:06.476 10 INFO neutron.wsgi [req-55f8fcd6-fa3d-434d-a58a-794c55e821d4 req-a1ecda12-2a30-489f-b300-c3205e0e893b 21c98777dc544df3bced6e3ba479a3a0 b20ad663ff1f4009bce6c65e406df442 - - default default] 10.0.0.25 "POST /v2.0/security-groups HTTP/1.1" status: 201 len: 1826 time: 0.3283477
2026-05-28 22:52:06.569 9 INFO neutron.wsgi [req-38179f59-03ba-43db-8a57-1b9e8ea778cd req-88ef4fcb-cfe7-440b-847c-7d75c55fc6dc 21c98777dc544df3bced6e3ba479a3a0 b20ad663ff1f4009bce6c65e406df442 - - default default] 10.0.0.25 "GET /v2.0/security-groups/fdf30486-74b3-46ed-9975-ecf7bc291087 HTTP/1.1" status: 200 len: 1821 time: 0.0661111
2026-05-28 22:52:06.580 10 INFO neutron.wsgi [req-3404304a-7af2-40a9-bb09-883bec2ea095 req-46055362-8733-49d9-a17c-5cb38f363d7b 1061312ac679486ba55e39aab7256f1e 9a27a7dc5d22441ca2da4e16b8ab1c8a - - default default] 199.204.45.210 "GET /v2.0/networks?id=b4909555-3ff9-49a7-a670-6f973d4597cf HTTP/1.1" status: 200 len: 882 time: 0.1066875
2026-05-28 22:52:06.586 9 WARNING neutron_lib.context [req-38179f59-03ba-43db-8a57-1b9e8ea778cd req-b140d8f2-4035-42de-ba8d-5d532bc573ed 21c98777dc544df3bced6e3ba479a3a0 b20ad663ff1f4009bce6c65e406df442 - - default default] Method 'is_advsvc' is deprecated since 2023.2 release (neutron-lib 3.8.0) and will be removed once support for the old RBAC API policies will be removed from Neutron. Please use method 'is_service_role' instead.
2026-05-28 22:52:06.611 10 WARNING neutron.plugins.ml2.drivers.ovn.mech_driver.ovsdb.ovn_client [None req-97ab8ac3-bf11-4efe-8f10-3e367a5a18a6 - - - - - -] No hosting information found for port 462d0ece-0ca9-4008-b29a-12ea56c7461a: RuntimeError: No hosting information found for port 462d0ece-0ca9-4008-b29a-12ea56c7461a
2026-05-28 22:52:06.611 10 INFO neutron.plugins.ml2.drivers.ovn.mech_driver.mech_driver [None req-97ab8ac3-bf11-4efe-8f10-3e367a5a18a6 - - - - - -] OVN reports status up for port: 80e5f9b8-e8c1-4191-b863-d433ecbcf96c
2026-05-28 22:52:06.620 10 INFO neutron.plugins.ml2.plugin [None req-97ab8ac3-bf11-4efe-8f10-3e367a5a18a6 - - - - - -] Attempt 1 to provision port 80e5f9b8-e8c1-4191-b863-d433ecbcf96c
2026-05-28 22:52:06.626 9 INFO neutron.wsgi [req-6a6a1c67-c6f6-4b30-990e-5283840768d8 req-cfeb36a9-3b0f-4280-aa24-0aaac8b3f907 4b9ceb0c842d448487bef3053d683b65 8a75b6b2514844fa827e977460d47182 - - default default] 199.204.45.210 "GET /v2.0/networks?id=4e407540-022e-4a16-9966-5c4bd89f9049 HTTP/1.1" status: 200 len: 869 time: 0.1468756
2026-05-28 22:52:06.648 10 INFO neutron.wsgi [req-3404304a-7af2-40a9-bb09-883bec2ea095 req-87e23864-11d9-4d79-b972-985d41dfd495 1061312ac679486ba55e39aab7256f1e 9a27a7dc5d22441ca2da4e16b8ab1c8a - - default default] 199.204.45.210 "GET /v2.0/security-groups?fields=id&fields=name&tenant_id=9a27a7dc5d22441ca2da4e16b8ab1c8a HTTP/1.1" status: 200 len: 380 time: 0.0452502
2026-05-28 22:52:06.662 10 WARNING neutron_lib.context [req-3404304a-7af2-40a9-bb09-883bec2ea095 req-13cd5aa2-a07c-4604-a08f-d9d5ccdf6b84 1061312ac679486ba55e39aab7256f1e 9a27a7dc5d22441ca2da4e16b8ab1c8a - - default default] Method 'is_advsvc' is deprecated since 2023.2 release (neutron-lib 3.8.0) and will be removed once support for the old RBAC API policies will be removed from Neutron. Please use method 'is_service_role' instead.
2026-05-28 22:52:06.717 9 INFO neutron.wsgi [req-6a6a1c67-c6f6-4b30-990e-5283840768d8 req-0ff7cbe6-9d35-40f7-85b1-957b6e346914 4b9ceb0c842d448487bef3053d683b65 8a75b6b2514844fa827e977460d47182 - - default default] 199.204.45.210 "GET /v2.0/security-groups?fields=id&fields=name&tenant_id=8a75b6b2514844fa827e977460d47182 HTTP/1.1" status: 200 len: 379 time: 0.0788231
2026-05-28 22:52:06.736 9 WARNING neutron_lib.context [req-6a6a1c67-c6f6-4b30-990e-5283840768d8 req-ee385082-991e-4ded-8dc6-38b315d005ef 4b9ceb0c842d448487bef3053d683b65 8a75b6b2514844fa827e977460d47182 - - default default] Method 'is_advsvc' is deprecated since 2023.2 release (neutron-lib 3.8.0) and will be removed once support for the old RBAC API policies will be removed from Neutron. Please use method 'is_service_role' instead.
2026-05-28 22:52:06.867 9 INFO neutron.db.ovn_revision_numbers_db [req-38179f59-03ba-43db-8a57-1b9e8ea778cd req-b140d8f2-4035-42de-ba8d-5d532bc573ed 21c98777dc544df3bced6e3ba479a3a0 b20ad663ff1f4009bce6c65e406df442 - - default default] Successfully bumped revision number for resource 62211115-6ebc-4333-9ee9-4f552dcf5127 (type: security_group_rules) to 0
2026-05-28 22:52:06.924 9 INFO neutron.wsgi [req-38179f59-03ba-43db-8a57-1b9e8ea778cd req-b140d8f2-4035-42de-ba8d-5d532bc573ed 21c98777dc544df3bced6e3ba479a3a0 b20ad663ff1f4009bce6c65e406df442 - - default default] 10.0.0.25 "POST /v2.0/security-group-rules HTTP/1.1" status: 201 len: 786 time: 0.3452537
2026-05-28 22:52:06.964 10 WARNING neutron_lib.context [req-763771a4-3af0-4028-ae64-c607c06e8638 req-5eb1a636-ddaa-4443-b5c9-8076c27734cc 21c98777dc544df3bced6e3ba479a3a0 b20ad663ff1f4009bce6c65e406df442 - - default default] Method 'is_advsvc' is deprecated since 2023.2 release (neutron-lib 3.8.0) and will be removed once support for the old RBAC API policies will be removed from Neutron. Please use method 'is_service_role' instead.
2026-05-28 22:52:07.138 10 INFO neutron.db.ovn_revision_numbers_db [None req-97ab8ac3-bf11-4efe-8f10-3e367a5a18a6 - - - - - -] Successfully bumped revision number for resource 80e5f9b8-e8c1-4191-b863-d433ecbcf96c (type: ports) to 2
2026-05-28 22:52:07.236 10 INFO neutron.db.ovn_revision_numbers_db [req-763771a4-3af0-4028-ae64-c607c06e8638 req-5eb1a636-ddaa-4443-b5c9-8076c27734cc 21c98777dc544df3bced6e3ba479a3a0 b20ad663ff1f4009bce6c65e406df442 - - default default] Successfully bumped revision number for resource ceb21df7-e6cf-44d0-a12a-aeb60c3e5769 (type: security_groups) to 1
2026-05-28 22:52:07.247 10 WARNING neutron.scheduler.dhcp_agent_scheduler [req-3404304a-7af2-40a9-bb09-883bec2ea095 req-13cd5aa2-a07c-4604-a08f-d9d5ccdf6b84 1061312ac679486ba55e39aab7256f1e 9a27a7dc5d22441ca2da4e16b8ab1c8a - - default default] No more DHCP agents
2026-05-28 22:52:07.254 10 WARNING neutron.api.rpc.agentnotifiers.dhcp_rpc_agent_api [req-3404304a-7af2-40a9-bb09-883bec2ea095 req-13cd5aa2-a07c-4604-a08f-d9d5ccdf6b84 1061312ac679486ba55e39aab7256f1e 9a27a7dc5d22441ca2da4e16b8ab1c8a - - default default] Unable to schedule network b4909555-3ff9-49a7-a670-6f973d4597cf: no agents available; will retry on subsequent port and subnet creation events.
2026-05-28 22:52:07.281 9 WARNING neutron.plugins.ml2.drivers.ovn.mech_driver.ovsdb.ovn_client [None req-e6771b60-b103-471a-8a1b-323c05953c8e - - - - - -] No port found with ID 4d956890-b437-48c8-b780-d1eeb738ff5c: RuntimeError: No port found with ID 4d956890-b437-48c8-b780-d1eeb738ff5c
2026-05-28 22:52:07.282 9 INFO neutron.plugins.ml2.drivers.ovn.mech_driver.mech_driver [None req-e6771b60-b103-471a-8a1b-323c05953c8e - - - - - -] OVN reports status up for port: 968e312a-d0d1-45c7-8298-f3df78b48433
2026-05-28 22:52:07.295 10 INFO neutron.db.ovn_revision_numbers_db [req-763771a4-3af0-4028-ae64-c607c06e8638 req-5eb1a636-ddaa-4443-b5c9-8076c27734cc 21c98777dc544df3bced6e3ba479a3a0 b20ad663ff1f4009bce6c65e406df442 - - default default] Successfully bumped revision number for resource 2a6f2484-f87b-4c6d-a254-e5d72a506702 (type: security_group_rules) to 0
2026-05-28 22:52:07.328 10 INFO neutron.db.ovn_revision_numbers_db [None req-97ab8ac3-bf11-4efe-8f10-3e367a5a18a6 - - - - - -] Successfully bumped revision number for resource 80e5f9b8-e8c1-4191-b863-d433ecbcf96c (type: router_ports) to 2
2026-05-28 22:52:07.342 10 INFO neutron.db.ovn_revision_numbers_db [req-763771a4-3af0-4028-ae64-c607c06e8638 req-5eb1a636-ddaa-4443-b5c9-8076c27734cc 21c98777dc544df3bced6e3ba479a3a0 b20ad663ff1f4009bce6c65e406df442 - - default default] Successfully bumped revision number for resource 9a9992c2-28fa-4c17-8654-21883cf09f13 (type: security_group_rules) to 0
2026-05-28 22:52:07.349 9 INFO neutron.plugins.ml2.plugin [None req-e6771b60-b103-471a-8a1b-323c05953c8e - - - - - -] Attempt 1 to provision port 968e312a-d0d1-45c7-8298-f3df78b48433
2026-05-28 22:52:07.380 10 INFO neutron.wsgi [req-763771a4-3af0-4028-ae64-c607c06e8638 req-5eb1a636-ddaa-4443-b5c9-8076c27734cc 21c98777dc544df3bced6e3ba479a3a0 b20ad663ff1f4009bce6c65e406df442 - - default default] 10.0.0.25 "POST /v2.0/security-groups HTTP/1.1" status: 201 len: 1825 time: 0.4230249
2026-05-28 22:52:07.429 10 INFO neutron.db.ovn_revision_numbers_db [req-3404304a-7af2-40a9-bb09-883bec2ea095 req-13cd5aa2-a07c-4604-a08f-d9d5ccdf6b84 1061312ac679486ba55e39aab7256f1e 9a27a7dc5d22441ca2da4e16b8ab1c8a - - default default] Successfully bumped revision number for resource 11b84804-6ed6-4675-b18d-b3fa7c3cf877 (type: ports) to 1
2026-05-28 22:52:07.447 10 INFO neutron.wsgi [req-3404304a-7af2-40a9-bb09-883bec2ea095 req-13cd5aa2-a07c-4604-a08f-d9d5ccdf6b84 1061312ac679486ba55e39aab7256f1e 9a27a7dc5d22441ca2da4e16b8ab1c8a - - default default] 199.204.45.210 "POST /v2.0/ports HTTP/1.1" status: 201 len: 1158 time: 0.7904212 /var/lib/openstack/lib/python3.10/site-packages/pycadf/identifier.py:71: UserWarning: Invalid uuid: neutron. To ensure interoperability, identifiers should be a valid uuid. warnings.warn(('Invalid uuid: %s. To ensure interoperability, '
2026-05-28 22:52:07.483 10 INFO neutron.wsgi [req-3404304a-7af2-40a9-bb09-883bec2ea095 req-0ab99ff9-a784-451d-896d-5179e7a9a6e1 1061312ac679486ba55e39aab7256f1e 9a27a7dc5d22441ca2da4e16b8ab1c8a - - default default] 199.204.45.210 "GET /v2.0/extensions HTTP/1.1" status: 200 len: 16980 time: 0.0080581
2026-05-28 22:52:07.485 9 WARNING neutron.scheduler.dhcp_agent_scheduler [req-6a6a1c67-c6f6-4b30-990e-5283840768d8 req-ee385082-991e-4ded-8dc6-38b315d005ef 4b9ceb0c842d448487bef3053d683b65 8a75b6b2514844fa827e977460d47182 - - default default] No more DHCP agents
2026-05-28 22:52:07.493 9 WARNING neutron.api.rpc.agentnotifiers.dhcp_rpc_agent_api [req-6a6a1c67-c6f6-4b30-990e-5283840768d8 req-ee385082-991e-4ded-8dc6-38b315d005ef 4b9ceb0c842d448487bef3053d683b65 8a75b6b2514844fa827e977460d47182 - - default default] Unable to schedule network 4e407540-022e-4a16-9966-5c4bd89f9049: no agents available; will retry on subsequent port and subnet creation events.
2026-05-28 22:52:07.529 9 INFO neutron.wsgi [req-422260de-a25e-4696-98f0-91ee5d95d7e9 req-e5eabfd2-d08e-4110-8cf8-4480c2314a87 1061312ac679486ba55e39aab7256f1e 9a27a7dc5d22441ca2da4e16b8ab1c8a - - default default] 10.0.0.25 "GET /v2.0/ports?device_id=882a801c-46d9-4a6c-882b-8ad83501f630 HTTP/1.1" status: 200 len: 1156 time: 0.2335958 /var/lib/openstack/lib/python3.10/site-packages/pycadf/identifier.py:71: UserWarning: Invalid uuid: neutron. To ensure interoperability, identifiers should be a valid uuid. warnings.warn(('Invalid uuid: %s. To ensure interoperability, '
2026-05-28 22:52:07.604 9 INFO neutron.wsgi [req-422260de-a25e-4696-98f0-91ee5d95d7e9 req-4dda5b78-59d4-42c7-b0f4-40f782437e70 1061312ac679486ba55e39aab7256f1e 9a27a7dc5d22441ca2da4e16b8ab1c8a - - default default] 10.0.0.25 "GET /v2.0/security-groups?id=ffbca36d-3d25-4036-96cd-a3c6e93c6faf&fields=id&fields=name HTTP/1.1" status: 200 len: 313 time: 0.0672965
2026-05-28 22:52:07.680 9 INFO neutron.wsgi [req-82c2a74e-dfbd-4ac7-a86f-e0f66e8d1734 req-f0fc4e33-f32a-4fb9-9eb9-9b326ef20b3e 21c98777dc544df3bced6e3ba479a3a0 b20ad663ff1f4009bce6c65e406df442 - - default default] 10.0.0.25 "GET /v2.0/security-groups/ceb21df7-e6cf-44d0-a12a-aeb60c3e5769 HTTP/1.1" status: 200 len: 1820 time: 0.0500267
2026-05-28 22:52:07.694 9 WARNING neutron_lib.context [req-82c2a74e-dfbd-4ac7-a86f-e0f66e8d1734 req-fd009d6a-1f30-4935-967d-41c4b3e16924 21c98777dc544df3bced6e3ba479a3a0 b20ad663ff1f4009bce6c65e406df442 - - default default] Method 'is_advsvc' is deprecated since 2023.2 release (neutron-lib 3.8.0) and will be removed once support for the old RBAC API policies will be removed from Neutron. Please use method 'is_service_role' instead.
2026-05-28 22:52:07.715 10 INFO neutron.wsgi [req-3431c70e-a2dd-4987-b360-c23db65afdec req-fcefa1f0-0b90-4af6-ba78-5746e0294b6a 4b9ceb0c842d448487bef3053d683b65 8a75b6b2514844fa827e977460d47182 - - default default] 10.0.0.25 "GET /v2.0/ports?device_id=9f8e4203-6c8b-4481-93f7-4556c5c09fd2 HTTP/1.1" status: 200 len: 1160 time: 0.2175393
2026-05-28 22:52:07.738 9 INFO neutron.db.ovn_revision_numbers_db [req-6a6a1c67-c6f6-4b30-990e-5283840768d8 req-ee385082-991e-4ded-8dc6-38b315d005ef 4b9ceb0c842d448487bef3053d683b65 8a75b6b2514844fa827e977460d47182 - - default default] Successfully bumped revision number for resource 8bab360b-aed5-4729-9162-1c6289045a13 (type: ports) to 1
2026-05-28 22:52:07.756 10 INFO neutron.wsgi [req-3431c70e-a2dd-4987-b360-c23db65afdec req-a13abae5-d2d2-4e55-9cb5-f524fbb80d84 4b9ceb0c842d448487bef3053d683b65 8a75b6b2514844fa827e977460d47182 - - default default] 10.0.0.25 "GET /v2.0/security-groups?id=59c68cf9-9de6-4f81-b6ca-7af307e82093&fields=id&fields=name HTTP/1.1" status: 200 len: 312 time: 0.0333390
2026-05-28 22:52:07.778 9 INFO neutron.wsgi [None req-c3a1d81d-3c67-49a0-87fe-b51d4dd444ae b76c453d58874d13b85a7d1b8ac146fa 3ad2daaa386e48638d73cfacb3b5a244 - - default default] 10.0.0.129 "PUT /v2.0/routers/1373fb62-db38-407c-abfb-181680b60972/remove_router_interface HTTP/1.1" status: 200 len: 503 time: 2.0842853
2026-05-28 22:52:07.784 9 INFO neutron.wsgi [req-6a6a1c67-c6f6-4b30-990e-5283840768d8 req-ee385082-991e-4ded-8dc6-38b315d005ef 4b9ceb0c842d448487bef3053d683b65 8a75b6b2514844fa827e977460d47182 - - default default] 199.204.45.210 "POST /v2.0/ports HTTP/1.1" status: 201 len: 1162 time: 1.0571558 /var/lib/openstack/lib/python3.10/site-packages/pycadf/identifier.py:71: UserWarning: Invalid uuid: neutron. To ensure interoperability, identifiers should be a valid uuid. warnings.warn(('Invalid uuid: %s. To ensure interoperability, '
2026-05-28 22:52:07.880 9 INFO neutron.db.ovn_revision_numbers_db [req-82c2a74e-dfbd-4ac7-a86f-e0f66e8d1734 req-fd009d6a-1f30-4935-967d-41c4b3e16924 21c98777dc544df3bced6e3ba479a3a0 b20ad663ff1f4009bce6c65e406df442 - - default default] Successfully bumped revision number for resource 93348ded-db39-4767-b15c-09da68f2116b (type: security_group_rules) to 0
2026-05-28 22:52:07.913 9 INFO neutron.wsgi [req-82c2a74e-dfbd-4ac7-a86f-e0f66e8d1734 req-fd009d6a-1f30-4935-967d-41c4b3e16924 21c98777dc544df3bced6e3ba479a3a0 b20ad663ff1f4009bce6c65e406df442 - - default default] 10.0.0.25 "POST /v2.0/security-group-rules HTTP/1.1" status: 201 len: 786 time: 0.2245300
2026-05-28 22:52:08.018 10 INFO neutron.wsgi [req-0ad155f5-feef-4077-9b87-24ea8877baab req-0fe05f79-1d24-4508-b25a-5abc4e496d59 21c98777dc544df3bced6e3ba479a3a0 b20ad663ff1f4009bce6c65e406df442 - - default default] 10.0.0.25 "GET /v2.0/security-groups/ceb21df7-e6cf-44d0-a12a-aeb60c3e5769 HTTP/1.1" status: 200 len: 2413 time: 0.0818348
2026-05-28 22:52:08.032 10 WARNING neutron_lib.context [req-0ad155f5-feef-4077-9b87-24ea8877baab req-c0340d84-ff75-4b6d-a5cd-23a5abf85ed3 21c98777dc544df3bced6e3ba479a3a0 b20ad663ff1f4009bce6c65e406df442 - - default default] Method 'is_advsvc' is deprecated since 2023.2 release (neutron-lib 3.8.0) and will be removed once support for the old RBAC API policies will be removed from Neutron. Please use method 'is_service_role' instead.
2026-05-28 22:52:08.183 9 INFO neutron.db.ovn_revision_numbers_db [req-3404304a-7af2-40a9-bb09-883bec2ea095 req-362adbde-801a-49ac-9042-b34df47f05ee 2e97ca90eb3546e1ae99765880d7dfc4 73a0f4f6eb244478b26f178b2d6bc468 - - c677fa05ab174be88a773294a28ab893 c677fa05ab174be88a773294a28ab893] Successfully bumped revision number for resource 11b84804-6ed6-4675-b18d-b3fa7c3cf877 (type: ports) to 2
2026-05-28 22:52:08.283 10 INFO neutron.db.ovn_revision_numbers_db [req-0ad155f5-feef-4077-9b87-24ea8877baab req-c0340d84-ff75-4b6d-a5cd-23a5abf85ed3 21c98777dc544df3bced6e3ba479a3a0 b20ad663ff1f4009bce6c65e406df442 - - default default] Successfully bumped revision number for resource c2029200-045c-4b76-8281-895f9622c108 (type: security_group_rules) to 0
2026-05-28 22:52:08.340 10 INFO neutron.wsgi [req-0ad155f5-feef-4077-9b87-24ea8877baab req-c0340d84-ff75-4b6d-a5cd-23a5abf85ed3 21c98777dc544df3bced6e3ba479a3a0 b20ad663ff1f4009bce6c65e406df442 - - default default] 10.0.0.25 "POST /v2.0/security-group-rules HTTP/1.1" status: 201 len: 791 time: 0.3132997
2026-05-28 22:52:08.363 9 INFO neutron.db.ovn_revision_numbers_db [req-3404304a-7af2-40a9-bb09-883bec2ea095 req-362adbde-801a-49ac-9042-b34df47f05ee 2e97ca90eb3546e1ae99765880d7dfc4 73a0f4f6eb244478b26f178b2d6bc468 - - c677fa05ab174be88a773294a28ab893 c677fa05ab174be88a773294a28ab893] Successfully bumped revision number for resource 11b84804-6ed6-4675-b18d-b3fa7c3cf877 (type: ports) to 2 /var/lib/openstack/lib/python3.10/site-packages/pycadf/identifier.py:71: UserWarning: Invalid uuid: neutron. To ensure interoperability, identifiers should be a valid uuid. warnings.warn(('Invalid uuid: %s. To ensure interoperability, '
2026-05-28 22:52:08.391 9 INFO neutron.wsgi [req-3404304a-7af2-40a9-bb09-883bec2ea095 req-362adbde-801a-49ac-9042-b34df47f05ee 2e97ca90eb3546e1ae99765880d7dfc4 73a0f4f6eb244478b26f178b2d6bc468 - - c677fa05ab174be88a773294a28ab893 c677fa05ab174be88a773294a28ab893] 199.204.45.210 "PUT /v2.0/ports/11b84804-6ed6-4675-b18d-b3fa7c3cf877 HTTP/1.1" status: 200 len: 1376 time: 0.5917027
2026-05-28 22:52:08.407 9 INFO neutron.wsgi [req-e53ebe52-79ce-4572-a02a-52870f01727f req-da40004d-1910-4047-a35b-8ba23294a239 21c98777dc544df3bced6e3ba479a3a0 b20ad663ff1f4009bce6c65e406df442 - - default default] 10.0.0.25 "GET /v2.0/security-groups/ceb21df7-e6cf-44d0-a12a-aeb60c3e5769 HTTP/1.1" status: 200 len: 3011 time: 0.0401337 /var/lib/openstack/lib/python3.10/site-packages/pycadf/identifier.py:71: UserWarning: Invalid uuid: neutron. To ensure interoperability, identifiers should be a valid uuid. warnings.warn(('Invalid uuid: %s. To ensure interoperability, '
2026-05-28 22:52:08.453 10 INFO neutron.db.ovn_revision_numbers_db [req-6a6a1c67-c6f6-4b30-990e-5283840768d8 req-41e66504-53f9-4baa-bb72-8b904ed1a9c7 2e97ca90eb3546e1ae99765880d7dfc4 73a0f4f6eb244478b26f178b2d6bc468 - - c677fa05ab174be88a773294a28ab893 c677fa05ab174be88a773294a28ab893] Successfully bumped revision number for resource 8bab360b-aed5-4729-9162-1c6289045a13 (type: ports) to 2
2026-05-28 22:52:08.477 10 INFO neutron.wsgi [req-6c9a97cd-3812-459d-b8cf-1673de21d017 req-c131505a-7532-47a0-b0ea-7b6c07610842 21c98777dc544df3bced6e3ba479a3a0 b20ad663ff1f4009bce6c65e406df442 - - default default] 10.0.0.25 "GET /v2.0/security-group-rules/c2029200-045c-4b76-8281-895f9622c108 HTTP/1.1" status: 200 len: 783 time: 0.0376604
2026-05-28 22:52:08.508 9 INFO neutron.wsgi [req-3404304a-7af2-40a9-bb09-883bec2ea095 req-1fdb33df-31ae-418f-87ba-8e123dce479a 2e97ca90eb3546e1ae99765880d7dfc4 73a0f4f6eb244478b26f178b2d6bc468 - - c677fa05ab174be88a773294a28ab893 c677fa05ab174be88a773294a28ab893] 199.204.45.210 "GET /v2.0/ports?tenant_id=9a27a7dc5d22441ca2da4e16b8ab1c8a&device_id=882a801c-46d9-4a6c-882b-8ad83501f630 HTTP/1.1" status: 200 len: 1407 time: 0.0611753
2026-05-28 22:52:08.548 9 INFO neutron.wsgi [req-3404304a-7af2-40a9-bb09-883bec2ea095 req-b6572b80-249b-45af-9249-e442ead20e74 2e97ca90eb3546e1ae99765880d7dfc4 73a0f4f6eb244478b26f178b2d6bc468 - - c677fa05ab174be88a773294a28ab893 c677fa05ab174be88a773294a28ab893] 199.204.45.210 "GET /v2.0/floatingips?fixed_ip_address=10.100.0.4&port_id=11b84804-6ed6-4675-b18d-b3fa7c3cf877 HTTP/1.1" status: 200 len: 217 time: 0.0339088
2026-05-28 22:52:08.569 10 INFO neutron.wsgi [req-6c9a97cd-3812-459d-b8cf-1673de21d017 req-6980b8dc-9b5a-4d85-b4e6-1487dcd7d4a3 21c98777dc544df3bced6e3ba479a3a0 b20ad663ff1f4009bce6c65e406df442 - - default default] 10.0.0.25 "GET /v2.0/security-groups/ceb21df7-e6cf-44d0-a12a-aeb60c3e5769 HTTP/1.1" status: 200 len: 3011 time: 0.0842154
2026-05-28 22:52:08.599 9 INFO neutron.wsgi [req-3404304a-7af2-40a9-bb09-883bec2ea095 req-5dd0275e-4f3f-467c-8fa6-7cfce3e78c29 2e97ca90eb3546e1ae99765880d7dfc4 73a0f4f6eb244478b26f178b2d6bc468 - - c677fa05ab174be88a773294a28ab893 c677fa05ab174be88a773294a28ab893] 199.204.45.210 "GET /v2.0/subnets?id=c2f80b41-367f-4590-9c71-5bd4a8b4bc4d HTTP/1.1" status: 200 len: 876 time: 0.0407321
2026-05-28 22:52:08.642 9 INFO neutron.wsgi [req-3404304a-7af2-40a9-bb09-883bec2ea095 req-5277cc11-4bce-4006-9eaa-0169efbcb52f 2e97ca90eb3546e1ae99765880d7dfc4 73a0f4f6eb244478b26f178b2d6bc468 - - c677fa05ab174be88a773294a28ab893 c677fa05ab174be88a773294a28ab893] 199.204.45.210 "GET /v2.0/ports?network_id=b4909555-3ff9-49a7-a670-6f973d4597cf&device_owner=network%3Adhcp HTTP/1.1" status: 200 len: 210 time: 0.0305269
