2026-05-28 22:52:34.230 9 INFO neutron.wsgi [req-7df25a33-c8b0-4cd7-8542-06f4a0e8af57 req-35795696-adbf-4795-8f96-5c5187074cd3 2e97ca90eb3546e1ae99765880d7dfc4 73a0f4f6eb244478b26f178b2d6bc468 - - c677fa05ab174be88a773294a28ab893 c677fa05ab174be88a773294a28ab893] 199.204.45.210 "GET /v2.0/floatingips?fixed_ip_address=10.100.0.4&port_id=11b84804-6ed6-4675-b18d-b3fa7c3cf877 HTTP/1.1" status: 200 len: 1059 time: 0.0392742
2026-05-28 22:52:34.275 9 INFO neutron.wsgi [req-7df25a33-c8b0-4cd7-8542-06f4a0e8af57 req-1e0ecf29-06af-4d69-aefb-df24a636abe2 2e97ca90eb3546e1ae99765880d7dfc4 73a0f4f6eb244478b26f178b2d6bc468 - - c677fa05ab174be88a773294a28ab893 c677fa05ab174be88a773294a28ab893] 199.204.45.210 "GET /v2.0/subnets?id=c2f80b41-367f-4590-9c71-5bd4a8b4bc4d HTTP/1.1" status: 200 len: 876 time: 0.0368054
2026-05-28 22:52:34.297 9 INFO neutron.wsgi [req-7df25a33-c8b0-4cd7-8542-06f4a0e8af57 req-367a7eeb-1ffa-40c2-88bc-3db7dd51a537 2e97ca90eb3546e1ae99765880d7dfc4 73a0f4f6eb244478b26f178b2d6bc468 - - c677fa05ab174be88a773294a28ab893 c677fa05ab174be88a773294a28ab893] 199.204.45.210 "GET /v2.0/ports?network_id=b4909555-3ff9-49a7-a670-6f973d4597cf&device_owner=network%3Adhcp HTTP/1.1" status: 200 len: 210 time: 0.0144985
2026-05-28 22:52:34.300 10 WARNING neutron.scheduler.dhcp_agent_scheduler [None req-8bace2ab-28b8-478c-85d1-ce5eb556326a cf0f8d3dd13b450280fa48b186b10562 dbb2acedfe4849d2915d5808333cc5ca - - default default] No more DHCP agents
2026-05-28 22:52:34.302 10 WARNING neutron.api.rpc.agentnotifiers.dhcp_rpc_agent_api [None req-8bace2ab-28b8-478c-85d1-ce5eb556326a cf0f8d3dd13b450280fa48b186b10562 dbb2acedfe4849d2915d5808333cc5ca - - default default] Unable to schedule network 04a69a0b-a6cd-4c35-af1c-15cc1fb06a51: no agents available; will retry on subsequent port and subnet creation events.
2026-05-28 22:52:34.348 9 INFO neutron.wsgi [req-7df25a33-c8b0-4cd7-8542-06f4a0e8af57 req-79e7bd36-ab9f-4269-828e-41f5e0a28a59 2e97ca90eb3546e1ae99765880d7dfc4 73a0f4f6eb244478b26f178b2d6bc468 - - c677fa05ab174be88a773294a28ab893 c677fa05ab174be88a773294a28ab893] 199.204.45.210 "GET /v2.0/networks/b4909555-3ff9-49a7-a670-6f973d4597cf?fields=segments HTTP/1.1" status: 200 len: 212 time: 0.0429208
2026-05-28 22:52:34.407 10 INFO neutron.db.ovn_revision_numbers_db [None req-8bace2ab-28b8-478c-85d1-ce5eb556326a cf0f8d3dd13b450280fa48b186b10562 dbb2acedfe4849d2915d5808333cc5ca - - default default] Successfully bumped revision number for resource b8be1d1c-7b43-4750-b649-70c345837fdf (type: ports) to 1
2026-05-28 22:52:34.428 9 INFO neutron.wsgi [req-7df25a33-c8b0-4cd7-8542-06f4a0e8af57 req-aca4cdc2-8dfc-4ed0-8383-ca414ae64e7d 2e97ca90eb3546e1ae99765880d7dfc4 73a0f4f6eb244478b26f178b2d6bc468 - - c677fa05ab174be88a773294a28ab893 c677fa05ab174be88a773294a28ab893] 199.204.45.210 "GET /v2.0/networks/b4909555-3ff9-49a7-a670-6f973d4597cf?fields=provider%3Aphysical_network&fields=provider%3Anetwork_type HTTP/1.1" status: 200 len: 277 time: 0.0723097
2026-05-28 22:52:34.433 10 INFO neutron.wsgi [None req-8bace2ab-28b8-478c-85d1-ce5eb556326a cf0f8d3dd13b450280fa48b186b10562 dbb2acedfe4849d2915d5808333cc5ca - - default default] 10.0.0.129 "POST /v2.0/ports HTTP/1.1" status: 201 len: 1126 time: 0.4518559
2026-05-28 22:52:34.505 9 INFO neutron.wsgi [req-e86a4a1e-afff-431a-b6f2-0ada51ac65d4 req-2ac089af-7a45-4c2a-a1fc-7ec95927fb93 2e97ca90eb3546e1ae99765880d7dfc4 73a0f4f6eb244478b26f178b2d6bc468 - - c677fa05ab174be88a773294a28ab893 c677fa05ab174be88a773294a28ab893] 199.204.45.210 "GET /v2.0/ports?tenant_id=9a27a7dc5d22441ca2da4e16b8ab1c8a&device_id=882a801c-46d9-4a6c-882b-8ad83501f630 HTTP/1.1" status: 200 len: 1586 time: 0.0431049
2026-05-28 22:52:34.579 9 INFO neutron.wsgi [req-e86a4a1e-afff-431a-b6f2-0ada51ac65d4 req-bd219d4b-9094-4317-8f5c-a4cd5e20bb36 2e97ca90eb3546e1ae99765880d7dfc4 73a0f4f6eb244478b26f178b2d6bc468 - - c677fa05ab174be88a773294a28ab893 c677fa05ab174be88a773294a28ab893] 199.204.45.210 "GET /v2.0/networks?id=b4909555-3ff9-49a7-a670-6f973d4597cf HTTP/1.1" status: 200 len: 981 time: 0.0662932
2026-05-28 22:52:34.606 9 INFO neutron.wsgi [req-e86a4a1e-afff-431a-b6f2-0ada51ac65d4 req-da6ce3bb-2c7f-46b2-a8c1-c4ab0a6bd10a 2e97ca90eb3546e1ae99765880d7dfc4 73a0f4f6eb244478b26f178b2d6bc468 - - c677fa05ab174be88a773294a28ab893 c677fa05ab174be88a773294a28ab893] 199.204.45.210 "GET /v2.0/floatingips?fixed_ip_address=10.100.0.3&port_id=11b84804-6ed6-4675-b18d-b3fa7c3cf877 HTTP/1.1" status: 200 len: 217 time: 0.0206108
2026-05-28 22:52:34.649 9 INFO neutron.wsgi [req-e86a4a1e-afff-431a-b6f2-0ada51ac65d4 req-75ef9f8d-8c27-44b2-9b94-ae4ac335ee48 2e97ca90eb3546e1ae99765880d7dfc4 73a0f4f6eb244478b26f178b2d6bc468 - - c677fa05ab174be88a773294a28ab893 c677fa05ab174be88a773294a28ab893] 199.204.45.210 "GET /v2.0/floatingips?fixed_ip_address=10.100.0.4&port_id=11b84804-6ed6-4675-b18d-b3fa7c3cf877 HTTP/1.1" status: 200 len: 1059 time: 0.0385213
2026-05-28 22:52:34.685 9 INFO neutron.wsgi [req-e86a4a1e-afff-431a-b6f2-0ada51ac65d4 req-5bab3a54-ccd7-481f-91a4-bc64e83abd48 2e97ca90eb3546e1ae99765880d7dfc4 73a0f4f6eb244478b26f178b2d6bc468 - - c677fa05ab174be88a773294a28ab893 c677fa05ab174be88a773294a28ab893] 199.204.45.210 "GET /v2.0/subnets?id=c2f80b41-367f-4590-9c71-5bd4a8b4bc4d HTTP/1.1" status: 200 len: 876 time: 0.0294814
2026-05-28 22:52:34.710 9 INFO neutron.wsgi [req-e86a4a1e-afff-431a-b6f2-0ada51ac65d4 req-182e8172-be66-49fd-8604-a0328eae4444 2e97ca90eb3546e1ae99765880d7dfc4 73a0f4f6eb244478b26f178b2d6bc468 - - c677fa05ab174be88a773294a28ab893 c677fa05ab174be88a773294a28ab893] 199.204.45.210 "GET /v2.0/ports?network_id=b4909555-3ff9-49a7-a670-6f973d4597cf&device_owner=network%3Adhcp HTTP/1.1" status: 200 len: 210 time: 0.0179887
2026-05-28 22:52:34.734 10 INFO neutron.wsgi [None req-faa8c8d5-26ca-4e73-8fc4-812a85efb632 cf0f8d3dd13b450280fa48b186b10562 dbb2acedfe4849d2915d5808333cc5ca - - default default] 10.0.0.129 "DELETE /v2.0/ports/b8be1d1c-7b43-4750-b649-70c345837fdf HTTP/1.1" status: 204 len: 168 time: 0.2947500
2026-05-28 22:52:34.753 10 INFO neutron.pecan_wsgi.hooks.translation [None req-7159eeb8-3cc3-42bd-9045-f342e5a501b2 cf0f8d3dd13b450280fa48b186b10562 dbb2acedfe4849d2915d5808333cc5ca - - default default] GET failed (client error): The resource could not be found.
2026-05-28 22:52:34.755 10 INFO neutron.wsgi [None req-7159eeb8-3cc3-42bd-9045-f342e5a501b2 cf0f8d3dd13b450280fa48b186b10562 dbb2acedfe4849d2915d5808333cc5ca - - default default] 10.0.0.129 "GET /v2.0/ports/b8be1d1c-7b43-4750-b649-70c345837fdf HTTP/1.1" status: 404 len: 333 time: 0.0168784
2026-05-28 22:52:34.770 9 INFO neutron.wsgi [req-e86a4a1e-afff-431a-b6f2-0ada51ac65d4 req-891015c7-4274-4b96-88a5-5b39eb7747a3 2e97ca90eb3546e1ae99765880d7dfc4 73a0f4f6eb244478b26f178b2d6bc468 - - c677fa05ab174be88a773294a28ab893 c677fa05ab174be88a773294a28ab893] 199.204.45.210 "GET /v2.0/networks/b4909555-3ff9-49a7-a670-6f973d4597cf?fields=segments HTTP/1.1" status: 200 len: 212 time: 0.0549800
2026-05-28 22:52:34.825 9 INFO neutron.wsgi [req-e86a4a1e-afff-431a-b6f2-0ada51ac65d4 req-1610d302-3474-4a88-9e16-f2b02d5b5990 2e97ca90eb3546e1ae99765880d7dfc4 73a0f4f6eb244478b26f178b2d6bc468 - - c677fa05ab174be88a773294a28ab893 c677fa05ab174be88a773294a28ab893] 199.204.45.210 "GET /v2.0/networks/b4909555-3ff9-49a7-a670-6f973d4597cf?fields=provider%3Aphysical_network&fields=provider%3Anetwork_type HTTP/1.1" status: 200 len: 277 time: 0.0495310
2026-05-28 22:52:34.933 10 INFO neutron.wsgi [None req-b1e58feb-0fe7-4cff-aee3-252a340f40b1 cf0f8d3dd13b450280fa48b186b10562 dbb2acedfe4849d2915d5808333cc5ca - - default default] 10.0.0.129 "DELETE /v2.0/subnets/8181231c-3f17-4efc-a2e4-a3fd5f48ef18 HTTP/1.1" status: 204 len: 168 time: 0.1746354
2026-05-28 22:52:35.280 10 INFO neutron.services.segments.plugin [-] Segment efb620a4-702c-4a9d-9eb6-96f4ce41d439 resource provider aggregate not found
2026-05-28 22:52:35.287 10 INFO neutron.services.segments.plugin [-] Segment efb620a4-702c-4a9d-9eb6-96f4ce41d439 resource provider aggregate not found
2026-05-28 22:52:35.296 10 INFO neutron.services.segments.plugin [-] Segment efb620a4-702c-4a9d-9eb6-96f4ce41d439 resource provider not found; error: Placement Client Error (4xx): {"errors": [{"status": 404, "title": "Not Found", "detail": "The resource could not be found.\n\n No resource provider with uuid efb620a4-702c-4a9d-9eb6-96f4ce41d439 found for delete ", "request_id": "req-9e94dbe9-db3b-4e19-8f32-b3b57b8ade3f"}]}
2026-05-28 22:52:35.307 10 INFO neutron.services.segments.plugin [-] Segment efb620a4-702c-4a9d-9eb6-96f4ce41d439 resource provider not found; error: Placement Client Error (4xx): {"errors": [{"status": 404, "title": "Not Found", "detail": "The resource could not be found.\n\n No resource provider with uuid efb620a4-702c-4a9d-9eb6-96f4ce41d439 found for delete ", "request_id": "req-1544eebe-e366-4989-88d8-2e32b9279415"}]}
2026-05-28 22:52:35.325 10 INFO neutron.wsgi [None req-5ac7f1ff-a410-46a2-8a29-afdb1fb9558e cf0f8d3dd13b450280fa48b186b10562 dbb2acedfe4849d2915d5808333cc5ca - - default default] 10.0.0.129 "DELETE /v2.0/networks/04a69a0b-a6cd-4c35-af1c-15cc1fb06a51 HTTP/1.1" status: 204 len: 168 time: 0.3736646
2026-05-28 22:52:35.340 10 WARNING neutron_lib.context [None req-822416dd-7771-400e-acf8-1bcc380b540a cf0f8d3dd13b450280fa48b186b10562 dbb2acedfe4849d2915d5808333cc5ca - - default default] Method 'is_advsvc' is deprecated since 2023.2 release (neutron-lib 3.8.0) and will be removed once support for the old RBAC API policies will be removed from Neutron. Please use method 'is_service_role' instead.
2026-05-28 22:52:35.503 10 INFO neutron.db.ovn_revision_numbers_db [None req-71843a40-c5d0-4d9d-8995-32a0f8d28465 b76c453d58874d13b85a7d1b8ac146fa 3ad2daaa386e48638d73cfacb3b5a244 - - default default] Successfully bumped revision number for resource 62609c97-9e17-4c0f-9d44-b51444657199 (type: security_groups) to 1
2026-05-28 22:52:35.520 10 INFO neutron.db.ovn_revision_numbers_db [None req-71843a40-c5d0-4d9d-8995-32a0f8d28465 b76c453d58874d13b85a7d1b8ac146fa 3ad2daaa386e48638d73cfacb3b5a244 - - default default] Successfully bumped revision number for resource 07b9c7f1-1dbe-4396-b919-aa8360b01b2d (type: security_group_rules) to 0
2026-05-28 22:52:35.557 10 INFO neutron.db.ovn_revision_numbers_db [None req-71843a40-c5d0-4d9d-8995-32a0f8d28465 b76c453d58874d13b85a7d1b8ac146fa 3ad2daaa386e48638d73cfacb3b5a244 - - default default] Successfully bumped revision number for resource 2ead0fc2-c114-48c7-9848-a72df14f7766 (type: security_group_rules) to 0
2026-05-28 22:52:35.566 10 INFO neutron.wsgi [req-0591f805-45ec-4ffd-a896-18280c1338a3 req-784d2e28-1923-4a60-915a-9f5a91697750 1061312ac679486ba55e39aab7256f1e 9a27a7dc5d22441ca2da4e16b8ab1c8a - - default default] 10.0.0.25 "GET /v2.0/ports?device_id=882a801c-46d9-4a6c-882b-8ad83501f630 HTTP/1.1" status: 200 len: 1348 time: 0.0363030 /var/lib/openstack/lib/python3.10/site-packages/pycadf/identifier.py:71: UserWarning: Invalid uuid: neutron. To ensure interoperability, identifiers should be a valid uuid. warnings.warn(('Invalid uuid: %s. To ensure interoperability, '
2026-05-28 22:52:35.585 10 INFO neutron.db.ovn_revision_numbers_db [None req-71843a40-c5d0-4d9d-8995-32a0f8d28465 b76c453d58874d13b85a7d1b8ac146fa 3ad2daaa386e48638d73cfacb3b5a244 - - default default] Successfully bumped revision number for resource 8ad80260-38ea-49b3-8a8e-e93be5284ffc (type: security_group_rules) to 0
2026-05-28 22:52:35.604 10 WARNING neutron.scheduler.dhcp_agent_scheduler [None req-822416dd-7771-400e-acf8-1bcc380b540a cf0f8d3dd13b450280fa48b186b10562 dbb2acedfe4849d2915d5808333cc5ca - - default default] No more DHCP agents
2026-05-28 22:52:35.607 10 WARNING neutron.api.rpc.agentnotifiers.dhcp_rpc_agent_api [None req-822416dd-7771-400e-acf8-1bcc380b540a cf0f8d3dd13b450280fa48b186b10562 dbb2acedfe4849d2915d5808333cc5ca - - default default] Unable to schedule network 478d897e-64e3-49b4-b1ca-9ed06baf87ad: no agents available; will retry on subsequent port and subnet creation events.
2026-05-28 22:52:35.611 10 INFO neutron.db.ovn_revision_numbers_db [None req-71843a40-c5d0-4d9d-8995-32a0f8d28465 b76c453d58874d13b85a7d1b8ac146fa 3ad2daaa386e48638d73cfacb3b5a244 - - default default] Successfully bumped revision number for resource b0a5dc4e-77ce-49db-871e-1f07bdce1144 (type: security_group_rules) to 0
2026-05-28 22:52:35.645 10 INFO neutron.wsgi [req-0591f805-45ec-4ffd-a896-18280c1338a3 req-369f0108-d4a5-4898-b2a2-cad76853038a 1061312ac679486ba55e39aab7256f1e 9a27a7dc5d22441ca2da4e16b8ab1c8a - - default default] 10.0.0.25 "GET /v2.0/security-groups?id=ffbca36d-3d25-4036-96cd-a3c6e93c6faf&fields=id&fields=name HTTP/1.1" status: 200 len: 313 time: 0.0722985
2026-05-28 22:52:35.649 10 INFO neutron.wsgi [None req-71843a40-c5d0-4d9d-8995-32a0f8d28465 b76c453d58874d13b85a7d1b8ac146fa 3ad2daaa386e48638d73cfacb3b5a244 - - default default] 10.0.0.129 "GET /v2.0/security-groups?tenant_id=1d40cc2bb8824cfb8c87aa111a500079&name=default HTTP/1.1" status: 200 len: 2996 time: 0.5315189 /var/lib/openstack/lib/python3.10/site-packages/pycadf/identifier.py:71: UserWarning: Invalid uuid: neutron. To ensure interoperability, identifiers should be a valid uuid. warnings.warn(('Invalid uuid: %s. To ensure interoperability, '
2026-05-28 22:52:35.670 9 INFO neutron.db.ovn_revision_numbers_db [None req-2b4271a9-7d53-4959-a531-b830041a9927 b76c453d58874d13b85a7d1b8ac146fa 3ad2daaa386e48638d73cfacb3b5a244 - - default default] Successfully bumped revision number for resource e07b1a04-99c3-4137-a928-f2f0c56757bc (type: security_groups) to 1
2026-05-28 22:52:35.688 9 INFO neutron.db.ovn_revision_numbers_db [None req-2b4271a9-7d53-4959-a531-b830041a9927 b76c453d58874d13b85a7d1b8ac146fa 3ad2daaa386e48638d73cfacb3b5a244 - - default default] Successfully bumped revision number for resource 0d3f42ce-f1bc-4dac-9c6a-d4a08e6c577d (type: security_group_rules) to 0
2026-05-28 22:52:35.706 9 INFO neutron.db.ovn_revision_numbers_db [None req-2b4271a9-7d53-4959-a531-b830041a9927 b76c453d58874d13b85a7d1b8ac146fa 3ad2daaa386e48638d73cfacb3b5a244 - - default default] Successfully bumped revision number for resource 91a8fc0c-a733-40dd-9dfe-9fa2b18a7509 (type: security_group_rules) to 0
2026-05-28 22:52:35.721 9 INFO neutron.db.ovn_revision_numbers_db [None req-2b4271a9-7d53-4959-a531-b830041a9927 b76c453d58874d13b85a7d1b8ac146fa 3ad2daaa386e48638d73cfacb3b5a244 - - default default] Successfully bumped revision number for resource bf5ea290-9690-42e9-8ca4-b17654c2fc34 (type: security_group_rules) to 0
2026-05-28 22:52:35.735 10 INFO neutron.db.ovn_revision_numbers_db [None req-822416dd-7771-400e-acf8-1bcc380b540a cf0f8d3dd13b450280fa48b186b10562 dbb2acedfe4849d2915d5808333cc5ca - - default default] Successfully bumped revision number for resource 352cd4a0-abe6-4362-a33f-b95154a877db (type: ports) to 1
2026-05-28 22:52:35.745 9 INFO neutron.db.ovn_revision_numbers_db [None req-2b4271a9-7d53-4959-a531-b830041a9927 b76c453d58874d13b85a7d1b8ac146fa 3ad2daaa386e48638d73cfacb3b5a244 - - default default] Successfully bumped revision number for resource fcdebb70-bf4e-4659-bb75-ae8c50ba5f09 (type: security_group_rules) to 0
2026-05-28 22:52:35.764 10 INFO neutron.wsgi [None req-822416dd-7771-400e-acf8-1bcc380b540a cf0f8d3dd13b450280fa48b186b10562 dbb2acedfe4849d2915d5808333cc5ca - - default default] 10.0.0.129 "POST /v2.0/ports HTTP/1.1" status: 201 len: 978 time: 0.4290068
2026-05-28 22:52:35.794 9 INFO neutron.wsgi [None req-2b4271a9-7d53-4959-a531-b830041a9927 b76c453d58874d13b85a7d1b8ac146fa 3ad2daaa386e48638d73cfacb3b5a244 - - default default] 10.0.0.129 "GET /v2.0/security-groups?tenant_id=43a9464d680a470cb244683519f7a0f0&name=default HTTP/1.1" status: 200 len: 2996 time: 0.2775445
2026-05-28 22:52:35.808 9 INFO neutron.wsgi [req-832df027-c259-4efe-814b-ccf3b7d790d6 req-29dbe745-2b7c-4a50-8375-90460be34283 1061312ac679486ba55e39aab7256f1e 9a27a7dc5d22441ca2da4e16b8ab1c8a - - default default] 199.204.45.210 "GET /v2.0/ports?device_id=882a801c-46d9-4a6c-882b-8ad83501f630&device_owner=compute%3Anova&fixed_ips=ip_address%3D10.100.0.3 HTTP/1.1" status: 200 len: 1348 time: 0.0721838
2026-05-28 22:52:35.929 10 INFO neutron.wsgi [None req-8de075df-817b-4f11-9c24-13f41147b5f8 b76c453d58874d13b85a7d1b8ac146fa 3ad2daaa386e48638d73cfacb3b5a244 - - default default] 10.0.0.129 "DELETE /v2.0/security-groups/62609c97-9e17-4c0f-9d44-b51444657199 HTTP/1.1" status: 204 len: 168 time: 0.2742910 /var/lib/openstack/lib/python3.10/site-packages/pycadf/identifier.py:71: UserWarning: Invalid uuid: neutron. To ensure interoperability, identifiers should be a valid uuid. warnings.warn(('Invalid uuid: %s. To ensure interoperability, '
2026-05-28 22:52:36.022 9 INFO neutron.plugins.ml2.drivers.ovn.mech_driver.mech_driver [None req-e6771b60-b103-471a-8a1b-323c05953c8e - - - - - -] OVN reports status down for port: 352cd4a0-abe6-4362-a33f-b95154a877db
2026-05-28 22:52:36.048 10 INFO neutron.db.ovn_revision_numbers_db [None req-5a3acad6-8568-42d1-a502-6fb7aa143f96 cf0f8d3dd13b450280fa48b186b10562 dbb2acedfe4849d2915d5808333cc5ca - - default default] Successfully bumped revision number for resource 352cd4a0-abe6-4362-a33f-b95154a877db (type: ports) to 2
2026-05-28 22:52:36.060 10 INFO neutron.wsgi [None req-5a3acad6-8568-42d1-a502-6fb7aa143f96 cf0f8d3dd13b450280fa48b186b10562 dbb2acedfe4849d2915d5808333cc5ca - - default default] 10.0.0.129 "PUT /v2.0/ports/352cd4a0-abe6-4362-a33f-b95154a877db HTTP/1.1" status: 200 len: 946 time: 0.2825565
2026-05-28 22:52:36.105 9 INFO neutron.wsgi [None req-069b602f-edd4-4f11-a237-483a706672e4 b76c453d58874d13b85a7d1b8ac146fa 3ad2daaa386e48638d73cfacb3b5a244 - - default default] 10.0.0.129 "DELETE /v2.0/security-groups/e07b1a04-99c3-4137-a928-f2f0c56757bc HTTP/1.1" status: 204 len: 168 time: 0.3064902
2026-05-28 22:52:36.152 10 INFO neutron.db.ovn_revision_numbers_db [None req-e898e485-3150-4d6d-a116-dc6ea4a34b71 b76c453d58874d13b85a7d1b8ac146fa 3ad2daaa386e48638d73cfacb3b5a244 - - default default] Successfully bumped revision number for resource d6233581-534f-401d-90eb-48ac6f0a5678 (type: security_groups) to 1
2026-05-28 22:52:36.169 10 INFO neutron.db.ovn_revision_numbers_db [None req-e898e485-3150-4d6d-a116-dc6ea4a34b71 b76c453d58874d13b85a7d1b8ac146fa 3ad2daaa386e48638d73cfacb3b5a244 - - default default] Successfully bumped revision number for resource 1b49dc19-a805-4623-8d13-b185d1be84fd (type: security_group_rules) to 0
2026-05-28 22:52:36.191 10 INFO neutron.db.ovn_revision_numbers_db [None req-e898e485-3150-4d6d-a116-dc6ea4a34b71 b76c453d58874d13b85a7d1b8ac146fa 3ad2daaa386e48638d73cfacb3b5a244 - - default default] Successfully bumped revision number for resource 29d5a627-f851-4482-9c7e-471a8014b718 (type: security_group_rules) to 0
2026-05-28 22:52:36.214 10 INFO neutron.db.ovn_revision_numbers_db [None req-e898e485-3150-4d6d-a116-dc6ea4a34b71 b76c453d58874d13b85a7d1b8ac146fa 3ad2daaa386e48638d73cfacb3b5a244 - - default default] Successfully bumped revision number for resource 2c09b41c-7425-4c7f-b91f-713d97d8f986 (type: security_group_rules) to 0
2026-05-28 22:52:36.236 10 INFO neutron.db.ovn_revision_numbers_db [None req-e898e485-3150-4d6d-a116-dc6ea4a34b71 b76c453d58874d13b85a7d1b8ac146fa 3ad2daaa386e48638d73cfacb3b5a244 - - default default] Successfully bumped revision number for resource f89a958f-8f8b-4daf-91d6-fd85fc928f92 (type: security_group_rules) to 0
2026-05-28 22:52:36.258 10 INFO neutron.wsgi [None req-e898e485-3150-4d6d-a116-dc6ea4a34b71 b76c453d58874d13b85a7d1b8ac146fa 3ad2daaa386e48638d73cfacb3b5a244 - - default default] 10.0.0.129 "GET /v2.0/security-groups?tenant_id=eee1c03fc4f648a4b0baa25622daba74&name=default HTTP/1.1" status: 200 len: 2996 time: 0.2449811
2026-05-28 22:52:36.341 10 INFO neutron.wsgi [None req-fa41d700-4970-490c-9f05-74b9edde3b8c cf0f8d3dd13b450280fa48b186b10562 dbb2acedfe4849d2915d5808333cc5ca - - default default] 10.0.0.129 "DELETE /v2.0/ports/352cd4a0-abe6-4362-a33f-b95154a877db HTTP/1.1" status: 204 len: 168 time: 0.2745941
2026-05-28 22:52:36.465 10 INFO neutron.wsgi [None req-0e65c771-95f6-4381-a8cd-d85e5fa63db6 cf0f8d3dd13b450280fa48b186b10562 dbb2acedfe4849d2915d5808333cc5ca - - default default] 10.0.0.129 "GET /v2.0/ports HTTP/1.1" status: 200 len: 1733 time: 0.1173260
2026-05-28 22:52:36.474 10 INFO neutron.db.ovn_revision_numbers_db [None req-7f165be9-4b40-4bb9-b1cc-a4fb67af7f10 b76c453d58874d13b85a7d1b8ac146fa 3ad2daaa386e48638d73cfacb3b5a244 - - default default] Successfully bumped revision number for resource d32bb166-284a-4705-b9c9-20105e4294cf (type: security_groups) to 1 /var/lib/openstack/lib/python3.10/site-packages/pycadf/identifier.py:71: UserWarning: Invalid uuid: neutron. To ensure interoperability, identifiers should be a valid uuid. warnings.warn(('Invalid uuid: %s. To ensure interoperability, '
2026-05-28 22:52:36.492 9 INFO neutron.pecan_wsgi.hooks.translation [None req-b927f543-04ef-405e-b131-beb73c7691ab cf0f8d3dd13b450280fa48b186b10562 dbb2acedfe4849d2915d5808333cc5ca - - default default] GET failed (client error): The resource could not be found.
2026-05-28 22:52:36.493 9 INFO neutron.wsgi [None req-b927f543-04ef-405e-b131-beb73c7691ab cf0f8d3dd13b450280fa48b186b10562 dbb2acedfe4849d2915d5808333cc5ca - - default default] 10.0.0.129 "GET /v2.0/ports/352cd4a0-abe6-4362-a33f-b95154a877db HTTP/1.1" status: 404 len: 333 time: 0.0248277
2026-05-28 22:52:36.528 9 INFO neutron.db.ovn_revision_numbers_db [req-832df027-c259-4efe-814b-ccf3b7d790d6 req-f95fddd8-a750-4526-9562-0bf40a30d6f0 1061312ac679486ba55e39aab7256f1e 9a27a7dc5d22441ca2da4e16b8ab1c8a - - default default] Successfully bumped revision number for resource 11b84804-6ed6-4675-b18d-b3fa7c3cf877 (type: ports) to 6
2026-05-28 22:52:36.549 9 INFO neutron.wsgi [req-832df027-c259-4efe-814b-ccf3b7d790d6 req-f95fddd8-a750-4526-9562-0bf40a30d6f0 1061312ac679486ba55e39aab7256f1e 9a27a7dc5d22441ca2da4e16b8ab1c8a - - default default] 199.204.45.210 "PUT /v2.0/ports/11b84804-6ed6-4675-b18d-b3fa7c3cf877 HTTP/1.1" status: 200 len: 1167 time: 0.7355158
2026-05-28 22:52:36.583 9 INFO neutron.notifiers.nova [-] Nova event matching ['req-7da71819-f7ff-4c18-9835-99529c54be9b'] response: {'name': 'network-changed', 'server_uuid': '882a801c-46d9-4a6c-882b-8ad83501f630', 'tag': '11b84804-6ed6-4675-b18d-b3fa7c3cf877', 'status': 'completed', 'code': 200}
2026-05-28 22:52:36.607 9 INFO neutron.wsgi [None req-af96af58-ce9f-4b22-b765-4e8a7f33612c cf0f8d3dd13b450280fa48b186b10562 dbb2acedfe4849d2915d5808333cc5ca - - default default] 10.0.0.129 "GET /v2.0/ports HTTP/1.1" status: 200 len: 1733 time: 0.1067135
2026-05-28 22:52:36.612 9 INFO neutron.wsgi [req-832df027-c259-4efe-814b-ccf3b7d790d6 req-55588e69-14da-4312-838d-f018a869dced 2e97ca90eb3546e1ae99765880d7dfc4 73a0f4f6eb244478b26f178b2d6bc468 - - c677fa05ab174be88a773294a28ab893 c677fa05ab174be88a773294a28ab893] 199.204.45.210 "GET /v2.0/ports?tenant_id=9a27a7dc5d22441ca2da4e16b8ab1c8a&device_id=882a801c-46d9-4a6c-882b-8ad83501f630 HTTP/1.1" status: 200 len: 1409 time: 0.0450029
2026-05-28 22:52:36.662 9 INFO neutron.wsgi [None req-1dcb4fc3-fb1e-499d-ab13-8e3558f1c54a cf0f8d3dd13b450280fa48b186b10562 dbb2acedfe4849d2915d5808333cc5ca - - default default] 10.0.0.129 "GET /v2.0/ports/6ba222d1-2100-40b3-b1ca-60491c8bf93c HTTP/1.1" status: 200 len: 973 time: 0.0471323
2026-05-28 22:52:36.672 10 INFO neutron.db.ovn_revision_numbers_db [None req-7f165be9-4b40-4bb9-b1cc-a4fb67af7f10 b76c453d58874d13b85a7d1b8ac146fa 3ad2daaa386e48638d73cfacb3b5a244 - - default default] Successfully bumped revision number for resource 41ecf2a8-9b1f-4ec8-abfa-690969f2a1d1 (type: security_group_rules) to 0
2026-05-28 22:52:36.688 10 INFO neutron.pecan_wsgi.hooks.translation [None req-0f327dfb-ea4c-4c18-a1f4-3fc2eefd1ece cf0f8d3dd13b450280fa48b186b10562 dbb2acedfe4849d2915d5808333cc5ca - - default default] DELETE failed (client error): The resource could not be found.
2026-05-28 22:52:36.690 10 INFO neutron.wsgi [None req-0f327dfb-ea4c-4c18-a1f4-3fc2eefd1ece cf0f8d3dd13b450280fa48b186b10562 dbb2acedfe4849d2915d5808333cc5ca - - default default] 10.0.0.129 "DELETE /v2.0/ports/b8be1d1c-7b43-4750-b649-70c345837fdf HTTP/1.1" status: 404 len: 333 time: 0.0194843
2026-05-28 22:52:36.693 9 INFO neutron.wsgi [req-832df027-c259-4efe-814b-ccf3b7d790d6 req-f8cb7138-b116-4371-a37c-feb4ce0fdbfd 2e97ca90eb3546e1ae99765880d7dfc4 73a0f4f6eb244478b26f178b2d6bc468 - - c677fa05ab174be88a773294a28ab893 c677fa05ab174be88a773294a28ab893] 199.204.45.210 "GET /v2.0/networks?id=b4909555-3ff9-49a7-a670-6f973d4597cf HTTP/1.1" status: 200 len: 981 time: 0.0725126
2026-05-28 22:52:36.701 10 INFO neutron.db.ovn_revision_numbers_db [None req-7f165be9-4b40-4bb9-b1cc-a4fb67af7f10 b76c453d58874d13b85a7d1b8ac146fa 3ad2daaa386e48638d73cfacb3b5a244 - - default default] Successfully bumped revision number for resource 6054fb2e-2e74-4dd0-bb05-929c82b4489f (type: security_group_rules) to 0
2026-05-28 22:52:36.710 10 INFO neutron.pecan_wsgi.hooks.translation [None req-9574aa89-e1d7-44d5-a2d1-d6dab6f2f9d8 cf0f8d3dd13b450280fa48b186b10562 dbb2acedfe4849d2915d5808333cc5ca - - default default] DELETE failed (client error): The resource could not be found.
2026-05-28 22:52:36.712 10 INFO neutron.wsgi [None req-9574aa89-e1d7-44d5-a2d1-d6dab6f2f9d8 cf0f8d3dd13b450280fa48b186b10562 dbb2acedfe4849d2915d5808333cc5ca - - default default] 10.0.0.129 "DELETE /v2.0/subnets/8181231c-3f17-4efc-a2e4-a3fd5f48ef18 HTTP/1.1" status: 404 len: 337 time: 0.0171456
2026-05-28 22:52:36.724 10 INFO neutron.db.ovn_revision_numbers_db [None req-7f165be9-4b40-4bb9-b1cc-a4fb67af7f10 b76c453d58874d13b85a7d1b8ac146fa 3ad2daaa386e48638d73cfacb3b5a244 - - default default] Successfully bumped revision number for resource e676dbe3-4ee4-41bf-a17b-205d5daf99c1 (type: security_group_rules) to 0
2026-05-28 22:52:36.735 10 INFO neutron.pecan_wsgi.hooks.translation [None req-14b81ba4-b4bf-487b-b6ea-c64777c414ba cf0f8d3dd13b450280fa48b186b10562 dbb2acedfe4849d2915d5808333cc5ca - - default default] DELETE failed (client error): The resource could not be found.
2026-05-28 22:52:36.737 10 INFO neutron.wsgi [None req-14b81ba4-b4bf-487b-b6ea-c64777c414ba cf0f8d3dd13b450280fa48b186b10562 dbb2acedfe4849d2915d5808333cc5ca - - default default] 10.0.0.129 "DELETE /v2.0/subnets/86927015-94a4-4400-8890-80a695eab3b5 HTTP/1.1" status: 404 len: 337 time: 0.0192118
2026-05-28 22:52:36.743 9 INFO neutron.wsgi [req-832df027-c259-4efe-814b-ccf3b7d790d6 req-a59f68a0-93f2-4eb1-825f-06adc3a5e47c 2e97ca90eb3546e1ae99765880d7dfc4 73a0f4f6eb244478b26f178b2d6bc468 - - c677fa05ab174be88a773294a28ab893 c677fa05ab174be88a773294a28ab893] 199.204.45.210 "GET /v2.0/floatingips?fixed_ip_address=10.100.0.4&port_id=11b84804-6ed6-4675-b18d-b3fa7c3cf877 HTTP/1.1" status: 200 len: 1059 time: 0.0403593
2026-05-28 22:52:36.750 10 INFO neutron.db.ovn_revision_numbers_db [None req-7f165be9-4b40-4bb9-b1cc-a4fb67af7f10 b76c453d58874d13b85a7d1b8ac146fa 3ad2daaa386e48638d73cfacb3b5a244 - - default default] Successfully bumped revision number for resource f66edc6e-ae2a-451f-ba30-14be91c7589b (type: security_group_rules) to 0
2026-05-28 22:52:36.781 10 INFO neutron.wsgi [None req-7f165be9-4b40-4bb9-b1cc-a4fb67af7f10 b76c453d58874d13b85a7d1b8ac146fa 3ad2daaa386e48638d73cfacb3b5a244 - - default default] 10.0.0.129 "GET /v2.0/security-groups?tenant_id=e3cd99019b374f4491ed2a5f2766983b&name=default HTTP/1.1" status: 200 len: 2996 time: 0.5218666
2026-05-28 22:52:36.806 9 INFO neutron.wsgi [req-832df027-c259-4efe-814b-ccf3b7d790d6 req-97f9c188-3917-44cb-be41-18c990134dc9 2e97ca90eb3546e1ae99765880d7dfc4 73a0f4f6eb244478b26f178b2d6bc468 - - c677fa05ab174be88a773294a28ab893 c677fa05ab174be88a773294a28ab893] 199.204.45.210 "GET /v2.0/subnets?id=c2f80b41-367f-4590-9c71-5bd4a8b4bc4d HTTP/1.1" status: 200 len: 876 time: 0.0572667
2026-05-28 22:52:36.821 10 INFO neutron.wsgi [None req-0ec4d904-0c03-4744-a269-6238b21547a9 b76c453d58874d13b85a7d1b8ac146fa 3ad2daaa386e48638d73cfacb3b5a244 - - default default] 10.0.0.129 "DELETE /v2.0/security-groups/d6233581-534f-401d-90eb-48ac6f0a5678 HTTP/1.1" status: 204 len: 168 time: 0.5578592
2026-05-28 22:52:36.836 9 INFO neutron.wsgi [req-832df027-c259-4efe-814b-ccf3b7d790d6 req-588daeaf-7752-4a3c-a6cc-063b2421d11b 2e97ca90eb3546e1ae99765880d7dfc4 73a0f4f6eb244478b26f178b2d6bc468 - - c677fa05ab174be88a773294a28ab893 c677fa05ab174be88a773294a28ab893] 199.204.45.210 "GET /v2.0/ports?network_id=b4909555-3ff9-49a7-a670-6f973d4597cf&device_owner=network%3Adhcp HTTP/1.1" status: 200 len: 210 time: 0.0204606
2026-05-28 22:52:36.909 9 INFO neutron.wsgi [req-832df027-c259-4efe-814b-ccf3b7d790d6 req-92fa34fe-1eff-461d-b79c-61e2b0528d5f 2e97ca90eb3546e1ae99765880d7dfc4 73a0f4f6eb244478b26f178b2d6bc468 - - c677fa05ab174be88a773294a28ab893 c677fa05ab174be88a773294a28ab893] 199.204.45.210 "GET /v2.0/networks/b4909555-3ff9-49a7-a670-6f973d4597cf?fields=segments HTTP/1.1" status: 200 len: 212 time: 0.0654597
2026-05-28 22:52:36.975 9 INFO neutron.wsgi [req-832df027-c259-4efe-814b-ccf3b7d790d6 req-39896d24-7f6f-4490-ac23-c24951340416 2e97ca90eb3546e1ae99765880d7dfc4 73a0f4f6eb244478b26f178b2d6bc468 - - c677fa05ab174be88a773294a28ab893 c677fa05ab174be88a773294a28ab893] 199.204.45.210 "GET /v2.0/networks/b4909555-3ff9-49a7-a670-6f973d4597cf?fields=provider%3Aphysical_network&fields=provider%3Anetwork_type HTTP/1.1" status: 200 len: 277 time: 0.0567737
2026-05-28 22:52:36.999 10 INFO neutron.wsgi [None req-88719995-d210-47d5-9761-54b993a8227d cf0f8d3dd13b450280fa48b186b10562 dbb2acedfe4849d2915d5808333cc5ca - - default default] 10.0.0.129 "DELETE /v2.0/ports/6ba222d1-2100-40b3-b1ca-60491c8bf93c HTTP/1.1" status: 204 len: 168 time: 0.2552156
2026-05-28 22:52:37.051 10 INFO neutron.wsgi [None req-0544c1c9-8fca-4cc1-ad68-c3e5fcda8b1a b76c453d58874d13b85a7d1b8ac146fa 3ad2daaa386e48638d73cfacb3b5a244 - - default default] 10.0.0.129 "DELETE /v2.0/security-groups/d32bb166-284a-4705-b9c9-20105e4294cf HTTP/1.1" status: 204 len: 168 time: 0.2639320
2026-05-28 22:52:37.067 9 INFO neutron.wsgi [req-1241b03b-22e7-4389-8b60-7ce60b788dc8 req-8d4c006e-48df-4ed2-9798-4cd7d9dcc56f 2e97ca90eb3546e1ae99765880d7dfc4 73a0f4f6eb244478b26f178b2d6bc468 - - c677fa05ab174be88a773294a28ab893 c677fa05ab174be88a773294a28ab893] 199.204.45.210 "GET /v2.0/ports?tenant_id=9a27a7dc5d22441ca2da4e16b8ab1c8a&device_id=882a801c-46d9-4a6c-882b-8ad83501f630 HTTP/1.1" status: 200 len: 1409 time: 0.0498447
2026-05-28 22:52:37.134 9 INFO neutron.wsgi [req-1241b03b-22e7-4389-8b60-7ce60b788dc8 req-df37d733-df2f-481f-88ea-4f5c6e1135e7 2e97ca90eb3546e1ae99765880d7dfc4 73a0f4f6eb244478b26f178b2d6bc468 - - c677fa05ab174be88a773294a28ab893 c677fa05ab174be88a773294a28ab893] 199.204.45.210 "GET /v2.0/networks?id=b4909555-3ff9-49a7-a670-6f973d4597cf HTTP/1.1" status: 200 len: 981 time: 0.0619187
2026-05-28 22:52:37.188 9 INFO neutron.wsgi [req-1241b03b-22e7-4389-8b60-7ce60b788dc8 req-3d0c5594-cad3-4aad-b156-520955062411 2e97ca90eb3546e1ae99765880d7dfc4 73a0f4f6eb244478b26f178b2d6bc468 - - c677fa05ab174be88a773294a28ab893 c677fa05ab174be88a773294a28ab893] 199.204.45.210 "GET /v2.0/floatingips?fixed_ip_address=10.100.0.4&port_id=11b84804-6ed6-4675-b18d-b3fa7c3cf877 HTTP/1.1" status: 200 len: 1059 time: 0.0485661
2026-05-28 22:52:37.231 9 INFO neutron.wsgi [req-1241b03b-22e7-4389-8b60-7ce60b788dc8 req-d79ee539-549f-4d15-b124-20774071cb0a 2e97ca90eb3546e1ae99765880d7dfc4 73a0f4f6eb244478b26f178b2d6bc468 - - c677fa05ab174be88a773294a28ab893 c677fa05ab174be88a773294a28ab893] 199.204.45.210 "GET /v2.0/subnets?id=c2f80b41-367f-4590-9c71-5bd4a8b4bc4d HTTP/1.1" status: 200 len: 876 time: 0.0356076
2026-05-28 22:52:37.259 9 INFO neutron.wsgi [req-1241b03b-22e7-4389-8b60-7ce60b788dc8 req-d7713290-9839-4cbd-a850-7087b11b2ae6 2e97ca90eb3546e1ae99765880d7dfc4 73a0f4f6eb244478b26f178b2d6bc468 - - c677fa05ab174be88a773294a28ab893 c677fa05ab174be88a773294a28ab893] 199.204.45.210 "GET /v2.0/ports?network_id=b4909555-3ff9-49a7-a670-6f973d4597cf&device_owner=network%3Adhcp HTTP/1.1" status: 200 len: 210 time: 0.0220563
2026-05-28 22:52:37.322 9 INFO neutron.wsgi [req-1241b03b-22e7-4389-8b60-7ce60b788dc8 req-671c023d-59b1-462d-99b2-5313dc664ab1 2e97ca90eb3546e1ae99765880d7dfc4 73a0f4f6eb244478b26f178b2d6bc468 - - c677fa05ab174be88a773294a28ab893 c677fa05ab174be88a773294a28ab893] 199.204.45.210 "GET /v2.0/networks/b4909555-3ff9-49a7-a670-6f973d4597cf?fields=segments HTTP/1.1" status: 200 len: 212 time: 0.0559855
2026-05-28 22:52:37.391 10 INFO neutron.services.segments.plugin [-] Segment ac99d942-5858-480b-86b8-afc925712eb4 resource provider aggregate not found
2026-05-28 22:52:37.397 10 INFO neutron.services.segments.plugin [-] Segment ac99d942-5858-480b-86b8-afc925712eb4 resource provider aggregate not found
2026-05-28 22:52:37.401 9 INFO neutron.wsgi [req-1241b03b-22e7-4389-8b60-7ce60b788dc8 req-74327cd1-53e0-4490-b90e-b03cd2482965 2e97ca90eb3546e1ae99765880d7dfc4 73a0f4f6eb244478b26f178b2d6bc468 - - c677fa05ab174be88a773294a28ab893 c677fa05ab174be88a773294a28ab893] 199.204.45.210 "GET /v2.0/networks/b4909555-3ff9-49a7-a670-6f973d4597cf?fields=provider%3Aphysical_network&fields=provider%3Anetwork_type HTTP/1.1" status: 200 len: 277 time: 0.0727801
2026-05-28 22:52:37.414 10 INFO neutron.services.segments.plugin [-] Segment ac99d942-5858-480b-86b8-afc925712eb4 resource provider not found; error: Placement Client Error (4xx): {"errors": [{"status": 404, "title": "Not Found", "detail": "The resource could not be found.\n\n No resource provider with uuid ac99d942-5858-480b-86b8-afc925712eb4 found for delete ", "request_id": "req-c5630702-4232-4b72-b7df-990b3c3cc26c"}]}
2026-05-28 22:52:37.415 10 INFO neutron.services.segments.plugin [-] Segment ac99d942-5858-480b-86b8-afc925712eb4 resource provider not found; error: Placement Client Error (4xx): {"errors": [{"status": 404, "title": "Not Found", "detail": "The resource could not be found.\n\n No resource provider with uuid ac99d942-5858-480b-86b8-afc925712eb4 found for delete ", "request_id": "req-04c10691-54fb-4b67-9eda-b0e656b18651"}]}
2026-05-28 22:52:37.438 10 INFO neutron.wsgi [None req-bc994c62-aa10-4291-9837-5844b5ff73b0 cf0f8d3dd13b450280fa48b186b10562 dbb2acedfe4849d2915d5808333cc5ca - - default default] 10.0.0.129 "DELETE /v2.0/networks/478d897e-64e3-49b4-b1ca-9ed06baf87ad HTTP/1.1" status: 204 len: 168 time: 0.4332087
2026-05-28 22:52:38.070 9 INFO neutron.wsgi [req-e43fdae6-8ef8-4e0c-b183-8bed992d2d13 req-f30c563b-663d-4b70-9f2a-a9c3e4884aad 1061312ac679486ba55e39aab7256f1e 9a27a7dc5d22441ca2da4e16b8ab1c8a - - default default] 10.0.0.25 "GET /v2.0/ports?device_id=882a801c-46d9-4a6c-882b-8ad83501f630 HTTP/1.1" status: 200 len: 1170 time: 0.0667570
2026-05-28 22:52:38.073 10 INFO neutron.plugins.ml2.drivers.ovn.mech_driver.mech_driver [None req-97ab8ac3-bf11-4efe-8f10-3e367a5a18a6 - - - - - -] OVN reports status down for port: 11b84804-6ed6-4675-b18d-b3fa7c3cf877
2026-05-28 22:52:38.074 9 INFO neutron.wsgi [None req-8ba443ec-cd99-4a75-9d42-cc2f57d17847 b76c453d58874d13b85a7d1b8ac146fa 3ad2daaa386e48638d73cfacb3b5a244 - - default default] 10.0.0.129 "GET /v2.0/security-groups?tenant_id=dbb2acedfe4849d2915d5808333cc5ca&name=default HTTP/1.1" status: 200 len: 2996 time: 0.2341130
2026-05-28 22:52:38.124 9 INFO neutron.wsgi [req-e43fdae6-8ef8-4e0c-b183-8bed992d2d13 req-bd648c4e-d01e-4405-83ee-01f3fe6f006b 1061312ac679486ba55e39aab7256f1e 9a27a7dc5d22441ca2da4e16b8ab1c8a - - default default] 10.0.0.25 "GET /v2.0/security-groups?id=ffbca36d-3d25-4036-96cd-a3c6e93c6faf&fields=id&fields=name HTTP/1.1" status: 200 len: 313 time: 0.0447457
2026-05-28 22:52:38.247 10 INFO neutron.notifiers.nova [-] Nova event matching ['req-f9dd631f-a5d5-4599-aca5-60d45bbe17bf'] response: {'server_uuid': '882a801c-46d9-4a6c-882b-8ad83501f630', 'name': 'network-vif-unplugged', 'status': 'completed', 'tag': '11b84804-6ed6-4675-b18d-b3fa7c3cf877', 'code': 200}
2026-05-28 22:52:38.378 10 INFO neutron.wsgi [None req-41c23f01-1015-4a59-b7d6-6d16da3e4909 b76c453d58874d13b85a7d1b8ac146fa 3ad2daaa386e48638d73cfacb3b5a244 - - default default] 10.0.0.129 "DELETE /v2.0/security-groups/c7ccb798-0616-438e-b5ed-88d9f281ad48 HTTP/1.1" status: 204 len: 168 time: 0.2949605
2026-05-28 22:52:38.411 9 INFO neutron.wsgi [req-b9de08a0-b2ed-4bbf-ac7c-fd2065767ca3 req-8e37560d-5491-441b-b260-9ba9d5176419 1061312ac679486ba55e39aab7256f1e 9a27a7dc5d22441ca2da4e16b8ab1c8a - - default default] 199.204.45.210 "GET /v2.0/ports?device_id=882a801c-46d9-4a6c-882b-8ad83501f630 HTTP/1.1" status: 200 len: 1168 time: 0.0832620
2026-05-28 22:52:38.416 10 INFO neutron.db.ovn_revision_numbers_db [None req-97ab8ac3-bf11-4efe-8f10-3e367a5a18a6 - - - - - -] Successfully bumped revision number for resource 11b84804-6ed6-4675-b18d-b3fa7c3cf877 (type: ports) to 7
2026-05-28 22:52:38.772 9 INFO neutron.db.l3_db [req-b9de08a0-b2ed-4bbf-ac7c-fd2065767ca3 req-bc7d0882-d42c-41ea-9b95-42c3732be74d 1061312ac679486ba55e39aab7256f1e 9a27a7dc5d22441ca2da4e16b8ab1c8a - - default default] Floating IP 2e033aad-da25-441b-8fea-935fc73a1ec9 disassociated. External IP: 10.96.250.203, port: 11b84804-6ed6-4675-b18d-b3fa7c3cf877.
2026-05-28 22:52:38.978 9 INFO neutron.wsgi [req-b9de08a0-b2ed-4bbf-ac7c-fd2065767ca3 req-bc7d0882-d42c-41ea-9b95-42c3732be74d 1061312ac679486ba55e39aab7256f1e 9a27a7dc5d22441ca2da4e16b8ab1c8a - - default default] 199.204.45.210 "DELETE /v2.0/ports/11b84804-6ed6-4675-b18d-b3fa7c3cf877 HTTP/1.1" status: 204 len: 173 time: 0.5606723
2026-05-28 22:52:39.015 9 INFO neutron.notifiers.nova [-] Nova event matching ['req-18ccc33b-d0c2-4b48-ba87-4a42a04c449d'] response: {'server_uuid': '882a801c-46d9-4a6c-882b-8ad83501f630', 'name': 'network-vif-deleted', 'tag': '11b84804-6ed6-4675-b18d-b3fa7c3cf877', 'status': 'completed', 'code': 200} /var/lib/openstack/lib/python3.10/site-packages/pycadf/identifier.py:71: UserWarning: Invalid uuid: neutron. To ensure interoperability, identifiers should be a valid uuid. warnings.warn(('Invalid uuid: %s. To ensure interoperability, '
2026-05-28 22:52:39.244 10 INFO neutron.wsgi [req-a1efcf5d-18fc-47bb-86df-2bebc185d4d4 req-d7c648ef-7ea7-4a92-8cab-cae146fcb62b 1061312ac679486ba55e39aab7256f1e 9a27a7dc5d22441ca2da4e16b8ab1c8a - - default default] 10.0.0.25 "GET /v2.0/ports?device_id=882a801c-46d9-4a6c-882b-8ad83501f630 HTTP/1.1" status: 200 len: 210 time: 0.0231049
2026-05-28 22:52:39.471 10 INFO neutron.db.ovn_revision_numbers_db [None req-7db97c85-0385-42f6-9e2b-aeb7271e2104 b76c453d58874d13b85a7d1b8ac146fa 3ad2daaa386e48638d73cfacb3b5a244 - - default default] Successfully bumped revision number for resource 9db76bd8-9b2e-4c9e-a406-0ac766d575c3 (type: security_groups) to 1
2026-05-28 22:52:39.493 10 INFO neutron.db.ovn_revision_numbers_db [None req-7db97c85-0385-42f6-9e2b-aeb7271e2104 b76c453d58874d13b85a7d1b8ac146fa 3ad2daaa386e48638d73cfacb3b5a244 - - default default] Successfully bumped revision number for resource 05f6f35c-fa6e-4ff6-b220-e0b31f0e9f7d (type: security_group_rules) to 0
2026-05-28 22:52:39.505 10 INFO neutron.db.ovn_revision_numbers_db [None req-7db97c85-0385-42f6-9e2b-aeb7271e2104 b76c453d58874d13b85a7d1b8ac146fa 3ad2daaa386e48638d73cfacb3b5a244 - - default default] Successfully bumped revision number for resource 338e4066-643b-4286-bdac-99aea36454b0 (type: security_group_rules) to 0
2026-05-28 22:52:39.521 10 INFO neutron.db.ovn_revision_numbers_db [None req-7db97c85-0385-42f6-9e2b-aeb7271e2104 b76c453d58874d13b85a7d1b8ac146fa 3ad2daaa386e48638d73cfacb3b5a244 - - default default] Successfully bumped revision number for resource 629bafc8-a828-4fa0-a5ff-cca2a0a36f2a (type: security_group_rules) to 0
2026-05-28 22:52:39.534 10 INFO neutron.db.ovn_revision_numbers_db [None req-7db97c85-0385-42f6-9e2b-aeb7271e2104 b76c453d58874d13b85a7d1b8ac146fa 3ad2daaa386e48638d73cfacb3b5a244 - - default default] Successfully bumped revision number for resource d26c479f-c88b-4c38-88ba-1e034744c959 (type: security_group_rules) to 0
2026-05-28 22:52:39.556 10 INFO neutron.wsgi [None req-7db97c85-0385-42f6-9e2b-aeb7271e2104 b76c453d58874d13b85a7d1b8ac146fa 3ad2daaa386e48638d73cfacb3b5a244 - - default default] 10.0.0.129 "GET /v2.0/security-groups?tenant_id=2f72a1ae788942be89c247045a2da525&name=default HTTP/1.1" status: 200 len: 2996 time: 0.3495655
2026-05-28 22:52:39.737 10 INFO neutron.wsgi [None req-b996abc2-642c-4f97-a738-9d30b3bdfc57 b76c453d58874d13b85a7d1b8ac146fa 3ad2daaa386e48638d73cfacb3b5a244 - - default default] 10.0.0.129 "DELETE /v2.0/security-groups/9db76bd8-9b2e-4c9e-a406-0ac766d575c3 HTTP/1.1" status: 204 len: 168 time: 0.1759558
2026-05-28 22:52:40.302 10 INFO neutron.notifiers.nova [-] Nova event matching ['req-1fa877a4-e652-4f78-82e7-cad91f9e4e47'] response: {'server_uuid': '882a801c-46d9-4a6c-882b-8ad83501f630', 'name': 'network-vif-plugged', 'status': 'completed', 'tag': '11b84804-6ed6-4675-b18d-b3fa7c3cf877', 'code': 200} /var/lib/openstack/lib/python3.10/site-packages/pycadf/identifier.py:71: UserWarning: Invalid uuid: neutron. To ensure interoperability, identifiers should be a valid uuid. warnings.warn(('Invalid uuid: %s. To ensure interoperability, '
2026-05-28 22:52:40.491 9 INFO neutron.wsgi [None req-b9a2eb2f-90aa-40ef-902f-c35edc2acbad 1061312ac679486ba55e39aab7256f1e 9a27a7dc5d22441ca2da4e16b8ab1c8a - - default default] 10.0.0.129 "DELETE /v2.0/security-groups/ffbca36d-3d25-4036-96cd-a3c6e93c6faf HTTP/1.1" status: 204 len: 168 time: 0.1584938
2026-05-28 22:52:40.507 9 INFO neutron.api.v2.resource [None req-de4e9c98-0579-46d4-a3a1-82996d701aba 1061312ac679486ba55e39aab7256f1e 9a27a7dc5d22441ca2da4e16b8ab1c8a - - default default] show failed (client error): The resource could not be found.
2026-05-28 22:52:40.508 9 INFO neutron.wsgi [None req-de4e9c98-0579-46d4-a3a1-82996d701aba 1061312ac679486ba55e39aab7256f1e 9a27a7dc5d22441ca2da4e16b8ab1c8a - - default default] 10.0.0.129 "GET /v2.0/security-groups/ffbca36d-3d25-4036-96cd-a3c6e93c6faf HTTP/1.1" status: 404 len: 347 time: 0.0115547
2026-05-28 22:52:40.606 10 WARNING neutron_lib.context [None req-7425f3b5-ab62-44aa-9311-022466f52d31 9c0eceeb1c1d41d5b6e93bed0f36ddbe a969e918cb3a45a3a975d971f25f3df5 - - default default] Method 'is_advsvc' is deprecated since 2023.2 release (neutron-lib 3.8.0) and will be removed once support for the old RBAC API policies will be removed from Neutron. Please use method 'is_service_role' instead.
2026-05-28 22:52:40.749 10 INFO neutron.db.ovn_revision_numbers_db [None req-7425f3b5-ab62-44aa-9311-022466f52d31 9c0eceeb1c1d41d5b6e93bed0f36ddbe a969e918cb3a45a3a975d971f25f3df5 - - default default] Successfully bumped revision number for resource 841cc059-157a-4999-a7ef-5f5682312728 (type: security_groups) to 1
2026-05-28 22:52:40.766 10 INFO neutron.db.ovn_revision_numbers_db [None req-7425f3b5-ab62-44aa-9311-022466f52d31 9c0eceeb1c1d41d5b6e93bed0f36ddbe a969e918cb3a45a3a975d971f25f3df5 - - default default] Successfully bumped revision number for resource 10b604f6-f609-453b-bf9d-17c7e5480a23 (type: security_group_rules) to 0
2026-05-28 22:52:40.790 10 INFO neutron.db.ovn_revision_numbers_db [None req-7425f3b5-ab62-44aa-9311-022466f52d31 9c0eceeb1c1d41d5b6e93bed0f36ddbe a969e918cb3a45a3a975d971f25f3df5 - - default default] Successfully bumped revision number for resource 52662dc2-bf4f-43b9-b4bb-41f4c0ff30ed (type: security_group_rules) to 0
2026-05-28 22:52:40.808 10 INFO neutron.db.ovn_revision_numbers_db [None req-7425f3b5-ab62-44aa-9311-022466f52d31 9c0eceeb1c1d41d5b6e93bed0f36ddbe a969e918cb3a45a3a975d971f25f3df5 - - default default] Successfully bumped revision number for resource 819f3294-15b1-446e-b0cd-16ace69ed9a5 (type: security_group_rules) to 0
2026-05-28 22:52:40.820 10 INFO neutron.db.ovn_revision_numbers_db [None req-7425f3b5-ab62-44aa-9311-022466f52d31 9c0eceeb1c1d41d5b6e93bed0f36ddbe a969e918cb3a45a3a975d971f25f3df5 - - default default] Successfully bumped revision number for resource e9189ced-0c51-4f40-af5a-0f00a5b0bdf3 (type: security_group_rules) to 0
2026-05-28 22:52:40.920 10 INFO neutron.db.ovn_revision_numbers_db [None req-7425f3b5-ab62-44aa-9311-022466f52d31 9c0eceeb1c1d41d5b6e93bed0f36ddbe a969e918cb3a45a3a975d971f25f3df5 - - default default] Successfully bumped revision number for resource 5188f1e5-d1b7-45b4-b03f-e7d0c306b110 (type: security_groups) to 1
2026-05-28 22:52:40.926 9 INFO neutron.wsgi [None req-6702793e-cf88-4abf-ba7c-684f60147463 1061312ac679486ba55e39aab7256f1e 9a27a7dc5d22441ca2da4e16b8ab1c8a - - default default] 10.0.0.129 "DELETE /v2.0/floatingips/2e033aad-da25-441b-8fea-935fc73a1ec9 HTTP/1.1" status: 204 len: 168 time: 0.4133995
2026-05-28 22:52:40.934 10 INFO neutron.db.ovn_revision_numbers_db [None req-7425f3b5-ab62-44aa-9311-022466f52d31 9c0eceeb1c1d41d5b6e93bed0f36ddbe a969e918cb3a45a3a975d971f25f3df5 - - default default] Successfully bumped revision number for resource 296edf77-866a-46e0-bb7c-7c0754791ca3 (type: security_group_rules) to 0
2026-05-28 22:52:40.948 10 INFO neutron.db.ovn_revision_numbers_db [None req-7425f3b5-ab62-44aa-9311-022466f52d31 9c0eceeb1c1d41d5b6e93bed0f36ddbe a969e918cb3a45a3a975d971f25f3df5 - - default default] Successfully bumped revision number for resource 91ef9c4c-5be9-4832-8b9b-18bc2ed4a9a7 (type: security_group_rules) to 0
2026-05-28 22:52:40.967 10 INFO neutron.wsgi [None req-7425f3b5-ab62-44aa-9311-022466f52d31 9c0eceeb1c1d41d5b6e93bed0f36ddbe a969e918cb3a45a3a975d971f25f3df5 - - default default] 10.0.0.129 "POST /v2.0/security-groups HTTP/1.1" status: 201 len: 1760 time: 0.5713580
2026-05-28 22:52:41.011 9 INFO neutron.wsgi [None req-e4aa24d6-c391-4530-afc5-3879e153a670 9c0eceeb1c1d41d5b6e93bed0f36ddbe a969e918cb3a45a3a975d971f25f3df5 - - default default] 10.0.0.129 "GET /v2.0/security-groups HTTP/1.1" status: 200 len: 4538 time: 0.0398979
2026-05-28 22:52:41.142 9 INFO neutron.db.ovn_revision_numbers_db [None req-fe6b1c76-92d3-4bd4-bccd-f3e3f3c6d68f 9c0eceeb1c1d41d5b6e93bed0f36ddbe a969e918cb3a45a3a975d971f25f3df5 - - default default] Successfully bumped revision number for resource 5188f1e5-d1b7-45b4-b03f-e7d0c306b110 (type: security_groups) to 2
2026-05-28 22:52:41.149 9 INFO neutron.wsgi [None req-fe6b1c76-92d3-4bd4-bccd-f3e3f3c6d68f 9c0eceeb1c1d41d5b6e93bed0f36ddbe a969e918cb3a45a3a975d971f25f3df5 - - default default] 10.0.0.129 "PUT /v2.0/security-groups/5188f1e5-d1b7-45b4-b03f-e7d0c306b110 HTTP/1.1" status: 200 len: 1795 time: 0.1261301
2026-05-28 22:52:41.176 9 INFO neutron.db.ovn_revision_numbers_db [None req-b424c8c5-42ab-44de-a34e-f1f9ade7d579 b76c453d58874d13b85a7d1b8ac146fa 3ad2daaa386e48638d73cfacb3b5a244 - - default default] Successfully bumped revision number for resource 2496a589-dd47-4d38-a0f8-d69ae34cd90b (type: security_groups) to 1
2026-05-28 22:52:41.190 9 INFO neutron.db.ovn_revision_numbers_db [None req-b424c8c5-42ab-44de-a34e-f1f9ade7d579 b76c453d58874d13b85a7d1b8ac146fa 3ad2daaa386e48638d73cfacb3b5a244 - - default default] Successfully bumped revision number for resource 3b73a5ae-95bf-4cc8-ad10-ab9e8ac0cb94 (type: security_group_rules) to 0
2026-05-28 22:52:41.212 9 INFO neutron.db.ovn_revision_numbers_db [None req-b424c8c5-42ab-44de-a34e-f1f9ade7d579 b76c453d58874d13b85a7d1b8ac146fa 3ad2daaa386e48638d73cfacb3b5a244 - - default default] Successfully bumped revision number for resource 89accb34-c77a-45d0-9c1f-a4d064dbdbb0 (type: security_group_rules) to 0
2026-05-28 22:52:41.224 10 INFO neutron.wsgi [None req-c6f7da8d-cdd9-4ca2-8400-348242553758 9c0eceeb1c1d41d5b6e93bed0f36ddbe a969e918cb3a45a3a975d971f25f3df5 - - default default] 10.0.0.129 "GET /v2.0/security-groups/5188f1e5-d1b7-45b4-b03f-e7d0c306b110 HTTP/1.1" status: 200 len: 1795 time: 0.0697660
2026-05-28 22:52:41.239 9 INFO neutron.db.ovn_revision_numbers_db [None req-b424c8c5-42ab-44de-a34e-f1f9ade7d579 b76c453d58874d13b85a7d1b8ac146fa 3ad2daaa386e48638d73cfacb3b5a244 - - default default] Successfully bumped revision number for resource b22dfe50-fbc7-415c-8e3c-2c00083c896f (type: security_group_rules) to 0
2026-05-28 22:52:41.261 9 INFO neutron.db.ovn_revision_numbers_db [None req-b424c8c5-42ab-44de-a34e-f1f9ade7d579 b76c453d58874d13b85a7d1b8ac146fa 3ad2daaa386e48638d73cfacb3b5a244 - - default default] Successfully bumped revision number for resource bdfa5a7b-8493-4f29-bced-6b8997fb9f82 (type: security_group_rules) to 0
2026-05-28 22:52:41.298 9 INFO neutron.wsgi [None req-b424c8c5-42ab-44de-a34e-f1f9ade7d579 b76c453d58874d13b85a7d1b8ac146fa 3ad2daaa386e48638d73cfacb3b5a244 - - default default] 10.0.0.129 "GET /v2.0/security-groups?tenant_id=3f28e1ddb4414921b5526605f32f5fa3&name=default HTTP/1.1" status: 200 len: 2996 time: 0.4381318
2026-05-28 22:52:41.384 9 INFO neutron.wsgi [None req-a793baf1-cdba-449b-b8ed-163bbd569556 9c0eceeb1c1d41d5b6e93bed0f36ddbe a969e918cb3a45a3a975d971f25f3df5 - - default default] 10.0.0.129 "DELETE /v2.0/security-groups/5188f1e5-d1b7-45b4-b03f-e7d0c306b110 HTTP/1.1" status: 204 len: 168 time: 0.1542127
2026-05-28 22:52:41.446 10 INFO neutron.wsgi [None req-dafe7410-a244-4160-8e8e-44666eb314cc 9c0eceeb1c1d41d5b6e93bed0f36ddbe a969e918cb3a45a3a975d971f25f3df5 - - default default] 10.0.0.129 "GET /v2.0/security-groups HTTP/1.1" status: 200 len: 2996 time: 0.0546985
2026-05-28 22:52:41.465 9 INFO neutron.api.v2.resource [None req-9ccf8e31-899e-4d5e-ae3b-f3adb6a331eb 9c0eceeb1c1d41d5b6e93bed0f36ddbe a969e918cb3a45a3a975d971f25f3df5 - - default default] delete failed (client error): The resource could not be found.
2026-05-28 22:52:41.467 9 INFO neutron.wsgi [None req-9ccf8e31-899e-4d5e-ae3b-f3adb6a331eb 9c0eceeb1c1d41d5b6e93bed0f36ddbe a969e918cb3a45a3a975d971f25f3df5 - - default default] 10.0.0.129 "DELETE /v2.0/security-groups/5188f1e5-d1b7-45b4-b03f-e7d0c306b110 HTTP/1.1" status: 404 len: 347 time: 0.0143979
