2026-05-28 22:54:58.913 10 INFO neutron.wsgi [None req-d88613f8-5550-4d67-9bf1-6fec73226623 b76c453d58874d13b85a7d1b8ac146fa 3ad2daaa386e48638d73cfacb3b5a244 - - default default] 10.0.0.64 "GET /v2.0/subnets HTTP/1.1" status: 200 len: 6156 time: 0.0653284
2026-05-28 22:54:58.924 10 INFO neutron.notifiers.nova [-] Nova event matching ['req-417f3bb0-0b3c-4468-a970-93635707c0bd'] response: {'server_uuid': '07163fa1-fd28-4556-b9e2-b82dac137c72', 'name': 'network-vif-plugged', 'status': 'completed', 'tag': '7acee45c-d44d-48ba-8063-9e6a1c052405', 'code': 200}
2026-05-28 22:54:58.924 9 INFO neutron.wsgi [req-0886a33a-1453-4c11-bb99-e40d1a8a0eee req-abd6467d-8cdc-462b-a332-835f56407c37 2e97ca90eb3546e1ae99765880d7dfc4 73a0f4f6eb244478b26f178b2d6bc468 - - c677fa05ab174be88a773294a28ab893 c677fa05ab174be88a773294a28ab893] 199.204.45.210 "GET /v2.0/networks/d350ae26-6cdc-47d9-9e0a-3e37401863ea?fields=segments HTTP/1.1" status: 200 len: 212 time: 0.0939953
2026-05-28 22:54:58.950 9 INFO neutron.wsgi [None req-6cfdf91e-eb7d-43c7-95a4-9d53dfa4d2e3 b76c453d58874d13b85a7d1b8ac146fa 3ad2daaa386e48638d73cfacb3b5a244 - - default default] 10.0.0.129 "DELETE /v2.0/security-groups/22bba159-9347-493b-87d7-c0271104199b HTTP/1.1" status: 204 len: 168 time: 0.4075487
2026-05-28 22:54:59.013 9 INFO neutron.wsgi [req-0886a33a-1453-4c11-bb99-e40d1a8a0eee req-41880a3f-a37d-46c3-93a3-e9fa166bb3ae 2e97ca90eb3546e1ae99765880d7dfc4 73a0f4f6eb244478b26f178b2d6bc468 - - c677fa05ab174be88a773294a28ab893 c677fa05ab174be88a773294a28ab893] 199.204.45.210 "GET /v2.0/networks/d350ae26-6cdc-47d9-9e0a-3e37401863ea?fields=provider%3Aphysical_network&fields=provider%3Anetwork_type HTTP/1.1" status: 200 len: 277 time: 0.0839999
2026-05-28 22:54:59.124 9 INFO neutron.wsgi [None req-42e1bb19-62eb-465a-ac73-d8a3e52aa843 b76c453d58874d13b85a7d1b8ac146fa 3ad2daaa386e48638d73cfacb3b5a244 - - default default] 10.0.0.129 "GET /v2.0/security-groups?tenant_id=3bc63798ff69485aac99d59210295991&name=default HTTP/1.1" status: 200 len: 2996 time: 0.0584548
2026-05-28 22:54:59.148 9 INFO neutron.wsgi [req-5d6a9311-af85-4fc8-a73f-83c9ffea89e6 req-5a9e66ee-834e-4819-8252-3b8f0b15e088 b76c453d58874d13b85a7d1b8ac146fa 3ad2daaa386e48638d73cfacb3b5a244 - - default default] 10.0.0.25 "GET /v2.0/ports?device_id=e797ea47-c130-4e9b-8d31-ea49acd1b07f HTTP/1.1" status: 200 len: 1411 time: 0.0495522
2026-05-28 22:54:59.193 10 INFO neutron.wsgi [None req-735dbd82-239b-4b91-a394-10b70951cc85 eaa76abe24d8429bb56a2bbd5189591f ca649459bee946c59e71e44adc7b8368 - - default default] 10.0.0.129 "PUT /v2.0/security-groups/5d49b53d-550a-44f7-972b-45d108bda84f/tags HTTP/1.1" status: 200 len: 210 time: 0.3028653
2026-05-28 22:54:59.194 9 WARNING neutron.plugins.ml2.drivers.ovn.mech_driver.ovsdb.ovn_client [None req-e6771b60-b103-471a-8a1b-323c05953c8e - - - - - -] No hosting information found for port 37224e94-0281-42f3-b90d-b3fc2dafe3ea: RuntimeError: No hosting information found for port 37224e94-0281-42f3-b90d-b3fc2dafe3ea
2026-05-28 22:54:59.195 9 INFO neutron.plugins.ml2.drivers.ovn.mech_driver.mech_driver [None req-e6771b60-b103-471a-8a1b-323c05953c8e - - - - - -] OVN reports status up for port: bbe2e692-f5c0-4d76-8053-c2b302474c67
2026-05-28 22:54:59.221 10 INFO neutron.wsgi [None req-6e8d076c-75d7-4ce9-87e6-9c6ecf47ca2f b76c453d58874d13b85a7d1b8ac146fa 3ad2daaa386e48638d73cfacb3b5a244 - - default default] 10.0.0.64 "GET /v2.0/floatingips HTTP/1.1" status: 200 len: 1877 time: 0.3054852
2026-05-28 22:54:59.231 9 INFO neutron.plugins.ml2.plugin [None req-e6771b60-b103-471a-8a1b-323c05953c8e - - - - - -] Attempt 1 to provision port bbe2e692-f5c0-4d76-8053-c2b302474c67
2026-05-28 22:54:59.240 9 INFO neutron.wsgi [req-5d6a9311-af85-4fc8-a73f-83c9ffea89e6 req-8a7949c5-c0cd-44bd-b000-c8828bffd728 b76c453d58874d13b85a7d1b8ac146fa 3ad2daaa386e48638d73cfacb3b5a244 - - default default] 10.0.0.25 "GET /v2.0/security-groups?id=c4e720f1-1b71-41a8-8dcb-788c2cac9597&fields=id&fields=name HTTP/1.1" status: 200 len: 294 time: 0.0783448
2026-05-28 22:54:59.242 10 INFO neutron.wsgi [req-48a02b4a-9745-459c-bcc7-21180c1f2d65 req-f887812e-b734-4fcd-bf92-2ae0e4b4bbd0 900110622a8a40049e58c1ec3be11758 30ed978efbbf4445b95deedd59985c70 - - default default] 10.0.0.25 "GET /v2.0/ports?device_id=07163fa1-fd28-4556-b9e2-b82dac137c72 HTTP/1.1" status: 200 len: 1170 time: 0.0826049
2026-05-28 22:54:59.275 9 INFO neutron.wsgi [None req-9d6a8d22-b454-46b3-ae9c-07cad6a8bf51 eaa76abe24d8429bb56a2bbd5189591f ca649459bee946c59e71e44adc7b8368 - - default default] 10.0.0.129 "PUT /v2.0/security-groups/4f29cc17-c955-446e-b13a-6991974cd0ac/tags HTTP/1.1" status: 200 len: 218 time: 0.0763543
2026-05-28 22:54:59.338 10 INFO neutron.wsgi [req-48a02b4a-9745-459c-bcc7-21180c1f2d65 req-1a930672-1d86-4966-844d-a9ef75125642 900110622a8a40049e58c1ec3be11758 30ed978efbbf4445b95deedd59985c70 - - default default] 10.0.0.25 "GET /v2.0/security-groups?id=586fc8a0-1f68-454e-837e-fa5eabe9ac90&fields=id&fields=name HTTP/1.1" status: 200 len: 286 time: 0.0850320
2026-05-28 22:54:59.352 10 INFO neutron.wsgi [None req-99be987e-99e3-4cff-9b45-27818a5a2d19 b76c453d58874d13b85a7d1b8ac146fa 3ad2daaa386e48638d73cfacb3b5a244 - - default default] 10.0.0.64 "GET /v2.0/networks HTTP/1.1" status: 200 len: 5483 time: 0.1281471
2026-05-28 22:54:59.376 9 INFO neutron.wsgi [req-a8e7ee8b-9240-4cd4-840e-3fde2e1940a0 req-17b22f48-b1e6-451a-8365-7856a38dd5c1 b76c453d58874d13b85a7d1b8ac146fa 3ad2daaa386e48638d73cfacb3b5a244 - - default default] 10.0.0.25 "GET /v2.0/ports?device_id=e797ea47-c130-4e9b-8d31-ea49acd1b07f HTTP/1.1" status: 200 len: 1411 time: 0.0851712
2026-05-28 22:54:59.397 10 INFO neutron.wsgi [None req-73c3f383-6020-40c4-a754-281c3d75e52f b76c453d58874d13b85a7d1b8ac146fa 3ad2daaa386e48638d73cfacb3b5a244 - - default default] 10.0.0.64 "GET /v2.0/network-ip-availabilities HTTP/1.1" status: 200 len: 3846 time: 0.0303581
2026-05-28 22:54:59.399 9 INFO neutron.wsgi [None req-55e9065a-f2a7-4707-ab7d-68139110e9dd eaa76abe24d8429bb56a2bbd5189591f ca649459bee946c59e71e44adc7b8368 - - default default] 10.0.0.129 "PUT /v2.0/security-groups/144c94c7-5d42-4301-868c-bcf296201667/tags HTTP/1.1" status: 200 len: 227 time: 0.1169109
2026-05-28 22:54:59.467 9 INFO neutron.wsgi [None req-00f3faf5-5d3e-4a87-9acf-3702cbc58eef eaa76abe24d8429bb56a2bbd5189591f ca649459bee946c59e71e44adc7b8368 - - default default] 10.0.0.129 "PUT /v2.0/security-groups/b5e8a204-8a64-4de8-8df9-58b14f3cfbba/tags HTTP/1.1" status: 200 len: 212 time: 0.0635900
2026-05-28 22:54:59.511 10 INFO neutron.wsgi [None req-7e356e5a-8d54-4c5a-b4b8-d34871eb3670 b76c453d58874d13b85a7d1b8ac146fa 3ad2daaa386e48638d73cfacb3b5a244 - - default default] 10.0.0.64 "GET /v2.0/ports HTTP/1.1" status: 200 len: 24318 time: 0.1128249
2026-05-28 22:54:59.535 10 INFO neutron.db.ovn_revision_numbers_db [None req-97ab8ac3-bf11-4efe-8f10-3e367a5a18a6 - - - - - -] Successfully bumped revision number for resource 7acee45c-d44d-48ba-8063-9e6a1c052405 (type: ports) to 4
2026-05-28 22:54:59.566 9 INFO neutron.wsgi [None req-9c70a484-86fc-4d37-b8bf-3d9064d1915c eaa76abe24d8429bb56a2bbd5189591f ca649459bee946c59e71e44adc7b8368 - - default default] 10.0.0.129 "GET /v2.0/security-groups?tags=red HTTP/1.1" status: 200 len: 4813 time: 0.0909960
2026-05-28 22:54:59.648 9 INFO neutron.wsgi [None req-7d406a9a-2cec-4703-b879-6aac85096865 eaa76abe24d8429bb56a2bbd5189591f ca649459bee946c59e71e44adc7b8368 - - default default] 10.0.0.129 "GET /v2.0/security-groups?tags=red%2Cblue HTTP/1.1" status: 200 len: 3289 time: 0.0753696
2026-05-28 22:54:59.655 9 INFO neutron.wsgi [None req-c80b440c-4238-44cc-886a-0a398fe3aa59 b76c453d58874d13b85a7d1b8ac146fa 3ad2daaa386e48638d73cfacb3b5a244 - - default default] 10.0.0.129 "DELETE /v2.0/security-groups/a1991c54-d13c-4264-9b77-2be1309d02a4 HTTP/1.1" status: 204 len: 168 time: 0.5236983 /var/lib/openstack/lib/python3.10/site-packages/pycadf/identifier.py:71: UserWarning: Invalid uuid: neutron. To ensure interoperability, identifiers should be a valid uuid. warnings.warn(('Invalid uuid: %s. To ensure interoperability, '
2026-05-28 22:54:59.693 10 INFO neutron.wsgi [None req-e010feb5-a874-417d-bad0-bd62514fbff0 eaa76abe24d8429bb56a2bbd5189591f ca649459bee946c59e71e44adc7b8368 - - default default] 10.0.0.129 "GET /v2.0/security-groups?tags-any=blue HTTP/1.1" status: 200 len: 3289 time: 0.0381200
2026-05-28 22:54:59.713 9 INFO neutron.db.ovn_revision_numbers_db [None req-e6771b60-b103-471a-8a1b-323c05953c8e - - - - - -] Successfully bumped revision number for resource bbe2e692-f5c0-4d76-8053-c2b302474c67 (type: ports) to 4
2026-05-28 22:54:59.743 10 INFO neutron.wsgi [None req-09d5e321-8560-4257-8bcf-8d51082abe9b eaa76abe24d8429bb56a2bbd5189591f ca649459bee946c59e71e44adc7b8368 - - default default] 10.0.0.129 "GET /v2.0/security-groups?tags-any=red%2Cblue HTTP/1.1" status: 200 len: 4813 time: 0.0431263
2026-05-28 22:54:59.795 10 INFO neutron.wsgi [None req-39f7522d-0fbe-4c79-8991-4a293717d360 eaa76abe24d8429bb56a2bbd5189591f ca649459bee946c59e71e44adc7b8368 - - default default] 10.0.0.129 "GET /v2.0/security-groups?not-tags=red HTTP/1.1" status: 200 len: 6041 time: 0.0474439
2026-05-28 22:54:59.851 10 INFO neutron.wsgi [None req-89a2f866-8792-45da-90a5-fd0f38108ce0 eaa76abe24d8429bb56a2bbd5189591f ca649459bee946c59e71e44adc7b8368 - - default default] 10.0.0.129 "GET /v2.0/security-groups?not-tags=red%2Cblue HTTP/1.1" status: 200 len: 7565 time: 0.0506682
2026-05-28 22:54:59.897 10 INFO neutron.wsgi [None req-78a15300-3179-46f1-92be-e7114a478c92 eaa76abe24d8429bb56a2bbd5189591f ca649459bee946c59e71e44adc7b8368 - - default default] 10.0.0.129 "GET /v2.0/security-groups?not-tags-any=blue HTTP/1.1" status: 200 len: 7565 time: 0.0423152
2026-05-28 22:54:59.944 10 INFO neutron.wsgi [None req-c507cf18-5504-4c99-9516-b63d5d064520 eaa76abe24d8429bb56a2bbd5189591f ca649459bee946c59e71e44adc7b8368 - - default default] 10.0.0.129 "GET /v2.0/security-groups?not-tags-any=red%2Cblue HTTP/1.1" status: 200 len: 6041 time: 0.0431578
2026-05-28 22:55:00.052 10 INFO neutron.wsgi [None req-a573d777-1707-4305-9ad0-6cbba5abdf3a eaa76abe24d8429bb56a2bbd5189591f ca649459bee946c59e71e44adc7b8368 - - default default] 10.0.0.129 "DELETE /v2.0/security-groups/5d49b53d-550a-44f7-972b-45d108bda84f HTTP/1.1" status: 204 len: 168 time: 0.1041043
2026-05-28 22:55:00.181 10 INFO neutron.wsgi [None req-425c5a38-b473-4f38-bf2d-1444f4f1a01a eaa76abe24d8429bb56a2bbd5189591f ca649459bee946c59e71e44adc7b8368 - - default default] 10.0.0.129 "DELETE /v2.0/security-groups/4f29cc17-c955-446e-b13a-6991974cd0ac HTTP/1.1" status: 204 len: 168 time: 0.1240761
2026-05-28 22:55:00.216 9 INFO neutron.notifiers.nova [-] Nova event matching ['req-0bfc22d6-d02b-4fa5-96b1-3f32a9bbcd21'] response: {'server_uuid': 'e797ea47-c130-4e9b-8d31-ea49acd1b07f', 'name': 'network-vif-plugged', 'status': 'completed', 'tag': 'bbe2e692-f5c0-4d76-8053-c2b302474c67', 'code': 200}
2026-05-28 22:55:00.217 9 INFO neutron.notifiers.nova [-] Nova event matching ['req-0bfc22d6-d02b-4fa5-96b1-3f32a9bbcd21'] response: {'server_uuid': 'e797ea47-c130-4e9b-8d31-ea49acd1b07f', 'name': 'network-vif-plugged', 'status': 'completed', 'tag': 'bbe2e692-f5c0-4d76-8053-c2b302474c67', 'code': 200}
2026-05-28 22:55:00.333 10 INFO neutron.wsgi [None req-da14a359-0216-4365-ae81-91f4a17aa251 eaa76abe24d8429bb56a2bbd5189591f ca649459bee946c59e71e44adc7b8368 - - default default] 10.0.0.129 "DELETE /v2.0/security-groups/144c94c7-5d42-4301-868c-bcf296201667 HTTP/1.1" status: 204 len: 168 time: 0.1483397 /var/lib/openstack/lib/python3.10/site-packages/pycadf/identifier.py:71: UserWarning: Invalid uuid: neutron. To ensure interoperability, identifiers should be a valid uuid. warnings.warn(('Invalid uuid: %s. To ensure interoperability, '
2026-05-28 22:55:00.600 9 INFO neutron.wsgi [None req-793e8c05-bb63-4fc6-bb78-2f1288757586 eaa76abe24d8429bb56a2bbd5189591f ca649459bee946c59e71e44adc7b8368 - - default default] 10.0.0.129 "DELETE /v2.0/security-groups/b5e8a204-8a64-4de8-8df9-58b14f3cfbba HTTP/1.1" status: 204 len: 168 time: 0.2632120
2026-05-28 22:55:00.607 10 INFO neutron.wsgi [req-f903e357-766c-43d1-9a46-c237788521d9 req-38ad0c55-9fd6-4a94-a88b-81e428ca8e78 900110622a8a40049e58c1ec3be11758 30ed978efbbf4445b95deedd59985c70 - - default default] 10.0.0.25 "GET /v2.0/ports?device_id=07163fa1-fd28-4556-b9e2-b82dac137c72 HTTP/1.1" status: 200 len: 1170 time: 0.0999601
2026-05-28 22:55:00.688 10 INFO neutron.wsgi [req-f903e357-766c-43d1-9a46-c237788521d9 req-e3ae729e-8030-41aa-b88a-c045718fe5c8 900110622a8a40049e58c1ec3be11758 30ed978efbbf4445b95deedd59985c70 - - default default] 10.0.0.25 "GET /v2.0/security-groups?id=586fc8a0-1f68-454e-837e-fa5eabe9ac90&fields=id&fields=name HTTP/1.1" status: 200 len: 286 time: 0.0746310
2026-05-28 22:55:00.760 10 INFO neutron.wsgi [None req-caad0ff7-b6b7-4cd4-b3a0-054b3c6765a2 eaa76abe24d8429bb56a2bbd5189591f ca649459bee946c59e71e44adc7b8368 - - default default] 10.0.0.129 "DELETE /v2.0/security-groups/811d9b8c-c87d-4a59-952e-4d883ef8790b HTTP/1.1" status: 204 len: 168 time: 0.1512074
2026-05-28 22:55:00.984 10 INFO neutron.notifiers.nova [-] Nova event matching ['req-a0a82bf4-8bfb-49ac-b46d-66b8a7f1f17a'] response: {'server_uuid': '07163fa1-fd28-4556-b9e2-b82dac137c72', 'name': 'network-vif-plugged', 'status': 'completed', 'tag': '7acee45c-d44d-48ba-8063-9e6a1c052405', 'code': 200}
2026-05-28 22:55:01.078 10 INFO neutron.wsgi [req-dbca6fd2-48ec-4c93-9e59-5c05fdfdc660 req-a1984ab8-de42-4942-b7a3-d856bf17e041 900110622a8a40049e58c1ec3be11758 30ed978efbbf4445b95deedd59985c70 - - default default] 10.0.0.25 "GET /v2.0/ports?device_id=07163fa1-fd28-4556-b9e2-b82dac137c72 HTTP/1.1" status: 200 len: 1170 time: 0.0717819
2026-05-28 22:55:01.109 10 INFO neutron.plugins.ml2.drivers.ovn.mech_driver.mech_driver [None req-97ab8ac3-bf11-4efe-8f10-3e367a5a18a6 - - - - - -] OVN reports status down for port: 7acee45c-d44d-48ba-8063-9e6a1c052405
2026-05-28 22:55:01.184 10 INFO neutron.wsgi [req-dbca6fd2-48ec-4c93-9e59-5c05fdfdc660 req-574b92f5-19fc-4f24-bdd7-9157fe296b75 900110622a8a40049e58c1ec3be11758 30ed978efbbf4445b95deedd59985c70 - - default default] 10.0.0.25 "GET /v2.0/security-groups?id=586fc8a0-1f68-454e-837e-fa5eabe9ac90&fields=id&fields=name HTTP/1.1" status: 200 len: 286 time: 0.0996084
2026-05-28 22:55:01.451 10 INFO neutron.db.ovn_revision_numbers_db [None req-97ab8ac3-bf11-4efe-8f10-3e367a5a18a6 - - - - - -] Successfully bumped revision number for resource 7acee45c-d44d-48ba-8063-9e6a1c052405 (type: ports) to 5
2026-05-28 22:55:01.483 9 INFO neutron.wsgi [req-6145ec38-94bc-4aa1-a2c9-0de6170e5aa6 req-8ef42bc7-9bda-4ef1-b124-72b74c3f471f 900110622a8a40049e58c1ec3be11758 30ed978efbbf4445b95deedd59985c70 - - default default] 199.204.45.210 "GET /v2.0/ports?device_id=07163fa1-fd28-4556-b9e2-b82dac137c72 HTTP/1.1" status: 200 len: 1168 time: 0.1267908
2026-05-28 22:55:01.827 9 INFO neutron.wsgi [req-6145ec38-94bc-4aa1-a2c9-0de6170e5aa6 req-09c7498d-a29a-49ba-99be-8e2f7d8bc0de 900110622a8a40049e58c1ec3be11758 30ed978efbbf4445b95deedd59985c70 - - default default] 199.204.45.210 "DELETE /v2.0/ports/7acee45c-d44d-48ba-8063-9e6a1c052405 HTTP/1.1" status: 204 len: 173 time: 0.3393364
2026-05-28 22:55:02.184 9 INFO neutron.wsgi [req-ac7103b6-c7f7-4d49-ac30-bdc8e2a9d489 req-25dd498f-137c-4339-9978-fe1cd47c9eb6 b76c453d58874d13b85a7d1b8ac146fa 3ad2daaa386e48638d73cfacb3b5a244 - - default default] 10.0.0.25 "GET /v2.0/ports?device_id=e797ea47-c130-4e9b-8d31-ea49acd1b07f HTTP/1.1" status: 200 len: 1413 time: 0.0388100
2026-05-28 22:55:02.242 9 INFO neutron.wsgi [req-ac7103b6-c7f7-4d49-ac30-bdc8e2a9d489 req-d1910078-df94-45b2-8463-b168e94a38bd b76c453d58874d13b85a7d1b8ac146fa 3ad2daaa386e48638d73cfacb3b5a244 - - default default] 10.0.0.25 "GET /v2.0/security-groups?id=c4e720f1-1b71-41a8-8dcb-788c2cac9597&fields=id&fields=name HTTP/1.1" status: 200 len: 294 time: 0.0505929
2026-05-28 22:55:02.246 9 INFO neutron.db.ovn_revision_numbers_db [None req-76238a4e-4359-40be-b0bb-1f8fef77ba93 b76c453d58874d13b85a7d1b8ac146fa 3ad2daaa386e48638d73cfacb3b5a244 - - default default] Successfully bumped revision number for resource ebd30033-e178-4197-8520-53ae58a493e3 (type: security_groups) to 1
2026-05-28 22:55:02.275 9 INFO neutron.db.ovn_revision_numbers_db [None req-76238a4e-4359-40be-b0bb-1f8fef77ba93 b76c453d58874d13b85a7d1b8ac146fa 3ad2daaa386e48638d73cfacb3b5a244 - - default default] Successfully bumped revision number for resource 66eb2a2f-8b30-4e1c-8dff-55e1580e5f2b (type: security_group_rules) to 0 /var/lib/openstack/lib/python3.10/site-packages/pycadf/identifier.py:71: UserWarning: Invalid uuid: neutron. To ensure interoperability, identifiers should be a valid uuid. warnings.warn(('Invalid uuid: %s. To ensure interoperability, '
2026-05-28 22:55:02.296 9 INFO neutron.notifiers.nova [-] Nova event matching ['req-66f05d6c-d54f-4bbf-92f7-a95d2a5fe1df'] response: {'server_uuid': '07163fa1-fd28-4556-b9e2-b82dac137c72', 'name': 'network-vif-deleted', 'tag': '7acee45c-d44d-48ba-8063-9e6a1c052405', 'status': 'completed', 'code': 200}
2026-05-28 22:55:02.297 9 INFO neutron.db.ovn_revision_numbers_db [None req-76238a4e-4359-40be-b0bb-1f8fef77ba93 b76c453d58874d13b85a7d1b8ac146fa 3ad2daaa386e48638d73cfacb3b5a244 - - default default] Successfully bumped revision number for resource 943bc38f-d1ac-4a9a-81e7-3ff91fc9e6da (type: security_group_rules) to 0
2026-05-28 22:55:02.299 10 INFO neutron.wsgi [req-75875a26-7f60-4ee5-84eb-fe165f36946b req-8f9b50f7-ae5d-4b3c-9fa7-78d95c4985c7 900110622a8a40049e58c1ec3be11758 30ed978efbbf4445b95deedd59985c70 - - default default] 10.0.0.25 "GET /v2.0/ports?device_id=07163fa1-fd28-4556-b9e2-b82dac137c72 HTTP/1.1" status: 200 len: 210 time: 0.0231421
2026-05-28 22:55:02.313 9 INFO neutron.db.ovn_revision_numbers_db [None req-76238a4e-4359-40be-b0bb-1f8fef77ba93 b76c453d58874d13b85a7d1b8ac146fa 3ad2daaa386e48638d73cfacb3b5a244 - - default default] Successfully bumped revision number for resource ad6f238f-17b7-4ea1-9c80-991892ad8e76 (type: security_group_rules) to 0
2026-05-28 22:55:02.344 9 INFO neutron.db.ovn_revision_numbers_db [None req-76238a4e-4359-40be-b0bb-1f8fef77ba93 b76c453d58874d13b85a7d1b8ac146fa 3ad2daaa386e48638d73cfacb3b5a244 - - default default] Successfully bumped revision number for resource b1c9e7fb-32f9-4a39-800a-b71f01ec9b1e (type: security_group_rules) to 0
2026-05-28 22:55:02.382 9 INFO neutron.wsgi [req-a9a83a3e-337d-48b0-a6bc-5234433ff794 req-7b051684-af10-4181-bdd9-7262c5844eec b76c453d58874d13b85a7d1b8ac146fa 3ad2daaa386e48638d73cfacb3b5a244 - - default default] 10.0.0.25 "GET /v2.0/ports?device_id=e797ea47-c130-4e9b-8d31-ea49acd1b07f HTTP/1.1" status: 200 len: 1413 time: 0.0479987
2026-05-28 22:55:02.384 9 INFO neutron.wsgi [None req-76238a4e-4359-40be-b0bb-1f8fef77ba93 b76c453d58874d13b85a7d1b8ac146fa 3ad2daaa386e48638d73cfacb3b5a244 - - default default] 10.0.0.129 "GET /v2.0/security-groups?tenant_id=818c56ee485548238183a7b4c72294b3&name=default HTTP/1.1" status: 200 len: 2996 time: 0.4320533
2026-05-28 22:55:02.627 9 INFO neutron.wsgi [None req-dbe5365b-ba87-4eae-ad62-a92d83c02e0d b76c453d58874d13b85a7d1b8ac146fa 3ad2daaa386e48638d73cfacb3b5a244 - - default default] 10.0.0.129 "DELETE /v2.0/security-groups/ebd30033-e178-4197-8520-53ae58a493e3 HTTP/1.1" status: 204 len: 168 time: 0.2344902
2026-05-28 22:55:02.889 10 INFO neutron.db.ovn_revision_numbers_db [None req-cbef9b77-f10c-4eaa-8126-396b1af07375 b76c453d58874d13b85a7d1b8ac146fa 3ad2daaa386e48638d73cfacb3b5a244 - - default default] Successfully bumped revision number for resource 6014f4a6-9379-41ae-aeda-c2eeff2fd94d (type: security_groups) to 1
2026-05-28 22:55:02.899 10 INFO neutron.db.ovn_revision_numbers_db [None req-cbef9b77-f10c-4eaa-8126-396b1af07375 b76c453d58874d13b85a7d1b8ac146fa 3ad2daaa386e48638d73cfacb3b5a244 - - default default] Successfully bumped revision number for resource 0ef7c3c8-bc1d-46a5-a40d-bc4e45a8de83 (type: security_group_rules) to 0
2026-05-28 22:55:02.911 10 INFO neutron.db.ovn_revision_numbers_db [None req-cbef9b77-f10c-4eaa-8126-396b1af07375 b76c453d58874d13b85a7d1b8ac146fa 3ad2daaa386e48638d73cfacb3b5a244 - - default default] Successfully bumped revision number for resource 67061014-dc5f-4a8d-ae34-d494ed8dd7bd (type: security_group_rules) to 0
2026-05-28 22:55:02.925 10 INFO neutron.db.ovn_revision_numbers_db [None req-cbef9b77-f10c-4eaa-8126-396b1af07375 b76c453d58874d13b85a7d1b8ac146fa 3ad2daaa386e48638d73cfacb3b5a244 - - default default] Successfully bumped revision number for resource 74b4e4a1-805e-4ddd-9cd9-d20fc0ab3144 (type: security_group_rules) to 0
2026-05-28 22:55:02.938 10 INFO neutron.db.ovn_revision_numbers_db [None req-cbef9b77-f10c-4eaa-8126-396b1af07375 b76c453d58874d13b85a7d1b8ac146fa 3ad2daaa386e48638d73cfacb3b5a244 - - default default] Successfully bumped revision number for resource c3674dc3-8246-476d-8241-dbc7c534b019 (type: security_group_rules) to 0
2026-05-28 22:55:02.960 10 INFO neutron.wsgi [None req-cbef9b77-f10c-4eaa-8126-396b1af07375 b76c453d58874d13b85a7d1b8ac146fa 3ad2daaa386e48638d73cfacb3b5a244 - - default default] 10.0.0.129 "GET /v2.0/security-groups?tenant_id=f593c1974553457198ac06f2be7e045b&name=default HTTP/1.1" status: 200 len: 2996 time: 0.1709111
2026-05-28 22:55:03.038 10 INFO neutron.notifiers.nova [-] Nova event matching ['req-e7c9306c-31b1-4000-8f27-a9d6f2ffed50'] response: {'server_uuid': '07163fa1-fd28-4556-b9e2-b82dac137c72', 'name': 'network-vif-unplugged', 'status': 'completed', 'tag': '7acee45c-d44d-48ba-8063-9e6a1c052405', 'code': 200}
2026-05-28 22:55:03.039 10 INFO neutron.notifiers.nova [-] Nova event matching ['req-e7c9306c-31b1-4000-8f27-a9d6f2ffed50'] response: {'server_uuid': '07163fa1-fd28-4556-b9e2-b82dac137c72', 'name': 'network-vif-plugged', 'status': 'completed', 'tag': '7acee45c-d44d-48ba-8063-9e6a1c052405', 'code': 200}
2026-05-28 22:55:03.153 10 INFO neutron.wsgi [None req-5a0b70d7-55d0-4437-a119-6a1a5255e276 b76c453d58874d13b85a7d1b8ac146fa 3ad2daaa386e48638d73cfacb3b5a244 - - default default] 10.0.0.129 "DELETE /v2.0/security-groups/6014f4a6-9379-41ae-aeda-c2eeff2fd94d HTTP/1.1" status: 204 len: 168 time: 0.1853576
2026-05-28 22:55:03.415 9 INFO neutron.wsgi [None req-9d297f8d-5db0-4b6b-b7bb-f7fabe703a2d b76c453d58874d13b85a7d1b8ac146fa 3ad2daaa386e48638d73cfacb3b5a244 - - default default] 10.0.0.129 "GET /v2.0/security-groups?tenant_id=ca649459bee946c59e71e44adc7b8368&name=default HTTP/1.1" status: 200 len: 2996 time: 0.0402102
2026-05-28 22:55:03.624 9 INFO neutron.wsgi [None req-5b643192-83d4-4e3f-84f4-5dfefd17d07c b76c453d58874d13b85a7d1b8ac146fa 3ad2daaa386e48638d73cfacb3b5a244 - - default default] 10.0.0.129 "DELETE /v2.0/security-groups/08dafe05-afb5-423f-a4ed-a1fb924eef5d HTTP/1.1" status: 204 len: 168 time: 0.2054875
2026-05-28 22:55:04.486 10 INFO neutron.wsgi [None req-e97a4162-e184-4f09-a90c-c668a19e74cb b76c453d58874d13b85a7d1b8ac146fa 3ad2daaa386e48638d73cfacb3b5a244 - - default default] 10.0.0.129 "PUT /v2.0/routers/1221afc1-82a7-4ee6-b1f2-05152668d104/remove_router_interface HTTP/1.1" status: 200 len: 503 time: 1.1307003 /var/lib/openstack/lib/python3.10/site-packages/pycadf/identifier.py:71: UserWarning: Invalid uuid: neutron. To ensure interoperability, identifiers should be a valid uuid. warnings.warn(('Invalid uuid: %s. To ensure interoperability, '
2026-05-28 22:55:05.065 9 INFO neutron.wsgi [None req-62ee5e41-231b-4b69-b92d-4849b2425f1e 489af0a69e9d42429c0b2ca35d252e4f 385501df8c2f4abe9f13fd2feaa93a8e - - default default] 10.0.0.129 "POST /v2.0/qos/policies HTTP/1.1" status: 201 len: 558 time: 0.3365254
2026-05-28 22:55:05.108 9 INFO neutron.wsgi [None req-5d97a35d-7d2b-4362-b8ea-599bf5c869b1 489af0a69e9d42429c0b2ca35d252e4f 385501df8c2f4abe9f13fd2feaa93a8e - - default default] 10.0.0.129 "POST /v2.0/qos/policies HTTP/1.1" status: 201 len: 558 time: 0.0395865
2026-05-28 22:55:05.152 9 INFO neutron.wsgi [None req-fa5fa255-25a8-49ca-8eee-17b231aecf8a 489af0a69e9d42429c0b2ca35d252e4f 385501df8c2f4abe9f13fd2feaa93a8e - - default default] 10.0.0.129 "POST /v2.0/qos/policies HTTP/1.1" status: 201 len: 558 time: 0.0392785
2026-05-28 22:55:05.198 9 INFO neutron.wsgi [None req-cf9b86e9-f57e-4be7-bd2e-2d2c899442bb 489af0a69e9d42429c0b2ca35d252e4f 385501df8c2f4abe9f13fd2feaa93a8e - - default default] 10.0.0.129 "POST /v2.0/qos/policies HTTP/1.1" status: 201 len: 558 time: 0.0393500
2026-05-28 22:55:05.241 9 INFO neutron.wsgi [None req-c0e7a906-f8a8-4423-b82a-1ff66fad3b46 489af0a69e9d42429c0b2ca35d252e4f 385501df8c2f4abe9f13fd2feaa93a8e - - default default] 10.0.0.129 "POST /v2.0/qos/policies HTTP/1.1" status: 201 len: 558 time: 0.0376768
2026-05-28 22:55:05.270 9 INFO neutron.wsgi [None req-1e055aee-aef7-4a7b-9681-e21d2254eae4 489af0a69e9d42429c0b2ca35d252e4f 385501df8c2f4abe9f13fd2feaa93a8e - - default default] 10.0.0.129 "PUT /v2.0/policies/11c6e7d4-c658-47ef-ae5b-82c1b8318ecd/tags HTTP/1.1" status: 200 len: 210 time: 0.0243843
2026-05-28 22:55:05.299 9 INFO neutron.wsgi [None req-5340ec61-c2ce-4fb4-aaf2-42ddf7ea9c3c 489af0a69e9d42429c0b2ca35d252e4f 385501df8c2f4abe9f13fd2feaa93a8e - - default default] 10.0.0.129 "PUT /v2.0/policies/d798350c-96d0-431c-9333-3f54b749becf/tags HTTP/1.1" status: 200 len: 218 time: 0.0243616
2026-05-28 22:55:05.331 9 INFO neutron.wsgi [None req-f93d6299-d4d6-4291-89f4-b75ccbd61766 489af0a69e9d42429c0b2ca35d252e4f 385501df8c2f4abe9f13fd2feaa93a8e - - default default] 10.0.0.129 "PUT /v2.0/policies/e9de31c0-92de-46da-ae7b-5bc2e726b193/tags HTTP/1.1" status: 200 len: 227 time: 0.0265021
2026-05-28 22:55:05.362 9 INFO neutron.wsgi [None req-b30f7c09-7222-4eb8-9ab9-6b2d31ad7fc5 489af0a69e9d42429c0b2ca35d252e4f 385501df8c2f4abe9f13fd2feaa93a8e - - default default] 10.0.0.129 "PUT /v2.0/policies/cefc31e0-650f-48b9-a06a-c43c4e69b65b/tags HTTP/1.1" status: 200 len: 212 time: 0.0260370
2026-05-28 22:55:05.634 10 INFO neutron.wsgi [None req-5e441c8d-07d4-4902-ac8b-b6d3994f2fb4 b76c453d58874d13b85a7d1b8ac146fa 3ad2daaa386e48638d73cfacb3b5a244 - - default default] 10.0.0.129 "DELETE /v2.0/routers/1221afc1-82a7-4ee6-b1f2-05152668d104 HTTP/1.1" status: 204 len: 168 time: 1.1421719
2026-05-28 22:55:05.826 9 INFO neutron.wsgi [None req-d1f92b11-53ee-4a4e-86b9-f16e541253e0 b76c453d58874d13b85a7d1b8ac146fa 3ad2daaa386e48638d73cfacb3b5a244 - - default default] 10.0.0.129 "DELETE /v2.0/subnets/9e3e2407-e7dd-4720-a481-e52a064d2e31 HTTP/1.1" status: 204 len: 168 time: 0.1855323
2026-05-28 22:55:06.041 10 INFO neutron.wsgi [None req-0c507505-f9fa-4527-8ff5-9f30571e1bd8 0ae51776719c4d92887b496a256acaf7 88666b0308a247d18c16c558828d9197 - - default default] 10.0.0.129 "GET /v2.0/qos/policies?tags=red HTTP/1.1" status: 200 len: 1296 time: 0.3115916
2026-05-28 22:55:06.129 9 INFO neutron.wsgi [None req-4f2bff6a-2c71-4d50-8a3c-0cedb3116dee 0ae51776719c4d92887b496a256acaf7 88666b0308a247d18c16c558828d9197 - - default default] 10.0.0.129 "GET /v2.0/qos/policies?tags=red%2Cblue HTTP/1.1" status: 200 len: 941 time: 0.0818207
2026-05-28 22:55:06.184 10 INFO neutron.wsgi [None req-67788705-30a4-481c-bd17-9561b97e4bd4 0ae51776719c4d92887b496a256acaf7 88666b0308a247d18c16c558828d9197 - - default default] 10.0.0.129 "GET /v2.0/qos/policies?tags-any=blue HTTP/1.1" status: 200 len: 941 time: 0.0507655
2026-05-28 22:55:06.184 9 INFO neutron.services.segments.plugin [-] Segment e6698515-9ada-4550-bde7-1b8c163b8b1c resource provider aggregate not found
2026-05-28 22:55:06.190 9 INFO neutron.services.segments.plugin [-] Segment e6698515-9ada-4550-bde7-1b8c163b8b1c resource provider aggregate not found
2026-05-28 22:55:06.233 9 INFO neutron.services.segments.plugin [-] Segment e6698515-9ada-4550-bde7-1b8c163b8b1c resource provider not found; error: Placement Client Error (4xx): {"errors": [{"status": 404, "title": "Not Found", "detail": "The resource could not be found.\n\n No resource provider with uuid e6698515-9ada-4550-bde7-1b8c163b8b1c found for delete ", "request_id": "req-bd6e1dfc-0720-4658-a1a2-a25f2ac84fdd"}]}
2026-05-28 22:55:06.239 9 INFO neutron.services.segments.plugin [-] Segment e6698515-9ada-4550-bde7-1b8c163b8b1c resource provider not found; error: Placement Client Error (4xx): {"errors": [{"status": 404, "title": "Not Found", "detail": "The resource could not be found.\n\n No resource provider with uuid e6698515-9ada-4550-bde7-1b8c163b8b1c found for delete ", "request_id": "req-1981d8d2-5d0d-4b10-8697-a5b828945e6e"}]}
2026-05-28 22:55:06.263 9 INFO neutron.wsgi [None req-10a1a5cf-820b-401c-a7ce-ece195936fb1 b76c453d58874d13b85a7d1b8ac146fa 3ad2daaa386e48638d73cfacb3b5a244 - - default default] 10.0.0.129 "DELETE /v2.0/networks/d350ae26-6cdc-47d9-9e0a-3e37401863ea HTTP/1.1" status: 204 len: 168 time: 0.4330616
2026-05-28 22:55:06.284 10 INFO neutron.wsgi [None req-b1634234-a058-4b13-bcc8-2579458cea0f 0ae51776719c4d92887b496a256acaf7 88666b0308a247d18c16c558828d9197 - - default default] 10.0.0.129 "GET /v2.0/qos/policies?tags-any=red%2Cblue HTTP/1.1" status: 200 len: 1296 time: 0.0923460
2026-05-28 22:55:06.347 9 INFO neutron.wsgi [None req-ec256267-0d66-49d6-ac4d-97221be1e5b7 0ae51776719c4d92887b496a256acaf7 88666b0308a247d18c16c558828d9197 - - default default] 10.0.0.129 "GET /v2.0/qos/policies?not-tags=red HTTP/1.1" status: 200 len: 913 time: 0.0580680
2026-05-28 22:55:06.442 9 INFO neutron.wsgi [None req-e491f73e-6403-4adb-90fa-460440f33d12 0ae51776719c4d92887b496a256acaf7 88666b0308a247d18c16c558828d9197 - - default default] 10.0.0.129 "GET /v2.0/qos/policies?not-tags=red%2Cblue HTTP/1.1" status: 200 len: 1268 time: 0.0892148
2026-05-28 22:55:06.507 10 INFO neutron.wsgi [None req-6693b955-4c9c-43cd-a839-524faabbe446 b76c453d58874d13b85a7d1b8ac146fa 3ad2daaa386e48638d73cfacb3b5a244 - - default default] 10.0.0.129 "GET /v2.0/security-groups?tenant_id=30ed978efbbf4445b95deedd59985c70&name=default HTTP/1.1" status: 200 len: 2996 time: 0.0381579
2026-05-28 22:55:06.529 9 INFO neutron.wsgi [None req-ac3f4197-3f91-4991-aeaf-88b2daad8532 0ae51776719c4d92887b496a256acaf7 88666b0308a247d18c16c558828d9197 - - default default] 10.0.0.129 "GET /v2.0/qos/policies?not-tags-any=blue HTTP/1.1" status: 200 len: 1268 time: 0.0820508
2026-05-28 22:55:06.587 10 INFO neutron.wsgi [None req-17be43df-ea3c-4cdc-ae46-8c6eb89c04ed 0ae51776719c4d92887b496a256acaf7 88666b0308a247d18c16c558828d9197 - - default default] 10.0.0.129 "GET /v2.0/qos/policies?not-tags-any=red%2Cblue HTTP/1.1" status: 200 len: 913 time: 0.0497627
2026-05-28 22:55:06.647 10 INFO neutron.wsgi [None req-72eb4cce-3ce4-4ccb-8798-519304eba5f8 489af0a69e9d42429c0b2ca35d252e4f 385501df8c2f4abe9f13fd2feaa93a8e - - default default] 10.0.0.129 "DELETE /v2.0/qos/policies/11c6e7d4-c658-47ef-ae5b-82c1b8318ecd HTTP/1.1" status: 204 len: 168 time: 0.0538638
2026-05-28 22:55:06.689 9 INFO neutron.wsgi [None req-58ba7cb8-049e-48dc-9cd7-7da52105cd59 b76c453d58874d13b85a7d1b8ac146fa 3ad2daaa386e48638d73cfacb3b5a244 - - default default] 10.0.0.129 "DELETE /v2.0/security-groups/586fc8a0-1f68-454e-837e-fa5eabe9ac90 HTTP/1.1" status: 204 len: 168 time: 0.1763721
2026-05-28 22:55:06.708 10 INFO neutron.wsgi [None req-b021ac15-90e0-4604-8a33-93b8e8b11177 489af0a69e9d42429c0b2ca35d252e4f 385501df8c2f4abe9f13fd2feaa93a8e - - default default] 10.0.0.129 "DELETE /v2.0/qos/policies/d798350c-96d0-431c-9333-3f54b749becf HTTP/1.1" status: 204 len: 168 time: 0.0579441
2026-05-28 22:55:06.764 10 INFO neutron.wsgi [None req-52cd2d67-5dc3-43ab-a0e7-e0aa8cdc3f2e 489af0a69e9d42429c0b2ca35d252e4f 385501df8c2f4abe9f13fd2feaa93a8e - - default default] 10.0.0.129 "DELETE /v2.0/qos/policies/e9de31c0-92de-46da-ae7b-5bc2e726b193 HTTP/1.1" status: 204 len: 168 time: 0.0523298
2026-05-28 22:55:06.820 10 INFO neutron.wsgi [None req-327a1204-ee9b-44de-ba2d-bb7b69382a70 489af0a69e9d42429c0b2ca35d252e4f 385501df8c2f4abe9f13fd2feaa93a8e - - default default] 10.0.0.129 "DELETE /v2.0/qos/policies/cefc31e0-650f-48b9-a06a-c43c4e69b65b HTTP/1.1" status: 204 len: 168 time: 0.0518007
2026-05-28 22:55:06.918 9 INFO neutron.wsgi [None req-13ee2df5-818a-4f3a-9457-4ec53d516a77 489af0a69e9d42429c0b2ca35d252e4f 385501df8c2f4abe9f13fd2feaa93a8e - - default default] 10.0.0.129 "DELETE /v2.0/qos/policies/7426f5bb-7a0a-4ab6-b6e0-17600af2a12a HTTP/1.1" status: 204 len: 168 time: 0.0873754
2026-05-28 22:55:08.160 9 WARNING neutron_lib.context [None req-dd4e08d3-4b99-4e38-8d35-f4d6837c4dbf 514dec46fc3c4ee5b85fc5fafc6fb94c 434ec570856e484491763385a4d48c90 - - default default] Method 'is_advsvc' is deprecated since 2023.2 release (neutron-lib 3.8.0) and will be removed once support for the old RBAC API policies will be removed from Neutron. Please use method 'is_service_role' instead.
2026-05-28 22:55:08.176 10 INFO neutron.db.ovn_revision_numbers_db [None req-c4634ec3-3845-4bba-828c-57cc03c30432 b76c453d58874d13b85a7d1b8ac146fa 3ad2daaa386e48638d73cfacb3b5a244 - - default default] Successfully bumped revision number for resource 75544977-cbd2-46e6-887b-076401db598e (type: security_groups) to 1
2026-05-28 22:55:08.196 10 INFO neutron.db.ovn_revision_numbers_db [None req-c4634ec3-3845-4bba-828c-57cc03c30432 b76c453d58874d13b85a7d1b8ac146fa 3ad2daaa386e48638d73cfacb3b5a244 - - default default] Successfully bumped revision number for resource 0b3b8b64-e9c6-4e74-b08f-c05c8178d04c (type: security_group_rules) to 0
2026-05-28 22:55:08.214 10 INFO neutron.db.ovn_revision_numbers_db [None req-c4634ec3-3845-4bba-828c-57cc03c30432 b76c453d58874d13b85a7d1b8ac146fa 3ad2daaa386e48638d73cfacb3b5a244 - - default default] Successfully bumped revision number for resource 1ecdcd66-3447-407f-95e3-e604ad703401 (type: security_group_rules) to 0
2026-05-28 22:55:08.244 10 INFO neutron.db.ovn_revision_numbers_db [None req-c4634ec3-3845-4bba-828c-57cc03c30432 b76c453d58874d13b85a7d1b8ac146fa 3ad2daaa386e48638d73cfacb3b5a244 - - default default] Successfully bumped revision number for resource 74358c76-93be-4244-b93f-a65ed8e6e34d (type: security_group_rules) to 0
2026-05-28 22:55:08.261 10 INFO neutron.db.ovn_revision_numbers_db [None req-c4634ec3-3845-4bba-828c-57cc03c30432 b76c453d58874d13b85a7d1b8ac146fa 3ad2daaa386e48638d73cfacb3b5a244 - - default default] Successfully bumped revision number for resource cf1b460c-bf80-4441-bb04-8938c12ff48f (type: security_group_rules) to 0
2026-05-28 22:55:08.285 10 INFO neutron.wsgi [None req-c4634ec3-3845-4bba-828c-57cc03c30432 b76c453d58874d13b85a7d1b8ac146fa 3ad2daaa386e48638d73cfacb3b5a244 - - default default] 10.0.0.129 "GET /v2.0/security-groups?tenant_id=88666b0308a247d18c16c558828d9197&name=default HTTP/1.1" status: 200 len: 2996 time: 0.3438156
2026-05-28 22:55:08.330 9 INFO neutron.db.ovn_revision_numbers_db [None req-dd4e08d3-4b99-4e38-8d35-f4d6837c4dbf 514dec46fc3c4ee5b85fc5fafc6fb94c 434ec570856e484491763385a4d48c90 - - default default] Successfully bumped revision number for resource dabe30de-9049-4a6c-8b43-9f43d7f16a97 (type: security_groups) to 1
2026-05-28 22:55:08.344 9 INFO neutron.db.ovn_revision_numbers_db [None req-dd4e08d3-4b99-4e38-8d35-f4d6837c4dbf 514dec46fc3c4ee5b85fc5fafc6fb94c 434ec570856e484491763385a4d48c90 - - default default] Successfully bumped revision number for resource 1035b021-57d4-4d43-9229-1cf276ffb992 (type: security_group_rules) to 0
2026-05-28 22:55:08.360 9 INFO neutron.db.ovn_revision_numbers_db [None req-dd4e08d3-4b99-4e38-8d35-f4d6837c4dbf 514dec46fc3c4ee5b85fc5fafc6fb94c 434ec570856e484491763385a4d48c90 - - default default] Successfully bumped revision number for resource 6f4a5c4e-c749-409d-9010-d307fae637fd (type: security_group_rules) to 0
2026-05-28 22:55:08.383 9 INFO neutron.db.ovn_revision_numbers_db [None req-dd4e08d3-4b99-4e38-8d35-f4d6837c4dbf 514dec46fc3c4ee5b85fc5fafc6fb94c 434ec570856e484491763385a4d48c90 - - default default] Successfully bumped revision number for resource 9ade1f67-a7dc-4dce-83c8-fcaff21ac35b (type: security_group_rules) to 0
2026-05-28 22:55:08.397 9 INFO neutron.db.ovn_revision_numbers_db [None req-dd4e08d3-4b99-4e38-8d35-f4d6837c4dbf 514dec46fc3c4ee5b85fc5fafc6fb94c 434ec570856e484491763385a4d48c90 - - default default] Successfully bumped revision number for resource bcff0aa2-538f-428b-a2c7-627b7cfbb04f (type: security_group_rules) to 0
2026-05-28 22:55:08.465 9 INFO neutron.db.segments_db [None req-dd4e08d3-4b99-4e38-8d35-f4d6837c4dbf 514dec46fc3c4ee5b85fc5fafc6fb94c 434ec570856e484491763385a4d48c90 - - default default] Added segment 2909a628-a40b-42ce-9ae7-b32e187eebea of type geneve for network 5dd61c0a-97d6-4dbd-9527-b85853c169df
2026-05-28 22:55:08.552 10 INFO neutron.wsgi [None req-789171bd-4063-4528-964d-bff2a7bbe24d b76c453d58874d13b85a7d1b8ac146fa 3ad2daaa386e48638d73cfacb3b5a244 - - default default] 10.0.0.129 "DELETE /v2.0/security-groups/75544977-cbd2-46e6-887b-076401db598e HTTP/1.1" status: 204 len: 168 time: 0.2616963
2026-05-28 22:55:08.669 9 INFO neutron.db.ovn_revision_numbers_db [None req-dd4e08d3-4b99-4e38-8d35-f4d6837c4dbf 514dec46fc3c4ee5b85fc5fafc6fb94c 434ec570856e484491763385a4d48c90 - - default default] Successfully bumped revision number for resource 5dd61c0a-97d6-4dbd-9527-b85853c169df (type: networks) to 1
2026-05-28 22:55:08.845 10 INFO neutron.db.ovn_revision_numbers_db [None req-c3b2affc-1f61-4df2-92f6-dff56dd05521 b76c453d58874d13b85a7d1b8ac146fa 3ad2daaa386e48638d73cfacb3b5a244 - - default default] Successfully bumped revision number for resource 1e10a98e-9761-43b9-bc37-9be8a4a56955 (type: security_groups) to 1
2026-05-28 22:55:08.860 10 INFO neutron.db.ovn_revision_numbers_db [None req-c3b2affc-1f61-4df2-92f6-dff56dd05521 b76c453d58874d13b85a7d1b8ac146fa 3ad2daaa386e48638d73cfacb3b5a244 - - default default] Successfully bumped revision number for resource 1275daa3-7436-4cc0-a3e9-0c09722be9de (type: security_group_rules) to 0
2026-05-28 22:55:08.876 10 INFO neutron.db.ovn_revision_numbers_db [None req-c3b2affc-1f61-4df2-92f6-dff56dd05521 b76c453d58874d13b85a7d1b8ac146fa 3ad2daaa386e48638d73cfacb3b5a244 - - default default] Successfully bumped revision number for resource c526715c-7fa5-481d-8e48-709a777e1b92 (type: security_group_rules) to 0
2026-05-28 22:55:08.890 10 INFO neutron.db.ovn_revision_numbers_db [None req-c3b2affc-1f61-4df2-92f6-dff56dd05521 b76c453d58874d13b85a7d1b8ac146fa 3ad2daaa386e48638d73cfacb3b5a244 - - default default] Successfully bumped revision number for resource e0f20162-831b-46ca-b4ca-7fa3cc215d50 (type: security_group_rules) to 0
2026-05-28 22:55:08.896 9 WARNING neutron.scheduler.dhcp_agent_scheduler [None req-dd4e08d3-4b99-4e38-8d35-f4d6837c4dbf 514dec46fc3c4ee5b85fc5fafc6fb94c 434ec570856e484491763385a4d48c90 - - default default] No more DHCP agents
2026-05-28 22:55:08.898 9 WARNING neutron.api.rpc.agentnotifiers.dhcp_rpc_agent_api [None req-dd4e08d3-4b99-4e38-8d35-f4d6837c4dbf 514dec46fc3c4ee5b85fc5fafc6fb94c 434ec570856e484491763385a4d48c90 - - default default] Unable to schedule network 5dd61c0a-97d6-4dbd-9527-b85853c169df: no agents available; will retry on subsequent port and subnet creation events.
2026-05-28 22:55:08.901 10 INFO neutron.db.ovn_revision_numbers_db [None req-c3b2affc-1f61-4df2-92f6-dff56dd05521 b76c453d58874d13b85a7d1b8ac146fa 3ad2daaa386e48638d73cfacb3b5a244 - - default default] Successfully bumped revision number for resource f88238f7-c745-426a-88bb-cc901cf96851 (type: security_group_rules) to 0
2026-05-28 22:55:08.929 10 INFO neutron.wsgi [None req-c3b2affc-1f61-4df2-92f6-dff56dd05521 b76c453d58874d13b85a7d1b8ac146fa 3ad2daaa386e48638d73cfacb3b5a244 - - default default] 10.0.0.129 "GET /v2.0/security-groups?tenant_id=a8e94d28300e4fff998e72db11f83bb1&name=default HTTP/1.1" status: 200 len: 2996 time: 0.1973977
2026-05-28 22:55:08.986 9 INFO neutron.db.ovn_revision_numbers_db [None req-dd4e08d3-4b99-4e38-8d35-f4d6837c4dbf 514dec46fc3c4ee5b85fc5fafc6fb94c 434ec570856e484491763385a4d48c90 - - default default] Successfully bumped revision number for resource 9ec8d4ab-4ba7-49a1-99f5-1bf880ab6bcb (type: ports) to 1
2026-05-28 22:55:09.013 9 INFO neutron.wsgi [None req-dd4e08d3-4b99-4e38-8d35-f4d6837c4dbf 514dec46fc3c4ee5b85fc5fafc6fb94c 434ec570856e484491763385a4d48c90 - - default default] 10.0.0.129 "POST /v2.0/networks HTTP/1.1" status: 201 len: 831 time: 0.9341888
2026-05-28 22:55:09.028 9 WARNING neutron_lib.context [None req-8ae24b3d-c32e-4e8b-8269-0723150adc51 514dec46fc3c4ee5b85fc5fafc6fb94c 434ec570856e484491763385a4d48c90 - - default default] Method 'is_advsvc' is deprecated since 2023.2 release (neutron-lib 3.8.0) and will be removed once support for the old RBAC API policies will be removed from Neutron. Please use method 'is_service_role' instead.
2026-05-28 22:55:09.160 10 INFO neutron.wsgi [None req-d13c2857-f9e7-441e-bcfc-9af1102ff6a5 b76c453d58874d13b85a7d1b8ac146fa 3ad2daaa386e48638d73cfacb3b5a244 - - default default] 10.0.0.129 "DELETE /v2.0/security-groups/1e10a98e-9761-43b9-bc37-9be8a4a56955 HTTP/1.1" status: 204 len: 168 time: 0.2258496
2026-05-28 22:55:09.274 9 WARNING neutron.scheduler.dhcp_agent_scheduler [None req-8ae24b3d-c32e-4e8b-8269-0723150adc51 514dec46fc3c4ee5b85fc5fafc6fb94c 434ec570856e484491763385a4d48c90 - - default default] No more DHCP agents
2026-05-28 22:55:09.276 9 WARNING neutron.api.rpc.agentnotifiers.dhcp_rpc_agent_api [None req-8ae24b3d-c32e-4e8b-8269-0723150adc51 514dec46fc3c4ee5b85fc5fafc6fb94c 434ec570856e484491763385a4d48c90 - - default default] Unable to schedule network 5dd61c0a-97d6-4dbd-9527-b85853c169df: no agents available; will retry on subsequent port and subnet creation events.
2026-05-28 22:55:09.352 10 INFO neutron.db.ovn_revision_numbers_db [None req-233e4376-2b8f-4e98-95b4-cefddfd370b1 b76c453d58874d13b85a7d1b8ac146fa 3ad2daaa386e48638d73cfacb3b5a244 - - default default] Successfully bumped revision number for resource e57310e8-865a-4d3e-ac0e-6f85ab881a30 (type: security_groups) to 1
2026-05-28 22:55:09.363 9 INFO neutron.db.ovn_revision_numbers_db [None req-8ae24b3d-c32e-4e8b-8269-0723150adc51 514dec46fc3c4ee5b85fc5fafc6fb94c 434ec570856e484491763385a4d48c90 - - default default] Successfully bumped revision number for resource 6f57b685-80e8-45a1-b7b1-d589797716c0 (type: ports) to 1
2026-05-28 22:55:09.365 10 INFO neutron.db.ovn_revision_numbers_db [None req-233e4376-2b8f-4e98-95b4-cefddfd370b1 b76c453d58874d13b85a7d1b8ac146fa 3ad2daaa386e48638d73cfacb3b5a244 - - default default] Successfully bumped revision number for resource 5aa35f71-726f-4f78-8085-def00d49b43a (type: security_group_rules) to 0
2026-05-28 22:55:09.378 10 INFO neutron.db.ovn_revision_numbers_db [None req-233e4376-2b8f-4e98-95b4-cefddfd370b1 b76c453d58874d13b85a7d1b8ac146fa 3ad2daaa386e48638d73cfacb3b5a244 - - default default] Successfully bumped revision number for resource 835e75e5-8b1d-4cb4-bdc6-3deaffa133ea (type: security_group_rules) to 0
2026-05-28 22:55:09.388 9 INFO neutron.wsgi [None req-8ae24b3d-c32e-4e8b-8269-0723150adc51 514dec46fc3c4ee5b85fc5fafc6fb94c 434ec570856e484491763385a4d48c90 - - default default] 10.0.0.129 "POST /v2.0/ports HTTP/1.1" status: 201 len: 942 time: 0.3685737
2026-05-28 22:55:09.393 10 INFO neutron.db.ovn_revision_numbers_db [None req-233e4376-2b8f-4e98-95b4-cefddfd370b1 b76c453d58874d13b85a7d1b8ac146fa 3ad2daaa386e48638d73cfacb3b5a244 - - default default] Successfully bumped revision number for resource b69b0885-148d-4987-813e-27ef39c60662 (type: security_group_rules) to 0 /var/lib/openstack/lib/python3.10/site-packages/pycadf/identifier.py:71: UserWarning: Invalid uuid: neutron. To ensure interoperability, identifiers should be a valid uuid. warnings.warn(('Invalid uuid: %s. To ensure interoperability, '
2026-05-28 22:55:09.400 9 WARNING neutron_lib.context [None req-1aeaec84-7dfd-4f5c-af39-ee27a2faebf5 514dec46fc3c4ee5b85fc5fafc6fb94c 434ec570856e484491763385a4d48c90 - - default default] Method 'is_advsvc' is deprecated since 2023.2 release (neutron-lib 3.8.0) and will be removed once support for the old RBAC API policies will be removed from Neutron. Please use method 'is_service_role' instead.
2026-05-28 22:55:09.405 10 INFO neutron.db.ovn_revision_numbers_db [None req-233e4376-2b8f-4e98-95b4-cefddfd370b1 b76c453d58874d13b85a7d1b8ac146fa 3ad2daaa386e48638d73cfacb3b5a244 - - default default] Successfully bumped revision number for resource d0829a43-57cf-4ae3-aab7-85e22624ef47 (type: security_group_rules) to 0
2026-05-28 22:55:09.426 10 INFO neutron.wsgi [None req-233e4376-2b8f-4e98-95b4-cefddfd370b1 b76c453d58874d13b85a7d1b8ac146fa 3ad2daaa386e48638d73cfacb3b5a244 - - default default] 10.0.0.129 "GET /v2.0/security-groups?tenant_id=385501df8c2f4abe9f13fd2feaa93a8e&name=default HTTP/1.1" status: 200 len: 2996 time: 0.1842651
2026-05-28 22:55:09.613 10 INFO neutron.wsgi [None req-bcf1670b-1bad-43fd-8696-e648b35e93d1 b76c453d58874d13b85a7d1b8ac146fa 3ad2daaa386e48638d73cfacb3b5a244 - - default default] 10.0.0.129 "DELETE /v2.0/security-groups/e57310e8-865a-4d3e-ac0e-6f85ab881a30 HTTP/1.1" status: 204 len: 168 time: 0.1817081
2026-05-28 22:55:09.616 9 INFO neutron.wsgi [None req-1aeaec84-7dfd-4f5c-af39-ee27a2faebf5 514dec46fc3c4ee5b85fc5fafc6fb94c 434ec570856e484491763385a4d48c90 - - default default] 10.0.0.129 "POST /v2.0/trunks HTTP/1.1" status: 201 len: 608 time: 0.2208152
2026-05-28 22:55:09.624 10 WARNING neutron_lib.context [None req-cae096d8-da27-4eea-86b2-bb2bf5ba7bbf 514dec46fc3c4ee5b85fc5fafc6fb94c 434ec570856e484491763385a4d48c90 - - default default] Method 'is_advsvc' is deprecated since 2023.2 release (neutron-lib 3.8.0) and will be removed once support for the old RBAC API policies will be removed from Neutron. Please use method 'is_service_role' instead.
2026-05-28 22:55:09.702 10 INFO neutron.db.segments_db [None req-cae096d8-da27-4eea-86b2-bb2bf5ba7bbf 514dec46fc3c4ee5b85fc5fafc6fb94c 434ec570856e484491763385a4d48c90 - - default default] Added segment 0703aee4-abd7-4e65-816e-026d927f7528 of type geneve for network d659aeb0-b930-4c52-82c6-d14cb2a01fa8
2026-05-28 22:55:09.846 10 INFO neutron.db.ovn_revision_numbers_db [None req-cae096d8-da27-4eea-86b2-bb2bf5ba7bbf 514dec46fc3c4ee5b85fc5fafc6fb94c 434ec570856e484491763385a4d48c90 - - default default] Successfully bumped revision number for resource d659aeb0-b930-4c52-82c6-d14cb2a01fa8 (type: networks) to 1
2026-05-28 22:55:10.094 10 WARNING neutron.scheduler.dhcp_agent_scheduler [None req-cae096d8-da27-4eea-86b2-bb2bf5ba7bbf 514dec46fc3c4ee5b85fc5fafc6fb94c 434ec570856e484491763385a4d48c90 - - default default] No more DHCP agents
2026-05-28 22:55:10.096 10 WARNING neutron.api.rpc.agentnotifiers.dhcp_rpc_agent_api [None req-cae096d8-da27-4eea-86b2-bb2bf5ba7bbf 514dec46fc3c4ee5b85fc5fafc6fb94c 434ec570856e484491763385a4d48c90 - - default default] Unable to schedule network d659aeb0-b930-4c52-82c6-d14cb2a01fa8: no agents available; will retry on subsequent port and subnet creation events.
2026-05-28 22:55:10.190 10 INFO neutron.db.ovn_revision_numbers_db [None req-cae096d8-da27-4eea-86b2-bb2bf5ba7bbf 514dec46fc3c4ee5b85fc5fafc6fb94c 434ec570856e484491763385a4d48c90 - - default default] Successfully bumped revision number for resource 2c85f23c-8b81-422a-920c-6c4e4d1f4000 (type: ports) to 1
2026-05-28 22:55:10.219 10 INFO neutron.wsgi [None req-cae096d8-da27-4eea-86b2-bb2bf5ba7bbf 514dec46fc3c4ee5b85fc5fafc6fb94c 434ec570856e484491763385a4d48c90 - - default default] 10.0.0.129 "POST /v2.0/networks HTTP/1.1" status: 201 len: 831 time: 0.5988653
2026-05-28 22:55:10.226 10 WARNING neutron_lib.context [None req-0407df74-a165-4618-a2f3-7e049f10d4a8 514dec46fc3c4ee5b85fc5fafc6fb94c 434ec570856e484491763385a4d48c90 - - default default] Method 'is_advsvc' is deprecated since 2023.2 release (neutron-lib 3.8.0) and will be removed once support for the old RBAC API policies will be removed from Neutron. Please use method 'is_service_role' instead.
2026-05-28 22:55:10.485 10 WARNING neutron.scheduler.dhcp_agent_scheduler [None req-0407df74-a165-4618-a2f3-7e049f10d4a8 514dec46fc3c4ee5b85fc5fafc6fb94c 434ec570856e484491763385a4d48c90 - - default default] No more DHCP agents
2026-05-28 22:55:10.488 10 WARNING neutron.api.rpc.agentnotifiers.dhcp_rpc_agent_api [None req-0407df74-a165-4618-a2f3-7e049f10d4a8 514dec46fc3c4ee5b85fc5fafc6fb94c 434ec570856e484491763385a4d48c90 - - default default] Unable to schedule network d659aeb0-b930-4c52-82c6-d14cb2a01fa8: no agents available; will retry on subsequent port and subnet creation events.
2026-05-28 22:55:10.582 10 INFO neutron.db.ovn_revision_numbers_db [None req-0407df74-a165-4618-a2f3-7e049f10d4a8 514dec46fc3c4ee5b85fc5fafc6fb94c 434ec570856e484491763385a4d48c90 - - default default] Successfully bumped revision number for resource 23380478-c9ef-4cbc-8788-3a0527797160 (type: ports) to 1
2026-05-28 22:55:10.609 10 INFO neutron.wsgi [None req-0407df74-a165-4618-a2f3-7e049f10d4a8 514dec46fc3c4ee5b85fc5fafc6fb94c 434ec570856e484491763385a4d48c90 - - default default] 10.0.0.129 "POST /v2.0/ports HTTP/1.1" status: 201 len: 942 time: 0.3873746 /var/lib/openstack/lib/python3.10/site-packages/pycadf/identifier.py:71: UserWarning: Invalid uuid: neutron. To ensure interoperability, identifiers should be a valid uuid. warnings.warn(('Invalid uuid: %s. To ensure interoperability, '
2026-05-28 22:55:10.618 10 WARNING neutron_lib.context [None req-9a7aebed-4a3a-449b-86a5-8a303945d81e 514dec46fc3c4ee5b85fc5fafc6fb94c 434ec570856e484491763385a4d48c90 - - default default] Method 'is_advsvc' is deprecated since 2023.2 release (neutron-lib 3.8.0) and will be removed once support for the old RBAC API policies will be removed from Neutron. Please use method 'is_service_role' instead.
2026-05-28 22:55:10.824 10 INFO neutron.wsgi [None req-9a7aebed-4a3a-449b-86a5-8a303945d81e 514dec46fc3c4ee5b85fc5fafc6fb94c 434ec570856e484491763385a4d48c90 - - default default] 10.0.0.129 "POST /v2.0/trunks HTTP/1.1" status: 201 len: 608 time: 0.2102790
