2026-05-28 22:54:21.464 9 INFO neutron.wsgi [req-c4bf5e7d-b148-4246-b4bc-df7f0a10de36 req-d7231dcc-f2cb-49d5-9dbf-a6c7f4f20a03 2e97ca90eb3546e1ae99765880d7dfc4 73a0f4f6eb244478b26f178b2d6bc468 - - c677fa05ab174be88a773294a28ab893 c677fa05ab174be88a773294a28ab893] 199.204.45.210 "GET /v2.0/ports?tenant_id=97bef609a3e54f2fbc52791b6adba279&device_id=b4c321e1-63e1-4bc1-bc17-69ee8e125b95 HTTP/1.1" status: 200 len: 1413 time: 0.0420771
2026-05-28 22:54:21.470 9 INFO neutron.wsgi [req-50636f75-b61d-46c4-8ba9-93718f7d5d2e req-b529769c-54fd-4fac-9a34-4468325f3539 479e6e9ef8b342ae87eee9247f622de7 97bef609a3e54f2fbc52791b6adba279 - - default default] 10.0.0.25 "GET /v2.0/ports?device_id=b4c321e1-63e1-4bc1-bc17-69ee8e125b95 HTTP/1.1" status: 200 len: 1174 time: 0.1209567
2026-05-28 22:54:21.524 9 INFO neutron.wsgi [req-50636f75-b61d-46c4-8ba9-93718f7d5d2e req-6941607c-9768-4e03-9609-dcd7f7f4c75f 479e6e9ef8b342ae87eee9247f622de7 97bef609a3e54f2fbc52791b6adba279 - - default default] 10.0.0.25 "GET /v2.0/security-groups?id=f87c6776-d84c-4e29-8f67-836a854c3c0a&fields=id&fields=name HTTP/1.1" status: 200 len: 312 time: 0.0471239
2026-05-28 22:54:21.539 9 INFO neutron.wsgi [req-c4bf5e7d-b148-4246-b4bc-df7f0a10de36 req-d9f58f38-925e-43ae-843e-9a0e7c8a2151 2e97ca90eb3546e1ae99765880d7dfc4 73a0f4f6eb244478b26f178b2d6bc468 - - c677fa05ab174be88a773294a28ab893 c677fa05ab174be88a773294a28ab893] 199.204.45.210 "GET /v2.0/networks?id=128f281a-c763-44cf-a729-34fcbf7e77e9 HTTP/1.1" status: 200 len: 973 time: 0.0676804
2026-05-28 22:54:21.580 9 INFO neutron.wsgi [req-c4bf5e7d-b148-4246-b4bc-df7f0a10de36 req-9ffccaba-a2f4-4988-8ece-a303e469988d 2e97ca90eb3546e1ae99765880d7dfc4 73a0f4f6eb244478b26f178b2d6bc468 - - c677fa05ab174be88a773294a28ab893 c677fa05ab174be88a773294a28ab893] 199.204.45.210 "GET /v2.0/floatingips?fixed_ip_address=10.100.0.12&port_id=e168badf-4b99-4058-b801-a08b2f579eb7 HTTP/1.1" status: 200 len: 1060 time: 0.0362966
2026-05-28 22:54:21.627 9 INFO neutron.wsgi [req-c4bf5e7d-b148-4246-b4bc-df7f0a10de36 req-b6e01d81-e99b-4928-8560-e22eb8bcca0c 2e97ca90eb3546e1ae99765880d7dfc4 73a0f4f6eb244478b26f178b2d6bc468 - - c677fa05ab174be88a773294a28ab893 c677fa05ab174be88a773294a28ab893] 199.204.45.210 "GET /v2.0/subnets?id=495e79a6-1352-45c3-acc1-a537b58392fb HTTP/1.1" status: 200 len: 868 time: 0.0408075
2026-05-28 22:54:21.658 9 INFO neutron.wsgi [req-c4bf5e7d-b148-4246-b4bc-df7f0a10de36 req-f2d426d1-0da7-44f1-8b7f-0e83a7ebb7b1 2e97ca90eb3546e1ae99765880d7dfc4 73a0f4f6eb244478b26f178b2d6bc468 - - c677fa05ab174be88a773294a28ab893 c677fa05ab174be88a773294a28ab893] 199.204.45.210 "GET /v2.0/ports?network_id=128f281a-c763-44cf-a729-34fcbf7e77e9&device_owner=network%3Adhcp HTTP/1.1" status: 200 len: 210 time: 0.0257668
2026-05-28 22:54:21.731 9 INFO neutron.wsgi [req-c4bf5e7d-b148-4246-b4bc-df7f0a10de36 req-4006ad29-6952-43f2-95c8-dee4b4fd392e 2e97ca90eb3546e1ae99765880d7dfc4 73a0f4f6eb244478b26f178b2d6bc468 - - c677fa05ab174be88a773294a28ab893 c677fa05ab174be88a773294a28ab893] 199.204.45.210 "GET /v2.0/networks/128f281a-c763-44cf-a729-34fcbf7e77e9?fields=segments HTTP/1.1" status: 200 len: 212 time: 0.0671411
2026-05-28 22:54:21.762 9 WARNING neutron.plugins.ml2.drivers.ovn.mech_driver.ovsdb.ovn_client [None req-e6771b60-b103-471a-8a1b-323c05953c8e - - - - - -] No hosting information found for port 47c5e152-47c1-423f-9a2e-f5aad713343f: RuntimeError: No hosting information found for port 47c5e152-47c1-423f-9a2e-f5aad713343f
2026-05-28 22:54:21.798 9 INFO neutron.plugins.ml2.drivers.ovn.mech_driver.mech_driver [None req-e6771b60-b103-471a-8a1b-323c05953c8e - - - - - -] OVN reports status up for port: f74b34e2-155c-44f1-b163-de8e1cafdc7e
2026-05-28 22:54:21.809 9 INFO neutron.plugins.ml2.plugin [None req-e6771b60-b103-471a-8a1b-323c05953c8e - - - - - -] Attempt 1 to provision port f74b34e2-155c-44f1-b163-de8e1cafdc7e
2026-05-28 22:54:21.841 9 INFO neutron.wsgi [req-c4bf5e7d-b148-4246-b4bc-df7f0a10de36 req-871746b4-05ae-4afc-9868-16e7da425d4f 2e97ca90eb3546e1ae99765880d7dfc4 73a0f4f6eb244478b26f178b2d6bc468 - - c677fa05ab174be88a773294a28ab893 c677fa05ab174be88a773294a28ab893] 199.204.45.210 "GET /v2.0/networks/128f281a-c763-44cf-a729-34fcbf7e77e9?fields=provider%3Aphysical_network&fields=provider%3Anetwork_type HTTP/1.1" status: 200 len: 277 time: 0.1025212
2026-05-28 22:54:22.175 9 INFO neutron.db.ovn_revision_numbers_db [None req-e6771b60-b103-471a-8a1b-323c05953c8e - - - - - -] Successfully bumped revision number for resource f74b34e2-155c-44f1-b163-de8e1cafdc7e (type: ports) to 2
2026-05-28 22:54:22.192 10 INFO neutron.wsgi [req-b816231c-2900-48d5-9b09-b837fc24254d req-f6aa260c-410b-45a1-b409-939ef52630b1 05d994d06f2247a894f99af27e7e3e77 3bc63798ff69485aac99d59210295991 - - default default] 10.0.0.25 "GET /v2.0/ports?device_id=1e144b74-ebc2-4a94-84ed-e29dae83a3fa HTTP/1.1" status: 200 len: 1208 time: 0.0473573
2026-05-28 22:54:22.208 10 INFO neutron.notifiers.nova [-] Nova event matching ['req-dc0599ae-ad0a-42c9-be47-2e2f08fae99a'] response: {'server_uuid': '101ccb8e-2630-4cad-b98f-71acfe6b1da4', 'name': 'network-vif-plugged', 'status': 'completed', 'tag': '4bf67b16-a308-4e61-8227-dbdf17ca2187', 'code': 200}
2026-05-28 22:54:22.282 9 INFO neutron.db.ovn_revision_numbers_db [None req-e6771b60-b103-471a-8a1b-323c05953c8e - - - - - -] Successfully bumped revision number for resource f74b34e2-155c-44f1-b163-de8e1cafdc7e (type: router_ports) to 2
2026-05-28 22:54:22.285 10 INFO neutron.wsgi [req-b816231c-2900-48d5-9b09-b837fc24254d req-c42c6e41-9b55-4460-9ff2-16b1d73e480d 05d994d06f2247a894f99af27e7e3e77 3bc63798ff69485aac99d59210295991 - - default default] 10.0.0.25 "GET /v2.0/security-groups?id=bc653309-9ed0-40f4-b457-8edf42342d2a&id=03efdae2-94ab-4602-8227-e298c49e04fc&fields=id&fields=name HTTP/1.1" status: 200 len: 406 time: 0.0876243 /var/lib/openstack/lib/python3.10/site-packages/pycadf/identifier.py:71: UserWarning: Invalid uuid: neutron. To ensure interoperability, identifiers should be a valid uuid. warnings.warn(('Invalid uuid: %s. To ensure interoperability, '
2026-05-28 22:54:22.398 9 INFO neutron.wsgi [req-ae3aa2c1-f2af-49af-a8ca-e4f674d5212e req-b490ce45-8b0b-4ac3-a1da-ca02f8878845 02c98bc784d74dcd840ac22ff9c411c4 b9510abcdc464bdfa9fa09a49e4c0904 - - default default] 10.0.0.25 "GET /v2.0/ports?device_id=101ccb8e-2630-4cad-b98f-71acfe6b1da4 HTTP/1.1" status: 200 len: 1404 time: 0.0989182
2026-05-28 22:54:22.438 9 INFO neutron.wsgi [req-ae3aa2c1-f2af-49af-a8ca-e4f674d5212e req-b28a0170-3fd4-427b-a1df-464751cdea5c 02c98bc784d74dcd840ac22ff9c411c4 b9510abcdc464bdfa9fa09a49e4c0904 - - default default] 10.0.0.25 "GET /v2.0/security-groups?id=e6491fa6-a7b1-40f7-9ef6-a46984b6a232&fields=id&fields=name HTTP/1.1" status: 200 len: 311 time: 0.0353928
2026-05-28 22:54:22.519 9 INFO neutron.wsgi [None req-ed99a2e6-5a9d-4be7-9865-cba19471de62 02c98bc784d74dcd840ac22ff9c411c4 b9510abcdc464bdfa9fa09a49e4c0904 - - default default] 10.0.0.129 "GET /v2.0/ports?network_id=6ae0b5e9-2629-4081-a86c-94665266f7ec&mac_address=fa%3A16%3A3e%3A3e%3A68%3A14 HTTP/1.1" status: 200 len: 1399 time: 0.0542419
2026-05-28 22:54:22.527 9 WARNING neutron_lib.context [None req-453e433c-ff84-49fe-a96f-259ea0ca5115 02c98bc784d74dcd840ac22ff9c411c4 b9510abcdc464bdfa9fa09a49e4c0904 - - default default] Method 'is_advsvc' is deprecated since 2023.2 release (neutron-lib 3.8.0) and will be removed once support for the old RBAC API policies will be removed from Neutron. Please use method 'is_service_role' instead.
2026-05-28 22:54:22.630 10 INFO neutron.wsgi [req-8aaca903-6564-45e0-b4d7-3b7ef3d6f01b req-3e521e47-1235-4c8a-b4ab-7c85989e7b40 479e6e9ef8b342ae87eee9247f622de7 97bef609a3e54f2fbc52791b6adba279 - - default default] 10.0.0.25 "GET /v2.0/ports?device_id=b4c321e1-63e1-4bc1-bc17-69ee8e125b95 HTTP/1.1" status: 200 len: 1174 time: 0.0387752
2026-05-28 22:54:22.710 10 INFO neutron.wsgi [req-8aaca903-6564-45e0-b4d7-3b7ef3d6f01b req-5afcbee0-0d4d-460f-b5e5-3f74635fec7e 479e6e9ef8b342ae87eee9247f622de7 97bef609a3e54f2fbc52791b6adba279 - - default default] 10.0.0.25 "GET /v2.0/security-groups?id=f87c6776-d84c-4e29-8f67-836a854c3c0a&fields=id&fields=name HTTP/1.1" status: 200 len: 312 time: 0.0723019
2026-05-28 22:54:22.838 9 WARNING neutron.scheduler.dhcp_agent_scheduler [None req-453e433c-ff84-49fe-a96f-259ea0ca5115 02c98bc784d74dcd840ac22ff9c411c4 b9510abcdc464bdfa9fa09a49e4c0904 - - default default] No more DHCP agents
2026-05-28 22:54:22.840 9 WARNING neutron.api.rpc.agentnotifiers.dhcp_rpc_agent_api [None req-453e433c-ff84-49fe-a96f-259ea0ca5115 02c98bc784d74dcd840ac22ff9c411c4 b9510abcdc464bdfa9fa09a49e4c0904 - - default default] Unable to schedule network a3dd86cb-b66a-4537-94e0-ccb075ca04d6: no agents available; will retry on subsequent port and subnet creation events.
2026-05-28 22:54:23.221 9 INFO neutron.db.l3_db [None req-453e433c-ff84-49fe-a96f-259ea0ca5115 02c98bc784d74dcd840ac22ff9c411c4 b9510abcdc464bdfa9fa09a49e4c0904 - - default default] Floating IP 6626ea30-08a1-4123-b715-1654a976676f associated. External IP: 10.96.250.205, port: 4bf67b16-a308-4e61-8227-dbdf17ca2187.
2026-05-28 22:54:23.398 9 INFO neutron.wsgi [req-25b3c2a1-6c68-431e-9e51-9172a23ec288 req-0755cb28-fdc8-46a0-bf4e-48d35801d0de 05d994d06f2247a894f99af27e7e3e77 3bc63798ff69485aac99d59210295991 - - default default] 10.0.0.25 "GET /v2.0/ports?device_id=1e144b74-ebc2-4a94-84ed-e29dae83a3fa HTTP/1.1" status: 200 len: 1208 time: 0.0412948
2026-05-28 22:54:23.480 9 INFO neutron.wsgi [req-25b3c2a1-6c68-431e-9e51-9172a23ec288 req-81ab1485-d233-483a-8609-8ae73d493b02 05d994d06f2247a894f99af27e7e3e77 3bc63798ff69485aac99d59210295991 - - default default] 10.0.0.25 "GET /v2.0/security-groups?id=bc653309-9ed0-40f4-b457-8edf42342d2a&id=03efdae2-94ab-4602-8227-e298c49e04fc&fields=id&fields=name HTTP/1.1" status: 200 len: 406 time: 0.0736935
2026-05-28 22:54:23.507 9 INFO neutron.db.ovn_revision_numbers_db [None req-453e433c-ff84-49fe-a96f-259ea0ca5115 02c98bc784d74dcd840ac22ff9c411c4 b9510abcdc464bdfa9fa09a49e4c0904 - - default default] Successfully bumped revision number for resource 6626ea30-08a1-4123-b715-1654a976676f (type: floatingips) to 0
2026-05-28 22:54:23.639 9 INFO neutron.db.ovn_revision_numbers_db [None req-453e433c-ff84-49fe-a96f-259ea0ca5115 02c98bc784d74dcd840ac22ff9c411c4 b9510abcdc464bdfa9fa09a49e4c0904 - - default default] Successfully bumped revision number for resource 6626ea30-08a1-4123-b715-1654a976676f (type: floatingips) to 1
2026-05-28 22:54:23.677 9 INFO neutron.wsgi [None req-453e433c-ff84-49fe-a96f-259ea0ca5115 02c98bc784d74dcd840ac22ff9c411c4 b9510abcdc464bdfa9fa09a49e4c0904 - - default default] 10.0.0.129 "POST /v2.0/floatingips HTTP/1.1" status: 201 len: 1054 time: 1.1530471
2026-05-28 22:54:23.712 9 INFO neutron.notifiers.nova [-] Nova event matching ['req-5af2e776-0fab-46b5-b2a5-2af48684e75e'] response: {'name': 'network-changed', 'server_uuid': '101ccb8e-2630-4cad-b98f-71acfe6b1da4', 'tag': '4bf67b16-a308-4e61-8227-dbdf17ca2187', 'status': 'completed', 'code': 200}
2026-05-28 22:54:23.777 9 INFO neutron.wsgi [req-68d2aaea-c75a-463e-95c5-a853c9ae401b req-bfc1495b-29e2-4fc4-a866-1d7411ef85fb 2e97ca90eb3546e1ae99765880d7dfc4 73a0f4f6eb244478b26f178b2d6bc468 - - c677fa05ab174be88a773294a28ab893 c677fa05ab174be88a773294a28ab893] 199.204.45.210 "GET /v2.0/ports?tenant_id=b9510abcdc464bdfa9fa09a49e4c0904&device_id=101ccb8e-2630-4cad-b98f-71acfe6b1da4 HTTP/1.1" status: 200 len: 1642 time: 0.0467842
2026-05-28 22:54:23.822 9 INFO neutron.wsgi [req-e2fca76d-a5e8-47da-8774-c00b75564e40 req-de11d560-830f-47f3-9bfb-4af736ab832a 479e6e9ef8b342ae87eee9247f622de7 97bef609a3e54f2fbc52791b6adba279 - - default default] 10.0.0.25 "GET /v2.0/ports?device_id=b4c321e1-63e1-4bc1-bc17-69ee8e125b95 HTTP/1.1" status: 200 len: 1174 time: 0.0506294 /var/lib/openstack/lib/python3.10/site-packages/pycadf/identifier.py:71: UserWarning: Invalid uuid: neutron. To ensure interoperability, identifiers should be a valid uuid. warnings.warn(('Invalid uuid: %s. To ensure interoperability, '
2026-05-28 22:54:23.877 10 INFO neutron.wsgi [req-f65f581d-d928-4261-a211-8548faca085b req-8b2c043f-8bbc-467b-ad44-5f3f631cf3a7 2e97ca90eb3546e1ae99765880d7dfc4 73a0f4f6eb244478b26f178b2d6bc468 - - c677fa05ab174be88a773294a28ab893 c677fa05ab174be88a773294a28ab893] 10.0.0.67 "GET /v2.0/ports?device_id=16b8f37c-534b-4c49-ba97-4d33cbd639f1 HTTP/1.1" status: 200 len: 1626 time: 0.0465252
2026-05-28 22:54:23.885 9 INFO neutron.wsgi [req-68d2aaea-c75a-463e-95c5-a853c9ae401b req-b1888331-5656-4bab-8712-7a63ea7d5292 2e97ca90eb3546e1ae99765880d7dfc4 73a0f4f6eb244478b26f178b2d6bc468 - - c677fa05ab174be88a773294a28ab893 c677fa05ab174be88a773294a28ab893] 199.204.45.210 "GET /v2.0/networks?id=6ae0b5e9-2629-4081-a86c-94665266f7ec HTTP/1.1" status: 200 len: 1003 time: 0.0988307
2026-05-28 22:54:23.889 9 INFO neutron.wsgi [req-e2fca76d-a5e8-47da-8774-c00b75564e40 req-998fb05f-d34c-442f-9ee6-1ab58154d62c 479e6e9ef8b342ae87eee9247f622de7 97bef609a3e54f2fbc52791b6adba279 - - default default] 10.0.0.25 "GET /v2.0/security-groups?id=f87c6776-d84c-4e29-8f67-836a854c3c0a&fields=id&fields=name HTTP/1.1" status: 200 len: 312 time: 0.0535457
2026-05-28 22:54:23.924 10 INFO neutron.wsgi [req-f65f581d-d928-4261-a211-8548faca085b req-415ce267-db89-4620-b7d9-aaf449785cc0 2e97ca90eb3546e1ae99765880d7dfc4 73a0f4f6eb244478b26f178b2d6bc468 - - c677fa05ab174be88a773294a28ab893 c677fa05ab174be88a773294a28ab893] 10.0.0.67 "GET /v2.0/security-groups?id=e6491fa6-a7b1-40f7-9ef6-a46984b6a232&fields=id&fields=name HTTP/1.1" status: 200 len: 311 time: 0.0376012
2026-05-28 22:54:23.939 9 INFO neutron.wsgi [req-68d2aaea-c75a-463e-95c5-a853c9ae401b req-ef544936-4c5e-4779-b2f8-9767b5ec0f51 2e97ca90eb3546e1ae99765880d7dfc4 73a0f4f6eb244478b26f178b2d6bc468 - - c677fa05ab174be88a773294a28ab893 c677fa05ab174be88a773294a28ab893] 199.204.45.210 "GET /v2.0/floatingips?fixed_ip_address=10.2.2.209&port_id=4bf67b16-a308-4e61-8227-dbdf17ca2187 HTTP/1.1" status: 200 len: 1059 time: 0.0491400
2026-05-28 22:54:23.970 9 INFO neutron.wsgi [req-68d2aaea-c75a-463e-95c5-a853c9ae401b req-a2bc2239-fd56-4a65-aef8-14e90d0ba9db 2e97ca90eb3546e1ae99765880d7dfc4 73a0f4f6eb244478b26f178b2d6bc468 - - c677fa05ab174be88a773294a28ab893 c677fa05ab174be88a773294a28ab893] 199.204.45.210 "GET /v2.0/floatingips?fixed_ip_address=fd77%3A1457%3A4cf0%3A26a8%3A%3A2b2&port_id=4bf67b16-a308-4e61-8227-dbdf17ca2187 HTTP/1.1" status: 200 len: 217 time: 0.0251296
2026-05-28 22:54:24.016 9 INFO neutron.wsgi [req-68d2aaea-c75a-463e-95c5-a853c9ae401b req-727fc23b-9777-4c39-a113-15a2e6749497 2e97ca90eb3546e1ae99765880d7dfc4 73a0f4f6eb244478b26f178b2d6bc468 - - c677fa05ab174be88a773294a28ab893 c677fa05ab174be88a773294a28ab893] 199.204.45.210 "GET /v2.0/subnets?id=67cd1f72-3385-4519-86b2-a4481647cf10&id=4e2c3dc1-7541-4430-993b-e62d22dfcd0e HTTP/1.1" status: 200 len: 1567 time: 0.0417182
2026-05-28 22:54:24.041 9 INFO neutron.wsgi [req-68d2aaea-c75a-463e-95c5-a853c9ae401b req-943b7fa5-50be-40f4-9f97-5c5793de7cd4 2e97ca90eb3546e1ae99765880d7dfc4 73a0f4f6eb244478b26f178b2d6bc468 - - c677fa05ab174be88a773294a28ab893 c677fa05ab174be88a773294a28ab893] 199.204.45.210 "GET /v2.0/ports?network_id=6ae0b5e9-2629-4081-a86c-94665266f7ec&device_owner=network%3Adhcp HTTP/1.1" status: 200 len: 210 time: 0.0186110
2026-05-28 22:54:24.066 9 INFO neutron.wsgi [req-68d2aaea-c75a-463e-95c5-a853c9ae401b req-242623ed-ef49-4517-94d0-6940c45153d9 2e97ca90eb3546e1ae99765880d7dfc4 73a0f4f6eb244478b26f178b2d6bc468 - - c677fa05ab174be88a773294a28ab893 c677fa05ab174be88a773294a28ab893] 199.204.45.210 "GET /v2.0/ports?network_id=6ae0b5e9-2629-4081-a86c-94665266f7ec&device_owner=network%3Adhcp HTTP/1.1" status: 200 len: 210 time: 0.0184557
2026-05-28 22:54:24.137 9 INFO neutron.wsgi [req-68d2aaea-c75a-463e-95c5-a853c9ae401b req-651d5816-6d61-49e9-a402-34347b887244 2e97ca90eb3546e1ae99765880d7dfc4 73a0f4f6eb244478b26f178b2d6bc468 - - c677fa05ab174be88a773294a28ab893 c677fa05ab174be88a773294a28ab893] 199.204.45.210 "GET /v2.0/networks/6ae0b5e9-2629-4081-a86c-94665266f7ec?fields=segments HTTP/1.1" status: 200 len: 212 time: 0.0656767
2026-05-28 22:54:24.471 9 INFO neutron.wsgi [req-68d2aaea-c75a-463e-95c5-a853c9ae401b req-642fb7a4-0d24-48e6-8eb7-d0df4135345d 2e97ca90eb3546e1ae99765880d7dfc4 73a0f4f6eb244478b26f178b2d6bc468 - - c677fa05ab174be88a773294a28ab893 c677fa05ab174be88a773294a28ab893] 199.204.45.210 "GET /v2.0/networks/6ae0b5e9-2629-4081-a86c-94665266f7ec?fields=provider%3Aphysical_network&fields=provider%3Anetwork_type HTTP/1.1" status: 200 len: 277 time: 0.3237514
2026-05-28 22:54:24.639 10 INFO neutron.wsgi [req-294998d6-2d4d-40ef-8017-4b9c21e4c4ec req-db078f73-5041-46f2-8f30-beb025331d4d 05d994d06f2247a894f99af27e7e3e77 3bc63798ff69485aac99d59210295991 - - default default] 10.0.0.25 "GET /v2.0/ports?device_id=1e144b74-ebc2-4a94-84ed-e29dae83a3fa HTTP/1.1" status: 200 len: 1208 time: 0.0928249
2026-05-28 22:54:24.698 10 INFO neutron.wsgi [req-294998d6-2d4d-40ef-8017-4b9c21e4c4ec req-79d0c2d0-ebfe-404d-ab93-47fb90a7a3a1 05d994d06f2247a894f99af27e7e3e77 3bc63798ff69485aac99d59210295991 - - default default] 10.0.0.25 "GET /v2.0/security-groups?id=bc653309-9ed0-40f4-b457-8edf42342d2a&id=03efdae2-94ab-4602-8227-e298c49e04fc&fields=id&fields=name HTTP/1.1" status: 200 len: 406 time: 0.0510838
2026-05-28 22:54:25.799 9 INFO neutron.wsgi [req-73644fbd-1f5a-4b4a-9b18-ff1a0f26315e req-3fc3a393-3b9b-4d50-a723-8040e8a45410 05d994d06f2247a894f99af27e7e3e77 3bc63798ff69485aac99d59210295991 - - default default] 10.0.0.25 "GET /v2.0/ports?device_id=1e144b74-ebc2-4a94-84ed-e29dae83a3fa HTTP/1.1" status: 200 len: 1208 time: 0.0406294
2026-05-28 22:54:25.852 9 INFO neutron.wsgi [req-73644fbd-1f5a-4b4a-9b18-ff1a0f26315e req-31c2e885-e07a-4dde-85b0-09645bbf6bcf 05d994d06f2247a894f99af27e7e3e77 3bc63798ff69485aac99d59210295991 - - default default] 10.0.0.25 "GET /v2.0/security-groups?id=bc653309-9ed0-40f4-b457-8edf42342d2a&id=03efdae2-94ab-4602-8227-e298c49e04fc&fields=id&fields=name HTTP/1.1" status: 200 len: 406 time: 0.0435579
2026-05-28 22:54:26.987 10 INFO neutron.wsgi [req-a736be21-d395-443b-b1b5-1e91001f07d2 req-c4b88820-97e2-4492-8cbe-f4df5b8c5147 05d994d06f2247a894f99af27e7e3e77 3bc63798ff69485aac99d59210295991 - - default default] 10.0.0.25 "GET /v2.0/ports?device_id=1e144b74-ebc2-4a94-84ed-e29dae83a3fa HTTP/1.1" status: 200 len: 1208 time: 0.0654056
2026-05-28 22:54:27.006 10 INFO neutron.wsgi [req-310e2512-2a01-4db0-a2f4-03a80c60eccd req-9f4a9a43-073c-42e9-ae3c-af3db8387ee0 2e97ca90eb3546e1ae99765880d7dfc4 73a0f4f6eb244478b26f178b2d6bc468 - - c677fa05ab174be88a773294a28ab893 c677fa05ab174be88a773294a28ab893] 10.0.0.67 "GET /v2.0/ports?device_id=530aee22-e97b-4ec2-97a5-4c73e35c74ae HTTP/1.1" status: 200 len: 1409 time: 0.0427582
2026-05-28 22:54:27.045 10 INFO neutron.wsgi [req-a736be21-d395-443b-b1b5-1e91001f07d2 req-5e12e53f-5319-4783-9ac8-97271b814ba0 05d994d06f2247a894f99af27e7e3e77 3bc63798ff69485aac99d59210295991 - - default default] 10.0.0.25 "GET /v2.0/security-groups?id=bc653309-9ed0-40f4-b457-8edf42342d2a&id=03efdae2-94ab-4602-8227-e298c49e04fc&fields=id&fields=name HTTP/1.1" status: 200 len: 406 time: 0.0513415
2026-05-28 22:54:27.056 10 INFO neutron.wsgi [req-310e2512-2a01-4db0-a2f4-03a80c60eccd req-4703b1c0-2f2d-47e5-bb03-bc4f7a9d81e7 2e97ca90eb3546e1ae99765880d7dfc4 73a0f4f6eb244478b26f178b2d6bc468 - - c677fa05ab174be88a773294a28ab893 c677fa05ab174be88a773294a28ab893] 10.0.0.67 "GET /v2.0/security-groups?id=dc6eab31-0d9e-468a-853c-50a24895d540&fields=id&fields=name HTTP/1.1" status: 200 len: 312 time: 0.0405409
2026-05-28 22:54:27.231 10 INFO neutron.wsgi [-] 10.0.0.45 "GET / HTTP/1.1" status: 200 len: 246 time: 0.0031083
2026-05-28 22:54:27.233 9 INFO neutron.wsgi [-] 10.0.0.45 "GET / HTTP/1.1" status: 200 len: 246 time: 0.0041671
2026-05-28 22:54:27.418 9 WARNING neutron.plugins.ml2.drivers.ovn.mech_driver.ovsdb.ovn_client [None req-e6771b60-b103-471a-8a1b-323c05953c8e - - - - - -] No hosting information found for port f74b34e2-155c-44f1-b163-de8e1cafdc7e: RuntimeError: No hosting information found for port f74b34e2-155c-44f1-b163-de8e1cafdc7e
2026-05-28 22:54:27.419 9 INFO neutron.plugins.ml2.drivers.ovn.mech_driver.mech_driver [None req-e6771b60-b103-471a-8a1b-323c05953c8e - - - - - -] OVN reports status up for port: a0a4b08f-1fa4-4b74-bdad-aad74a4ac68d
2026-05-28 22:54:27.429 9 INFO neutron.plugins.ml2.plugin [None req-e6771b60-b103-471a-8a1b-323c05953c8e - - - - - -] Attempt 1 to provision port a0a4b08f-1fa4-4b74-bdad-aad74a4ac68d
2026-05-28 22:54:27.547 9 INFO neutron.notifiers.nova [-] Nova event matching ['req-c5d94b30-e9e1-410c-b1e3-d0005b9af985'] response: {'server_uuid': '1e144b74-ebc2-4a94-84ed-e29dae83a3fa', 'name': 'network-vif-plugged', 'status': 'completed', 'tag': 'a0a4b08f-1fa4-4b74-bdad-aad74a4ac68d', 'code': 200}
2026-05-28 22:54:27.767 9 INFO neutron.db.ovn_revision_numbers_db [None req-e6771b60-b103-471a-8a1b-323c05953c8e - - - - - -] Successfully bumped revision number for resource a0a4b08f-1fa4-4b74-bdad-aad74a4ac68d (type: ports) to 4
2026-05-28 22:54:27.861 9 INFO neutron.plugins.ml2.drivers.ovn.mech_driver.mech_driver [None req-e6771b60-b103-471a-8a1b-323c05953c8e - - - - - -] OVN reports status down for port: e168badf-4b99-4058-b801-a08b2f579eb7 /var/lib/openstack/lib/python3.10/site-packages/pycadf/identifier.py:71: UserWarning: Invalid uuid: neutron. To ensure interoperability, identifiers should be a valid uuid. warnings.warn(('Invalid uuid: %s. To ensure interoperability, '
2026-05-28 22:54:28.129 9 INFO neutron.db.ovn_revision_numbers_db [None req-e6771b60-b103-471a-8a1b-323c05953c8e - - - - - -] Successfully bumped revision number for resource e168badf-4b99-4058-b801-a08b2f579eb7 (type: ports) to 5
2026-05-28 22:54:28.148 9 WARNING neutron.plugins.ml2.drivers.ovn.mech_driver.ovsdb.ovn_client [None req-e6771b60-b103-471a-8a1b-323c05953c8e - - - - - -] Logical_Switch_Port %s host information not removed, the port state is up
2026-05-28 22:54:28.148 9 INFO neutron.plugins.ml2.drivers.ovn.mech_driver.mech_driver [None req-e6771b60-b103-471a-8a1b-323c05953c8e - - - - - -] OVN reports status up for port: e168badf-4b99-4058-b801-a08b2f579eb7
2026-05-28 22:54:28.177 9 INFO neutron.plugins.ml2.plugin [None req-e6771b60-b103-471a-8a1b-323c05953c8e - - - - - -] Attempt 1 to provision port e168badf-4b99-4058-b801-a08b2f579eb7
2026-05-28 22:54:28.270 9 INFO neutron.wsgi [req-baff9146-3a6d-411a-8ddf-fd5d46a724ff req-e4ec987b-19f2-459e-a591-14c081cff1e8 05d994d06f2247a894f99af27e7e3e77 3bc63798ff69485aac99d59210295991 - - default default] 10.0.0.25 "GET /v2.0/ports?device_id=1e144b74-ebc2-4a94-84ed-e29dae83a3fa HTTP/1.1" status: 200 len: 1210 time: 0.1509130 /var/lib/openstack/lib/python3.10/site-packages/pycadf/identifier.py:71: UserWarning: Invalid uuid: neutron. To ensure interoperability, identifiers should be a valid uuid. warnings.warn(('Invalid uuid: %s. To ensure interoperability, '
2026-05-28 22:54:28.330 9 INFO neutron.wsgi [req-baff9146-3a6d-411a-8ddf-fd5d46a724ff req-e17d6196-f21b-41b0-86b7-4cb38fe70abe 05d994d06f2247a894f99af27e7e3e77 3bc63798ff69485aac99d59210295991 - - default default] 10.0.0.25 "GET /v2.0/security-groups?id=bc653309-9ed0-40f4-b457-8edf42342d2a&id=03efdae2-94ab-4602-8227-e298c49e04fc&fields=id&fields=name HTTP/1.1" status: 200 len: 406 time: 0.0512674
2026-05-28 22:54:28.460 10 INFO neutron.wsgi [req-2ff7b330-667b-4184-98ea-95a72b631318 req-3cda8bda-b477-4b89-975c-d1e04a9ded07 05d994d06f2247a894f99af27e7e3e77 3bc63798ff69485aac99d59210295991 - - default default] 10.0.0.25 "GET /v2.0/ports?device_id=1e144b74-ebc2-4a94-84ed-e29dae83a3fa HTTP/1.1" status: 200 len: 1210 time: 0.0552239
2026-05-28 22:54:28.518 9 INFO neutron.db.ovn_revision_numbers_db [None req-e6771b60-b103-471a-8a1b-323c05953c8e - - - - - -] Successfully bumped revision number for resource e168badf-4b99-4058-b801-a08b2f579eb7 (type: ports) to 6
2026-05-28 22:54:28.995 10 INFO neutron.db.l3_db [None req-a82282d5-33e5-4380-837c-a30144d02804 05d994d06f2247a894f99af27e7e3e77 3bc63798ff69485aac99d59210295991 - - default default] Floating IP f163997d-d5b2-4839-9cd0-d3b030ca7404 associated. External IP: 10.96.250.207, port: a0a4b08f-1fa4-4b74-bdad-aad74a4ac68d.
2026-05-28 22:54:29.218 10 INFO neutron.db.ovn_revision_numbers_db [None req-a82282d5-33e5-4380-837c-a30144d02804 05d994d06f2247a894f99af27e7e3e77 3bc63798ff69485aac99d59210295991 - - default default] Successfully bumped revision number for resource f163997d-d5b2-4839-9cd0-d3b030ca7404 (type: floatingips) to 1
2026-05-28 22:54:29.344 10 INFO neutron.db.ovn_revision_numbers_db [None req-a82282d5-33e5-4380-837c-a30144d02804 05d994d06f2247a894f99af27e7e3e77 3bc63798ff69485aac99d59210295991 - - default default] Successfully bumped revision number for resource f163997d-d5b2-4839-9cd0-d3b030ca7404 (type: floatingips) to 2
2026-05-28 22:54:29.373 10 INFO neutron.wsgi [None req-a82282d5-33e5-4380-837c-a30144d02804 05d994d06f2247a894f99af27e7e3e77 3bc63798ff69485aac99d59210295991 - - default default] 10.0.0.129 "PUT /v2.0/floatingips/f163997d-d5b2-4839-9cd0-d3b030ca7404 HTTP/1.1" status: 200 len: 1049 time: 0.9041388
2026-05-28 22:54:29.416 10 INFO neutron.notifiers.nova [-] Nova event matching ['req-937b6cb2-ed2e-4bc8-9578-92d358b0b429'] response: {'name': 'network-changed', 'server_uuid': '1e144b74-ebc2-4a94-84ed-e29dae83a3fa', 'tag': 'a0a4b08f-1fa4-4b74-bdad-aad74a4ac68d', 'status': 'completed', 'code': 200} /var/lib/openstack/lib/python3.10/site-packages/pycadf/identifier.py:71: UserWarning: Invalid uuid: neutron. To ensure interoperability, identifiers should be a valid uuid. warnings.warn(('Invalid uuid: %s. To ensure interoperability, '
2026-05-28 22:54:29.485 9 INFO neutron.wsgi [req-418f03d1-c941-4ca9-a7aa-ea81723ee704 req-a22dacab-eb0a-422e-bf42-39c72f211f31 2e97ca90eb3546e1ae99765880d7dfc4 73a0f4f6eb244478b26f178b2d6bc468 - - c677fa05ab174be88a773294a28ab893 c677fa05ab174be88a773294a28ab893] 199.204.45.210 "GET /v2.0/ports?tenant_id=3bc63798ff69485aac99d59210295991&device_id=1e144b74-ebc2-4a94-84ed-e29dae83a3fa HTTP/1.1" status: 200 len: 1448 time: 0.0477288
2026-05-28 22:54:29.571 9 INFO neutron.wsgi [req-418f03d1-c941-4ca9-a7aa-ea81723ee704 req-835baf61-4851-490e-80eb-6b64b7d72ce3 2e97ca90eb3546e1ae99765880d7dfc4 73a0f4f6eb244478b26f178b2d6bc468 - - c677fa05ab174be88a773294a28ab893 c677fa05ab174be88a773294a28ab893] 199.204.45.210 "GET /v2.0/networks?id=7b31570e-66cd-4bdc-afb5-d96aa6edcb1b HTTP/1.1" status: 200 len: 971 time: 0.0783336
2026-05-28 22:54:29.585 9 INFO neutron.notifiers.nova [-] Nova event matching ['req-52dfa5e8-f3e6-4f46-843e-3af3e71386da'] response: {'server_uuid': '1e144b74-ebc2-4a94-84ed-e29dae83a3fa', 'name': 'network-vif-plugged', 'status': 'completed', 'tag': 'a0a4b08f-1fa4-4b74-bdad-aad74a4ac68d', 'code': 200}
2026-05-28 22:54:29.586 9 INFO neutron.notifiers.nova [-] Nova event matching ['req-52dfa5e8-f3e6-4f46-843e-3af3e71386da'] response: {'server_uuid': 'b4c321e1-63e1-4bc1-bc17-69ee8e125b95', 'name': 'network-vif-unplugged', 'status': 'completed', 'tag': 'e168badf-4b99-4058-b801-a08b2f579eb7', 'code': 200}
2026-05-28 22:54:29.586 9 INFO neutron.notifiers.nova [-] Nova event matching ['req-52dfa5e8-f3e6-4f46-843e-3af3e71386da'] response: {'server_uuid': 'b4c321e1-63e1-4bc1-bc17-69ee8e125b95', 'name': 'network-vif-plugged', 'status': 'completed', 'tag': 'e168badf-4b99-4058-b801-a08b2f579eb7', 'code': 200}
2026-05-28 22:54:29.586 9 INFO neutron.notifiers.nova [-] Nova event matching ['req-52dfa5e8-f3e6-4f46-843e-3af3e71386da'] response: {'server_uuid': 'b4c321e1-63e1-4bc1-bc17-69ee8e125b95', 'name': 'network-vif-plugged', 'status': 'completed', 'tag': 'e168badf-4b99-4058-b801-a08b2f579eb7', 'code': 200}
2026-05-28 22:54:29.586 9 INFO neutron.notifiers.nova [-] Nova event matching ['req-52dfa5e8-f3e6-4f46-843e-3af3e71386da'] response: {'server_uuid': 'b4c321e1-63e1-4bc1-bc17-69ee8e125b95', 'name': 'network-vif-plugged', 'status': 'completed', 'tag': 'e168badf-4b99-4058-b801-a08b2f579eb7', 'code': 200}
2026-05-28 22:54:29.619 9 INFO neutron.wsgi [req-418f03d1-c941-4ca9-a7aa-ea81723ee704 req-fed3e74c-ba74-447f-bfe4-fcfe8ba5ba9b 2e97ca90eb3546e1ae99765880d7dfc4 73a0f4f6eb244478b26f178b2d6bc468 - - c677fa05ab174be88a773294a28ab893 c677fa05ab174be88a773294a28ab893] 199.204.45.210 "GET /v2.0/floatingips?fixed_ip_address=10.100.0.3&port_id=a0a4b08f-1fa4-4b74-bdad-aad74a4ac68d HTTP/1.1" status: 200 len: 1059 time: 0.0408249
2026-05-28 22:54:29.652 9 INFO neutron.wsgi [req-418f03d1-c941-4ca9-a7aa-ea81723ee704 req-1adc6b83-61c2-429a-b8d8-21dbc49c6e18 2e97ca90eb3546e1ae99765880d7dfc4 73a0f4f6eb244478b26f178b2d6bc468 - - c677fa05ab174be88a773294a28ab893 c677fa05ab174be88a773294a28ab893] 199.204.45.210 "GET /v2.0/subnets?id=99f9b08e-e952-4e77-a502-b6f746572b5e HTTP/1.1" status: 200 len: 866 time: 0.0267034
2026-05-28 22:54:29.675 9 INFO neutron.wsgi [req-418f03d1-c941-4ca9-a7aa-ea81723ee704 req-baad6e9a-f8c2-4e32-9460-21539d1ce801 2e97ca90eb3546e1ae99765880d7dfc4 73a0f4f6eb244478b26f178b2d6bc468 - - c677fa05ab174be88a773294a28ab893 c677fa05ab174be88a773294a28ab893] 199.204.45.210 "GET /v2.0/ports?network_id=7b31570e-66cd-4bdc-afb5-d96aa6edcb1b&device_owner=network%3Adhcp HTTP/1.1" status: 200 len: 210 time: 0.0183554
2026-05-28 22:54:29.742 9 INFO neutron.wsgi [req-418f03d1-c941-4ca9-a7aa-ea81723ee704 req-627fb476-a402-45ac-b26d-32f3b2e9c2e1 2e97ca90eb3546e1ae99765880d7dfc4 73a0f4f6eb244478b26f178b2d6bc468 - - c677fa05ab174be88a773294a28ab893 c677fa05ab174be88a773294a28ab893] 199.204.45.210 "GET /v2.0/networks/7b31570e-66cd-4bdc-afb5-d96aa6edcb1b?fields=segments HTTP/1.1" status: 200 len: 212 time: 0.0629442
2026-05-28 22:54:29.804 9 INFO neutron.wsgi [req-418f03d1-c941-4ca9-a7aa-ea81723ee704 req-16d6c283-eede-483b-b226-c1acf25236a2 2e97ca90eb3546e1ae99765880d7dfc4 73a0f4f6eb244478b26f178b2d6bc468 - - c677fa05ab174be88a773294a28ab893 c677fa05ab174be88a773294a28ab893] 199.204.45.210 "GET /v2.0/networks/7b31570e-66cd-4bdc-afb5-d96aa6edcb1b?fields=provider%3Aphysical_network&fields=provider%3Anetwork_type HTTP/1.1" status: 200 len: 277 time: 0.0578959
2026-05-28 22:54:30.292 9 INFO neutron.plugins.ml2.drivers.ovn.mech_driver.mech_driver [None req-e6771b60-b103-471a-8a1b-323c05953c8e - - - - - -] OVN reports status down for port: 12a59de9-4d0c-49db-a584-dbbe23d9df4c
2026-05-28 22:54:30.317 10 INFO neutron.wsgi [req-985f64d6-af91-4977-9992-b455756de641 req-bf4e8dba-76da-496c-bd79-426177047c23 beef6ced74a84d9f9798411bd7deaa2b dd5f787bbc424e528546919ea3587af2 - - default default] 10.0.0.25 "GET /v2.0/ports?device_id=530aee22-e97b-4ec2-97a5-4c73e35c74ae HTTP/1.1" status: 200 len: 1170 time: 0.1088009
2026-05-28 22:54:30.360 10 INFO neutron.wsgi [req-985f64d6-af91-4977-9992-b455756de641 req-9603557c-87d2-4418-9879-73424de5e8fd beef6ced74a84d9f9798411bd7deaa2b dd5f787bbc424e528546919ea3587af2 - - default default] 10.0.0.25 "GET /v2.0/security-groups?id=dc6eab31-0d9e-468a-853c-50a24895d540&fields=id&fields=name HTTP/1.1" status: 200 len: 312 time: 0.0349050
2026-05-28 22:54:30.644 9 INFO neutron.db.ovn_revision_numbers_db [None req-e6771b60-b103-471a-8a1b-323c05953c8e - - - - - -] Successfully bumped revision number for resource 12a59de9-4d0c-49db-a584-dbbe23d9df4c (type: ports) to 5
2026-05-28 22:54:30.680 9 INFO neutron.wsgi [req-ee22714a-f7ea-4099-abff-bfcb6912a7f7 req-3b8a5e4e-7933-495d-bd6b-c88af3394883 beef6ced74a84d9f9798411bd7deaa2b dd5f787bbc424e528546919ea3587af2 - - default default] 199.204.45.210 "GET /v2.0/ports?device_id=530aee22-e97b-4ec2-97a5-4c73e35c74ae HTTP/1.1" status: 200 len: 1168 time: 0.1297457
2026-05-28 22:54:31.005 9 INFO neutron.db.l3_db [req-ee22714a-f7ea-4099-abff-bfcb6912a7f7 req-a3beef6f-a176-4f76-8bab-c60069b6730a beef6ced74a84d9f9798411bd7deaa2b dd5f787bbc424e528546919ea3587af2 - - default default] Floating IP e1e821b0-869b-483a-9bda-1134bf350d29 disassociated. External IP: 10.96.250.206, port: 12a59de9-4d0c-49db-a584-dbbe23d9df4c.
2026-05-28 22:54:31.188 9 INFO neutron.wsgi [req-ee22714a-f7ea-4099-abff-bfcb6912a7f7 req-a3beef6f-a176-4f76-8bab-c60069b6730a beef6ced74a84d9f9798411bd7deaa2b dd5f787bbc424e528546919ea3587af2 - - default default] 199.204.45.210 "DELETE /v2.0/ports/12a59de9-4d0c-49db-a584-dbbe23d9df4c HTTP/1.1" status: 204 len: 173 time: 0.5014825
2026-05-28 22:54:31.473 10 INFO neutron.wsgi [req-d6695423-ad92-4949-a60f-3c9f51e22471 req-c759fc12-4dc0-4204-a654-62497d31c1dc beef6ced74a84d9f9798411bd7deaa2b dd5f787bbc424e528546919ea3587af2 - - default default] 10.0.0.25 "GET /v2.0/ports?device_id=530aee22-e97b-4ec2-97a5-4c73e35c74ae HTTP/1.1" status: 200 len: 210 time: 0.0260463
2026-05-28 22:54:31.628 9 INFO neutron.notifiers.nova [-] Nova event matching ['req-2f418469-aa22-4ccb-a664-dc2b7e3f5a28'] response: {'server_uuid': '530aee22-e97b-4ec2-97a5-4c73e35c74ae', 'name': 'network-vif-unplugged', 'status': 'completed', 'tag': '12a59de9-4d0c-49db-a584-dbbe23d9df4c', 'code': 200}
2026-05-28 22:54:31.629 9 INFO neutron.notifiers.nova [-] Nova event matching ['req-2f418469-aa22-4ccb-a664-dc2b7e3f5a28'] response: {'server_uuid': '530aee22-e97b-4ec2-97a5-4c73e35c74ae', 'name': 'network-vif-plugged', 'status': 'completed', 'tag': '12a59de9-4d0c-49db-a584-dbbe23d9df4c', 'code': 200}
2026-05-28 22:54:31.629 9 INFO neutron.notifiers.nova [-] Nova event matching ['req-2f418469-aa22-4ccb-a664-dc2b7e3f5a28'] response: {'server_uuid': '530aee22-e97b-4ec2-97a5-4c73e35c74ae', 'name': 'network-vif-deleted', 'tag': '12a59de9-4d0c-49db-a584-dbbe23d9df4c', 'status': 'completed', 'code': 200}
2026-05-28 22:54:32.668 10 INFO neutron.wsgi [None req-0b278037-49c7-48ba-a94c-6c1107e0bf51 beef6ced74a84d9f9798411bd7deaa2b dd5f787bbc424e528546919ea3587af2 - - default default] 10.0.0.129 "DELETE /v2.0/security-groups/dc6eab31-0d9e-468a-853c-50a24895d540 HTTP/1.1" status: 204 len: 168 time: 0.1347971 /var/lib/openstack/lib/python3.10/site-packages/pycadf/identifier.py:71: UserWarning: Invalid uuid: neutron. To ensure interoperability, identifiers should be a valid uuid. warnings.warn(('Invalid uuid: %s. To ensure interoperability, '
2026-05-28 22:54:33.085 10 INFO neutron.wsgi [None req-fb8334ec-aa62-43d7-8ddd-a83ce08a3b7b beef6ced74a84d9f9798411bd7deaa2b dd5f787bbc424e528546919ea3587af2 - - default default] 10.0.0.129 "DELETE /v2.0/floatingips/e1e821b0-869b-483a-9bda-1134bf350d29 HTTP/1.1" status: 204 len: 168 time: 0.3827777
2026-05-28 22:54:33.107 9 INFO neutron.wsgi [req-40353ea1-2127-4905-a988-cdb3fbd21e21 req-19308c60-7588-4590-b9d8-7e71303946c4 2e97ca90eb3546e1ae99765880d7dfc4 73a0f4f6eb244478b26f178b2d6bc468 - - c677fa05ab174be88a773294a28ab893 c677fa05ab174be88a773294a28ab893] 10.0.0.67 "GET /v2.0/ports?device_id=101ccb8e-2630-4cad-b98f-71acfe6b1da4 HTTP/1.1" status: 200 len: 1642 time: 0.0384247
2026-05-28 22:54:33.149 9 INFO neutron.wsgi [req-40353ea1-2127-4905-a988-cdb3fbd21e21 req-e5b1bd67-5ae8-42b9-810f-ecb091aad837 2e97ca90eb3546e1ae99765880d7dfc4 73a0f4f6eb244478b26f178b2d6bc468 - - c677fa05ab174be88a773294a28ab893 c677fa05ab174be88a773294a28ab893] 10.0.0.67 "GET /v2.0/security-groups?id=e6491fa6-a7b1-40f7-9ef6-a46984b6a232&fields=id&fields=name HTTP/1.1" status: 200 len: 311 time: 0.0354435
2026-05-28 22:54:33.287 9 INFO neutron.wsgi [req-55a127d1-6213-4217-b19e-088413a195b8 req-4b7a6d22-27ca-4595-a771-552b7c2bf02b 2e97ca90eb3546e1ae99765880d7dfc4 73a0f4f6eb244478b26f178b2d6bc468 - - c677fa05ab174be88a773294a28ab893 c677fa05ab174be88a773294a28ab893] 10.0.0.67 "GET /v2.0/ports?device_id=b4c321e1-63e1-4bc1-bc17-69ee8e125b95 HTTP/1.1" status: 200 len: 1413 time: 0.0641334
2026-05-28 22:54:33.292 9 INFO neutron.plugins.ml2.drivers.ovn.mech_driver.mech_driver [None req-e6771b60-b103-471a-8a1b-323c05953c8e - - - - - -] OVN reports status down for port: 646d3403-b5cf-4513-8003-cfe135f3655c
2026-05-28 22:54:33.316 9 INFO neutron.wsgi [req-1b6569dc-c809-4e95-a0ee-ae3ed84ba9db req-0f344e35-3daa-43b8-92af-51c6064853dc beef6ced74a84d9f9798411bd7deaa2b dd5f787bbc424e528546919ea3587af2 - - default default] 10.0.0.25 "GET /v2.0/ports?device_id=dcd35c17-4638-4315-9a2e-f9fc999a4ef6 HTTP/1.1" status: 200 len: 1170 time: 0.0727615
2026-05-28 22:54:33.363 9 INFO neutron.wsgi [req-55a127d1-6213-4217-b19e-088413a195b8 req-2d02f14c-7cd0-49a8-aeb9-12c106331021 2e97ca90eb3546e1ae99765880d7dfc4 73a0f4f6eb244478b26f178b2d6bc468 - - c677fa05ab174be88a773294a28ab893 c677fa05ab174be88a773294a28ab893] 10.0.0.67 "GET /v2.0/security-groups?id=f87c6776-d84c-4e29-8f67-836a854c3c0a&fields=id&fields=name HTTP/1.1" status: 200 len: 312 time: 0.0681183
2026-05-28 22:54:33.378 9 INFO neutron.wsgi [req-1b6569dc-c809-4e95-a0ee-ae3ed84ba9db req-044d2026-7da0-4d81-a318-99d3aa0af0a4 beef6ced74a84d9f9798411bd7deaa2b dd5f787bbc424e528546919ea3587af2 - - default default] 10.0.0.25 "GET /v2.0/security-groups?id=11ef0bb5-5391-4555-8238-60d125edd3dc&fields=id&fields=name HTTP/1.1" status: 200 len: 313 time: 0.0519454
2026-05-28 22:54:33.606 9 INFO neutron.wsgi [req-f05366ce-0111-4d04-9555-dd1c3ab75793 req-16c88654-e8cf-47a5-91af-c59b3886835a beef6ced74a84d9f9798411bd7deaa2b dd5f787bbc424e528546919ea3587af2 - - default default] 199.204.45.210 "GET /v2.0/ports?device_id=dcd35c17-4638-4315-9a2e-f9fc999a4ef6 HTTP/1.1" status: 200 len: 1168 time: 0.0493495
2026-05-28 22:54:33.664 9 INFO neutron.notifiers.nova [-] Nova event matching ['req-3fef5716-1da2-4efb-8b74-086c433fc637'] response: {'server_uuid': 'dcd35c17-4638-4315-9a2e-f9fc999a4ef6', 'name': 'network-vif-unplugged', 'status': 'completed', 'tag': '646d3403-b5cf-4513-8003-cfe135f3655c', 'code': 200}
2026-05-28 22:54:33.721 9 INFO neutron.db.ovn_revision_numbers_db [None req-e6771b60-b103-471a-8a1b-323c05953c8e - - - - - -] Successfully bumped revision number for resource 646d3403-b5cf-4513-8003-cfe135f3655c (type: ports) to 5
2026-05-28 22:54:33.945 9 INFO neutron.wsgi [req-f05366ce-0111-4d04-9555-dd1c3ab75793 req-05796ede-e1ad-4df6-83e5-90f12f7f8826 beef6ced74a84d9f9798411bd7deaa2b dd5f787bbc424e528546919ea3587af2 - - default default] 199.204.45.210 "DELETE /v2.0/ports/646d3403-b5cf-4513-8003-cfe135f3655c HTTP/1.1" status: 204 len: 173 time: 0.3319094
2026-05-28 22:54:34.591 10 INFO neutron.wsgi [None req-395c7ca7-dcb7-49c9-b1a8-a464211a51d8 beef6ced74a84d9f9798411bd7deaa2b dd5f787bbc424e528546919ea3587af2 - - default default] 10.0.0.129 "DELETE /v2.0/security-groups/11ef0bb5-5391-4555-8238-60d125edd3dc HTTP/1.1" status: 204 len: 168 time: 0.1580484 /var/lib/openstack/lib/python3.10/site-packages/pycadf/identifier.py:71: UserWarning: Invalid uuid: neutron. To ensure interoperability, identifiers should be a valid uuid. warnings.warn(('Invalid uuid: %s. To ensure interoperability, '
2026-05-28 22:54:35.509 9 INFO neutron.wsgi [None req-bbf2bb2f-0583-4a73-8fef-692a1fc00a2b beef6ced74a84d9f9798411bd7deaa2b dd5f787bbc424e528546919ea3587af2 - - default default] 10.0.0.129 "PUT /v2.0/routers/6b7a1ed9-2f17-4a2d-beab-53df59c3c5a1/remove_router_interface HTTP/1.1" status: 200 len: 503 time: 0.8869565 /var/lib/openstack/lib/python3.10/site-packages/pycadf/identifier.py:71: UserWarning: Invalid uuid: neutron. To ensure interoperability, identifiers should be a valid uuid. warnings.warn(('Invalid uuid: %s. To ensure interoperability, '
2026-05-28 22:54:35.712 9 INFO neutron.notifiers.nova [-] Nova event matching ['req-f41ad61d-d0a9-47d3-8009-460ce7ad67c9'] response: {'server_uuid': 'dcd35c17-4638-4315-9a2e-f9fc999a4ef6', 'name': 'network-vif-plugged', 'status': 'completed', 'tag': '646d3403-b5cf-4513-8003-cfe135f3655c', 'code': 200}
2026-05-28 22:54:35.712 9 INFO neutron.notifiers.nova [-] Nova event matching ['req-f41ad61d-d0a9-47d3-8009-460ce7ad67c9'] response: {'server_uuid': 'dcd35c17-4638-4315-9a2e-f9fc999a4ef6', 'name': 'network-vif-deleted', 'tag': '646d3403-b5cf-4513-8003-cfe135f3655c', 'status': 'completed', 'code': 200}
2026-05-28 22:54:35.755 9 INFO neutron.wsgi [None req-874366df-2889-4141-b1e2-1ad67920ab85 beef6ced74a84d9f9798411bd7deaa2b dd5f787bbc424e528546919ea3587af2 - - default default] 10.0.0.129 "DELETE /v2.0/subnets/abd82f50-54a7-455a-afc2-74d2a791cd17 HTTP/1.1" status: 204 len: 168 time: 0.2408397
2026-05-28 22:54:36.886 9 INFO neutron.wsgi [None req-24c5b926-fb82-4268-9d01-60b2c76e7323 beef6ced74a84d9f9798411bd7deaa2b dd5f787bbc424e528546919ea3587af2 - - default default] 10.0.0.129 "DELETE /v2.0/routers/6b7a1ed9-2f17-4a2d-beab-53df59c3c5a1 HTTP/1.1" status: 204 len: 168 time: 1.1265993
2026-05-28 22:54:37.266 10 INFO neutron.services.segments.plugin [-] Segment b860b5ba-87a6-47fa-9992-b5de072b7ea7 resource provider aggregate not found
2026-05-28 22:54:37.275 10 INFO neutron.services.segments.plugin [-] Segment b860b5ba-87a6-47fa-9992-b5de072b7ea7 resource provider aggregate not found
2026-05-28 22:54:37.296 10 INFO neutron.services.segments.plugin [-] Segment b860b5ba-87a6-47fa-9992-b5de072b7ea7 resource provider not found; error: Placement Client Error (4xx): {"errors": [{"status": 404, "title": "Not Found", "detail": "The resource could not be found.\n\n No resource provider with uuid b860b5ba-87a6-47fa-9992-b5de072b7ea7 found for delete ", "request_id": "req-ccbba708-a69e-4f50-af34-6113ccbfb158"}]}
2026-05-28 22:54:37.297 10 INFO neutron.services.segments.plugin [-] Segment b860b5ba-87a6-47fa-9992-b5de072b7ea7 resource provider not found; error: Placement Client Error (4xx): {"errors": [{"status": 404, "title": "Not Found", "detail": "The resource could not be found.\n\n No resource provider with uuid b860b5ba-87a6-47fa-9992-b5de072b7ea7 found for delete ", "request_id": "req-02e766e0-9ec8-4b84-9a41-a25c737831ae"}]}
2026-05-28 22:54:37.337 10 INFO neutron.wsgi [None req-5c2f8793-3ea0-46bb-a7be-fb7ca5daf46d beef6ced74a84d9f9798411bd7deaa2b dd5f787bbc424e528546919ea3587af2 - - default default] 10.0.0.129 "DELETE /v2.0/networks/36d4e316-6c69-4213-b3dd-92cb8d4c91f0 HTTP/1.1" status: 204 len: 168 time: 0.4454701
2026-05-28 22:54:37.628 10 INFO neutron.wsgi [None req-3d05f1bf-33a9-4e56-b0e8-1d8fd4e58346 ad3af5a466524ec19f9aaf0bd00121e8 c00d020d6dd848f8b861dcb2fa4bfa73 - - default default] 10.0.0.129 "GET /v2.0/subnets/e0348f91-9b06-4bf3-bc76-6f1ccbc25f5a HTTP/1.1" status: 200 len: 845 time: 0.0367262
2026-05-28 22:54:38.135 9 INFO neutron.db.ovn_revision_numbers_db [None req-cc85f31e-dd17-42ef-adc7-d613f6c392af b76c453d58874d13b85a7d1b8ac146fa 3ad2daaa386e48638d73cfacb3b5a244 - - default default] Successfully bumped revision number for resource e5d7a4ab-2018-43b3-8b08-ef6ddff4219d (type: security_groups) to 1
2026-05-28 22:54:38.149 9 INFO neutron.db.ovn_revision_numbers_db [None req-cc85f31e-dd17-42ef-adc7-d613f6c392af b76c453d58874d13b85a7d1b8ac146fa 3ad2daaa386e48638d73cfacb3b5a244 - - default default] Successfully bumped revision number for resource 7b94d1fb-fe14-4fc6-af39-8fa3f42bf338 (type: security_group_rules) to 0
2026-05-28 22:54:38.162 9 INFO neutron.db.ovn_revision_numbers_db [None req-cc85f31e-dd17-42ef-adc7-d613f6c392af b76c453d58874d13b85a7d1b8ac146fa 3ad2daaa386e48638d73cfacb3b5a244 - - default default] Successfully bumped revision number for resource 95740d17-1b5b-48b7-852f-13bc27a37431 (type: security_group_rules) to 0
2026-05-28 22:54:38.176 9 INFO neutron.db.ovn_revision_numbers_db [None req-cc85f31e-dd17-42ef-adc7-d613f6c392af b76c453d58874d13b85a7d1b8ac146fa 3ad2daaa386e48638d73cfacb3b5a244 - - default default] Successfully bumped revision number for resource dea7ab1e-9360-48ff-b548-7936875df66b (type: security_group_rules) to 0
2026-05-28 22:54:38.192 9 INFO neutron.db.ovn_revision_numbers_db [None req-cc85f31e-dd17-42ef-adc7-d613f6c392af b76c453d58874d13b85a7d1b8ac146fa 3ad2daaa386e48638d73cfacb3b5a244 - - default default] Successfully bumped revision number for resource f8927819-a48a-4915-8234-f378ab7810ce (type: security_group_rules) to 0
2026-05-28 22:54:38.215 9 INFO neutron.wsgi [None req-cc85f31e-dd17-42ef-adc7-d613f6c392af b76c453d58874d13b85a7d1b8ac146fa 3ad2daaa386e48638d73cfacb3b5a244 - - default default] 10.0.0.129 "GET /v2.0/security-groups?tenant_id=350f5890a714444c983aca87321d765b&name=default HTTP/1.1" status: 200 len: 2996 time: 0.3002045
2026-05-28 22:54:38.417 9 INFO neutron.wsgi [None req-ff2fbf9c-682d-4b04-9dd7-e9a53d6e7952 b76c453d58874d13b85a7d1b8ac146fa 3ad2daaa386e48638d73cfacb3b5a244 - - default default] 10.0.0.129 "DELETE /v2.0/security-groups/e5d7a4ab-2018-43b3-8b08-ef6ddff4219d HTTP/1.1" status: 204 len: 168 time: 0.1970174
2026-05-28 22:54:38.487 9 INFO neutron.wsgi [None req-9dd4887f-95d7-4175-ab3a-82b0457819cb b76c453d58874d13b85a7d1b8ac146fa 3ad2daaa386e48638d73cfacb3b5a244 - - default default] 10.0.0.14 "GET /v2.0/extensions/security-group HTTP/1.1" status: 200 len: 369 time: 0.0652158
2026-05-28 22:54:38.498 9 INFO neutron.wsgi [None req-5988cf36-f503-4777-94c7-6f85c6380fde b76c453d58874d13b85a7d1b8ac146fa 3ad2daaa386e48638d73cfacb3b5a244 - - default default] 10.0.0.14 "GET /v2.0/extensions/dns-integration HTTP/1.1" status: 200 len: 371 time: 0.0051858
2026-05-28 22:54:38.512 9 INFO neutron.wsgi [None req-98b83789-fe81-4cf6-ac5b-34a1b1c53a4f b76c453d58874d13b85a7d1b8ac146fa 3ad2daaa386e48638d73cfacb3b5a244 - - default default] 10.0.0.14 "GET /v2.0/extensions/qos HTTP/1.1" status: 200 len: 365 time: 0.0077417
2026-05-28 22:54:38.527 9 INFO neutron.wsgi [None req-41fa3c79-dada-4a11-9c8a-ba8ed2400c3c b76c453d58874d13b85a7d1b8ac146fa 3ad2daaa386e48638d73cfacb3b5a244 - - default default] 10.0.0.14 "GET /v2.0/extensions/allowed-address-pairs HTTP/1.1" status: 200 len: 383 time: 0.0066648
2026-05-28 22:54:38.602 10 INFO neutron.wsgi [None req-29f93ac7-9b37-44ba-8898-5401d40404dc b76c453d58874d13b85a7d1b8ac146fa 3ad2daaa386e48638d73cfacb3b5a244 - - default default] 10.0.0.129 "GET /v2.0/security-groups?tenant_id=dd5f787bbc424e528546919ea3587af2&name=default HTTP/1.1" status: 200 len: 2996 time: 0.0421691
2026-05-28 22:54:38.807 10 INFO neutron.wsgi [None req-444c8086-527b-4311-8a23-42b564bb1536 b76c453d58874d13b85a7d1b8ac146fa 3ad2daaa386e48638d73cfacb3b5a244 - - default default] 10.0.0.129 "DELETE /v2.0/security-groups/c07aa310-75c0-4224-a2e0-9f1ac55a5f4a HTTP/1.1" status: 204 len: 168 time: 0.2013924
2026-05-28 22:54:39.046 9 INFO neutron.wsgi [-] 10.0.0.14 "GET / HTTP/1.1" status: 200 len: 284 time: 0.0025759
2026-05-28 22:54:39.094 9 INFO neutron.wsgi [None req-bcb94eff-9df2-4569-a2cc-bb53124cde7e 02c98bc784d74dcd840ac22ff9c411c4 b9510abcdc464bdfa9fa09a49e4c0904 - - default default] 10.0.0.14 "GET /v2.0/subnets/e0348f91-9b06-4bf3-bc76-6f1ccbc25f5a HTTP/1.1" status: 200 len: 832 time: 0.0330904
2026-05-28 22:54:39.107 9 INFO neutron.wsgi [None req-5b8e5e32-b4dd-419b-8584-f95b9c66336a b76c453d58874d13b85a7d1b8ac146fa 3ad2daaa386e48638d73cfacb3b5a244 - - default default] 10.0.0.14 "GET /v2.0/extensions/security-group HTTP/1.1" status: 200 len: 369 time: 0.0046515
2026-05-28 22:54:39.114 9 INFO neutron.wsgi [None req-2fc3acd2-c22d-4f26-9d7b-e8d16ce0e19f b76c453d58874d13b85a7d1b8ac146fa 3ad2daaa386e48638d73cfacb3b5a244 - - default default] 10.0.0.14 "GET /v2.0/extensions/dns-integration HTTP/1.1" status: 200 len: 371 time: 0.0040956
2026-05-28 22:54:39.123 9 INFO neutron.wsgi [None req-c61ac66c-0313-4c17-bb6c-8909c6179203 b76c453d58874d13b85a7d1b8ac146fa 3ad2daaa386e48638d73cfacb3b5a244 - - default default] 10.0.0.14 "GET /v2.0/extensions/qos HTTP/1.1" status: 200 len: 365 time: 0.0045660
2026-05-28 22:54:39.131 9 INFO neutron.wsgi [None req-d5d9ea45-7ef8-4a84-a5f8-022bb0dbc4bc b76c453d58874d13b85a7d1b8ac146fa 3ad2daaa386e48638d73cfacb3b5a244 - - default default] 10.0.0.14 "GET /v2.0/extensions/allowed-address-pairs HTTP/1.1" status: 200 len: 383 time: 0.0040288
2026-05-28 22:54:39.167 9 INFO neutron.wsgi [None req-1be7aff0-b7d3-4c0a-bab3-22d4e25c36e6 b76c453d58874d13b85a7d1b8ac146fa 3ad2daaa386e48638d73cfacb3b5a244 - - default default] 10.0.0.14 "GET /v2.0/subnets/e0348f91-9b06-4bf3-bc76-6f1ccbc25f5a HTTP/1.1" status: 200 len: 850 time: 0.0301468
2026-05-28 22:54:39.243 9 INFO neutron.wsgi [None req-20943e1d-98bd-43a1-8d86-35a7004fb541 b76c453d58874d13b85a7d1b8ac146fa 3ad2daaa386e48638d73cfacb3b5a244 - - default default] 10.0.0.14 "GET /v2.0/extensions/security-group HTTP/1.1" status: 200 len: 369 time: 0.0081439
2026-05-28 22:54:39.251 9 INFO neutron.wsgi [None req-29bc28b6-ae4c-4cad-9220-a11e55bbe2e4 b76c453d58874d13b85a7d1b8ac146fa 3ad2daaa386e48638d73cfacb3b5a244 - - default default] 10.0.0.14 "GET /v2.0/extensions/dns-integration HTTP/1.1" status: 200 len: 371 time: 0.0031452
2026-05-28 22:54:39.259 9 INFO neutron.wsgi [None req-ef8e2bef-6759-49ac-a24d-72a852b69357 b76c453d58874d13b85a7d1b8ac146fa 3ad2daaa386e48638d73cfacb3b5a244 - - default default] 10.0.0.14 "GET /v2.0/extensions/qos HTTP/1.1" status: 200 len: 365 time: 0.0042317
2026-05-28 22:54:39.267 9 INFO neutron.wsgi [None req-400c2efe-5eaf-48e6-938e-ffcdf7c65b84 b76c453d58874d13b85a7d1b8ac146fa 3ad2daaa386e48638d73cfacb3b5a244 - - default default] 10.0.0.14 "GET /v2.0/extensions/allowed-address-pairs HTTP/1.1" status: 200 len: 383 time: 0.0042639
2026-05-28 22:54:39.344 9 INFO neutron.wsgi [None req-a81b7076-14b0-4ef7-b024-ef421ef6e0a7 b76c453d58874d13b85a7d1b8ac146fa 3ad2daaa386e48638d73cfacb3b5a244 - - default default] 10.0.0.14 "GET /v2.0/networks/b2f95d81-90be-4f4a-8306-45a7281a0fc9 HTTP/1.1" status: 200 len: 1002 time: 0.0671797
2026-05-28 22:54:39.358 9 INFO neutron.wsgi [None req-7f51ca91-ee3e-43df-9dc0-5a022beb0a05 b76c453d58874d13b85a7d1b8ac146fa 3ad2daaa386e48638d73cfacb3b5a244 - - default default] 10.0.0.14 "GET /v2.0/extensions/project-id HTTP/1.1" status: 200 len: 403 time: 0.0061727
2026-05-28 22:54:39.547 10 INFO neutron.wsgi [req-99505ad9-258d-4dad-932e-446ad44c8926 req-3d138a35-3651-430f-b7a5-a9bc3af72f80 479e6e9ef8b342ae87eee9247f622de7 97bef609a3e54f2fbc52791b6adba279 - - default default] 10.0.0.25 "GET /v2.0/ports?device_id=b4c321e1-63e1-4bc1-bc17-69ee8e125b95 HTTP/1.1" status: 200 len: 1174 time: 0.0893650
