2026-05-28 22:55:58.965 10 INFO neutron.wsgi [None req-4d8aa3f7-531e-45b4-971a-ae56b67ddad3 b76c453d58874d13b85a7d1b8ac146fa 3ad2daaa386e48638d73cfacb3b5a244 - - default default] 10.0.0.64 "GET /v2.0/subnets HTTP/1.1" status: 200 len: 5497 time: 0.0480289
2026-05-28 22:55:58.993 9 INFO neutron.db.ovn_revision_numbers_db [None req-de187aa6-9494-4f7b-b77b-8efc4a750400 f0650d856cab44838bc572f1bee3f3e2 6ad73b2722304f0b8b9612b4f137fd57 - - default default] Successfully bumped revision number for resource 6ac6c1bc-6417-4a70-842b-90ee068a6a6b (type: ports) to 1
2026-05-28 22:55:59.011 9 INFO neutron.wsgi [None req-de187aa6-9494-4f7b-b77b-8efc4a750400 f0650d856cab44838bc572f1bee3f3e2 6ad73b2722304f0b8b9612b4f137fd57 - - default default] 10.0.0.129 "POST /v2.0/networks HTTP/1.1" status: 201 len: 832 time: 0.7618163
2026-05-28 22:55:59.016 10 INFO neutron.wsgi [None req-88df30be-bfa5-43c9-98ee-0aa5bad27181 b76c453d58874d13b85a7d1b8ac146fa 3ad2daaa386e48638d73cfacb3b5a244 - - default default] 10.0.0.64 "GET /v2.0/subnets HTTP/1.1" status: 200 len: 5497 time: 0.0490503
2026-05-28 22:55:59.020 9 WARNING neutron_lib.context [None req-20e6c9d0-9cda-47f8-958a-ccf7da8ef02f f0650d856cab44838bc572f1bee3f3e2 6ad73b2722304f0b8b9612b4f137fd57 - - default default] Method 'is_advsvc' is deprecated since 2023.2 release (neutron-lib 3.8.0) and will be removed once support for the old RBAC API policies will be removed from Neutron. Please use method 'is_service_role' instead.
2026-05-28 22:55:59.027 10 INFO neutron.wsgi [None req-2abe7f75-8818-4fd5-986f-7207deba7d62 b76c453d58874d13b85a7d1b8ac146fa 3ad2daaa386e48638d73cfacb3b5a244 - - default default] 10.0.0.64 "GET /v2.0/subnetpools HTTP/1.1" status: 200 len: 193 time: 0.0088310
2026-05-28 22:55:59.243 9 WARNING neutron.scheduler.dhcp_agent_scheduler [None req-20e6c9d0-9cda-47f8-958a-ccf7da8ef02f f0650d856cab44838bc572f1bee3f3e2 6ad73b2722304f0b8b9612b4f137fd57 - - default default] No more DHCP agents
2026-05-28 22:55:59.244 9 WARNING neutron.api.rpc.agentnotifiers.dhcp_rpc_agent_api [None req-20e6c9d0-9cda-47f8-958a-ccf7da8ef02f f0650d856cab44838bc572f1bee3f3e2 6ad73b2722304f0b8b9612b4f137fd57 - - default default] Unable to schedule network 3cf3588e-9d87-4474-bd2f-507b3522c5d1: no agents available; will retry on subsequent port and subnet creation events.
2026-05-28 22:55:59.283 9 INFO neutron.db.ovn_revision_numbers_db [None req-20e6c9d0-9cda-47f8-958a-ccf7da8ef02f f0650d856cab44838bc572f1bee3f3e2 6ad73b2722304f0b8b9612b4f137fd57 - - default default] Successfully bumped revision number for resource c70d428c-65df-48e8-b6a3-b00800ee33aa (type: subnets) to 0
2026-05-28 22:55:59.301 9 INFO neutron.wsgi [None req-20e6c9d0-9cda-47f8-958a-ccf7da8ef02f f0650d856cab44838bc572f1bee3f3e2 6ad73b2722304f0b8b9612b4f137fd57 - - default default] 10.0.0.129 "POST /v2.0/subnets HTTP/1.1" status: 201 len: 821 time: 0.2845600
2026-05-28 22:55:59.310 9 WARNING neutron_lib.context [None req-e82eee3f-735b-41d3-b491-7338005f2a6e f0650d856cab44838bc572f1bee3f3e2 6ad73b2722304f0b8b9612b4f137fd57 - - default default] Method 'is_advsvc' is deprecated since 2023.2 release (neutron-lib 3.8.0) and will be removed once support for the old RBAC API policies will be removed from Neutron. Please use method 'is_service_role' instead.
2026-05-28 22:55:59.449 9 INFO neutron.db.ovn_revision_numbers_db [None req-e82eee3f-735b-41d3-b491-7338005f2a6e f0650d856cab44838bc572f1bee3f3e2 6ad73b2722304f0b8b9612b4f137fd57 - - default default] Successfully bumped revision number for resource 83353eef-a7f3-4285-b6dc-69eec97dc7f4 (type: routers) to 1
2026-05-28 22:55:59.464 9 INFO neutron.wsgi [None req-e82eee3f-735b-41d3-b491-7338005f2a6e f0650d856cab44838bc572f1bee3f3e2 6ad73b2722304f0b8b9612b4f137fd57 - - default default] 10.0.0.129 "POST /v2.0/routers HTTP/1.1" status: 201 len: 691 time: 0.1590683
2026-05-28 22:55:59.856 9 WARNING neutron.scheduler.dhcp_agent_scheduler [None req-e4ea01f2-0524-49c7-a378-db7b73f41555 f0650d856cab44838bc572f1bee3f3e2 6ad73b2722304f0b8b9612b4f137fd57 - - default default] No more DHCP agents
2026-05-28 22:55:59.857 9 WARNING neutron.api.rpc.agentnotifiers.dhcp_rpc_agent_api [None req-e4ea01f2-0524-49c7-a378-db7b73f41555 f0650d856cab44838bc572f1bee3f3e2 6ad73b2722304f0b8b9612b4f137fd57 - - default default] Unable to schedule network 3cf3588e-9d87-4474-bd2f-507b3522c5d1: no agents available; will retry on subsequent port and subnet creation events.
2026-05-28 22:55:59.969 9 INFO neutron.db.ovn_revision_numbers_db [None req-e4ea01f2-0524-49c7-a378-db7b73f41555 f0650d856cab44838bc572f1bee3f3e2 6ad73b2722304f0b8b9612b4f137fd57 - - default default] Successfully bumped revision number for resource c3dbb6bd-5817-4c6a-ba96-94ede2dfb804 (type: ports) to 1
2026-05-28 22:56:00.359 9 INFO neutron.db.ovn_revision_numbers_db [None req-e4ea01f2-0524-49c7-a378-db7b73f41555 f0650d856cab44838bc572f1bee3f3e2 6ad73b2722304f0b8b9612b4f137fd57 - - default default] Successfully bumped revision number for resource c3dbb6bd-5817-4c6a-ba96-94ede2dfb804 (type: router_ports) to 1
2026-05-28 22:56:00.473 9 INFO neutron.db.ovn_revision_numbers_db [None req-e4ea01f2-0524-49c7-a378-db7b73f41555 f0650d856cab44838bc572f1bee3f3e2 6ad73b2722304f0b8b9612b4f137fd57 - - default default] Successfully bumped revision number for resource c3dbb6bd-5817-4c6a-ba96-94ede2dfb804 (type: ports) to 1
2026-05-28 22:56:00.544 9 WARNING neutron.scheduler.dhcp_agent_scheduler [None req-e4ea01f2-0524-49c7-a378-db7b73f41555 f0650d856cab44838bc572f1bee3f3e2 6ad73b2722304f0b8b9612b4f137fd57 - - default default] No more DHCP agents
2026-05-28 22:56:00.545 9 WARNING neutron.api.rpc.agentnotifiers.dhcp_rpc_agent_api [None req-e4ea01f2-0524-49c7-a378-db7b73f41555 f0650d856cab44838bc572f1bee3f3e2 6ad73b2722304f0b8b9612b4f137fd57 - - default default] Unable to schedule network 3cf3588e-9d87-4474-bd2f-507b3522c5d1: no agents available; will retry on subsequent port and subnet creation events.
2026-05-28 22:56:00.692 9 INFO neutron.db.ovn_revision_numbers_db [None req-e4ea01f2-0524-49c7-a378-db7b73f41555 f0650d856cab44838bc572f1bee3f3e2 6ad73b2722304f0b8b9612b4f137fd57 - - default default] Successfully bumped revision number for resource c3dbb6bd-5817-4c6a-ba96-94ede2dfb804 (type: router_ports) to 1
2026-05-28 22:56:00.695 9 INFO neutron.wsgi [None req-e4ea01f2-0524-49c7-a378-db7b73f41555 f0650d856cab44838bc572f1bee3f3e2 6ad73b2722304f0b8b9612b4f137fd57 - - default default] 10.0.0.129 "PUT /v2.0/routers/83353eef-a7f3-4285-b6dc-69eec97dc7f4/add_router_interface HTTP/1.1" status: 200 len: 503 time: 1.2265942
2026-05-28 22:56:00.732 9 INFO neutron.wsgi [None req-787c5355-07d7-41ce-98b8-91b8628f2854 f0650d856cab44838bc572f1bee3f3e2 6ad73b2722304f0b8b9612b4f137fd57 - - default default] 10.0.0.129 "GET /v2.0/ports/c3dbb6bd-5817-4c6a-ba96-94ede2dfb804 HTTP/1.1" status: 200 len: 1139 time: 0.0330892
2026-05-28 22:56:00.832 10 INFO neutron.wsgi [None req-0d4b117d-7932-4110-9a8c-d2f60cba3988 f0650d856cab44838bc572f1bee3f3e2 6ad73b2722304f0b8b9612b4f137fd57 - - default default] 10.0.0.129 "GET /v2.0/ports/c3dbb6bd-5817-4c6a-ba96-94ede2dfb804 HTTP/1.1" status: 200 len: 1139 time: 0.0936911
2026-05-28 22:56:00.927 9 WARNING neutron.plugins.ml2.drivers.ovn.mech_driver.ovsdb.ovn_client [None req-e6771b60-b103-471a-8a1b-323c05953c8e - - - - - -] No port found with ID ffd59a23-820a-41ba-ad30-610c4258898b: RuntimeError: No port found with ID ffd59a23-820a-41ba-ad30-610c4258898b
2026-05-28 22:56:00.928 9 INFO neutron.plugins.ml2.drivers.ovn.mech_driver.mech_driver [None req-e6771b60-b103-471a-8a1b-323c05953c8e - - - - - -] OVN reports status up for port: c3dbb6bd-5817-4c6a-ba96-94ede2dfb804
2026-05-28 22:56:00.935 9 INFO neutron.plugins.ml2.plugin [None req-e6771b60-b103-471a-8a1b-323c05953c8e - - - - - -] Attempt 1 to provision port c3dbb6bd-5817-4c6a-ba96-94ede2dfb804
2026-05-28 22:56:01.215 9 INFO neutron.db.ovn_revision_numbers_db [None req-e6771b60-b103-471a-8a1b-323c05953c8e - - - - - -] Successfully bumped revision number for resource c3dbb6bd-5817-4c6a-ba96-94ede2dfb804 (type: ports) to 2
2026-05-28 22:56:01.298 9 INFO neutron.db.ovn_revision_numbers_db [None req-e6771b60-b103-471a-8a1b-323c05953c8e - - - - - -] Successfully bumped revision number for resource c3dbb6bd-5817-4c6a-ba96-94ede2dfb804 (type: router_ports) to 2
2026-05-28 22:56:01.868 10 INFO neutron.wsgi [None req-a8f51d92-506d-4326-aa51-02d846b001cf f0650d856cab44838bc572f1bee3f3e2 6ad73b2722304f0b8b9612b4f137fd57 - - default default] 10.0.0.129 "GET /v2.0/ports/c3dbb6bd-5817-4c6a-ba96-94ede2dfb804 HTTP/1.1" status: 200 len: 1141 time: 0.0306416
2026-05-28 22:56:02.629 10 INFO neutron.wsgi [None req-90743055-cf40-4fa8-a395-9d0254c3da12 f0650d856cab44838bc572f1bee3f3e2 6ad73b2722304f0b8b9612b4f137fd57 - - default default] 10.0.0.129 "PUT /v2.0/routers/83353eef-a7f3-4285-b6dc-69eec97dc7f4/remove_router_interface HTTP/1.1" status: 200 len: 503 time: 0.7559648 /var/lib/openstack/lib/python3.10/site-packages/pycadf/identifier.py:71: UserWarning: Invalid uuid: neutron. To ensure interoperability, identifiers should be a valid uuid. warnings.warn(('Invalid uuid: %s. To ensure interoperability, '
2026-05-28 22:56:02.656 9 INFO neutron.wsgi [None req-5aa944cb-e757-4c59-a715-99c5d2ee0887 b76c453d58874d13b85a7d1b8ac146fa 3ad2daaa386e48638d73cfacb3b5a244 - - default default] 10.0.0.14 "GET /v2.0/extensions/security-group HTTP/1.1" status: 200 len: 369 time: 0.0041895
2026-05-28 22:56:02.660 10 INFO neutron.wsgi [None req-60568635-d56e-4a9b-b3f4-046ca17e22a3 f0650d856cab44838bc572f1bee3f3e2 6ad73b2722304f0b8b9612b4f137fd57 - - default default] 10.0.0.129 "GET /v2.0/ports?device_id=83353eef-a7f3-4285-b6dc-69eec97dc7f4 HTTP/1.1" status: 200 len: 205 time: 0.0267954
2026-05-28 22:56:02.663 9 INFO neutron.wsgi [None req-9586046d-38af-40ee-bed3-2b3e4dbdd660 b76c453d58874d13b85a7d1b8ac146fa 3ad2daaa386e48638d73cfacb3b5a244 - - default default] 10.0.0.14 "GET /v2.0/extensions/dns-integration HTTP/1.1" status: 200 len: 371 time: 0.0030754
2026-05-28 22:56:02.671 9 INFO neutron.wsgi [None req-347fef9f-f410-4d8b-a754-d42244a49a6b b76c453d58874d13b85a7d1b8ac146fa 3ad2daaa386e48638d73cfacb3b5a244 - - default default] 10.0.0.14 "GET /v2.0/extensions/qos HTTP/1.1" status: 200 len: 365 time: 0.0041976
2026-05-28 22:56:02.680 9 INFO neutron.wsgi [None req-7ad2d6f1-e6ba-4ef7-95ce-3fb287f4cbbc b76c453d58874d13b85a7d1b8ac146fa 3ad2daaa386e48638d73cfacb3b5a244 - - default default] 10.0.0.14 "GET /v2.0/extensions/allowed-address-pairs HTTP/1.1" status: 200 len: 383 time: 0.0040498
2026-05-28 22:56:02.953 10 INFO neutron.wsgi [None req-dd50cef3-63b3-413d-a98e-1b1b95c340cc f0650d856cab44838bc572f1bee3f3e2 6ad73b2722304f0b8b9612b4f137fd57 - - default default] 10.0.0.129 "DELETE /v2.0/routers/83353eef-a7f3-4285-b6dc-69eec97dc7f4 HTTP/1.1" status: 204 len: 168 time: 0.2882419
2026-05-28 22:56:03.008 9 INFO neutron.wsgi [-] 10.0.0.14 "GET / HTTP/1.1" status: 200 len: 284 time: 0.0045276
2026-05-28 22:56:03.070 9 INFO neutron.wsgi [None req-218dea67-8abc-46d7-be8c-1248790b3ec3 02c98bc784d74dcd840ac22ff9c411c4 b9510abcdc464bdfa9fa09a49e4c0904 - - default default] 10.0.0.14 "GET /v2.0/subnets/7120b3d1-a816-4b1c-9b11-31d40a1d1964 HTTP/1.1" status: 200 len: 830 time: 0.0440857
2026-05-28 22:56:03.119 10 INFO neutron.wsgi [None req-5409d0fb-c729-4562-a57a-651836af7047 f0650d856cab44838bc572f1bee3f3e2 6ad73b2722304f0b8b9612b4f137fd57 - - default default] 10.0.0.129 "DELETE /v2.0/subnets/c70d428c-65df-48e8-b6a3-b00800ee33aa HTTP/1.1" status: 204 len: 168 time: 0.1599836
2026-05-28 22:56:03.511 9 INFO neutron.services.segments.plugin [-] Segment c91c3036-9145-4837-98f1-5d3330243713 resource provider aggregate not found
2026-05-28 22:56:03.518 9 INFO neutron.services.segments.plugin [-] Segment c91c3036-9145-4837-98f1-5d3330243713 resource provider aggregate not found
2026-05-28 22:56:03.536 9 INFO neutron.services.segments.plugin [-] Segment c91c3036-9145-4837-98f1-5d3330243713 resource provider not found; error: Placement Client Error (4xx): {"errors": [{"status": 404, "title": "Not Found", "detail": "The resource could not be found.\n\n No resource provider with uuid c91c3036-9145-4837-98f1-5d3330243713 found for delete ", "request_id": "req-b8d089ec-6d8c-40bc-8334-f9f298895392"}]}
2026-05-28 22:56:03.537 9 INFO neutron.services.segments.plugin [-] Segment c91c3036-9145-4837-98f1-5d3330243713 resource provider not found; error: Placement Client Error (4xx): {"errors": [{"status": 404, "title": "Not Found", "detail": "The resource could not be found.\n\n No resource provider with uuid c91c3036-9145-4837-98f1-5d3330243713 found for delete ", "request_id": "req-75adfc11-8fd7-4d31-b5e1-2e5b03b964e1"}]}
2026-05-28 22:56:03.562 9 INFO neutron.wsgi [None req-17c04dc6-335e-48c7-899d-1f0afb6305ea f0650d856cab44838bc572f1bee3f3e2 6ad73b2722304f0b8b9612b4f137fd57 - - default default] 10.0.0.129 "DELETE /v2.0/networks/3cf3588e-9d87-4474-bd2f-507b3522c5d1 HTTP/1.1" status: 204 len: 168 time: 0.4355261
2026-05-28 22:56:03.574 10 WARNING neutron_lib.context [None req-1ecfbaeb-8a0c-47ea-a1fc-56d72281bcad f0650d856cab44838bc572f1bee3f3e2 6ad73b2722304f0b8b9612b4f137fd57 - - default default] Method 'is_advsvc' is deprecated since 2023.2 release (neutron-lib 3.8.0) and will be removed once support for the old RBAC API policies will be removed from Neutron. Please use method 'is_service_role' instead.
2026-05-28 22:56:04.068 10 WARNING neutron.scheduler.dhcp_agent_scheduler [None req-1ecfbaeb-8a0c-47ea-a1fc-56d72281bcad f0650d856cab44838bc572f1bee3f3e2 6ad73b2722304f0b8b9612b4f137fd57 - - default default] No more DHCP agents
2026-05-28 22:56:04.072 10 WARNING neutron.api.rpc.agentnotifiers.dhcp_rpc_agent_api [None req-1ecfbaeb-8a0c-47ea-a1fc-56d72281bcad f0650d856cab44838bc572f1bee3f3e2 6ad73b2722304f0b8b9612b4f137fd57 - - default default] Unable to schedule network a3dd86cb-b66a-4537-94e0-ccb075ca04d6: no agents available; will retry on subsequent port and subnet creation events.
2026-05-28 22:56:04.223 10 INFO neutron.db.ovn_revision_numbers_db [None req-1ecfbaeb-8a0c-47ea-a1fc-56d72281bcad f0650d856cab44838bc572f1bee3f3e2 6ad73b2722304f0b8b9612b4f137fd57 - - default default] Successfully bumped revision number for resource 29f73234-88ec-43e1-9236-dfadc7b639ad (type: ports) to 1
2026-05-28 22:56:04.811 10 INFO neutron.db.ovn_revision_numbers_db [None req-1ecfbaeb-8a0c-47ea-a1fc-56d72281bcad f0650d856cab44838bc572f1bee3f3e2 6ad73b2722304f0b8b9612b4f137fd57 - - default default] Successfully bumped revision number for resource 29f73234-88ec-43e1-9236-dfadc7b639ad (type: router_ports) to 1
2026-05-28 22:56:04.889 10 INFO neutron.db.ovn_revision_numbers_db [None req-1ecfbaeb-8a0c-47ea-a1fc-56d72281bcad f0650d856cab44838bc572f1bee3f3e2 6ad73b2722304f0b8b9612b4f137fd57 - - default default] Successfully bumped revision number for resource 53d39e8c-3f91-45b0-96b3-858aacc7b510 (type: routers) to 2
2026-05-28 22:56:04.903 10 INFO neutron.wsgi [None req-1ecfbaeb-8a0c-47ea-a1fc-56d72281bcad f0650d856cab44838bc572f1bee3f3e2 6ad73b2722304f0b8b9612b4f137fd57 - - default default] 10.0.0.129 "POST /v2.0/routers HTTP/1.1" status: 201 len: 872 time: 1.3332708
2026-05-28 22:56:04.969 9 INFO neutron.wsgi [None req-e4ac025b-d28c-40de-a659-a96fcb452684 b76c453d58874d13b85a7d1b8ac146fa 3ad2daaa386e48638d73cfacb3b5a244 - - default default] 199.204.45.210 "GET /v2.0/extensions/security-group HTTP/1.1" status: 200 len: 369 time: 0.0520558
2026-05-28 22:56:04.979 9 INFO neutron.wsgi [None req-4230a20f-fbc8-4119-865c-64545aadbc5b b76c453d58874d13b85a7d1b8ac146fa 3ad2daaa386e48638d73cfacb3b5a244 - - default default] 199.204.45.210 "GET /v2.0/extensions/dns-integration HTTP/1.1" status: 200 len: 371 time: 0.0045869
2026-05-28 22:56:04.981 10 INFO neutron.wsgi [None req-0df5b3a2-3f5e-4965-b584-d1dfb3766f8d f0650d856cab44838bc572f1bee3f3e2 6ad73b2722304f0b8b9612b4f137fd57 - - default default] 10.0.0.129 "GET /v2.0/routers/53d39e8c-3f91-45b0-96b3-858aacc7b510 HTTP/1.1" status: 200 len: 873 time: 0.0731573
2026-05-28 22:56:04.987 9 INFO neutron.wsgi [None req-22a6fb07-4e51-4d96-9039-a9f06e0b8666 b76c453d58874d13b85a7d1b8ac146fa 3ad2daaa386e48638d73cfacb3b5a244 - - default default] 199.204.45.210 "GET /v2.0/extensions/qos HTTP/1.1" status: 200 len: 365 time: 0.0039582
2026-05-28 22:56:04.995 9 INFO neutron.wsgi [None req-c2f02cd3-f9de-4f26-9851-a5958e5a3b72 b76c453d58874d13b85a7d1b8ac146fa 3ad2daaa386e48638d73cfacb3b5a244 - - default default] 199.204.45.210 "GET /v2.0/extensions/allowed-address-pairs HTTP/1.1" status: 200 len: 383 time: 0.0042102
2026-05-28 22:56:05.100 10 INFO neutron.wsgi [None req-18fbab5d-4596-4cff-8886-ee154c7f695f f0650d856cab44838bc572f1bee3f3e2 6ad73b2722304f0b8b9612b4f137fd57 - - default default] 10.0.0.129 "GET /v2.0/routers HTTP/1.1" status: 200 len: 876 time: 0.1144361
2026-05-28 22:56:05.383 9 INFO neutron.wsgi [None req-aad82f77-16f1-4904-ae7b-74bd818d6d8b b76c453d58874d13b85a7d1b8ac146fa 3ad2daaa386e48638d73cfacb3b5a244 - - default default] 199.204.45.210 "GET /v2.0/subnets/7120b3d1-a816-4b1c-9b11-31d40a1d1964 HTTP/1.1" status: 200 len: 848 time: 0.0384300
2026-05-28 22:56:05.426 9 INFO neutron.wsgi [None req-b57740b7-c0ae-4614-8048-5e13fd34753f b76c453d58874d13b85a7d1b8ac146fa 3ad2daaa386e48638d73cfacb3b5a244 - - default default] 199.204.45.210 "GET /v2.0/ports?device_id=e797ea47-c130-4e9b-8d31-ea49acd1b07f HTTP/1.1" status: 200 len: 2723 time: 0.0372493
2026-05-28 22:56:05.592 9 INFO neutron.wsgi [None req-0b165a78-5406-4cb0-8d65-2f490462e037 b76c453d58874d13b85a7d1b8ac146fa 3ad2daaa386e48638d73cfacb3b5a244 - - default default] 199.204.45.210 "GET /v2.0/extensions/security-group HTTP/1.1" status: 200 len: 369 time: 0.0058720
2026-05-28 22:56:05.602 9 INFO neutron.wsgi [None req-6698cff5-bc47-46e9-9e08-b7113dbc4f3b b76c453d58874d13b85a7d1b8ac146fa 3ad2daaa386e48638d73cfacb3b5a244 - - default default] 199.204.45.210 "GET /v2.0/extensions/dns-integration HTTP/1.1" status: 200 len: 371 time: 0.0053177
2026-05-28 22:56:05.618 9 INFO neutron.wsgi [None req-83e73396-822e-4d39-8435-f96fe99c3802 b76c453d58874d13b85a7d1b8ac146fa 3ad2daaa386e48638d73cfacb3b5a244 - - default default] 199.204.45.210 "GET /v2.0/extensions/qos HTTP/1.1" status: 200 len: 365 time: 0.0061674
2026-05-28 22:56:05.633 9 INFO neutron.wsgi [None req-9ec76bd0-5efd-48a5-800c-d594fefae8a2 b76c453d58874d13b85a7d1b8ac146fa 3ad2daaa386e48638d73cfacb3b5a244 - - default default] 199.204.45.210 "GET /v2.0/extensions/allowed-address-pairs HTTP/1.1" status: 200 len: 383 time: 0.0107515
2026-05-28 22:56:05.774 10 INFO neutron.db.ovn_revision_numbers_db [None req-c7d9d267-8e67-42da-9bee-57f425ef7bbf f0650d856cab44838bc572f1bee3f3e2 6ad73b2722304f0b8b9612b4f137fd57 - - default default] Successfully bumped revision number for resource 53d39e8c-3f91-45b0-96b3-858aacc7b510 (type: routers) to 3
2026-05-28 22:56:05.778 10 INFO neutron.wsgi [None req-c7d9d267-8e67-42da-9bee-57f425ef7bbf f0650d856cab44838bc572f1bee3f3e2 6ad73b2722304f0b8b9612b4f137fd57 - - default default] 10.0.0.129 "PUT /v2.0/routers/53d39e8c-3f91-45b0-96b3-858aacc7b510 HTTP/1.1" status: 200 len: 880 time: 0.6705022
2026-05-28 22:56:05.850 10 INFO neutron.wsgi [None req-cbfa9a05-8d48-4193-a840-a8cc0f150e6f f0650d856cab44838bc572f1bee3f3e2 6ad73b2722304f0b8b9612b4f137fd57 - - default default] 10.0.0.129 "GET /v2.0/routers/53d39e8c-3f91-45b0-96b3-858aacc7b510 HTTP/1.1" status: 200 len: 880 time: 0.0664058
2026-05-28 22:56:05.872 10 INFO neutron.wsgi [None req-3f7a7f06-f524-4aa6-a03e-5964a0e5cb4b f0650d856cab44838bc572f1bee3f3e2 6ad73b2722304f0b8b9612b4f137fd57 - - default default] 10.0.0.129 "GET /v2.0/ports?device_id=53d39e8c-3f91-45b0-96b3-858aacc7b510 HTTP/1.1" status: 200 len: 205 time: 0.0168777
2026-05-28 22:56:06.135 9 WARNING neutron.plugins.ml2.drivers.ovn.mech_driver.ovsdb.ovn_client [None req-e6771b60-b103-471a-8a1b-323c05953c8e - - - - - -] No port found with ID c3dbb6bd-5817-4c6a-ba96-94ede2dfb804: RuntimeError: No port found with ID c3dbb6bd-5817-4c6a-ba96-94ede2dfb804
2026-05-28 22:56:06.136 9 INFO neutron.plugins.ml2.drivers.ovn.mech_driver.mech_driver [None req-e6771b60-b103-471a-8a1b-323c05953c8e - - - - - -] OVN reports status up for port: 29f73234-88ec-43e1-9236-dfadc7b639ad
2026-05-28 22:56:06.143 9 INFO neutron.plugins.ml2.plugin [None req-e6771b60-b103-471a-8a1b-323c05953c8e - - - - - -] Attempt 1 to provision port 29f73234-88ec-43e1-9236-dfadc7b639ad
2026-05-28 22:56:06.256 9 INFO neutron.wsgi [req-372c6456-84d2-468f-bbe7-0d13fc58e8b0 req-f78129cc-78c3-49ff-aad0-15fcdb5d59f9 2e97ca90eb3546e1ae99765880d7dfc4 73a0f4f6eb244478b26f178b2d6bc468 - - c677fa05ab174be88a773294a28ab893 c677fa05ab174be88a773294a28ab893] 199.204.45.210 "GET /v2.0/networks/0355f61d-107c-4533-9327-5964a0fcbb44?fields=segments HTTP/1.1" status: 200 len: 212 time: 0.0666862
2026-05-28 22:56:06.335 9 INFO neutron.wsgi [req-372c6456-84d2-468f-bbe7-0d13fc58e8b0 req-c22cd730-a984-4d8c-8b6c-b99962b15a8e 2e97ca90eb3546e1ae99765880d7dfc4 73a0f4f6eb244478b26f178b2d6bc468 - - c677fa05ab174be88a773294a28ab893 c677fa05ab174be88a773294a28ab893] 199.204.45.210 "GET /v2.0/networks/0355f61d-107c-4533-9327-5964a0fcbb44?fields=provider%3Aphysical_network&fields=provider%3Anetwork_type HTTP/1.1" status: 200 len: 277 time: 0.0575085
2026-05-28 22:56:06.422 9 INFO neutron.wsgi [req-372c6456-84d2-468f-bbe7-0d13fc58e8b0 req-9deaa5d0-5cd4-4bb2-8d91-a8c06acf68d4 b76c453d58874d13b85a7d1b8ac146fa 3ad2daaa386e48638d73cfacb3b5a244 - - default default] 199.204.45.210 "GET /v2.0/networks?id=0355f61d-107c-4533-9327-5964a0fcbb44 HTTP/1.1" status: 200 len: 1002 time: 0.0705273
2026-05-28 22:56:06.683 9 WARNING neutron.scheduler.dhcp_agent_scheduler [req-372c6456-84d2-468f-bbe7-0d13fc58e8b0 req-18192027-9b53-43b5-891f-7398237c0fe7 b76c453d58874d13b85a7d1b8ac146fa 3ad2daaa386e48638d73cfacb3b5a244 - - default default] No more DHCP agents
2026-05-28 22:56:06.685 9 WARNING neutron.api.rpc.agentnotifiers.dhcp_rpc_agent_api [req-372c6456-84d2-468f-bbe7-0d13fc58e8b0 req-18192027-9b53-43b5-891f-7398237c0fe7 b76c453d58874d13b85a7d1b8ac146fa 3ad2daaa386e48638d73cfacb3b5a244 - - default default] Unable to schedule network 0355f61d-107c-4533-9327-5964a0fcbb44: no agents available; will retry on subsequent port and subnet creation events.
2026-05-28 22:56:06.719 10 INFO neutron.wsgi [None req-a526db28-2841-4a99-a487-ebe744dd5732 f0650d856cab44838bc572f1bee3f3e2 6ad73b2722304f0b8b9612b4f137fd57 - - default default] 10.0.0.129 "DELETE /v2.0/routers/53d39e8c-3f91-45b0-96b3-858aacc7b510 HTTP/1.1" status: 204 len: 168 time: 0.8422921
2026-05-28 22:56:06.743 10 INFO neutron.wsgi [None req-24006d87-4bbf-4bc7-a151-b5a4c9461641 f0650d856cab44838bc572f1bee3f3e2 6ad73b2722304f0b8b9612b4f137fd57 - - default default] 10.0.0.129 "GET /v2.0/ports?device_id=53d39e8c-3f91-45b0-96b3-858aacc7b510 HTTP/1.1" status: 200 len: 205 time: 0.0164518
2026-05-28 22:56:06.766 10 INFO neutron.api.v2.resource [None req-0e415b2b-35bb-48da-ba74-f05df8b39e29 f0650d856cab44838bc572f1bee3f3e2 6ad73b2722304f0b8b9612b4f137fd57 - - default default] delete failed (client error): The resource could not be found.
2026-05-28 22:56:06.767 10 INFO neutron.wsgi [None req-0e415b2b-35bb-48da-ba74-f05df8b39e29 f0650d856cab44838bc572f1bee3f3e2 6ad73b2722304f0b8b9612b4f137fd57 - - default default] 10.0.0.129 "DELETE /v2.0/routers/53d39e8c-3f91-45b0-96b3-858aacc7b510 HTTP/1.1" status: 404 len: 336 time: 0.0193195
2026-05-28 22:56:06.792 10 INFO neutron.wsgi [None req-900a0846-5f2e-46ec-a854-27b29c778836 f0650d856cab44838bc572f1bee3f3e2 6ad73b2722304f0b8b9612b4f137fd57 - - default default] 10.0.0.129 "GET /v2.0/ports?device_id=83353eef-a7f3-4285-b6dc-69eec97dc7f4 HTTP/1.1" status: 200 len: 205 time: 0.0190578
2026-05-28 22:56:06.813 9 INFO neutron.db.ovn_revision_numbers_db [req-372c6456-84d2-468f-bbe7-0d13fc58e8b0 req-18192027-9b53-43b5-891f-7398237c0fe7 b76c453d58874d13b85a7d1b8ac146fa 3ad2daaa386e48638d73cfacb3b5a244 - - default default] Successfully bumped revision number for resource 7f3adc7f-3637-4584-b55f-680724cb111b (type: ports) to 1
2026-05-28 22:56:06.818 10 INFO neutron.api.v2.resource [None req-dca93230-3724-46ec-b4fb-b6669be1c88b f0650d856cab44838bc572f1bee3f3e2 6ad73b2722304f0b8b9612b4f137fd57 - - default default] delete failed (client error): The resource could not be found.
2026-05-28 22:56:06.819 10 INFO neutron.wsgi [None req-dca93230-3724-46ec-b4fb-b6669be1c88b f0650d856cab44838bc572f1bee3f3e2 6ad73b2722304f0b8b9612b4f137fd57 - - default default] 10.0.0.129 "DELETE /v2.0/routers/83353eef-a7f3-4285-b6dc-69eec97dc7f4 HTTP/1.1" status: 404 len: 336 time: 0.0217817
2026-05-28 22:56:06.831 9 INFO neutron.wsgi [req-372c6456-84d2-468f-bbe7-0d13fc58e8b0 req-18192027-9b53-43b5-891f-7398237c0fe7 b76c453d58874d13b85a7d1b8ac146fa 3ad2daaa386e48638d73cfacb3b5a244 - - default default] 199.204.45.210 "POST /v2.0/ports HTTP/1.1" status: 201 len: 1508 time: 0.4048872
2026-05-28 22:56:06.839 10 INFO neutron.pecan_wsgi.hooks.translation [None req-0a8a306d-d413-40b3-b132-4420e2f820b4 f0650d856cab44838bc572f1bee3f3e2 6ad73b2722304f0b8b9612b4f137fd57 - - default default] DELETE failed (client error): The resource could not be found. /var/lib/openstack/lib/python3.10/site-packages/pycadf/identifier.py:71: UserWarning: Invalid uuid: neutron. To ensure interoperability, identifiers should be a valid uuid. warnings.warn(('Invalid uuid: %s. To ensure interoperability, '
2026-05-28 22:56:06.840 10 INFO neutron.wsgi [None req-0a8a306d-d413-40b3-b132-4420e2f820b4 f0650d856cab44838bc572f1bee3f3e2 6ad73b2722304f0b8b9612b4f137fd57 - - default default] 10.0.0.129 "DELETE /v2.0/subnets/c70d428c-65df-48e8-b6a3-b00800ee33aa HTTP/1.1" status: 404 len: 337 time: 0.0157881
2026-05-28 22:56:06.862 10 INFO neutron.wsgi [None req-d25304e5-6aed-4daf-a08a-6b6c9cb07473 f0650d856cab44838bc572f1bee3f3e2 6ad73b2722304f0b8b9612b4f137fd57 - - default default] 10.0.0.129 "GET /v2.0/ports?device_id=25b58cc6-b589-44e0-bf8e-87d644538891 HTTP/1.1" status: 200 len: 205 time: 0.0157089
2026-05-28 22:56:06.884 10 INFO neutron.api.v2.resource [None req-74fcbcc7-f1cd-4f0a-82d0-ba94de7e652b f0650d856cab44838bc572f1bee3f3e2 6ad73b2722304f0b8b9612b4f137fd57 - - default default] delete failed (client error): The resource could not be found.
2026-05-28 22:56:06.885 10 INFO neutron.wsgi [None req-74fcbcc7-f1cd-4f0a-82d0-ba94de7e652b f0650d856cab44838bc572f1bee3f3e2 6ad73b2722304f0b8b9612b4f137fd57 - - default default] 10.0.0.129 "DELETE /v2.0/routers/25b58cc6-b589-44e0-bf8e-87d644538891 HTTP/1.1" status: 404 len: 336 time: 0.0182455
2026-05-28 22:56:06.902 10 INFO neutron.pecan_wsgi.hooks.translation [None req-d2526644-2383-490f-aff5-112e02379dbe f0650d856cab44838bc572f1bee3f3e2 6ad73b2722304f0b8b9612b4f137fd57 - - default default] DELETE failed (client error): The resource could not be found.
2026-05-28 22:56:06.904 10 INFO neutron.wsgi [None req-d2526644-2383-490f-aff5-112e02379dbe f0650d856cab44838bc572f1bee3f3e2 6ad73b2722304f0b8b9612b4f137fd57 - - default default] 10.0.0.129 "DELETE /v2.0/subnets/957149c6-cb8c-4227-9f88-537601dab1d3 HTTP/1.1" status: 404 len: 337 time: 0.0145452
2026-05-28 22:56:06.930 10 INFO neutron.wsgi [None req-ff417084-7460-4aab-8d98-19dfb9d07e12 f0650d856cab44838bc572f1bee3f3e2 6ad73b2722304f0b8b9612b4f137fd57 - - default default] 10.0.0.129 "GET /v2.0/ports?device_id=e9012641-bb59-4bc7-b35d-5a823aabb4e8 HTTP/1.1" status: 200 len: 205 time: 0.0214722
2026-05-28 22:56:06.957 10 INFO neutron.api.v2.resource [None req-c213d4f9-0d12-453d-b790-bdc9dd46f74f f0650d856cab44838bc572f1bee3f3e2 6ad73b2722304f0b8b9612b4f137fd57 - - default default] delete failed (client error): The resource could not be found.
2026-05-28 22:56:06.958 10 INFO neutron.wsgi [None req-c213d4f9-0d12-453d-b790-bdc9dd46f74f f0650d856cab44838bc572f1bee3f3e2 6ad73b2722304f0b8b9612b4f137fd57 - - default default] 10.0.0.129 "DELETE /v2.0/routers/e9012641-bb59-4bc7-b35d-5a823aabb4e8 HTTP/1.1" status: 404 len: 336 time: 0.0237834
2026-05-28 22:56:06.977 10 INFO neutron.pecan_wsgi.hooks.translation [None req-dd9f92be-5453-4d0d-9c14-9faccf5a1a8f f0650d856cab44838bc572f1bee3f3e2 6ad73b2722304f0b8b9612b4f137fd57 - - default default] DELETE failed (client error): The resource could not be found.
2026-05-28 22:56:06.979 10 INFO neutron.wsgi [None req-dd9f92be-5453-4d0d-9c14-9faccf5a1a8f f0650d856cab44838bc572f1bee3f3e2 6ad73b2722304f0b8b9612b4f137fd57 - - default default] 10.0.0.129 "DELETE /v2.0/subnets/d05f17d1-9fea-407e-918f-3770f471a4b5 HTTP/1.1" status: 404 len: 337 time: 0.0171840
2026-05-28 22:56:06.993 10 INFO neutron.pecan_wsgi.hooks.translation [None req-dca1cd00-4079-49c4-ae22-848d65cedf72 f0650d856cab44838bc572f1bee3f3e2 6ad73b2722304f0b8b9612b4f137fd57 - - default default] DELETE failed (client error): The resource could not be found.
2026-05-28 22:56:06.996 10 INFO neutron.wsgi [None req-dca1cd00-4079-49c4-ae22-848d65cedf72 f0650d856cab44838bc572f1bee3f3e2 6ad73b2722304f0b8b9612b4f137fd57 - - default default] 10.0.0.129 "DELETE /v2.0/subnets/63c3ff0a-89a8-46ad-abad-d25821e739ee HTTP/1.1" status: 404 len: 337 time: 0.0146933
2026-05-28 22:56:07.244 9 INFO neutron.db.ovn_revision_numbers_db [req-372c6456-84d2-468f-bbe7-0d13fc58e8b0 req-6d73bcee-a545-4af0-acaf-5732d0c4339e 2e97ca90eb3546e1ae99765880d7dfc4 73a0f4f6eb244478b26f178b2d6bc468 - - c677fa05ab174be88a773294a28ab893 c677fa05ab174be88a773294a28ab893] Successfully bumped revision number for resource 7f3adc7f-3637-4584-b55f-680724cb111b (type: ports) to 2
2026-05-28 22:56:07.440 9 INFO neutron.db.ovn_revision_numbers_db [req-372c6456-84d2-468f-bbe7-0d13fc58e8b0 req-6d73bcee-a545-4af0-acaf-5732d0c4339e 2e97ca90eb3546e1ae99765880d7dfc4 73a0f4f6eb244478b26f178b2d6bc468 - - c677fa05ab174be88a773294a28ab893 c677fa05ab174be88a773294a28ab893] Successfully bumped revision number for resource 7f3adc7f-3637-4584-b55f-680724cb111b (type: ports) to 2
2026-05-28 22:56:07.457 9 INFO neutron.wsgi [req-372c6456-84d2-468f-bbe7-0d13fc58e8b0 req-6d73bcee-a545-4af0-acaf-5732d0c4339e 2e97ca90eb3546e1ae99765880d7dfc4 73a0f4f6eb244478b26f178b2d6bc468 - - c677fa05ab174be88a773294a28ab893 c677fa05ab174be88a773294a28ab893] 199.204.45.210 "PUT /v2.0/ports/7f3adc7f-3637-4584-b55f-680724cb111b HTTP/1.1" status: 200 len: 1605 time: 0.6188734 /var/lib/openstack/lib/python3.10/site-packages/pycadf/identifier.py:71: UserWarning: Invalid uuid: neutron. To ensure interoperability, identifiers should be a valid uuid. warnings.warn(('Invalid uuid: %s. To ensure interoperability, '
2026-05-28 22:56:07.510 9 INFO neutron.notifiers.nova [-] Nova event matching ['req-d2620d39-626b-4400-bcc9-883e42f8a4e2'] response: {'name': 'network-changed', 'server_uuid': 'e797ea47-c130-4e9b-8d31-ea49acd1b07f', 'tag': '7f3adc7f-3637-4584-b55f-680724cb111b', 'status': 'completed', 'code': 200}
2026-05-28 22:56:07.543 9 INFO neutron.wsgi [req-372c6456-84d2-468f-bbe7-0d13fc58e8b0 req-99849a79-919c-499c-94ed-cd0653a409ac 2e97ca90eb3546e1ae99765880d7dfc4 73a0f4f6eb244478b26f178b2d6bc468 - - c677fa05ab174be88a773294a28ab893 c677fa05ab174be88a773294a28ab893] 199.204.45.210 "GET /v2.0/ports?tenant_id=3ad2daaa386e48638d73cfacb3b5a244&device_id=e797ea47-c130-4e9b-8d31-ea49acd1b07f HTTP/1.1" status: 200 len: 4148 time: 0.0468988
2026-05-28 22:56:07.575 9 INFO neutron.wsgi [req-372c6456-84d2-468f-bbe7-0d13fc58e8b0 req-a5f33eaf-a180-4cda-a259-d3724117cbe6 2e97ca90eb3546e1ae99765880d7dfc4 73a0f4f6eb244478b26f178b2d6bc468 - - c677fa05ab174be88a773294a28ab893 c677fa05ab174be88a773294a28ab893] 199.204.45.210 "GET /v2.0/floatingips?fixed_ip_address=172.24.0.45&port_id=bbe2e692-f5c0-4d76-8053-c2b302474c67 HTTP/1.1" status: 200 len: 217 time: 0.0247402
2026-05-28 22:56:07.612 9 INFO neutron.wsgi [req-372c6456-84d2-468f-bbe7-0d13fc58e8b0 req-f2b83f49-0be5-4184-96b6-0460f5ea11df 2e97ca90eb3546e1ae99765880d7dfc4 73a0f4f6eb244478b26f178b2d6bc468 - - c677fa05ab174be88a773294a28ab893 c677fa05ab174be88a773294a28ab893] 199.204.45.210 "GET /v2.0/subnets?id=a84360b2-9fb2-4b4e-884d-f7a0562ed3b0 HTTP/1.1" status: 200 len: 829 time: 0.0316911
2026-05-28 22:56:07.619 10 INFO neutron.wsgi [None req-8bc54ede-5b2c-40f7-bae9-7613aebf66d2 b76c453d58874d13b85a7d1b8ac146fa 3ad2daaa386e48638d73cfacb3b5a244 - - default default] 10.0.0.129 "GET /v2.0/security-groups?tenant_id=6ad73b2722304f0b8b9612b4f137fd57&name=default HTTP/1.1" status: 200 len: 2996 time: 0.1635995
2026-05-28 22:56:07.637 9 INFO neutron.wsgi [req-372c6456-84d2-468f-bbe7-0d13fc58e8b0 req-e8c45623-be92-4dc1-a4b9-2e3d8459272c 2e97ca90eb3546e1ae99765880d7dfc4 73a0f4f6eb244478b26f178b2d6bc468 - - c677fa05ab174be88a773294a28ab893 c677fa05ab174be88a773294a28ab893] 199.204.45.210 "GET /v2.0/ports?network_id=f9808161-cadd-48d2-b25b-7519e8b3f10f&device_owner=network%3Adhcp HTTP/1.1" status: 200 len: 210 time: 0.0208373
2026-05-28 22:56:07.712 9 INFO neutron.wsgi [req-372c6456-84d2-468f-bbe7-0d13fc58e8b0 req-26f31e47-d2de-48f5-a3d3-06d16fa3a222 2e97ca90eb3546e1ae99765880d7dfc4 73a0f4f6eb244478b26f178b2d6bc468 - - c677fa05ab174be88a773294a28ab893 c677fa05ab174be88a773294a28ab893] 199.204.45.210 "GET /v2.0/networks/f9808161-cadd-48d2-b25b-7519e8b3f10f?fields=segments HTTP/1.1" status: 200 len: 212 time: 0.0666192
2026-05-28 22:56:07.788 9 INFO neutron.wsgi [req-372c6456-84d2-468f-bbe7-0d13fc58e8b0 req-20259c0a-bb60-453f-a0a8-586f09feaeb3 2e97ca90eb3546e1ae99765880d7dfc4 73a0f4f6eb244478b26f178b2d6bc468 - - c677fa05ab174be88a773294a28ab893 c677fa05ab174be88a773294a28ab893] 199.204.45.210 "GET /v2.0/networks/f9808161-cadd-48d2-b25b-7519e8b3f10f?fields=provider%3Aphysical_network&fields=provider%3Anetwork_type HTTP/1.1" status: 200 len: 277 time: 0.0673556
2026-05-28 22:56:07.821 9 INFO neutron.wsgi [req-372c6456-84d2-468f-bbe7-0d13fc58e8b0 req-0057db5b-c474-4808-8ee5-ee13aeb174f4 2e97ca90eb3546e1ae99765880d7dfc4 73a0f4f6eb244478b26f178b2d6bc468 - - c677fa05ab174be88a773294a28ab893 c677fa05ab174be88a773294a28ab893] 199.204.45.210 "GET /v2.0/floatingips?fixed_ip_address=10.1.1.118&port_id=f5741f83-eb76-4017-9551-a21c639f3495 HTTP/1.1" status: 200 len: 217 time: 0.0278988
2026-05-28 22:56:07.841 10 INFO neutron.wsgi [None req-a1e27bed-331d-474f-81ac-573972afd79f b76c453d58874d13b85a7d1b8ac146fa 3ad2daaa386e48638d73cfacb3b5a244 - - default default] 10.0.0.129 "DELETE /v2.0/security-groups/a23556c2-a9f4-4431-ad20-8b550bf477ca HTTP/1.1" status: 204 len: 168 time: 0.2163291
2026-05-28 22:56:07.866 9 INFO neutron.wsgi [req-372c6456-84d2-468f-bbe7-0d13fc58e8b0 req-c0e8899f-69af-4635-9fde-20ba2ae87bbf 2e97ca90eb3546e1ae99765880d7dfc4 73a0f4f6eb244478b26f178b2d6bc468 - - c677fa05ab174be88a773294a28ab893 c677fa05ab174be88a773294a28ab893] 199.204.45.210 "GET /v2.0/subnets?id=e0348f91-9b06-4bf3-bc76-6f1ccbc25f5a HTTP/1.1" status: 200 len: 853 time: 0.0374358
2026-05-28 22:56:07.901 9 INFO neutron.wsgi [req-372c6456-84d2-468f-bbe7-0d13fc58e8b0 req-0b5deb5c-6b77-4aaf-b3f7-821c884d562b 2e97ca90eb3546e1ae99765880d7dfc4 73a0f4f6eb244478b26f178b2d6bc468 - - c677fa05ab174be88a773294a28ab893 c677fa05ab174be88a773294a28ab893] 199.204.45.210 "GET /v2.0/ports?network_id=b2f95d81-90be-4f4a-8306-45a7281a0fc9&device_owner=network%3Adhcp HTTP/1.1" status: 200 len: 210 time: 0.0270519
2026-05-28 22:56:07.977 9 INFO neutron.wsgi [req-372c6456-84d2-468f-bbe7-0d13fc58e8b0 req-61390ecb-939b-40c6-9f80-b0e0259b037b 2e97ca90eb3546e1ae99765880d7dfc4 73a0f4f6eb244478b26f178b2d6bc468 - - c677fa05ab174be88a773294a28ab893 c677fa05ab174be88a773294a28ab893] 199.204.45.210 "GET /v2.0/networks/b2f95d81-90be-4f4a-8306-45a7281a0fc9?fields=segments HTTP/1.1" status: 200 len: 212 time: 0.0684485
2026-05-28 22:56:08.046 9 INFO neutron.wsgi [req-372c6456-84d2-468f-bbe7-0d13fc58e8b0 req-ffdd3776-6bd9-49d7-94bd-5dbc85648d3d 2e97ca90eb3546e1ae99765880d7dfc4 73a0f4f6eb244478b26f178b2d6bc468 - - c677fa05ab174be88a773294a28ab893 c677fa05ab174be88a773294a28ab893] 199.204.45.210 "GET /v2.0/networks/b2f95d81-90be-4f4a-8306-45a7281a0fc9?fields=provider%3Aphysical_network&fields=provider%3Anetwork_type HTTP/1.1" status: 200 len: 277 time: 0.0602427
2026-05-28 22:56:08.077 9 INFO neutron.wsgi [req-372c6456-84d2-468f-bbe7-0d13fc58e8b0 req-0c14ca1e-ed3f-4e62-8e2f-ba789a04dc6c 2e97ca90eb3546e1ae99765880d7dfc4 73a0f4f6eb244478b26f178b2d6bc468 - - c677fa05ab174be88a773294a28ab893 c677fa05ab174be88a773294a28ab893] 199.204.45.210 "GET /v2.0/floatingips?fixed_ip_address=10.2.1.135&port_id=7f3adc7f-3637-4584-b55f-680724cb111b HTTP/1.1" status: 200 len: 217 time: 0.0209491
2026-05-28 22:56:08.107 9 INFO neutron.wsgi [req-372c6456-84d2-468f-bbe7-0d13fc58e8b0 req-77054282-6e67-4312-a185-b368f2dd4669 2e97ca90eb3546e1ae99765880d7dfc4 73a0f4f6eb244478b26f178b2d6bc468 - - c677fa05ab174be88a773294a28ab893 c677fa05ab174be88a773294a28ab893] 199.204.45.210 "GET /v2.0/floatingips?fixed_ip_address=fd7b%3Af9f7%3Afff%3A4eca%3A%3A2c2&port_id=7f3adc7f-3637-4584-b55f-680724cb111b HTTP/1.1" status: 200 len: 217 time: 0.0214133
2026-05-28 22:56:08.149 9 INFO neutron.wsgi [req-372c6456-84d2-468f-bbe7-0d13fc58e8b0 req-f01507b5-6e47-47aa-8fb4-5a38af3153da 2e97ca90eb3546e1ae99765880d7dfc4 73a0f4f6eb244478b26f178b2d6bc468 - - c677fa05ab174be88a773294a28ab893 c677fa05ab174be88a773294a28ab893] 199.204.45.210 "GET /v2.0/subnets?id=8125a0b4-8bab-4b45-a7b6-993a00325245&id=7120b3d1-a816-4b1c-9b11-31d40a1d1964 HTTP/1.1" status: 200 len: 1562 time: 0.0351269
2026-05-28 22:56:08.176 9 INFO neutron.wsgi [req-372c6456-84d2-468f-bbe7-0d13fc58e8b0 req-6b05698e-5231-4cae-be55-c9b63733a578 2e97ca90eb3546e1ae99765880d7dfc4 73a0f4f6eb244478b26f178b2d6bc468 - - c677fa05ab174be88a773294a28ab893 c677fa05ab174be88a773294a28ab893] 199.204.45.210 "GET /v2.0/ports?network_id=0355f61d-107c-4533-9327-5964a0fcbb44&device_owner=network%3Adhcp HTTP/1.1" status: 200 len: 210 time: 0.0204301
2026-05-28 22:56:08.200 9 INFO neutron.wsgi [req-372c6456-84d2-468f-bbe7-0d13fc58e8b0 req-618722b1-d9ca-4edb-9a91-e88fc6a4c8af 2e97ca90eb3546e1ae99765880d7dfc4 73a0f4f6eb244478b26f178b2d6bc468 - - c677fa05ab174be88a773294a28ab893 c677fa05ab174be88a773294a28ab893] 199.204.45.210 "GET /v2.0/ports?network_id=0355f61d-107c-4533-9327-5964a0fcbb44&device_owner=network%3Adhcp HTTP/1.1" status: 200 len: 210 time: 0.0176728
2026-05-28 22:56:08.268 9 INFO neutron.wsgi [req-372c6456-84d2-468f-bbe7-0d13fc58e8b0 req-daec0b0e-b0d5-4c1c-b04c-81505d6661c5 2e97ca90eb3546e1ae99765880d7dfc4 73a0f4f6eb244478b26f178b2d6bc468 - - c677fa05ab174be88a773294a28ab893 c677fa05ab174be88a773294a28ab893] 199.204.45.210 "GET /v2.0/networks/0355f61d-107c-4533-9327-5964a0fcbb44?fields=segments HTTP/1.1" status: 200 len: 212 time: 0.0610816
2026-05-28 22:56:08.333 9 INFO neutron.wsgi [req-372c6456-84d2-468f-bbe7-0d13fc58e8b0 req-6101e542-2a47-4b5f-9ba6-833c16e99e6e 2e97ca90eb3546e1ae99765880d7dfc4 73a0f4f6eb244478b26f178b2d6bc468 - - c677fa05ab174be88a773294a28ab893 c677fa05ab174be88a773294a28ab893] 199.204.45.210 "GET /v2.0/networks/0355f61d-107c-4533-9327-5964a0fcbb44?fields=provider%3Aphysical_network&fields=provider%3Anetwork_type HTTP/1.1" status: 200 len: 277 time: 0.0576990
2026-05-28 22:56:08.426 9 INFO neutron.wsgi [req-7a7d9a8a-66e8-42eb-b716-de5e5f318584 req-6dd52b33-443a-4ebd-83f3-2c9c25313e71 2e97ca90eb3546e1ae99765880d7dfc4 73a0f4f6eb244478b26f178b2d6bc468 - - c677fa05ab174be88a773294a28ab893 c677fa05ab174be88a773294a28ab893] 199.204.45.210 "GET /v2.0/ports?tenant_id=3ad2daaa386e48638d73cfacb3b5a244&device_id=e797ea47-c130-4e9b-8d31-ea49acd1b07f HTTP/1.1" status: 200 len: 4148 time: 0.0513885
2026-05-28 22:56:08.512 9 INFO neutron.wsgi [req-7a7d9a8a-66e8-42eb-b716-de5e5f318584 req-63f0d9d2-a2aa-42fe-b062-de1094f30f56 2e97ca90eb3546e1ae99765880d7dfc4 73a0f4f6eb244478b26f178b2d6bc468 - - c677fa05ab174be88a773294a28ab893 c677fa05ab174be88a773294a28ab893] 199.204.45.210 "GET /v2.0/networks?id=0355f61d-107c-4533-9327-5964a0fcbb44 HTTP/1.1" status: 200 len: 1002 time: 0.0788007
2026-05-28 22:56:08.634 10 INFO neutron.wsgi [req-372c6456-84d2-468f-bbe7-0d13fc58e8b0 req-38a2af5c-c88b-40ae-a288-47e2e47b9de5 b76c453d58874d13b85a7d1b8ac146fa 3ad2daaa386e48638d73cfacb3b5a244 - - default default] 10.0.0.25 "GET /v2.0/ports/7f3adc7f-3637-4584-b55f-680724cb111b HTTP/1.1" status: 200 len: 1633 time: 0.0325472
2026-05-28 22:56:08.800 9 INFO neutron.wsgi [req-7a7d9a8a-66e8-42eb-b716-de5e5f318584 req-1fe7efe0-4e43-4df1-ad3b-45ccafe69cc5 2e97ca90eb3546e1ae99765880d7dfc4 73a0f4f6eb244478b26f178b2d6bc468 - - c677fa05ab174be88a773294a28ab893 c677fa05ab174be88a773294a28ab893] 199.204.45.210 "GET /v2.0/floatingips?fixed_ip_address=10.2.1.135&port_id=7f3adc7f-3637-4584-b55f-680724cb111b HTTP/1.1" status: 200 len: 217 time: 0.2821724
2026-05-28 22:56:08.831 9 INFO neutron.wsgi [req-7a7d9a8a-66e8-42eb-b716-de5e5f318584 req-77851e1e-7f57-4dc8-a89e-c1874f0cee01 2e97ca90eb3546e1ae99765880d7dfc4 73a0f4f6eb244478b26f178b2d6bc468 - - c677fa05ab174be88a773294a28ab893 c677fa05ab174be88a773294a28ab893] 199.204.45.210 "GET /v2.0/floatingips?fixed_ip_address=fd7b%3Af9f7%3Afff%3A4eca%3A%3A2c2&port_id=7f3adc7f-3637-4584-b55f-680724cb111b HTTP/1.1" status: 200 len: 217 time: 0.0228581
2026-05-28 22:56:08.842 9 INFO neutron.wsgi [None req-97c723d9-5d66-498a-8118-0581712a552e b76c453d58874d13b85a7d1b8ac146fa 3ad2daaa386e48638d73cfacb3b5a244 - - default default] 199.204.45.210 "GET /v2.0/ports/7f3adc7f-3637-4584-b55f-680724cb111b HTTP/1.1" status: 200 len: 1633 time: 0.0479949
2026-05-28 22:56:08.881 9 INFO neutron.wsgi [req-7a7d9a8a-66e8-42eb-b716-de5e5f318584 req-86dc35b1-eda7-4a98-ab8b-8c1741255658 2e97ca90eb3546e1ae99765880d7dfc4 73a0f4f6eb244478b26f178b2d6bc468 - - c677fa05ab174be88a773294a28ab893 c677fa05ab174be88a773294a28ab893] 199.204.45.210 "GET /v2.0/subnets?id=8125a0b4-8bab-4b45-a7b6-993a00325245&id=7120b3d1-a816-4b1c-9b11-31d40a1d1964 HTTP/1.1" status: 200 len: 1562 time: 0.0430472
2026-05-28 22:56:08.885 9 INFO neutron.wsgi [None req-f0e271cc-3c62-4627-8872-7284815b1b38 b76c453d58874d13b85a7d1b8ac146fa 3ad2daaa386e48638d73cfacb3b5a244 - - default default] 199.204.45.210 "GET /v2.0/ports/7f3adc7f-3637-4584-b55f-680724cb111b HTTP/1.1" status: 200 len: 1633 time: 0.0362563
2026-05-28 22:56:08.909 9 INFO neutron.wsgi [req-7a7d9a8a-66e8-42eb-b716-de5e5f318584 req-556453b0-2d37-4770-ae82-c7681c994a70 2e97ca90eb3546e1ae99765880d7dfc4 73a0f4f6eb244478b26f178b2d6bc468 - - c677fa05ab174be88a773294a28ab893 c677fa05ab174be88a773294a28ab893] 199.204.45.210 "GET /v2.0/ports?network_id=0355f61d-107c-4533-9327-5964a0fcbb44&device_owner=network%3Adhcp HTTP/1.1" status: 200 len: 210 time: 0.0226119
2026-05-28 22:56:08.944 9 INFO neutron.wsgi [req-7a7d9a8a-66e8-42eb-b716-de5e5f318584 req-b913488a-54b7-44f4-aa90-853af7ab2b9a 2e97ca90eb3546e1ae99765880d7dfc4 73a0f4f6eb244478b26f178b2d6bc468 - - c677fa05ab174be88a773294a28ab893 c677fa05ab174be88a773294a28ab893] 199.204.45.210 "GET /v2.0/ports?network_id=0355f61d-107c-4533-9327-5964a0fcbb44&device_owner=network%3Adhcp HTTP/1.1" status: 200 len: 210 time: 0.0256734
2026-05-28 22:56:09.015 9 INFO neutron.wsgi [req-7a7d9a8a-66e8-42eb-b716-de5e5f318584 req-3db372c5-fdfd-46b3-a10a-bbf126ed637c 2e97ca90eb3546e1ae99765880d7dfc4 73a0f4f6eb244478b26f178b2d6bc468 - - c677fa05ab174be88a773294a28ab893 c677fa05ab174be88a773294a28ab893] 199.204.45.210 "GET /v2.0/networks/0355f61d-107c-4533-9327-5964a0fcbb44?fields=segments HTTP/1.1" status: 200 len: 212 time: 0.0652339
2026-05-28 22:56:09.104 9 INFO neutron.wsgi [req-7a7d9a8a-66e8-42eb-b716-de5e5f318584 req-9027cfc5-66fd-4550-b597-03bce109593b 2e97ca90eb3546e1ae99765880d7dfc4 73a0f4f6eb244478b26f178b2d6bc468 - - c677fa05ab174be88a773294a28ab893 c677fa05ab174be88a773294a28ab893] 199.204.45.210 "GET /v2.0/networks/0355f61d-107c-4533-9327-5964a0fcbb44?fields=provider%3Aphysical_network&fields=provider%3Anetwork_type HTTP/1.1" status: 200 len: 277 time: 0.0822852
2026-05-28 22:56:09.396 9 INFO neutron.db.ovn_revision_numbers_db [None req-9b8dd4de-d974-4259-91a6-e29b6d3f1ad0 b76c453d58874d13b85a7d1b8ac146fa 3ad2daaa386e48638d73cfacb3b5a244 - - default default] Successfully bumped revision number for resource 7f3adc7f-3637-4584-b55f-680724cb111b (type: ports) to 4
2026-05-28 22:56:09.414 9 INFO neutron.wsgi [None req-9b8dd4de-d974-4259-91a6-e29b6d3f1ad0 b76c453d58874d13b85a7d1b8ac146fa 3ad2daaa386e48638d73cfacb3b5a244 - - default default] 199.204.45.210 "PUT /v2.0/ports/7f3adc7f-3637-4584-b55f-680724cb111b HTTP/1.1" status: 200 len: 1376 time: 0.5193658 /var/lib/openstack/lib/python3.10/site-packages/pycadf/identifier.py:71: UserWarning: Invalid uuid: neutron. To ensure interoperability, identifiers should be a valid uuid. warnings.warn(('Invalid uuid: %s. To ensure interoperability, '
2026-05-28 22:56:09.497 9 INFO neutron.wsgi [None req-02262bc5-fa44-4fea-9d55-b4b1cebee3a1 b76c453d58874d13b85a7d1b8ac146fa 3ad2daaa386e48638d73cfacb3b5a244 - - default default] 199.204.45.210 "GET /v2.0/networks/0355f61d-107c-4533-9327-5964a0fcbb44 HTTP/1.1" status: 200 len: 999 time: 0.0743823
2026-05-28 22:56:09.550 9 INFO neutron.wsgi [None req-3adb9808-db39-4b07-ba8c-c785b7a2e1ee b76c453d58874d13b85a7d1b8ac146fa 3ad2daaa386e48638d73cfacb3b5a244 - - default default] 199.204.45.210 "GET /v2.0/subnets/7120b3d1-a816-4b1c-9b11-31d40a1d1964 HTTP/1.1" status: 200 len: 848 time: 0.0452018
2026-05-28 22:56:09.551 9 INFO neutron.notifiers.nova [-] Nova event matching ['req-231fe4d8-1c0c-47c1-91f2-36064bb3c5db'] response: {'name': 'network-changed', 'server_uuid': 'e797ea47-c130-4e9b-8d31-ea49acd1b07f', 'tag': '7f3adc7f-3637-4584-b55f-680724cb111b', 'status': 'completed', 'code': 200}
2026-05-28 22:56:09.623 9 INFO neutron.wsgi [req-035a7c8d-8654-4bde-8377-084c1f966316 req-ce3afbbe-391b-458e-8781-da6618e01d89 2e97ca90eb3546e1ae99765880d7dfc4 73a0f4f6eb244478b26f178b2d6bc468 - - c677fa05ab174be88a773294a28ab893 c677fa05ab174be88a773294a28ab893] 199.204.45.210 "GET /v2.0/ports?tenant_id=3ad2daaa386e48638d73cfacb3b5a244&device_id=e797ea47-c130-4e9b-8d31-ea49acd1b07f HTTP/1.1" status: 200 len: 3919 time: 0.0524733
2026-05-28 22:56:09.657 9 INFO neutron.wsgi [None req-cb4e7a8b-ab42-43fe-aa5d-0cad7ff7e51f b76c453d58874d13b85a7d1b8ac146fa 3ad2daaa386e48638d73cfacb3b5a244 - - default default] 199.204.45.210 "GET /v2.0/extensions/security-group HTTP/1.1" status: 200 len: 369 time: 0.0049086
2026-05-28 22:56:09.671 9 INFO neutron.wsgi [None req-c0a58acf-9cdc-40e6-8550-e43066ff9e18 b76c453d58874d13b85a7d1b8ac146fa 3ad2daaa386e48638d73cfacb3b5a244 - - default default] 199.204.45.210 "GET /v2.0/extensions/dns-integration HTTP/1.1" status: 200 len: 371 time: 0.0044875
2026-05-28 22:56:09.679 9 INFO neutron.wsgi [None req-4f801e94-3971-449e-a306-8e5fe3d15679 b76c453d58874d13b85a7d1b8ac146fa 3ad2daaa386e48638d73cfacb3b5a244 - - default default] 199.204.45.210 "GET /v2.0/extensions/qos HTTP/1.1" status: 200 len: 365 time: 0.0039911
2026-05-28 22:56:09.688 9 INFO neutron.wsgi [None req-442a9dbe-4ff7-4f92-9df1-7ed8e79d50a2 b76c453d58874d13b85a7d1b8ac146fa 3ad2daaa386e48638d73cfacb3b5a244 - - default default] 199.204.45.210 "GET /v2.0/extensions/allowed-address-pairs HTTP/1.1" status: 200 len: 383 time: 0.0039787
2026-05-28 22:56:09.705 9 INFO neutron.wsgi [req-035a7c8d-8654-4bde-8377-084c1f966316 req-7f986c52-fee5-4bdb-beee-84bc4c7a24c5 2e97ca90eb3546e1ae99765880d7dfc4 73a0f4f6eb244478b26f178b2d6bc468 - - c677fa05ab174be88a773294a28ab893 c677fa05ab174be88a773294a28ab893] 199.204.45.210 "GET /v2.0/networks?id=0355f61d-107c-4533-9327-5964a0fcbb44 HTTP/1.1" status: 200 len: 1002 time: 0.0757494
2026-05-28 22:56:09.733 9 WARNING neutron_lib.context [None req-3cd7fc2f-5ba4-4b48-a254-bf5ec39b208b 835773fe4e9e4a1faa0886ec5dd03621 b48df4df0a804f20b10db3627c7966b0 - - default default] Method 'is_advsvc' is deprecated since 2023.2 release (neutron-lib 3.8.0) and will be removed once support for the old RBAC API policies will be removed from Neutron. Please use method 'is_service_role' instead.
2026-05-28 22:56:09.738 9 INFO neutron.wsgi [req-035a7c8d-8654-4bde-8377-084c1f966316 req-29d85b15-d545-43ce-a115-eab6d3e47767 2e97ca90eb3546e1ae99765880d7dfc4 73a0f4f6eb244478b26f178b2d6bc468 - - c677fa05ab174be88a773294a28ab893 c677fa05ab174be88a773294a28ab893] 199.204.45.210 "GET /v2.0/floatingips?fixed_ip_address=10.2.1.135&port_id=7f3adc7f-3637-4584-b55f-680724cb111b HTTP/1.1" status: 200 len: 217 time: 0.0257514
2026-05-28 22:56:09.747 9 INFO neutron.wsgi [None req-5c0831be-563e-408e-b7a6-24d1b3f3bedd b76c453d58874d13b85a7d1b8ac146fa 3ad2daaa386e48638d73cfacb3b5a244 - - default default] 199.204.45.210 "GET /v2.0/subnets/e0348f91-9b06-4bf3-bc76-6f1ccbc25f5a HTTP/1.1" status: 200 len: 850 time: 0.0525956
2026-05-28 22:56:09.793 9 INFO neutron.wsgi [req-035a7c8d-8654-4bde-8377-084c1f966316 req-4073ccc8-5e43-4e6e-86db-0104d01b8341 2e97ca90eb3546e1ae99765880d7dfc4 73a0f4f6eb244478b26f178b2d6bc468 - - c677fa05ab174be88a773294a28ab893 c677fa05ab174be88a773294a28ab893] 199.204.45.210 "GET /v2.0/subnets?id=7120b3d1-a816-4b1c-9b11-31d40a1d1964 HTTP/1.1" status: 200 len: 851 time: 0.0511775
2026-05-28 22:56:09.805 9 INFO neutron.wsgi [None req-304b9645-ee10-44b4-96d5-af52f2fee456 b76c453d58874d13b85a7d1b8ac146fa 3ad2daaa386e48638d73cfacb3b5a244 - - default default] 199.204.45.210 "GET /v2.0/ports/4f428f7a-fdc9-44cd-acb2-bdda0f63479f HTTP/1.1" status: 200 len: 1336 time: 0.0423088
2026-05-28 22:56:09.829 9 INFO neutron.wsgi [req-035a7c8d-8654-4bde-8377-084c1f966316 req-7b9812d0-919c-4733-8b1f-60d9bd88c2be 2e97ca90eb3546e1ae99765880d7dfc4 73a0f4f6eb244478b26f178b2d6bc468 - - c677fa05ab174be88a773294a28ab893 c677fa05ab174be88a773294a28ab893] 199.204.45.210 "GET /v2.0/ports?network_id=0355f61d-107c-4533-9327-5964a0fcbb44&device_owner=network%3Adhcp HTTP/1.1" status: 200 len: 210 time: 0.0292039
2026-05-28 22:56:09.880 9 INFO neutron.wsgi [None req-0b3c590d-bd4b-4444-8153-1d55fadfdea5 b76c453d58874d13b85a7d1b8ac146fa 3ad2daaa386e48638d73cfacb3b5a244 - - default default] 199.204.45.210 "GET /v2.0/ports/f5741f83-eb76-4017-9551-a21c639f3495 HTTP/1.1" status: 200 len: 1518 time: 0.0589464
