2026-05-28 22:56:19.133 10 INFO neutron.services.segments.plugin [-] Segment 79ca7be5-0a06-43b7-909f-462ef9ffe094 resource provider aggregate not found
2026-05-28 22:56:19.146 10 INFO neutron.services.segments.plugin [-] Segment 79ca7be5-0a06-43b7-909f-462ef9ffe094 resource provider not found; error: Placement Client Error (4xx): {"errors": [{"status": 404, "title": "Not Found", "detail": "The resource could not be found.\n\n No resource provider with uuid 79ca7be5-0a06-43b7-909f-462ef9ffe094 found for delete ", "request_id": "req-e3e0bb81-f718-4f68-9339-da083dd7a583"}]}
2026-05-28 22:56:19.151 10 INFO neutron.services.segments.plugin [-] Segment 79ca7be5-0a06-43b7-909f-462ef9ffe094 resource provider not found; error: Placement Client Error (4xx): {"errors": [{"status": 404, "title": "Not Found", "detail": "The resource could not be found.\n\n No resource provider with uuid 79ca7be5-0a06-43b7-909f-462ef9ffe094 found for delete ", "request_id": "req-23e110a2-4147-4813-9dad-4d28a6e7ec4d"}]}
2026-05-28 22:56:19.167 10 INFO neutron.wsgi [None req-ec8c5fb3-d01e-4e74-bbea-4506239ddb1d 835773fe4e9e4a1faa0886ec5dd03621 b48df4df0a804f20b10db3627c7966b0 - - default default] 10.0.0.129 "DELETE /v2.0/networks/70073059-1e02-40dc-932d-7246bc2b1acd HTTP/1.1" status: 204 len: 168 time: 0.3715992
2026-05-28 22:56:19.184 9 INFO neutron.wsgi [req-d1031fab-a9ef-42a5-9e0b-65ef3782a85c req-f2d71b7c-4aa5-4ba5-8036-57105e7a86a6 b76c453d58874d13b85a7d1b8ac146fa 3ad2daaa386e48638d73cfacb3b5a244 - - default default] 10.0.0.25 "GET /v2.0/ports/26c250b3-ac14-43d4-a90e-38e75778f8bf HTTP/1.1" status: 200 len: 1633 time: 0.0527303
2026-05-28 22:56:19.188 9 INFO neutron.wsgi [req-76d7395b-f181-4574-a3fb-b7c52c270417 req-07130d8b-e489-41dd-bfd3-abcf3d05f249 2e97ca90eb3546e1ae99765880d7dfc4 73a0f4f6eb244478b26f178b2d6bc468 - - c677fa05ab174be88a773294a28ab893 c677fa05ab174be88a773294a28ab893] 199.204.45.210 "GET /v2.0/subnets?id=67cd1f72-3385-4519-86b2-a4481647cf10&id=4e2c3dc1-7541-4430-993b-e62d22dfcd0e HTTP/1.1" status: 200 len: 1567 time: 0.0581515
2026-05-28 22:56:19.216 9 INFO neutron.wsgi [req-76d7395b-f181-4574-a3fb-b7c52c270417 req-a577bfde-0c39-48aa-b10e-09b283e72955 2e97ca90eb3546e1ae99765880d7dfc4 73a0f4f6eb244478b26f178b2d6bc468 - - c677fa05ab174be88a773294a28ab893 c677fa05ab174be88a773294a28ab893] 199.204.45.210 "GET /v2.0/ports?network_id=6ae0b5e9-2629-4081-a86c-94665266f7ec&device_owner=network%3Adhcp HTTP/1.1" status: 200 len: 210 time: 0.0223358
2026-05-28 22:56:19.245 9 INFO neutron.wsgi [req-76d7395b-f181-4574-a3fb-b7c52c270417 req-11d3848e-84d6-4cb1-ba3a-64a95677986c 2e97ca90eb3546e1ae99765880d7dfc4 73a0f4f6eb244478b26f178b2d6bc468 - - c677fa05ab174be88a773294a28ab893 c677fa05ab174be88a773294a28ab893] 199.204.45.210 "GET /v2.0/ports?network_id=6ae0b5e9-2629-4081-a86c-94665266f7ec&device_owner=network%3Adhcp HTTP/1.1" status: 200 len: 210 time: 0.0183775
2026-05-28 22:56:19.253 9 INFO neutron.wsgi [None req-96cca2f6-0ed8-41ba-97cb-c32158eca409 b76c453d58874d13b85a7d1b8ac146fa 3ad2daaa386e48638d73cfacb3b5a244 - - default default] 199.204.45.210 "GET /v2.0/ports/26c250b3-ac14-43d4-a90e-38e75778f8bf HTTP/1.1" status: 200 len: 1633 time: 0.0521636
2026-05-28 22:56:19.304 9 INFO neutron.wsgi [None req-4ada905b-a318-4c94-8a5d-54caf3662322 b76c453d58874d13b85a7d1b8ac146fa 3ad2daaa386e48638d73cfacb3b5a244 - - default default] 199.204.45.210 "GET /v2.0/ports/26c250b3-ac14-43d4-a90e-38e75778f8bf HTTP/1.1" status: 200 len: 1633 time: 0.0425754
2026-05-28 22:56:19.334 9 INFO neutron.wsgi [req-76d7395b-f181-4574-a3fb-b7c52c270417 req-6585e77d-3224-49d3-a4c6-1ba6e4f8c830 2e97ca90eb3546e1ae99765880d7dfc4 73a0f4f6eb244478b26f178b2d6bc468 - - c677fa05ab174be88a773294a28ab893 c677fa05ab174be88a773294a28ab893] 199.204.45.210 "GET /v2.0/networks/6ae0b5e9-2629-4081-a86c-94665266f7ec?fields=segments HTTP/1.1" status: 200 len: 212 time: 0.0804431
2026-05-28 22:56:19.343 10 WARNING neutron.plugins.ml2.drivers.ovn.mech_driver.ovsdb.ovn_client [None req-97ab8ac3-bf11-4efe-8f10-3e367a5a18a6 - - - - - -] No port found with ID e30d6942-3841-49d8-a7fb-e75cbfc9b636: RuntimeError: No port found with ID e30d6942-3841-49d8-a7fb-e75cbfc9b636
2026-05-28 22:56:19.343 10 INFO neutron.plugins.ml2.drivers.ovn.mech_driver.mech_driver [None req-97ab8ac3-bf11-4efe-8f10-3e367a5a18a6 - - - - - -] OVN reports status up for port: 26c250b3-ac14-43d4-a90e-38e75778f8bf
2026-05-28 22:56:19.363 10 INFO neutron.plugins.ml2.plugin [None req-97ab8ac3-bf11-4efe-8f10-3e367a5a18a6 - - - - - -] Attempt 1 to provision port 26c250b3-ac14-43d4-a90e-38e75778f8bf
2026-05-28 22:56:19.440 9 INFO neutron.wsgi [req-76d7395b-f181-4574-a3fb-b7c52c270417 req-14f6b048-628e-4af1-bc1d-989af4ebe846 2e97ca90eb3546e1ae99765880d7dfc4 73a0f4f6eb244478b26f178b2d6bc468 - - c677fa05ab174be88a773294a28ab893 c677fa05ab174be88a773294a28ab893] 199.204.45.210 "GET /v2.0/networks/6ae0b5e9-2629-4081-a86c-94665266f7ec?fields=provider%3Aphysical_network&fields=provider%3Anetwork_type HTTP/1.1" status: 200 len: 277 time: 0.0929356
2026-05-28 22:56:19.492 10 INFO neutron.notifiers.nova [-] Nova event matching ['req-48fd3131-0673-4cf1-a7b2-e5fe37fb7b48'] response: {'server_uuid': 'e797ea47-c130-4e9b-8d31-ea49acd1b07f', 'name': 'network-vif-plugged', 'status': 'completed', 'tag': '26c250b3-ac14-43d4-a90e-38e75778f8bf', 'code': 200}
2026-05-28 22:56:19.625 10 INFO neutron.wsgi [None req-298479af-e252-4d5d-8eeb-38fe04941e86 835773fe4e9e4a1faa0886ec5dd03621 b48df4df0a804f20b10db3627c7966b0 - - default default] 10.0.0.129 "DELETE /v2.0/networks/35c2b0b9-4d89-4174-b3a8-dfc7018caf4e HTTP/1.1" status: 204 len: 168 time: 0.4507821
2026-05-28 22:56:19.638 10 WARNING neutron_lib.context [None req-e3ce2a3a-aa91-4450-8531-78aaf25740c7 835773fe4e9e4a1faa0886ec5dd03621 b48df4df0a804f20b10db3627c7966b0 - - default default] Method 'is_advsvc' is deprecated since 2023.2 release (neutron-lib 3.8.0) and will be removed once support for the old RBAC API policies will be removed from Neutron. Please use method 'is_service_role' instead.
2026-05-28 22:56:19.692 10 INFO neutron.db.ovn_revision_numbers_db [None req-97ab8ac3-bf11-4efe-8f10-3e367a5a18a6 - - - - - -] Successfully bumped revision number for resource 26c250b3-ac14-43d4-a90e-38e75778f8bf (type: ports) to 4
2026-05-28 22:56:19.731 10 INFO neutron.db.segments_db [None req-e3ce2a3a-aa91-4450-8531-78aaf25740c7 835773fe4e9e4a1faa0886ec5dd03621 b48df4df0a804f20b10db3627c7966b0 - - default default] Added segment 8752dd96-3c86-4fb2-9686-8a1cf26c1ca6 of type geneve for network 0725e8c5-eba7-455c-a528-99cf68e59a85
2026-05-28 22:56:19.775 9 INFO neutron.db.ovn_revision_numbers_db [None req-349b1175-a29b-4011-82a1-2ebcd9f97382 b76c453d58874d13b85a7d1b8ac146fa 3ad2daaa386e48638d73cfacb3b5a244 - - default default] Successfully bumped revision number for resource 26c250b3-ac14-43d4-a90e-38e75778f8bf (type: ports) to 5
2026-05-28 22:56:19.789 9 INFO neutron.wsgi [None req-349b1175-a29b-4011-82a1-2ebcd9f97382 b76c453d58874d13b85a7d1b8ac146fa 3ad2daaa386e48638d73cfacb3b5a244 - - default default] 199.204.45.210 "PUT /v2.0/ports/26c250b3-ac14-43d4-a90e-38e75778f8bf HTTP/1.1" status: 200 len: 1372 time: 0.4761007 /var/lib/openstack/lib/python3.10/site-packages/pycadf/identifier.py:71: UserWarning: Invalid uuid: neutron. To ensure interoperability, identifiers should be a valid uuid. warnings.warn(('Invalid uuid: %s. To ensure interoperability, '
2026-05-28 22:56:19.831 9 INFO neutron.notifiers.nova [-] Nova event matching ['req-342aac16-23b3-4676-8813-5d14df0ab5f7'] response: {'name': 'network-changed', 'server_uuid': 'e797ea47-c130-4e9b-8d31-ea49acd1b07f', 'tag': '26c250b3-ac14-43d4-a90e-38e75778f8bf', 'status': 'completed', 'code': 200}
2026-05-28 22:56:19.868 9 INFO neutron.wsgi [None req-925f87ba-9707-463c-bd62-ec47c57df913 b76c453d58874d13b85a7d1b8ac146fa 3ad2daaa386e48638d73cfacb3b5a244 - - default default] 199.204.45.210 "GET /v2.0/networks/6ae0b5e9-2629-4081-a86c-94665266f7ec HTTP/1.1" status: 200 len: 1000 time: 0.0696468
2026-05-28 22:56:19.903 10 INFO neutron.db.ovn_revision_numbers_db [None req-e3ce2a3a-aa91-4450-8531-78aaf25740c7 835773fe4e9e4a1faa0886ec5dd03621 b48df4df0a804f20b10db3627c7966b0 - - default default] Successfully bumped revision number for resource 0725e8c5-eba7-455c-a528-99cf68e59a85 (type: networks) to 1
2026-05-28 22:56:19.909 9 INFO neutron.wsgi [req-b3dcd82c-e4fd-43e4-ad2f-e6ed1af57cb9 req-975222fe-49e1-4b9f-914a-e23f004d9ed1 2e97ca90eb3546e1ae99765880d7dfc4 73a0f4f6eb244478b26f178b2d6bc468 - - c677fa05ab174be88a773294a28ab893 c677fa05ab174be88a773294a28ab893] 199.204.45.210 "GET /v2.0/ports?tenant_id=3ad2daaa386e48638d73cfacb3b5a244&device_id=e797ea47-c130-4e9b-8d31-ea49acd1b07f HTTP/1.1" status: 200 len: 5115 time: 0.0552359
2026-05-28 22:56:19.916 9 INFO neutron.wsgi [None req-edcb2bf4-56a0-4545-bde4-69cafdc9de8f b76c453d58874d13b85a7d1b8ac146fa 3ad2daaa386e48638d73cfacb3b5a244 - - default default] 199.204.45.210 "GET /v2.0/subnets/4e2c3dc1-7541-4430-993b-e62d22dfcd0e HTTP/1.1" status: 200 len: 849 time: 0.0407341
2026-05-28 22:56:19.970 9 INFO neutron.wsgi [req-b3dcd82c-e4fd-43e4-ad2f-e6ed1af57cb9 req-178b1ced-6620-4851-8125-4ae297cd53cf 2e97ca90eb3546e1ae99765880d7dfc4 73a0f4f6eb244478b26f178b2d6bc468 - - c677fa05ab174be88a773294a28ab893 c677fa05ab174be88a773294a28ab893] 199.204.45.210 "GET /v2.0/networks?id=6ae0b5e9-2629-4081-a86c-94665266f7ec HTTP/1.1" status: 200 len: 1003 time: 0.0529499
2026-05-28 22:56:20.003 9 INFO neutron.wsgi [req-b3dcd82c-e4fd-43e4-ad2f-e6ed1af57cb9 req-7dbf751c-7302-40bb-894a-d94432c7f470 2e97ca90eb3546e1ae99765880d7dfc4 73a0f4f6eb244478b26f178b2d6bc468 - - c677fa05ab174be88a773294a28ab893 c677fa05ab174be88a773294a28ab893] 199.204.45.210 "GET /v2.0/floatingips?fixed_ip_address=10.2.2.36&port_id=26c250b3-ac14-43d4-a90e-38e75778f8bf HTTP/1.1" status: 200 len: 217 time: 0.0280559
2026-05-28 22:56:20.022 9 INFO neutron.wsgi [None req-3af34f80-794b-4d2f-9e67-3531647fd592 b76c453d58874d13b85a7d1b8ac146fa 3ad2daaa386e48638d73cfacb3b5a244 - - default default] 199.204.45.210 "GET /v2.0/extensions/security-group HTTP/1.1" status: 200 len: 369 time: 0.0052452
2026-05-28 22:56:20.035 9 INFO neutron.wsgi [None req-3c1a8246-52fa-49e1-913a-7ea0334a6f00 b76c453d58874d13b85a7d1b8ac146fa 3ad2daaa386e48638d73cfacb3b5a244 - - default default] 199.204.45.210 "GET /v2.0/extensions/dns-integration HTTP/1.1" status: 200 len: 371 time: 0.0056877
2026-05-28 22:56:20.042 9 INFO neutron.wsgi [None req-2b140ff9-adc3-4ab3-a0fe-7fb1a3b16438 b76c453d58874d13b85a7d1b8ac146fa 3ad2daaa386e48638d73cfacb3b5a244 - - default default] 199.204.45.210 "GET /v2.0/extensions/qos HTTP/1.1" status: 200 len: 365 time: 0.0044696
2026-05-28 22:56:20.052 9 INFO neutron.wsgi [None req-a15b03ef-dff8-40d7-a9ef-013616383584 b76c453d58874d13b85a7d1b8ac146fa 3ad2daaa386e48638d73cfacb3b5a244 - - default default] 199.204.45.210 "GET /v2.0/extensions/allowed-address-pairs HTTP/1.1" status: 200 len: 383 time: 0.0043917
2026-05-28 22:56:20.058 9 INFO neutron.wsgi [req-b3dcd82c-e4fd-43e4-ad2f-e6ed1af57cb9 req-57f10c92-f5d2-4ee9-b633-7387e0c8f68b 2e97ca90eb3546e1ae99765880d7dfc4 73a0f4f6eb244478b26f178b2d6bc468 - - c677fa05ab174be88a773294a28ab893 c677fa05ab174be88a773294a28ab893] 199.204.45.210 "GET /v2.0/subnets?id=4e2c3dc1-7541-4430-993b-e62d22dfcd0e HTTP/1.1" status: 200 len: 852 time: 0.0497329
2026-05-28 22:56:20.083 10 WARNING neutron.scheduler.dhcp_agent_scheduler [None req-e3ce2a3a-aa91-4450-8531-78aaf25740c7 835773fe4e9e4a1faa0886ec5dd03621 b48df4df0a804f20b10db3627c7966b0 - - default default] No more DHCP agents
2026-05-28 22:56:20.086 10 WARNING neutron.api.rpc.agentnotifiers.dhcp_rpc_agent_api [None req-e3ce2a3a-aa91-4450-8531-78aaf25740c7 835773fe4e9e4a1faa0886ec5dd03621 b48df4df0a804f20b10db3627c7966b0 - - default default] Unable to schedule network 0725e8c5-eba7-455c-a528-99cf68e59a85: no agents available; will retry on subsequent port and subnet creation events.
2026-05-28 22:56:20.096 9 INFO neutron.wsgi [req-b3dcd82c-e4fd-43e4-ad2f-e6ed1af57cb9 req-21bf5663-2596-4ccd-b637-2316b6802684 2e97ca90eb3546e1ae99765880d7dfc4 73a0f4f6eb244478b26f178b2d6bc468 - - c677fa05ab174be88a773294a28ab893 c677fa05ab174be88a773294a28ab893] 199.204.45.210 "GET /v2.0/ports?network_id=6ae0b5e9-2629-4081-a86c-94665266f7ec&device_owner=network%3Adhcp HTTP/1.1" status: 200 len: 210 time: 0.0306919
2026-05-28 22:56:20.121 9 INFO neutron.wsgi [None req-6dfd5b59-e581-414a-8e3c-b2bda644035e b76c453d58874d13b85a7d1b8ac146fa 3ad2daaa386e48638d73cfacb3b5a244 - - default default] 199.204.45.210 "GET /v2.0/subnets/e0348f91-9b06-4bf3-bc76-6f1ccbc25f5a HTTP/1.1" status: 200 len: 850 time: 0.0624492
2026-05-28 22:56:20.180 10 INFO neutron.db.ovn_revision_numbers_db [None req-e3ce2a3a-aa91-4450-8531-78aaf25740c7 835773fe4e9e4a1faa0886ec5dd03621 b48df4df0a804f20b10db3627c7966b0 - - default default] Successfully bumped revision number for resource 47e9b5dc-28af-4f7e-bebc-e9c162bd3439 (type: ports) to 1
2026-05-28 22:56:20.184 9 INFO neutron.wsgi [None req-5215b1f8-66d9-45e4-ad5f-63d8ff0b10aa b76c453d58874d13b85a7d1b8ac146fa 3ad2daaa386e48638d73cfacb3b5a244 - - default default] 199.204.45.210 "GET /v2.0/ports/4f428f7a-fdc9-44cd-acb2-bdda0f63479f HTTP/1.1" status: 200 len: 1336 time: 0.0541420
2026-05-28 22:56:20.203 10 INFO neutron.wsgi [None req-e3ce2a3a-aa91-4450-8531-78aaf25740c7 835773fe4e9e4a1faa0886ec5dd03621 b48df4df0a804f20b10db3627c7966b0 - - default default] 10.0.0.129 "POST /v2.0/networks HTTP/1.1" status: 201 len: 828 time: 0.5700338 /var/lib/openstack/lib/python3.10/site-packages/pycadf/identifier.py:71: UserWarning: Invalid uuid: neutron. To ensure interoperability, identifiers should be a valid uuid. warnings.warn(('Invalid uuid: %s. To ensure interoperability, '
2026-05-28 22:56:20.215 10 WARNING neutron_lib.context [None req-fbc91ce2-e5ca-4947-96db-c072143701ee 835773fe4e9e4a1faa0886ec5dd03621 b48df4df0a804f20b10db3627c7966b0 - - default default] Method 'is_advsvc' is deprecated since 2023.2 release (neutron-lib 3.8.0) and will be removed once support for the old RBAC API policies will be removed from Neutron. Please use method 'is_service_role' instead.
2026-05-28 22:56:20.216 9 INFO neutron.wsgi [req-b3dcd82c-e4fd-43e4-ad2f-e6ed1af57cb9 req-781fbcf7-338a-4232-8875-91087e40af95 2e97ca90eb3546e1ae99765880d7dfc4 73a0f4f6eb244478b26f178b2d6bc468 - - c677fa05ab174be88a773294a28ab893 c677fa05ab174be88a773294a28ab893] 199.204.45.210 "GET /v2.0/networks/6ae0b5e9-2629-4081-a86c-94665266f7ec?fields=segments HTTP/1.1" status: 200 len: 212 time: 0.1136386
2026-05-28 22:56:20.247 9 INFO neutron.wsgi [None req-7e9aa6c7-b7da-4a97-b7a4-01f95e9e076f b76c453d58874d13b85a7d1b8ac146fa 3ad2daaa386e48638d73cfacb3b5a244 - - default default] 199.204.45.210 "GET /v2.0/ports/f5741f83-eb76-4017-9551-a21c639f3495 HTTP/1.1" status: 200 len: 1518 time: 0.0568645
2026-05-28 22:56:20.303 9 INFO neutron.wsgi [None req-b5e55ded-12fe-4ae5-acd9-d39077367e32 b76c453d58874d13b85a7d1b8ac146fa 3ad2daaa386e48638d73cfacb3b5a244 - - default default] 199.204.45.210 "GET /v2.0/subnets/e0348f91-9b06-4bf3-bc76-6f1ccbc25f5a HTTP/1.1" status: 200 len: 850 time: 0.0388875
2026-05-28 22:56:20.315 9 INFO neutron.wsgi [req-b3dcd82c-e4fd-43e4-ad2f-e6ed1af57cb9 req-d958050f-a3cb-4e35-a544-867426037431 2e97ca90eb3546e1ae99765880d7dfc4 73a0f4f6eb244478b26f178b2d6bc468 - - c677fa05ab174be88a773294a28ab893 c677fa05ab174be88a773294a28ab893] 199.204.45.210 "GET /v2.0/networks/6ae0b5e9-2629-4081-a86c-94665266f7ec?fields=provider%3Aphysical_network&fields=provider%3Anetwork_type HTTP/1.1" status: 200 len: 277 time: 0.0943248
2026-05-28 22:56:20.384 9 INFO neutron.wsgi [None req-55b46301-4365-4796-8b98-beba50a149e8 b76c453d58874d13b85a7d1b8ac146fa 3ad2daaa386e48638d73cfacb3b5a244 - - default default] 199.204.45.210 "GET /v2.0/networks/b2f95d81-90be-4f4a-8306-45a7281a0fc9 HTTP/1.1" status: 200 len: 1002 time: 0.0726607
2026-05-28 22:56:20.424 9 INFO neutron.wsgi [None req-519941d8-aa15-44b2-ae05-9dce6ef0cae8 b76c453d58874d13b85a7d1b8ac146fa 3ad2daaa386e48638d73cfacb3b5a244 - - default default] 199.204.45.210 "GET /v2.0/ports/4f428f7a-fdc9-44cd-acb2-bdda0f63479f HTTP/1.1" status: 200 len: 1336 time: 0.0319889
2026-05-28 22:56:20.461 9 INFO neutron.wsgi [None req-13b60f4d-7ecd-471f-abf3-b18aa5a0f9c4 b76c453d58874d13b85a7d1b8ac146fa 3ad2daaa386e48638d73cfacb3b5a244 - - default default] 199.204.45.210 "GET /v2.0/subnets/e0348f91-9b06-4bf3-bc76-6f1ccbc25f5a HTTP/1.1" status: 200 len: 850 time: 0.0281816
2026-05-28 22:56:20.469 10 WARNING neutron.scheduler.dhcp_agent_scheduler [None req-fbc91ce2-e5ca-4947-96db-c072143701ee 835773fe4e9e4a1faa0886ec5dd03621 b48df4df0a804f20b10db3627c7966b0 - - default default] No more DHCP agents
2026-05-28 22:56:20.472 10 WARNING neutron.api.rpc.agentnotifiers.dhcp_rpc_agent_api [None req-fbc91ce2-e5ca-4947-96db-c072143701ee 835773fe4e9e4a1faa0886ec5dd03621 b48df4df0a804f20b10db3627c7966b0 - - default default] Unable to schedule network 0725e8c5-eba7-455c-a528-99cf68e59a85: no agents available; will retry on subsequent port and subnet creation events.
2026-05-28 22:56:21.167 10 INFO neutron.services.segments.plugin [-] Segment fed4af61-88ca-4f35-a36f-2e59bf2500e3 resource provider aggregate not found
2026-05-28 22:56:21.173 10 INFO neutron.services.segments.plugin [-] Segment fed4af61-88ca-4f35-a36f-2e59bf2500e3 resource provider aggregate not found
2026-05-28 22:56:21.189 10 INFO neutron.services.segments.plugin [-] Segment fed4af61-88ca-4f35-a36f-2e59bf2500e3 resource provider not found; error: Placement Client Error (4xx): {"errors": [{"status": 404, "title": "Not Found", "detail": "The resource could not be found.\n\n No resource provider with uuid fed4af61-88ca-4f35-a36f-2e59bf2500e3 found for delete ", "request_id": "req-737a3535-6629-4a4e-bc91-a46f6844ceb8"}]}
2026-05-28 22:56:21.190 10 INFO neutron.services.segments.plugin [-] Segment fed4af61-88ca-4f35-a36f-2e59bf2500e3 resource provider not found; error: Placement Client Error (4xx): {"errors": [{"status": 404, "title": "Not Found", "detail": "The resource could not be found.\n\n No resource provider with uuid fed4af61-88ca-4f35-a36f-2e59bf2500e3 found for delete ", "request_id": "req-2991133c-481b-40d2-ad47-19dd26818605"}]}
2026-05-28 22:56:21.238 10 INFO neutron.db.ovn_revision_numbers_db [None req-fbc91ce2-e5ca-4947-96db-c072143701ee 835773fe4e9e4a1faa0886ec5dd03621 b48df4df0a804f20b10db3627c7966b0 - - default default] Successfully bumped revision number for resource 47e9b5dc-28af-4f7e-bebc-e9c162bd3439 (type: ports) to 2
2026-05-28 22:56:21.278 10 INFO neutron.db.ovn_revision_numbers_db [None req-fbc91ce2-e5ca-4947-96db-c072143701ee 835773fe4e9e4a1faa0886ec5dd03621 b48df4df0a804f20b10db3627c7966b0 - - default default] Successfully bumped revision number for resource 20798b5c-0bd0-4d77-92ed-de11b3ad02f2 (type: subnets) to 0
2026-05-28 22:56:21.297 10 INFO neutron.wsgi [None req-fbc91ce2-e5ca-4947-96db-c072143701ee 835773fe4e9e4a1faa0886ec5dd03621 b48df4df0a804f20b10db3627c7966b0 - - default default] 10.0.0.129 "POST /v2.0/subnets HTTP/1.1" status: 201 len: 801 time: 1.0874104
2026-05-28 22:56:21.309 10 WARNING neutron_lib.context [None req-d0f9736f-5821-42b7-ac1d-f94dd9e44983 835773fe4e9e4a1faa0886ec5dd03621 b48df4df0a804f20b10db3627c7966b0 - - default default] Method 'is_advsvc' is deprecated since 2023.2 release (neutron-lib 3.8.0) and will be removed once support for the old RBAC API policies will be removed from Neutron. Please use method 'is_service_role' instead.
2026-05-28 22:56:21.457 10 INFO neutron.db.ovn_revision_numbers_db [None req-d0f9736f-5821-42b7-ac1d-f94dd9e44983 835773fe4e9e4a1faa0886ec5dd03621 b48df4df0a804f20b10db3627c7966b0 - - default default] Successfully bumped revision number for resource 8780facb-f862-49f7-9bd3-8f9c6272b773 (type: routers) to 1
2026-05-28 22:56:21.470 10 INFO neutron.wsgi [None req-d0f9736f-5821-42b7-ac1d-f94dd9e44983 835773fe4e9e4a1faa0886ec5dd03621 b48df4df0a804f20b10db3627c7966b0 - - default default] 10.0.0.129 "POST /v2.0/routers HTTP/1.1" status: 201 len: 687 time: 0.1660376
2026-05-28 22:56:21.478 10 WARNING neutron_lib.context [None req-e2c9608f-5159-49a2-b575-8ade8228ee6d 835773fe4e9e4a1faa0886ec5dd03621 b48df4df0a804f20b10db3627c7966b0 - - default default] Method 'is_advsvc' is deprecated since 2023.2 release (neutron-lib 3.8.0) and will be removed once support for the old RBAC API policies will be removed from Neutron. Please use method 'is_service_role' instead.
2026-05-28 22:56:21.531 10 INFO neutron.notifiers.nova [-] Nova event matching ['req-2c9b1845-6fd8-4701-b8b8-cea738b03637'] response: {'server_uuid': 'e797ea47-c130-4e9b-8d31-ea49acd1b07f', 'name': 'network-vif-plugged', 'status': 'completed', 'tag': '26c250b3-ac14-43d4-a90e-38e75778f8bf', 'code': 200}
2026-05-28 22:56:21.780 9 WARNING neutron.plugins.ml2.drivers.ovn.mech_driver.ovsdb.ovn_client [None req-e6771b60-b103-471a-8a1b-323c05953c8e - - - - - -] No port found with ID 14785f65-6f96-4858-b605-284d508bea83: RuntimeError: No port found with ID 14785f65-6f96-4858-b605-284d508bea83
2026-05-28 22:56:21.830 10 WARNING neutron.scheduler.dhcp_agent_scheduler [None req-e2c9608f-5159-49a2-b575-8ade8228ee6d 835773fe4e9e4a1faa0886ec5dd03621 b48df4df0a804f20b10db3627c7966b0 - - default default] No more DHCP agents
2026-05-28 22:56:21.833 10 WARNING neutron.api.rpc.agentnotifiers.dhcp_rpc_agent_api [None req-e2c9608f-5159-49a2-b575-8ade8228ee6d 835773fe4e9e4a1faa0886ec5dd03621 b48df4df0a804f20b10db3627c7966b0 - - default default] Unable to schedule network 0725e8c5-eba7-455c-a528-99cf68e59a85: no agents available; will retry on subsequent port and subnet creation events.
2026-05-28 22:56:22.023 10 INFO neutron.db.ovn_revision_numbers_db [None req-e2c9608f-5159-49a2-b575-8ade8228ee6d 835773fe4e9e4a1faa0886ec5dd03621 b48df4df0a804f20b10db3627c7966b0 - - default default] Successfully bumped revision number for resource d23c093a-f518-46ab-ba14-9621f81961ac (type: ports) to 1
2026-05-28 22:56:22.049 10 INFO neutron.wsgi [None req-e2c9608f-5159-49a2-b575-8ade8228ee6d 835773fe4e9e4a1faa0886ec5dd03621 b48df4df0a804f20b10db3627c7966b0 - - default default] 10.0.0.129 "POST /v2.0/ports HTTP/1.1" status: 201 len: 1147 time: 0.5745988
2026-05-28 22:56:22.419 9 INFO neutron.plugins.ml2.drivers.ovn.mech_driver.mech_driver [None req-e6771b60-b103-471a-8a1b-323c05953c8e - - - - - -] OVN reports status up for port: d23c093a-f518-46ab-ba14-9621f81961ac
2026-05-28 22:56:22.431 9 INFO neutron.plugins.ml2.plugin [None req-e6771b60-b103-471a-8a1b-323c05953c8e - - - - - -] Attempt 1 to provision port d23c093a-f518-46ab-ba14-9621f81961ac
2026-05-28 22:56:22.448 9 INFO neutron.db.ovn_revision_numbers_db [None req-e516a61b-fd3f-45bb-99cc-7c587506ca95 835773fe4e9e4a1faa0886ec5dd03621 b48df4df0a804f20b10db3627c7966b0 - - default default] Successfully bumped revision number for resource d23c093a-f518-46ab-ba14-9621f81961ac (type: router_ports) to 2
2026-05-28 22:56:22.676 9 INFO neutron.db.ovn_revision_numbers_db [None req-e516a61b-fd3f-45bb-99cc-7c587506ca95 835773fe4e9e4a1faa0886ec5dd03621 b48df4df0a804f20b10db3627c7966b0 - - default default] Successfully bumped revision number for resource d23c093a-f518-46ab-ba14-9621f81961ac (type: ports) to 2
2026-05-28 22:56:22.782 9 INFO neutron.db.ovn_revision_numbers_db [None req-e6771b60-b103-471a-8a1b-323c05953c8e - - - - - -] Successfully bumped revision number for resource d23c093a-f518-46ab-ba14-9621f81961ac (type: ports) to 3
2026-05-28 22:56:22.874 9 INFO neutron.db.ovn_revision_numbers_db [None req-e6771b60-b103-471a-8a1b-323c05953c8e - - - - - -] Successfully bumped revision number for resource d23c093a-f518-46ab-ba14-9621f81961ac (type: router_ports) to 3
2026-05-28 22:56:23.245 9 INFO neutron.db.ovn_revision_numbers_db [None req-e516a61b-fd3f-45bb-99cc-7c587506ca95 835773fe4e9e4a1faa0886ec5dd03621 b48df4df0a804f20b10db3627c7966b0 - - default default] Successfully bumped revision number for resource d23c093a-f518-46ab-ba14-9621f81961ac (type: ports) to 3
2026-05-28 22:56:23.316 9 WARNING neutron.scheduler.dhcp_agent_scheduler [None req-e516a61b-fd3f-45bb-99cc-7c587506ca95 835773fe4e9e4a1faa0886ec5dd03621 b48df4df0a804f20b10db3627c7966b0 - - default default] No more DHCP agents
2026-05-28 22:56:23.317 9 WARNING neutron.api.rpc.agentnotifiers.dhcp_rpc_agent_api [None req-e516a61b-fd3f-45bb-99cc-7c587506ca95 835773fe4e9e4a1faa0886ec5dd03621 b48df4df0a804f20b10db3627c7966b0 - - default default] Unable to schedule network 0725e8c5-eba7-455c-a528-99cf68e59a85: no agents available; will retry on subsequent port and subnet creation events.
2026-05-28 22:56:23.704 9 INFO neutron.db.ovn_revision_numbers_db [None req-e516a61b-fd3f-45bb-99cc-7c587506ca95 835773fe4e9e4a1faa0886ec5dd03621 b48df4df0a804f20b10db3627c7966b0 - - default default] Successfully bumped revision number for resource d23c093a-f518-46ab-ba14-9621f81961ac (type: router_ports) to 3
2026-05-28 22:56:23.707 9 INFO neutron.wsgi [None req-e516a61b-fd3f-45bb-99cc-7c587506ca95 835773fe4e9e4a1faa0886ec5dd03621 b48df4df0a804f20b10db3627c7966b0 - - default default] 10.0.0.129 "PUT /v2.0/routers/8780facb-f862-49f7-9bd3-8f9c6272b773/add_router_interface HTTP/1.1" status: 200 len: 503 time: 1.6519911 /var/lib/openstack/lib/python3.10/site-packages/pycadf/identifier.py:71: UserWarning: Invalid uuid: neutron. To ensure interoperability, identifiers should be a valid uuid. warnings.warn(('Invalid uuid: %s. To ensure interoperability, '
2026-05-28 22:56:23.788 9 INFO neutron.wsgi [None req-3f467bc4-8d5f-4bfe-b8bf-7b006c71bcc5 835773fe4e9e4a1faa0886ec5dd03621 b48df4df0a804f20b10db3627c7966b0 - - default default] 10.0.0.129 "GET /v2.0/ports/d23c093a-f518-46ab-ba14-9621f81961ac HTTP/1.1" status: 200 len: 1205 time: 0.0755239
2026-05-28 22:56:24.552 9 INFO neutron.wsgi [None req-ee912c4f-f756-43dc-b0f5-e0c498f2129d 835773fe4e9e4a1faa0886ec5dd03621 b48df4df0a804f20b10db3627c7966b0 - - default default] 10.0.0.129 "PUT /v2.0/routers/8780facb-f862-49f7-9bd3-8f9c6272b773/remove_router_interface HTTP/1.1" status: 200 len: 503 time: 0.7589891 /var/lib/openstack/lib/python3.10/site-packages/pycadf/identifier.py:71: UserWarning: Invalid uuid: neutron. To ensure interoperability, identifiers should be a valid uuid. warnings.warn(('Invalid uuid: %s. To ensure interoperability, '
2026-05-28 22:56:24.619 9 INFO neutron.api.v2.resource [None req-4d531790-d128-4d81-bbc1-3f355e4322eb 835773fe4e9e4a1faa0886ec5dd03621 b48df4df0a804f20b10db3627c7966b0 - - default default] remove_router_interface failed (client error): The resource could not be found.
2026-05-28 22:56:24.620 9 INFO neutron.wsgi [None req-4d531790-d128-4d81-bbc1-3f355e4322eb 835773fe4e9e4a1faa0886ec5dd03621 b48df4df0a804f20b10db3627c7966b0 - - default default] 10.0.0.129 "PUT /v2.0/routers/8780facb-f862-49f7-9bd3-8f9c6272b773/remove_router_interface HTTP/1.1" status: 404 len: 398 time: 0.0619576
2026-05-28 22:56:24.649 9 INFO neutron.wsgi [None req-cd6a89a4-51fe-48d6-a5be-0002041e0ca8 835773fe4e9e4a1faa0886ec5dd03621 b48df4df0a804f20b10db3627c7966b0 - - default default] 10.0.0.129 "GET /v2.0/ports?device_id=8780facb-f862-49f7-9bd3-8f9c6272b773 HTTP/1.1" status: 200 len: 205 time: 0.0232441
2026-05-28 22:56:24.926 9 INFO neutron.wsgi [None req-a884f91d-bdc5-47e7-938b-4ce74e306b79 835773fe4e9e4a1faa0886ec5dd03621 b48df4df0a804f20b10db3627c7966b0 - - default default] 10.0.0.129 "DELETE /v2.0/routers/8780facb-f862-49f7-9bd3-8f9c6272b773 HTTP/1.1" status: 204 len: 168 time: 0.2731268
2026-05-28 22:56:25.151 9 INFO neutron.wsgi [None req-69618b41-774c-4a01-9c2b-6a0dd514341a 835773fe4e9e4a1faa0886ec5dd03621 b48df4df0a804f20b10db3627c7966b0 - - default default] 10.0.0.129 "DELETE /v2.0/subnets/20798b5c-0bd0-4d77-92ed-de11b3ad02f2 HTTP/1.1" status: 204 len: 168 time: 0.2206786
2026-05-28 22:56:25.510 9 INFO neutron.services.segments.plugin [-] Segment 8752dd96-3c86-4fb2-9686-8a1cf26c1ca6 resource provider aggregate not found
2026-05-28 22:56:25.515 9 INFO neutron.services.segments.plugin [-] Segment 8752dd96-3c86-4fb2-9686-8a1cf26c1ca6 resource provider aggregate not found
2026-05-28 22:56:25.529 9 INFO neutron.services.segments.plugin [-] Segment 8752dd96-3c86-4fb2-9686-8a1cf26c1ca6 resource provider not found; error: Placement Client Error (4xx): {"errors": [{"status": 404, "title": "Not Found", "detail": "The resource could not be found.\n\n No resource provider with uuid 8752dd96-3c86-4fb2-9686-8a1cf26c1ca6 found for delete ", "request_id": "req-c225c16c-9aca-419e-8d2e-c2bd75456b92"}]}
2026-05-28 22:56:25.532 9 INFO neutron.services.segments.plugin [-] Segment 8752dd96-3c86-4fb2-9686-8a1cf26c1ca6 resource provider not found; error: Placement Client Error (4xx): {"errors": [{"status": 404, "title": "Not Found", "detail": "The resource could not be found.\n\n No resource provider with uuid 8752dd96-3c86-4fb2-9686-8a1cf26c1ca6 found for delete ", "request_id": "req-0ff4bdeb-3fb4-4384-b5f7-4a13dd20e00e"}]}
2026-05-28 22:56:25.555 9 INFO neutron.wsgi [None req-33c5974d-815e-4ea7-809f-c115d6a57504 835773fe4e9e4a1faa0886ec5dd03621 b48df4df0a804f20b10db3627c7966b0 - - default default] 10.0.0.129 "DELETE /v2.0/networks/0725e8c5-eba7-455c-a528-99cf68e59a85 HTTP/1.1" status: 204 len: 168 time: 0.3985741
2026-05-28 22:56:25.567 9 WARNING neutron_lib.context [None req-2d8f2ab7-061e-4713-9b7a-b45762aa17ff 835773fe4e9e4a1faa0886ec5dd03621 b48df4df0a804f20b10db3627c7966b0 - - default default] Method 'is_advsvc' is deprecated since 2023.2 release (neutron-lib 3.8.0) and will be removed once support for the old RBAC API policies will be removed from Neutron. Please use method 'is_service_role' instead.
2026-05-28 22:56:25.643 9 INFO neutron.db.segments_db [None req-2d8f2ab7-061e-4713-9b7a-b45762aa17ff 835773fe4e9e4a1faa0886ec5dd03621 b48df4df0a804f20b10db3627c7966b0 - - default default] Added segment 8d1a7cb7-f20f-4f6f-9a74-8ce42edf648b of type geneve for network 0e5dd01b-240c-4b98-93c2-5aa3537c9337
2026-05-28 22:56:25.772 9 INFO neutron.db.ovn_revision_numbers_db [None req-2d8f2ab7-061e-4713-9b7a-b45762aa17ff 835773fe4e9e4a1faa0886ec5dd03621 b48df4df0a804f20b10db3627c7966b0 - - default default] Successfully bumped revision number for resource 0e5dd01b-240c-4b98-93c2-5aa3537c9337 (type: networks) to 1
2026-05-28 22:56:25.924 9 WARNING neutron.scheduler.dhcp_agent_scheduler [None req-2d8f2ab7-061e-4713-9b7a-b45762aa17ff 835773fe4e9e4a1faa0886ec5dd03621 b48df4df0a804f20b10db3627c7966b0 - - default default] No more DHCP agents
2026-05-28 22:56:25.926 9 WARNING neutron.api.rpc.agentnotifiers.dhcp_rpc_agent_api [None req-2d8f2ab7-061e-4713-9b7a-b45762aa17ff 835773fe4e9e4a1faa0886ec5dd03621 b48df4df0a804f20b10db3627c7966b0 - - default default] Unable to schedule network 0e5dd01b-240c-4b98-93c2-5aa3537c9337: no agents available; will retry on subsequent port and subnet creation events.
2026-05-28 22:56:26.003 9 INFO neutron.db.ovn_revision_numbers_db [None req-2d8f2ab7-061e-4713-9b7a-b45762aa17ff 835773fe4e9e4a1faa0886ec5dd03621 b48df4df0a804f20b10db3627c7966b0 - - default default] Successfully bumped revision number for resource 2a9ec3a7-014d-4d49-9fb9-e397eaf346d9 (type: ports) to 1
2026-05-28 22:56:26.024 9 INFO neutron.wsgi [None req-2d8f2ab7-061e-4713-9b7a-b45762aa17ff 835773fe4e9e4a1faa0886ec5dd03621 b48df4df0a804f20b10db3627c7966b0 - - default default] 10.0.0.129 "POST /v2.0/networks HTTP/1.1" status: 201 len: 829 time: 0.4609132
2026-05-28 22:56:26.034 9 WARNING neutron_lib.context [None req-2b5b4e2f-6dc2-48c6-a929-9634d53de54f 835773fe4e9e4a1faa0886ec5dd03621 b48df4df0a804f20b10db3627c7966b0 - - default default] Method 'is_advsvc' is deprecated since 2023.2 release (neutron-lib 3.8.0) and will be removed once support for the old RBAC API policies will be removed from Neutron. Please use method 'is_service_role' instead.
2026-05-28 22:56:26.305 9 WARNING neutron.scheduler.dhcp_agent_scheduler [None req-2b5b4e2f-6dc2-48c6-a929-9634d53de54f 835773fe4e9e4a1faa0886ec5dd03621 b48df4df0a804f20b10db3627c7966b0 - - default default] No more DHCP agents
2026-05-28 22:56:26.307 9 WARNING neutron.api.rpc.agentnotifiers.dhcp_rpc_agent_api [None req-2b5b4e2f-6dc2-48c6-a929-9634d53de54f 835773fe4e9e4a1faa0886ec5dd03621 b48df4df0a804f20b10db3627c7966b0 - - default default] Unable to schedule network 0e5dd01b-240c-4b98-93c2-5aa3537c9337: no agents available; will retry on subsequent port and subnet creation events.
2026-05-28 22:56:26.913 9 INFO neutron.db.ovn_revision_numbers_db [None req-2b5b4e2f-6dc2-48c6-a929-9634d53de54f 835773fe4e9e4a1faa0886ec5dd03621 b48df4df0a804f20b10db3627c7966b0 - - default default] Successfully bumped revision number for resource 2a9ec3a7-014d-4d49-9fb9-e397eaf346d9 (type: ports) to 2
2026-05-28 22:56:26.947 9 INFO neutron.db.ovn_revision_numbers_db [None req-2b5b4e2f-6dc2-48c6-a929-9634d53de54f 835773fe4e9e4a1faa0886ec5dd03621 b48df4df0a804f20b10db3627c7966b0 - - default default] Successfully bumped revision number for resource 916f279d-7c25-42e2-b6ae-45f23bda2e2c (type: subnets) to 0
2026-05-28 22:56:26.962 9 INFO neutron.wsgi [None req-2b5b4e2f-6dc2-48c6-a929-9634d53de54f 835773fe4e9e4a1faa0886ec5dd03621 b48df4df0a804f20b10db3627c7966b0 - - default default] 10.0.0.129 "POST /v2.0/subnets HTTP/1.1" status: 201 len: 801 time: 0.9323452
2026-05-28 22:56:26.972 9 WARNING neutron_lib.context [None req-70b76ca7-5439-415a-8ec8-e747130b2c88 835773fe4e9e4a1faa0886ec5dd03621 b48df4df0a804f20b10db3627c7966b0 - - default default] Method 'is_advsvc' is deprecated since 2023.2 release (neutron-lib 3.8.0) and will be removed once support for the old RBAC API policies will be removed from Neutron. Please use method 'is_service_role' instead.
2026-05-28 22:56:27.107 9 INFO neutron.db.ovn_revision_numbers_db [None req-70b76ca7-5439-415a-8ec8-e747130b2c88 835773fe4e9e4a1faa0886ec5dd03621 b48df4df0a804f20b10db3627c7966b0 - - default default] Successfully bumped revision number for resource 04d407e1-89fe-4f39-9498-8d8e79f6b9bc (type: routers) to 1
2026-05-28 22:56:27.122 9 INFO neutron.wsgi [None req-70b76ca7-5439-415a-8ec8-e747130b2c88 835773fe4e9e4a1faa0886ec5dd03621 b48df4df0a804f20b10db3627c7966b0 - - default default] 10.0.0.129 "POST /v2.0/routers HTTP/1.1" status: 201 len: 687 time: 0.1544926
2026-05-28 22:56:27.233 10 INFO neutron.wsgi [-] 10.0.0.45 "GET / HTTP/1.1" status: 200 len: 246 time: 0.0036500
2026-05-28 22:56:27.235 10 INFO neutron.wsgi [-] 10.0.0.45 "GET / HTTP/1.1" status: 200 len: 246 time: 0.0013251
2026-05-28 22:56:27.790 9 WARNING neutron.scheduler.dhcp_agent_scheduler [None req-665ba37e-a0e1-4bd4-bf13-d12b72814e87 835773fe4e9e4a1faa0886ec5dd03621 b48df4df0a804f20b10db3627c7966b0 - - default default] No more DHCP agents
2026-05-28 22:56:27.792 9 WARNING neutron.api.rpc.agentnotifiers.dhcp_rpc_agent_api [None req-665ba37e-a0e1-4bd4-bf13-d12b72814e87 835773fe4e9e4a1faa0886ec5dd03621 b48df4df0a804f20b10db3627c7966b0 - - default default] Unable to schedule network 0e5dd01b-240c-4b98-93c2-5aa3537c9337: no agents available; will retry on subsequent port and subnet creation events.
2026-05-28 22:56:27.944 9 WARNING neutron.plugins.ml2.drivers.ovn.mech_driver.ovsdb.ovn_client [None req-e6771b60-b103-471a-8a1b-323c05953c8e - - - - - -] No port found with ID d23c093a-f518-46ab-ba14-9621f81961ac: RuntimeError: No port found with ID d23c093a-f518-46ab-ba14-9621f81961ac
2026-05-28 22:56:27.960 9 INFO neutron.db.ovn_revision_numbers_db [None req-665ba37e-a0e1-4bd4-bf13-d12b72814e87 835773fe4e9e4a1faa0886ec5dd03621 b48df4df0a804f20b10db3627c7966b0 - - default default] Successfully bumped revision number for resource 6592e5d9-fa3c-4803-98e1-4e8a746ac6d9 (type: ports) to 1
2026-05-28 22:56:28.296 9 INFO neutron.plugins.ml2.drivers.ovn.mech_driver.mech_driver [None req-e6771b60-b103-471a-8a1b-323c05953c8e - - - - - -] OVN reports status up for port: 6592e5d9-fa3c-4803-98e1-4e8a746ac6d9
2026-05-28 22:56:28.313 9 INFO neutron.plugins.ml2.plugin [None req-e6771b60-b103-471a-8a1b-323c05953c8e - - - - - -] Attempt 1 to provision port 6592e5d9-fa3c-4803-98e1-4e8a746ac6d9
2026-05-28 22:56:28.337 9 INFO neutron.db.ovn_revision_numbers_db [None req-665ba37e-a0e1-4bd4-bf13-d12b72814e87 835773fe4e9e4a1faa0886ec5dd03621 b48df4df0a804f20b10db3627c7966b0 - - default default] Successfully bumped revision number for resource 6592e5d9-fa3c-4803-98e1-4e8a746ac6d9 (type: router_ports) to 1
2026-05-28 22:56:28.529 9 INFO neutron.db.ovn_revision_numbers_db [None req-665ba37e-a0e1-4bd4-bf13-d12b72814e87 835773fe4e9e4a1faa0886ec5dd03621 b48df4df0a804f20b10db3627c7966b0 - - default default] Successfully bumped revision number for resource 6592e5d9-fa3c-4803-98e1-4e8a746ac6d9 (type: ports) to 1
2026-05-28 22:56:28.624 9 WARNING neutron.scheduler.dhcp_agent_scheduler [None req-665ba37e-a0e1-4bd4-bf13-d12b72814e87 835773fe4e9e4a1faa0886ec5dd03621 b48df4df0a804f20b10db3627c7966b0 - - default default] No more DHCP agents
2026-05-28 22:56:28.626 9 WARNING neutron.api.rpc.agentnotifiers.dhcp_rpc_agent_api [None req-665ba37e-a0e1-4bd4-bf13-d12b72814e87 835773fe4e9e4a1faa0886ec5dd03621 b48df4df0a804f20b10db3627c7966b0 - - default default] Unable to schedule network 0e5dd01b-240c-4b98-93c2-5aa3537c9337: no agents available; will retry on subsequent port and subnet creation events.
2026-05-28 22:56:28.653 9 INFO neutron.db.ovn_revision_numbers_db [None req-e6771b60-b103-471a-8a1b-323c05953c8e - - - - - -] Successfully bumped revision number for resource 6592e5d9-fa3c-4803-98e1-4e8a746ac6d9 (type: ports) to 2
2026-05-28 22:56:28.765 9 INFO neutron.db.ovn_revision_numbers_db [None req-e6771b60-b103-471a-8a1b-323c05953c8e - - - - - -] Successfully bumped revision number for resource 6592e5d9-fa3c-4803-98e1-4e8a746ac6d9 (type: router_ports) to 2
2026-05-28 22:56:28.789 9 INFO neutron.db.ovn_revision_numbers_db [None req-665ba37e-a0e1-4bd4-bf13-d12b72814e87 835773fe4e9e4a1faa0886ec5dd03621 b48df4df0a804f20b10db3627c7966b0 - - default default] Successfully bumped revision number for resource 6592e5d9-fa3c-4803-98e1-4e8a746ac6d9 (type: router_ports) to 2
2026-05-28 22:56:28.791 9 INFO neutron.wsgi [None req-665ba37e-a0e1-4bd4-bf13-d12b72814e87 835773fe4e9e4a1faa0886ec5dd03621 b48df4df0a804f20b10db3627c7966b0 - - default default] 10.0.0.129 "PUT /v2.0/routers/04d407e1-89fe-4f39-9498-8d8e79f6b9bc/add_router_interface HTTP/1.1" status: 200 len: 503 time: 1.6645782 /var/lib/openstack/lib/python3.10/site-packages/pycadf/identifier.py:71: UserWarning: Invalid uuid: neutron. To ensure interoperability, identifiers should be a valid uuid. warnings.warn(('Invalid uuid: %s. To ensure interoperability, '
2026-05-28 22:56:28.886 10 INFO neutron.wsgi [None req-cf1804ea-3fae-4621-b304-9f010fe5679d 835773fe4e9e4a1faa0886ec5dd03621 b48df4df0a804f20b10db3627c7966b0 - - default default] 10.0.0.129 "GET /v2.0/ports/6592e5d9-fa3c-4803-98e1-4e8a746ac6d9 HTTP/1.1" status: 200 len: 1137 time: 0.0897539
2026-05-28 22:56:28.933 10 INFO neutron.wsgi [None req-4cbe2921-4e36-423c-b6e3-0480848ffa5f 835773fe4e9e4a1faa0886ec5dd03621 b48df4df0a804f20b10db3627c7966b0 - - default default] 10.0.0.129 "GET /v2.0/ports/6592e5d9-fa3c-4803-98e1-4e8a746ac6d9 HTTP/1.1" status: 200 len: 1137 time: 0.0387681
2026-05-28 22:56:29.543 10 INFO neutron.wsgi [None req-76215e9f-c00a-4c2d-96c3-9d1f385795fe b76c453d58874d13b85a7d1b8ac146fa 3ad2daaa386e48638d73cfacb3b5a244 - - default default] 199.204.45.210 "GET /v2.0/extensions/security-group HTTP/1.1" status: 200 len: 369 time: 0.0054574
2026-05-28 22:56:29.555 10 INFO neutron.wsgi [None req-ceccfe2e-ca80-4ef3-8bb1-469938bb9f2c b76c453d58874d13b85a7d1b8ac146fa 3ad2daaa386e48638d73cfacb3b5a244 - - default default] 199.204.45.210 "GET /v2.0/extensions/dns-integration HTTP/1.1" status: 200 len: 371 time: 0.0063288
2026-05-28 22:56:29.568 10 INFO neutron.wsgi [None req-4ee755e0-ebd5-450c-bd03-f2d6b4dc8e64 b76c453d58874d13b85a7d1b8ac146fa 3ad2daaa386e48638d73cfacb3b5a244 - - default default] 199.204.45.210 "GET /v2.0/extensions/qos HTTP/1.1" status: 200 len: 365 time: 0.0043020
2026-05-28 22:56:29.596 10 INFO neutron.wsgi [None req-7c00d9d0-8097-4917-9c31-e9c25bf59c1d b76c453d58874d13b85a7d1b8ac146fa 3ad2daaa386e48638d73cfacb3b5a244 - - default default] 199.204.45.210 "GET /v2.0/extensions/allowed-address-pairs HTTP/1.1" status: 200 len: 383 time: 0.0054216
2026-05-28 22:56:29.674 10 INFO neutron.wsgi [None req-0628702c-e89a-45a8-aedf-96c0d6e1107d b76c453d58874d13b85a7d1b8ac146fa 3ad2daaa386e48638d73cfacb3b5a244 - - default default] 199.204.45.210 "GET /v2.0/subnets/7120b3d1-a816-4b1c-9b11-31d40a1d1964 HTTP/1.1" status: 200 len: 848 time: 0.0615444
2026-05-28 22:56:29.677 10 INFO neutron.wsgi [None req-76bebbb5-8eb3-426e-b5d9-9348833ea972 835773fe4e9e4a1faa0886ec5dd03621 b48df4df0a804f20b10db3627c7966b0 - - default default] 10.0.0.129 "PUT /v2.0/routers/04d407e1-89fe-4f39-9498-8d8e79f6b9bc/remove_router_interface HTTP/1.1" status: 200 len: 503 time: 0.7400377 /var/lib/openstack/lib/python3.10/site-packages/pycadf/identifier.py:71: UserWarning: Invalid uuid: neutron. To ensure interoperability, identifiers should be a valid uuid. warnings.warn(('Invalid uuid: %s. To ensure interoperability, '
2026-05-28 22:56:29.704 9 INFO neutron.wsgi [None req-ee94dc51-0e9b-431d-96f2-8f6f00e7819f 835773fe4e9e4a1faa0886ec5dd03621 b48df4df0a804f20b10db3627c7966b0 - - default default] 10.0.0.129 "GET /v2.0/ports?device_id=04d407e1-89fe-4f39-9498-8d8e79f6b9bc HTTP/1.1" status: 200 len: 205 time: 0.0206664
2026-05-28 22:56:29.733 10 INFO neutron.wsgi [None req-07112325-ecbb-4817-bb8e-fe3cd24b3f0d b76c453d58874d13b85a7d1b8ac146fa 3ad2daaa386e48638d73cfacb3b5a244 - - default default] 199.204.45.210 "GET /v2.0/ports?device_id=e797ea47-c130-4e9b-8d31-ea49acd1b07f HTTP/1.1" status: 200 len: 5115 time: 0.0512128
2026-05-28 22:56:29.902 10 INFO neutron.wsgi [None req-7194ff24-1f3f-4b2f-8a6f-ea0b474a4d6f b76c453d58874d13b85a7d1b8ac146fa 3ad2daaa386e48638d73cfacb3b5a244 - - default default] 199.204.45.210 "GET /v2.0/extensions/security-group HTTP/1.1" status: 200 len: 369 time: 0.0090735
2026-05-28 22:56:29.912 10 INFO neutron.wsgi [None req-05c1988d-3ef0-4ea9-873c-2a63ea77ecbc b76c453d58874d13b85a7d1b8ac146fa 3ad2daaa386e48638d73cfacb3b5a244 - - default default] 199.204.45.210 "GET /v2.0/extensions/dns-integration HTTP/1.1" status: 200 len: 371 time: 0.0050242
2026-05-28 22:56:29.921 10 INFO neutron.wsgi [None req-7248a0c6-32d6-4e3d-a42a-c87426676e38 b76c453d58874d13b85a7d1b8ac146fa 3ad2daaa386e48638d73cfacb3b5a244 - - default default] 199.204.45.210 "GET /v2.0/extensions/qos HTTP/1.1" status: 200 len: 365 time: 0.0053093
2026-05-28 22:56:29.930 10 INFO neutron.wsgi [None req-34e1a74f-d652-4274-80f8-823cbef4faa3 b76c453d58874d13b85a7d1b8ac146fa 3ad2daaa386e48638d73cfacb3b5a244 - - default default] 199.204.45.210 "GET /v2.0/extensions/allowed-address-pairs HTTP/1.1" status: 200 len: 383 time: 0.0049465
2026-05-28 22:56:29.964 9 INFO neutron.wsgi [None req-dc53cdf0-ec44-4709-8597-672d57a0c236 835773fe4e9e4a1faa0886ec5dd03621 b48df4df0a804f20b10db3627c7966b0 - - default default] 10.0.0.129 "DELETE /v2.0/routers/04d407e1-89fe-4f39-9498-8d8e79f6b9bc HTTP/1.1" status: 204 len: 168 time: 0.2562566
2026-05-28 22:56:29.970 10 INFO neutron.wsgi [None req-d64939b9-9606-47ad-a72d-fe71c47be791 b76c453d58874d13b85a7d1b8ac146fa 3ad2daaa386e48638d73cfacb3b5a244 - - default default] 199.204.45.210 "GET /v2.0/ports/26c250b3-ac14-43d4-a90e-38e75778f8bf HTTP/1.1" status: 200 len: 1402 time: 0.0357771
2026-05-28 22:56:30.178 9 INFO neutron.wsgi [None req-0406e456-8637-4406-a344-946bbca5c385 835773fe4e9e4a1faa0886ec5dd03621 b48df4df0a804f20b10db3627c7966b0 - - default default] 10.0.0.129 "DELETE /v2.0/subnets/916f279d-7c25-42e2-b6ae-45f23bda2e2c HTTP/1.1" status: 204 len: 168 time: 0.2084947
2026-05-28 22:56:30.420 10 INFO neutron.db.ovn_revision_numbers_db [None req-15820a38-0709-4fb5-9b74-06c0f0ac33d4 b76c453d58874d13b85a7d1b8ac146fa 3ad2daaa386e48638d73cfacb3b5a244 - - default default] Successfully bumped revision number for resource 26c250b3-ac14-43d4-a90e-38e75778f8bf (type: ports) to 6
2026-05-28 22:56:30.432 10 INFO neutron.wsgi [None req-15820a38-0709-4fb5-9b74-06c0f0ac33d4 b76c453d58874d13b85a7d1b8ac146fa 3ad2daaa386e48638d73cfacb3b5a244 - - default default] 199.204.45.210 "PUT /v2.0/ports/26c250b3-ac14-43d4-a90e-38e75778f8bf HTTP/1.1" status: 200 len: 1203 time: 0.4522316 /var/lib/openstack/lib/python3.10/site-packages/pycadf/identifier.py:71: UserWarning: Invalid uuid: neutron. To ensure interoperability, identifiers should be a valid uuid. warnings.warn(('Invalid uuid: %s. To ensure interoperability, '
2026-05-28 22:56:30.469 10 INFO neutron.notifiers.nova [-] Nova event matching ['req-46077666-0f0b-4fd8-965a-20363ad81ac4'] response: {'name': 'network-changed', 'server_uuid': 'e797ea47-c130-4e9b-8d31-ea49acd1b07f', 'tag': '26c250b3-ac14-43d4-a90e-38e75778f8bf', 'status': 'completed', 'code': 200}
2026-05-28 22:56:30.498 10 INFO neutron.wsgi [None req-c257ac84-9b88-41a1-b979-7ecb26335289 b76c453d58874d13b85a7d1b8ac146fa 3ad2daaa386e48638d73cfacb3b5a244 - - default default] 199.204.45.210 "GET /v2.0/networks/6ae0b5e9-2629-4081-a86c-94665266f7ec HTTP/1.1" status: 200 len: 1000 time: 0.0601602
2026-05-28 22:56:30.548 9 INFO neutron.services.segments.plugin [-] Segment 8d1a7cb7-f20f-4f6f-9a74-8ce42edf648b resource provider aggregate not found
2026-05-28 22:56:30.550 10 INFO neutron.wsgi [None req-c62f20c0-623b-417f-83f2-7320f849065c b76c453d58874d13b85a7d1b8ac146fa 3ad2daaa386e48638d73cfacb3b5a244 - - default default] 199.204.45.210 "GET /v2.0/ports?device_id=e797ea47-c130-4e9b-8d31-ea49acd1b07f HTTP/1.1" status: 200 len: 4944 time: 0.0455408
2026-05-28 22:56:30.553 9 INFO neutron.services.segments.plugin [-] Segment 8d1a7cb7-f20f-4f6f-9a74-8ce42edf648b resource provider aggregate not found
2026-05-28 22:56:30.576 9 INFO neutron.wsgi [req-931145a5-01cc-49e3-8218-9577cad7d32e req-d36077cf-70ab-47c3-9564-ba7faa95b9c2 2e97ca90eb3546e1ae99765880d7dfc4 73a0f4f6eb244478b26f178b2d6bc468 - - c677fa05ab174be88a773294a28ab893 c677fa05ab174be88a773294a28ab893] 199.204.45.210 "GET /v2.0/ports?tenant_id=3ad2daaa386e48638d73cfacb3b5a244&device_id=e797ea47-c130-4e9b-8d31-ea49acd1b07f HTTP/1.1" status: 200 len: 4944 time: 0.0834458
2026-05-28 22:56:30.577 9 INFO neutron.services.segments.plugin [-] Segment 8d1a7cb7-f20f-4f6f-9a74-8ce42edf648b resource provider not found; error: Placement Client Error (4xx): {"errors": [{"status": 404, "title": "Not Found", "detail": "The resource could not be found.\n\n No resource provider with uuid 8d1a7cb7-f20f-4f6f-9a74-8ce42edf648b found for delete ", "request_id": "req-fcb864d1-b7a1-451a-a856-4d883d892484"}]}
2026-05-28 22:56:30.578 9 INFO neutron.services.segments.plugin [-] Segment 8d1a7cb7-f20f-4f6f-9a74-8ce42edf648b resource provider not found; error: Placement Client Error (4xx): {"errors": [{"status": 404, "title": "Not Found", "detail": "The resource could not be found.\n\n No resource provider with uuid 8d1a7cb7-f20f-4f6f-9a74-8ce42edf648b found for delete ", "request_id": "req-2e8eb489-1873-4fe4-8ad6-bd60cc74c853"}]}
2026-05-28 22:56:30.633 9 INFO neutron.wsgi [None req-22d45291-7f85-4406-9164-3ec5f21506e9 835773fe4e9e4a1faa0886ec5dd03621 b48df4df0a804f20b10db3627c7966b0 - - default default] 10.0.0.129 "DELETE /v2.0/networks/0e5dd01b-240c-4b98-93c2-5aa3537c9337 HTTP/1.1" status: 204 len: 168 time: 0.4498501
2026-05-28 22:56:30.653 9 WARNING neutron_lib.context [None req-9946043c-0e08-4f3b-9bb5-38a662c2def2 835773fe4e9e4a1faa0886ec5dd03621 b48df4df0a804f20b10db3627c7966b0 - - default default] Method 'is_advsvc' is deprecated since 2023.2 release (neutron-lib 3.8.0) and will be removed once support for the old RBAC API policies will be removed from Neutron. Please use method 'is_service_role' instead.
2026-05-28 22:56:30.662 9 INFO neutron.wsgi [req-931145a5-01cc-49e3-8218-9577cad7d32e req-051bb54f-7be8-4f90-9d8b-6a62343a9340 2e97ca90eb3546e1ae99765880d7dfc4 73a0f4f6eb244478b26f178b2d6bc468 - - c677fa05ab174be88a773294a28ab893 c677fa05ab174be88a773294a28ab893] 199.204.45.210 "GET /v2.0/networks?id=6ae0b5e9-2629-4081-a86c-94665266f7ec HTTP/1.1" status: 200 len: 1003 time: 0.0793405
2026-05-28 22:56:30.679 10 INFO neutron.wsgi [None req-50dc6af2-7e5a-4d74-9d2e-a9fa9a70afc3 b76c453d58874d13b85a7d1b8ac146fa 3ad2daaa386e48638d73cfacb3b5a244 - - default default] 199.204.45.210 "GET /v2.0/ports?device_id=e797ea47-c130-4e9b-8d31-ea49acd1b07f HTTP/1.1" status: 200 len: 4944 time: 0.0455568
2026-05-28 22:56:30.770 9 INFO neutron.wsgi [req-931145a5-01cc-49e3-8218-9577cad7d32e req-37e5a26e-c447-4466-8755-d144f99843d8 2e97ca90eb3546e1ae99765880d7dfc4 73a0f4f6eb244478b26f178b2d6bc468 - - c677fa05ab174be88a773294a28ab893 c677fa05ab174be88a773294a28ab893] 199.204.45.210 "GET /v2.0/networks/6ae0b5e9-2629-4081-a86c-94665266f7ec?fields=segments HTTP/1.1" status: 200 len: 212 time: 0.0987465
2026-05-28 22:56:30.891 9 INFO neutron.wsgi [req-931145a5-01cc-49e3-8218-9577cad7d32e req-71260ec6-d41c-4438-ab90-ae03559f8978 2e97ca90eb3546e1ae99765880d7dfc4 73a0f4f6eb244478b26f178b2d6bc468 - - c677fa05ab174be88a773294a28ab893 c677fa05ab174be88a773294a28ab893] 199.204.45.210 "GET /v2.0/networks/6ae0b5e9-2629-4081-a86c-94665266f7ec?fields=provider%3Aphysical_network&fields=provider%3Anetwork_type HTTP/1.1" status: 200 len: 277 time: 0.1035409
2026-05-28 22:56:30.995 10 INFO neutron.plugins.ml2.drivers.ovn.mech_driver.mech_driver [None req-97ab8ac3-bf11-4efe-8f10-3e367a5a18a6 - - - - - -] OVN reports status down for port: 26c250b3-ac14-43d4-a90e-38e75778f8bf
2026-05-28 22:56:31.193 9 INFO neutron.wsgi [req-f24fe7dd-a136-42f6-8037-27ac2cca648a req-554b3f19-b857-4114-a9ed-b88d26c5c79f 2e97ca90eb3546e1ae99765880d7dfc4 73a0f4f6eb244478b26f178b2d6bc468 - - c677fa05ab174be88a773294a28ab893 c677fa05ab174be88a773294a28ab893] 199.204.45.210 "GET /v2.0/ports/26c250b3-ac14-43d4-a90e-38e75778f8bf HTTP/1.1" status: 200 len: 1229 time: 0.0409305
