2026-05-28 22:52:08.715 9 INFO neutron.wsgi [req-3404304a-7af2-40a9-bb09-883bec2ea095 req-b1200570-8a58-435a-a3de-6fae6f0f2bcb 2e97ca90eb3546e1ae99765880d7dfc4 73a0f4f6eb244478b26f178b2d6bc468 - - c677fa05ab174be88a773294a28ab893 c677fa05ab174be88a773294a28ab893] 199.204.45.210 "GET /v2.0/networks/b4909555-3ff9-49a7-a670-6f973d4597cf?fields=segments HTTP/1.1" status: 200 len: 212 time: 0.0680702
2026-05-28 22:52:08.720 9 INFO neutron.wsgi [req-0a4241c7-5c88-4c9b-9b9a-c2735383bebe req-85a4899b-d4d6-432a-9939-374b5425bbae 1061312ac679486ba55e39aab7256f1e 9a27a7dc5d22441ca2da4e16b8ab1c8a - - default default] 10.0.0.25 "GET /v2.0/ports?device_id=882a801c-46d9-4a6c-882b-8ad83501f630 HTTP/1.1" status: 200 len: 1168 time: 0.0434077
2026-05-28 22:52:08.776 9 INFO neutron.wsgi [req-0a4241c7-5c88-4c9b-9b9a-c2735383bebe req-046ad159-7ff7-489a-8cf5-dd9925ab6b75 1061312ac679486ba55e39aab7256f1e 9a27a7dc5d22441ca2da4e16b8ab1c8a - - default default] 10.0.0.25 "GET /v2.0/security-groups?id=ffbca36d-3d25-4036-96cd-a3c6e93c6faf&fields=id&fields=name HTTP/1.1" status: 200 len: 313 time: 0.0443981
2026-05-28 22:52:08.793 9 INFO neutron.wsgi [req-3404304a-7af2-40a9-bb09-883bec2ea095 req-054066d7-b3a4-422d-a8dc-cc7363bd7dc3 2e97ca90eb3546e1ae99765880d7dfc4 73a0f4f6eb244478b26f178b2d6bc468 - - c677fa05ab174be88a773294a28ab893 c677fa05ab174be88a773294a28ab893] 199.204.45.210 "GET /v2.0/networks/b4909555-3ff9-49a7-a670-6f973d4597cf?fields=provider%3Aphysical_network&fields=provider%3Anetwork_type HTTP/1.1" status: 200 len: 277 time: 0.0724001
2026-05-28 22:52:08.883 9 INFO neutron.notifiers.nova [-] Nova event matching ['req-c0d96e29-232f-4403-9129-0d310b0a5d5a'] response: {'name': 'network-changed', 'server_uuid': '882a801c-46d9-4a6c-882b-8ad83501f630', 'tag': '11b84804-6ed6-4675-b18d-b3fa7c3cf877', 'status': 'completed', 'code': 200}
2026-05-28 22:52:08.957 9 INFO neutron.wsgi [req-aedf3531-5f56-478f-9d3d-695924aed3b9 req-e332f568-41ee-40c0-b085-77977bf0f3c1 2e97ca90eb3546e1ae99765880d7dfc4 73a0f4f6eb244478b26f178b2d6bc468 - - c677fa05ab174be88a773294a28ab893 c677fa05ab174be88a773294a28ab893] 199.204.45.210 "GET /v2.0/ports?tenant_id=9a27a7dc5d22441ca2da4e16b8ab1c8a&device_id=882a801c-46d9-4a6c-882b-8ad83501f630 HTTP/1.1" status: 200 len: 1407 time: 0.0548835
2026-05-28 22:52:08.993 10 INFO neutron.wsgi [req-6c9a97cd-3812-459d-b8cf-1673de21d017 req-9dbc465d-93fc-4af5-a99e-e584fc36faec 21c98777dc544df3bced6e3ba479a3a0 b20ad663ff1f4009bce6c65e406df442 - - default default] 10.0.0.25 "DELETE /v2.0/security-group-rules/c2029200-045c-4b76-8281-895f9622c108 HTTP/1.1" status: 204 len: 173 time: 0.4124544 /var/lib/openstack/lib/python3.10/site-packages/pycadf/identifier.py:71: UserWarning: Invalid uuid: neutron. To ensure interoperability, identifiers should be a valid uuid. warnings.warn(('Invalid uuid: %s. To ensure interoperability, '
2026-05-28 22:52:09.040 10 INFO neutron.db.ovn_revision_numbers_db [req-6a6a1c67-c6f6-4b30-990e-5283840768d8 req-41e66504-53f9-4baa-bb72-8b904ed1a9c7 2e97ca90eb3546e1ae99765880d7dfc4 73a0f4f6eb244478b26f178b2d6bc468 - - c677fa05ab174be88a773294a28ab893 c677fa05ab174be88a773294a28ab893] Successfully bumped revision number for resource 8bab360b-aed5-4729-9162-1c6289045a13 (type: ports) to 2
2026-05-28 22:52:09.088 10 INFO neutron.wsgi [req-720d43a7-c71b-4a5e-822b-6260f92dc210 req-4b7e9d92-5604-40fb-ab4e-95ac732df9bb 21c98777dc544df3bced6e3ba479a3a0 b20ad663ff1f4009bce6c65e406df442 - - default default] 10.0.0.25 "GET /v2.0/security-groups/ceb21df7-e6cf-44d0-a12a-aeb60c3e5769 HTTP/1.1" status: 200 len: 2413 time: 0.0620561
2026-05-28 22:52:09.101 10 INFO neutron.wsgi [req-6a6a1c67-c6f6-4b30-990e-5283840768d8 req-41e66504-53f9-4baa-bb72-8b904ed1a9c7 2e97ca90eb3546e1ae99765880d7dfc4 73a0f4f6eb244478b26f178b2d6bc468 - - c677fa05ab174be88a773294a28ab893 c677fa05ab174be88a773294a28ab893] 199.204.45.210 "PUT /v2.0/ports/8bab360b-aed5-4729-9162-1c6289045a13 HTTP/1.1" status: 200 len: 1380 time: 1.2985902
2026-05-28 22:52:09.154 9 INFO neutron.wsgi [req-d3f559bc-9a23-4902-9c5a-f784089276b6 req-430ff033-aee8-4946-9fea-cfc5bd8e12c0 4b9ceb0c842d448487bef3053d683b65 8a75b6b2514844fa827e977460d47182 - - default default] 10.0.0.25 "GET /v2.0/ports?device_id=9f8e4203-6c8b-4481-93f7-4556c5c09fd2 HTTP/1.1" status: 200 len: 1172 time: 0.2281425
2026-05-28 22:52:09.193 10 INFO neutron.wsgi [req-6a6a1c67-c6f6-4b30-990e-5283840768d8 req-94e29ba1-6178-4911-b0ab-c7a0b8357a0b 2e97ca90eb3546e1ae99765880d7dfc4 73a0f4f6eb244478b26f178b2d6bc468 - - c677fa05ab174be88a773294a28ab893 c677fa05ab174be88a773294a28ab893] 199.204.45.210 "GET /v2.0/ports?tenant_id=8a75b6b2514844fa827e977460d47182&device_id=9f8e4203-6c8b-4481-93f7-4556c5c09fd2 HTTP/1.1" status: 200 len: 1411 time: 0.0605974
2026-05-28 22:52:09.215 9 INFO neutron.wsgi [req-aedf3531-5f56-478f-9d3d-695924aed3b9 req-40a5bc6e-6e43-4587-bd88-3753e59e9cfc 2e97ca90eb3546e1ae99765880d7dfc4 73a0f4f6eb244478b26f178b2d6bc468 - - c677fa05ab174be88a773294a28ab893 c677fa05ab174be88a773294a28ab893] 199.204.45.210 "GET /v2.0/networks?id=b4909555-3ff9-49a7-a670-6f973d4597cf HTTP/1.1" status: 200 len: 981 time: 0.2519283
2026-05-28 22:52:09.218 10 INFO neutron.wsgi [None req-9332213a-d018-4487-b0dd-b72dae806951 b76c453d58874d13b85a7d1b8ac146fa 3ad2daaa386e48638d73cfacb3b5a244 - - default default] 10.0.0.129 "DELETE /v2.0/routers/1373fb62-db38-407c-abfb-181680b60972 HTTP/1.1" status: 204 len: 168 time: 1.4366572
2026-05-28 22:52:09.232 10 INFO neutron.wsgi [req-6a6a1c67-c6f6-4b30-990e-5283840768d8 req-4df1eb8a-8959-4baa-bb8c-fa1ec9de7f59 2e97ca90eb3546e1ae99765880d7dfc4 73a0f4f6eb244478b26f178b2d6bc468 - - c677fa05ab174be88a773294a28ab893 c677fa05ab174be88a773294a28ab893] 199.204.45.210 "GET /v2.0/floatingips?fixed_ip_address=10.100.0.10&port_id=8bab360b-aed5-4729-9162-1c6289045a13 HTTP/1.1" status: 200 len: 217 time: 0.0315199
2026-05-28 22:52:09.251 9 INFO neutron.wsgi [req-aedf3531-5f56-478f-9d3d-695924aed3b9 req-0aae1dcf-1a34-4a08-ac15-e873ed98cb1c 2e97ca90eb3546e1ae99765880d7dfc4 73a0f4f6eb244478b26f178b2d6bc468 - - c677fa05ab174be88a773294a28ab893 c677fa05ab174be88a773294a28ab893] 199.204.45.210 "GET /v2.0/floatingips?fixed_ip_address=10.100.0.4&port_id=11b84804-6ed6-4675-b18d-b3fa7c3cf877 HTTP/1.1" status: 200 len: 217 time: 0.0295916
2026-05-28 22:52:09.254 9 INFO neutron.wsgi [req-d3f559bc-9a23-4902-9c5a-f784089276b6 req-f9f983f4-ee02-4430-a777-80610b304783 4b9ceb0c842d448487bef3053d683b65 8a75b6b2514844fa827e977460d47182 - - default default] 10.0.0.25 "GET /v2.0/security-groups?id=59c68cf9-9de6-4f81-b6ca-7af307e82093&fields=id&fields=name HTTP/1.1" status: 200 len: 312 time: 0.0911403
2026-05-28 22:52:09.273 10 INFO neutron.wsgi [req-6a6a1c67-c6f6-4b30-990e-5283840768d8 req-cb760fb5-6db5-46dd-8b5d-532e9fce087f 2e97ca90eb3546e1ae99765880d7dfc4 73a0f4f6eb244478b26f178b2d6bc468 - - c677fa05ab174be88a773294a28ab893 c677fa05ab174be88a773294a28ab893] 199.204.45.210 "GET /v2.0/subnets?id=0d1b6676-07b9-40a2-9f8a-1c7615357f76 HTTP/1.1" status: 200 len: 863 time: 0.0357215
2026-05-28 22:52:09.298 9 INFO neutron.wsgi [req-aedf3531-5f56-478f-9d3d-695924aed3b9 req-e81c6178-e310-431d-b6c9-c7193e1c39e2 2e97ca90eb3546e1ae99765880d7dfc4 73a0f4f6eb244478b26f178b2d6bc468 - - c677fa05ab174be88a773294a28ab893 c677fa05ab174be88a773294a28ab893] 199.204.45.210 "GET /v2.0/subnets?id=c2f80b41-367f-4590-9c71-5bd4a8b4bc4d HTTP/1.1" status: 200 len: 876 time: 0.0380087
2026-05-28 22:52:09.309 10 INFO neutron.wsgi [req-6a6a1c67-c6f6-4b30-990e-5283840768d8 req-f6a10ac5-f42e-4acc-90a6-74a75b5739a6 2e97ca90eb3546e1ae99765880d7dfc4 73a0f4f6eb244478b26f178b2d6bc468 - - c677fa05ab174be88a773294a28ab893 c677fa05ab174be88a773294a28ab893] 199.204.45.210 "GET /v2.0/ports?network_id=4e407540-022e-4a16-9966-5c4bd89f9049&device_owner=network%3Adhcp HTTP/1.1" status: 200 len: 210 time: 0.0260296
2026-05-28 22:52:09.329 9 INFO neutron.wsgi [req-aedf3531-5f56-478f-9d3d-695924aed3b9 req-9f9c41c5-8cfe-4c74-af27-10ba3919a74c 2e97ca90eb3546e1ae99765880d7dfc4 73a0f4f6eb244478b26f178b2d6bc468 - - c677fa05ab174be88a773294a28ab893 c677fa05ab174be88a773294a28ab893] 199.204.45.210 "GET /v2.0/ports?network_id=b4909555-3ff9-49a7-a670-6f973d4597cf&device_owner=network%3Adhcp HTTP/1.1" status: 200 len: 210 time: 0.0224662
2026-05-28 22:52:09.357 10 INFO neutron.wsgi [req-720d43a7-c71b-4a5e-822b-6260f92dc210 req-e15d6cca-d99c-41b8-87c7-f273365689b7 21c98777dc544df3bced6e3ba479a3a0 b20ad663ff1f4009bce6c65e406df442 - - default default] 10.0.0.25 "DELETE /v2.0/security-groups/ceb21df7-e6cf-44d0-a12a-aeb60c3e5769 HTTP/1.1" status: 204 len: 173 time: 0.2601709
2026-05-28 22:52:09.380 10 INFO neutron.wsgi [req-6a6a1c67-c6f6-4b30-990e-5283840768d8 req-9108bee7-e137-4628-97cb-90b9f6332488 2e97ca90eb3546e1ae99765880d7dfc4 73a0f4f6eb244478b26f178b2d6bc468 - - c677fa05ab174be88a773294a28ab893 c677fa05ab174be88a773294a28ab893] 199.204.45.210 "GET /v2.0/networks/4e407540-022e-4a16-9966-5c4bd89f9049?fields=segments HTTP/1.1" status: 200 len: 212 time: 0.0670204
2026-05-28 22:52:09.429 9 INFO neutron.wsgi [req-aedf3531-5f56-478f-9d3d-695924aed3b9 req-2bddb05d-34bb-4064-befc-db892785866b 2e97ca90eb3546e1ae99765880d7dfc4 73a0f4f6eb244478b26f178b2d6bc468 - - c677fa05ab174be88a773294a28ab893 c677fa05ab174be88a773294a28ab893] 199.204.45.210 "GET /v2.0/networks/b4909555-3ff9-49a7-a670-6f973d4597cf?fields=segments HTTP/1.1" status: 200 len: 212 time: 0.0823488
2026-05-28 22:52:09.431 9 INFO neutron.wsgi [req-feb0157f-c9db-4d01-9d60-45687559fc57 req-e73544f7-8ffd-4958-babc-58ba17f549f5 21c98777dc544df3bced6e3ba479a3a0 b20ad663ff1f4009bce6c65e406df442 - - default default] 10.0.0.25 "GET /v2.0/security-groups/fdf30486-74b3-46ed-9975-ecf7bc291087 HTTP/1.1" status: 200 len: 2414 time: 0.0515966
2026-05-28 22:52:09.456 10 INFO neutron.wsgi [req-6a6a1c67-c6f6-4b30-990e-5283840768d8 req-bf01e80d-0530-437b-a345-3756b28ff760 2e97ca90eb3546e1ae99765880d7dfc4 73a0f4f6eb244478b26f178b2d6bc468 - - c677fa05ab174be88a773294a28ab893 c677fa05ab174be88a773294a28ab893] 199.204.45.210 "GET /v2.0/networks/4e407540-022e-4a16-9966-5c4bd89f9049?fields=provider%3Aphysical_network&fields=provider%3Anetwork_type HTTP/1.1" status: 200 len: 277 time: 0.0681598
2026-05-28 22:52:09.480 9 INFO neutron.wsgi [None req-4bcd642c-3f09-4179-88c1-6b92f49e0d54 b76c453d58874d13b85a7d1b8ac146fa 3ad2daaa386e48638d73cfacb3b5a244 - - default default] 10.0.0.129 "DELETE /v2.0/subnets/661403c4-99dc-404b-83eb-597866451143 HTTP/1.1" status: 204 len: 168 time: 0.2529340
2026-05-28 22:52:09.508 9 INFO neutron.wsgi [req-aedf3531-5f56-478f-9d3d-695924aed3b9 req-45dcb0b1-fe9d-433b-ae5e-9abd56b30dcd 2e97ca90eb3546e1ae99765880d7dfc4 73a0f4f6eb244478b26f178b2d6bc468 - - c677fa05ab174be88a773294a28ab893 c677fa05ab174be88a773294a28ab893] 199.204.45.210 "GET /v2.0/networks/b4909555-3ff9-49a7-a670-6f973d4597cf?fields=provider%3Aphysical_network&fields=provider%3Anetwork_type HTTP/1.1" status: 200 len: 277 time: 0.0706761
2026-05-28 22:52:09.548 10 INFO neutron.notifiers.nova [-] Nova event matching ['req-483c2f94-6460-4fec-a4d1-4d4839083dfd'] response: {'name': 'network-changed', 'server_uuid': '9f8e4203-6c8b-4481-93f7-4556c5c09fd2', 'tag': '8bab360b-aed5-4729-9162-1c6289045a13', 'status': 'completed', 'code': 200}
2026-05-28 22:52:09.569 9 INFO neutron.wsgi [req-feb0157f-c9db-4d01-9d60-45687559fc57 req-5c53305d-5847-4adc-9f08-a9bdbccf8814 21c98777dc544df3bced6e3ba479a3a0 b20ad663ff1f4009bce6c65e406df442 - - default default] 10.0.0.25 "DELETE /v2.0/security-groups/fdf30486-74b3-46ed-9975-ecf7bc291087 HTTP/1.1" status: 204 len: 173 time: 0.1212208
2026-05-28 22:52:09.645 9 INFO neutron.wsgi [req-b5f33131-a290-4fa3-859f-29341f45b004 req-91eb3790-5fff-43a6-9ca4-0e172147de87 2e97ca90eb3546e1ae99765880d7dfc4 73a0f4f6eb244478b26f178b2d6bc468 - - c677fa05ab174be88a773294a28ab893 c677fa05ab174be88a773294a28ab893] 199.204.45.210 "GET /v2.0/ports?tenant_id=8a75b6b2514844fa827e977460d47182&device_id=9f8e4203-6c8b-4481-93f7-4556c5c09fd2 HTTP/1.1" status: 200 len: 1411 time: 0.0319109
2026-05-28 22:52:09.719 9 INFO neutron.wsgi [req-b5f33131-a290-4fa3-859f-29341f45b004 req-7dc22d7d-ae75-4d2d-aad6-78a135998210 2e97ca90eb3546e1ae99765880d7dfc4 73a0f4f6eb244478b26f178b2d6bc468 - - c677fa05ab174be88a773294a28ab893 c677fa05ab174be88a773294a28ab893] 199.204.45.210 "GET /v2.0/networks?id=4e407540-022e-4a16-9966-5c4bd89f9049 HTTP/1.1" status: 200 len: 968 time: 0.0680063
2026-05-28 22:52:09.754 9 INFO neutron.wsgi [req-b5f33131-a290-4fa3-859f-29341f45b004 req-65ef0ba4-09fc-4ce3-acec-bb7084777342 2e97ca90eb3546e1ae99765880d7dfc4 73a0f4f6eb244478b26f178b2d6bc468 - - c677fa05ab174be88a773294a28ab893 c677fa05ab174be88a773294a28ab893] 199.204.45.210 "GET /v2.0/floatingips?fixed_ip_address=10.100.0.10&port_id=8bab360b-aed5-4729-9162-1c6289045a13 HTTP/1.1" status: 200 len: 217 time: 0.0261488
2026-05-28 22:52:09.805 9 INFO neutron.wsgi [req-b5f33131-a290-4fa3-859f-29341f45b004 req-3584135f-2d31-4c1f-afc3-3c4832246184 2e97ca90eb3546e1ae99765880d7dfc4 73a0f4f6eb244478b26f178b2d6bc468 - - c677fa05ab174be88a773294a28ab893 c677fa05ab174be88a773294a28ab893] 199.204.45.210 "GET /v2.0/subnets?id=0d1b6676-07b9-40a2-9f8a-1c7615357f76 HTTP/1.1" status: 200 len: 863 time: 0.0440469
2026-05-28 22:52:09.838 9 INFO neutron.wsgi [req-b5f33131-a290-4fa3-859f-29341f45b004 req-b3dca27c-61d9-43a7-a2af-d1592724e913 2e97ca90eb3546e1ae99765880d7dfc4 73a0f4f6eb244478b26f178b2d6bc468 - - c677fa05ab174be88a773294a28ab893 c677fa05ab174be88a773294a28ab893] 199.204.45.210 "GET /v2.0/ports?network_id=4e407540-022e-4a16-9966-5c4bd89f9049&device_owner=network%3Adhcp HTTP/1.1" status: 200 len: 210 time: 0.0209153
2026-05-28 22:52:09.899 10 INFO neutron.wsgi [None req-219b2334-5296-42b9-87cb-e9dddfa9ea47 b76c453d58874d13b85a7d1b8ac146fa 3ad2daaa386e48638d73cfacb3b5a244 - - default default] 10.0.0.129 "DELETE /v2.0/networks/5c6f461e-73a6-4ab3-b9b5-8775ffb93e4d HTTP/1.1" status: 204 len: 168 time: 0.4157279
2026-05-28 22:52:09.928 9 INFO neutron.wsgi [req-b5f33131-a290-4fa3-859f-29341f45b004 req-4e2f1ed8-9cf2-442d-bfdf-16a15d85fdb9 2e97ca90eb3546e1ae99765880d7dfc4 73a0f4f6eb244478b26f178b2d6bc468 - - c677fa05ab174be88a773294a28ab893 c677fa05ab174be88a773294a28ab893] 199.204.45.210 "GET /v2.0/networks/4e407540-022e-4a16-9966-5c4bd89f9049?fields=segments HTTP/1.1" status: 200 len: 212 time: 0.0782125
2026-05-28 22:52:10.063 10 INFO neutron.wsgi [req-93085a29-5895-4337-9370-53f50e9399e7 req-d256a621-1a7d-43ec-aa7f-392c0f046514 1061312ac679486ba55e39aab7256f1e 9a27a7dc5d22441ca2da4e16b8ab1c8a - - default default] 10.0.0.25 "GET /v2.0/ports?device_id=882a801c-46d9-4a6c-882b-8ad83501f630 HTTP/1.1" status: 200 len: 1168 time: 0.0916820
2026-05-28 22:52:10.084 9 INFO neutron.wsgi [req-b5f33131-a290-4fa3-859f-29341f45b004 req-48875126-1fa7-4571-b3a4-40d2fa03b9cf 2e97ca90eb3546e1ae99765880d7dfc4 73a0f4f6eb244478b26f178b2d6bc468 - - c677fa05ab174be88a773294a28ab893 c677fa05ab174be88a773294a28ab893] 199.204.45.210 "GET /v2.0/networks/4e407540-022e-4a16-9966-5c4bd89f9049?fields=provider%3Aphysical_network&fields=provider%3Anetwork_type HTTP/1.1" status: 200 len: 277 time: 0.1058176
2026-05-28 22:52:10.096 9 INFO neutron.wsgi [None req-43bc7746-253b-44d6-a307-297f6a7a38e6 b76c453d58874d13b85a7d1b8ac146fa 3ad2daaa386e48638d73cfacb3b5a244 - - default default] 10.0.0.129 "GET /v2.0/security-groups?tenant_id=80d7734eb26d4beaac448a1428d09bed&name=default HTTP/1.1" status: 200 len: 2992 time: 0.0636840
2026-05-28 22:52:10.103 10 INFO neutron.wsgi [req-93085a29-5895-4337-9370-53f50e9399e7 req-53fbdb94-2336-4103-bbef-10e4a653a992 1061312ac679486ba55e39aab7256f1e 9a27a7dc5d22441ca2da4e16b8ab1c8a - - default default] 10.0.0.25 "GET /v2.0/security-groups?id=ffbca36d-3d25-4036-96cd-a3c6e93c6faf&fields=id&fields=name HTTP/1.1" status: 200 len: 313 time: 0.0341873
2026-05-28 22:52:10.351 10 INFO neutron.services.segments.plugin [-] Segment 040cd4d2-a0ad-4b86-8738-6c4762aeec6e resource provider aggregate not found
2026-05-28 22:52:10.365 10 INFO neutron.services.segments.plugin [-] Segment 040cd4d2-a0ad-4b86-8738-6c4762aeec6e resource provider not found; error: Placement Client Error (4xx): {"errors": [{"status": 404, "title": "Not Found", "detail": "The resource could not be found.\n\n No resource provider with uuid 040cd4d2-a0ad-4b86-8738-6c4762aeec6e found for delete ", "request_id": "req-0e915077-1a5e-4c50-b2c8-6fb10fdc4642"}]}
2026-05-28 22:52:10.401 10 INFO neutron.services.segments.plugin [-] Segment 040cd4d2-a0ad-4b86-8738-6c4762aeec6e resource provider aggregate not found
2026-05-28 22:52:10.402 9 INFO neutron.wsgi [None req-2b787a36-fd54-48dc-a992-0fb6b72747c4 b76c453d58874d13b85a7d1b8ac146fa 3ad2daaa386e48638d73cfacb3b5a244 - - default default] 10.0.0.129 "DELETE /v2.0/security-groups/76c4152e-bb6f-46e6-869c-7d754d2be36b HTTP/1.1" status: 204 len: 168 time: 0.2978609
2026-05-28 22:52:10.418 10 INFO neutron.services.segments.plugin [-] Segment 040cd4d2-a0ad-4b86-8738-6c4762aeec6e resource provider not found; error: Placement Client Error (4xx): {"errors": [{"status": 404, "title": "Not Found", "detail": "The resource could not be found.\n\n No resource provider with uuid 040cd4d2-a0ad-4b86-8738-6c4762aeec6e found for delete ", "request_id": "req-09a1ef68-16a5-469a-ac35-00d372fe5107"}]}
2026-05-28 22:52:10.457 9 INFO neutron.wsgi [req-95db6ecb-91d2-454f-969a-62558c11f2ca req-0389bda3-d1cd-49e9-aa95-a329f4f93fa1 4b9ceb0c842d448487bef3053d683b65 8a75b6b2514844fa827e977460d47182 - - default default] 10.0.0.25 "GET /v2.0/ports?device_id=9f8e4203-6c8b-4481-93f7-4556c5c09fd2 HTTP/1.1" status: 200 len: 1172 time: 0.1415100
2026-05-28 22:52:10.527 9 INFO neutron.wsgi [req-95db6ecb-91d2-454f-969a-62558c11f2ca req-098ed595-688a-44ae-99e7-854461a4b113 4b9ceb0c842d448487bef3053d683b65 8a75b6b2514844fa827e977460d47182 - - default default] 10.0.0.25 "GET /v2.0/security-groups?id=59c68cf9-9de6-4f81-b6ca-7af307e82093&fields=id&fields=name HTTP/1.1" status: 200 len: 312 time: 0.0580826
2026-05-28 22:52:11.035 9 INFO neutron.wsgi [None req-8cadc4a8-76d6-4f9e-a832-e218bb8385b6 b76c453d58874d13b85a7d1b8ac146fa 3ad2daaa386e48638d73cfacb3b5a244 - - default default] 10.0.0.129 "PUT /v2.0/routers/8c13bf92-0064-4c82-aa85-7596472cbeba/remove_router_interface HTTP/1.1" status: 200 len: 503 time: 1.4549339 /var/lib/openstack/lib/python3.10/site-packages/pycadf/identifier.py:71: UserWarning: Invalid uuid: neutron. To ensure interoperability, identifiers should be a valid uuid. warnings.warn(('Invalid uuid: %s. To ensure interoperability, '
2026-05-28 22:52:11.214 10 INFO neutron.wsgi [req-76f49f0a-e662-4a3d-8b3e-d434ea95533a req-405708ff-2fb2-4ece-9b74-a85efce463cc 1061312ac679486ba55e39aab7256f1e 9a27a7dc5d22441ca2da4e16b8ab1c8a - - default default] 10.0.0.25 "GET /v2.0/ports?device_id=882a801c-46d9-4a6c-882b-8ad83501f630 HTTP/1.1" status: 200 len: 1168 time: 0.0554035
2026-05-28 22:52:11.259 10 INFO neutron.wsgi [req-76f49f0a-e662-4a3d-8b3e-d434ea95533a req-a298347b-bc71-4765-ba34-2bb42894340c 1061312ac679486ba55e39aab7256f1e 9a27a7dc5d22441ca2da4e16b8ab1c8a - - default default] 10.0.0.25 "GET /v2.0/security-groups?id=ffbca36d-3d25-4036-96cd-a3c6e93c6faf&fields=id&fields=name HTTP/1.1" status: 200 len: 313 time: 0.0398962
2026-05-28 22:52:11.631 9 INFO neutron.wsgi [req-b94dce65-1967-4072-b510-2d70be0d485d req-e77eff8b-a695-4bcc-b2ff-996474cef881 4b9ceb0c842d448487bef3053d683b65 8a75b6b2514844fa827e977460d47182 - - default default] 10.0.0.25 "GET /v2.0/ports?device_id=9f8e4203-6c8b-4481-93f7-4556c5c09fd2 HTTP/1.1" status: 200 len: 1172 time: 0.0427573
2026-05-28 22:52:11.687 9 INFO neutron.wsgi [req-b94dce65-1967-4072-b510-2d70be0d485d req-ae85830e-a6a0-41f3-9e8b-1542aeb71d4b 4b9ceb0c842d448487bef3053d683b65 8a75b6b2514844fa827e977460d47182 - - default default] 10.0.0.25 "GET /v2.0/security-groups?id=59c68cf9-9de6-4f81-b6ca-7af307e82093&fields=id&fields=name HTTP/1.1" status: 200 len: 312 time: 0.0428727
2026-05-28 22:52:11.949 9 INFO neutron.wsgi [None req-5dd465df-eea6-4b07-9970-2c5242e808e6 b76c453d58874d13b85a7d1b8ac146fa 3ad2daaa386e48638d73cfacb3b5a244 - - default default] 10.0.0.129 "DELETE /v2.0/routers/8c13bf92-0064-4c82-aa85-7596472cbeba HTTP/1.1" status: 204 len: 168 time: 0.9069188
2026-05-28 22:52:12.128 9 INFO neutron.wsgi [None req-cf0df740-0f58-456a-8855-cf9081cb84ae b76c453d58874d13b85a7d1b8ac146fa 3ad2daaa386e48638d73cfacb3b5a244 - - default default] 10.0.0.129 "DELETE /v2.0/subnets/0cb700a1-0b90-48b5-bfa0-71e071f95237 HTTP/1.1" status: 204 len: 168 time: 0.1743703
2026-05-28 22:52:12.157 10 WARNING neutron.plugins.ml2.drivers.ovn.mech_driver.ovsdb.ovn_client [None req-97ab8ac3-bf11-4efe-8f10-3e367a5a18a6 - - - - - -] No hosting information found for port 80e5f9b8-e8c1-4191-b863-d433ecbcf96c: RuntimeError: No hosting information found for port 80e5f9b8-e8c1-4191-b863-d433ecbcf96c
2026-05-28 22:52:12.157 10 INFO neutron.plugins.ml2.drivers.ovn.mech_driver.mech_driver [None req-97ab8ac3-bf11-4efe-8f10-3e367a5a18a6 - - - - - -] OVN reports status up for port: a2aa4804-9f3d-42c0-b7b7-64044f1cfbf6
2026-05-28 22:52:12.230 9 INFO neutron.wsgi [-] 10.0.0.45 "GET / HTTP/1.1" status: 200 len: 246 time: 0.0014505
2026-05-28 22:52:12.233 10 INFO neutron.wsgi [-] 10.0.0.45 "GET / HTTP/1.1" status: 200 len: 246 time: 0.0032775
2026-05-28 22:52:12.397 10 INFO neutron.wsgi [req-40a73dec-f5c1-4771-b9d4-1c8018988535 req-658dfd0a-c1e6-4827-a029-068026d63a41 1061312ac679486ba55e39aab7256f1e 9a27a7dc5d22441ca2da4e16b8ab1c8a - - default default] 10.0.0.25 "GET /v2.0/ports?device_id=882a801c-46d9-4a6c-882b-8ad83501f630 HTTP/1.1" status: 200 len: 1168 time: 0.0673773
2026-05-28 22:52:12.445 10 INFO neutron.wsgi [req-40a73dec-f5c1-4771-b9d4-1c8018988535 req-95176b52-c190-4b0d-a2ef-56debeb13218 1061312ac679486ba55e39aab7256f1e 9a27a7dc5d22441ca2da4e16b8ab1c8a - - default default] 10.0.0.25 "GET /v2.0/security-groups?id=ffbca36d-3d25-4036-96cd-a3c6e93c6faf&fields=id&fields=name HTTP/1.1" status: 200 len: 313 time: 0.0431774
2026-05-28 22:52:12.508 10 INFO neutron.plugins.ml2.drivers.ovn.mech_driver.mech_driver [None req-97ab8ac3-bf11-4efe-8f10-3e367a5a18a6 - - - - - -] OVN reports status up for port: 8bab360b-aed5-4729-9162-1c6289045a13
2026-05-28 22:52:12.534 10 INFO neutron.plugins.ml2.plugin [None req-97ab8ac3-bf11-4efe-8f10-3e367a5a18a6 - - - - - -] Attempt 1 to provision port 8bab360b-aed5-4729-9162-1c6289045a13
2026-05-28 22:52:12.598 9 INFO neutron.wsgi [None req-931a5ea1-f38b-41ea-9ec2-bc48ef2bf072 b76c453d58874d13b85a7d1b8ac146fa 3ad2daaa386e48638d73cfacb3b5a244 - - default default] 10.0.0.129 "DELETE /v2.0/networks/5d86740a-a748-4574-b577-43b078998cba HTTP/1.1" status: 204 len: 168 time: 0.4662442
2026-05-28 22:52:12.692 10 INFO neutron.notifiers.nova [-] Nova event matching ['req-c580f6f4-1f36-4767-aaea-f99004df029b'] response: {'server_uuid': '9f8e4203-6c8b-4481-93f7-4556c5c09fd2', 'name': 'network-vif-plugged', 'status': 'completed', 'tag': '8bab360b-aed5-4729-9162-1c6289045a13', 'code': 200}
2026-05-28 22:52:12.824 10 INFO neutron.wsgi [None req-89781730-70c8-4c50-af6d-9807b7e6831e b76c453d58874d13b85a7d1b8ac146fa 3ad2daaa386e48638d73cfacb3b5a244 - - default default] 10.0.0.129 "GET /v2.0/security-groups?tenant_id=b20ad663ff1f4009bce6c65e406df442&name=default HTTP/1.1" status: 200 len: 2992 time: 0.0672269
2026-05-28 22:52:12.872 10 INFO neutron.wsgi [req-7a162f62-3d37-44e6-8f47-66972b64481d req-7bd54ac3-cd0d-4431-a780-1070d4fad569 4b9ceb0c842d448487bef3053d683b65 8a75b6b2514844fa827e977460d47182 - - default default] 10.0.0.25 "GET /v2.0/ports?device_id=9f8e4203-6c8b-4481-93f7-4556c5c09fd2 HTTP/1.1" status: 200 len: 1174 time: 0.1293843
2026-05-28 22:52:13.056 10 INFO neutron.wsgi [req-7a162f62-3d37-44e6-8f47-66972b64481d req-ee1f3c2c-bc15-4881-bd46-19d1e80ccb56 4b9ceb0c842d448487bef3053d683b65 8a75b6b2514844fa827e977460d47182 - - default default] 10.0.0.25 "GET /v2.0/security-groups?id=59c68cf9-9de6-4f81-b6ca-7af307e82093&fields=id&fields=name HTTP/1.1" status: 200 len: 312 time: 0.1787450
2026-05-28 22:52:13.056 10 INFO neutron.db.ovn_revision_numbers_db [None req-97ab8ac3-bf11-4efe-8f10-3e367a5a18a6 - - - - - -] Successfully bumped revision number for resource 8bab360b-aed5-4729-9162-1c6289045a13 (type: ports) to 4
2026-05-28 22:52:13.095 9 INFO neutron.wsgi [None req-01a1028b-0cfd-4d9c-bbe1-de71da1181c4 b76c453d58874d13b85a7d1b8ac146fa 3ad2daaa386e48638d73cfacb3b5a244 - - default default] 10.0.0.129 "DELETE /v2.0/security-groups/073b566c-7807-4104-80c0-500b754037f6 HTTP/1.1" status: 204 len: 168 time: 0.2642446
2026-05-28 22:52:13.100 10 INFO neutron.plugins.ml2.drivers.ovn.mech_driver.mech_driver [None req-97ab8ac3-bf11-4efe-8f10-3e367a5a18a6 - - - - - -] OVN reports status up for port: 11b84804-6ed6-4675-b18d-b3fa7c3cf877
2026-05-28 22:52:13.109 10 INFO neutron.plugins.ml2.plugin [None req-97ab8ac3-bf11-4efe-8f10-3e367a5a18a6 - - - - - -] Attempt 1 to provision port 11b84804-6ed6-4675-b18d-b3fa7c3cf877
2026-05-28 22:52:13.174 9 INFO neutron.services.segments.plugin [-] Segment c5be18ed-6884-4c6f-a284-7a778245cde8 resource provider aggregate not found
2026-05-28 22:52:13.190 9 INFO neutron.services.segments.plugin [-] Segment c5be18ed-6884-4c6f-a284-7a778245cde8 resource provider not found; error: Placement Client Error (4xx): {"errors": [{"status": 404, "title": "Not Found", "detail": "The resource could not be found.\n\n No resource provider with uuid c5be18ed-6884-4c6f-a284-7a778245cde8 found for delete ", "request_id": "req-a92ae23b-ef0a-46b5-a162-e10566b61667"}]}
2026-05-28 22:52:13.199 9 INFO neutron.services.segments.plugin [-] Segment c5be18ed-6884-4c6f-a284-7a778245cde8 resource provider aggregate not found
2026-05-28 22:52:13.219 9 INFO neutron.services.segments.plugin [-] Segment c5be18ed-6884-4c6f-a284-7a778245cde8 resource provider not found; error: Placement Client Error (4xx): {"errors": [{"status": 404, "title": "Not Found", "detail": "The resource could not be found.\n\n No resource provider with uuid c5be18ed-6884-4c6f-a284-7a778245cde8 found for delete ", "request_id": "req-0a3a7aa7-1e16-4a60-b5f1-f5886d86b6b9"}]}
2026-05-28 22:52:13.402 10 INFO neutron.db.ovn_revision_numbers_db [None req-97ab8ac3-bf11-4efe-8f10-3e367a5a18a6 - - - - - -] Successfully bumped revision number for resource 11b84804-6ed6-4675-b18d-b3fa7c3cf877 (type: ports) to 4
2026-05-28 22:52:13.614 9 INFO neutron.wsgi [req-f0d0cbc8-542e-4a56-ab86-72e6dc6322c2 req-3198c8a9-19dd-4546-b6be-0bc290d4de48 1061312ac679486ba55e39aab7256f1e 9a27a7dc5d22441ca2da4e16b8ab1c8a - - default default] 10.0.0.25 "GET /v2.0/ports?device_id=882a801c-46d9-4a6c-882b-8ad83501f630 HTTP/1.1" status: 200 len: 1170 time: 0.0999997
2026-05-28 22:52:13.659 9 INFO neutron.wsgi [req-f0d0cbc8-542e-4a56-ab86-72e6dc6322c2 req-5d78a0c7-8d0c-4a12-aea7-b957f363c849 1061312ac679486ba55e39aab7256f1e 9a27a7dc5d22441ca2da4e16b8ab1c8a - - default default] 10.0.0.25 "GET /v2.0/security-groups?id=ffbca36d-3d25-4036-96cd-a3c6e93c6faf&fields=id&fields=name HTTP/1.1" status: 200 len: 313 time: 0.0393484 /var/lib/openstack/lib/python3.10/site-packages/pycadf/identifier.py:71: UserWarning: Invalid uuid: neutron. To ensure interoperability, identifiers should be a valid uuid. warnings.warn(('Invalid uuid: %s. To ensure interoperability, '
2026-05-28 22:52:14.160 10 INFO neutron.wsgi [req-bb2c977b-49de-4b38-849f-05cf35835853 req-7e5682bb-2418-4fb5-b6f0-dd2b4a30913a 4b9ceb0c842d448487bef3053d683b65 8a75b6b2514844fa827e977460d47182 - - default default] 10.0.0.25 "GET /v2.0/ports?device_id=9f8e4203-6c8b-4481-93f7-4556c5c09fd2 HTTP/1.1" status: 200 len: 1174 time: 0.0404253
2026-05-28 22:52:14.207 10 INFO neutron.wsgi [req-bb2c977b-49de-4b38-849f-05cf35835853 req-6d21bca2-8c01-4de4-a938-64d4b9a59010 4b9ceb0c842d448487bef3053d683b65 8a75b6b2514844fa827e977460d47182 - - default default] 10.0.0.25 "GET /v2.0/security-groups?id=59c68cf9-9de6-4f81-b6ca-7af307e82093&fields=id&fields=name HTTP/1.1" status: 200 len: 312 time: 0.0394964
2026-05-28 22:52:14.335 9 INFO neutron.wsgi [req-df82327d-b409-453c-b278-4220229c5b6b req-13ac4349-6eed-4015-b607-6e4488e768b9 4b9ceb0c842d448487bef3053d683b65 8a75b6b2514844fa827e977460d47182 - - default default] 10.0.0.25 "GET /v2.0/ports?device_id=9f8e4203-6c8b-4481-93f7-4556c5c09fd2 HTTP/1.1" status: 200 len: 1174 time: 0.0395107
2026-05-28 22:52:14.746 10 INFO neutron.notifiers.nova [-] Nova event matching ['req-9e132027-edfc-4758-807b-960bf25f2dc5'] response: {'server_uuid': '9f8e4203-6c8b-4481-93f7-4556c5c09fd2', 'name': 'network-vif-plugged', 'status': 'completed', 'tag': '8bab360b-aed5-4729-9162-1c6289045a13', 'code': 200}
2026-05-28 22:52:14.746 10 INFO neutron.notifiers.nova [-] Nova event matching ['req-9e132027-edfc-4758-807b-960bf25f2dc5'] response: {'server_uuid': '882a801c-46d9-4a6c-882b-8ad83501f630', 'name': 'network-vif-plugged', 'status': 'completed', 'tag': '11b84804-6ed6-4675-b18d-b3fa7c3cf877', 'code': 200}
2026-05-28 22:52:14.746 10 INFO neutron.notifiers.nova [-] Nova event matching ['req-9e132027-edfc-4758-807b-960bf25f2dc5'] response: {'server_uuid': '882a801c-46d9-4a6c-882b-8ad83501f630', 'name': 'network-vif-plugged', 'status': 'completed', 'tag': '11b84804-6ed6-4675-b18d-b3fa7c3cf877', 'code': 200}
2026-05-28 22:52:14.776 10 INFO neutron.db.ovn_revision_numbers_db [None req-5f92c8f0-7dfe-4582-be94-d4461d68fc75 b76c453d58874d13b85a7d1b8ac146fa 3ad2daaa386e48638d73cfacb3b5a244 - - default default] Successfully bumped revision number for resource 7a074b4f-5b1f-48bd-9d0e-ae9c45a78cb4 (type: security_groups) to 1
2026-05-28 22:52:14.810 10 INFO neutron.wsgi [req-348d67ae-4889-40aa-b6ed-a9dc7be414b4 req-18f45eb3-80ba-4658-a21d-f6b5c2e6dded 1061312ac679486ba55e39aab7256f1e 9a27a7dc5d22441ca2da4e16b8ab1c8a - - default default] 10.0.0.25 "GET /v2.0/ports?device_id=882a801c-46d9-4a6c-882b-8ad83501f630 HTTP/1.1" status: 200 len: 1170 time: 0.0435011
2026-05-28 22:52:14.811 10 INFO neutron.db.ovn_revision_numbers_db [None req-5f92c8f0-7dfe-4582-be94-d4461d68fc75 b76c453d58874d13b85a7d1b8ac146fa 3ad2daaa386e48638d73cfacb3b5a244 - - default default] Successfully bumped revision number for resource 2bf07c90-3c49-46b1-a6cb-cc4bb9207650 (type: security_group_rules) to 0
2026-05-28 22:52:14.829 10 INFO neutron.db.ovn_revision_numbers_db [None req-5f92c8f0-7dfe-4582-be94-d4461d68fc75 b76c453d58874d13b85a7d1b8ac146fa 3ad2daaa386e48638d73cfacb3b5a244 - - default default] Successfully bumped revision number for resource 861b109b-723d-4255-8226-f24a2e644126 (type: security_group_rules) to 0
2026-05-28 22:52:14.851 10 INFO neutron.wsgi [req-348d67ae-4889-40aa-b6ed-a9dc7be414b4 req-6f7b0884-d0df-4ff8-accd-394f59ad4e2d 1061312ac679486ba55e39aab7256f1e 9a27a7dc5d22441ca2da4e16b8ab1c8a - - default default] 10.0.0.25 "GET /v2.0/security-groups?id=ffbca36d-3d25-4036-96cd-a3c6e93c6faf&fields=id&fields=name HTTP/1.1" status: 200 len: 313 time: 0.0320489
2026-05-28 22:52:14.852 10 INFO neutron.db.ovn_revision_numbers_db [None req-5f92c8f0-7dfe-4582-be94-d4461d68fc75 b76c453d58874d13b85a7d1b8ac146fa 3ad2daaa386e48638d73cfacb3b5a244 - - default default] Successfully bumped revision number for resource b013c7c7-ac36-450f-8a4a-562ca76c153c (type: security_group_rules) to 0
2026-05-28 22:52:14.861 9 INFO neutron.db.l3_db [None req-aa9e17e6-d106-49e0-9d69-8c09f5769e63 4b9ceb0c842d448487bef3053d683b65 8a75b6b2514844fa827e977460d47182 - - default default] Floating IP 76d45a20-efb7-4c65-ac58-84ecdb6bb694 associated. External IP: 10.96.250.211, port: 8bab360b-aed5-4729-9162-1c6289045a13.
2026-05-28 22:52:14.871 10 INFO neutron.db.ovn_revision_numbers_db [None req-5f92c8f0-7dfe-4582-be94-d4461d68fc75 b76c453d58874d13b85a7d1b8ac146fa 3ad2daaa386e48638d73cfacb3b5a244 - - default default] Successfully bumped revision number for resource d7f8d8d5-dba3-4e4d-92e2-996316d3269b (type: security_group_rules) to 0
2026-05-28 22:52:14.905 10 INFO neutron.wsgi [None req-5f92c8f0-7dfe-4582-be94-d4461d68fc75 b76c453d58874d13b85a7d1b8ac146fa 3ad2daaa386e48638d73cfacb3b5a244 - - default default] 10.0.0.129 "GET /v2.0/security-groups?tenant_id=9be67102be8249fcbccdf10675cb9b56&name=default HTTP/1.1" status: 200 len: 2996 time: 0.4167829
2026-05-28 22:52:15.125 9 INFO neutron.db.ovn_revision_numbers_db [None req-aa9e17e6-d106-49e0-9d69-8c09f5769e63 4b9ceb0c842d448487bef3053d683b65 8a75b6b2514844fa827e977460d47182 - - default default] Successfully bumped revision number for resource 76d45a20-efb7-4c65-ac58-84ecdb6bb694 (type: floatingips) to 1
2026-05-28 22:52:15.197 10 INFO neutron.wsgi [None req-e893d4bd-b654-4ab2-b490-94251a9ccbbc b76c453d58874d13b85a7d1b8ac146fa 3ad2daaa386e48638d73cfacb3b5a244 - - default default] 10.0.0.129 "DELETE /v2.0/security-groups/7a074b4f-5b1f-48bd-9d0e-ae9c45a78cb4 HTTP/1.1" status: 204 len: 168 time: 0.2863576
2026-05-28 22:52:15.287 9 INFO neutron.db.ovn_revision_numbers_db [None req-aa9e17e6-d106-49e0-9d69-8c09f5769e63 4b9ceb0c842d448487bef3053d683b65 8a75b6b2514844fa827e977460d47182 - - default default] Successfully bumped revision number for resource 76d45a20-efb7-4c65-ac58-84ecdb6bb694 (type: floatingips) to 2
2026-05-28 22:52:15.311 9 INFO neutron.wsgi [None req-aa9e17e6-d106-49e0-9d69-8c09f5769e63 4b9ceb0c842d448487bef3053d683b65 8a75b6b2514844fa827e977460d47182 - - default default] 10.0.0.129 "PUT /v2.0/floatingips/76d45a20-efb7-4c65-ac58-84ecdb6bb694 HTTP/1.1" status: 200 len: 1050 time: 0.9643826 /var/lib/openstack/lib/python3.10/site-packages/pycadf/identifier.py:71: UserWarning: Invalid uuid: neutron. To ensure interoperability, identifiers should be a valid uuid. warnings.warn(('Invalid uuid: %s. To ensure interoperability, '
2026-05-28 22:52:15.389 9 INFO neutron.wsgi [req-99fae79b-49da-4b43-b4ca-b1b24c220550 req-8bed490a-4f1f-4e90-aabc-eafb57b29466 4b9ceb0c842d448487bef3053d683b65 8a75b6b2514844fa827e977460d47182 - - default default] 10.0.0.25 "GET /v2.0/ports?device_id=9f8e4203-6c8b-4481-93f7-4556c5c09fd2 HTTP/1.1" status: 200 len: 1174 time: 0.0385582
2026-05-28 22:52:15.436 9 INFO neutron.wsgi [req-99fae79b-49da-4b43-b4ca-b1b24c220550 req-1ee8e3a9-6217-4a73-970f-9e3879bb3e4e 4b9ceb0c842d448487bef3053d683b65 8a75b6b2514844fa827e977460d47182 - - default default] 10.0.0.25 "GET /v2.0/security-groups?id=59c68cf9-9de6-4f81-b6ca-7af307e82093&fields=id&fields=name HTTP/1.1" status: 200 len: 312 time: 0.0400963
2026-05-28 22:52:15.477 9 INFO neutron.notifiers.nova [-] Nova event matching ['req-5012ace3-5aae-4490-ae0e-4d9370a199bf'] response: {'name': 'network-changed', 'server_uuid': '9f8e4203-6c8b-4481-93f7-4556c5c09fd2', 'tag': '8bab360b-aed5-4729-9162-1c6289045a13', 'status': 'completed', 'code': 200}
2026-05-28 22:52:15.482 9 INFO neutron.db.ovn_revision_numbers_db [None req-2d0a43ee-1a19-4d35-a1f1-42f29dca8bf6 b76c453d58874d13b85a7d1b8ac146fa 3ad2daaa386e48638d73cfacb3b5a244 - - default default] Successfully bumped revision number for resource 3434a91c-2897-4bb0-b209-95f25f7cd7ea (type: security_groups) to 1
2026-05-28 22:52:15.520 9 INFO neutron.db.ovn_revision_numbers_db [None req-2d0a43ee-1a19-4d35-a1f1-42f29dca8bf6 b76c453d58874d13b85a7d1b8ac146fa 3ad2daaa386e48638d73cfacb3b5a244 - - default default] Successfully bumped revision number for resource 2cbe9e79-6afb-405f-95f6-508a118f112a (type: security_group_rules) to 0
2026-05-28 22:52:15.528 9 INFO neutron.wsgi [req-a6ce9117-01bf-40fc-8773-cfd8ff51094f req-be74ed58-a856-42ee-a871-cb6b6e4327d3 2e97ca90eb3546e1ae99765880d7dfc4 73a0f4f6eb244478b26f178b2d6bc468 - - c677fa05ab174be88a773294a28ab893 c677fa05ab174be88a773294a28ab893] 199.204.45.210 "GET /v2.0/ports?tenant_id=8a75b6b2514844fa827e977460d47182&device_id=9f8e4203-6c8b-4481-93f7-4556c5c09fd2 HTTP/1.1" status: 200 len: 1413 time: 0.0348027
2026-05-28 22:52:15.546 9 INFO neutron.db.ovn_revision_numbers_db [None req-2d0a43ee-1a19-4d35-a1f1-42f29dca8bf6 b76c453d58874d13b85a7d1b8ac146fa 3ad2daaa386e48638d73cfacb3b5a244 - - default default] Successfully bumped revision number for resource 86ed141a-671f-47cb-bcae-a5a69e772dc1 (type: security_group_rules) to 0
2026-05-28 22:52:15.578 9 INFO neutron.db.ovn_revision_numbers_db [None req-2d0a43ee-1a19-4d35-a1f1-42f29dca8bf6 b76c453d58874d13b85a7d1b8ac146fa 3ad2daaa386e48638d73cfacb3b5a244 - - default default] Successfully bumped revision number for resource 93756c01-326c-4fdb-8664-29e2c6eca072 (type: security_group_rules) to 0
2026-05-28 22:52:15.608 9 INFO neutron.wsgi [req-a6ce9117-01bf-40fc-8773-cfd8ff51094f req-0ff3b726-5032-4ab3-892f-0107d2c8db63 2e97ca90eb3546e1ae99765880d7dfc4 73a0f4f6eb244478b26f178b2d6bc468 - - c677fa05ab174be88a773294a28ab893 c677fa05ab174be88a773294a28ab893] 199.204.45.210 "GET /v2.0/networks?id=4e407540-022e-4a16-9966-5c4bd89f9049 HTTP/1.1" status: 200 len: 968 time: 0.0711408
2026-05-28 22:52:15.612 9 INFO neutron.db.ovn_revision_numbers_db [None req-2d0a43ee-1a19-4d35-a1f1-42f29dca8bf6 b76c453d58874d13b85a7d1b8ac146fa 3ad2daaa386e48638d73cfacb3b5a244 - - default default] Successfully bumped revision number for resource c298f3ea-b90f-48f3-b6d5-63dfaf43a06d (type: security_group_rules) to 0
2026-05-28 22:52:15.659 9 INFO neutron.wsgi [None req-2d0a43ee-1a19-4d35-a1f1-42f29dca8bf6 b76c453d58874d13b85a7d1b8ac146fa 3ad2daaa386e48638d73cfacb3b5a244 - - default default] 10.0.0.129 "GET /v2.0/security-groups?tenant_id=81c2f0ca8a7d4a68a669ad4135c8d18a&name=default HTTP/1.1" status: 200 len: 2996 time: 0.3158937
2026-05-28 22:52:15.697 9 INFO neutron.wsgi [req-a6ce9117-01bf-40fc-8773-cfd8ff51094f req-be24ada0-8c3b-4d6f-82ce-488943047616 2e97ca90eb3546e1ae99765880d7dfc4 73a0f4f6eb244478b26f178b2d6bc468 - - c677fa05ab174be88a773294a28ab893 c677fa05ab174be88a773294a28ab893] 199.204.45.210 "GET /v2.0/floatingips?fixed_ip_address=10.100.0.10&port_id=8bab360b-aed5-4729-9162-1c6289045a13 HTTP/1.1" status: 200 len: 1060 time: 0.0783877
2026-05-28 22:52:15.761 9 INFO neutron.wsgi [req-a6ce9117-01bf-40fc-8773-cfd8ff51094f req-61bf70eb-5408-45d4-b0a4-2d796918cb3b 2e97ca90eb3546e1ae99765880d7dfc4 73a0f4f6eb244478b26f178b2d6bc468 - - c677fa05ab174be88a773294a28ab893 c677fa05ab174be88a773294a28ab893] 199.204.45.210 "GET /v2.0/subnets?id=0d1b6676-07b9-40a2-9f8a-1c7615357f76 HTTP/1.1" status: 200 len: 863 time: 0.0392015
2026-05-28 22:52:15.819 9 INFO neutron.wsgi [req-a6ce9117-01bf-40fc-8773-cfd8ff51094f req-de209adf-c24b-4774-b3d9-41d198f48260 2e97ca90eb3546e1ae99765880d7dfc4 73a0f4f6eb244478b26f178b2d6bc468 - - c677fa05ab174be88a773294a28ab893 c677fa05ab174be88a773294a28ab893] 199.204.45.210 "GET /v2.0/ports?network_id=4e407540-022e-4a16-9966-5c4bd89f9049&device_owner=network%3Adhcp HTTP/1.1" status: 200 len: 210 time: 0.0390437
2026-05-28 22:52:15.834 10 INFO neutron.wsgi [req-d6a6efad-f5ad-44f8-b33d-148fe535dc11 req-6e7da0ca-a20c-40e8-8284-2cfb034e1903 4b9ceb0c842d448487bef3053d683b65 8a75b6b2514844fa827e977460d47182 - - default default] 10.0.0.25 "GET /v2.0/ports?device_id=9f8e4203-6c8b-4481-93f7-4556c5c09fd2 HTTP/1.1" status: 200 len: 1174 time: 0.0478413
2026-05-28 22:52:15.853 10 INFO neutron.plugins.ml2.drivers.ovn.mech_driver.mech_driver [None req-97ab8ac3-bf11-4efe-8f10-3e367a5a18a6 - - - - - -] OVN reports status down for port: 8bab360b-aed5-4729-9162-1c6289045a13
2026-05-28 22:52:15.893 9 INFO neutron.wsgi [req-a6ce9117-01bf-40fc-8773-cfd8ff51094f req-610f1402-22dd-4515-92a8-0ce16847036d 2e97ca90eb3546e1ae99765880d7dfc4 73a0f4f6eb244478b26f178b2d6bc468 - - c677fa05ab174be88a773294a28ab893 c677fa05ab174be88a773294a28ab893] 199.204.45.210 "GET /v2.0/networks/4e407540-022e-4a16-9966-5c4bd89f9049?fields=segments HTTP/1.1" status: 200 len: 212 time: 0.0663621
2026-05-28 22:52:15.900 10 INFO neutron.wsgi [req-d6a6efad-f5ad-44f8-b33d-148fe535dc11 req-46fcb9a9-3368-4eeb-b4b5-119ca94d2e59 4b9ceb0c842d448487bef3053d683b65 8a75b6b2514844fa827e977460d47182 - - default default] 10.0.0.25 "GET /v2.0/security-groups?id=59c68cf9-9de6-4f81-b6ca-7af307e82093&fields=id&fields=name HTTP/1.1" status: 200 len: 312 time: 0.0587294
2026-05-28 22:52:16.007 9 INFO neutron.wsgi [req-a6ce9117-01bf-40fc-8773-cfd8ff51094f req-dcb95847-82a6-4278-b4fb-484e9c3a0c2e 2e97ca90eb3546e1ae99765880d7dfc4 73a0f4f6eb244478b26f178b2d6bc468 - - c677fa05ab174be88a773294a28ab893 c677fa05ab174be88a773294a28ab893] 199.204.45.210 "GET /v2.0/networks/4e407540-022e-4a16-9966-5c4bd89f9049?fields=provider%3Aphysical_network&fields=provider%3Anetwork_type HTTP/1.1" status: 200 len: 277 time: 0.1065881
2026-05-28 22:52:16.013 9 INFO neutron.wsgi [req-0b7f4a2c-6a4e-499a-a69c-2c0ed272294a req-88318cd5-cdd6-415e-a354-38632512aae9 1061312ac679486ba55e39aab7256f1e 9a27a7dc5d22441ca2da4e16b8ab1c8a - - default default] 10.0.0.25 "GET /v2.0/ports?device_id=882a801c-46d9-4a6c-882b-8ad83501f630 HTTP/1.1" status: 200 len: 1170 time: 0.0722866
2026-05-28 22:52:16.037 9 INFO neutron.wsgi [None req-248e98fc-50b9-4112-890a-1fb27dc8e9b3 b76c453d58874d13b85a7d1b8ac146fa 3ad2daaa386e48638d73cfacb3b5a244 - - default default] 10.0.0.129 "DELETE /v2.0/security-groups/3434a91c-2897-4bb0-b209-95f25f7cd7ea HTTP/1.1" status: 204 len: 168 time: 0.3712671
2026-05-28 22:52:16.070 9 INFO neutron.wsgi [req-0b7f4a2c-6a4e-499a-a69c-2c0ed272294a req-08b9eb9f-c9c4-469f-9aa7-0b59acc725c4 1061312ac679486ba55e39aab7256f1e 9a27a7dc5d22441ca2da4e16b8ab1c8a - - default default] 10.0.0.25 "GET /v2.0/security-groups?id=ffbca36d-3d25-4036-96cd-a3c6e93c6faf&fields=id&fields=name HTTP/1.1" status: 200 len: 313 time: 0.0495064
2026-05-28 22:52:16.275 10 INFO neutron.db.ovn_revision_numbers_db [None req-97ab8ac3-bf11-4efe-8f10-3e367a5a18a6 - - - - - -] Successfully bumped revision number for resource 8bab360b-aed5-4729-9162-1c6289045a13 (type: ports) to 5
2026-05-28 22:52:16.287 10 INFO neutron.wsgi [req-5d4e1369-c8cf-4e19-8ea4-b71d67d4b0fc req-251ef49b-babd-4978-9c97-1d124e4eab14 1061312ac679486ba55e39aab7256f1e 9a27a7dc5d22441ca2da4e16b8ab1c8a - - default default] 10.0.0.25 "GET /v2.0/ports?device_id=882a801c-46d9-4a6c-882b-8ad83501f630 HTTP/1.1" status: 200 len: 1170 time: 0.1357191
2026-05-28 22:52:16.301 9 INFO neutron.wsgi [req-adfa3702-704c-417d-9936-cfe2316af72e req-dfb63504-e75d-44c0-bdab-221f4f703560 4b9ceb0c842d448487bef3053d683b65 8a75b6b2514844fa827e977460d47182 - - default default] 199.204.45.210 "GET /v2.0/ports?device_id=9f8e4203-6c8b-4481-93f7-4556c5c09fd2 HTTP/1.1" status: 200 len: 1172 time: 0.1212831 /var/lib/openstack/lib/python3.10/site-packages/pycadf/identifier.py:71: UserWarning: Invalid uuid: neutron. To ensure interoperability, identifiers should be a valid uuid. warnings.warn(('Invalid uuid: %s. To ensure interoperability, '
2026-05-28 22:52:16.668 10 INFO neutron.db.l3_db [None req-a6928c86-e8b8-4cd2-bbac-3b908b1bf855 1061312ac679486ba55e39aab7256f1e 9a27a7dc5d22441ca2da4e16b8ab1c8a - - default default] Floating IP 2e033aad-da25-441b-8fea-935fc73a1ec9 associated. External IP: 10.96.250.203, port: 11b84804-6ed6-4675-b18d-b3fa7c3cf877.
2026-05-28 22:52:16.717 9 INFO neutron.db.l3_db [req-adfa3702-704c-417d-9936-cfe2316af72e req-1dbdd58b-4e5a-4260-88ef-8e8674f4d285 4b9ceb0c842d448487bef3053d683b65 8a75b6b2514844fa827e977460d47182 - - default default] Floating IP 76d45a20-efb7-4c65-ac58-84ecdb6bb694 disassociated. External IP: 10.96.250.211, port: 8bab360b-aed5-4729-9162-1c6289045a13.
2026-05-28 22:52:16.793 10 INFO neutron.notifiers.nova [-] Nova event matching ['req-de33ae7d-3551-44d1-b1b1-741c1ae39327'] response: {'server_uuid': '9f8e4203-6c8b-4481-93f7-4556c5c09fd2', 'name': 'network-vif-unplugged', 'status': 'completed', 'tag': '8bab360b-aed5-4729-9162-1c6289045a13', 'code': 200}
2026-05-28 22:52:16.793 10 INFO neutron.notifiers.nova [-] Nova event matching ['req-de33ae7d-3551-44d1-b1b1-741c1ae39327'] response: {'server_uuid': '9f8e4203-6c8b-4481-93f7-4556c5c09fd2', 'name': 'network-vif-plugged', 'status': 'completed', 'tag': '8bab360b-aed5-4729-9162-1c6289045a13', 'code': 200}
2026-05-28 22:52:16.929 9 INFO neutron.wsgi [req-adfa3702-704c-417d-9936-cfe2316af72e req-1dbdd58b-4e5a-4260-88ef-8e8674f4d285 4b9ceb0c842d448487bef3053d683b65 8a75b6b2514844fa827e977460d47182 - - default default] 199.204.45.210 "DELETE /v2.0/ports/8bab360b-aed5-4729-9162-1c6289045a13 HTTP/1.1" status: 204 len: 173 time: 0.6208315
2026-05-28 22:52:16.981 10 INFO neutron.wsgi [req-d914d3e2-8207-4a31-8d3f-7a66a5fa63a7 req-750fbca4-d4e2-4e5b-908f-46b8a6676e69 4b9ceb0c842d448487bef3053d683b65 8a75b6b2514844fa827e977460d47182 - - default default] 10.0.0.25 "GET /v2.0/ports?device_id=9f8e4203-6c8b-4481-93f7-4556c5c09fd2 HTTP/1.1" status: 200 len: 210 time: 0.0227139
2026-05-28 22:52:16.989 10 INFO neutron.db.ovn_revision_numbers_db [None req-f83049ad-111c-4b33-8300-3927f162592e b76c453d58874d13b85a7d1b8ac146fa 3ad2daaa386e48638d73cfacb3b5a244 - - default default] Successfully bumped revision number for resource 4f859a90-ef86-4d02-a593-a1b23bf21541 (type: security_groups) to 1
2026-05-28 22:52:17.015 10 INFO neutron.db.ovn_revision_numbers_db [None req-f83049ad-111c-4b33-8300-3927f162592e b76c453d58874d13b85a7d1b8ac146fa 3ad2daaa386e48638d73cfacb3b5a244 - - default default] Successfully bumped revision number for resource 062d1bdb-3f1a-469c-a443-a8f5c8fd7b20 (type: security_group_rules) to 0
2026-05-28 22:52:17.037 10 INFO neutron.db.ovn_revision_numbers_db [None req-f83049ad-111c-4b33-8300-3927f162592e b76c453d58874d13b85a7d1b8ac146fa 3ad2daaa386e48638d73cfacb3b5a244 - - default default] Successfully bumped revision number for resource 19cd1121-134d-47c8-86e6-c919cdbdbed7 (type: security_group_rules) to 0
2026-05-28 22:52:17.072 10 INFO neutron.db.ovn_revision_numbers_db [None req-f83049ad-111c-4b33-8300-3927f162592e b76c453d58874d13b85a7d1b8ac146fa 3ad2daaa386e48638d73cfacb3b5a244 - - default default] Successfully bumped revision number for resource 6df834ee-3c24-4cc4-9a8f-0c8bc8c38e08 (type: security_group_rules) to 0
2026-05-28 22:52:17.087 10 INFO neutron.db.ovn_revision_numbers_db [None req-f83049ad-111c-4b33-8300-3927f162592e b76c453d58874d13b85a7d1b8ac146fa 3ad2daaa386e48638d73cfacb3b5a244 - - default default] Successfully bumped revision number for resource 7dc5f86e-d9d9-4417-9274-c64e99748c04 (type: security_group_rules) to 0
2026-05-28 22:52:17.101 10 INFO neutron.db.ovn_revision_numbers_db [None req-a6928c86-e8b8-4cd2-bbac-3b908b1bf855 1061312ac679486ba55e39aab7256f1e 9a27a7dc5d22441ca2da4e16b8ab1c8a - - default default] Successfully bumped revision number for resource 2e033aad-da25-441b-8fea-935fc73a1ec9 (type: floatingips) to 1
2026-05-28 22:52:17.120 10 INFO neutron.wsgi [None req-f83049ad-111c-4b33-8300-3927f162592e b76c453d58874d13b85a7d1b8ac146fa 3ad2daaa386e48638d73cfacb3b5a244 - - default default] 10.0.0.129 "GET /v2.0/security-groups?tenant_id=6db6b1940f7d457894894a1da19f6475&name=default HTTP/1.1" status: 200 len: 2996 time: 0.6735737 /var/lib/openstack/lib/python3.10/site-packages/pycadf/identifier.py:71: UserWarning: Invalid uuid: neutron. To ensure interoperability, identifiers should be a valid uuid. warnings.warn(('Invalid uuid: %s. To ensure interoperability, '
2026-05-28 22:52:17.234 10 INFO neutron.db.ovn_revision_numbers_db [None req-a6928c86-e8b8-4cd2-bbac-3b908b1bf855 1061312ac679486ba55e39aab7256f1e 9a27a7dc5d22441ca2da4e16b8ab1c8a - - default default] Successfully bumped revision number for resource 2e033aad-da25-441b-8fea-935fc73a1ec9 (type: floatingips) to 2
2026-05-28 22:52:17.278 10 INFO neutron.wsgi [None req-a6928c86-e8b8-4cd2-bbac-3b908b1bf855 1061312ac679486ba55e39aab7256f1e 9a27a7dc5d22441ca2da4e16b8ab1c8a - - default default] 10.0.0.129 "PUT /v2.0/floatingips/2e033aad-da25-441b-8fea-935fc73a1ec9 HTTP/1.1" status: 200 len: 1049 time: 0.9778593
2026-05-28 22:52:17.385 9 INFO neutron.wsgi [req-7ad105ee-22c8-4884-94ef-48b24fed5d90 req-c68cbda8-6563-4c70-8ba3-3eabb4c4d8f3 1061312ac679486ba55e39aab7256f1e 9a27a7dc5d22441ca2da4e16b8ab1c8a - - default default] 10.0.0.25 "GET /v2.0/ports?device_id=882a801c-46d9-4a6c-882b-8ad83501f630 HTTP/1.1" status: 200 len: 1170 time: 0.0496922
2026-05-28 22:52:17.453 9 INFO neutron.wsgi [req-7ad105ee-22c8-4884-94ef-48b24fed5d90 req-0bde9e18-d702-4da3-a49a-7f1aaa927ed9 1061312ac679486ba55e39aab7256f1e 9a27a7dc5d22441ca2da4e16b8ab1c8a - - default default] 10.0.0.25 "GET /v2.0/security-groups?id=ffbca36d-3d25-4036-96cd-a3c6e93c6faf&fields=id&fields=name HTTP/1.1" status: 200 len: 313 time: 0.0548141
2026-05-28 22:52:17.458 9 INFO neutron.wsgi [None req-a97a6651-8290-4de4-bb93-4a44c1785d12 b76c453d58874d13b85a7d1b8ac146fa 3ad2daaa386e48638d73cfacb3b5a244 - - default default] 10.0.0.129 "DELETE /v2.0/security-groups/4f859a90-ef86-4d02-a593-a1b23bf21541 HTTP/1.1" status: 204 len: 168 time: 0.3311572
2026-05-28 22:52:17.524 9 INFO neutron.notifiers.nova [-] Nova event matching ['req-3779c55a-f0cb-43f2-bb7a-94095fd2e64d'] response: {'server_uuid': '9f8e4203-6c8b-4481-93f7-4556c5c09fd2', 'name': 'network-vif-deleted', 'tag': '8bab360b-aed5-4729-9162-1c6289045a13', 'status': 'completed', 'code': 200}
2026-05-28 22:52:18.192 9 INFO neutron.wsgi [None req-407eff9d-fddd-4e32-a12b-adcf4a755dd1 4b9ceb0c842d448487bef3053d683b65 8a75b6b2514844fa827e977460d47182 - - default default] 10.0.0.129 "DELETE /v2.0/security-groups/59c68cf9-9de6-4f81-b6ca-7af307e82093 HTTP/1.1" status: 204 len: 168 time: 0.1195250
2026-05-28 22:52:18.205 9 INFO neutron.api.v2.resource [None req-4dab3283-9da5-4a5a-95c3-7886c9859b05 4b9ceb0c842d448487bef3053d683b65 8a75b6b2514844fa827e977460d47182 - - default default] show failed (client error): The resource could not be found.
2026-05-28 22:52:18.206 9 INFO neutron.wsgi [None req-4dab3283-9da5-4a5a-95c3-7886c9859b05 4b9ceb0c842d448487bef3053d683b65 8a75b6b2514844fa827e977460d47182 - - default default] 10.0.0.129 "GET /v2.0/security-groups/59c68cf9-9de6-4f81-b6ca-7af307e82093 HTTP/1.1" status: 404 len: 347 time: 0.0090945
2026-05-28 22:52:18.731 9 INFO neutron.wsgi [None req-b341fa26-0df2-41d3-bd78-c3f7ac1ee44d 4b9ceb0c842d448487bef3053d683b65 8a75b6b2514844fa827e977460d47182 - - default default] 10.0.0.129 "DELETE /v2.0/floatingips/76d45a20-efb7-4c65-ac58-84ecdb6bb694 HTTP/1.1" status: 204 len: 168 time: 0.5225275
