2026-05-28 22:52:41.476 9 WARNING neutron_lib.context [None req-4c9adf05-7229-4c8e-97df-9fbdf532f219 9c0eceeb1c1d41d5b6e93bed0f36ddbe a969e918cb3a45a3a975d971f25f3df5 - - default default] Method 'is_advsvc' is deprecated since 2023.2 release (neutron-lib 3.8.0) and will be removed once support for the old RBAC API policies will be removed from Neutron. Please use method 'is_service_role' instead.
2026-05-28 22:52:41.546 9 INFO neutron.wsgi [None req-1b3defd5-23d1-4b4f-8229-17bbf1b2be13 b76c453d58874d13b85a7d1b8ac146fa 3ad2daaa386e48638d73cfacb3b5a244 - - default default] 10.0.0.129 "DELETE /v2.0/security-groups/2496a589-dd47-4d38-a0f8-d69ae34cd90b HTTP/1.1" status: 204 len: 168 time: 0.2407815
2026-05-28 22:52:41.609 9 INFO neutron.db.ovn_revision_numbers_db [None req-4c9adf05-7229-4c8e-97df-9fbdf532f219 9c0eceeb1c1d41d5b6e93bed0f36ddbe a969e918cb3a45a3a975d971f25f3df5 - - default default] Successfully bumped revision number for resource a242b80c-aa5d-4a7b-b588-e4de05fab6a1 (type: security_groups) to 1
2026-05-28 22:52:41.626 9 INFO neutron.db.ovn_revision_numbers_db [None req-4c9adf05-7229-4c8e-97df-9fbdf532f219 9c0eceeb1c1d41d5b6e93bed0f36ddbe a969e918cb3a45a3a975d971f25f3df5 - - default default] Successfully bumped revision number for resource 8675759a-5e29-43f1-aea5-e8c76b047269 (type: security_group_rules) to 0
2026-05-28 22:52:41.639 9 INFO neutron.db.ovn_revision_numbers_db [None req-4c9adf05-7229-4c8e-97df-9fbdf532f219 9c0eceeb1c1d41d5b6e93bed0f36ddbe a969e918cb3a45a3a975d971f25f3df5 - - default default] Successfully bumped revision number for resource 95682cc2-385e-4113-8e9b-154caeb89deb (type: security_group_rules) to 0
2026-05-28 22:52:41.661 9 INFO neutron.wsgi [None req-4c9adf05-7229-4c8e-97df-9fbdf532f219 9c0eceeb1c1d41d5b6e93bed0f36ddbe a969e918cb3a45a3a975d971f25f3df5 - - default default] 10.0.0.129 "POST /v2.0/security-groups HTTP/1.1" status: 201 len: 1760 time: 0.1882012
2026-05-28 22:52:41.674 10 WARNING neutron_lib.context [None req-1d10942e-7b11-45a4-83d8-858ad8057877 9c0eceeb1c1d41d5b6e93bed0f36ddbe a969e918cb3a45a3a975d971f25f3df5 - - default default] Method 'is_advsvc' is deprecated since 2023.2 release (neutron-lib 3.8.0) and will be removed once support for the old RBAC API policies will be removed from Neutron. Please use method 'is_service_role' instead.
2026-05-28 22:52:41.709 10 WARNING neutron_lib.context [None req-fde09cdc-04b2-4c8f-92db-11c69e663f5b 8d9c0f4fae3541e3b8b67f520935689f 54266da244ab42568004f7a447ddc927 - - default default] Method 'is_advsvc' is deprecated since 2023.2 release (neutron-lib 3.8.0) and will be removed once support for the old RBAC API policies will be removed from Neutron. Please use method 'is_service_role' instead.
2026-05-28 22:52:41.710 10 WARNING neutron_lib.context [None req-fde09cdc-04b2-4c8f-92db-11c69e663f5b 8d9c0f4fae3541e3b8b67f520935689f 54266da244ab42568004f7a447ddc927 - - default default] Method 'is_advsvc' is deprecated since 2023.2 release (neutron-lib 3.8.0) and will be removed once support for the old RBAC API policies will be removed from Neutron. Please use method 'is_service_role' instead.
2026-05-28 22:52:41.786 9 INFO neutron.db.ovn_revision_numbers_db [None req-f1973a19-b46f-4144-9e63-e7434a749887 b76c453d58874d13b85a7d1b8ac146fa 3ad2daaa386e48638d73cfacb3b5a244 - - default default] Successfully bumped revision number for resource b41eda8f-d517-4096-9166-23ed47a84a3d (type: security_groups) to 1
2026-05-28 22:52:41.800 9 INFO neutron.db.ovn_revision_numbers_db [None req-f1973a19-b46f-4144-9e63-e7434a749887 b76c453d58874d13b85a7d1b8ac146fa 3ad2daaa386e48638d73cfacb3b5a244 - - default default] Successfully bumped revision number for resource 0a30462a-1bf3-433f-9666-89b1fceefa75 (type: security_group_rules) to 0
2026-05-28 22:52:41.813 9 INFO neutron.db.ovn_revision_numbers_db [None req-f1973a19-b46f-4144-9e63-e7434a749887 b76c453d58874d13b85a7d1b8ac146fa 3ad2daaa386e48638d73cfacb3b5a244 - - default default] Successfully bumped revision number for resource 1270b53a-3a7a-4e1c-ac9e-171793cbc097 (type: security_group_rules) to 0
2026-05-28 22:52:41.826 9 INFO neutron.db.ovn_revision_numbers_db [None req-f1973a19-b46f-4144-9e63-e7434a749887 b76c453d58874d13b85a7d1b8ac146fa 3ad2daaa386e48638d73cfacb3b5a244 - - default default] Successfully bumped revision number for resource 42156347-e090-43e5-909e-d9474d0d9f75 (type: security_group_rules) to 0
2026-05-28 22:52:41.845 9 INFO neutron.db.ovn_revision_numbers_db [None req-f1973a19-b46f-4144-9e63-e7434a749887 b76c453d58874d13b85a7d1b8ac146fa 3ad2daaa386e48638d73cfacb3b5a244 - - default default] Successfully bumped revision number for resource 95847e24-ae75-4237-bd51-f4733fec5a18 (type: security_group_rules) to 0
2026-05-28 22:52:41.867 9 INFO neutron.wsgi [None req-f1973a19-b46f-4144-9e63-e7434a749887 b76c453d58874d13b85a7d1b8ac146fa 3ad2daaa386e48638d73cfacb3b5a244 - - default default] 10.0.0.129 "GET /v2.0/security-groups?tenant_id=f97674f3f344467281b0ae5ae738320d&name=default HTTP/1.1" status: 200 len: 2996 time: 0.1840906
2026-05-28 22:52:41.919 10 INFO neutron.db.ovn_revision_numbers_db [None req-1d10942e-7b11-45a4-83d8-858ad8057877 9c0eceeb1c1d41d5b6e93bed0f36ddbe a969e918cb3a45a3a975d971f25f3df5 - - default default] Successfully bumped revision number for resource 523155e7-0f73-4172-913c-37bb00a35f20 (type: security_group_rules) to 0
2026-05-28 22:52:41.946 10 INFO neutron.db.ovn_revision_numbers_db [None req-fde09cdc-04b2-4c8f-92db-11c69e663f5b 8d9c0f4fae3541e3b8b67f520935689f 54266da244ab42568004f7a447ddc927 - - default default] Successfully bumped revision number for resource 84e669bd-1755-41e9-9c32-013e587e47a1 (type: security_groups) to 1
2026-05-28 22:52:41.960 10 INFO neutron.wsgi [None req-1d10942e-7b11-45a4-83d8-858ad8057877 9c0eceeb1c1d41d5b6e93bed0f36ddbe a969e918cb3a45a3a975d971f25f3df5 - - default default] 10.0.0.129 "POST /v2.0/security-group-rules HTTP/1.1" status: 201 len: 768 time: 0.2921879
2026-05-28 22:52:41.972 10 INFO neutron.db.ovn_revision_numbers_db [None req-fde09cdc-04b2-4c8f-92db-11c69e663f5b 8d9c0f4fae3541e3b8b67f520935689f 54266da244ab42568004f7a447ddc927 - - default default] Successfully bumped revision number for resource 00f37394-34f2-4ab5-aae3-6ae9a1cd18a3 (type: security_group_rules) to 0
2026-05-28 22:52:41.993 10 INFO neutron.db.ovn_revision_numbers_db [None req-fde09cdc-04b2-4c8f-92db-11c69e663f5b 8d9c0f4fae3541e3b8b67f520935689f 54266da244ab42568004f7a447ddc927 - - default default] Successfully bumped revision number for resource 37de1beb-6281-4502-9019-7bc9fdf6e2a1 (type: security_group_rules) to 0
2026-05-28 22:52:41.998 9 INFO neutron.wsgi [None req-2324b693-ef41-44e8-89b6-aab8b3ea9fc1 9c0eceeb1c1d41d5b6e93bed0f36ddbe a969e918cb3a45a3a975d971f25f3df5 - - default default] 10.0.0.129 "GET /v2.0/security-group-rules/523155e7-0f73-4172-913c-37bb00a35f20 HTTP/1.1" status: 200 len: 763 time: 0.0307353
2026-05-28 22:52:42.014 10 INFO neutron.db.ovn_revision_numbers_db [None req-fde09cdc-04b2-4c8f-92db-11c69e663f5b 8d9c0f4fae3541e3b8b67f520935689f 54266da244ab42568004f7a447ddc927 - - default default] Successfully bumped revision number for resource e376c183-d1dd-4e0f-a057-44acedf88538 (type: security_group_rules) to 0
2026-05-28 22:52:42.030 10 INFO neutron.db.ovn_revision_numbers_db [None req-fde09cdc-04b2-4c8f-92db-11c69e663f5b 8d9c0f4fae3541e3b8b67f520935689f 54266da244ab42568004f7a447ddc927 - - default default] Successfully bumped revision number for resource ee78858f-913e-4c28-bae0-523748b1f264 (type: security_group_rules) to 0
2026-05-28 22:52:42.059 9 INFO neutron.wsgi [None req-d6f5dfca-f6f2-4a52-8356-c4ec3c2a0860 9c0eceeb1c1d41d5b6e93bed0f36ddbe a969e918cb3a45a3a975d971f25f3df5 - - default default] 10.0.0.129 "GET /v2.0/security-group-rules HTTP/1.1" status: 200 len: 4113 time: 0.0570374
2026-05-28 22:52:42.083 10 INFO neutron.wsgi [None req-e25c3523-db7e-4908-8bf9-f9e926fe5678 b76c453d58874d13b85a7d1b8ac146fa 3ad2daaa386e48638d73cfacb3b5a244 - - default default] 10.0.0.129 "PUT /v2.0/routers/de4224aa-ca03-453f-8744-705edb2b1433/remove_router_interface HTTP/1.1" status: 200 len: 503 time: 1.0804024
2026-05-28 22:52:42.084 9 INFO neutron.wsgi [None req-298b99f3-edaa-4aef-9a9f-e6f52dcc9f63 b76c453d58874d13b85a7d1b8ac146fa 3ad2daaa386e48638d73cfacb3b5a244 - - default default] 10.0.0.129 "DELETE /v2.0/security-groups/b41eda8f-d517-4096-9166-23ed47a84a3d HTTP/1.1" status: 204 len: 168 time: 0.2119703 /var/lib/openstack/lib/python3.10/site-packages/pycadf/identifier.py:71: UserWarning: Invalid uuid: neutron. To ensure interoperability, identifiers should be a valid uuid. warnings.warn(('Invalid uuid: %s. To ensure interoperability, '
2026-05-28 22:52:42.138 10 INFO neutron.db.segments_db [None req-fde09cdc-04b2-4c8f-92db-11c69e663f5b 8d9c0f4fae3541e3b8b67f520935689f 54266da244ab42568004f7a447ddc927 - - default default] Added segment 984c7105-e6a0-46aa-aa05-0c02481f932f of type geneve for network 32b5fa62-75ce-455f-81ce-565f1effc376
2026-05-28 22:52:42.181 9 INFO neutron.wsgi [None req-8336ff77-4ef8-4b70-bbde-19bb80d9d93b 9c0eceeb1c1d41d5b6e93bed0f36ddbe a969e918cb3a45a3a975d971f25f3df5 - - default default] 10.0.0.129 "DELETE /v2.0/security-group-rules/523155e7-0f73-4172-913c-37bb00a35f20 HTTP/1.1" status: 204 len: 168 time: 0.1148145
2026-05-28 22:52:42.230 9 INFO neutron.wsgi [None req-35396995-4541-4d01-b9bb-c89c05d3420b 9c0eceeb1c1d41d5b6e93bed0f36ddbe a969e918cb3a45a3a975d971f25f3df5 - - default default] 10.0.0.129 "GET /v2.0/security-group-rules HTTP/1.1" status: 200 len: 3567 time: 0.0438147
2026-05-28 22:52:42.233 9 INFO neutron.wsgi [-] 10.0.0.45 "GET / HTTP/1.1" status: 200 len: 246 time: 0.0017583
2026-05-28 22:52:42.235 9 INFO neutron.wsgi [-] 10.0.0.45 "GET / HTTP/1.1" status: 200 len: 246 time: 0.0011826
2026-05-28 22:52:42.239 9 WARNING neutron_lib.context [None req-77f3fd07-0e1d-49e2-ba3c-7f37c5be21d2 9c0eceeb1c1d41d5b6e93bed0f36ddbe a969e918cb3a45a3a975d971f25f3df5 - - default default] Method 'is_advsvc' is deprecated since 2023.2 release (neutron-lib 3.8.0) and will be removed once support for the old RBAC API policies will be removed from Neutron. Please use method 'is_service_role' instead.
2026-05-28 22:52:42.350 9 INFO neutron.db.ovn_revision_numbers_db [None req-77f3fd07-0e1d-49e2-ba3c-7f37c5be21d2 9c0eceeb1c1d41d5b6e93bed0f36ddbe a969e918cb3a45a3a975d971f25f3df5 - - default default] Successfully bumped revision number for resource 71da0134-c3f3-481d-89e0-c181c506dad4 (type: security_group_rules) to 0
2026-05-28 22:52:42.372 9 INFO neutron.wsgi [None req-77f3fd07-0e1d-49e2-ba3c-7f37c5be21d2 9c0eceeb1c1d41d5b6e93bed0f36ddbe a969e918cb3a45a3a975d971f25f3df5 - - default default] 10.0.0.129 "POST /v2.0/security-group-rules HTTP/1.1" status: 201 len: 768 time: 0.1365125
2026-05-28 22:52:42.392 9 INFO neutron.wsgi [None req-01a3004d-c275-48f9-b20c-c86b77185873 9c0eceeb1c1d41d5b6e93bed0f36ddbe a969e918cb3a45a3a975d971f25f3df5 - - default default] 10.0.0.129 "GET /v2.0/security-group-rules/71da0134-c3f3-481d-89e0-c181c506dad4 HTTP/1.1" status: 200 len: 763 time: 0.0152934
2026-05-28 22:52:42.431 9 INFO neutron.wsgi [None req-7542b9c6-9581-48dd-b557-90712b0d9665 9c0eceeb1c1d41d5b6e93bed0f36ddbe a969e918cb3a45a3a975d971f25f3df5 - - default default] 10.0.0.129 "GET /v2.0/security-group-rules HTTP/1.1" status: 200 len: 4113 time: 0.0340846
2026-05-28 22:52:42.467 10 INFO neutron.db.segments_db [None req-fde09cdc-04b2-4c8f-92db-11c69e663f5b 8d9c0f4fae3541e3b8b67f520935689f 54266da244ab42568004f7a447ddc927 - - default default] Added segment 26a5eb8c-d4d2-4d59-b690-ad46fb9325b9 of type geneve for network 43502032-abda-49f6-9d60-769714d601a2
2026-05-28 22:52:42.539 9 INFO neutron.wsgi [None req-a6492077-c6d1-4bc3-b0ed-8028001a3e1e 9c0eceeb1c1d41d5b6e93bed0f36ddbe a969e918cb3a45a3a975d971f25f3df5 - - default default] 10.0.0.129 "DELETE /v2.0/security-group-rules/71da0134-c3f3-481d-89e0-c181c506dad4 HTTP/1.1" status: 204 len: 168 time: 0.1018071
2026-05-28 22:52:42.579 9 INFO neutron.wsgi [None req-684ffb38-c812-421f-befd-183fcf6eb9a4 9c0eceeb1c1d41d5b6e93bed0f36ddbe a969e918cb3a45a3a975d971f25f3df5 - - default default] 10.0.0.129 "GET /v2.0/security-group-rules HTTP/1.1" status: 200 len: 3567 time: 0.0339768
2026-05-28 22:52:42.589 9 WARNING neutron_lib.context [None req-63794081-b6a9-4da5-a389-d5018f4eeeb2 9c0eceeb1c1d41d5b6e93bed0f36ddbe a969e918cb3a45a3a975d971f25f3df5 - - default default] Method 'is_advsvc' is deprecated since 2023.2 release (neutron-lib 3.8.0) and will be removed once support for the old RBAC API policies will be removed from Neutron. Please use method 'is_service_role' instead.
2026-05-28 22:52:42.658 10 INFO neutron.db.ovn_revision_numbers_db [None req-fde09cdc-04b2-4c8f-92db-11c69e663f5b 8d9c0f4fae3541e3b8b67f520935689f 54266da244ab42568004f7a447ddc927 - - default default] Successfully bumped revision number for resource 32b5fa62-75ce-455f-81ce-565f1effc376 (type: networks) to 1
2026-05-28 22:52:42.688 9 INFO neutron.db.ovn_revision_numbers_db [None req-63794081-b6a9-4da5-a389-d5018f4eeeb2 9c0eceeb1c1d41d5b6e93bed0f36ddbe a969e918cb3a45a3a975d971f25f3df5 - - default default] Successfully bumped revision number for resource 4b3e5721-96bc-4cf2-affe-fca07fd8be21 (type: security_group_rules) to 0
2026-05-28 22:52:42.714 9 INFO neutron.wsgi [None req-63794081-b6a9-4da5-a389-d5018f4eeeb2 9c0eceeb1c1d41d5b6e93bed0f36ddbe a969e918cb3a45a3a975d971f25f3df5 - - default default] 10.0.0.129 "POST /v2.0/security-group-rules HTTP/1.1" status: 201 len: 769 time: 0.1286476
2026-05-28 22:52:42.739 9 INFO neutron.wsgi [None req-8c7770a2-3f1a-4392-946c-8ec98dec7cf3 9c0eceeb1c1d41d5b6e93bed0f36ddbe a969e918cb3a45a3a975d971f25f3df5 - - default default] 10.0.0.129 "GET /v2.0/security-group-rules/4b3e5721-96bc-4cf2-affe-fca07fd8be21 HTTP/1.1" status: 200 len: 764 time: 0.0192435
2026-05-28 22:52:42.778 9 INFO neutron.wsgi [None req-8f1e0ecc-b8e0-4f75-ab45-9c29cc019366 9c0eceeb1c1d41d5b6e93bed0f36ddbe a969e918cb3a45a3a975d971f25f3df5 - - default default] 10.0.0.129 "GET /v2.0/security-group-rules HTTP/1.1" status: 200 len: 4114 time: 0.0356402
2026-05-28 22:52:42.879 9 INFO neutron.wsgi [None req-5d700654-4d27-4401-8c95-43db308c90d4 9c0eceeb1c1d41d5b6e93bed0f36ddbe a969e918cb3a45a3a975d971f25f3df5 - - default default] 10.0.0.129 "DELETE /v2.0/security-group-rules/4b3e5721-96bc-4cf2-affe-fca07fd8be21 HTTP/1.1" status: 204 len: 168 time: 0.0949907
2026-05-28 22:52:42.913 9 INFO neutron.wsgi [None req-76783b19-1c85-45bb-b5cc-dc1896670455 9c0eceeb1c1d41d5b6e93bed0f36ddbe a969e918cb3a45a3a975d971f25f3df5 - - default default] 10.0.0.129 "GET /v2.0/security-group-rules HTTP/1.1" status: 200 len: 3567 time: 0.0289276
2026-05-28 22:52:42.921 10 WARNING neutron.scheduler.dhcp_agent_scheduler [None req-fde09cdc-04b2-4c8f-92db-11c69e663f5b 8d9c0f4fae3541e3b8b67f520935689f 54266da244ab42568004f7a447ddc927 - - default default] No more DHCP agents
2026-05-28 22:52:42.925 10 WARNING neutron.api.rpc.agentnotifiers.dhcp_rpc_agent_api [None req-fde09cdc-04b2-4c8f-92db-11c69e663f5b 8d9c0f4fae3541e3b8b67f520935689f 54266da244ab42568004f7a447ddc927 - - default default] Unable to schedule network 32b5fa62-75ce-455f-81ce-565f1effc376: no agents available; will retry on subsequent port and subnet creation events.
2026-05-28 22:52:43.014 9 INFO neutron.wsgi [None req-8193523f-a404-4661-8b95-efa899f044e1 9c0eceeb1c1d41d5b6e93bed0f36ddbe a969e918cb3a45a3a975d971f25f3df5 - - default default] 10.0.0.129 "DELETE /v2.0/security-groups/a242b80c-aa5d-4a7b-b588-e4de05fab6a1 HTTP/1.1" status: 204 len: 168 time: 0.0949988
2026-05-28 22:52:43.033 10 INFO neutron.db.ovn_revision_numbers_db [None req-fde09cdc-04b2-4c8f-92db-11c69e663f5b 8d9c0f4fae3541e3b8b67f520935689f 54266da244ab42568004f7a447ddc927 - - default default] Successfully bumped revision number for resource b9c69f98-c7f2-4a28-92df-6ce4099e9f4a (type: ports) to 1
2026-05-28 22:52:43.050 9 INFO neutron.wsgi [None req-bfa10860-d9e0-4471-8858-a417764aab57 9c0eceeb1c1d41d5b6e93bed0f36ddbe a969e918cb3a45a3a975d971f25f3df5 - - default default] 10.0.0.129 "GET /v2.0/security-groups HTTP/1.1" status: 200 len: 2996 time: 0.0305738
2026-05-28 22:52:43.095 9 INFO neutron.wsgi [None req-60ce3b9d-c76a-45f1-a7ae-2ee70bc53d84 9c0eceeb1c1d41d5b6e93bed0f36ddbe a969e918cb3a45a3a975d971f25f3df5 - - default default] 10.0.0.129 "GET /v2.0/security-groups HTTP/1.1" status: 200 len: 2996 time: 0.0372100
2026-05-28 22:52:43.129 10 INFO neutron.db.ovn_revision_numbers_db [None req-fde09cdc-04b2-4c8f-92db-11c69e663f5b 8d9c0f4fae3541e3b8b67f520935689f 54266da244ab42568004f7a447ddc927 - - default default] Successfully bumped revision number for resource 43502032-abda-49f6-9d60-769714d601a2 (type: networks) to 1
2026-05-28 22:52:43.410 10 WARNING neutron.scheduler.dhcp_agent_scheduler [None req-fde09cdc-04b2-4c8f-92db-11c69e663f5b 8d9c0f4fae3541e3b8b67f520935689f 54266da244ab42568004f7a447ddc927 - - default default] No more DHCP agents
2026-05-28 22:52:43.414 10 WARNING neutron.api.rpc.agentnotifiers.dhcp_rpc_agent_api [None req-fde09cdc-04b2-4c8f-92db-11c69e663f5b 8d9c0f4fae3541e3b8b67f520935689f 54266da244ab42568004f7a447ddc927 - - default default] Unable to schedule network 43502032-abda-49f6-9d60-769714d601a2: no agents available; will retry on subsequent port and subnet creation events.
2026-05-28 22:52:43.419 10 INFO neutron.wsgi [None req-c06757ef-ac0b-4923-b0d0-2449f9746fed b76c453d58874d13b85a7d1b8ac146fa 3ad2daaa386e48638d73cfacb3b5a244 - - default default] 10.0.0.129 "DELETE /v2.0/routers/de4224aa-ca03-453f-8744-705edb2b1433 HTTP/1.1" status: 204 len: 168 time: 1.3291981
2026-05-28 22:52:43.509 10 INFO neutron.db.ovn_revision_numbers_db [None req-fde09cdc-04b2-4c8f-92db-11c69e663f5b 8d9c0f4fae3541e3b8b67f520935689f 54266da244ab42568004f7a447ddc927 - - default default] Successfully bumped revision number for resource 500393ca-cd34-4afd-9984-c3207727a6c6 (type: ports) to 1
2026-05-28 22:52:43.536 10 INFO neutron.wsgi [None req-fde09cdc-04b2-4c8f-92db-11c69e663f5b 8d9c0f4fae3541e3b8b67f520935689f 54266da244ab42568004f7a447ddc927 - - default default] 10.0.0.129 "POST /v2.0/networks HTTP/1.1" status: 201 len: 1445 time: 1.9345937
2026-05-28 22:52:43.602 9 INFO neutron.wsgi [None req-5f11a8af-46f8-490f-846e-a99e02f0b819 b76c453d58874d13b85a7d1b8ac146fa 3ad2daaa386e48638d73cfacb3b5a244 - - default default] 10.0.0.129 "DELETE /v2.0/subnets/c2f80b41-367f-4590-9c71-5bd4a8b4bc4d HTTP/1.1" status: 204 len: 168 time: 0.1775081
2026-05-28 22:52:43.644 10 INFO neutron.wsgi [None req-92d5c3ce-befd-4677-a420-16161b418d81 8d9c0f4fae3541e3b8b67f520935689f 54266da244ab42568004f7a447ddc927 - - default default] 10.0.0.129 "GET /v2.0/networks HTTP/1.1" status: 200 len: 2051 time: 0.1028612
2026-05-28 22:52:43.747 10 INFO neutron.wsgi [None req-4d35a900-2838-4bc6-86fb-98fc3331a8e6 b76c453d58874d13b85a7d1b8ac146fa 3ad2daaa386e48638d73cfacb3b5a244 - - default default] 10.0.0.129 "GET /v2.0/security-groups?tenant_id=a969e918cb3a45a3a975d971f25f3df5&name=default HTTP/1.1" status: 200 len: 2996 time: 0.2533851
2026-05-28 22:52:43.927 10 INFO neutron.wsgi [None req-76a0050e-f20e-46e5-b256-7ea79ca0dd81 b76c453d58874d13b85a7d1b8ac146fa 3ad2daaa386e48638d73cfacb3b5a244 - - default default] 10.0.0.129 "DELETE /v2.0/security-groups/841cc059-157a-4999-a7ef-5f5682312728 HTTP/1.1" status: 204 len: 168 time: 0.1747706
2026-05-28 22:52:43.993 9 INFO neutron.services.segments.plugin [-] Segment 08f124ac-201d-405f-873c-ee4c57d2c2eb resource provider aggregate not found
2026-05-28 22:52:43.999 9 INFO neutron.services.segments.plugin [-] Segment 08f124ac-201d-405f-873c-ee4c57d2c2eb resource provider aggregate not found
2026-05-28 22:52:44.010 9 INFO neutron.services.segments.plugin [-] Segment 08f124ac-201d-405f-873c-ee4c57d2c2eb resource provider not found; error: Placement Client Error (4xx): {"errors": [{"status": 404, "title": "Not Found", "detail": "The resource could not be found.\n\n No resource provider with uuid 08f124ac-201d-405f-873c-ee4c57d2c2eb found for delete ", "request_id": "req-a24a9f53-848f-43c4-acfa-5c9bd75bb2f8"}]}
2026-05-28 22:52:44.016 9 INFO neutron.services.segments.plugin [-] Segment 08f124ac-201d-405f-873c-ee4c57d2c2eb resource provider not found; error: Placement Client Error (4xx): {"errors": [{"status": 404, "title": "Not Found", "detail": "The resource could not be found.\n\n No resource provider with uuid 08f124ac-201d-405f-873c-ee4c57d2c2eb found for delete ", "request_id": "req-bffb3b76-a41a-48c4-b6bf-cca0b2f3bf0e"}]}
2026-05-28 22:52:44.041 9 INFO neutron.wsgi [None req-0f6a2e8e-09f8-4456-9270-b2456ad60326 b76c453d58874d13b85a7d1b8ac146fa 3ad2daaa386e48638d73cfacb3b5a244 - - default default] 10.0.0.129 "DELETE /v2.0/networks/b4909555-3ff9-49a7-a670-6f973d4597cf HTTP/1.1" status: 204 len: 168 time: 0.4352384
2026-05-28 22:52:44.094 9 INFO neutron.wsgi [None req-3f7422f0-f083-40e6-9394-a204f6e793c6 8d9c0f4fae3541e3b8b67f520935689f 54266da244ab42568004f7a447ddc927 - - default default] 10.0.0.129 "DELETE /v2.0/networks/32b5fa62-75ce-455f-81ce-565f1effc376 HTTP/1.1" status: 204 len: 168 time: 0.4441435
2026-05-28 22:52:44.253 10 INFO neutron.wsgi [None req-38a778ef-33db-41bf-a443-ab006f56d108 b76c453d58874d13b85a7d1b8ac146fa 3ad2daaa386e48638d73cfacb3b5a244 - - default default] 10.0.0.129 "GET /v2.0/security-groups?tenant_id=9a27a7dc5d22441ca2da4e16b8ab1c8a&name=default HTTP/1.1" status: 200 len: 2992 time: 0.0585117
2026-05-28 22:52:44.451 10 INFO neutron.services.segments.plugin [-] Segment 26a5eb8c-d4d2-4d59-b690-ad46fb9325b9 resource provider aggregate not found
2026-05-28 22:52:44.457 10 INFO neutron.services.segments.plugin [-] Segment 26a5eb8c-d4d2-4d59-b690-ad46fb9325b9 resource provider aggregate not found
2026-05-28 22:52:44.464 9 INFO neutron.wsgi [None req-2747343c-c8a6-49ba-97e2-3ab2e8d3334f b76c453d58874d13b85a7d1b8ac146fa 3ad2daaa386e48638d73cfacb3b5a244 - - default default] 10.0.0.129 "DELETE /v2.0/security-groups/1767aafc-735c-4501-a959-82ba1d2b91b4 HTTP/1.1" status: 204 len: 168 time: 0.1865871
2026-05-28 22:52:44.470 10 INFO neutron.services.segments.plugin [-] Segment 26a5eb8c-d4d2-4d59-b690-ad46fb9325b9 resource provider not found; error: Placement Client Error (4xx): {"errors": [{"status": 404, "title": "Not Found", "detail": "The resource could not be found.\n\n No resource provider with uuid 26a5eb8c-d4d2-4d59-b690-ad46fb9325b9 found for delete ", "request_id": "req-41700c35-49a5-4cf1-b11d-23c095eb2176"}]}
2026-05-28 22:52:44.478 10 INFO neutron.services.segments.plugin [-] Segment 26a5eb8c-d4d2-4d59-b690-ad46fb9325b9 resource provider not found; error: Placement Client Error (4xx): {"errors": [{"status": 404, "title": "Not Found", "detail": "The resource could not be found.\n\n No resource provider with uuid 26a5eb8c-d4d2-4d59-b690-ad46fb9325b9 found for delete ", "request_id": "req-96b3a5ca-3846-479d-abbf-e8566b3efa8c"}]}
2026-05-28 22:52:44.507 10 INFO neutron.wsgi [None req-33b53b83-fb3b-4210-9074-0e8f08b491d8 8d9c0f4fae3541e3b8b67f520935689f 54266da244ab42568004f7a447ddc927 - - default default] 10.0.0.129 "DELETE /v2.0/networks/43502032-abda-49f6-9d60-769714d601a2 HTTP/1.1" status: 204 len: 168 time: 0.4092727
2026-05-28 22:52:44.606 9 INFO neutron.wsgi [None req-cae314aa-e85f-4e82-a454-2d843878392f 8d9c0f4fae3541e3b8b67f520935689f 54266da244ab42568004f7a447ddc927 - - default default] 10.0.0.129 "GET /v2.0/networks HTTP/1.1" status: 200 len: 845 time: 0.0935776
2026-05-28 22:52:44.621 9 WARNING neutron_lib.context [None req-04ec9960-9356-4392-af93-ccb6ac757608 8d9c0f4fae3541e3b8b67f520935689f 54266da244ab42568004f7a447ddc927 - - default default] Method 'is_advsvc' is deprecated since 2023.2 release (neutron-lib 3.8.0) and will be removed once support for the old RBAC API policies will be removed from Neutron. Please use method 'is_service_role' instead.
2026-05-28 22:52:44.709 9 INFO neutron.db.segments_db [None req-04ec9960-9356-4392-af93-ccb6ac757608 8d9c0f4fae3541e3b8b67f520935689f 54266da244ab42568004f7a447ddc927 - - default default] Added segment 3545dfde-183e-4c03-a8ae-d816dbc60d3c of type geneve for network ec1d6d5f-df83-409d-898a-b56121e64fd7
2026-05-28 22:52:44.854 10 INFO neutron.db.ovn_revision_numbers_db [None req-a16d8145-9d2c-4aa2-8f8e-7e41475cab61 b76c453d58874d13b85a7d1b8ac146fa 3ad2daaa386e48638d73cfacb3b5a244 - - default default] Successfully bumped revision number for resource bb826ecb-0486-4736-b54a-baba02806afb (type: security_groups) to 1
2026-05-28 22:52:44.861 9 INFO neutron.db.ovn_revision_numbers_db [None req-04ec9960-9356-4392-af93-ccb6ac757608 8d9c0f4fae3541e3b8b67f520935689f 54266da244ab42568004f7a447ddc927 - - default default] Successfully bumped revision number for resource ec1d6d5f-df83-409d-898a-b56121e64fd7 (type: networks) to 1
2026-05-28 22:52:44.870 10 INFO neutron.db.ovn_revision_numbers_db [None req-a16d8145-9d2c-4aa2-8f8e-7e41475cab61 b76c453d58874d13b85a7d1b8ac146fa 3ad2daaa386e48638d73cfacb3b5a244 - - default default] Successfully bumped revision number for resource 04e67acd-35d8-4741-9426-e1ba9d46d7df (type: security_group_rules) to 0
2026-05-28 22:52:44.882 10 INFO neutron.db.ovn_revision_numbers_db [None req-a16d8145-9d2c-4aa2-8f8e-7e41475cab61 b76c453d58874d13b85a7d1b8ac146fa 3ad2daaa386e48638d73cfacb3b5a244 - - default default] Successfully bumped revision number for resource 2bc549cb-53ef-4c9a-afaa-7f619536a787 (type: security_group_rules) to 0
2026-05-28 22:52:44.897 10 INFO neutron.db.ovn_revision_numbers_db [None req-a16d8145-9d2c-4aa2-8f8e-7e41475cab61 b76c453d58874d13b85a7d1b8ac146fa 3ad2daaa386e48638d73cfacb3b5a244 - - default default] Successfully bumped revision number for resource 49d2acc0-27a5-4024-8ab3-09368871dea3 (type: security_group_rules) to 0
2026-05-28 22:52:44.914 10 INFO neutron.db.ovn_revision_numbers_db [None req-a16d8145-9d2c-4aa2-8f8e-7e41475cab61 b76c453d58874d13b85a7d1b8ac146fa 3ad2daaa386e48638d73cfacb3b5a244 - - default default] Successfully bumped revision number for resource 9973ea3e-80a3-4aa9-a67c-00520a5c54fb (type: security_group_rules) to 0
2026-05-28 22:52:44.947 10 INFO neutron.wsgi [None req-a16d8145-9d2c-4aa2-8f8e-7e41475cab61 b76c453d58874d13b85a7d1b8ac146fa 3ad2daaa386e48638d73cfacb3b5a244 - - default default] 10.0.0.129 "GET /v2.0/security-groups?tenant_id=2569f0b9b49e44c2834267dd6547272f&name=default HTTP/1.1" status: 200 len: 2996 time: 0.4290066
2026-05-28 22:52:45.026 9 WARNING neutron.scheduler.dhcp_agent_scheduler [None req-04ec9960-9356-4392-af93-ccb6ac757608 8d9c0f4fae3541e3b8b67f520935689f 54266da244ab42568004f7a447ddc927 - - default default] No more DHCP agents
2026-05-28 22:52:45.028 9 WARNING neutron.api.rpc.agentnotifiers.dhcp_rpc_agent_api [None req-04ec9960-9356-4392-af93-ccb6ac757608 8d9c0f4fae3541e3b8b67f520935689f 54266da244ab42568004f7a447ddc927 - - default default] Unable to schedule network ec1d6d5f-df83-409d-898a-b56121e64fd7: no agents available; will retry on subsequent port and subnet creation events.
2026-05-28 22:52:45.108 9 INFO neutron.db.ovn_revision_numbers_db [None req-04ec9960-9356-4392-af93-ccb6ac757608 8d9c0f4fae3541e3b8b67f520935689f 54266da244ab42568004f7a447ddc927 - - default default] Successfully bumped revision number for resource 4fa9c46e-4e53-42bc-b1be-5b3959fdc9ff (type: ports) to 1
2026-05-28 22:52:45.128 9 INFO neutron.wsgi [None req-04ec9960-9356-4392-af93-ccb6ac757608 8d9c0f4fae3541e3b8b67f520935689f 54266da244ab42568004f7a447ddc927 - - default default] 10.0.0.129 "POST /v2.0/networks HTTP/1.1" status: 201 len: 848 time: 0.5137339
2026-05-28 22:52:45.137 10 WARNING neutron_lib.context [None req-65aa4ec0-4d97-4951-964c-4e958374b1ae 8d9c0f4fae3541e3b8b67f520935689f 54266da244ab42568004f7a447ddc927 - - default default] Method 'is_advsvc' is deprecated since 2023.2 release (neutron-lib 3.8.0) and will be removed once support for the old RBAC API policies will be removed from Neutron. Please use method 'is_service_role' instead.
2026-05-28 22:52:45.149 10 INFO neutron.wsgi [None req-39891e71-976a-40cc-b5ed-f90dd0a439f7 b76c453d58874d13b85a7d1b8ac146fa 3ad2daaa386e48638d73cfacb3b5a244 - - default default] 10.0.0.129 "DELETE /v2.0/security-groups/bb826ecb-0486-4736-b54a-baba02806afb HTTP/1.1" status: 204 len: 168 time: 0.1967549
2026-05-28 22:52:45.233 10 INFO neutron.db.segments_db [None req-65aa4ec0-4d97-4951-964c-4e958374b1ae 8d9c0f4fae3541e3b8b67f520935689f 54266da244ab42568004f7a447ddc927 - - default default] Added segment 08b1c760-ccdc-41a6-b570-4c26a30f79be of type geneve for network 351f125a-c380-43d0-b0ca-60557804e5de
2026-05-28 22:52:45.384 10 INFO neutron.db.ovn_revision_numbers_db [None req-65aa4ec0-4d97-4951-964c-4e958374b1ae 8d9c0f4fae3541e3b8b67f520935689f 54266da244ab42568004f7a447ddc927 - - default default] Successfully bumped revision number for resource 351f125a-c380-43d0-b0ca-60557804e5de (type: networks) to 1
2026-05-28 22:52:45.570 10 WARNING neutron.scheduler.dhcp_agent_scheduler [None req-65aa4ec0-4d97-4951-964c-4e958374b1ae 8d9c0f4fae3541e3b8b67f520935689f 54266da244ab42568004f7a447ddc927 - - default default] No more DHCP agents
2026-05-28 22:52:45.758 10 WARNING neutron.api.rpc.agentnotifiers.dhcp_rpc_agent_api [None req-65aa4ec0-4d97-4951-964c-4e958374b1ae 8d9c0f4fae3541e3b8b67f520935689f 54266da244ab42568004f7a447ddc927 - - default default] Unable to schedule network 351f125a-c380-43d0-b0ca-60557804e5de: no agents available; will retry on subsequent port and subnet creation events.
2026-05-28 22:52:45.841 10 INFO neutron.db.ovn_revision_numbers_db [None req-65aa4ec0-4d97-4951-964c-4e958374b1ae 8d9c0f4fae3541e3b8b67f520935689f 54266da244ab42568004f7a447ddc927 - - default default] Successfully bumped revision number for resource 1f637a6a-4cf8-4bcb-8aca-daa21d6c40a1 (type: ports) to 1
2026-05-28 22:52:45.862 10 INFO neutron.wsgi [None req-65aa4ec0-4d97-4951-964c-4e958374b1ae 8d9c0f4fae3541e3b8b67f520935689f 54266da244ab42568004f7a447ddc927 - - default default] 10.0.0.129 "POST /v2.0/networks HTTP/1.1" status: 201 len: 849 time: 0.7297831
2026-05-28 22:52:45.877 10 WARNING neutron_lib.context [None req-a9ce0449-6c97-4ac1-a78b-7804e3c758ea 8d9c0f4fae3541e3b8b67f520935689f 54266da244ab42568004f7a447ddc927 - - default default] Method 'is_advsvc' is deprecated since 2023.2 release (neutron-lib 3.8.0) and will be removed once support for the old RBAC API policies will be removed from Neutron. Please use method 'is_service_role' instead.
2026-05-28 22:52:45.917 10 WARNING neutron_lib.context [None req-a9ce0449-6c97-4ac1-a78b-7804e3c758ea 8d9c0f4fae3541e3b8b67f520935689f 54266da244ab42568004f7a447ddc927 - - default default] Method 'is_advsvc' is deprecated since 2023.2 release (neutron-lib 3.8.0) and will be removed once support for the old RBAC API policies will be removed from Neutron. Please use method 'is_service_role' instead.
2026-05-28 22:52:46.034 9 INFO neutron.services.segments.plugin [-] Segment 984c7105-e6a0-46aa-aa05-0c02481f932f resource provider aggregate not found
2026-05-28 22:52:46.040 9 INFO neutron.services.segments.plugin [-] Segment 984c7105-e6a0-46aa-aa05-0c02481f932f resource provider aggregate not found
2026-05-28 22:52:46.049 9 INFO neutron.services.segments.plugin [-] Segment 984c7105-e6a0-46aa-aa05-0c02481f932f resource provider not found; error: Placement Client Error (4xx): {"errors": [{"status": 404, "title": "Not Found", "detail": "The resource could not be found.\n\n No resource provider with uuid 984c7105-e6a0-46aa-aa05-0c02481f932f found for delete ", "request_id": "req-3313b3c3-85c6-4ac0-b139-e185f4ca5d44"}]}
2026-05-28 22:52:46.055 9 INFO neutron.services.segments.plugin [-] Segment 984c7105-e6a0-46aa-aa05-0c02481f932f resource provider not found; error: Placement Client Error (4xx): {"errors": [{"status": 404, "title": "Not Found", "detail": "The resource could not be found.\n\n No resource provider with uuid 984c7105-e6a0-46aa-aa05-0c02481f932f found for delete ", "request_id": "req-d1a47707-3eaa-40ee-900e-25dd058c7226"}]}
2026-05-28 22:52:46.338 10 WARNING neutron.scheduler.dhcp_agent_scheduler [None req-a9ce0449-6c97-4ac1-a78b-7804e3c758ea 8d9c0f4fae3541e3b8b67f520935689f 54266da244ab42568004f7a447ddc927 - - default default] No more DHCP agents
2026-05-28 22:52:46.347 10 WARNING neutron.api.rpc.agentnotifiers.dhcp_rpc_agent_api [None req-a9ce0449-6c97-4ac1-a78b-7804e3c758ea 8d9c0f4fae3541e3b8b67f520935689f 54266da244ab42568004f7a447ddc927 - - default default] Unable to schedule network ec1d6d5f-df83-409d-898a-b56121e64fd7: no agents available; will retry on subsequent port and subnet creation events.
2026-05-28 22:52:46.373 9 INFO neutron.db.ovn_revision_numbers_db [None req-560d724c-ff4f-40f0-b349-3ac6fd57fc81 b76c453d58874d13b85a7d1b8ac146fa 3ad2daaa386e48638d73cfacb3b5a244 - - default default] Successfully bumped revision number for resource 99807043-e841-4166-b077-e363919cd97d (type: security_groups) to 1
2026-05-28 22:52:46.390 9 INFO neutron.db.ovn_revision_numbers_db [None req-560d724c-ff4f-40f0-b349-3ac6fd57fc81 b76c453d58874d13b85a7d1b8ac146fa 3ad2daaa386e48638d73cfacb3b5a244 - - default default] Successfully bumped revision number for resource 0139c6d5-5c78-4cf7-aa6d-45f27f5aa380 (type: security_group_rules) to 0
2026-05-28 22:52:46.406 9 INFO neutron.db.ovn_revision_numbers_db [None req-560d724c-ff4f-40f0-b349-3ac6fd57fc81 b76c453d58874d13b85a7d1b8ac146fa 3ad2daaa386e48638d73cfacb3b5a244 - - default default] Successfully bumped revision number for resource 453c40ca-f802-4eea-98c4-218a7769ccde (type: security_group_rules) to 0
2026-05-28 22:52:46.434 9 INFO neutron.db.ovn_revision_numbers_db [None req-560d724c-ff4f-40f0-b349-3ac6fd57fc81 b76c453d58874d13b85a7d1b8ac146fa 3ad2daaa386e48638d73cfacb3b5a244 - - default default] Successfully bumped revision number for resource 8460b83e-13b4-40f4-860b-446f58df812d (type: security_group_rules) to 0
2026-05-28 22:52:46.450 9 INFO neutron.db.ovn_revision_numbers_db [None req-560d724c-ff4f-40f0-b349-3ac6fd57fc81 b76c453d58874d13b85a7d1b8ac146fa 3ad2daaa386e48638d73cfacb3b5a244 - - default default] Successfully bumped revision number for resource be76099b-b252-41f6-80b8-c25d40b87665 (type: security_group_rules) to 0
2026-05-28 22:52:46.460 10 INFO neutron.db.ovn_revision_numbers_db [None req-a9ce0449-6c97-4ac1-a78b-7804e3c758ea 8d9c0f4fae3541e3b8b67f520935689f 54266da244ab42568004f7a447ddc927 - - default default] Successfully bumped revision number for resource fd581b9a-1a20-4177-99c1-d6f584036f98 (type: ports) to 1
2026-05-28 22:52:46.488 10 WARNING neutron.scheduler.dhcp_agent_scheduler [None req-a9ce0449-6c97-4ac1-a78b-7804e3c758ea 8d9c0f4fae3541e3b8b67f520935689f 54266da244ab42568004f7a447ddc927 - - default default] No more DHCP agents
2026-05-28 22:52:46.490 10 WARNING neutron.api.rpc.agentnotifiers.dhcp_rpc_agent_api [None req-a9ce0449-6c97-4ac1-a78b-7804e3c758ea 8d9c0f4fae3541e3b8b67f520935689f 54266da244ab42568004f7a447ddc927 - - default default] Unable to schedule network 351f125a-c380-43d0-b0ca-60557804e5de: no agents available; will retry on subsequent port and subnet creation events.
2026-05-28 22:52:46.510 9 INFO neutron.db.segments_db [None req-560d724c-ff4f-40f0-b349-3ac6fd57fc81 b76c453d58874d13b85a7d1b8ac146fa 3ad2daaa386e48638d73cfacb3b5a244 - - default default] Added segment a81229fc-5f1f-4378-b4d8-33ab4f461dd9 of type geneve for network f625e4b4-36dc-4de2-985a-0ccd57802fcc
2026-05-28 22:52:46.589 10 INFO neutron.db.ovn_revision_numbers_db [None req-a9ce0449-6c97-4ac1-a78b-7804e3c758ea 8d9c0f4fae3541e3b8b67f520935689f 54266da244ab42568004f7a447ddc927 - - default default] Successfully bumped revision number for resource 299df352-9de9-4a01-80f6-ed931746d144 (type: ports) to 1
2026-05-28 22:52:46.613 10 INFO neutron.wsgi [None req-a9ce0449-6c97-4ac1-a78b-7804e3c758ea 8d9c0f4fae3541e3b8b67f520935689f 54266da244ab42568004f7a447ddc927 - - default default] 10.0.0.129 "POST /v2.0/ports HTTP/1.1" status: 201 len: 1706 time: 0.7457342 /var/lib/openstack/lib/python3.10/site-packages/pycadf/identifier.py:71: UserWarning: Invalid uuid: neutron. To ensure interoperability, identifiers should be a valid uuid. warnings.warn(('Invalid uuid: %s. To ensure interoperability, '
2026-05-28 22:52:46.664 9 INFO neutron.db.ovn_revision_numbers_db [None req-560d724c-ff4f-40f0-b349-3ac6fd57fc81 b76c453d58874d13b85a7d1b8ac146fa 3ad2daaa386e48638d73cfacb3b5a244 - - default default] Successfully bumped revision number for resource f625e4b4-36dc-4de2-985a-0ccd57802fcc (type: networks) to 1
2026-05-28 22:52:46.775 10 INFO neutron.wsgi [None req-62a69f80-e882-4c98-b318-625443aed59b 8d9c0f4fae3541e3b8b67f520935689f 54266da244ab42568004f7a447ddc927 - - default default] 10.0.0.129 "GET /v2.0/ports HTTP/1.1" status: 200 len: 3213 time: 0.1529424
2026-05-28 22:52:46.998 10 INFO neutron.wsgi [None req-11176736-31f7-4086-941a-aa1a04699775 8d9c0f4fae3541e3b8b67f520935689f 54266da244ab42568004f7a447ddc927 - - default default] 10.0.0.129 "DELETE /v2.0/ports/fd581b9a-1a20-4177-99c1-d6f584036f98 HTTP/1.1" status: 204 len: 168 time: 0.2174606
2026-05-28 22:52:47.060 9 WARNING neutron.scheduler.dhcp_agent_scheduler [None req-560d724c-ff4f-40f0-b349-3ac6fd57fc81 b76c453d58874d13b85a7d1b8ac146fa 3ad2daaa386e48638d73cfacb3b5a244 - - default default] No more DHCP agents
2026-05-28 22:52:47.064 9 WARNING neutron.api.rpc.agentnotifiers.dhcp_rpc_agent_api [None req-560d724c-ff4f-40f0-b349-3ac6fd57fc81 b76c453d58874d13b85a7d1b8ac146fa 3ad2daaa386e48638d73cfacb3b5a244 - - default default] Unable to schedule network f625e4b4-36dc-4de2-985a-0ccd57802fcc: no agents available; will retry on subsequent port and subnet creation events.
2026-05-28 22:52:47.186 9 INFO neutron.db.ovn_revision_numbers_db [None req-560d724c-ff4f-40f0-b349-3ac6fd57fc81 b76c453d58874d13b85a7d1b8ac146fa 3ad2daaa386e48638d73cfacb3b5a244 - - default default] Successfully bumped revision number for resource 2787eb57-cedf-4fe6-9b13-adccb6e6ec78 (type: ports) to 1
2026-05-28 22:52:47.205 9 INFO neutron.wsgi [None req-560d724c-ff4f-40f0-b349-3ac6fd57fc81 b76c453d58874d13b85a7d1b8ac146fa 3ad2daaa386e48638d73cfacb3b5a244 - - default default] 10.0.0.129 "POST /v2.0/networks HTTP/1.1" status: 201 len: 949 time: 1.0916011
2026-05-28 22:52:47.273 9 INFO neutron.wsgi [None req-7eb5f3b4-fc84-4485-87ca-66ac3d33358a 8d9c0f4fae3541e3b8b67f520935689f 54266da244ab42568004f7a447ddc927 - - default default] 10.0.0.129 "DELETE /v2.0/ports/299df352-9de9-4a01-80f6-ed931746d144 HTTP/1.1" status: 204 len: 168 time: 0.2701905
2026-05-28 22:52:47.404 9 WARNING neutron.scheduler.dhcp_agent_scheduler [None req-de1b1f6a-6754-4b62-a43f-b3afae671c64 b76c453d58874d13b85a7d1b8ac146fa 3ad2daaa386e48638d73cfacb3b5a244 - - default default] No more DHCP agents
2026-05-28 22:52:47.412 9 WARNING neutron.api.rpc.agentnotifiers.dhcp_rpc_agent_api [None req-de1b1f6a-6754-4b62-a43f-b3afae671c64 b76c453d58874d13b85a7d1b8ac146fa 3ad2daaa386e48638d73cfacb3b5a244 - - default default] Unable to schedule network f625e4b4-36dc-4de2-985a-0ccd57802fcc: no agents available; will retry on subsequent port and subnet creation events.
2026-05-28 22:52:47.427 9 INFO neutron.wsgi [None req-e5728f25-df53-4295-b739-8d097843e0aa 8d9c0f4fae3541e3b8b67f520935689f 54266da244ab42568004f7a447ddc927 - - default default] 10.0.0.129 "GET /v2.0/ports HTTP/1.1" status: 200 len: 1718 time: 0.1486268
2026-05-28 22:52:47.441 9 WARNING neutron_lib.context [None req-654812b5-205b-46b0-be94-5f58fe49fc0e 8d9c0f4fae3541e3b8b67f520935689f 54266da244ab42568004f7a447ddc927 - - default default] Method 'is_advsvc' is deprecated since 2023.2 release (neutron-lib 3.8.0) and will be removed once support for the old RBAC API policies will be removed from Neutron. Please use method 'is_service_role' instead.
2026-05-28 22:52:47.536 9 INFO neutron.db.segments_db [None req-654812b5-205b-46b0-be94-5f58fe49fc0e 8d9c0f4fae3541e3b8b67f520935689f 54266da244ab42568004f7a447ddc927 - - default default] Added segment ff98707e-5df4-4a0a-9c54-a9b659e916ec of type geneve for network 0ca43a5f-3593-400e-9415-6f8bd608caad
2026-05-28 22:52:47.602 10 INFO neutron.db.ovn_revision_numbers_db [None req-89d0e954-059b-4ee8-9602-c0ff2a917bf3 b76c453d58874d13b85a7d1b8ac146fa 3ad2daaa386e48638d73cfacb3b5a244 - - default default] Successfully bumped revision number for resource 8ad3270a-703c-48c3-9cc0-3c1f078968fb (type: security_groups) to 1
2026-05-28 22:52:47.615 10 INFO neutron.db.ovn_revision_numbers_db [None req-89d0e954-059b-4ee8-9602-c0ff2a917bf3 b76c453d58874d13b85a7d1b8ac146fa 3ad2daaa386e48638d73cfacb3b5a244 - - default default] Successfully bumped revision number for resource 016f6077-6e55-4438-b559-04e1b481e717 (type: security_group_rules) to 0
2026-05-28 22:52:47.628 10 INFO neutron.db.ovn_revision_numbers_db [None req-89d0e954-059b-4ee8-9602-c0ff2a917bf3 b76c453d58874d13b85a7d1b8ac146fa 3ad2daaa386e48638d73cfacb3b5a244 - - default default] Successfully bumped revision number for resource 1124fab0-e210-4ee2-98fb-41e8fa91c70a (type: security_group_rules) to 0
2026-05-28 22:52:47.643 10 INFO neutron.db.ovn_revision_numbers_db [None req-89d0e954-059b-4ee8-9602-c0ff2a917bf3 b76c453d58874d13b85a7d1b8ac146fa 3ad2daaa386e48638d73cfacb3b5a244 - - default default] Successfully bumped revision number for resource 339b095d-2ce4-4d6e-8609-496c7e28f74d (type: security_group_rules) to 0
2026-05-28 22:52:47.660 10 INFO neutron.db.ovn_revision_numbers_db [None req-89d0e954-059b-4ee8-9602-c0ff2a917bf3 b76c453d58874d13b85a7d1b8ac146fa 3ad2daaa386e48638d73cfacb3b5a244 - - default default] Successfully bumped revision number for resource 48069cb6-0a79-45f2-be48-7f87e0367f9c (type: security_group_rules) to 0
2026-05-28 22:52:47.682 10 INFO neutron.wsgi [None req-89d0e954-059b-4ee8-9602-c0ff2a917bf3 b76c453d58874d13b85a7d1b8ac146fa 3ad2daaa386e48638d73cfacb3b5a244 - - default default] 10.0.0.129 "GET /v2.0/security-groups?tenant_id=bc72b944b33241518c61021834216178&name=default HTTP/1.1" status: 200 len: 2996 time: 0.4023809
2026-05-28 22:52:47.707 9 INFO neutron.db.ovn_revision_numbers_db [None req-654812b5-205b-46b0-be94-5f58fe49fc0e 8d9c0f4fae3541e3b8b67f520935689f 54266da244ab42568004f7a447ddc927 - - default default] Successfully bumped revision number for resource 0ca43a5f-3593-400e-9415-6f8bd608caad (type: networks) to 1
2026-05-28 22:52:47.859 10 INFO neutron.wsgi [None req-5ffc2aa5-e762-434c-894b-ae976950a9b5 b76c453d58874d13b85a7d1b8ac146fa 3ad2daaa386e48638d73cfacb3b5a244 - - default default] 10.0.0.129 "DELETE /v2.0/security-groups/8ad3270a-703c-48c3-9cc0-3c1f078968fb HTTP/1.1" status: 204 len: 168 time: 0.1632583
2026-05-28 22:52:47.934 9 WARNING neutron.scheduler.dhcp_agent_scheduler [None req-654812b5-205b-46b0-be94-5f58fe49fc0e 8d9c0f4fae3541e3b8b67f520935689f 54266da244ab42568004f7a447ddc927 - - default default] No more DHCP agents
2026-05-28 22:52:47.937 9 WARNING neutron.api.rpc.agentnotifiers.dhcp_rpc_agent_api [None req-654812b5-205b-46b0-be94-5f58fe49fc0e 8d9c0f4fae3541e3b8b67f520935689f 54266da244ab42568004f7a447ddc927 - - default default] Unable to schedule network 0ca43a5f-3593-400e-9415-6f8bd608caad: no agents available; will retry on subsequent port and subnet creation events.
2026-05-28 22:52:48.026 9 INFO neutron.db.ovn_revision_numbers_db [None req-de1b1f6a-6754-4b62-a43f-b3afae671c64 b76c453d58874d13b85a7d1b8ac146fa 3ad2daaa386e48638d73cfacb3b5a244 - - default default] Successfully bumped revision number for resource 2787eb57-cedf-4fe6-9b13-adccb6e6ec78 (type: ports) to 2
2026-05-28 22:52:48.038 9 INFO neutron.db.ovn_revision_numbers_db [None req-654812b5-205b-46b0-be94-5f58fe49fc0e 8d9c0f4fae3541e3b8b67f520935689f 54266da244ab42568004f7a447ddc927 - - default default] Successfully bumped revision number for resource 2f284756-6aa3-4185-b00f-d421549a361d (type: ports) to 1
2026-05-28 22:52:48.059 9 INFO neutron.wsgi [None req-654812b5-205b-46b0-be94-5f58fe49fc0e 8d9c0f4fae3541e3b8b67f520935689f 54266da244ab42568004f7a447ddc927 - - default default] 10.0.0.129 "POST /v2.0/networks HTTP/1.1" status: 201 len: 848 time: 0.6234338
2026-05-28 22:52:48.059 9 INFO neutron.db.ovn_revision_numbers_db [None req-de1b1f6a-6754-4b62-a43f-b3afae671c64 b76c453d58874d13b85a7d1b8ac146fa 3ad2daaa386e48638d73cfacb3b5a244 - - default default] Successfully bumped revision number for resource dbebeaa9-91cb-4553-ad97-6c6b0e33dee3 (type: subnets) to 0
2026-05-28 22:52:48.072 9 INFO neutron.wsgi [None req-de1b1f6a-6754-4b62-a43f-b3afae671c64 b76c453d58874d13b85a7d1b8ac146fa 3ad2daaa386e48638d73cfacb3b5a244 - - default default] 10.0.0.129 "POST /v2.0/subnets HTTP/1.1" status: 201 len: 869 time: 0.8602576
2026-05-28 22:52:48.073 10 WARNING neutron_lib.context [None req-034db381-b45c-44d2-a3ea-c313b8b2c324 8d9c0f4fae3541e3b8b67f520935689f 54266da244ab42568004f7a447ddc927 - - default default] Method 'is_advsvc' is deprecated since 2023.2 release (neutron-lib 3.8.0) and will be removed once support for the old RBAC API policies will be removed from Neutron. Please use method 'is_service_role' instead.
2026-05-28 22:52:48.159 10 INFO neutron.db.segments_db [None req-034db381-b45c-44d2-a3ea-c313b8b2c324 8d9c0f4fae3541e3b8b67f520935689f 54266da244ab42568004f7a447ddc927 - - default default] Added segment 7c41bb92-bca8-41d5-9cf4-45157a22ea5d of type geneve for network 700fb74a-701e-4e62-b72b-b3d2156cb972
2026-05-28 22:52:48.292 10 INFO neutron.db.ovn_revision_numbers_db [None req-034db381-b45c-44d2-a3ea-c313b8b2c324 8d9c0f4fae3541e3b8b67f520935689f 54266da244ab42568004f7a447ddc927 - - default default] Successfully bumped revision number for resource 700fb74a-701e-4e62-b72b-b3d2156cb972 (type: networks) to 1
2026-05-28 22:52:48.490 10 WARNING neutron.scheduler.dhcp_agent_scheduler [None req-034db381-b45c-44d2-a3ea-c313b8b2c324 8d9c0f4fae3541e3b8b67f520935689f 54266da244ab42568004f7a447ddc927 - - default default] No more DHCP agents
2026-05-28 22:52:48.492 10 WARNING neutron.api.rpc.agentnotifiers.dhcp_rpc_agent_api [None req-034db381-b45c-44d2-a3ea-c313b8b2c324 8d9c0f4fae3541e3b8b67f520935689f 54266da244ab42568004f7a447ddc927 - - default default] Unable to schedule network 700fb74a-701e-4e62-b72b-b3d2156cb972: no agents available; will retry on subsequent port and subnet creation events.
2026-05-28 22:52:48.521 9 WARNING neutron.scheduler.dhcp_agent_scheduler [None req-f92301fb-4a67-4f6e-8fa1-e5bfe6c67717 b76c453d58874d13b85a7d1b8ac146fa 3ad2daaa386e48638d73cfacb3b5a244 - - default default] No more DHCP agents
2026-05-28 22:52:48.525 9 WARNING neutron.api.rpc.agentnotifiers.dhcp_rpc_agent_api [None req-f92301fb-4a67-4f6e-8fa1-e5bfe6c67717 b76c453d58874d13b85a7d1b8ac146fa 3ad2daaa386e48638d73cfacb3b5a244 - - default default] Unable to schedule network a3dd86cb-b66a-4537-94e0-ccb075ca04d6: no agents available; will retry on subsequent port and subnet creation events.
2026-05-28 22:52:48.567 10 INFO neutron.db.ovn_revision_numbers_db [None req-034db381-b45c-44d2-a3ea-c313b8b2c324 8d9c0f4fae3541e3b8b67f520935689f 54266da244ab42568004f7a447ddc927 - - default default] Successfully bumped revision number for resource 4ada74ae-c90c-4d58-aab8-09128f0ab83a (type: ports) to 1
2026-05-28 22:52:48.586 10 INFO neutron.wsgi [None req-034db381-b45c-44d2-a3ea-c313b8b2c324 8d9c0f4fae3541e3b8b67f520935689f 54266da244ab42568004f7a447ddc927 - - default default] 10.0.0.129 "POST /v2.0/networks HTTP/1.1" status: 201 len: 848 time: 0.5193372
2026-05-28 22:52:48.623 9 WARNING neutron_lib.context [None req-04ed78bc-3906-4812-8c5e-d645c2548298 8d9c0f4fae3541e3b8b67f520935689f 54266da244ab42568004f7a447ddc927 - - default default] Method 'is_advsvc' is deprecated since 2023.2 release (neutron-lib 3.8.0) and will be removed once support for the old RBAC API policies will be removed from Neutron. Please use method 'is_service_role' instead.
2026-05-28 22:52:48.671 9 WARNING neutron_lib.context [None req-04ed78bc-3906-4812-8c5e-d645c2548298 8d9c0f4fae3541e3b8b67f520935689f 54266da244ab42568004f7a447ddc927 - - default default] Method 'is_advsvc' is deprecated since 2023.2 release (neutron-lib 3.8.0) and will be removed once support for the old RBAC API policies will be removed from Neutron. Please use method 'is_service_role' instead.
2026-05-28 22:52:48.732 9 INFO neutron.db.ovn_revision_numbers_db [None req-f92301fb-4a67-4f6e-8fa1-e5bfe6c67717 b76c453d58874d13b85a7d1b8ac146fa 3ad2daaa386e48638d73cfacb3b5a244 - - default default] Successfully bumped revision number for resource ba63ced7-f502-463d-9285-bfdcca6049cc (type: ports) to 1
2026-05-28 22:52:49.194 9 WARNING neutron.scheduler.dhcp_agent_scheduler [None req-04ed78bc-3906-4812-8c5e-d645c2548298 8d9c0f4fae3541e3b8b67f520935689f 54266da244ab42568004f7a447ddc927 - - default default] No more DHCP agents
2026-05-28 22:52:49.198 9 WARNING neutron.api.rpc.agentnotifiers.dhcp_rpc_agent_api [None req-04ed78bc-3906-4812-8c5e-d645c2548298 8d9c0f4fae3541e3b8b67f520935689f 54266da244ab42568004f7a447ddc927 - - default default] Unable to schedule network 0ca43a5f-3593-400e-9415-6f8bd608caad: no agents available; will retry on subsequent port and subnet creation events.
2026-05-28 22:52:49.654 9 INFO neutron.plugins.ml2.drivers.ovn.mech_driver.mech_driver [None req-e6771b60-b103-471a-8a1b-323c05953c8e - - - - - -] OVN reports status up for port: ba63ced7-f502-463d-9285-bfdcca6049cc
2026-05-28 22:52:49.680 9 INFO neutron.plugins.ml2.drivers.ovn.mech_driver.ovsdb.ovsdb_monitor [None req-b21ed6fc-73da-4b5b-a377-cd2889b29657 - - - - - -] Router 20565d47-d7b7-49a3-9897-0662054811e0 is bound to host instance
2026-05-28 22:52:49.695 9 INFO neutron.plugins.ml2.plugin [None req-e6771b60-b103-471a-8a1b-323c05953c8e - - - - - -] Attempt 1 to provision port ba63ced7-f502-463d-9285-bfdcca6049cc
2026-05-28 22:52:49.725 9 INFO neutron.db.ovn_revision_numbers_db [None req-f92301fb-4a67-4f6e-8fa1-e5bfe6c67717 b76c453d58874d13b85a7d1b8ac146fa 3ad2daaa386e48638d73cfacb3b5a244 - - default default] Successfully bumped revision number for resource ba63ced7-f502-463d-9285-bfdcca6049cc (type: router_ports) to 1
