2026-05-28 22:55:38.790 10 INFO neutron.services.segments.plugin [-] Segment 767e91e2-d47a-46a2-9175-d8af6d73b288 resource provider not found; error: Placement Client Error (4xx): {"errors": [{"status": 404, "title": "Not Found", "detail": "The resource could not be found.\n\n No resource provider with uuid 767e91e2-d47a-46a2-9175-d8af6d73b288 found for delete ", "request_id": "req-54e4898b-6f0f-4533-86fe-2ddcb510b7a8"}]}
2026-05-28 22:55:38.839 9 INFO neutron.wsgi [req-90ead0e9-3750-4d70-9889-46829778ed72 req-4eccf832-710c-4732-980f-12e0c8e32911 2e97ca90eb3546e1ae99765880d7dfc4 73a0f4f6eb244478b26f178b2d6bc468 - - c677fa05ab174be88a773294a28ab893 c677fa05ab174be88a773294a28ab893] 199.204.45.210 "GET /v2.0/networks?id=b2f95d81-90be-4f4a-8306-45a7281a0fc9 HTTP/1.1" status: 200 len: 1005 time: 0.1112850
2026-05-28 22:55:38.874 9 INFO neutron.wsgi [req-90ead0e9-3750-4d70-9889-46829778ed72 req-0167e414-f969-46d0-a3af-d85bcc6091af 2e97ca90eb3546e1ae99765880d7dfc4 73a0f4f6eb244478b26f178b2d6bc468 - - c677fa05ab174be88a773294a28ab893 c677fa05ab174be88a773294a28ab893] 199.204.45.210 "GET /v2.0/floatingips?fixed_ip_address=10.1.1.118&port_id=f5741f83-eb76-4017-9551-a21c639f3495 HTTP/1.1" status: 200 len: 217 time: 0.0202806
2026-05-28 22:55:38.915 10 INFO neutron.wsgi [req-fc1fc186-371d-44f2-b504-dd752be62a37 req-74d83a16-0d58-4b0d-9850-9571699dd05d b76c453d58874d13b85a7d1b8ac146fa 3ad2daaa386e48638d73cfacb3b5a244 - - default default] 10.0.0.25 "GET /v2.0/ports/f5741f83-eb76-4017-9551-a21c639f3495 HTTP/1.1" status: 200 len: 1456 time: 0.0349598
2026-05-28 22:55:38.919 9 INFO neutron.wsgi [req-90ead0e9-3750-4d70-9889-46829778ed72 req-28734ae2-8ada-46c6-941b-5e409c0fff23 2e97ca90eb3546e1ae99765880d7dfc4 73a0f4f6eb244478b26f178b2d6bc468 - - c677fa05ab174be88a773294a28ab893 c677fa05ab174be88a773294a28ab893] 199.204.45.210 "GET /v2.0/subnets?id=e0348f91-9b06-4bf3-bc76-6f1ccbc25f5a HTTP/1.1" status: 200 len: 853 time: 0.0396948
2026-05-28 22:55:38.947 9 INFO neutron.wsgi [req-90ead0e9-3750-4d70-9889-46829778ed72 req-2eb47baa-4bf4-45a4-983e-807f90b2bfdb 2e97ca90eb3546e1ae99765880d7dfc4 73a0f4f6eb244478b26f178b2d6bc468 - - c677fa05ab174be88a773294a28ab893 c677fa05ab174be88a773294a28ab893] 199.204.45.210 "GET /v2.0/ports?network_id=b2f95d81-90be-4f4a-8306-45a7281a0fc9&device_owner=network%3Adhcp HTTP/1.1" status: 200 len: 210 time: 0.0236495
2026-05-28 22:55:39.027 9 INFO neutron.wsgi [req-90ead0e9-3750-4d70-9889-46829778ed72 req-ac259c92-d65d-4ed3-bbae-90c3ae5bd510 2e97ca90eb3546e1ae99765880d7dfc4 73a0f4f6eb244478b26f178b2d6bc468 - - c677fa05ab174be88a773294a28ab893 c677fa05ab174be88a773294a28ab893] 199.204.45.210 "GET /v2.0/networks/b2f95d81-90be-4f4a-8306-45a7281a0fc9?fields=segments HTTP/1.1" status: 200 len: 212 time: 0.0758486
2026-05-28 22:55:39.108 9 INFO neutron.wsgi [req-90ead0e9-3750-4d70-9889-46829778ed72 req-7eb236ba-991c-4bfe-bf50-fd714b6f93da 2e97ca90eb3546e1ae99765880d7dfc4 73a0f4f6eb244478b26f178b2d6bc468 - - c677fa05ab174be88a773294a28ab893 c677fa05ab174be88a773294a28ab893] 199.204.45.210 "GET /v2.0/networks/b2f95d81-90be-4f4a-8306-45a7281a0fc9?fields=provider%3Aphysical_network&fields=provider%3Anetwork_type HTTP/1.1" status: 200 len: 277 time: 0.0717890
2026-05-28 22:55:39.158 9 INFO neutron.db.ovn_revision_numbers_db [None req-e6771b60-b103-471a-8a1b-323c05953c8e - - - - - -] Successfully bumped revision number for resource f5741f83-eb76-4017-9551-a21c639f3495 (type: ports) to 4
2026-05-28 22:55:39.273 10 INFO neutron.db.ovn_revision_numbers_db [None req-a023bfc6-cdc8-4674-8273-b78cefdc8bd3 b76c453d58874d13b85a7d1b8ac146fa 3ad2daaa386e48638d73cfacb3b5a244 - - default default] Successfully bumped revision number for resource f5741f83-eb76-4017-9551-a21c639f3495 (type: ports) to 5
2026-05-28 22:55:39.286 10 INFO neutron.wsgi [None req-a023bfc6-cdc8-4674-8273-b78cefdc8bd3 b76c453d58874d13b85a7d1b8ac146fa 3ad2daaa386e48638d73cfacb3b5a244 - - default default] 199.204.45.210 "PUT /v2.0/ports/f5741f83-eb76-4017-9551-a21c639f3495 HTTP/1.1" status: 200 len: 1490 time: 0.3549469 /var/lib/openstack/lib/python3.10/site-packages/pycadf/identifier.py:71: UserWarning: Invalid uuid: neutron. To ensure interoperability, identifiers should be a valid uuid. warnings.warn(('Invalid uuid: %s. To ensure interoperability, '
2026-05-28 22:55:39.308 10 INFO neutron.api.v2.resource [None req-6184c8d2-0ddf-4bec-afbc-c5c23630d62f b76c453d58874d13b85a7d1b8ac146fa 3ad2daaa386e48638d73cfacb3b5a244 - - default default] show failed (client error): The resource could not be found.
2026-05-28 22:55:39.309 10 INFO neutron.wsgi [None req-6184c8d2-0ddf-4bec-afbc-c5c23630d62f b76c453d58874d13b85a7d1b8ac146fa 3ad2daaa386e48638d73cfacb3b5a244 - - default default] 199.204.45.210 "GET /v2.0/security-groups/lb-10144b46-8170-4f78-8928-b7239e8e255e HTTP/1.1" status: 404 len: 355 time: 0.0124357
2026-05-28 22:55:39.321 10 INFO neutron.notifiers.nova [-] Nova event matching ['req-bd8c5037-05fb-4de9-a751-e3782e8f81d0'] response: {'name': 'network-changed', 'server_uuid': 'e797ea47-c130-4e9b-8d31-ea49acd1b07f', 'tag': 'f5741f83-eb76-4017-9551-a21c639f3495', 'status': 'completed', 'code': 200} /var/lib/openstack/lib/python3.10/site-packages/pycadf/identifier.py:71: UserWarning: Invalid uuid: neutron. To ensure interoperability, identifiers should be a valid uuid. warnings.warn(('Invalid uuid: %s. To ensure interoperability, '
2026-05-28 22:55:39.365 10 INFO neutron.wsgi [None req-c961962f-32ba-43d7-977d-4ff735332b8b b76c453d58874d13b85a7d1b8ac146fa 3ad2daaa386e48638d73cfacb3b5a244 - - default default] 199.204.45.210 "GET /v2.0/security-groups?name=lb-10144b46-8170-4f78-8928-b7239e8e255e HTTP/1.1" status: 200 len: 1775 time: 0.0509543
2026-05-28 22:55:39.389 9 INFO neutron.wsgi [req-a8850edb-e59a-4a16-bb4a-a7e3834bf8b0 req-609c66cd-c9d9-4d63-aa3f-b3e668221389 2e97ca90eb3546e1ae99765880d7dfc4 73a0f4f6eb244478b26f178b2d6bc468 - - c677fa05ab174be88a773294a28ab893 c677fa05ab174be88a773294a28ab893] 199.204.45.210 "GET /v2.0/ports?tenant_id=3ad2daaa386e48638d73cfacb3b5a244&device_id=e797ea47-c130-4e9b-8d31-ea49acd1b07f HTTP/1.1" status: 200 len: 2723 time: 0.0335639
2026-05-28 22:55:39.446 9 INFO neutron.wsgi [req-a8850edb-e59a-4a16-bb4a-a7e3834bf8b0 req-004b10ca-dd34-4b83-b382-d4e2b1e91b97 2e97ca90eb3546e1ae99765880d7dfc4 73a0f4f6eb244478b26f178b2d6bc468 - - c677fa05ab174be88a773294a28ab893 c677fa05ab174be88a773294a28ab893] 199.204.45.210 "GET /v2.0/networks?id=b2f95d81-90be-4f4a-8306-45a7281a0fc9 HTTP/1.1" status: 200 len: 1005 time: 0.0505705
2026-05-28 22:55:39.470 9 INFO neutron.wsgi [req-a8850edb-e59a-4a16-bb4a-a7e3834bf8b0 req-fd1a2e44-003d-4ab2-9882-0dff2840948a 2e97ca90eb3546e1ae99765880d7dfc4 73a0f4f6eb244478b26f178b2d6bc468 - - c677fa05ab174be88a773294a28ab893 c677fa05ab174be88a773294a28ab893] 199.204.45.210 "GET /v2.0/floatingips?fixed_ip_address=10.1.1.118&port_id=f5741f83-eb76-4017-9551-a21c639f3495 HTTP/1.1" status: 200 len: 217 time: 0.0180309
2026-05-28 22:55:39.506 9 INFO neutron.wsgi [req-a8850edb-e59a-4a16-bb4a-a7e3834bf8b0 req-dd2706f7-117b-42d5-9822-40926ebd2a27 2e97ca90eb3546e1ae99765880d7dfc4 73a0f4f6eb244478b26f178b2d6bc468 - - c677fa05ab174be88a773294a28ab893 c677fa05ab174be88a773294a28ab893] 199.204.45.210 "GET /v2.0/subnets?id=e0348f91-9b06-4bf3-bc76-6f1ccbc25f5a HTTP/1.1" status: 200 len: 853 time: 0.0307651
2026-05-28 22:55:39.532 9 INFO neutron.wsgi [req-a8850edb-e59a-4a16-bb4a-a7e3834bf8b0 req-028cd1b3-5a30-4517-aab5-db388c6619cc 2e97ca90eb3546e1ae99765880d7dfc4 73a0f4f6eb244478b26f178b2d6bc468 - - c677fa05ab174be88a773294a28ab893 c677fa05ab174be88a773294a28ab893] 199.204.45.210 "GET /v2.0/ports?network_id=b2f95d81-90be-4f4a-8306-45a7281a0fc9&device_owner=network%3Adhcp HTTP/1.1" status: 200 len: 210 time: 0.0194609
2026-05-28 22:55:39.601 9 INFO neutron.wsgi [req-a8850edb-e59a-4a16-bb4a-a7e3834bf8b0 req-1579a4ed-c0b2-45d5-94b9-bcbe7da6db70 2e97ca90eb3546e1ae99765880d7dfc4 73a0f4f6eb244478b26f178b2d6bc468 - - c677fa05ab174be88a773294a28ab893 c677fa05ab174be88a773294a28ab893] 199.204.45.210 "GET /v2.0/networks/b2f95d81-90be-4f4a-8306-45a7281a0fc9?fields=segments HTTP/1.1" status: 200 len: 212 time: 0.0628078
2026-05-28 22:55:39.664 9 INFO neutron.wsgi [req-a8850edb-e59a-4a16-bb4a-a7e3834bf8b0 req-57e33fea-e7eb-4158-85d3-74a199e1439e 2e97ca90eb3546e1ae99765880d7dfc4 73a0f4f6eb244478b26f178b2d6bc468 - - c677fa05ab174be88a773294a28ab893 c677fa05ab174be88a773294a28ab893] 199.204.45.210 "GET /v2.0/networks/b2f95d81-90be-4f4a-8306-45a7281a0fc9?fields=provider%3Aphysical_network&fields=provider%3Anetwork_type HTTP/1.1" status: 200 len: 277 time: 0.0564997
2026-05-28 22:55:39.996 10 INFO neutron.db.ovn_revision_numbers_db [None req-42a035e2-a847-4f04-ac17-506f18eda757 b76c453d58874d13b85a7d1b8ac146fa 3ad2daaa386e48638d73cfacb3b5a244 - - default default] Successfully bumped revision number for resource f5741f83-eb76-4017-9551-a21c639f3495 (type: ports) to 6
2026-05-28 22:55:40.011 10 INFO neutron.wsgi [None req-42a035e2-a847-4f04-ac17-506f18eda757 b76c453d58874d13b85a7d1b8ac146fa 3ad2daaa386e48638d73cfacb3b5a244 - - default default] 199.204.45.210 "PUT /v2.0/ports/f5741f83-eb76-4017-9551-a21c639f3495 HTTP/1.1" status: 200 len: 1490 time: 0.6352243
2026-05-28 22:55:40.124 9 INFO neutron.notifiers.nova [-] Nova event matching ['req-33704a51-7a58-43e5-955e-fc941ca093b5'] response: {'server_uuid': 'e797ea47-c130-4e9b-8d31-ea49acd1b07f', 'name': 'network-vif-plugged', 'status': 'completed', 'tag': 'f5741f83-eb76-4017-9551-a21c639f3495', 'code': 200}
2026-05-28 22:55:40.124 9 INFO neutron.notifiers.nova [-] Nova event matching ['req-33704a51-7a58-43e5-955e-fc941ca093b5'] response: {'server_uuid': 'e797ea47-c130-4e9b-8d31-ea49acd1b07f', 'name': 'network-vif-plugged', 'status': 'completed', 'tag': 'f5741f83-eb76-4017-9551-a21c639f3495', 'code': 200} /var/lib/openstack/lib/python3.10/site-packages/pycadf/identifier.py:71: UserWarning: Invalid uuid: neutron. To ensure interoperability, identifiers should be a valid uuid. warnings.warn(('Invalid uuid: %s. To ensure interoperability, '
2026-05-28 22:55:40.214 10 INFO neutron.wsgi [None req-d0a62788-b328-45ae-920e-51c317a88196 b76c453d58874d13b85a7d1b8ac146fa 3ad2daaa386e48638d73cfacb3b5a244 - - default default] 199.204.45.210 "GET /v2.0/extensions/security-group HTTP/1.1" status: 200 len: 369 time: 0.0095270
2026-05-28 22:55:40.229 10 INFO neutron.wsgi [None req-36cf0ff1-e0d4-4a22-9b9d-ddd0220ae12a b76c453d58874d13b85a7d1b8ac146fa 3ad2daaa386e48638d73cfacb3b5a244 - - default default] 199.204.45.210 "GET /v2.0/extensions/dns-integration HTTP/1.1" status: 200 len: 371 time: 0.0099421
2026-05-28 22:55:40.237 10 INFO neutron.wsgi [None req-1711bff7-6c65-4bb8-8e9d-8b28c6fe9498 b76c453d58874d13b85a7d1b8ac146fa 3ad2daaa386e48638d73cfacb3b5a244 - - default default] 199.204.45.210 "GET /v2.0/extensions/qos HTTP/1.1" status: 200 len: 365 time: 0.0033834
2026-05-28 22:55:40.244 10 INFO neutron.wsgi [None req-96e0ec9c-11b2-47f2-abab-fdadc677c94a b76c453d58874d13b85a7d1b8ac146fa 3ad2daaa386e48638d73cfacb3b5a244 - - default default] 199.204.45.210 "GET /v2.0/extensions/allowed-address-pairs HTTP/1.1" status: 200 len: 383 time: 0.0040967
2026-05-28 22:55:40.283 10 INFO neutron.wsgi [None req-55ebb3e2-d351-4218-a11a-47b81494d14e b76c453d58874d13b85a7d1b8ac146fa 3ad2daaa386e48638d73cfacb3b5a244 - - default default] 199.204.45.210 "GET /v2.0/subnets/e0348f91-9b06-4bf3-bc76-6f1ccbc25f5a HTTP/1.1" status: 200 len: 850 time: 0.0342591
2026-05-28 22:55:40.330 10 INFO neutron.wsgi [None req-51eadec4-86cc-4599-8189-33d08c104e44 b76c453d58874d13b85a7d1b8ac146fa 3ad2daaa386e48638d73cfacb3b5a244 - - default default] 199.204.45.210 "GET /v2.0/ports/4f428f7a-fdc9-44cd-acb2-bdda0f63479f HTTP/1.1" status: 200 len: 1328 time: 0.0390363
2026-05-28 22:55:40.376 10 INFO neutron.wsgi [None req-bf2c8b02-7f89-42e4-b701-7b0697e7d659 b76c453d58874d13b85a7d1b8ac146fa 3ad2daaa386e48638d73cfacb3b5a244 - - default default] 199.204.45.210 "GET /v2.0/ports/f5741f83-eb76-4017-9551-a21c639f3495 HTTP/1.1" status: 200 len: 1518 time: 0.0372028
2026-05-28 22:55:40.424 10 INFO neutron.wsgi [None req-4c5625ef-9f75-4dde-92b1-c63fa6402284 b76c453d58874d13b85a7d1b8ac146fa 3ad2daaa386e48638d73cfacb3b5a244 - - default default] 199.204.45.210 "GET /v2.0/subnets/e0348f91-9b06-4bf3-bc76-6f1ccbc25f5a HTTP/1.1" status: 200 len: 850 time: 0.0411837
2026-05-28 22:55:40.499 10 INFO neutron.wsgi [None req-d7b79794-4de3-40f0-9342-d655f01695a0 b76c453d58874d13b85a7d1b8ac146fa 3ad2daaa386e48638d73cfacb3b5a244 - - default default] 199.204.45.210 "GET /v2.0/networks/b2f95d81-90be-4f4a-8306-45a7281a0fc9 HTTP/1.1" status: 200 len: 1002 time: 0.0664144
2026-05-28 22:55:40.539 10 INFO neutron.wsgi [None req-09624135-087a-403f-9ae9-ed49f9c43826 b76c453d58874d13b85a7d1b8ac146fa 3ad2daaa386e48638d73cfacb3b5a244 - - default default] 199.204.45.210 "GET /v2.0/ports/4f428f7a-fdc9-44cd-acb2-bdda0f63479f HTTP/1.1" status: 200 len: 1328 time: 0.0334074
2026-05-28 22:55:40.587 10 INFO neutron.wsgi [None req-60e9b125-12d6-47d1-a17d-74524d1c1a15 b76c453d58874d13b85a7d1b8ac146fa 3ad2daaa386e48638d73cfacb3b5a244 - - default default] 199.204.45.210 "GET /v2.0/subnets/e0348f91-9b06-4bf3-bc76-6f1ccbc25f5a HTTP/1.1" status: 200 len: 850 time: 0.0376501
2026-05-28 22:55:40.643 10 WARNING neutron_lib.context [None req-bb7066a8-3db2-4da0-a2a8-45510970a4ae f0650d856cab44838bc572f1bee3f3e2 6ad73b2722304f0b8b9612b4f137fd57 - - default default] Method 'is_advsvc' is deprecated since 2023.2 release (neutron-lib 3.8.0) and will be removed once support for the old RBAC API policies will be removed from Neutron. Please use method 'is_service_role' instead.
2026-05-28 22:55:40.808 10 INFO neutron.db.ovn_revision_numbers_db [None req-bb7066a8-3db2-4da0-a2a8-45510970a4ae f0650d856cab44838bc572f1bee3f3e2 6ad73b2722304f0b8b9612b4f137fd57 - - default default] Successfully bumped revision number for resource a23556c2-a9f4-4431-ad20-8b550bf477ca (type: security_groups) to 1
2026-05-28 22:55:40.822 10 INFO neutron.db.ovn_revision_numbers_db [None req-bb7066a8-3db2-4da0-a2a8-45510970a4ae f0650d856cab44838bc572f1bee3f3e2 6ad73b2722304f0b8b9612b4f137fd57 - - default default] Successfully bumped revision number for resource 2bbd0261-6574-4a1e-93ff-542fe9214f21 (type: security_group_rules) to 0
2026-05-28 22:55:40.836 10 INFO neutron.db.ovn_revision_numbers_db [None req-bb7066a8-3db2-4da0-a2a8-45510970a4ae f0650d856cab44838bc572f1bee3f3e2 6ad73b2722304f0b8b9612b4f137fd57 - - default default] Successfully bumped revision number for resource 963eb31e-a834-44f5-8ab6-34683f4c04fe (type: security_group_rules) to 0
2026-05-28 22:55:40.851 10 INFO neutron.db.ovn_revision_numbers_db [None req-bb7066a8-3db2-4da0-a2a8-45510970a4ae f0650d856cab44838bc572f1bee3f3e2 6ad73b2722304f0b8b9612b4f137fd57 - - default default] Successfully bumped revision number for resource a76da41b-4539-40bc-a963-b5ca2edb5b06 (type: security_group_rules) to 0
2026-05-28 22:55:40.870 10 INFO neutron.db.ovn_revision_numbers_db [None req-bb7066a8-3db2-4da0-a2a8-45510970a4ae f0650d856cab44838bc572f1bee3f3e2 6ad73b2722304f0b8b9612b4f137fd57 - - default default] Successfully bumped revision number for resource e0754f44-eefb-4bd0-9ab4-48b2e15c5da9 (type: security_group_rules) to 0
2026-05-28 22:55:40.903 10 WARNING neutron_lib.context [None req-cf607abd-4fc1-4f4b-baa5-6cdbb9c6ce1c 73efab3523574b10b4ab059d5a2f0daa c3a106dd16cd4f7e9dbf8df883fa66ae - - default default] Method 'is_advsvc' is deprecated since 2023.2 release (neutron-lib 3.8.0) and will be removed once support for the old RBAC API policies will be removed from Neutron. Please use method 'is_service_role' instead.
2026-05-28 22:55:40.928 10 INFO neutron.db.segments_db [None req-bb7066a8-3db2-4da0-a2a8-45510970a4ae f0650d856cab44838bc572f1bee3f3e2 6ad73b2722304f0b8b9612b4f137fd57 - - default default] Added segment d4f0ece5-1424-44f0-8665-ad2311ca03fd of type geneve for network acbf6110-8290-4f27-bad2-101b6c301d58
2026-05-28 22:55:41.104 10 INFO neutron.db.ovn_revision_numbers_db [None req-bb7066a8-3db2-4da0-a2a8-45510970a4ae f0650d856cab44838bc572f1bee3f3e2 6ad73b2722304f0b8b9612b4f137fd57 - - default default] Successfully bumped revision number for resource acbf6110-8290-4f27-bad2-101b6c301d58 (type: networks) to 1
2026-05-28 22:55:41.116 10 INFO neutron.db.ovn_revision_numbers_db [None req-cf607abd-4fc1-4f4b-baa5-6cdbb9c6ce1c 73efab3523574b10b4ab059d5a2f0daa c3a106dd16cd4f7e9dbf8df883fa66ae - - default default] Successfully bumped revision number for resource 7688984f-8f22-4edc-8dc1-6e2980c19436 (type: security_groups) to 1
2026-05-28 22:55:41.143 10 INFO neutron.db.ovn_revision_numbers_db [None req-cf607abd-4fc1-4f4b-baa5-6cdbb9c6ce1c 73efab3523574b10b4ab059d5a2f0daa c3a106dd16cd4f7e9dbf8df883fa66ae - - default default] Successfully bumped revision number for resource 190dc60b-a75c-4dc7-905b-479446dbe1a3 (type: security_group_rules) to 0
2026-05-28 22:55:41.155 10 INFO neutron.db.ovn_revision_numbers_db [None req-cf607abd-4fc1-4f4b-baa5-6cdbb9c6ce1c 73efab3523574b10b4ab059d5a2f0daa c3a106dd16cd4f7e9dbf8df883fa66ae - - default default] Successfully bumped revision number for resource 5beebda6-912d-459e-bf02-58e74262073f (type: security_group_rules) to 0
2026-05-28 22:55:41.177 10 INFO neutron.db.ovn_revision_numbers_db [None req-cf607abd-4fc1-4f4b-baa5-6cdbb9c6ce1c 73efab3523574b10b4ab059d5a2f0daa c3a106dd16cd4f7e9dbf8df883fa66ae - - default default] Successfully bumped revision number for resource 8b9e6d8f-19bc-42ca-a166-16decdc645f2 (type: security_group_rules) to 0
2026-05-28 22:55:41.196 10 INFO neutron.db.ovn_revision_numbers_db [None req-cf607abd-4fc1-4f4b-baa5-6cdbb9c6ce1c 73efab3523574b10b4ab059d5a2f0daa c3a106dd16cd4f7e9dbf8df883fa66ae - - default default] Successfully bumped revision number for resource d1c91a20-f666-4894-bec6-8cfd131a2455 (type: security_group_rules) to 0
2026-05-28 22:55:41.264 10 INFO neutron.db.segments_db [None req-cf607abd-4fc1-4f4b-baa5-6cdbb9c6ce1c 73efab3523574b10b4ab059d5a2f0daa c3a106dd16cd4f7e9dbf8df883fa66ae - - default default] Added segment 612e9041-7a99-4994-9ea3-6ad075222e78 of type geneve for network 8afaf593-498b-4d63-a81c-775b469df3d5
2026-05-28 22:55:41.318 10 WARNING neutron.scheduler.dhcp_agent_scheduler [None req-bb7066a8-3db2-4da0-a2a8-45510970a4ae f0650d856cab44838bc572f1bee3f3e2 6ad73b2722304f0b8b9612b4f137fd57 - - default default] No more DHCP agents
2026-05-28 22:55:41.341 10 WARNING neutron.api.rpc.agentnotifiers.dhcp_rpc_agent_api [None req-bb7066a8-3db2-4da0-a2a8-45510970a4ae f0650d856cab44838bc572f1bee3f3e2 6ad73b2722304f0b8b9612b4f137fd57 - - default default] Unable to schedule network acbf6110-8290-4f27-bad2-101b6c301d58: no agents available; will retry on subsequent port and subnet creation events.
2026-05-28 22:55:41.365 10 INFO neutron.notifiers.nova [-] Nova event matching ['req-25f2a50e-53be-4970-8db5-c741fe1e0c57'] response: {'name': 'network-changed', 'server_uuid': 'e797ea47-c130-4e9b-8d31-ea49acd1b07f', 'tag': 'f5741f83-eb76-4017-9551-a21c639f3495', 'status': 'completed', 'code': 200}
2026-05-28 22:55:41.431 9 INFO neutron.wsgi [req-02823027-bdfe-4554-90fc-67dc4b3005c3 req-48fda1ca-3d63-453f-bdfb-590db6a16320 2e97ca90eb3546e1ae99765880d7dfc4 73a0f4f6eb244478b26f178b2d6bc468 - - c677fa05ab174be88a773294a28ab893 c677fa05ab174be88a773294a28ab893] 199.204.45.210 "GET /v2.0/ports?tenant_id=3ad2daaa386e48638d73cfacb3b5a244&device_id=e797ea47-c130-4e9b-8d31-ea49acd1b07f HTTP/1.1" status: 200 len: 2723 time: 0.0462191
2026-05-28 22:55:41.476 10 INFO neutron.db.ovn_revision_numbers_db [None req-cf607abd-4fc1-4f4b-baa5-6cdbb9c6ce1c 73efab3523574b10b4ab059d5a2f0daa c3a106dd16cd4f7e9dbf8df883fa66ae - - default default] Successfully bumped revision number for resource 8afaf593-498b-4d63-a81c-775b469df3d5 (type: networks) to 1
2026-05-28 22:55:41.501 10 INFO neutron.db.ovn_revision_numbers_db [None req-bb7066a8-3db2-4da0-a2a8-45510970a4ae f0650d856cab44838bc572f1bee3f3e2 6ad73b2722304f0b8b9612b4f137fd57 - - default default] Successfully bumped revision number for resource e96a2240-7dfa-4c98-8953-d6b25c263441 (type: ports) to 1
2026-05-28 22:55:41.507 9 INFO neutron.wsgi [req-02823027-bdfe-4554-90fc-67dc4b3005c3 req-9e990262-0209-4f07-b4d4-66466be769e8 2e97ca90eb3546e1ae99765880d7dfc4 73a0f4f6eb244478b26f178b2d6bc468 - - c677fa05ab174be88a773294a28ab893 c677fa05ab174be88a773294a28ab893] 199.204.45.210 "GET /v2.0/networks?id=b2f95d81-90be-4f4a-8306-45a7281a0fc9 HTTP/1.1" status: 200 len: 1005 time: 0.0686836
2026-05-28 22:55:41.534 10 INFO neutron.wsgi [None req-bb7066a8-3db2-4da0-a2a8-45510970a4ae f0650d856cab44838bc572f1bee3f3e2 6ad73b2722304f0b8b9612b4f137fd57 - - default default] 10.0.0.129 "POST /v2.0/networks HTTP/1.1" status: 201 len: 832 time: 1.0005243
2026-05-28 22:55:41.544 9 WARNING neutron_lib.context [None req-443a3021-a479-4da8-b418-9fe7656bf987 f0650d856cab44838bc572f1bee3f3e2 6ad73b2722304f0b8b9612b4f137fd57 - - default default] Method 'is_advsvc' is deprecated since 2023.2 release (neutron-lib 3.8.0) and will be removed once support for the old RBAC API policies will be removed from Neutron. Please use method 'is_service_role' instead.
2026-05-28 22:55:41.547 9 INFO neutron.wsgi [req-02823027-bdfe-4554-90fc-67dc4b3005c3 req-dcd198a8-38d7-43f4-b9d7-33d83fd6734c 2e97ca90eb3546e1ae99765880d7dfc4 73a0f4f6eb244478b26f178b2d6bc468 - - c677fa05ab174be88a773294a28ab893 c677fa05ab174be88a773294a28ab893] 199.204.45.210 "GET /v2.0/floatingips?fixed_ip_address=10.1.1.118&port_id=f5741f83-eb76-4017-9551-a21c639f3495 HTTP/1.1" status: 200 len: 217 time: 0.0339313
2026-05-28 22:55:41.594 9 INFO neutron.wsgi [req-02823027-bdfe-4554-90fc-67dc4b3005c3 req-92008f9a-55ef-41ed-b0fa-8c7c59e96c7d 2e97ca90eb3546e1ae99765880d7dfc4 73a0f4f6eb244478b26f178b2d6bc468 - - c677fa05ab174be88a773294a28ab893 c677fa05ab174be88a773294a28ab893] 199.204.45.210 "GET /v2.0/subnets?id=e0348f91-9b06-4bf3-bc76-6f1ccbc25f5a HTTP/1.1" status: 200 len: 853 time: 0.0415640
2026-05-28 22:55:41.619 9 INFO neutron.wsgi [req-02823027-bdfe-4554-90fc-67dc4b3005c3 req-565c4a29-7a17-427d-8d20-43ce0d25fb28 2e97ca90eb3546e1ae99765880d7dfc4 73a0f4f6eb244478b26f178b2d6bc468 - - c677fa05ab174be88a773294a28ab893 c677fa05ab174be88a773294a28ab893] 199.204.45.210 "GET /v2.0/ports?network_id=b2f95d81-90be-4f4a-8306-45a7281a0fc9&device_owner=network%3Adhcp HTTP/1.1" status: 200 len: 210 time: 0.0184748
2026-05-28 22:55:41.648 9 INFO neutron.db.segments_db [None req-443a3021-a479-4da8-b418-9fe7656bf987 f0650d856cab44838bc572f1bee3f3e2 6ad73b2722304f0b8b9612b4f137fd57 - - default default] Added segment ad5a9006-cdc0-45aa-a56d-005a746c0044 of type geneve for network f6f8c863-bf47-4710-aa04-2770c4533d3c
2026-05-28 22:55:41.651 10 WARNING neutron.scheduler.dhcp_agent_scheduler [None req-cf607abd-4fc1-4f4b-baa5-6cdbb9c6ce1c 73efab3523574b10b4ab059d5a2f0daa c3a106dd16cd4f7e9dbf8df883fa66ae - - default default] No more DHCP agents
2026-05-28 22:55:41.654 10 WARNING neutron.api.rpc.agentnotifiers.dhcp_rpc_agent_api [None req-cf607abd-4fc1-4f4b-baa5-6cdbb9c6ce1c 73efab3523574b10b4ab059d5a2f0daa c3a106dd16cd4f7e9dbf8df883fa66ae - - default default] Unable to schedule network 8afaf593-498b-4d63-a81c-775b469df3d5: no agents available; will retry on subsequent port and subnet creation events.
2026-05-28 22:55:41.700 9 INFO neutron.wsgi [req-02823027-bdfe-4554-90fc-67dc4b3005c3 req-88615485-1986-4b79-b692-aa731de1bb43 2e97ca90eb3546e1ae99765880d7dfc4 73a0f4f6eb244478b26f178b2d6bc468 - - c677fa05ab174be88a773294a28ab893 c677fa05ab174be88a773294a28ab893] 199.204.45.210 "GET /v2.0/networks/b2f95d81-90be-4f4a-8306-45a7281a0fc9?fields=segments HTTP/1.1" status: 200 len: 212 time: 0.0749648
2026-05-28 22:55:41.732 10 INFO neutron.db.ovn_revision_numbers_db [None req-cf607abd-4fc1-4f4b-baa5-6cdbb9c6ce1c 73efab3523574b10b4ab059d5a2f0daa c3a106dd16cd4f7e9dbf8df883fa66ae - - default default] Successfully bumped revision number for resource 2478cbcc-1c5f-4d5e-b339-87cbfdf4c344 (type: ports) to 1
2026-05-28 22:55:41.752 10 INFO neutron.wsgi [None req-cf607abd-4fc1-4f4b-baa5-6cdbb9c6ce1c 73efab3523574b10b4ab059d5a2f0daa c3a106dd16cd4f7e9dbf8df883fa66ae - - default default] 10.0.0.129 "POST /v2.0/networks HTTP/1.1" status: 201 len: 831 time: 0.8940499
2026-05-28 22:55:41.763 10 WARNING neutron_lib.context [None req-2d326fba-bba4-4d19-99ff-a72f20778ecb 73efab3523574b10b4ab059d5a2f0daa c3a106dd16cd4f7e9dbf8df883fa66ae - - default default] Method 'is_advsvc' is deprecated since 2023.2 release (neutron-lib 3.8.0) and will be removed once support for the old RBAC API policies will be removed from Neutron. Please use method 'is_service_role' instead.
2026-05-28 22:55:41.797 9 INFO neutron.wsgi [req-02823027-bdfe-4554-90fc-67dc4b3005c3 req-506fa4b7-e121-447c-a4b3-32de076ff028 2e97ca90eb3546e1ae99765880d7dfc4 73a0f4f6eb244478b26f178b2d6bc468 - - c677fa05ab174be88a773294a28ab893 c677fa05ab174be88a773294a28ab893] 199.204.45.210 "GET /v2.0/networks/b2f95d81-90be-4f4a-8306-45a7281a0fc9?fields=provider%3Aphysical_network&fields=provider%3Anetwork_type HTTP/1.1" status: 200 len: 277 time: 0.0848548
2026-05-28 22:55:41.823 9 INFO neutron.db.ovn_revision_numbers_db [None req-443a3021-a479-4da8-b418-9fe7656bf987 f0650d856cab44838bc572f1bee3f3e2 6ad73b2722304f0b8b9612b4f137fd57 - - default default] Successfully bumped revision number for resource f6f8c863-bf47-4710-aa04-2770c4533d3c (type: networks) to 1
2026-05-28 22:55:41.989 10 WARNING neutron.scheduler.dhcp_agent_scheduler [None req-2d326fba-bba4-4d19-99ff-a72f20778ecb 73efab3523574b10b4ab059d5a2f0daa c3a106dd16cd4f7e9dbf8df883fa66ae - - default default] No more DHCP agents
2026-05-28 22:55:41.991 10 WARNING neutron.api.rpc.agentnotifiers.dhcp_rpc_agent_api [None req-2d326fba-bba4-4d19-99ff-a72f20778ecb 73efab3523574b10b4ab059d5a2f0daa c3a106dd16cd4f7e9dbf8df883fa66ae - - default default] Unable to schedule network 8afaf593-498b-4d63-a81c-775b469df3d5: no agents available; will retry on subsequent port and subnet creation events.
2026-05-28 22:55:42.006 9 WARNING neutron.scheduler.dhcp_agent_scheduler [None req-443a3021-a479-4da8-b418-9fe7656bf987 f0650d856cab44838bc572f1bee3f3e2 6ad73b2722304f0b8b9612b4f137fd57 - - default default] No more DHCP agents
2026-05-28 22:55:42.009 9 WARNING neutron.api.rpc.agentnotifiers.dhcp_rpc_agent_api [None req-443a3021-a479-4da8-b418-9fe7656bf987 f0650d856cab44838bc572f1bee3f3e2 6ad73b2722304f0b8b9612b4f137fd57 - - default default] Unable to schedule network f6f8c863-bf47-4710-aa04-2770c4533d3c: no agents available; will retry on subsequent port and subnet creation events.
2026-05-28 22:55:42.098 9 INFO neutron.db.ovn_revision_numbers_db [None req-443a3021-a479-4da8-b418-9fe7656bf987 f0650d856cab44838bc572f1bee3f3e2 6ad73b2722304f0b8b9612b4f137fd57 - - default default] Successfully bumped revision number for resource 45693630-c5ac-40ed-a6be-dd99a1e1f91b (type: ports) to 1
2026-05-28 22:55:42.123 9 INFO neutron.wsgi [None req-443a3021-a479-4da8-b418-9fe7656bf987 f0650d856cab44838bc572f1bee3f3e2 6ad73b2722304f0b8b9612b4f137fd57 - - default default] 10.0.0.129 "POST /v2.0/networks HTTP/1.1" status: 201 len: 832 time: 0.5824544
2026-05-28 22:55:42.134 9 WARNING neutron_lib.context [None req-1244f356-e806-4560-aa9a-16e0b2b4e96b f0650d856cab44838bc572f1bee3f3e2 6ad73b2722304f0b8b9612b4f137fd57 - - default default] Method 'is_advsvc' is deprecated since 2023.2 release (neutron-lib 3.8.0) and will be removed once support for the old RBAC API policies will be removed from Neutron. Please use method 'is_service_role' instead.
2026-05-28 22:55:42.230 9 INFO neutron.wsgi [-] 10.0.0.45 "GET / HTTP/1.1" status: 200 len: 246 time: 0.0023117
2026-05-28 22:55:42.232 9 INFO neutron.wsgi [-] 10.0.0.45 "GET / HTTP/1.1" status: 200 len: 246 time: 0.0011921
2026-05-28 22:55:42.370 9 WARNING neutron.scheduler.dhcp_agent_scheduler [None req-1244f356-e806-4560-aa9a-16e0b2b4e96b f0650d856cab44838bc572f1bee3f3e2 6ad73b2722304f0b8b9612b4f137fd57 - - default default] No more DHCP agents
2026-05-28 22:55:42.371 9 WARNING neutron.api.rpc.agentnotifiers.dhcp_rpc_agent_api [None req-1244f356-e806-4560-aa9a-16e0b2b4e96b f0650d856cab44838bc572f1bee3f3e2 6ad73b2722304f0b8b9612b4f137fd57 - - default default] Unable to schedule network acbf6110-8290-4f27-bad2-101b6c301d58: no agents available; will retry on subsequent port and subnet creation events.
2026-05-28 22:55:42.407 9 INFO neutron.db.ovn_revision_numbers_db [None req-1244f356-e806-4560-aa9a-16e0b2b4e96b f0650d856cab44838bc572f1bee3f3e2 6ad73b2722304f0b8b9612b4f137fd57 - - default default] Successfully bumped revision number for resource 63c3ff0a-89a8-46ad-abad-d25821e739ee (type: subnets) to 0
2026-05-28 22:55:42.427 9 INFO neutron.wsgi [None req-1244f356-e806-4560-aa9a-16e0b2b4e96b f0650d856cab44838bc572f1bee3f3e2 6ad73b2722304f0b8b9612b4f137fd57 - - default default] 10.0.0.129 "POST /v2.0/subnets HTTP/1.1" status: 201 len: 821 time: 0.2978921
2026-05-28 22:55:42.438 9 WARNING neutron_lib.context [None req-b3ca57b0-3b08-4c7c-be08-bcb360afe257 f0650d856cab44838bc572f1bee3f3e2 6ad73b2722304f0b8b9612b4f137fd57 - - default default] Method 'is_advsvc' is deprecated since 2023.2 release (neutron-lib 3.8.0) and will be removed once support for the old RBAC API policies will be removed from Neutron. Please use method 'is_service_role' instead.
2026-05-28 22:55:42.496 10 INFO neutron.db.ovn_revision_numbers_db [None req-2d326fba-bba4-4d19-99ff-a72f20778ecb 73efab3523574b10b4ab059d5a2f0daa c3a106dd16cd4f7e9dbf8df883fa66ae - - default default] Successfully bumped revision number for resource 2478cbcc-1c5f-4d5e-b339-87cbfdf4c344 (type: ports) to 2
2026-05-28 22:55:42.531 10 INFO neutron.db.ovn_revision_numbers_db [None req-2d326fba-bba4-4d19-99ff-a72f20778ecb 73efab3523574b10b4ab059d5a2f0daa c3a106dd16cd4f7e9dbf8df883fa66ae - - default default] Successfully bumped revision number for resource ac057b3a-6ccf-4306-970a-76af119ad5d9 (type: subnets) to 0
2026-05-28 22:55:42.547 10 INFO neutron.wsgi [None req-2d326fba-bba4-4d19-99ff-a72f20778ecb 73efab3523574b10b4ab059d5a2f0daa c3a106dd16cd4f7e9dbf8df883fa66ae - - default default] 10.0.0.129 "POST /v2.0/subnets HTTP/1.1" status: 201 len: 801 time: 0.7891788
2026-05-28 22:55:42.614 10 INFO neutron.wsgi [None req-e0d5a212-c53e-4477-8698-e78d64d33621 73efab3523574b10b4ab059d5a2f0daa c3a106dd16cd4f7e9dbf8df883fa66ae - - default default] 10.0.0.129 "PUT /v2.0/subnets/ac057b3a-6ccf-4306-970a-76af119ad5d9/tags HTTP/1.1" status: 200 len: 218 time: 0.0604146
2026-05-28 22:55:42.651 10 INFO neutron.wsgi [None req-2640c99c-3ce3-4afd-a8b0-56764a6380b9 73efab3523574b10b4ab059d5a2f0daa c3a106dd16cd4f7e9dbf8df883fa66ae - - default default] 10.0.0.129 "GET /v2.0/subnets/ac057b3a-6ccf-4306-970a-76af119ad5d9/tags HTTP/1.1" status: 200 len: 218 time: 0.0322802
2026-05-28 22:55:42.676 9 WARNING neutron.scheduler.dhcp_agent_scheduler [None req-b3ca57b0-3b08-4c7c-be08-bcb360afe257 f0650d856cab44838bc572f1bee3f3e2 6ad73b2722304f0b8b9612b4f137fd57 - - default default] No more DHCP agents
2026-05-28 22:55:42.678 9 WARNING neutron.api.rpc.agentnotifiers.dhcp_rpc_agent_api [None req-b3ca57b0-3b08-4c7c-be08-bcb360afe257 f0650d856cab44838bc572f1bee3f3e2 6ad73b2722304f0b8b9612b4f137fd57 - - default default] Unable to schedule network f6f8c863-bf47-4710-aa04-2770c4533d3c: no agents available; will retry on subsequent port and subnet creation events.
2026-05-28 22:55:42.708 10 INFO neutron.wsgi [None req-f1921f1f-69fe-4c0b-b98a-9444927e0b6d 73efab3523574b10b4ab059d5a2f0daa c3a106dd16cd4f7e9dbf8df883fa66ae - - default default] 10.0.0.129 "PUT /v2.0/subnets/ac057b3a-6ccf-4306-970a-76af119ad5d9/tags/green HTTP/1.1" status: 201 len: 201 time: 0.0521615
2026-05-28 22:55:42.709 9 INFO neutron.db.ovn_revision_numbers_db [None req-b3ca57b0-3b08-4c7c-be08-bcb360afe257 f0650d856cab44838bc572f1bee3f3e2 6ad73b2722304f0b8b9612b4f137fd57 - - default default] Successfully bumped revision number for resource d05f17d1-9fea-407e-918f-3770f471a4b5 (type: subnets) to 0
2026-05-28 22:55:42.726 9 INFO neutron.wsgi [None req-b3ca57b0-3b08-4c7c-be08-bcb360afe257 f0650d856cab44838bc572f1bee3f3e2 6ad73b2722304f0b8b9612b4f137fd57 - - default default] 10.0.0.129 "POST /v2.0/subnets HTTP/1.1" status: 201 len: 830 time: 0.2922292
2026-05-28 22:55:42.741 9 WARNING neutron_lib.context [None req-26edd5b9-b586-4e0f-8361-eaaf2600a511 f0650d856cab44838bc572f1bee3f3e2 6ad73b2722304f0b8b9612b4f137fd57 - - default default] Method 'is_advsvc' is deprecated since 2023.2 release (neutron-lib 3.8.0) and will be removed once support for the old RBAC API policies will be removed from Neutron. Please use method 'is_service_role' instead.
2026-05-28 22:55:42.758 10 INFO neutron.wsgi [None req-9dcc0b57-f5b7-4f11-9d8d-ec680a6c0aef 73efab3523574b10b4ab059d5a2f0daa c3a106dd16cd4f7e9dbf8df883fa66ae - - default default] 10.0.0.129 "GET /v2.0/subnets/ac057b3a-6ccf-4306-970a-76af119ad5d9/tags HTTP/1.1" status: 200 len: 227 time: 0.0426729
2026-05-28 22:55:42.829 9 INFO neutron.wsgi [None req-d832185c-23eb-4129-a900-08382bc0331a 73efab3523574b10b4ab059d5a2f0daa c3a106dd16cd4f7e9dbf8df883fa66ae - - default default] 10.0.0.129 "PUT /v2.0/subnets/ac057b3a-6ccf-4306-970a-76af119ad5d9/tags/red HTTP/1.1" status: 201 len: 201 time: 0.0679133
2026-05-28 22:55:42.917 9 INFO neutron.wsgi [None req-f1db8f62-8005-4e3c-808f-680b1cbb5940 73efab3523574b10b4ab059d5a2f0daa c3a106dd16cd4f7e9dbf8df883fa66ae - - default default] 10.0.0.129 "GET /v2.0/subnets/ac057b3a-6ccf-4306-970a-76af119ad5d9/tags HTTP/1.1" status: 200 len: 227 time: 0.0829780
2026-05-28 22:55:42.925 9 INFO neutron.db.ovn_revision_numbers_db [None req-26edd5b9-b586-4e0f-8361-eaaf2600a511 f0650d856cab44838bc572f1bee3f3e2 6ad73b2722304f0b8b9612b4f137fd57 - - default default] Successfully bumped revision number for resource e9012641-bb59-4bc7-b35d-5a823aabb4e8 (type: routers) to 1
2026-05-28 22:55:42.939 9 INFO neutron.wsgi [None req-26edd5b9-b586-4e0f-8361-eaaf2600a511 f0650d856cab44838bc572f1bee3f3e2 6ad73b2722304f0b8b9612b4f137fd57 - - default default] 10.0.0.129 "POST /v2.0/routers HTTP/1.1" status: 201 len: 691 time: 0.2049685
2026-05-28 22:55:42.971 10 INFO neutron.wsgi [None req-66c77720-c1ef-495f-b5ba-7922c0aa0256 73efab3523574b10b4ab059d5a2f0daa c3a106dd16cd4f7e9dbf8df883fa66ae - - default default] 10.0.0.129 "PUT /v2.0/subnets/ac057b3a-6ccf-4306-970a-76af119ad5d9/tags/black.or.white HTTP/1.1" status: 201 len: 201 time: 0.0484912
2026-05-28 22:55:43.019 10 INFO neutron.wsgi [None req-66adcd28-adcd-4651-9546-7cc8236661d9 73efab3523574b10b4ab059d5a2f0daa c3a106dd16cd4f7e9dbf8df883fa66ae - - default default] 10.0.0.129 "GET /v2.0/subnets/ac057b3a-6ccf-4306-970a-76af119ad5d9/tags HTTP/1.1" status: 200 len: 245 time: 0.0425777
2026-05-28 22:55:43.071 10 INFO neutron.wsgi [None req-96a950d1-8439-4de7-858e-4ebee5ff31a7 73efab3523574b10b4ab059d5a2f0daa c3a106dd16cd4f7e9dbf8df883fa66ae - - default default] 10.0.0.129 "PUT /v2.0/subnets/ac057b3a-6ccf-4306-970a-76af119ad5d9/tags HTTP/1.1" status: 200 len: 230 time: 0.0473599
2026-05-28 22:55:43.118 10 INFO neutron.wsgi [None req-e6c1eb76-abdc-4ae4-af35-0d310e16a3dd 73efab3523574b10b4ab059d5a2f0daa c3a106dd16cd4f7e9dbf8df883fa66ae - - default default] 10.0.0.129 "GET /v2.0/subnets/ac057b3a-6ccf-4306-970a-76af119ad5d9/tags HTTP/1.1" status: 200 len: 230 time: 0.0407226
2026-05-28 22:55:43.157 10 INFO neutron.wsgi [None req-d8ae5b3a-d480-49d1-8b6b-852921e18dbd 73efab3523574b10b4ab059d5a2f0daa c3a106dd16cd4f7e9dbf8df883fa66ae - - default default] 10.0.0.129 "GET /v2.0/subnets/ac057b3a-6ccf-4306-970a-76af119ad5d9/tags/red HTTP/1.1" status: 204 len: 168 time: 0.0347018
2026-05-28 22:55:43.196 10 INFO neutron.api.v2.resource [None req-6f4226fd-ff17-4879-abe6-d32328e7287c 73efab3523574b10b4ab059d5a2f0daa c3a106dd16cd4f7e9dbf8df883fa66ae - - default default] show failed (client error): The resource could not be found.
2026-05-28 22:55:43.197 10 INFO neutron.wsgi [None req-6f4226fd-ff17-4879-abe6-d32328e7287c 73efab3523574b10b4ab059d5a2f0daa c3a106dd16cd4f7e9dbf8df883fa66ae - - default default] 10.0.0.129 "GET /v2.0/subnets/ac057b3a-6ccf-4306-970a-76af119ad5d9/tags/green HTTP/1.1" status: 404 len: 299 time: 0.0350986
2026-05-28 22:55:43.247 10 INFO neutron.wsgi [None req-052f481b-7eaa-4f4c-8b63-8aa3636383a1 73efab3523574b10b4ab059d5a2f0daa c3a106dd16cd4f7e9dbf8df883fa66ae - - default default] 10.0.0.129 "DELETE /v2.0/subnets/ac057b3a-6ccf-4306-970a-76af119ad5d9/tags/red HTTP/1.1" status: 204 len: 168 time: 0.0457141
2026-05-28 22:55:43.292 10 INFO neutron.wsgi [None req-d1a5d709-9a95-4a40-894c-b2e694395eb2 73efab3523574b10b4ab059d5a2f0daa c3a106dd16cd4f7e9dbf8df883fa66ae - - default default] 10.0.0.129 "GET /v2.0/subnets/ac057b3a-6ccf-4306-970a-76af119ad5d9/tags HTTP/1.1" status: 200 len: 223 time: 0.0390472
2026-05-28 22:55:43.337 10 INFO neutron.api.v2.resource [None req-9436bd53-ca2c-4349-9a3c-2564c5cb5e3e 73efab3523574b10b4ab059d5a2f0daa c3a106dd16cd4f7e9dbf8df883fa66ae - - default default] delete failed (client error): The resource could not be found.
2026-05-28 22:55:43.339 10 INFO neutron.wsgi [None req-9436bd53-ca2c-4349-9a3c-2564c5cb5e3e 73efab3523574b10b4ab059d5a2f0daa c3a106dd16cd4f7e9dbf8df883fa66ae - - default default] 10.0.0.129 "DELETE /v2.0/subnets/ac057b3a-6ccf-4306-970a-76af119ad5d9/tags/green HTTP/1.1" status: 404 len: 299 time: 0.0426512
2026-05-28 22:55:43.391 10 INFO neutron.wsgi [None req-90f26fc4-e7e2-4ee2-9ccd-8c8b519987c4 73efab3523574b10b4ab059d5a2f0daa c3a106dd16cd4f7e9dbf8df883fa66ae - - default default] 10.0.0.129 "DELETE /v2.0/subnets/ac057b3a-6ccf-4306-970a-76af119ad5d9/tags HTTP/1.1" status: 204 len: 168 time: 0.0474894
2026-05-28 22:55:43.428 10 INFO neutron.wsgi [None req-0fbf5c25-342d-41a6-86a4-34873a474d16 73efab3523574b10b4ab059d5a2f0daa c3a106dd16cd4f7e9dbf8df883fa66ae - - default default] 10.0.0.129 "GET /v2.0/subnets/ac057b3a-6ccf-4306-970a-76af119ad5d9/tags HTTP/1.1" status: 200 len: 205 time: 0.0324876
2026-05-28 22:55:43.582 9 WARNING neutron.scheduler.dhcp_agent_scheduler [None req-a6bb1dd1-7db8-4dbc-a311-71197dacf98f f0650d856cab44838bc572f1bee3f3e2 6ad73b2722304f0b8b9612b4f137fd57 - - default default] No more DHCP agents
2026-05-28 22:55:43.585 9 WARNING neutron.api.rpc.agentnotifiers.dhcp_rpc_agent_api [None req-a6bb1dd1-7db8-4dbc-a311-71197dacf98f f0650d856cab44838bc572f1bee3f3e2 6ad73b2722304f0b8b9612b4f137fd57 - - default default] Unable to schedule network acbf6110-8290-4f27-bad2-101b6c301d58: no agents available; will retry on subsequent port and subnet creation events.
2026-05-28 22:55:43.629 10 INFO neutron.wsgi [None req-cfda1444-4800-40a8-aefd-ef06d40bbcd4 73efab3523574b10b4ab059d5a2f0daa c3a106dd16cd4f7e9dbf8df883fa66ae - - default default] 10.0.0.129 "DELETE /v2.0/subnets/ac057b3a-6ccf-4306-970a-76af119ad5d9 HTTP/1.1" status: 204 len: 168 time: 0.1917367
2026-05-28 22:55:43.706 9 INFO neutron.db.ovn_revision_numbers_db [None req-a6bb1dd1-7db8-4dbc-a311-71197dacf98f f0650d856cab44838bc572f1bee3f3e2 6ad73b2722304f0b8b9612b4f137fd57 - - default default] Successfully bumped revision number for resource 626b19a6-c9ba-4854-8182-d054837f4e68 (type: ports) to 1
2026-05-28 22:55:43.962 10 INFO neutron.services.segments.plugin [-] Segment 612e9041-7a99-4994-9ea3-6ad075222e78 resource provider aggregate not found
2026-05-28 22:55:43.966 10 INFO neutron.services.segments.plugin [-] Segment 612e9041-7a99-4994-9ea3-6ad075222e78 resource provider aggregate not found
2026-05-28 22:55:43.978 10 INFO neutron.services.segments.plugin [-] Segment 612e9041-7a99-4994-9ea3-6ad075222e78 resource provider not found; error: Placement Client Error (4xx): {"errors": [{"status": 404, "title": "Not Found", "detail": "The resource could not be found.\n\n No resource provider with uuid 612e9041-7a99-4994-9ea3-6ad075222e78 found for delete ", "request_id": "req-d57e7e7e-296b-4a3c-8f8c-4ec79911397f"}]}
2026-05-28 22:55:43.981 10 INFO neutron.services.segments.plugin [-] Segment 612e9041-7a99-4994-9ea3-6ad075222e78 resource provider not found; error: Placement Client Error (4xx): {"errors": [{"status": 404, "title": "Not Found", "detail": "The resource could not be found.\n\n No resource provider with uuid 612e9041-7a99-4994-9ea3-6ad075222e78 found for delete ", "request_id": "req-7c60fcb2-5ab0-47d0-b2b7-a14ce1a7f69f"}]}
2026-05-28 22:55:44.001 10 INFO neutron.wsgi [None req-35a0cdb6-b3b4-42e6-a414-bac7944ce1d0 73efab3523574b10b4ab059d5a2f0daa c3a106dd16cd4f7e9dbf8df883fa66ae - - default default] 10.0.0.129 "DELETE /v2.0/networks/8afaf593-498b-4d63-a81c-775b469df3d5 HTTP/1.1" status: 204 len: 168 time: 0.3650675
2026-05-28 22:55:44.047 9 INFO neutron.plugins.ml2.drivers.ovn.mech_driver.mech_driver [None req-e6771b60-b103-471a-8a1b-323c05953c8e - - - - - -] OVN reports status up for port: 626b19a6-c9ba-4854-8182-d054837f4e68
2026-05-28 22:55:44.064 9 INFO neutron.plugins.ml2.plugin [None req-e6771b60-b103-471a-8a1b-323c05953c8e - - - - - -] Attempt 1 to provision port 626b19a6-c9ba-4854-8182-d054837f4e68
2026-05-28 22:55:44.080 9 INFO neutron.db.ovn_revision_numbers_db [None req-a6bb1dd1-7db8-4dbc-a311-71197dacf98f f0650d856cab44838bc572f1bee3f3e2 6ad73b2722304f0b8b9612b4f137fd57 - - default default] Successfully bumped revision number for resource 626b19a6-c9ba-4854-8182-d054837f4e68 (type: router_ports) to 1
2026-05-28 22:55:44.218 9 INFO neutron.db.ovn_revision_numbers_db [None req-a6bb1dd1-7db8-4dbc-a311-71197dacf98f f0650d856cab44838bc572f1bee3f3e2 6ad73b2722304f0b8b9612b4f137fd57 - - default default] Successfully bumped revision number for resource 626b19a6-c9ba-4854-8182-d054837f4e68 (type: ports) to 1
2026-05-28 22:55:44.297 9 WARNING neutron.scheduler.dhcp_agent_scheduler [None req-a6bb1dd1-7db8-4dbc-a311-71197dacf98f f0650d856cab44838bc572f1bee3f3e2 6ad73b2722304f0b8b9612b4f137fd57 - - default default] No more DHCP agents
2026-05-28 22:55:44.299 9 WARNING neutron.api.rpc.agentnotifiers.dhcp_rpc_agent_api [None req-a6bb1dd1-7db8-4dbc-a311-71197dacf98f f0650d856cab44838bc572f1bee3f3e2 6ad73b2722304f0b8b9612b4f137fd57 - - default default] Unable to schedule network acbf6110-8290-4f27-bad2-101b6c301d58: no agents available; will retry on subsequent port and subnet creation events.
2026-05-28 22:55:44.428 9 INFO neutron.db.ovn_revision_numbers_db [None req-e6771b60-b103-471a-8a1b-323c05953c8e - - - - - -] Successfully bumped revision number for resource 626b19a6-c9ba-4854-8182-d054837f4e68 (type: ports) to 2
2026-05-28 22:55:44.476 9 INFO neutron.db.ovn_revision_numbers_db [None req-a6bb1dd1-7db8-4dbc-a311-71197dacf98f f0650d856cab44838bc572f1bee3f3e2 6ad73b2722304f0b8b9612b4f137fd57 - - default default] Successfully bumped revision number for resource 626b19a6-c9ba-4854-8182-d054837f4e68 (type: router_ports) to 2
2026-05-28 22:55:44.478 9 INFO neutron.wsgi [None req-a6bb1dd1-7db8-4dbc-a311-71197dacf98f f0650d856cab44838bc572f1bee3f3e2 6ad73b2722304f0b8b9612b4f137fd57 - - default default] 10.0.0.129 "PUT /v2.0/routers/e9012641-bb59-4bc7-b35d-5a823aabb4e8/add_router_interface HTTP/1.1" status: 200 len: 503 time: 1.5348229
2026-05-28 22:55:44.518 9 INFO neutron.wsgi [None req-fe699e84-84b7-4020-8fd6-935608f4d57a f0650d856cab44838bc572f1bee3f3e2 6ad73b2722304f0b8b9612b4f137fd57 - - default default] 10.0.0.129 "GET /v2.0/ports/626b19a6-c9ba-4854-8182-d054837f4e68 HTTP/1.1" status: 200 len: 1141 time: 0.0339389
2026-05-28 22:55:44.823 10 INFO neutron.wsgi [None req-1d4b1a3e-2d71-4ab1-84b2-11a906b4bb6a b76c453d58874d13b85a7d1b8ac146fa 3ad2daaa386e48638d73cfacb3b5a244 - - default default] 10.0.0.129 "GET /v2.0/security-groups?tenant_id=c3a106dd16cd4f7e9dbf8df883fa66ae&name=default HTTP/1.1" status: 200 len: 2996 time: 0.1351130
2026-05-28 22:55:44.975 9 WARNING neutron.scheduler.dhcp_agent_scheduler [None req-37916cf3-d4b4-449f-83ee-6f1a4d575af0 f0650d856cab44838bc572f1bee3f3e2 6ad73b2722304f0b8b9612b4f137fd57 - - default default] No more DHCP agents
2026-05-28 22:55:44.977 9 WARNING neutron.api.rpc.agentnotifiers.dhcp_rpc_agent_api [None req-37916cf3-d4b4-449f-83ee-6f1a4d575af0 f0650d856cab44838bc572f1bee3f3e2 6ad73b2722304f0b8b9612b4f137fd57 - - default default] Unable to schedule network f6f8c863-bf47-4710-aa04-2770c4533d3c: no agents available; will retry on subsequent port and subnet creation events.
2026-05-28 22:55:45.023 10 INFO neutron.wsgi [None req-b8f7ae94-9934-470e-bba1-a5ae9fb789a7 b76c453d58874d13b85a7d1b8ac146fa 3ad2daaa386e48638d73cfacb3b5a244 - - default default] 10.0.0.129 "DELETE /v2.0/security-groups/7688984f-8f22-4edc-8dc1-6e2980c19436 HTTP/1.1" status: 204 len: 168 time: 0.1941853
2026-05-28 22:55:45.100 9 INFO neutron.db.ovn_revision_numbers_db [None req-37916cf3-d4b4-449f-83ee-6f1a4d575af0 f0650d856cab44838bc572f1bee3f3e2 6ad73b2722304f0b8b9612b4f137fd57 - - default default] Successfully bumped revision number for resource 7009094e-86d4-4960-a8ab-12ba1ccd6397 (type: ports) to 1
2026-05-28 22:55:45.253 10 INFO neutron.db.ovn_revision_numbers_db [None req-22ec3376-bc77-415e-904f-b1e7fa232153 b76c453d58874d13b85a7d1b8ac146fa 3ad2daaa386e48638d73cfacb3b5a244 - - default default] Successfully bumped revision number for resource 7955a031-1e11-45a0-bc29-cd68d314ae26 (type: security_groups) to 1
2026-05-28 22:55:45.271 10 INFO neutron.db.ovn_revision_numbers_db [None req-22ec3376-bc77-415e-904f-b1e7fa232153 b76c453d58874d13b85a7d1b8ac146fa 3ad2daaa386e48638d73cfacb3b5a244 - - default default] Successfully bumped revision number for resource 1de57ef3-f40f-4357-80d0-4d43257f4453 (type: security_group_rules) to 0
2026-05-28 22:55:45.285 10 INFO neutron.db.ovn_revision_numbers_db [None req-22ec3376-bc77-415e-904f-b1e7fa232153 b76c453d58874d13b85a7d1b8ac146fa 3ad2daaa386e48638d73cfacb3b5a244 - - default default] Successfully bumped revision number for resource 1fc52830-3a53-421d-89bc-12089a0c2f44 (type: security_group_rules) to 0
2026-05-28 22:55:45.299 10 INFO neutron.db.ovn_revision_numbers_db [None req-22ec3376-bc77-415e-904f-b1e7fa232153 b76c453d58874d13b85a7d1b8ac146fa 3ad2daaa386e48638d73cfacb3b5a244 - - default default] Successfully bumped revision number for resource 3780a4f9-fd6e-4100-9188-82c8650b01c8 (type: security_group_rules) to 0
2026-05-28 22:55:45.312 10 INFO neutron.db.ovn_revision_numbers_db [None req-22ec3376-bc77-415e-904f-b1e7fa232153 b76c453d58874d13b85a7d1b8ac146fa 3ad2daaa386e48638d73cfacb3b5a244 - - default default] Successfully bumped revision number for resource d2b6071a-757e-4afc-8b21-35df9e3ee5c6 (type: security_group_rules) to 0
2026-05-28 22:55:45.335 10 INFO neutron.wsgi [None req-22ec3376-bc77-415e-904f-b1e7fa232153 b76c453d58874d13b85a7d1b8ac146fa 3ad2daaa386e48638d73cfacb3b5a244 - - default default] 10.0.0.129 "GET /v2.0/security-groups?tenant_id=a1cac550d0f14fa09a9a072acc402c30&name=default HTTP/1.1" status: 200 len: 2996 time: 0.2009602
2026-05-28 22:55:45.533 10 INFO neutron.wsgi [None req-d4a55a5b-7590-423d-91ce-8c449263eebb b76c453d58874d13b85a7d1b8ac146fa 3ad2daaa386e48638d73cfacb3b5a244 - - default default] 10.0.0.129 "DELETE /v2.0/security-groups/7955a031-1e11-45a0-bc29-cd68d314ae26 HTTP/1.1" status: 204 len: 168 time: 0.1941252
2026-05-28 22:55:45.555 9 INFO neutron.db.ovn_revision_numbers_db [None req-37916cf3-d4b4-449f-83ee-6f1a4d575af0 f0650d856cab44838bc572f1bee3f3e2 6ad73b2722304f0b8b9612b4f137fd57 - - default default] Successfully bumped revision number for resource 7009094e-86d4-4960-a8ab-12ba1ccd6397 (type: router_ports) to 1
2026-05-28 22:55:45.675 9 INFO neutron.db.ovn_revision_numbers_db [None req-37916cf3-d4b4-449f-83ee-6f1a4d575af0 f0650d856cab44838bc572f1bee3f3e2 6ad73b2722304f0b8b9612b4f137fd57 - - default default] Successfully bumped revision number for resource 7009094e-86d4-4960-a8ab-12ba1ccd6397 (type: ports) to 1
2026-05-28 22:55:45.755 9 WARNING neutron.scheduler.dhcp_agent_scheduler [None req-37916cf3-d4b4-449f-83ee-6f1a4d575af0 f0650d856cab44838bc572f1bee3f3e2 6ad73b2722304f0b8b9612b4f137fd57 - - default default] No more DHCP agents
2026-05-28 22:55:45.757 9 WARNING neutron.api.rpc.agentnotifiers.dhcp_rpc_agent_api [None req-37916cf3-d4b4-449f-83ee-6f1a4d575af0 f0650d856cab44838bc572f1bee3f3e2 6ad73b2722304f0b8b9612b4f137fd57 - - default default] Unable to schedule network f6f8c863-bf47-4710-aa04-2770c4533d3c: no agents available; will retry on subsequent port and subnet creation events.
2026-05-28 22:55:45.902 9 INFO neutron.db.ovn_revision_numbers_db [None req-37916cf3-d4b4-449f-83ee-6f1a4d575af0 f0650d856cab44838bc572f1bee3f3e2 6ad73b2722304f0b8b9612b4f137fd57 - - default default] Successfully bumped revision number for resource 7009094e-86d4-4960-a8ab-12ba1ccd6397 (type: router_ports) to 1
2026-05-28 22:55:45.905 9 INFO neutron.wsgi [None req-37916cf3-d4b4-449f-83ee-6f1a4d575af0 f0650d856cab44838bc572f1bee3f3e2 6ad73b2722304f0b8b9612b4f137fd57 - - default default] 10.0.0.129 "PUT /v2.0/routers/e9012641-bb59-4bc7-b35d-5a823aabb4e8/add_router_interface HTTP/1.1" status: 200 len: 503 time: 1.3826301
2026-05-28 22:55:45.956 9 INFO neutron.wsgi [None req-d052c107-805b-4528-a44a-e57a3d2b5449 f0650d856cab44838bc572f1bee3f3e2 6ad73b2722304f0b8b9612b4f137fd57 - - default default] 10.0.0.129 "GET /v2.0/ports/7009094e-86d4-4960-a8ab-12ba1ccd6397 HTTP/1.1" status: 200 len: 1147 time: 0.0462337
2026-05-28 22:55:46.055 10 INFO neutron.wsgi [None req-4ee8f946-b1bd-4832-b520-215e4fcc85aa f0650d856cab44838bc572f1bee3f3e2 6ad73b2722304f0b8b9612b4f137fd57 - - default default] 10.0.0.129 "GET /v2.0/ports/7009094e-86d4-4960-a8ab-12ba1ccd6397 HTTP/1.1" status: 200 len: 1147 time: 0.0937731
2026-05-28 22:55:47.100 10 INFO neutron.wsgi [None req-5162c23a-98c4-4b4f-bd5a-c2284f096598 f0650d856cab44838bc572f1bee3f3e2 6ad73b2722304f0b8b9612b4f137fd57 - - default default] 10.0.0.129 "GET /v2.0/ports/7009094e-86d4-4960-a8ab-12ba1ccd6397 HTTP/1.1" status: 200 len: 1147 time: 0.0388079
