Jun 03 01:05:08.235958 np0000178265 devstack@neutron-api.service[103229]: DEBUG neutron.api.extensions [None req-459f4042-74a3-4549-a74d-fcfcff2e59e8 None None] Ext name="Neutron Service Flavors" alias="flavors" description="Flavor specification for Neutron advanced services." updated="2015-09-17T10:00:00-00:00" {{(pid=103229) _check_extension /opt/stack/neutron/neutron/api/extensions.py:415}}
Jun 03 01:05:08.236085 np0000178265 devstack@neutron-api.service[103231]: DEBUG neutron_lib.callbacks.manager [None req-6c91685a-8c54-456d-9410-ed6a3bdee314 None None] Subscribe: > router precommit_create 55550000, False {{(pid=103231) subscribe /opt/stack/data/venv/lib/python3.12/site-packages/neutron_lib/callbacks/manager.py:52}}
Jun 03 01:05:08.236134 np0000178265 devstack@neutron-api.service[103229]: INFO neutron.api.extensions [None req-459f4042-74a3-4549-a74d-fcfcff2e59e8 None None] Loaded extension: flavors
Jun 03 01:05:08.236195 np0000178265 devstack@neutron-api.service[103231]: DEBUG neutron_lib.callbacks.manager [None req-6c91685a-8c54-456d-9410-ed6a3bdee314 None None] Subscribe: > router precommit_create 55550000, False {{(pid=103231) subscribe /opt/stack/data/venv/lib/python3.12/site-packages/neutron_lib/callbacks/manager.py:52}}
Jun 03 01:05:08.236234 np0000178265 devstack@neutron-api.service[103229]: DEBUG neutron.api.extensions [None req-459f4042-74a3-4549-a74d-fcfcff2e59e8 None None] Loading extension file: floating_ip_port_forwarding.py {{(pid=103229) _load_all_extensions_from_path /opt/stack/neutron/neutron/api/extensions.py:449}}
Jun 03 01:05:08.236295 np0000178265 devstack@neutron-api.service[103231]: DEBUG neutron_lib.callbacks.manager [None req-6c91685a-8c54-456d-9410-ed6a3bdee314 None None] Subscribe: > router precommit_update 55550000, False {{(pid=103231) subscribe /opt/stack/data/venv/lib/python3.12/site-packages/neutron_lib/callbacks/manager.py:52}}
Jun 03 01:05:08.236425 np0000178265 devstack@neutron-api.service[103231]: DEBUG neutron_lib.callbacks.manager [None req-6c91685a-8c54-456d-9410-ed6a3bdee314 None None] Subscribe: subnet after_update 55550000, False {{(pid=103231) subscribe /opt/stack/data/venv/lib/python3.12/site-packages/neutron_lib/callbacks/manager.py:52}}
Jun 03 01:05:08.236572 np0000178265 devstack@neutron-api.service[103229]: DEBUG neutron.api.extensions [None req-459f4042-74a3-4549-a74d-fcfcff2e59e8 None None] Ext name="Floating IP Port Forwarding" alias="floating-ip-port-forwarding" description="Allow port forwarding from floating IP port to an internal port" updated="2018-01-19T10:00:00-00:00" {{(pid=103229) _check_extension /opt/stack/neutron/neutron/api/extensions.py:415}}
Jun 03 01:05:08.236622 np0000178265 devstack@neutron-api.service[103231]: DEBUG neutron.quota.resource_registry [None req-6c91685a-8c54-456d-9410-ed6a3bdee314 None None] Tracking information for resource: router configured {{(pid=103231) set_tracked_resource /opt/stack/neutron/neutron/quota/resource_registry.py:203}}
Jun 03 01:05:08.236724 np0000178265 devstack@neutron-api.service[103231]: DEBUG neutron.quota.resource_registry [None req-6c91685a-8c54-456d-9410-ed6a3bdee314 None None] Tracking information for resource: floatingip configured {{(pid=103231) set_tracked_resource /opt/stack/neutron/neutron/quota/resource_registry.py:203}}
Jun 03 01:05:08.236760 np0000178265 devstack@neutron-api.service[103229]: INFO neutron.api.extensions [None req-459f4042-74a3-4549-a74d-fcfcff2e59e8 None None] Extension floating-ip-port-forwarding not supported by any of loaded plugins
Jun 03 01:05:08.236803 np0000178265 devstack@neutron-api.service[103231]: INFO neutron.services.ovn_l3.plugin [None req-6c91685a-8c54-456d-9410-ed6a3bdee314 None None] Starting OVNL3RouterPlugin
Jun 03 01:05:08.236838 np0000178265 devstack@neutron-api.service[103229]: DEBUG neutron.api.extensions [None req-459f4042-74a3-4549-a74d-fcfcff2e59e8 None None] Loading extension file: floatingip_pools.py {{(pid=103229) _load_all_extensions_from_path /opt/stack/neutron/neutron/api/extensions.py:449}}
Jun 03 01:05:08.237055 np0000178265 devstack@neutron-api.service[103231]: DEBUG neutron_lib.callbacks.manager [None req-6c91685a-8c54-456d-9410-ed6a3bdee314 None None] Subscribe: > port_forwarding_plugin after_init 55550000, False {{(pid=103231) subscribe /opt/stack/data/venv/lib/python3.12/site-packages/neutron_lib/callbacks/manager.py:52}}
Jun 03 01:05:08.237111 np0000178265 devstack@neutron-api.service[103229]: DEBUG neutron.api.extensions [None req-459f4042-74a3-4549-a74d-fcfcff2e59e8 None None] Ext name="Floating IP Pools Extension" alias="floatingip-pools" description="Provides a floating IP pools API." updated="2018-03-21T10:00:00-00:00" {{(pid=103229) _check_extension /opt/stack/neutron/neutron/api/extensions.py:415}}
Jun 03 01:05:08.237276 np0000178265 devstack@neutron-api.service[103229]: INFO neutron.api.extensions [None req-459f4042-74a3-4549-a74d-fcfcff2e59e8 None None] Loaded extension: floatingip-pools
Jun 03 01:05:08.237357 np0000178265 devstack@neutron-api.service[103231]: DEBUG neutron_lib.callbacks.manager [None req-6c91685a-8c54-456d-9410-ed6a3bdee314 None None] Subscribe: > router before_create 55550100, False {{(pid=103231) subscribe /opt/stack/data/venv/lib/python3.12/site-packages/neutron_lib/callbacks/manager.py:52}}
Jun 03 01:05:08.237396 np0000178265 devstack@neutron-api.service[103229]: DEBUG neutron.api.extensions [None req-459f4042-74a3-4549-a74d-fcfcff2e59e8 None None] Loading extension file: ip_allocation.py {{(pid=103229) _load_all_extensions_from_path /opt/stack/neutron/neutron/api/extensions.py:449}}
Jun 03 01:05:08.237472 np0000178265 devstack@neutron-api.service[103231]: DEBUG neutron_lib.callbacks.manager [None req-6c91685a-8c54-456d-9410-ed6a3bdee314 None None] Subscribe: > router precommit_delete 55550100, False {{(pid=103231) subscribe /opt/stack/data/venv/lib/python3.12/site-packages/neutron_lib/callbacks/manager.py:52}}
Jun 03 01:05:08.237577 np0000178265 devstack@neutron-api.service[103231]: DEBUG neutron_lib.callbacks.manager [None req-6c91685a-8c54-456d-9410-ed6a3bdee314 None None] Subscribe: > router precommit_create 55550100, False {{(pid=103231) subscribe /opt/stack/data/venv/lib/python3.12/site-packages/neutron_lib/callbacks/manager.py:52}}
Jun 03 01:05:08.237628 np0000178265 devstack@neutron-api.service[103229]: DEBUG neutron.api.extensions [None req-459f4042-74a3-4549-a74d-fcfcff2e59e8 None None] Ext name="IP Allocation" alias="ip_allocation" description="IP allocation extension." updated="2016-06-10T23:00:00-00:00" {{(pid=103229) _check_extension /opt/stack/neutron/neutron/api/extensions.py:415}}
Jun 03 01:05:08.237680 np0000178265 devstack@neutron-api.service[103231]: DEBUG neutron_lib.callbacks.manager [None req-6c91685a-8c54-456d-9410-ed6a3bdee314 None None] Subscribe: > router precommit_update 55550100, False {{(pid=103231) subscribe /opt/stack/data/venv/lib/python3.12/site-packages/neutron_lib/callbacks/manager.py:52}}
Jun 03 01:05:08.237793 np0000178265 devstack@neutron-api.service[103229]: INFO neutron.api.extensions [None req-459f4042-74a3-4549-a74d-fcfcff2e59e8 None None] Extension ip_allocation not supported by any of loaded plugins
Jun 03 01:05:08.237882 np0000178265 devstack@neutron-api.service[103229]: DEBUG neutron.api.extensions [None req-459f4042-74a3-4549-a74d-fcfcff2e59e8 None None] Loading extension file: ip_substring_port_filtering.py {{(pid=103229) _load_all_extensions_from_path /opt/stack/neutron/neutron/api/extensions.py:449}}
Jun 03 01:05:08.238127 np0000178265 devstack@neutron-api.service[103229]: DEBUG neutron.api.extensions [None req-459f4042-74a3-4549-a74d-fcfcff2e59e8 None None] Ext name="IP address substring filtering" alias="ip-substring-filtering" description="Provides IP address substring filtering when listing ports" updated="2017-11-28T09:00:00-00:00" {{(pid=103229) _check_extension /opt/stack/neutron/neutron/api/extensions.py:415}}
Jun 03 01:05:08.238288 np0000178265 devstack@neutron-api.service[103229]: INFO neutron.api.extensions [None req-459f4042-74a3-4549-a74d-fcfcff2e59e8 None None] Extension ip-substring-filtering not supported by any of loaded plugins
Jun 03 01:05:08.238375 np0000178265 devstack@neutron-api.service[103229]: DEBUG neutron.api.extensions [None req-459f4042-74a3-4549-a74d-fcfcff2e59e8 None None] Loading extension file: l2_adjacency.py {{(pid=103229) _load_all_extensions_from_path /opt/stack/neutron/neutron/api/extensions.py:449}}
Jun 03 01:05:08.238592 np0000178265 devstack@neutron-api.service[103229]: DEBUG neutron.api.extensions [None req-459f4042-74a3-4549-a74d-fcfcff2e59e8 None None] Ext name="L2 Adjacency" alias="l2_adjacency" description="Display L2 Adjacency for Neutron Networks." updated="2016-04-12T16:00:00-00:00" {{(pid=103229) _check_extension /opt/stack/neutron/neutron/api/extensions.py:415}}
Jun 03 01:05:08.238758 np0000178265 devstack@neutron-api.service[103229]: INFO neutron.api.extensions [None req-459f4042-74a3-4549-a74d-fcfcff2e59e8 None None] Extension l2_adjacency not supported by any of loaded plugins
Jun 03 01:05:08.238850 np0000178265 devstack@neutron-api.service[103229]: DEBUG neutron.api.extensions [None req-459f4042-74a3-4549-a74d-fcfcff2e59e8 None None] Loading extension file: l3.py {{(pid=103229) _load_all_extensions_from_path /opt/stack/neutron/neutron/api/extensions.py:449}}
Jun 03 01:05:08.239276 np0000178265 devstack@neutron-api.service[103229]: DEBUG neutron.api.extensions [None req-459f4042-74a3-4549-a74d-fcfcff2e59e8 None None] Ext name="Neutron L3 Router" alias="router" description="Router abstraction for basic L3 forwarding between L2 Neutron networks and access to external networks via a NAT gateway." updated="2012-07-20T10:00:00-00:00" {{(pid=103229) _check_extension /opt/stack/neutron/neutron/api/extensions.py:415}}
Jun 03 01:05:08.239454 np0000178265 devstack@neutron-api.service[103229]: INFO neutron.api.extensions [None req-459f4042-74a3-4549-a74d-fcfcff2e59e8 None None] Loaded extension: router
Jun 03 01:05:08.239546 np0000178265 devstack@neutron-api.service[103229]: DEBUG neutron.api.extensions [None req-459f4042-74a3-4549-a74d-fcfcff2e59e8 None None] Loading extension file: l3_conntrack_helper.py {{(pid=103229) _load_all_extensions_from_path /opt/stack/neutron/neutron/api/extensions.py:449}}
Jun 03 01:05:08.240148 np0000178265 devstack@neutron-api.service[103229]: DEBUG neutron.api.extensions [None req-459f4042-74a3-4549-a74d-fcfcff2e59e8 None None] Ext name="L3 Conntrack helper" alias="l3-conntrack-helper" description="Allow adding CT target rules for conntrack helper" updated="2019-04-04T10:00:00-00:00" {{(pid=103229) _check_extension /opt/stack/neutron/neutron/api/extensions.py:415}}
Jun 03 01:05:08.240339 np0000178265 devstack@neutron-api.service[103229]: INFO neutron.api.extensions [None req-459f4042-74a3-4549-a74d-fcfcff2e59e8 None None] Extension l3-conntrack-helper not supported by any of loaded plugins
Jun 03 01:05:08.240433 np0000178265 devstack@neutron-api.service[103229]: DEBUG neutron.api.extensions [None req-459f4042-74a3-4549-a74d-fcfcff2e59e8 None None] Loading extension file: l3_enable_default_route_bfd.py {{(pid=103229) _load_all_extensions_from_path /opt/stack/neutron/neutron/api/extensions.py:449}}
Jun 03 01:05:08.240668 np0000178265 devstack@neutron-api.service[103229]: DEBUG neutron.api.extensions [None req-459f4042-74a3-4549-a74d-fcfcff2e59e8 None None] Ext name="Enable Default Route BFD" alias="enable-default-route-bfd" description="Enables configurable BFD behavior for default routes" updated="2023-02-27T00:00:00-00:00" {{(pid=103229) _check_extension /opt/stack/neutron/neutron/api/extensions.py:415}}
Jun 03 01:05:08.240838 np0000178265 devstack@neutron-api.service[103229]: INFO neutron.api.extensions [None req-459f4042-74a3-4549-a74d-fcfcff2e59e8 None None] Loaded extension: enable-default-route-bfd
Jun 03 01:05:08.240939 np0000178265 devstack@neutron-api.service[103229]: DEBUG neutron.api.extensions [None req-459f4042-74a3-4549-a74d-fcfcff2e59e8 None None] Loading extension file: l3_enable_default_route_ecmp.py {{(pid=103229) _load_all_extensions_from_path /opt/stack/neutron/neutron/api/extensions.py:449}}
Jun 03 01:05:08.241143 np0000178265 devstack@neutron-api.service[103231]: DEBUG neutron.services.provider_configuration [None req-6c91685a-8c54-456d-9410-ed6a3bdee314 None None] Service providers = [] {{(pid=103231) parse_service_provider_opt /opt/stack/neutron/neutron/services/provider_configuration.py:170}}
Jun 03 01:05:08.241175 np0000178265 devstack@neutron-api.service[103229]: DEBUG neutron.api.extensions [None req-459f4042-74a3-4549-a74d-fcfcff2e59e8 None None] Ext name="Enable Default Route ECMP" alias="enable-default-route-ecmp" description="Enables configurable ECMP behavior for default routes" updated="2023-02-27T00:00:00-00:00" {{(pid=103229) _check_extension /opt/stack/neutron/neutron/api/extensions.py:415}}
Jun 03 01:05:08.241253 np0000178265 devstack@neutron-api.service[103231]: DEBUG neutron.db.servicetype_db [None req-6c91685a-8c54-456d-9410-ed6a3bdee314 None None] Adding provider configuration for service L3_ROUTER_NAT {{(pid=103231) add_provider_configuration /opt/stack/neutron/neutron/db/servicetype_db.py:45}}
Jun 03 01:05:08.241334 np0000178265 devstack@neutron-api.service[103229]: INFO neutron.api.extensions [None req-459f4042-74a3-4549-a74d-fcfcff2e59e8 None None] Loaded extension: enable-default-route-ecmp
Jun 03 01:05:08.241427 np0000178265 devstack@neutron-api.service[103229]: DEBUG neutron.api.extensions [None req-459f4042-74a3-4549-a74d-fcfcff2e59e8 None None] Loading extension file: l3_ext_gw_mode.py {{(pid=103229) _load_all_extensions_from_path /opt/stack/neutron/neutron/api/extensions.py:449}}
Jun 03 01:05:08.241655 np0000178265 devstack@neutron-api.service[103229]: DEBUG neutron.api.extensions [None req-459f4042-74a3-4549-a74d-fcfcff2e59e8 None None] Ext name="Neutron L3 Configurable external gateway mode" alias="ext-gw-mode" description="Extension of the router abstraction for specifying whether SNAT should occur on the external gateway" updated="2013-03-28T10:00:00-00:00" {{(pid=103229) _check_extension /opt/stack/neutron/neutron/api/extensions.py:415}}
Jun 03 01:05:08.241815 np0000178265 devstack@neutron-api.service[103229]: INFO neutron.api.extensions [None req-459f4042-74a3-4549-a74d-fcfcff2e59e8 None None] Loaded extension: ext-gw-mode
Jun 03 01:05:08.242024 np0000178265 devstack@neutron-api.service[103229]: DEBUG neutron.api.extensions [None req-459f4042-74a3-4549-a74d-fcfcff2e59e8 None None] Loading extension file: l3_ext_ha_mode.py {{(pid=103229) _load_all_extensions_from_path /opt/stack/neutron/neutron/api/extensions.py:449}}
Jun 03 01:05:08.242144 np0000178265 devstack@neutron-api.service[103229]: DEBUG neutron.api.extensions [None req-459f4042-74a3-4549-a74d-fcfcff2e59e8 None None] Ext name="HA Router extension" alias="l3-ha" description="Adds HA capability to routers." updated="2014-04-26T00:00:00-00:00" {{(pid=103229) _check_extension /opt/stack/neutron/neutron/api/extensions.py:415}}
Jun 03 01:05:08.242309 np0000178265 devstack@neutron-api.service[103229]: INFO neutron.api.extensions [None req-459f4042-74a3-4549-a74d-fcfcff2e59e8 None None] Loaded extension: l3-ha
Jun 03 01:05:08.242395 np0000178265 devstack@neutron-api.service[103229]: DEBUG neutron.api.extensions [None req-459f4042-74a3-4549-a74d-fcfcff2e59e8 None None] Loading extension file: l3_ext_ndp_proxy.py {{(pid=103229) _load_all_extensions_from_path /opt/stack/neutron/neutron/api/extensions.py:449}}
Jun 03 01:05:08.242612 np0000178265 devstack@neutron-api.service[103229]: DEBUG neutron.api.extensions [None req-459f4042-74a3-4549-a74d-fcfcff2e59e8 None None] Ext name="Router support to enable NDP proxy" alias="l3-ext-ndp-proxy" description="Router extension to enable ndp proxy" updated="2020-08-25T00:00:00-00:00" {{(pid=103229) _check_extension /opt/stack/neutron/neutron/api/extensions.py:415}}
Jun 03 01:05:08.242775 np0000178265 devstack@neutron-api.service[103229]: INFO neutron.api.extensions [None req-459f4042-74a3-4549-a74d-fcfcff2e59e8 None None] Extension l3-ext-ndp-proxy not supported by any of loaded plugins
Jun 03 01:05:08.242817 np0000178265 devstack@neutron-api.service[103231]: DEBUG neutron_lib.callbacks.manager [None req-6c91685a-8c54-456d-9410-ed6a3bdee314 None None] Subscribe: > router precommit_create 55549900, False {{(pid=103231) subscribe /opt/stack/data/venv/lib/python3.12/site-packages/neutron_lib/callbacks/manager.py:52}}
Jun 03 01:05:08.242871 np0000178265 devstack@neutron-api.service[103229]: DEBUG neutron.api.extensions [None req-459f4042-74a3-4549-a74d-fcfcff2e59e8 None None] Loading extension file: l3_extra_gws.py {{(pid=103229) _load_all_extensions_from_path /opt/stack/neutron/neutron/api/extensions.py:449}}
Jun 03 01:05:08.242927 np0000178265 devstack@neutron-api.service[103231]: DEBUG neutron_lib.callbacks.manager [None req-6c91685a-8c54-456d-9410-ed6a3bdee314 None None] Subscribe: > router_interface after_create 55550000, False {{(pid=103231) subscribe /opt/stack/data/venv/lib/python3.12/site-packages/neutron_lib/callbacks/manager.py:52}}
Jun 03 01:05:08.243030 np0000178265 devstack@neutron-api.service[103231]: DEBUG neutron_lib.callbacks.manager [None req-6c91685a-8c54-456d-9410-ed6a3bdee314 None None] Subscribe: > floatingip after_create 55550000, False {{(pid=103231) subscribe /opt/stack/data/venv/lib/python3.12/site-packages/neutron_lib/callbacks/manager.py:52}}
Jun 03 01:05:08.243096 np0000178265 devstack@neutron-api.service[103229]: DEBUG neutron.api.extensions [None req-459f4042-74a3-4549-a74d-fcfcff2e59e8 None None] Ext name="Neutron L3 External Gateway Multihoming" alias="external-gateway-multihoming" description="Allow multiple external gateway ports per router" updated="2023-01-18T00:00:00-00:00" {{(pid=103229) _check_extension /opt/stack/neutron/neutron/api/extensions.py:415}}
Jun 03 01:05:08.243139 np0000178265 devstack@neutron-api.service[103231]: DEBUG neutron_lib.callbacks.manager [None req-6c91685a-8c54-456d-9410-ed6a3bdee314 None None] Subscribe: > floatingip precommit_create 55550000, False {{(pid=103231) subscribe /opt/stack/data/venv/lib/python3.12/site-packages/neutron_lib/callbacks/manager.py:52}}
Jun 03 01:05:08.243281 np0000178265 devstack@neutron-api.service[103231]: DEBUG neutron_lib.callbacks.manager [None req-6c91685a-8c54-456d-9410-ed6a3bdee314 None None] Subscribe: > floatingip precommit_update 55550000, False {{(pid=103231) subscribe /opt/stack/data/venv/lib/python3.12/site-packages/neutron_lib/callbacks/manager.py:52}}
Jun 03 01:05:08.243411 np0000178265 devstack@neutron-api.service[103229]: INFO neutron.api.extensions [None req-459f4042-74a3-4549-a74d-fcfcff2e59e8 None None] Loaded extension: external-gateway-multihoming
Jun 03 01:05:08.243540 np0000178265 devstack@neutron-api.service[103231]: DEBUG neutron_lib.callbacks.manager [None req-6c91685a-8c54-456d-9410-ed6a3bdee314 None None] Subscribe: > floatingip after_delete 55550000, False {{(pid=103231) subscribe /opt/stack/data/venv/lib/python3.12/site-packages/neutron_lib/callbacks/manager.py:52}}
Jun 03 01:05:08.243678 np0000178265 devstack@neutron-api.service[103229]: DEBUG neutron.api.extensions [None req-459f4042-74a3-4549-a74d-fcfcff2e59e8 None None] Loading extension file: l3_flavors.py {{(pid=103229) _load_all_extensions_from_path /opt/stack/neutron/neutron/api/extensions.py:449}}
Jun 03 01:05:08.243794 np0000178265 devstack@neutron-api.service[103231]: DEBUG neutron_lib.callbacks.manager [None req-6c91685a-8c54-456d-9410-ed6a3bdee314 None None] Subscribe: > floatingip after_status_update 55550000, False {{(pid=103231) subscribe /opt/stack/data/venv/lib/python3.12/site-packages/neutron_lib/callbacks/manager.py:52}}
Jun 03 01:05:08.243794 np0000178265 devstack@neutron-api.service[103231]: DEBUG neutron_lib.callbacks.manager [None req-6c91685a-8c54-456d-9410-ed6a3bdee314 None None] Subscribe: > floatingip after_update 55550000, False {{(pid=103231) subscribe /opt/stack/data/venv/lib/python3.12/site-packages/neutron_lib/callbacks/manager.py:52}}
Jun 03 01:05:08.244015 np0000178265 devstack@neutron-api.service[103229]: DEBUG neutron.api.extensions [None req-459f4042-74a3-4549-a74d-fcfcff2e59e8 None None] Ext name="Router Flavor Extension" alias="l3-flavors" description="Flavor support for routers." updated="2016-05-17T00:00:00-00:00" {{(pid=103229) _check_extension /opt/stack/neutron/neutron/api/extensions.py:415}}
Jun 03 01:05:08.244166 np0000178265 devstack@neutron-api.service[103231]: DEBUG neutron_lib.callbacks.manager [None req-6c91685a-8c54-456d-9410-ed6a3bdee314 None None] Subscribe: > port_forwarding after_create 55550000, False {{(pid=103231) subscribe /opt/stack/data/venv/lib/python3.12/site-packages/neutron_lib/callbacks/manager.py:52}}
Jun 03 01:05:08.244166 np0000178265 devstack@neutron-api.service[103231]: DEBUG neutron_lib.callbacks.manager [None req-6c91685a-8c54-456d-9410-ed6a3bdee314 None None] Subscribe: > router_interface after_delete 55550000, False {{(pid=103231) subscribe /opt/stack/data/venv/lib/python3.12/site-packages/neutron_lib/callbacks/manager.py:52}}
Jun 03 01:05:08.244366 np0000178265 devstack@neutron-api.service[103229]: INFO neutron.api.extensions [None req-459f4042-74a3-4549-a74d-fcfcff2e59e8 None None] Loaded extension: l3-flavors
Jun 03 01:05:08.244366 np0000178265 devstack@neutron-api.service[103229]: DEBUG neutron.api.extensions [None req-459f4042-74a3-4549-a74d-fcfcff2e59e8 None None] Loading extension file: l3_ndp_proxy.py {{(pid=103229) _load_all_extensions_from_path /opt/stack/neutron/neutron/api/extensions.py:449}}
Jun 03 01:05:08.244522 np0000178265 devstack@neutron-api.service[103231]: DEBUG neutron_lib.callbacks.manager [None req-6c91685a-8c54-456d-9410-ed6a3bdee314 None None] Subscribe: > router after_create 55550000, False {{(pid=103231) subscribe /opt/stack/data/venv/lib/python3.12/site-packages/neutron_lib/callbacks/manager.py:52}}
Jun 03 01:05:08.244522 np0000178265 devstack@neutron-api.service[103231]: DEBUG neutron_lib.callbacks.manager [None req-6c91685a-8c54-456d-9410-ed6a3bdee314 None None] Subscribe: > router precommit_create 55550000, False {{(pid=103231) subscribe /opt/stack/data/venv/lib/python3.12/site-packages/neutron_lib/callbacks/manager.py:52}}
Jun 03 01:05:08.244522 np0000178265 devstack@neutron-api.service[103231]: DEBUG neutron_lib.callbacks.manager [None req-6c91685a-8c54-456d-9410-ed6a3bdee314 None None] Subscribe: > router after_delete 55550000, False {{(pid=103231) subscribe /opt/stack/data/venv/lib/python3.12/site-packages/neutron_lib/callbacks/manager.py:52}}
Jun 03 01:05:08.244760 np0000178265 devstack@neutron-api.service[103229]: DEBUG neutron.api.extensions [None req-459f4042-74a3-4549-a74d-fcfcff2e59e8 None None] Ext name="name" alias="l3-ndp-proxy" description="description" updated="2021-06-29T10:00:00-00:00" {{(pid=103229) _check_extension /opt/stack/neutron/neutron/api/extensions.py:415}}
Jun 03 01:05:08.244804 np0000178265 devstack@neutron-api.service[103231]: DEBUG neutron_lib.callbacks.manager [None req-6c91685a-8c54-456d-9410-ed6a3bdee314 None None] Subscribe: > router after_update 55550000, False {{(pid=103231) subscribe /opt/stack/data/venv/lib/python3.12/site-packages/neutron_lib/callbacks/manager.py:52}}
Jun 03 01:05:08.244804 np0000178265 devstack@neutron-api.service[103231]: DEBUG neutron.services.service_base [None req-6c91685a-8c54-456d-9410-ed6a3bdee314 None None] Loaded 'neutron.services.ovn_l3.service_providers.ovn.OvnDriver' provider for service L3_ROUTER_NAT {{(pid=103231) load_drivers /opt/stack/neutron/neutron/services/service_base.py:49}}
Jun 03 01:05:08.244877 np0000178265 devstack@neutron-api.service[103229]: INFO neutron.api.extensions [None req-459f4042-74a3-4549-a74d-fcfcff2e59e8 None None] Extension l3-ndp-proxy not supported by any of loaded plugins
Jun 03 01:05:08.244877 np0000178265 devstack@neutron-api.service[103229]: DEBUG neutron.api.extensions [None req-459f4042-74a3-4549-a74d-fcfcff2e59e8 None None] Loading extension file: l3_port_ip_change_not_allowed.py {{(pid=103229) _load_all_extensions_from_path /opt/stack/neutron/neutron/api/extensions.py:449}}
Jun 03 01:05:08.245210 np0000178265 devstack@neutron-api.service[103231]: DEBUG neutron_lib.callbacks.manager [None req-6c91685a-8c54-456d-9410-ed6a3bdee314 None None] Subscribe: > process after_init 55550001, True {{(pid=103231) subscribe /opt/stack/data/venv/lib/python3.12/site-packages/neutron_lib/callbacks/manager.py:52}}
Jun 03 01:05:08.245210 np0000178265 devstack@neutron-api.service[103231]: DEBUG neutron.manager [None req-6c91685a-8c54-456d-9410-ed6a3bdee314 None None] Successfully loaded L3_ROUTER_NAT plugin. Description: L3 Router Service Plugin for basic L3 forwarding using OVN {{(pid=103231) _create_and_add_service_plugin /opt/stack/neutron/neutron/manager.py:239}}
Jun 03 01:05:08.245554 np0000178265 devstack@neutron-api.service[103229]: DEBUG neutron.api.extensions [None req-459f4042-74a3-4549-a74d-fcfcff2e59e8 None None] Ext name="Prevent L3 router ports IP address change extension" alias="l3-port-ip-change-not-allowed" description="Prevent change of IP address for some L3 router ports" updated="2018-10-09T10:00:00-00:00" {{(pid=103229) _check_extension /opt/stack/neutron/neutron/api/extensions.py:415}}
Jun 03 01:05:08.245615 np0000178265 devstack@neutron-api.service[103231]: INFO neutron.manager [None req-6c91685a-8c54-456d-9410-ed6a3bdee314 None None] Loading Plugin: auto_allocate
Jun 03 01:05:08.245661 np0000178265 devstack@neutron-api.service[103229]: INFO neutron.api.extensions [None req-459f4042-74a3-4549-a74d-fcfcff2e59e8 None None] Extension l3-port-ip-change-not-allowed not supported by any of loaded plugins
Jun 03 01:05:08.245661 np0000178265 devstack@neutron-api.service[103229]: DEBUG neutron.api.extensions [None req-459f4042-74a3-4549-a74d-fcfcff2e59e8 None None] Loading extension file: l3agentscheduler.py {{(pid=103229) _load_all_extensions_from_path /opt/stack/neutron/neutron/api/extensions.py:449}}
Jun 03 01:05:08.245661 np0000178265 devstack@neutron-api.service[103229]: DEBUG neutron.api.extensions [None req-459f4042-74a3-4549-a74d-fcfcff2e59e8 None None] Ext name="L3 Agent Scheduler" alias="l3_agent_scheduler" description="Schedule routers among l3 agents" updated="2013-02-07T10:00:00-00:00" {{(pid=103229) _check_extension /opt/stack/neutron/neutron/api/extensions.py:415}}
Jun 03 01:05:08.245661 np0000178265 devstack@neutron-api.service[103229]: INFO neutron.api.extensions [None req-459f4042-74a3-4549-a74d-fcfcff2e59e8 None None] Extension l3_agent_scheduler not supported by any of loaded plugins
Jun 03 01:05:08.245806 np0000178265 devstack@neutron-api.service[103231]: DEBUG neutron_lib.callbacks.manager [None req-6c91685a-8c54-456d-9410-ed6a3bdee314 None None] Subscribe: network precommit_update 55550000, False {{(pid=103231) subscribe /opt/stack/data/venv/lib/python3.12/site-packages/neutron_lib/callbacks/manager.py:52}}
Jun 03 01:05:08.245846 np0000178265 devstack@neutron-api.service[103229]: DEBUG neutron.api.extensions [None req-459f4042-74a3-4549-a74d-fcfcff2e59e8 None None] Loading extension file: local_ip.py {{(pid=103229) _load_all_extensions_from_path /opt/stack/neutron/neutron/api/extensions.py:449}}
Jun 03 01:05:08.245886 np0000178265 devstack@neutron-api.service[103231]: DEBUG neutron_lib.callbacks.manager [None req-6c91685a-8c54-456d-9410-ed6a3bdee314 None None] Subscribe: network precommit_create 55550000, False {{(pid=103231) subscribe /opt/stack/data/venv/lib/python3.12/site-packages/neutron_lib/callbacks/manager.py:52}}
Jun 03 01:05:08.245886 np0000178265 devstack@neutron-api.service[103231]: DEBUG neutron.manager [None req-6c91685a-8c54-456d-9410-ed6a3bdee314 None None] Successfully loaded auto-allocated-topology plugin. Description: Auto Allocated Topology - aka get me a network. {{(pid=103231) _create_and_add_service_plugin /opt/stack/neutron/neutron/manager.py:239}}
Jun 03 01:05:08.245987 np0000178265 devstack@neutron-api.service[103229]: DEBUG neutron.api.extensions [None req-459f4042-74a3-4549-a74d-fcfcff2e59e8 None None] Ext name="Local IP" alias="local_ip" description="Support Node Local Virtual IP" updated="2021-07-26T10:00:00-00:00" {{(pid=103229) _check_extension /opt/stack/neutron/neutron/api/extensions.py:415}}
Jun 03 01:05:08.246084 np0000178265 devstack@neutron-api.service[103229]: INFO neutron.api.extensions [None req-459f4042-74a3-4549-a74d-fcfcff2e59e8 None None] Extension local_ip not supported by any of loaded plugins
Jun 03 01:05:08.246123 np0000178265 devstack@neutron-api.service[103231]: INFO neutron.manager [None req-6c91685a-8c54-456d-9410-ed6a3bdee314 None None] Loading Plugin: tag
Jun 03 01:05:08.246168 np0000178265 devstack@neutron-api.service[103229]: DEBUG neutron.api.extensions [None req-459f4042-74a3-4549-a74d-fcfcff2e59e8 None None] Loading extension file: logging.py {{(pid=103229) _load_all_extensions_from_path /opt/stack/neutron/neutron/api/extensions.py:449}}
Jun 03 01:05:08.246443 np0000178265 devstack@neutron-api.service[103229]: DEBUG neutron.api.extensions [None req-459f4042-74a3-4549-a74d-fcfcff2e59e8 None None] Ext name="Logging API Extension" alias="logging" description="Provides a logging API for resources such as security group and firewall." updated="2017-01-01T10:00:00-00:00" {{(pid=103229) _check_extension /opt/stack/neutron/neutron/api/extensions.py:415}}
Jun 03 01:05:08.246608 np0000178265 devstack@neutron-api.service[103229]: INFO neutron.api.extensions [None req-459f4042-74a3-4549-a74d-fcfcff2e59e8 None None] Extension logging not supported by any of loaded plugins
Jun 03 01:05:08.246693 np0000178265 devstack@neutron-api.service[103229]: DEBUG neutron.api.extensions [None req-459f4042-74a3-4549-a74d-fcfcff2e59e8 None None] Loading extension file: metering.py {{(pid=103229) _load_all_extensions_from_path /opt/stack/neutron/neutron/api/extensions.py:449}}
Jun 03 01:05:08.247161 np0000178265 devstack@neutron-api.service[103229]: DEBUG neutron.api.extensions [None req-459f4042-74a3-4549-a74d-fcfcff2e59e8 None None] Ext name="Neutron Metering" alias="metering" description="Neutron Metering extension." updated="2013-06-12T10:00:00-00:00" {{(pid=103229) _check_extension /opt/stack/neutron/neutron/api/extensions.py:415}}
Jun 03 01:05:08.247294 np0000178265 devstack@neutron-api.service[103229]: INFO neutron.api.extensions [None req-459f4042-74a3-4549-a74d-fcfcff2e59e8 None None] Extension metering not supported by any of loaded plugins
Jun 03 01:05:08.247377 np0000178265 devstack@neutron-api.service[103229]: DEBUG neutron.api.extensions [None req-459f4042-74a3-4549-a74d-fcfcff2e59e8 None None] Loading extension file: metering_source_and_destination_fields.py {{(pid=103229) _load_all_extensions_from_path /opt/stack/neutron/neutron/api/extensions.py:449}}
Jun 03 01:05:08.247623 np0000178265 devstack@neutron-api.service[103229]: DEBUG neutron.api.extensions [None req-459f4042-74a3-4549-a74d-fcfcff2e59e8 None None] Ext name="Neutron Metering with source and destination filtering" alias="metering_source_and_destination_fields" description="Neutron Metering extension that enables the use of source and destination IP prefixes to create metering label rules." updated="2020-08-21T08:12:00-00:00" {{(pid=103229) _check_extension /opt/stack/neutron/neutron/api/extensions.py:415}}
Jun 03 01:05:08.247794 np0000178265 devstack@neutron-api.service[103229]: INFO neutron.api.extensions [None req-459f4042-74a3-4549-a74d-fcfcff2e59e8 None None] Extension metering_source_and_destination_fields not supported by any of loaded plugins
Jun 03 01:05:08.247877 np0000178265 devstack@neutron-api.service[103229]: DEBUG neutron.api.extensions [None req-459f4042-74a3-4549-a74d-fcfcff2e59e8 None None] Loading extension file: multiprovidernet.py {{(pid=103229) _load_all_extensions_from_path /opt/stack/neutron/neutron/api/extensions.py:449}}
Jun 03 01:05:08.248118 np0000178265 devstack@neutron-api.service[103229]: DEBUG neutron.api.extensions [None req-459f4042-74a3-4549-a74d-fcfcff2e59e8 None None] Ext name="Multi Provider Network" alias="multi-provider" description="Expose mapping of virtual networks to multiple physical networks" updated="2013-06-27T10:00:00-00:00" {{(pid=103229) _check_extension /opt/stack/neutron/neutron/api/extensions.py:415}}
Jun 03 01:05:08.248294 np0000178265 devstack@neutron-api.service[103229]: INFO neutron.api.extensions [None req-459f4042-74a3-4549-a74d-fcfcff2e59e8 None None] Loaded extension: multi-provider
Jun 03 01:05:08.248405 np0000178265 devstack@neutron-api.service[103229]: DEBUG neutron.api.extensions [None req-459f4042-74a3-4549-a74d-fcfcff2e59e8 None None] Loading extension file: netmtu.py {{(pid=103229) _load_all_extensions_from_path /opt/stack/neutron/neutron/api/extensions.py:449}}
Jun 03 01:05:08.248674 np0000178265 devstack@neutron-api.service[103229]: DEBUG neutron.api.extensions [None req-459f4042-74a3-4549-a74d-fcfcff2e59e8 None None] Ext name="Network MTU" alias="net-mtu" description="Provides MTU attribute for a network resource." updated="2015-03-25T10:00:00-00:00" {{(pid=103229) _check_extension /opt/stack/neutron/neutron/api/extensions.py:415}}
Jun 03 01:05:08.248833 np0000178265 devstack@neutron-api.service[103229]: INFO neutron.api.extensions [None req-459f4042-74a3-4549-a74d-fcfcff2e59e8 None None] Loaded extension: net-mtu
Jun 03 01:05:08.248952 np0000178265 devstack@neutron-api.service[103229]: DEBUG neutron.api.extensions [None req-459f4042-74a3-4549-a74d-fcfcff2e59e8 None None] Loading extension file: netmtu_writable.py {{(pid=103229) _load_all_extensions_from_path /opt/stack/neutron/neutron/api/extensions.py:449}}
Jun 03 01:05:08.249052 np0000178265 devstack@neutron-api.service[103231]: DEBUG neutron.manager [None req-6c91685a-8c54-456d-9410-ed6a3bdee314 None None] Successfully loaded TAG plugin. Description: Tag support {{(pid=103231) _create_and_add_service_plugin /opt/stack/neutron/neutron/manager.py:239}}
Jun 03 01:05:08.249150 np0000178265 devstack@neutron-api.service[103231]: INFO neutron.manager [None req-6c91685a-8c54-456d-9410-ed6a3bdee314 None None] Loading Plugin: timestamp
Jun 03 01:05:08.249198 np0000178265 devstack@neutron-api.service[103229]: DEBUG neutron.api.extensions [None req-459f4042-74a3-4549-a74d-fcfcff2e59e8 None None] Ext name="Network MTU (writable)" alias="net-mtu-writable" description="Provides a writable MTU attribute for a network resource." updated="2017-07-12T00:00:00-00:00" {{(pid=103229) _check_extension /opt/stack/neutron/neutron/api/extensions.py:415}}
Jun 03 01:05:08.249320 np0000178265 devstack@neutron-api.service[103229]: INFO neutron.api.extensions [None req-459f4042-74a3-4549-a74d-fcfcff2e59e8 None None] Loaded extension: net-mtu-writable
Jun 03 01:05:08.249408 np0000178265 devstack@neutron-api.service[103229]: DEBUG neutron.api.extensions [None req-459f4042-74a3-4549-a74d-fcfcff2e59e8 None None] Loading extension file: network_availability_zone.py {{(pid=103229) _load_all_extensions_from_path /opt/stack/neutron/neutron/api/extensions.py:449}}
Jun 03 01:05:08.249653 np0000178265 devstack@neutron-api.service[103229]: DEBUG neutron.api.extensions [None req-459f4042-74a3-4549-a74d-fcfcff2e59e8 None None] Ext name="Network Availability Zone" alias="network_availability_zone" description="Availability zone support for network." updated="2015-01-01T10:00:00-00:00" {{(pid=103229) _check_extension /opt/stack/neutron/neutron/api/extensions.py:415}}
Jun 03 01:05:08.249822 np0000178265 devstack@neutron-api.service[103229]: INFO neutron.api.extensions [None req-459f4042-74a3-4549-a74d-fcfcff2e59e8 None None] Loaded extension: network_availability_zone
Jun 03 01:05:08.249927 np0000178265 devstack@neutron-api.service[103229]: DEBUG neutron.api.extensions [None req-459f4042-74a3-4549-a74d-fcfcff2e59e8 None None] Loading extension file: network_ha.py {{(pid=103229) _load_all_extensions_from_path /opt/stack/neutron/neutron/api/extensions.py:449}}
Jun 03 01:05:08.250153 np0000178265 devstack@neutron-api.service[103229]: DEBUG neutron.api.extensions [None req-459f4042-74a3-4549-a74d-fcfcff2e59e8 None None] Ext name="Network HA creation flag" alias="network_ha" description="Network high availability creation flag." updated="2023-04-27T10:00:00-00:00" {{(pid=103229) _check_extension /opt/stack/neutron/neutron/api/extensions.py:415}}
Jun 03 01:05:08.250320 np0000178265 devstack@neutron-api.service[103229]: INFO neutron.api.extensions [None req-459f4042-74a3-4549-a74d-fcfcff2e59e8 None None] Extension network_ha not supported by any of loaded plugins
Jun 03 01:05:08.250377 np0000178265 devstack@neutron-api.service[103231]: DEBUG neutron.manager [None req-6c91685a-8c54-456d-9410-ed6a3bdee314 None None] Successfully loaded timestamp plugin. Description: Adds timestamps to Neutron resources with standard attributes {{(pid=103231) _create_and_add_service_plugin /opt/stack/neutron/neutron/manager.py:239}}
Jun 03 01:05:08.250409 np0000178265 devstack@neutron-api.service[103229]: DEBUG neutron.api.extensions [None req-459f4042-74a3-4549-a74d-fcfcff2e59e8 None None] Loading extension file: network_ip_availability.py {{(pid=103229) _load_all_extensions_from_path /opt/stack/neutron/neutron/api/extensions.py:449}}
Jun 03 01:05:08.250472 np0000178265 devstack@neutron-api.service[103231]: INFO neutron.manager [None req-6c91685a-8c54-456d-9410-ed6a3bdee314 None None] Loading Plugin: network_ip_availability
Jun 03 01:05:08.250638 np0000178265 devstack@neutron-api.service[103229]: DEBUG neutron.api.extensions [None req-459f4042-74a3-4549-a74d-fcfcff2e59e8 None None] Ext name="Network IP Availability" alias="network-ip-availability" description="Provides IP availability data for each network and subnet." updated="2015-09-24T00:00:00-00:00" {{(pid=103229) _check_extension /opt/stack/neutron/neutron/api/extensions.py:415}}
Jun 03 01:05:08.250804 np0000178265 devstack@neutron-api.service[103229]: INFO neutron.api.extensions [None req-459f4042-74a3-4549-a74d-fcfcff2e59e8 None None] Loaded extension: network-ip-availability
Jun 03 01:05:08.250902 np0000178265 devstack@neutron-api.service[103229]: DEBUG neutron.api.extensions [None req-459f4042-74a3-4549-a74d-fcfcff2e59e8 None None] Loading extension file: network_ip_availability_details.py {{(pid=103229) _load_all_extensions_from_path /opt/stack/neutron/neutron/api/extensions.py:449}}
Jun 03 01:05:08.251162 np0000178265 devstack@neutron-api.service[103229]: DEBUG neutron.api.extensions [None req-459f4042-74a3-4549-a74d-fcfcff2e59e8 None None] Ext name="Network IP Availability Details Extension" alias="network-ip-availability-details" description="Add ip_availability_details attribute to network-ip-availabilities resource." updated="2025-10-31T00:00:00-00:00" {{(pid=103229) _check_extension /opt/stack/neutron/neutron/api/extensions.py:415}}
Jun 03 01:05:08.251330 np0000178265 devstack@neutron-api.service[103229]: INFO neutron.api.extensions [None req-459f4042-74a3-4549-a74d-fcfcff2e59e8 None None] Loaded extension: network-ip-availability-details
Jun 03 01:05:08.251420 np0000178265 devstack@neutron-api.service[103229]: DEBUG neutron.api.extensions [None req-459f4042-74a3-4549-a74d-fcfcff2e59e8 None None] Loading extension file: network_segment_range.py {{(pid=103229) _load_all_extensions_from_path /opt/stack/neutron/neutron/api/extensions.py:449}}
Jun 03 01:05:08.251719 np0000178265 devstack@neutron-api.service[103229]: DEBUG neutron.api.extensions [None req-459f4042-74a3-4549-a74d-fcfcff2e59e8 None None] Ext name="Neutron Network Segment Range" alias="network-segment-range" description="Provides support for the network segment range management" updated="2018-11-29T00:00:00-00:00" {{(pid=103229) _check_extension /opt/stack/neutron/neutron/api/extensions.py:415}}
Jun 03 01:05:08.251906 np0000178265 devstack@neutron-api.service[103229]: INFO neutron.api.extensions [None req-459f4042-74a3-4549-a74d-fcfcff2e59e8 None None] Extension network-segment-range not supported by any of loaded plugins
Jun 03 01:05:08.251946 np0000178265 devstack@neutron-api.service[103231]: DEBUG neutron.manager [None req-6c91685a-8c54-456d-9410-ed6a3bdee314 None None] Successfully loaded network-ip-availability plugin. Description: Provides IP availability data for each network and subnet. {{(pid=103231) _create_and_add_service_plugin /opt/stack/neutron/neutron/manager.py:239}}
Jun 03 01:05:08.251996 np0000178265 devstack@neutron-api.service[103229]: DEBUG neutron.api.extensions [None req-459f4042-74a3-4549-a74d-fcfcff2e59e8 None None] Loading extension file: pagination.py {{(pid=103229) _load_all_extensions_from_path /opt/stack/neutron/neutron/api/extensions.py:449}}
Jun 03 01:05:08.252038 np0000178265 devstack@neutron-api.service[103231]: INFO neutron.manager [None req-6c91685a-8c54-456d-9410-ed6a3bdee314 None None] Loading Plugin: flavors
Jun 03 01:05:08.252231 np0000178265 devstack@neutron-api.service[103229]: DEBUG neutron.api.extensions [None req-459f4042-74a3-4549-a74d-fcfcff2e59e8 None None] Ext name="Pagination support" alias="pagination" description="Extension that indicates that pagination is enabled." updated="2016-06-12T00:00:00-00:00" {{(pid=103229) _check_extension /opt/stack/neutron/neutron/api/extensions.py:415}}
Jun 03 01:05:08.252339 np0000178265 devstack@neutron-api.service[103229]: INFO neutron.api.extensions [None req-459f4042-74a3-4549-a74d-fcfcff2e59e8 None None] Loaded extension: pagination
Jun 03 01:05:08.252437 np0000178265 devstack@neutron-api.service[103229]: DEBUG neutron.api.extensions [None req-459f4042-74a3-4549-a74d-fcfcff2e59e8 None None] Loading extension file: port_device_profile.py {{(pid=103229) _load_all_extensions_from_path /opt/stack/neutron/neutron/api/extensions.py:449}}
Jun 03 01:05:08.252661 np0000178265 devstack@neutron-api.service[103229]: DEBUG neutron.api.extensions [None req-459f4042-74a3-4549-a74d-fcfcff2e59e8 None None] Ext name="Port device profile" alias="port-device-profile" description="Expose the port device profile (Cyborg)" updated="2020-12-17T10:00:00-00:00" {{(pid=103229) _check_extension /opt/stack/neutron/neutron/api/extensions.py:415}}
Jun 03 01:05:08.252830 np0000178265 devstack@neutron-api.service[103229]: INFO neutron.api.extensions [None req-459f4042-74a3-4549-a74d-fcfcff2e59e8 None None] Loaded extension: port-device-profile
Jun 03 01:05:08.252937 np0000178265 devstack@neutron-api.service[103229]: DEBUG neutron.api.extensions [None req-459f4042-74a3-4549-a74d-fcfcff2e59e8 None None] Loading extension file: port_hardware_offload_type.py {{(pid=103229) _load_all_extensions_from_path /opt/stack/neutron/neutron/api/extensions.py:449}}
Jun 03 01:05:08.253013 np0000178265 devstack@neutron-api.service[103231]: DEBUG neutron.manager [None req-6c91685a-8c54-456d-9410-ed6a3bdee314 None None] Successfully loaded FLAVORS plugin. Description: Neutron Flavors and Service Profiles manager plugin {{(pid=103231) _create_and_add_service_plugin /opt/stack/neutron/neutron/manager.py:239}}
Jun 03 01:05:08.253107 np0000178265 devstack@neutron-api.service[103231]: INFO neutron.manager [None req-6c91685a-8c54-456d-9410-ed6a3bdee314 None None] Loading Plugin: revisions
Jun 03 01:05:08.253157 np0000178265 devstack@neutron-api.service[103229]: DEBUG neutron.api.extensions [None req-459f4042-74a3-4549-a74d-fcfcff2e59e8 None None] Ext name="Port hardware offload" alias="port-hardware-offload-type" description="Expose port hardware offload extension" updated="2023-05-09T10:00:00-00:00" {{(pid=103229) _check_extension /opt/stack/neutron/neutron/api/extensions.py:415}}
Jun 03 01:05:08.253323 np0000178265 devstack@neutron-api.service[103229]: INFO neutron.api.extensions [None req-459f4042-74a3-4549-a74d-fcfcff2e59e8 None None] Extension port-hardware-offload-type not supported by any of loaded plugins
Jun 03 01:05:08.253410 np0000178265 devstack@neutron-api.service[103229]: DEBUG neutron.api.extensions [None req-459f4042-74a3-4549-a74d-fcfcff2e59e8 None None] Loading extension file: port_hint_ovs_tx_steering.py {{(pid=103229) _load_all_extensions_from_path /opt/stack/neutron/neutron/api/extensions.py:449}}
Jun 03 01:05:08.253635 np0000178265 devstack@neutron-api.service[103229]: DEBUG neutron.api.extensions [None req-459f4042-74a3-4549-a74d-fcfcff2e59e8 None None] Ext name="Port hint: Open vSwitch Tx steering" alias="port-hint-ovs-tx-steering" description="Enable Port hint: Open vSwitch Tx steering" updated="2023-01-01T00:00:00-00:00" {{(pid=103229) _check_extension /opt/stack/neutron/neutron/api/extensions.py:415}}
Jun 03 01:05:08.253792 np0000178265 devstack@neutron-api.service[103229]: INFO neutron.api.extensions [None req-459f4042-74a3-4549-a74d-fcfcff2e59e8 None None] Extension port-hint-ovs-tx-steering not supported by any of loaded plugins
Jun 03 01:05:08.253880 np0000178265 devstack@neutron-api.service[103229]: DEBUG neutron.api.extensions [None req-459f4042-74a3-4549-a74d-fcfcff2e59e8 None None] Loading extension file: port_hints.py {{(pid=103229) _load_all_extensions_from_path /opt/stack/neutron/neutron/api/extensions.py:449}}
Jun 03 01:05:08.254115 np0000178265 devstack@neutron-api.service[103229]: DEBUG neutron.api.extensions [None req-459f4042-74a3-4549-a74d-fcfcff2e59e8 None None] Ext name="Port hints" alias="port-hints" description="Backend specific port hints to allow backend specific tuning" updated="2023-01-01T00:00:00-00:00" {{(pid=103229) _check_extension /opt/stack/neutron/neutron/api/extensions.py:415}}
Jun 03 01:05:08.254146 np0000178265 devstack@neutron-api.service[103231]: DEBUG neutron.manager [None req-6c91685a-8c54-456d-9410-ed6a3bdee314 None None] Successfully loaded revision_plugin plugin. Description: Adds revision numbers to resources. {{(pid=103231) _create_and_add_service_plugin /opt/stack/neutron/neutron/manager.py:239}}
Jun 03 01:05:08.254267 np0000178265 devstack@neutron-api.service[103231]: DEBUG oslo_concurrency.lockutils [None req-6c91685a-8c54-456d-9410-ed6a3bdee314 None None] Lock "manager" "released" by "neutron.manager.NeutronManager._create_instance" :: held 4.489s {{(pid=103231) inner /opt/stack/data/venv/lib/python3.12/site-packages/oslo_concurrency/lockutils.py:543}}
Jun 03 01:05:08.254299 np0000178265 devstack@neutron-api.service[103229]: INFO neutron.api.extensions [None req-459f4042-74a3-4549-a74d-fcfcff2e59e8 None None] Extension port-hints not supported by any of loaded plugins
Jun 03 01:05:08.254363 np0000178265 devstack@neutron-api.service[103229]: DEBUG neutron.api.extensions [None req-459f4042-74a3-4549-a74d-fcfcff2e59e8 None None] Loading extension file: port_mac_address_override.py {{(pid=103229) _load_all_extensions_from_path /opt/stack/neutron/neutron/api/extensions.py:449}}
Jun 03 01:05:08.254494 np0000178265 devstack@neutron-api.service[103231]: DEBUG neutron.api.extensions [None req-6c91685a-8c54-456d-9410-ed6a3bdee314 None None] get_extension_paths = OrderedDict({'/opt/stack/neutron/neutron/extensions': 1}) {{(pid=103231) get_extensions_path /opt/stack/neutron/neutron/api/extensions.py:640}}
Jun 03 01:05:08.254578 np0000178265 devstack@neutron-api.service[103229]: DEBUG neutron.api.extensions [None req-459f4042-74a3-4549-a74d-fcfcff2e59e8 None None] Ext name="Neutron Port MAC address override" alias="port-mac-override" description="Allow overriding the MAC address of a direct-physical Port via the active binding profile" updated="2022-03-18T10:00:00-00:00" {{(pid=103229) _check_extension /opt/stack/neutron/neutron/api/extensions.py:415}}
Jun 03 01:05:08.254610 np0000178265 devstack@neutron-api.service[103231]: INFO neutron.api.extensions [None req-6c91685a-8c54-456d-9410-ed6a3bdee314 None None] Initializing extension manager.
Jun 03 01:05:08.254757 np0000178265 devstack@neutron-api.service[103229]: INFO neutron.api.extensions [None req-459f4042-74a3-4549-a74d-fcfcff2e59e8 None None] Extension port-mac-override not supported by any of loaded plugins
Jun 03 01:05:08.254832 np0000178265 devstack@neutron-api.service[103231]: DEBUG neutron.api.extensions [None req-6c91685a-8c54-456d-9410-ed6a3bdee314 None None] Loading extension file: __init__.py {{(pid=103231) _load_all_extensions_from_path /opt/stack/neutron/neutron/api/extensions.py:449}}
Jun 03 01:05:08.254862 np0000178265 devstack@neutron-api.service[103229]: DEBUG neutron.api.extensions [None req-459f4042-74a3-4549-a74d-fcfcff2e59e8 None None] Loading extension file: port_mac_address_regenerate.py {{(pid=103229) _load_all_extensions_from_path /opt/stack/neutron/neutron/api/extensions.py:449}}
Jun 03 01:05:08.254952 np0000178265 devstack@neutron-api.service[103231]: DEBUG neutron.api.extensions [None req-6c91685a-8c54-456d-9410-ed6a3bdee314 None None] Loading extension file: __pycache__ {{(pid=103231) _load_all_extensions_from_path /opt/stack/neutron/neutron/api/extensions.py:449}}
Jun 03 01:05:08.255048 np0000178265 devstack@neutron-api.service[103231]: DEBUG neutron.api.extensions [None req-6c91685a-8c54-456d-9410-ed6a3bdee314 None None] Loading extension file: aap_reject_multicast.py {{(pid=103231) _load_all_extensions_from_path /opt/stack/neutron/neutron/api/extensions.py:449}}
Jun 03 01:05:08.255079 np0000178265 devstack@neutron-api.service[103229]: DEBUG neutron.api.extensions [None req-459f4042-74a3-4549-a74d-fcfcff2e59e8 None None] Ext name="Neutron Port MAC address regenerate" alias="port-mac-address-regenerate" description="Network port MAC address regenerate" updated="2018-05-03T10:00:00-00:00" {{(pid=103229) _check_extension /opt/stack/neutron/neutron/api/extensions.py:415}}
Jun 03 01:05:08.255234 np0000178265 devstack@neutron-api.service[103229]: INFO neutron.api.extensions [None req-459f4042-74a3-4549-a74d-fcfcff2e59e8 None None] Loaded extension: port-mac-address-regenerate
