May 26 08:14:19.089838 np0000176486 devstack@c-api.service[112542]: warnings.warn(deprecated_msg)
May 26 08:14:19.089838 np0000176486 devstack@c-api.service[112542]: /opt/stack/data/venv/lib/python3.12/site-packages/oslo_policy/policy.py:806: UserWarning: Policy "volume:revert_to_snapshot":"rule:admin_or_owner" was deprecated in X in favor of "volume:revert_to_snapshot":"rule:xena_system_admin_or_project_member". Reason: Default policies now support the three Keystone default roles, namely 'admin', 'member', and 'reader' to implement three Cinder "personas". See "Policy Personas and Permissions" in the "Cinder Service Configuration" documentation (Xena release) for details.. Either ensure your deployment is ready for the new default or copy/paste the deprecated policy into your policy file and maintain it manually.
May 26 08:14:19.089838 np0000176486 devstack@c-api.service[112542]: warnings.warn(deprecated_msg)
May 26 08:14:19.089838 np0000176486 devstack@c-api.service[112542]: /opt/stack/data/venv/lib/python3.12/site-packages/oslo_policy/policy.py:806: UserWarning: Policy "volume:retype":"rule:admin_or_owner" was deprecated in X in favor of "volume:retype":"rule:xena_system_admin_or_project_member". Reason: Default policies now support the three Keystone default roles, namely 'admin', 'member', and 'reader' to implement three Cinder "personas". See "Policy Personas and Permissions" in the "Cinder Service Configuration" documentation (Xena release) for details.. Either ensure your deployment is ready for the new default or copy/paste the deprecated policy into your policy file and maintain it manually.
May 26 08:14:19.089838 np0000176486 devstack@c-api.service[112542]: warnings.warn(deprecated_msg)
May 26 08:14:19.090082 np0000176486 devstack@c-api.service[112542]: /opt/stack/data/venv/lib/python3.12/site-packages/oslo_policy/policy.py:806: UserWarning: Policy "volume:update_readonly_flag":"rule:admin_or_owner" was deprecated in X in favor of "volume:update_readonly_flag":"rule:xena_system_admin_or_project_member". Reason: Default policies now support the three Keystone default roles, namely 'admin', 'member', and 'reader' to implement three Cinder "personas". See "Policy Personas and Permissions" in the "Cinder Service Configuration" documentation (Xena release) for details.. Either ensure your deployment is ready for the new default or copy/paste the deprecated policy into your policy file and maintain it manually.
May 26 08:14:19.090082 np0000176486 devstack@c-api.service[112542]: warnings.warn(deprecated_msg)
May 26 08:14:19.090082 np0000176486 devstack@c-api.service[112542]: /opt/stack/data/venv/lib/python3.12/site-packages/oslo_policy/policy.py:806: UserWarning: Policy "volume_extension:volume_actions:upload_image":"rule:admin_or_owner" was deprecated in X in favor of "volume_extension:volume_actions:upload_image":"rule:xena_system_admin_or_project_member". Reason: Default policies now support the three Keystone default roles, namely 'admin', 'member', and 'reader' to implement three Cinder "personas". See "Policy Personas and Permissions" in the "Cinder Service Configuration" documentation (Xena release) for details.. Either ensure your deployment is ready for the new default or copy/paste the deprecated policy into your policy file and maintain it manually.
May 26 08:14:19.090082 np0000176486 devstack@c-api.service[112542]: warnings.warn(deprecated_msg)
May 26 08:14:19.090330 np0000176486 devstack@c-api.service[112542]: /opt/stack/data/venv/lib/python3.12/site-packages/oslo_policy/policy.py:806: UserWarning: Policy "volume_extension:volume_actions:initialize_connection":"rule:admin_or_owner" was deprecated in X in favor of "volume_extension:volume_actions:initialize_connection":"rule:xena_system_admin_or_project_member". Reason: Default policies now support the three Keystone default roles, namely 'admin', 'member', and 'reader' to implement three Cinder "personas". See "Policy Personas and Permissions" in the "Cinder Service Configuration" documentation (Xena release) for details.. Either ensure your deployment is ready for the new default or copy/paste the deprecated policy into your policy file and maintain it manually.
May 26 08:14:19.090330 np0000176486 devstack@c-api.service[112542]: warnings.warn(deprecated_msg)
May 26 08:14:19.090330 np0000176486 devstack@c-api.service[112542]: /opt/stack/data/venv/lib/python3.12/site-packages/oslo_policy/policy.py:806: UserWarning: Policy "volume_extension:volume_actions:terminate_connection":"rule:admin_or_owner" was deprecated in X in favor of "volume_extension:volume_actions:terminate_connection":"rule:xena_system_admin_or_project_member". Reason: Default policies now support the three Keystone default roles, namely 'admin', 'member', and 'reader' to implement three Cinder "personas". See "Policy Personas and Permissions" in the "Cinder Service Configuration" documentation (Xena release) for details.. Either ensure your deployment is ready for the new default or copy/paste the deprecated policy into your policy file and maintain it manually.
May 26 08:14:19.090330 np0000176486 devstack@c-api.service[112542]: warnings.warn(deprecated_msg)
May 26 08:14:19.090511 np0000176486 devstack@c-api.service[112542]: /opt/stack/data/venv/lib/python3.12/site-packages/oslo_policy/policy.py:806: UserWarning: Policy "volume_extension:volume_actions:roll_detaching":"rule:admin_or_owner" was deprecated in X in favor of "volume_extension:volume_actions:roll_detaching":"rule:xena_system_admin_or_project_member". Reason: Default policies now support the three Keystone default roles, namely 'admin', 'member', and 'reader' to implement three Cinder "personas". See "Policy Personas and Permissions" in the "Cinder Service Configuration" documentation (Xena release) for details.. Either ensure your deployment is ready for the new default or copy/paste the deprecated policy into your policy file and maintain it manually.
May 26 08:14:19.090511 np0000176486 devstack@c-api.service[112542]: warnings.warn(deprecated_msg)
May 26 08:14:19.090511 np0000176486 devstack@c-api.service[112542]: /opt/stack/data/venv/lib/python3.12/site-packages/oslo_policy/policy.py:806: UserWarning: Policy "volume_extension:volume_actions:reserve":"rule:admin_or_owner" was deprecated in X in favor of "volume_extension:volume_actions:reserve":"rule:xena_system_admin_or_project_member". Reason: Default policies now support the three Keystone default roles, namely 'admin', 'member', and 'reader' to implement three Cinder "personas". See "Policy Personas and Permissions" in the "Cinder Service Configuration" documentation (Xena release) for details.. Either ensure your deployment is ready for the new default or copy/paste the deprecated policy into your policy file and maintain it manually.
May 26 08:14:19.090511 np0000176486 devstack@c-api.service[112542]: warnings.warn(deprecated_msg)
May 26 08:14:19.090734 np0000176486 devstack@c-api.service[112542]: /opt/stack/data/venv/lib/python3.12/site-packages/oslo_policy/policy.py:806: UserWarning: Policy "volume_extension:volume_actions:unreserve":"rule:admin_or_owner" was deprecated in X in favor of "volume_extension:volume_actions:unreserve":"rule:xena_system_admin_or_project_member". Reason: Default policies now support the three Keystone default roles, namely 'admin', 'member', and 'reader' to implement three Cinder "personas". See "Policy Personas and Permissions" in the "Cinder Service Configuration" documentation (Xena release) for details.. Either ensure your deployment is ready for the new default or copy/paste the deprecated policy into your policy file and maintain it manually.
May 26 08:14:19.090734 np0000176486 devstack@c-api.service[112542]: warnings.warn(deprecated_msg)
May 26 08:14:19.090734 np0000176486 devstack@c-api.service[112542]: /opt/stack/data/venv/lib/python3.12/site-packages/oslo_policy/policy.py:806: UserWarning: Policy "volume_extension:volume_actions:begin_detaching":"rule:admin_or_owner" was deprecated in X in favor of "volume_extension:volume_actions:begin_detaching":"rule:xena_system_admin_or_project_member". Reason: Default policies now support the three Keystone default roles, namely 'admin', 'member', and 'reader' to implement three Cinder "personas". See "Policy Personas and Permissions" in the "Cinder Service Configuration" documentation (Xena release) for details.. Either ensure your deployment is ready for the new default or copy/paste the deprecated policy into your policy file and maintain it manually.
May 26 08:14:19.090734 np0000176486 devstack@c-api.service[112542]: warnings.warn(deprecated_msg)
May 26 08:14:19.090991 np0000176486 devstack@c-api.service[112542]: /opt/stack/data/venv/lib/python3.12/site-packages/oslo_policy/policy.py:806: UserWarning: Policy "volume_extension:volume_actions:attach":"rule:admin_or_owner" was deprecated in X in favor of "volume_extension:volume_actions:attach":"rule:xena_system_admin_or_project_member". Reason: Default policies now support the three Keystone default roles, namely 'admin', 'member', and 'reader' to implement three Cinder "personas". See "Policy Personas and Permissions" in the "Cinder Service Configuration" documentation (Xena release) for details.. Either ensure your deployment is ready for the new default or copy/paste the deprecated policy into your policy file and maintain it manually.
May 26 08:14:19.090991 np0000176486 devstack@c-api.service[112542]: warnings.warn(deprecated_msg)
May 26 08:14:19.090991 np0000176486 devstack@c-api.service[112542]: /opt/stack/data/venv/lib/python3.12/site-packages/oslo_policy/policy.py:806: UserWarning: Policy "volume_extension:volume_actions:detach":"rule:admin_or_owner" was deprecated in X in favor of "volume_extension:volume_actions:detach":"rule:xena_system_admin_or_project_member". Reason: Default policies now support the three Keystone default roles, namely 'admin', 'member', and 'reader' to implement three Cinder "personas". See "Policy Personas and Permissions" in the "Cinder Service Configuration" documentation (Xena release) for details.. Either ensure your deployment is ready for the new default or copy/paste the deprecated policy into your policy file and maintain it manually.
May 26 08:14:19.090991 np0000176486 devstack@c-api.service[112542]: warnings.warn(deprecated_msg)
May 26 08:14:19.091179 np0000176486 devstack@c-api.service[112542]: /opt/stack/data/venv/lib/python3.12/site-packages/oslo_policy/policy.py:806: UserWarning: Policy "volume:get_all_transfers":"rule:admin_or_owner" was deprecated in X in favor of "volume:get_all_transfers":"rule:xena_system_admin_or_project_reader". Reason: Default policies now support the three Keystone default roles, namely 'admin', 'member', and 'reader' to implement three Cinder "personas". See "Policy Personas and Permissions" in the "Cinder Service Configuration" documentation (Xena release) for details.. Either ensure your deployment is ready for the new default or copy/paste the deprecated policy into your policy file and maintain it manually.
May 26 08:14:19.091179 np0000176486 devstack@c-api.service[112542]: warnings.warn(deprecated_msg)
May 26 08:14:19.091179 np0000176486 devstack@c-api.service[112542]: /opt/stack/data/venv/lib/python3.12/site-packages/oslo_policy/policy.py:806: UserWarning: Policy "volume:create_transfer":"rule:admin_or_owner" was deprecated in X in favor of "volume:create_transfer":"rule:xena_system_admin_or_project_member". Reason: Default policies now support the three Keystone default roles, namely 'admin', 'member', and 'reader' to implement three Cinder "personas". See "Policy Personas and Permissions" in the "Cinder Service Configuration" documentation (Xena release) for details.. Either ensure your deployment is ready for the new default or copy/paste the deprecated policy into your policy file and maintain it manually.
May 26 08:14:19.091179 np0000176486 devstack@c-api.service[112542]: warnings.warn(deprecated_msg)
May 26 08:14:19.091179 np0000176486 devstack@c-api.service[112542]: /opt/stack/data/venv/lib/python3.12/site-packages/oslo_policy/policy.py:806: UserWarning: Policy "volume:get_transfer":"rule:admin_or_owner" was deprecated in X in favor of "volume:get_transfer":"rule:xena_system_admin_or_project_reader". Reason: Default policies now support the three Keystone default roles, namely 'admin', 'member', and 'reader' to implement three Cinder "personas". See "Policy Personas and Permissions" in the "Cinder Service Configuration" documentation (Xena release) for details.. Either ensure your deployment is ready for the new default or copy/paste the deprecated policy into your policy file and maintain it manually.
May 26 08:14:19.091534 np0000176486 devstack@c-api.service[112542]: warnings.warn(deprecated_msg)
May 26 08:14:19.091534 np0000176486 devstack@c-api.service[112542]: /opt/stack/data/venv/lib/python3.12/site-packages/oslo_policy/policy.py:806: UserWarning: Policy "volume:accept_transfer":"" was deprecated in X in favor of "volume:accept_transfer":"rule:xena_system_admin_or_project_member". Reason: Default policies now support the three Keystone default roles, namely 'admin', 'member', and 'reader' to implement three Cinder "personas". See "Policy Personas and Permissions" in the "Cinder Service Configuration" documentation (Xena release) for details.. Either ensure your deployment is ready for the new default or copy/paste the deprecated policy into your policy file and maintain it manually.
May 26 08:14:19.091534 np0000176486 devstack@c-api.service[112542]: warnings.warn(deprecated_msg)
May 26 08:14:19.091534 np0000176486 devstack@c-api.service[112542]: /opt/stack/data/venv/lib/python3.12/site-packages/oslo_policy/policy.py:806: UserWarning: Policy "volume:delete_transfer":"rule:admin_or_owner" was deprecated in X in favor of "volume:delete_transfer":"rule:xena_system_admin_or_project_member". Reason: Default policies now support the three Keystone default roles, namely 'admin', 'member', and 'reader' to implement three Cinder "personas". See "Policy Personas and Permissions" in the "Cinder Service Configuration" documentation (Xena release) for details.. Either ensure your deployment is ready for the new default or copy/paste the deprecated policy into your policy file and maintain it manually.
May 26 08:14:19.091534 np0000176486 devstack@c-api.service[112542]: warnings.warn(deprecated_msg)
May 26 08:14:19.091534 np0000176486 devstack@c-api.service[112542]: /opt/stack/data/venv/lib/python3.12/site-packages/oslo_policy/policy.py:806: UserWarning: Policy "volume:get_volume_metadata":"rule:admin_or_owner" was deprecated in X in favor of "volume:get_volume_metadata":"rule:xena_system_admin_or_project_reader". Reason: Default policies now support the three Keystone default roles, namely 'admin', 'member', and 'reader' to implement three Cinder "personas". See "Policy Personas and Permissions" in the "Cinder Service Configuration" documentation (Xena release) for details.. Either ensure your deployment is ready for the new default or copy/paste the deprecated policy into your policy file and maintain it manually.
May 26 08:14:19.091922 np0000176486 devstack@c-api.service[112542]: warnings.warn(deprecated_msg)
May 26 08:14:19.091922 np0000176486 devstack@c-api.service[112542]: /opt/stack/data/venv/lib/python3.12/site-packages/oslo_policy/policy.py:806: UserWarning: Policy "volume:create_volume_metadata":"rule:admin_or_owner" was deprecated in X in favor of "volume:create_volume_metadata":"rule:xena_system_admin_or_project_member". Reason: Default policies now support the three Keystone default roles, namely 'admin', 'member', and 'reader' to implement three Cinder "personas". See "Policy Personas and Permissions" in the "Cinder Service Configuration" documentation (Xena release) for details.. Either ensure your deployment is ready for the new default or copy/paste the deprecated policy into your policy file and maintain it manually.
May 26 08:14:19.091922 np0000176486 devstack@c-api.service[112542]: warnings.warn(deprecated_msg)
May 26 08:14:19.091922 np0000176486 devstack@c-api.service[112542]: /opt/stack/data/venv/lib/python3.12/site-packages/oslo_policy/policy.py:806: UserWarning: Policy "volume:update_volume_metadata":"rule:admin_or_owner" was deprecated in X in favor of "volume:update_volume_metadata":"rule:xena_system_admin_or_project_member". Reason: Default policies now support the three Keystone default roles, namely 'admin', 'member', and 'reader' to implement three Cinder "personas". See "Policy Personas and Permissions" in the "Cinder Service Configuration" documentation (Xena release) for details.. Either ensure your deployment is ready for the new default or copy/paste the deprecated policy into your policy file and maintain it manually.
May 26 08:14:19.091922 np0000176486 devstack@c-api.service[112542]: warnings.warn(deprecated_msg)
May 26 08:14:19.092382 np0000176486 devstack@c-api.service[112542]: /opt/stack/data/venv/lib/python3.12/site-packages/oslo_policy/policy.py:806: UserWarning: Policy "volume:delete_volume_metadata":"rule:admin_or_owner" was deprecated in X in favor of "volume:delete_volume_metadata":"rule:xena_system_admin_or_project_member". Reason: Default policies now support the three Keystone default roles, namely 'admin', 'member', and 'reader' to implement three Cinder "personas". See "Policy Personas and Permissions" in the "Cinder Service Configuration" documentation (Xena release) for details.. Either ensure your deployment is ready for the new default or copy/paste the deprecated policy into your policy file and maintain it manually.
May 26 08:14:19.092382 np0000176486 devstack@c-api.service[112542]: warnings.warn(deprecated_msg)
May 26 08:14:19.092382 np0000176486 devstack@c-api.service[112542]: /opt/stack/data/venv/lib/python3.12/site-packages/oslo_policy/policy.py:806: UserWarning: Policy "volume_extension:volume_image_metadata":"rule:admin_or_owner" was deprecated in X in favor of "volume_extension:volume_image_metadata:show":"rule:xena_system_admin_or_project_reader". Reason: volume_extension:volume_image_metadata has been replaced by more granular policies that separately govern show, set, and remove operations.. Either ensure your deployment is ready for the new default or copy/paste the deprecated policy into your policy file and maintain it manually.
May 26 08:14:19.092382 np0000176486 devstack@c-api.service[112542]: warnings.warn(deprecated_msg)
May 26 08:14:19.092382 np0000176486 devstack@c-api.service[112542]: /opt/stack/data/venv/lib/python3.12/site-packages/oslo_policy/policy.py:806: UserWarning: Policy "volume_extension:volume_image_metadata":"rule:admin_or_owner" was deprecated in X in favor of "volume_extension:volume_image_metadata:set":"rule:xena_system_admin_or_project_member". Reason: volume_extension:volume_image_metadata has been replaced by more granular policies that separately govern show, set, and remove operations.. Either ensure your deployment is ready for the new default or copy/paste the deprecated policy into your policy file and maintain it manually.
May 26 08:14:19.092382 np0000176486 devstack@c-api.service[112542]: warnings.warn(deprecated_msg)
May 26 08:14:19.092808 np0000176486 devstack@c-api.service[112542]: /opt/stack/data/venv/lib/python3.12/site-packages/oslo_policy/policy.py:806: UserWarning: Policy "volume_extension:volume_image_metadata":"rule:admin_or_owner" was deprecated in X in favor of "volume_extension:volume_image_metadata:remove":"rule:xena_system_admin_or_project_member". Reason: volume_extension:volume_image_metadata has been replaced by more granular policies that separately govern show, set, and remove operations.. Either ensure your deployment is ready for the new default or copy/paste the deprecated policy into your policy file and maintain it manually.
May 26 08:14:19.092808 np0000176486 devstack@c-api.service[112542]: warnings.warn(deprecated_msg)
May 26 08:14:19.092808 np0000176486 devstack@c-api.service[112542]: /opt/stack/data/venv/lib/python3.12/site-packages/oslo_policy/policy.py:806: UserWarning: Policy "volume_extension:types_extra_specs:index":"" was deprecated in X in favor of "volume_extension:types_extra_specs:index":"rule:xena_system_admin_or_project_reader". Reason: Default policies now support the three Keystone default roles, namely 'admin', 'member', and 'reader' to implement three Cinder "personas". See "Policy Personas and Permissions" in the "Cinder Service Configuration" documentation (Xena release) for details.. Either ensure your deployment is ready for the new default or copy/paste the deprecated policy into your policy file and maintain it manually.
May 26 08:14:19.092808 np0000176486 devstack@c-api.service[112542]: warnings.warn(deprecated_msg)
May 26 08:14:19.092808 np0000176486 devstack@c-api.service[112542]: /opt/stack/data/venv/lib/python3.12/site-packages/oslo_policy/policy.py:806: UserWarning: Policy "volume_extension:types_extra_specs:show":"" was deprecated in X in favor of "volume_extension:types_extra_specs:show":"rule:xena_system_admin_or_project_reader". Reason: Default policies now support the three Keystone default roles, namely 'admin', 'member', and 'reader' to implement three Cinder "personas". See "Policy Personas and Permissions" in the "Cinder Service Configuration" documentation (Xena release) for details.. Either ensure your deployment is ready for the new default or copy/paste the deprecated policy into your policy file and maintain it manually.
May 26 08:14:19.092808 np0000176486 devstack@c-api.service[112542]: warnings.warn(deprecated_msg)
May 26 08:14:19.093172 np0000176486 devstack@c-api.service[112542]: /opt/stack/data/venv/lib/python3.12/site-packages/oslo_policy/policy.py:806: UserWarning: Policy "volume:create":"" was deprecated in X in favor of "volume:create":"rule:xena_system_admin_or_project_member". Reason: Default policies now support the three Keystone default roles, namely 'admin', 'member', and 'reader' to implement three Cinder "personas". See "Policy Personas and Permissions" in the "Cinder Service Configuration" documentation (Xena release) for details.. Either ensure your deployment is ready for the new default or copy/paste the deprecated policy into your policy file and maintain it manually.
May 26 08:14:19.093172 np0000176486 devstack@c-api.service[112542]: warnings.warn(deprecated_msg)
May 26 08:14:19.093172 np0000176486 devstack@c-api.service[112542]: /opt/stack/data/venv/lib/python3.12/site-packages/oslo_policy/policy.py:806: UserWarning: Policy "volume:create_from_image":"" was deprecated in X in favor of "volume:create_from_image":"rule:xena_system_admin_or_project_member". Reason: Default policies now support the three Keystone default roles, namely 'admin', 'member', and 'reader' to implement three Cinder "personas". See "Policy Personas and Permissions" in the "Cinder Service Configuration" documentation (Xena release) for details.. Either ensure your deployment is ready for the new default or copy/paste the deprecated policy into your policy file and maintain it manually.
May 26 08:14:19.093172 np0000176486 devstack@c-api.service[112542]: warnings.warn(deprecated_msg)
May 26 08:14:19.093172 np0000176486 devstack@c-api.service[112542]: /opt/stack/data/venv/lib/python3.12/site-packages/oslo_policy/policy.py:806: UserWarning: Policy "volume:get":"rule:admin_or_owner" was deprecated in X in favor of "volume:get":"rule:xena_system_admin_or_project_reader". Reason: Default policies now support the three Keystone default roles, namely 'admin', 'member', and 'reader' to implement three Cinder "personas". See "Policy Personas and Permissions" in the "Cinder Service Configuration" documentation (Xena release) for details.. Either ensure your deployment is ready for the new default or copy/paste the deprecated policy into your policy file and maintain it manually.
May 26 08:14:19.093172 np0000176486 devstack@c-api.service[112542]: warnings.warn(deprecated_msg)
May 26 08:14:19.093487 np0000176486 devstack@c-api.service[112542]: /opt/stack/data/venv/lib/python3.12/site-packages/oslo_policy/policy.py:806: UserWarning: Policy "volume:get_all":"rule:admin_or_owner" was deprecated in X in favor of "volume:get_all":"rule:xena_system_admin_or_project_reader". Reason: Default policies now support the three Keystone default roles, namely 'admin', 'member', and 'reader' to implement three Cinder "personas". See "Policy Personas and Permissions" in the "Cinder Service Configuration" documentation (Xena release) for details.. Either ensure your deployment is ready for the new default or copy/paste the deprecated policy into your policy file and maintain it manually.
May 26 08:14:19.093487 np0000176486 devstack@c-api.service[112542]: warnings.warn(deprecated_msg)
May 26 08:14:19.093487 np0000176486 devstack@c-api.service[112542]: /opt/stack/data/venv/lib/python3.12/site-packages/oslo_policy/policy.py:806: UserWarning: Policy "volume:update":"rule:admin_or_owner" was deprecated in X in favor of "volume:update":"rule:xena_system_admin_or_project_member". Reason: Default policies now support the three Keystone default roles, namely 'admin', 'member', and 'reader' to implement three Cinder "personas". See "Policy Personas and Permissions" in the "Cinder Service Configuration" documentation (Xena release) for details.. Either ensure your deployment is ready for the new default or copy/paste the deprecated policy into your policy file and maintain it manually.
May 26 08:14:19.093487 np0000176486 devstack@c-api.service[112542]: warnings.warn(deprecated_msg)
May 26 08:14:19.093487 np0000176486 devstack@c-api.service[112542]: /opt/stack/data/venv/lib/python3.12/site-packages/oslo_policy/policy.py:806: UserWarning: Policy "volume:delete":"rule:admin_or_owner" was deprecated in X in favor of "volume:delete":"rule:xena_system_admin_or_project_member". Reason: Default policies now support the three Keystone default roles, namely 'admin', 'member', and 'reader' to implement three Cinder "personas". See "Policy Personas and Permissions" in the "Cinder Service Configuration" documentation (Xena release) for details.. Either ensure your deployment is ready for the new default or copy/paste the deprecated policy into your policy file and maintain it manually.
May 26 08:14:19.093487 np0000176486 devstack@c-api.service[112542]: warnings.warn(deprecated_msg)
May 26 08:14:19.093772 np0000176486 devstack@c-api.service[112542]: /opt/stack/data/venv/lib/python3.12/site-packages/oslo_policy/policy.py:806: UserWarning: Policy "volume_extension:volume_tenant_attribute":"rule:admin_or_owner" was deprecated in X in favor of "volume_extension:volume_tenant_attribute":"rule:xena_system_admin_or_project_reader". Reason: Default policies now support the three Keystone default roles, namely 'admin', 'member', and 'reader' to implement three Cinder "personas". See "Policy Personas and Permissions" in the "Cinder Service Configuration" documentation (Xena release) for details.. Either ensure your deployment is ready for the new default or copy/paste the deprecated policy into your policy file and maintain it manually.
May 26 08:14:19.093772 np0000176486 devstack@c-api.service[112542]: warnings.warn(deprecated_msg)
May 26 08:14:19.093772 np0000176486 devstack@c-api.service[112542]: /opt/stack/data/venv/lib/python3.12/site-packages/oslo_policy/policy.py:806: UserWarning: Policy "volume_extension:volume_encryption_metadata":"rule:admin_or_owner" was deprecated in X in favor of "volume_extension:volume_encryption_metadata":"rule:xena_system_admin_or_project_reader". Reason: Default policies now support the three Keystone default roles, namely 'admin', 'member', and 'reader' to implement three Cinder "personas". See "Policy Personas and Permissions" in the "Cinder Service Configuration" documentation (Xena release) for details.. Either ensure your deployment is ready for the new default or copy/paste the deprecated policy into your policy file and maintain it manually.
May 26 08:14:19.093772 np0000176486 devstack@c-api.service[112542]: warnings.warn(deprecated_msg)
May 26 08:14:19.093910 np0000176486 devstack@c-api.service[112542]: /opt/stack/data/venv/lib/python3.12/site-packages/oslo_policy/policy.py:806: UserWarning: Policy "volume:multiattach":"rule:admin_or_owner" was deprecated in X in favor of "volume:multiattach":"rule:xena_system_admin_or_project_member". Reason: Default policies now support the three Keystone default roles, namely 'admin', 'member', and 'reader' to implement three Cinder "personas". See "Policy Personas and Permissions" in the "Cinder Service Configuration" documentation (Xena release) for details.. Either ensure your deployment is ready for the new default or copy/paste the deprecated policy into your policy file and maintain it manually.
May 26 08:14:19.093910 np0000176486 devstack@c-api.service[112542]: warnings.warn(deprecated_msg)
May 26 08:14:19.093910 np0000176486 devstack@c-api.service[112542]: /opt/stack/data/venv/lib/python3.12/site-packages/oslo_policy/policy.py:806: UserWarning: Policy "volume_extension:default_set_or_update":"rule:system_or_domain_or_project_admin" was deprecated in X in favor of "volume_extension:default_set_or_update":"rule:admin_api". Reason: Default policies now support the three Keystone default roles, namely 'admin', 'member', and 'reader' to implement three Cinder "personas". See "Policy Personas and Permissions" in the "Cinder Service Configuration" documentation (Xena release) for details.. Either ensure your deployment is ready for the new default or copy/paste the deprecated policy into your policy file and maintain it manually.
May 26 08:14:19.093910 np0000176486 devstack@c-api.service[112542]: warnings.warn(deprecated_msg)
May 26 08:14:19.093910 np0000176486 devstack@c-api.service[112542]: /opt/stack/data/venv/lib/python3.12/site-packages/oslo_policy/policy.py:806: UserWarning: Policy "volume_extension:default_get":"rule:system_or_domain_or_project_admin" was deprecated in X in favor of "volume_extension:default_get":"rule:admin_api". Reason: Default policies now support the three Keystone default roles, namely 'admin', 'member', and 'reader' to implement three Cinder "personas". See "Policy Personas and Permissions" in the "Cinder Service Configuration" documentation (Xena release) for details.. Either ensure your deployment is ready for the new default or copy/paste the deprecated policy into your policy file and maintain it manually.
May 26 08:14:19.094077 np0000176486 devstack@c-api.service[112542]: warnings.warn(deprecated_msg)
May 26 08:14:19.094077 np0000176486 devstack@c-api.service[112542]: /opt/stack/data/venv/lib/python3.12/site-packages/oslo_policy/policy.py:806: UserWarning: Policy "volume_extension:default_get_all":"role:admin and system_scope:all" was deprecated in X in favor of "volume_extension:default_get_all":"rule:admin_api". Reason: Default policies now support the three Keystone default roles, namely 'admin', 'member', and 'reader' to implement three Cinder "personas". See "Policy Personas and Permissions" in the "Cinder Service Configuration" documentation (Xena release) for details.. Either ensure your deployment is ready for the new default or copy/paste the deprecated policy into your policy file and maintain it manually.
May 26 08:14:19.094077 np0000176486 devstack@c-api.service[112542]: warnings.warn(deprecated_msg)
May 26 08:14:19.094077 np0000176486 devstack@c-api.service[112542]: /opt/stack/data/venv/lib/python3.12/site-packages/oslo_policy/policy.py:806: UserWarning: Policy "volume_extension:default_unset":"rule:system_or_domain_or_project_admin" was deprecated in X in favor of "volume_extension:default_unset":"rule:admin_api". Reason: Default policies now support the three Keystone default roles, namely 'admin', 'member', and 'reader' to implement three Cinder "personas". See "Policy Personas and Permissions" in the "Cinder Service Configuration" documentation (Xena release) for details.. Either ensure your deployment is ready for the new default or copy/paste the deprecated policy into your policy file and maintain it manually.
May 26 08:14:19.094077 np0000176486 devstack@c-api.service[112542]: warnings.warn(deprecated_msg)
May 26 08:14:19.094226 np0000176486 devstack@c-api.service[112541]: WARNING castellan.key_manager.migration [None req-46d07e7e-5ff2-43d6-85a1-d408430eed12 None None] Using MigrationKeyManager to provide support for legacy fixed_key encryption
May 26 08:14:19.094261 np0000176486 devstack@c-api.service[112544]: INFO cinder.rpc [None req-4499f0ec-af73-45a1-90d9-f669afa278d7 None None] Automatically selected cinder-volume objects version 1.39 as minimum service version.
May 26 08:14:19.094299 np0000176486 devstack@c-api.service[112542]: DEBUG cinder.api.middleware.request_id [None req-cbdcaf17-e9c8-4613-9916-40cd1cc906c2 None None] RequestId filter calling following filter/app {{(pid=112542) _context_setter /opt/stack/cinder/cinder/api/middleware/request_id.py:62}}
May 26 08:14:19.094331 np0000176486 devstack@c-api.service[112544]: INFO cinder.rpc [None req-4499f0ec-af73-45a1-90d9-f669afa278d7 None None] Automatically selected cinder-volume RPC version 3.20 as minimum service version.
May 26 08:14:19.094361 np0000176486 devstack@c-api.service[112541]: WARNING castellan.key_manager.migration [None req-46d07e7e-5ff2-43d6-85a1-d408430eed12 None None] Using MigrationKeyManager to provide support for legacy fixed_key encryption
May 26 08:14:19.094387 np0000176486 devstack@c-api.service[112544]: WARNING castellan.key_manager.migration [None req-4499f0ec-af73-45a1-90d9-f669afa278d7 None None] Using MigrationKeyManager to provide support for legacy fixed_key encryption
May 26 08:14:19.094414 np0000176486 devstack@c-api.service[112542]: [pid: 112542|app: 0|req: 1/1] 199.204.45.246 () {60 vars in 956 bytes} [Tue May 26 08:14:19 2026] GET /volume/v3/ => generated 114 bytes in 17 msecs (HTTP/1.1 401) 5 headers in 233 bytes (1 switches on core 0)
May 26 08:14:19.094445 np0000176486 devstack@c-api.service[112541]: WARNING castellan.key_manager.migration [None req-46d07e7e-5ff2-43d6-85a1-d408430eed12 None None] Using MigrationKeyManager to provide support for legacy fixed_key encryption
May 26 08:14:19.094468 np0000176486 devstack@c-api.service[112544]: WARNING castellan.key_manager.migration [None req-4499f0ec-af73-45a1-90d9-f669afa278d7 None None] Using MigrationKeyManager to provide support for legacy fixed_key encryption
May 26 08:14:19.094493 np0000176486 devstack@c-api.service[112541]: WARNING castellan.key_manager.migration [None req-46d07e7e-5ff2-43d6-85a1-d408430eed12 None None] Using MigrationKeyManager to provide support for legacy fixed_key encryption
May 26 08:14:19.094763 np0000176486 devstack@c-api.service[112541]: WARNING castellan.key_manager.migration [None req-46d07e7e-5ff2-43d6-85a1-d408430eed12 None None] Using MigrationKeyManager to provide support for legacy fixed_key encryption
May 26 08:14:19.096253 np0000176486 devstack@c-api.service[112541]: WARNING castellan.key_manager.migration [None req-46d07e7e-5ff2-43d6-85a1-d408430eed12 None None] Using MigrationKeyManager to provide support for legacy fixed_key encryption
May 26 08:14:19.097257 np0000176486 devstack@c-api.service[112544]: DEBUG oslo_db.sqlalchemy.engines [None req-4499f0ec-af73-45a1-90d9-f669afa278d7 None None] MySQL server mode set to STRICT_TRANS_TABLES,STRICT_ALL_TABLES,NO_ZERO_IN_DATE,NO_ZERO_DATE,ERROR_FOR_DIVISION_BY_ZERO,TRADITIONAL,NO_ENGINE_SUBSTITUTION {{(pid=112544) _check_effective_sql_mode /opt/stack/data/venv/lib/python3.12/site-packages/oslo_db/sqlalchemy/engines.py:325}}
May 26 08:14:19.097522 np0000176486 devstack@c-api.service[112541]: WARNING cinder.api.contrib.hosts [None req-46d07e7e-5ff2-43d6-85a1-d408430eed12 None None] Deprecated: The Host API is deprecated and will be be removed in a future version.
May 26 08:14:19.098383 np0000176486 devstack@c-api.service[112541]: WARNING castellan.key_manager.migration [None req-46d07e7e-5ff2-43d6-85a1-d408430eed12 None None] Using MigrationKeyManager to provide support for legacy fixed_key encryption
May 26 08:14:19.099957 np0000176486 devstack@c-api.service[112541]: WARNING castellan.key_manager.migration [None req-46d07e7e-5ff2-43d6-85a1-d408430eed12 None None] Using MigrationKeyManager to provide support for legacy fixed_key encryption
May 26 08:14:19.100128 np0000176486 devstack@c-api.service[112544]: INFO cinder.rpc [None req-4499f0ec-af73-45a1-90d9-f669afa278d7 None None] Automatically selected cinder-backup objects version 1.39 as minimum service version.
May 26 08:14:19.101464 np0000176486 devstack@c-api.service[112541]: WARNING castellan.key_manager.migration [None req-46d07e7e-5ff2-43d6-85a1-d408430eed12 None None] Using MigrationKeyManager to provide support for legacy fixed_key encryption
May 26 08:14:19.102851 np0000176486 devstack@c-api.service[112541]: WARNING castellan.key_manager.migration [None req-46d07e7e-5ff2-43d6-85a1-d408430eed12 None None] Using MigrationKeyManager to provide support for legacy fixed_key encryption
May 26 08:14:19.102985 np0000176486 devstack@c-api.service[112544]: INFO cinder.rpc [None req-4499f0ec-af73-45a1-90d9-f669afa278d7 None None] Automatically selected cinder-backup RPC version 2.4 as minimum service version.
May 26 08:14:19.103722 np0000176486 devstack@c-api.service[112541]: DEBUG cinder.api.v3.router [None req-46d07e7e-5ff2-43d6-85a1-d408430eed12 None None] Extended resource: extensions {{(pid=112541) _setup_ext_routes /opt/stack/cinder/cinder/api/v3/router.py:122}}
May 26 08:14:19.104464 np0000176486 devstack@c-api.service[112544]: WARNING castellan.key_manager.migration [None req-4499f0ec-af73-45a1-90d9-f669afa278d7 None None] Using MigrationKeyManager to provide support for legacy fixed_key encryption
May 26 08:14:19.106271 np0000176486 devstack@c-api.service[112541]: DEBUG cinder.api.v3.router [None req-46d07e7e-5ff2-43d6-85a1-d408430eed12 None None] Extended resource: qos-specs {{(pid=112541) _setup_ext_routes /opt/stack/cinder/cinder/api/v3/router.py:122}}
May 26 08:14:19.108918 np0000176486 devstack@c-api.service[112541]: DEBUG cinder.api.v3.router [None req-46d07e7e-5ff2-43d6-85a1-d408430eed12 None None] Extended resource: os-snapshot-manage {{(pid=112541) _setup_ext_routes /opt/stack/cinder/cinder/api/v3/router.py:122}}
May 26 08:14:19.111250 np0000176486 devstack@c-api.service[112541]: DEBUG cinder.api.v3.router [None req-46d07e7e-5ff2-43d6-85a1-d408430eed12 None None] Extended resource: scheduler-stats {{(pid=112541) _setup_ext_routes /opt/stack/cinder/cinder/api/v3/router.py:122}}
May 26 08:14:19.114203 np0000176486 devstack@c-api.service[112541]: DEBUG cinder.api.v3.router [None req-46d07e7e-5ff2-43d6-85a1-d408430eed12 None None] Extended resource: os-volume-transfer {{(pid=112541) _setup_ext_routes /opt/stack/cinder/cinder/api/v3/router.py:122}}
May 26 08:14:19.117004 np0000176486 devstack@c-api.service[112541]: DEBUG cinder.api.v3.router [None req-46d07e7e-5ff2-43d6-85a1-d408430eed12 None None] Extended resource: extra_specs {{(pid=112541) _setup_ext_routes /opt/stack/cinder/cinder/api/v3/router.py:122}}
May 26 08:14:19.120222 np0000176486 devstack@c-api.service[112541]: DEBUG cinder.api.v3.router [None req-46d07e7e-5ff2-43d6-85a1-d408430eed12 None None] Extended resource: os-volume-type-access {{(pid=112541) _setup_ext_routes /opt/stack/cinder/cinder/api/v3/router.py:122}}
May 26 08:14:19.123642 np0000176486 devstack@c-api.service[112541]: DEBUG cinder.api.v3.router [None req-46d07e7e-5ff2-43d6-85a1-d408430eed12 None None] Extended resource: cgsnapshots {{(pid=112541) _setup_ext_routes /opt/stack/cinder/cinder/api/v3/router.py:122}}
May 26 08:14:19.126569 np0000176486 devstack@c-api.service[112541]: DEBUG cinder.api.v3.router [None req-46d07e7e-5ff2-43d6-85a1-d408430eed12 None None] Extended resource: consistencygroups {{(pid=112541) _setup_ext_routes /opt/stack/cinder/cinder/api/v3/router.py:122}}
May 26 08:14:19.129399 np0000176486 devstack@c-api.service[112541]: DEBUG cinder.api.v3.router [None req-46d07e7e-5ff2-43d6-85a1-d408430eed12 None None] Extended resource: os-quota-sets {{(pid=112541) _setup_ext_routes /opt/stack/cinder/cinder/api/v3/router.py:122}}
May 26 08:14:19.133232 np0000176486 devstack@c-api.service[112541]: DEBUG cinder.api.v3.router [None req-46d07e7e-5ff2-43d6-85a1-d408430eed12 None None] Extended resource: capabilities {{(pid=112541) _setup_ext_routes /opt/stack/cinder/cinder/api/v3/router.py:122}}
May 26 08:14:19.134497 np0000176486 devstack@c-api.service[112544]: WARNING castellan.key_manager.migration [None req-4499f0ec-af73-45a1-90d9-f669afa278d7 None None] Using MigrationKeyManager to provide support for legacy fixed_key encryption
May 26 08:14:19.134843 np0000176486 devstack@c-api.service[112541]: DEBUG cinder.api.v3.router [None req-46d07e7e-5ff2-43d6-85a1-d408430eed12 None None] Extended resource: os-hosts {{(pid=112541) _setup_ext_routes /opt/stack/cinder/cinder/api/v3/router.py:122}}
May 26 08:14:19.137211 np0000176486 devstack@c-api.service[112543]: WARNING castellan.key_manager.migration [None req-20161e44-63a1-4936-8f9a-173f6e99d516 None None] Using MigrationKeyManager to provide support for legacy fixed_key encryption
May 26 08:14:19.138907 np0000176486 devstack@c-api.service[112541]: DEBUG cinder.api.v3.router [None req-46d07e7e-5ff2-43d6-85a1-d408430eed12 None None] Extended resource: encryption {{(pid=112541) _setup_ext_routes /opt/stack/cinder/cinder/api/v3/router.py:122}}
May 26 08:14:19.140428 np0000176486 devstack@c-api.service[112544]: WARNING castellan.key_manager.migration [None req-4499f0ec-af73-45a1-90d9-f669afa278d7 None None] Using MigrationKeyManager to provide support for legacy fixed_key encryption
May 26 08:14:19.140562 np0000176486 devstack@c-api.service[112541]: DEBUG cinder.api.v3.router [None req-46d07e7e-5ff2-43d6-85a1-d408430eed12 None None] Extended resource: backups {{(pid=112541) _setup_ext_routes /opt/stack/cinder/cinder/api/v3/router.py:122}}
May 26 08:14:19.142653 np0000176486 devstack@c-api.service[112543]: WARNING castellan.key_manager.migration [None req-20161e44-63a1-4936-8f9a-173f6e99d516 None None] Using MigrationKeyManager to provide support for legacy fixed_key encryption
May 26 08:14:19.143120 np0000176486 devstack@c-api.service[112541]: DEBUG cinder.api.v3.router [None req-46d07e7e-5ff2-43d6-85a1-d408430eed12 None None] Extended resource: os-quota-class-sets {{(pid=112541) _setup_ext_routes /opt/stack/cinder/cinder/api/v3/router.py:122}}
May 26 08:14:19.144446 np0000176486 devstack@c-api.service[112544]: WARNING castellan.key_manager.migration [None req-4499f0ec-af73-45a1-90d9-f669afa278d7 None None] Using MigrationKeyManager to provide support for legacy fixed_key encryption
May 26 08:14:19.145273 np0000176486 devstack@c-api.service[112541]: DEBUG cinder.api.v3.router [None req-46d07e7e-5ff2-43d6-85a1-d408430eed12 None None] Extended resource: os-volume-manage {{(pid=112541) _setup_ext_routes /opt/stack/cinder/cinder/api/v3/router.py:122}}
May 26 08:14:19.146448 np0000176486 devstack@c-api.service[112543]: WARNING castellan.key_manager.migration [None req-20161e44-63a1-4936-8f9a-173f6e99d516 None None] Using MigrationKeyManager to provide support for legacy fixed_key encryption
May 26 08:14:19.147436 np0000176486 devstack@c-api.service[112541]: DEBUG cinder.api.v3.router [None req-46d07e7e-5ff2-43d6-85a1-d408430eed12 None None] Extended resource: os-availability-zone {{(pid=112541) _setup_ext_routes /opt/stack/cinder/cinder/api/v3/router.py:122}}
May 26 08:14:19.149370 np0000176486 devstack@c-api.service[112541]: DEBUG cinder.api.v3.router [None req-46d07e7e-5ff2-43d6-85a1-d408430eed12 None None] Extended resource: encryption {{(pid=112541) _setup_ext_routes /opt/stack/cinder/cinder/api/v3/router.py:122}}
May 26 08:14:19.149879 np0000176486 devstack@c-api.service[112544]: WARNING castellan.key_manager.migration [None req-4499f0ec-af73-45a1-90d9-f669afa278d7 None None] Using MigrationKeyManager to provide support for legacy fixed_key encryption
May 26 08:14:19.150825 np0000176486 devstack@c-api.service[112543]: WARNING castellan.key_manager.migration [None req-20161e44-63a1-4936-8f9a-173f6e99d516 None None] Using MigrationKeyManager to provide support for legacy fixed_key encryption
May 26 08:14:19.152864 np0000176486 devstack@c-api.service[112541]: WARNING castellan.key_manager.migration [None req-46d07e7e-5ff2-43d6-85a1-d408430eed12 None None] Using MigrationKeyManager to provide support for legacy fixed_key encryption
May 26 08:14:19.153674 np0000176486 devstack@c-api.service[112544]: WARNING castellan.key_manager.migration [None req-4499f0ec-af73-45a1-90d9-f669afa278d7 None None] Using MigrationKeyManager to provide support for legacy fixed_key encryption
May 26 08:14:19.154314 np0000176486 devstack@c-api.service[112543]: WARNING castellan.key_manager.migration [None req-20161e44-63a1-4936-8f9a-173f6e99d516 None None] Using MigrationKeyManager to provide support for legacy fixed_key encryption
May 26 08:14:19.154387 np0000176486 devstack@c-api.service[112541]: WARNING castellan.key_manager.migration [None req-46d07e7e-5ff2-43d6-85a1-d408430eed12 None None] Using MigrationKeyManager to provide support for legacy fixed_key encryption
May 26 08:14:19.155821 np0000176486 devstack@c-api.service[112541]: WARNING castellan.key_manager.migration [None req-46d07e7e-5ff2-43d6-85a1-d408430eed12 None None] Using MigrationKeyManager to provide support for legacy fixed_key encryption
May 26 08:14:19.157121 np0000176486 devstack@c-api.service[112544]: WARNING castellan.key_manager.migration [None req-4499f0ec-af73-45a1-90d9-f669afa278d7 None None] Using MigrationKeyManager to provide support for legacy fixed_key encryption
May 26 08:14:19.157200 np0000176486 devstack@c-api.service[112541]: WARNING castellan.key_manager.migration [None req-46d07e7e-5ff2-43d6-85a1-d408430eed12 None None] Using MigrationKeyManager to provide support for legacy fixed_key encryption
May 26 08:14:19.158004 np0000176486 devstack@c-api.service[112543]: WARNING castellan.key_manager.migration [None req-20161e44-63a1-4936-8f9a-173f6e99d516 None None] Using MigrationKeyManager to provide support for legacy fixed_key encryption
May 26 08:14:19.158584 np0000176486 devstack@c-api.service[112541]: WARNING castellan.key_manager.migration [None req-46d07e7e-5ff2-43d6-85a1-d408430eed12 None None] Using MigrationKeyManager to provide support for legacy fixed_key encryption
May 26 08:14:19.160069 np0000176486 devstack@c-api.service[112541]: WARNING castellan.key_manager.migration [None req-46d07e7e-5ff2-43d6-85a1-d408430eed12 None None] Using MigrationKeyManager to provide support for legacy fixed_key encryption
May 26 08:14:19.160731 np0000176486 devstack@c-api.service[112544]: WARNING castellan.key_manager.migration [None req-4499f0ec-af73-45a1-90d9-f669afa278d7 None None] Using MigrationKeyManager to provide support for legacy fixed_key encryption
May 26 08:14:19.162066 np0000176486 devstack@c-api.service[112541]: WARNING castellan.key_manager.migration [None req-46d07e7e-5ff2-43d6-85a1-d408430eed12 None None] Using MigrationKeyManager to provide support for legacy fixed_key encryption
May 26 08:14:19.162547 np0000176486 devstack@c-api.service[112543]: WARNING castellan.key_manager.migration [None req-20161e44-63a1-4936-8f9a-173f6e99d516 None None] Using MigrationKeyManager to provide support for legacy fixed_key encryption
May 26 08:14:19.162930 np0000176486 devstack@c-api.service[112541]: DEBUG cinder.api.contrib.snapshot_actions [None req-46d07e7e-5ff2-43d6-85a1-d408430eed12 None None] SnapshotActionsController initialized {{(pid=112541) __init__ /opt/stack/cinder/cinder/api/contrib/snapshot_actions.py:33}}
May 26 08:14:19.163075 np0000176486 devstack@c-api.service[112541]: DEBUG cinder.api.v3.router [None req-46d07e7e-5ff2-43d6-85a1-d408430eed12 None None] Extension VolumeHostAttribute extending resource: volumes {{(pid=112541) _setup_extensions /opt/stack/cinder/cinder/api/v3/router.py:155}}
May 26 08:14:19.163202 np0000176486 devstack@c-api.service[112541]: DEBUG cinder.api.v3.router [None req-46d07e7e-5ff2-43d6-85a1-d408430eed12 None None] Extension TypesManage extending resource: types {{(pid=112541) _setup_extensions /opt/stack/cinder/cinder/api/v3/router.py:155}}
May 26 08:14:19.163407 np0000176486 devstack@c-api.service[112541]: DEBUG cinder.api.v3.router [None req-46d07e7e-5ff2-43d6-85a1-d408430eed12 None None] Extension VolumeActions extending resource: volumes {{(pid=112541) _setup_extensions /opt/stack/cinder/cinder/api/v3/router.py:155}}
May 26 08:14:19.163527 np0000176486 devstack@c-api.service[112541]: DEBUG cinder.api.v3.router [None req-46d07e7e-5ff2-43d6-85a1-d408430eed12 None None] Extension SnapshotUnmanage extending resource: snapshots {{(pid=112541) _setup_extensions /opt/stack/cinder/cinder/api/v3/router.py:155}}
May 26 08:14:19.163646 np0000176486 devstack@c-api.service[112541]: DEBUG cinder.api.v3.router [None req-46d07e7e-5ff2-43d6-85a1-d408430eed12 None None] Extension VolumeMigStatusAttribute extending resource: volumes {{(pid=112541) _setup_extensions /opt/stack/cinder/cinder/api/v3/router.py:155}}
May 26 08:14:19.163761 np0000176486 devstack@c-api.service[112541]: DEBUG cinder.api.v3.router [None req-46d07e7e-5ff2-43d6-85a1-d408430eed12 None None] Extension AdminActions extending resource: volumes {{(pid=112541) _setup_extensions /opt/stack/cinder/cinder/api/v3/router.py:155}}
May 26 08:14:19.163868 np0000176486 devstack@c-api.service[112541]: DEBUG cinder.api.v3.router [None req-46d07e7e-5ff2-43d6-85a1-d408430eed12 None None] Extension AdminActions extending resource: snapshots {{(pid=112541) _setup_extensions /opt/stack/cinder/cinder/api/v3/router.py:155}}
