2026-04-07 01:16:37.449 9 INFO neutron.plugins.ml2.plugin [None req-f035ffea-be52-4af7-ae40-e841b91ecca4 - - - - - -] Attempt 1 to provision port 0244af26-1f82-41bc-b5a4-3169b70b4544
2026-04-07 01:16:37.571 9 INFO neutron.notifiers.nova [-] Nova event matching ['req-7dff6c2f-9c60-4278-a3b2-52f9d04e5da3'] response: {'server_uuid': 'f7b596af-adb7-4d1f-8041-55c60dc1d3bd', 'name': 'network-vif-plugged', 'status': 'completed', 'tag': '0244af26-1f82-41bc-b5a4-3169b70b4544', 'code': 200}
2026-04-07 01:16:38.879 9 INFO neutron.plugins.ml2.plugin [None req-f035ffea-be52-4af7-ae40-e841b91ecca4 - - - - - -] Attempt 1 to provision port 0244af26-1f82-41bc-b5a4-3169b70b4544
2026-04-07 01:16:40.838 9 INFO neutron.plugins.ml2.plugin [None req-f035ffea-be52-4af7-ae40-e841b91ecca4 - - - - - -] Attempt 1 to provision port 95183bf2-ea28-465e-bc4a-e57e6b9069d7
2026-04-07 01:16:41.556 9 INFO neutron.plugins.ml2.plugin [None req-d1b722fb-4cf8-45a2-b87a-c56a19ec44a8 - - - - - -] Attempt 1 to provision port 95183bf2-ea28-465e-bc4a-e57e6b9069d7
2026-04-07 01:16:42.258 10 INFO neutron.plugins.ml2.plugin [None req-5510c8e1-9801-460c-993c-e686772a5c95 - - - - - -] Attempt 1 to provision port 95183bf2-ea28-465e-bc4a-e57e6b9069d7
2026-04-07 01:16:43.628 10 INFO neutron.plugins.ml2.plugin [None req-f035ffea-be52-4af7-ae40-e841b91ecca4 - - - - - -] Attempt 1 to provision port cb76444c-8cf7-49c6-bd7c-1a3535b1764c
2026-04-07 01:16:43.766 10 INFO neutron.notifiers.nova [-] Nova event matching ['req-b3abc8c0-2b7a-4f57-9bb2-c205239ecad3'] response: {'server_uuid': 'ccabcc6e-6c78-41d2-85e1-b93a3f384ac3', 'name': 'network-vif-plugged', 'status': 'completed', 'tag': 'cb76444c-8cf7-49c6-bd7c-1a3535b1764c', 'code': 200}
2026-04-07 01:16:44.047 10 INFO neutron.plugins.ml2.plugin [None req-f035ffea-be52-4af7-ae40-e841b91ecca4 - - - - - -] Attempt 1 to provision port 90ce4b68-e906-41cd-999a-6da4a97d4e06
2026-04-07 01:16:44.277 9 INFO neutron.plugins.ml2.plugin [None req-d62c2aa2-7cc2-4f2b-bbab-5897e7b24899 - - - - - -] Attempt 1 to provision port 2d3fd2bb-ac64-48e2-be15-516b6890fd35
2026-04-07 01:16:44.470 10 INFO neutron.plugins.ml2.plugin [None req-f035ffea-be52-4af7-ae40-e841b91ecca4 - - - - - -] Attempt 1 to provision port 525b5e4c-ef1f-41cb-89a0-60f6b5abb419
2026-04-07 01:16:45.523 9 INFO neutron.plugins.ml2.plugin [None req-f035ffea-be52-4af7-ae40-e841b91ecca4 - - - - - -] Attempt 1 to provision port cb76444c-8cf7-49c6-bd7c-1a3535b1764c
2026-04-07 01:16:45.729 9 INFO neutron.plugins.ml2.plugin [None req-f035ffea-be52-4af7-ae40-e841b91ecca4 - - - - - -] Attempt 1 to provision port 90ce4b68-e906-41cd-999a-6da4a97d4e06
2026-04-07 01:16:45.948 9 INFO neutron.plugins.ml2.plugin [None req-f035ffea-be52-4af7-ae40-e841b91ecca4 - - - - - -] Attempt 1 to provision port 525b5e4c-ef1f-41cb-89a0-60f6b5abb419
2026-04-07 01:16:49.367 9 INFO neutron.plugins.ml2.plugin [None req-f035ffea-be52-4af7-ae40-e841b91ecca4 - - - - - -] Attempt 1 to provision port 6eab4a8b-2757-451c-8027-62d0663418ae
2026-04-07 01:16:49.728 9 INFO neutron.plugins.ml2.plugin [None req-f035ffea-be52-4af7-ae40-e841b91ecca4 - - - - - -] Attempt 1 to provision port 5f5b0619-720e-4896-a36a-d6b241295347
2026-04-07 01:16:51.343 10 INFO neutron.plugins.ml2.plugin [None req-f035ffea-be52-4af7-ae40-e841b91ecca4 - - - - - -] Attempt 1 to provision port 6eab4a8b-2757-451c-8027-62d0663418ae
2026-04-07 01:16:51.591 10 INFO neutron.plugins.ml2.plugin [None req-f035ffea-be52-4af7-ae40-e841b91ecca4 - - - - - -] Attempt 1 to provision port 5f5b0619-720e-4896-a36a-d6b241295347
2026-04-07 01:16:57.497 9 ERROR oslo_messaging.rpc.server [None req-a51cf714-baab-44d0-aa13-bfb3854a6e81 - - - - - -] Exception during message handling: neutron_lib.exceptions.SubnetInUse: Unable to complete operation on subnet 64105aa5-0c8a-4bde-ac4d-ae1a736ef02e: This subnet is being modified by another concurrent operation.
2026-04-07 01:16:57.497 9 ERROR oslo_messaging.rpc.server
Traceback (most recent call last):
2026-04-07 01:16:57.497 9 ERROR oslo_messaging.rpc.server
File "/var/lib/openstack/lib/python3.12/site-packages/oslo_messaging/rpc/server.py", line 172, in _process_incoming
2026-04-07 01:16:57.497 9 ERROR oslo_messaging.rpc.server res = self.dispatcher.dispatch(message)
2026-04-07 01:16:57.497 9 ERROR oslo_messaging.rpc.server ^^^^^^^^^^^^^^^^^^^^^^^^^^^^^^^^^
2026-04-07 01:16:57.497 9 ERROR oslo_messaging.rpc.server
File "/var/lib/openstack/lib/python3.12/site-packages/oslo_messaging/rpc/dispatcher.py", line 309, in dispatch
2026-04-07 01:16:57.497 9 ERROR oslo_messaging.rpc.server return self._do_dispatch(endpoint, method, ctxt, args)
2026-04-07 01:16:57.497 9 ERROR oslo_messaging.rpc.server ^^^^^^^^^^^^^^^^^^^^^^^^^^^^^^^^^^^^^^^^^^^^^^^
2026-04-07 01:16:57.497 9 ERROR oslo_messaging.rpc.server
File "/var/lib/openstack/lib/python3.12/site-packages/oslo_messaging/rpc/dispatcher.py", line 229, in _do_dispatch
2026-04-07 01:16:57.497 9 ERROR oslo_messaging.rpc.server result = func(ctxt, **new_args)
2026-04-07 01:16:57.497 9 ERROR oslo_messaging.rpc.server ^^^^^^^^^^^^^^^^^^^^^^
2026-04-07 01:16:57.497 9 ERROR oslo_messaging.rpc.server
File "/var/lib/openstack/lib/python3.12/site-packages/oslo_messaging/rpc/server.py", line 262, in inner
2026-04-07 01:16:57.497 9 ERROR oslo_messaging.rpc.server return func(*args, **kwargs)
2026-04-07 01:16:57.497 9 ERROR oslo_messaging.rpc.server ^^^^^^^^^^^^^^^^^^^^^
2026-04-07 01:16:57.497 9 ERROR oslo_messaging.rpc.server
File "/var/lib/openstack/lib/python3.12/site-packages/neutron_lib/db/api.py", line 137, in wrapped
2026-04-07 01:16:57.497 9 ERROR oslo_messaging.rpc.server with excutils.save_and_reraise_exception():
2026-04-07 01:16:57.497 9 ERROR oslo_messaging.rpc.server
File "/var/lib/openstack/lib/python3.12/site-packages/oslo_utils/excutils.py", line 227, in __exit__
2026-04-07 01:16:57.497 9 ERROR oslo_messaging.rpc.server self.force_reraise()
2026-04-07 01:16:57.497 9 ERROR oslo_messaging.rpc.server
File "/var/lib/openstack/lib/python3.12/site-packages/oslo_utils/excutils.py", line 200, in force_reraise
2026-04-07 01:16:57.497 9 ERROR oslo_messaging.rpc.server raise self.value
2026-04-07 01:16:57.497 9 ERROR oslo_messaging.rpc.server
File "/var/lib/openstack/lib/python3.12/site-packages/neutron_lib/db/api.py", line 135, in wrapped
2026-04-07 01:16:57.497 9 ERROR oslo_messaging.rpc.server return f(*args, **kwargs)
2026-04-07 01:16:57.497 9 ERROR oslo_messaging.rpc.server ^^^^^^^^^^^^^^^^^^
2026-04-07 01:16:57.497 9 ERROR oslo_messaging.rpc.server
File "/var/lib/openstack/lib/python3.12/site-packages/oslo_db/api.py", line 144, in wrapper
2026-04-07 01:16:57.497 9 ERROR oslo_messaging.rpc.server with excutils.save_and_reraise_exception() as ectxt:
2026-04-07 01:16:57.497 9 ERROR oslo_messaging.rpc.server
File "/var/lib/openstack/lib/python3.12/site-packages/oslo_utils/excutils.py", line 227, in __exit__
2026-04-07 01:16:57.497 9 ERROR oslo_messaging.rpc.server self.force_reraise()
2026-04-07 01:16:57.497 9 ERROR oslo_messaging.rpc.server
File "/var/lib/openstack/lib/python3.12/site-packages/oslo_utils/excutils.py", line 200, in force_reraise
2026-04-07 01:16:57.497 9 ERROR oslo_messaging.rpc.server raise self.value
2026-04-07 01:16:57.497 9 ERROR oslo_messaging.rpc.server
File "/var/lib/openstack/lib/python3.12/site-packages/oslo_db/api.py", line 142, in wrapper
2026-04-07 01:16:57.497 9 ERROR oslo_messaging.rpc.server return f(*args, **kwargs)
2026-04-07 01:16:57.497 9 ERROR oslo_messaging.rpc.server ^^^^^^^^^^^^^^^^^^
2026-04-07 01:16:57.497 9 ERROR oslo_messaging.rpc.server
File "/var/lib/openstack/lib/python3.12/site-packages/neutron_lib/db/api.py", line 183, in wrapped
2026-04-07 01:16:57.497 9 ERROR oslo_messaging.rpc.server with excutils.save_and_reraise_exception():
2026-04-07 01:16:57.497 9 ERROR oslo_messaging.rpc.server
File "/var/lib/openstack/lib/python3.12/site-packages/oslo_utils/excutils.py", line 227, in __exit__
2026-04-07 01:16:57.497 9 ERROR oslo_messaging.rpc.server self.force_reraise()
2026-04-07 01:16:57.497 9 ERROR oslo_messaging.rpc.server
File "/var/lib/openstack/lib/python3.12/site-packages/oslo_utils/excutils.py", line 200, in force_reraise
2026-04-07 01:16:57.497 9 ERROR oslo_messaging.rpc.server raise self.value
2026-04-07 01:16:57.497 9 ERROR oslo_messaging.rpc.server
File "/var/lib/openstack/lib/python3.12/site-packages/neutron_lib/db/api.py", line 181, in wrapped
2026-04-07 01:16:57.497 9 ERROR oslo_messaging.rpc.server return f(*dup_args, **dup_kwargs)
2026-04-07 01:16:57.497 9 ERROR oslo_messaging.rpc.server ^^^^^^^^^^^^^^^^^^^^^^^^^^
2026-04-07 01:16:57.497 9 ERROR oslo_messaging.rpc.server
File "/var/lib/openstack/lib/python3.12/site-packages/neutron/quota/resource_registry.py", line 95, in wrapper
2026-04-07 01:16:57.497 9 ERROR oslo_messaging.rpc.server ret_val = f(_self, context, *args, **kwargs)
2026-04-07 01:16:57.497 9 ERROR oslo_messaging.rpc.server ^^^^^^^^^^^^^^^^^^^^^^^^^^^^^^^^^^
2026-04-07 01:16:57.497 9 ERROR oslo_messaging.rpc.server
File "/var/lib/openstack/lib/python3.12/site-packages/neutron/api/rpc/handlers/dhcp_rpc.py", line 292, in create_dhcp_port
2026-04-07 01:16:57.497 9 ERROR oslo_messaging.rpc.server return self._port_action(plugin, context, port, 'create_port')
2026-04-07 01:16:57.497 9 ERROR oslo_messaging.rpc.server ^^^^^^^^^^^^^^^^^^^^^^^^^^^^^^^^^^^^^^^^^^^^^^^^^^^^^^^
2026-04-07 01:16:57.497 9 ERROR oslo_messaging.rpc.server
File "/var/lib/openstack/lib/python3.12/site-packages/neutron/api/rpc/handlers/dhcp_rpc.py", line 118, in _port_action
2026-04-07 01:16:57.497 9 ERROR oslo_messaging.rpc.server return p_utils.create_port(plugin, context, port)
2026-04-07 01:16:57.497 9 ERROR oslo_messaging.rpc.server ^^^^^^^^^^^^^^^^^^^^^^^^^^^^^^^^^^^^^^^^^^
2026-04-07 01:16:57.497 9 ERROR oslo_messaging.rpc.server
File "/var/lib/openstack/lib/python3.12/site-packages/neutron_lib/plugins/utils.py", line 338, in create_port
2026-04-07 01:16:57.497 9 ERROR oslo_messaging.rpc.server return core_plugin.create_port(
2026-04-07 01:16:57.497 9 ERROR oslo_messaging.rpc.server ^^^^^^^^^^^^^^^^^^^^^^^^
2026-04-07 01:16:57.497 9 ERROR oslo_messaging.rpc.server
File "/var/lib/openstack/lib/python3.12/site-packages/neutron/common/utils.py", line 724, in inner
2026-04-07 01:16:57.497 9 ERROR oslo_messaging.rpc.server return f(*args, **kwargs)
2026-04-07 01:16:57.497 9 ERROR oslo_messaging.rpc.server ^^^^^^^^^^^^^^^^^^
2026-04-07 01:16:57.497 9 ERROR oslo_messaging.rpc.server
File "/var/lib/openstack/lib/python3.12/site-packages/neutron_lib/db/api.py", line 223, in wrapped
2026-04-07 01:16:57.497 9 ERROR oslo_messaging.rpc.server return f_with_retry(*args, **kwargs,
2026-04-07 01:16:57.497 9 ERROR oslo_messaging.rpc.server ^^^^^^^^^^^^^^^^^^^^^^^^^^^^^
2026-04-07 01:16:57.497 9 ERROR oslo_messaging.rpc.server
File "/var/lib/openstack/lib/python3.12/site-packages/neutron_lib/db/api.py", line 137, in wrapped
2026-04-07 01:16:57.497 9 ERROR oslo_messaging.rpc.server with excutils.save_and_reraise_exception():
2026-04-07 01:16:57.497 9 ERROR oslo_messaging.rpc.server
File "/var/lib/openstack/lib/python3.12/site-packages/oslo_utils/excutils.py", line 227, in __exit__
2026-04-07 01:16:57.497 9 ERROR oslo_messaging.rpc.server self.force_reraise()
2026-04-07 01:16:57.497 9 ERROR oslo_messaging.rpc.server
File "/var/lib/openstack/lib/python3.12/site-packages/oslo_utils/excutils.py", line 200, in force_reraise
2026-04-07 01:16:57.497 9 ERROR oslo_messaging.rpc.server raise self.value
2026-04-07 01:16:57.497 9 ERROR oslo_messaging.rpc.server
File "/var/lib/openstack/lib/python3.12/site-packages/neutron_lib/db/api.py", line 135, in wrapped
2026-04-07 01:16:57.497 9 ERROR oslo_messaging.rpc.server return f(*args, **kwargs)
2026-04-07 01:16:57.497 9 ERROR oslo_messaging.rpc.server ^^^^^^^^^^^^^^^^^^
2026-04-07 01:16:57.497 9 ERROR oslo_messaging.rpc.server
File "/var/lib/openstack/lib/python3.12/site-packages/oslo_db/api.py", line 144, in wrapper
2026-04-07 01:16:57.497 9 ERROR oslo_messaging.rpc.server with excutils.save_and_reraise_exception() as ectxt:
2026-04-07 01:16:57.497 9 ERROR oslo_messaging.rpc.server
File "/var/lib/openstack/lib/python3.12/site-packages/oslo_utils/excutils.py", line 227, in __exit__
2026-04-07 01:16:57.497 9 ERROR oslo_messaging.rpc.server self.force_reraise()
2026-04-07 01:16:57.497 9 ERROR oslo_messaging.rpc.server
File "/var/lib/openstack/lib/python3.12/site-packages/oslo_utils/excutils.py", line 200, in force_reraise
2026-04-07 01:16:57.497 9 ERROR oslo_messaging.rpc.server raise self.value
2026-04-07 01:16:57.497 9 ERROR oslo_messaging.rpc.server
File "/var/lib/openstack/lib/python3.12/site-packages/oslo_db/api.py", line 142, in wrapper
2026-04-07 01:16:57.497 9 ERROR oslo_messaging.rpc.server return f(*args, **kwargs)
2026-04-07 01:16:57.497 9 ERROR oslo_messaging.rpc.server ^^^^^^^^^^^^^^^^^^
2026-04-07 01:16:57.497 9 ERROR oslo_messaging.rpc.server
File "/var/lib/openstack/lib/python3.12/site-packages/neutron_lib/db/api.py", line 183, in wrapped
2026-04-07 01:16:57.497 9 ERROR oslo_messaging.rpc.server with excutils.save_and_reraise_exception():
2026-04-07 01:16:57.497 9 ERROR oslo_messaging.rpc.server
File "/var/lib/openstack/lib/python3.12/site-packages/oslo_utils/excutils.py", line 227, in __exit__
2026-04-07 01:16:57.497 9 ERROR oslo_messaging.rpc.server self.force_reraise()
2026-04-07 01:16:57.497 9 ERROR oslo_messaging.rpc.server
File "/var/lib/openstack/lib/python3.12/site-packages/oslo_utils/excutils.py", line 200, in force_reraise
2026-04-07 01:16:57.497 9 ERROR oslo_messaging.rpc.server raise self.value
2026-04-07 01:16:57.497 9 ERROR oslo_messaging.rpc.server
File "/var/lib/openstack/lib/python3.12/site-packages/neutron_lib/db/api.py", line 181, in wrapped
2026-04-07 01:16:57.497 9 ERROR oslo_messaging.rpc.server return f(*dup_args, **dup_kwargs)
2026-04-07 01:16:57.497 9 ERROR oslo_messaging.rpc.server ^^^^^^^^^^^^^^^^^^^^^^^^^^
2026-04-07 01:16:57.497 9 ERROR oslo_messaging.rpc.server
File "/var/lib/openstack/lib/python3.12/site-packages/neutron/plugins/ml2/plugin.py", line 1608, in create_port
2026-04-07 01:16:57.497 9 ERROR oslo_messaging.rpc.server result, mech_context = self._create_port_db(context, port)
2026-04-07 01:16:57.497 9 ERROR oslo_messaging.rpc.server ^^^^^^^^^^^^^^^^^^^^^^^^^^^^^^^^^^^
2026-04-07 01:16:57.497 9 ERROR oslo_messaging.rpc.server
File "/var/lib/openstack/lib/python3.12/site-packages/neutron/plugins/ml2/plugin.py", line 1573, in _create_port_db
2026-04-07 01:16:57.497 9 ERROR oslo_messaging.rpc.server port_db = self.create_port_db(context, port)
2026-04-07 01:16:57.497 9 ERROR oslo_messaging.rpc.server ^^^^^^^^^^^^^^^^^^^^^^^^^^^^^^^^^^
2026-04-07 01:16:57.497 9 ERROR oslo_messaging.rpc.server
File "/var/lib/openstack/lib/python3.12/site-packages/neutron/db/db_base_plugin_v2.py", line 1573, in create_port_db
2026-04-07 01:16:57.497 9 ERROR oslo_messaging.rpc.server self.ipam.allocate_ips_for_port_and_store(
2026-04-07 01:16:57.497 9 ERROR oslo_messaging.rpc.server
File "/var/lib/openstack/lib/python3.12/site-packages/neutron/db/ipam_pluggable_backend.py", line 219, in allocate_ips_for_port_and_store
2026-04-07 01:16:57.497 9 ERROR oslo_messaging.rpc.server ips = self.allocate_ips_for_port(context, port_copy)
2026-04-07 01:16:57.497 9 ERROR oslo_messaging.rpc.server ^^^^^^^^^^^^^^^^^^^^^^^^^^^^^^^^^^^^^^^^^^^^^^
2026-04-07 01:16:57.497 9 ERROR oslo_messaging.rpc.server
File "/var/lib/openstack/lib/python3.12/site-packages/neutron_lib/db/api.py", line 221, in wrapped
2026-04-07 01:16:57.497 9 ERROR oslo_messaging.rpc.server return f(*args, **kwargs)
2026-04-07 01:16:57.497 9 ERROR oslo_messaging.rpc.server ^^^^^^^^^^^^^^^^^^
2026-04-07 01:16:57.497 9 ERROR oslo_messaging.rpc.server
File "/var/lib/openstack/lib/python3.12/site-packages/oslo_db/sqlalchemy/enginefacade.py", line 998, in wrapper
2026-04-07 01:16:57.497 9 ERROR oslo_messaging.rpc.server return fn(*args, **kwargs)
2026-04-07 01:16:57.497 9 ERROR oslo_messaging.rpc.server ^^^^^^^^^^^^^^^^^^^
2026-04-07 01:16:57.497 9 ERROR oslo_messaging.rpc.server
File "/var/lib/openstack/lib/python3.12/site-packages/neutron/db/ipam_pluggable_backend.py", line 226, in allocate_ips_for_port
2026-04-07 01:16:57.497 9 ERROR oslo_messaging.rpc.server return self._allocate_ips_for_port(context, port)
2026-04-07 01:16:57.497 9 ERROR oslo_messaging.rpc.server ^^^^^^^^^^^^^^^^^^^^^^^^^^^^^^^^^^^^^^^^^^
2026-04-07 01:16:57.497 9 ERROR oslo_messaging.rpc.server
File "/var/lib/openstack/lib/python3.12/site-packages/neutron/db/ipam_pluggable_backend.py", line 258, in _allocate_ips_for_port
2026-04-07 01:16:57.497 9 ERROR oslo_messaging.rpc.server subnets = self._ipam_get_subnets(
2026-04-07 01:16:57.497 9 ERROR oslo_messaging.rpc.server ^^^^^^^^^^^^^^^^^^^^^^^
2026-04-07 01:16:57.497 9 ERROR oslo_messaging.rpc.server
File "/var/lib/openstack/lib/python3.12/site-packages/neutron/db/ipam_backend_mixin.py", line 686, in _ipam_get_subnets
2026-04-07 01:16:57.497 9 ERROR oslo_messaging.rpc.server subnet.read_lock_register(
2026-04-07 01:16:57.497 9 ERROR oslo_messaging.rpc.server
File "/var/lib/openstack/lib/python3.12/site-packages/neutron/db/models_v2.py", line 77, in read_lock_register
2026-04-07 01:16:57.497 9 ERROR oslo_messaging.rpc.server raise exception
2026-04-07 01:16:57.497 9 ERROR oslo_messaging.rpc.server neutron_lib.exceptions.SubnetInUse: Unable to complete operation on subnet 64105aa5-0c8a-4bde-ac4d-ae1a736ef02e: This subnet is being modified by another concurrent operation.
2026-04-07 01:16:57.497 9 ERROR oslo_messaging.rpc.server
2026-04-07 01:16:59.493 9 INFO neutron.plugins.ml2.plugin [None req-f035ffea-be52-4af7-ae40-e841b91ecca4 - - - - - -] Attempt 1 to provision port f0ac6713-7235-4e66-9a95-4782214fc441
2026-04-07 01:17:01.459 10 INFO neutron.plugins.ml2.plugin [None req-f035ffea-be52-4af7-ae40-e841b91ecca4 - - - - - -] Attempt 1 to provision port f0ac6713-7235-4e66-9a95-4782214fc441
2026-04-07 01:17:01.671 10 INFO neutron.plugins.ml2.plugin [None req-f035ffea-be52-4af7-ae40-e841b91ecca4 - - - - - -] Attempt 1 to provision port 28f8b7d0-f94d-40a6-8acc-e1dc18ecf2a7
2026-04-07 01:17:03.431 10 INFO neutron.plugins.ml2.plugin [None req-f035ffea-be52-4af7-ae40-e841b91ecca4 - - - - - -] Attempt 1 to provision port 7708ab23-c838-42c7-bca0-d5ae3507c847
2026-04-07 01:17:03.853 9 INFO neutron.plugins.ml2.plugin [None req-82f9950b-7f12-4c98-a136-42d4c8248fde - - - - - -] Attempt 1 to provision port f0ac6713-7235-4e66-9a95-4782214fc441
2026-04-07 01:17:03.940 10 INFO neutron.plugins.ml2.plugin [None req-f035ffea-be52-4af7-ae40-e841b91ecca4 - - - - - -] Attempt 1 to provision port 28f8b7d0-f94d-40a6-8acc-e1dc18ecf2a7
2026-04-07 01:17:03.968 9 INFO neutron.plugins.ml2.plugin [None req-82f9950b-7f12-4c98-a136-42d4c8248fde - - - - - -] Attempt 1 to provision port 7708ab23-c838-42c7-bca0-d5ae3507c847
2026-04-07 01:17:04.732 10 INFO neutron.plugins.ml2.plugin [None req-a9af5bc9-7ea0-410f-add9-409a72deb849 - - - - - -] Attempt 1 to provision port f6fc95e2-dcd5-4e84-81eb-871abe9dc4ae
2026-04-07 01:17:05.438 10 INFO neutron.plugins.ml2.plugin [None req-637e465a-af8f-43ad-a8f5-fb845eb72716 - - - - - -] Attempt 1 to provision port 8f7a4c0b-b70d-4ef5-901e-2cec1ab0b084
2026-04-07 01:17:05.442 9 INFO neutron.plugins.ml2.plugin [None req-f035ffea-be52-4af7-ae40-e841b91ecca4 - - - - - -] Attempt 1 to provision port f9649ee6-a907-411d-953d-c568eeba3b7f
2026-04-07 01:17:05.464 10 INFO neutron.plugins.ml2.plugin [None req-637e465a-af8f-43ad-a8f5-fb845eb72716 - - - - - -] Attempt 1 to provision port f0ac6713-7235-4e66-9a95-4782214fc441
2026-04-07 01:17:05.884 9 INFO neutron.plugins.ml2.plugin [None req-f035ffea-be52-4af7-ae40-e841b91ecca4 - - - - - -] Attempt 1 to provision port 7708ab23-c838-42c7-bca0-d5ae3507c847
2026-04-07 01:17:06.146 10 INFO neutron.plugins.ml2.plugin [None req-38a95b6a-47cf-4b24-bb3d-9dfe8d00101c - - - - - -] Attempt 1 to provision port 2cccd72f-076e-4f48-98ad-ed33351abd76
2026-04-07 01:17:06.169 10 INFO neutron.plugins.ml2.plugin [None req-38a95b6a-47cf-4b24-bb3d-9dfe8d00101c - - - - - -] Attempt 1 to provision port 8f7a4c0b-b70d-4ef5-901e-2cec1ab0b084
2026-04-07 01:17:06.192 10 INFO neutron.plugins.ml2.plugin [None req-38a95b6a-47cf-4b24-bb3d-9dfe8d00101c - - - - - -] Attempt 1 to provision port 374ac56c-4848-449a-a8d0-f3e630fe2a16
2026-04-07 01:17:06.215 10 INFO neutron.plugins.ml2.plugin [None req-38a95b6a-47cf-4b24-bb3d-9dfe8d00101c - - - - - -] Attempt 1 to provision port 7708ab23-c838-42c7-bca0-d5ae3507c847
2026-04-07 01:17:06.744 9 INFO neutron.notifiers.nova [-] Nova event matching ['req-03bf6d6b-ef55-415e-8064-f9944e4f646d'] response: {'server_uuid': 'f7b596af-adb7-4d1f-8041-55c60dc1d3bd', 'name': 'network-vif-unplugged', 'status': 'completed', 'tag': '0244af26-1f82-41bc-b5a4-3169b70b4544', 'code': 200}
2026-04-07 01:17:06.857 10 INFO neutron.plugins.ml2.plugin [None req-29e27cd3-ff16-435d-822d-0c740b717f84 - - - - - -] Attempt 1 to provision port 8f7a4c0b-b70d-4ef5-901e-2cec1ab0b084
2026-04-07 01:17:07.459 10 INFO neutron.plugins.ml2.plugin [None req-f035ffea-be52-4af7-ae40-e841b91ecca4 - - - - - -] Attempt 1 to provision port f9649ee6-a907-411d-953d-c568eeba3b7f
2026-04-07 01:17:07.555 9 INFO neutron.plugins.ml2.plugin [None req-fe72b25a-3350-43c3-a659-7f82c0731434 - - - - - -] Attempt 1 to provision port 374ac56c-4848-449a-a8d0-f3e630fe2a16
2026-04-07 01:17:07.584 9 INFO neutron.plugins.ml2.plugin [None req-fe72b25a-3350-43c3-a659-7f82c0731434 - - - - - -] Attempt 1 to provision port 7708ab23-c838-42c7-bca0-d5ae3507c847
2026-04-07 01:17:07.784 10 INFO neutron.plugins.ml2.plugin [None req-f035ffea-be52-4af7-ae40-e841b91ecca4 - - - - - -] Attempt 1 to provision port 0244af26-1f82-41bc-b5a4-3169b70b4544
2026-04-07 01:17:07.920 10 INFO neutron.notifiers.nova [-] Nova event matching ['req-f9a4484e-0c69-4d91-a664-6080959bd4b8'] response: {'server_uuid': 'f7b596af-adb7-4d1f-8041-55c60dc1d3bd', 'name': 'network-vif-plugged', 'status': 'completed', 'tag': '0244af26-1f82-41bc-b5a4-3169b70b4544', 'code': 200}
2026-04-07 01:17:08.260 9 INFO neutron.plugins.ml2.plugin [None req-030493a4-d6a5-4e77-bbf2-f9b2f12943ef - - - - - -] Attempt 1 to provision port 374ac56c-4848-449a-a8d0-f3e630fe2a16
2026-04-07 01:17:08.960 10 INFO neutron.plugins.ml2.plugin [None req-c2cf87d4-7503-4cb7-bea5-2638f820068d - - - - - -] Attempt 1 to provision port 374ac56c-4848-449a-a8d0-f3e630fe2a16
2026-04-07 01:17:09.411 10 INFO neutron.plugins.ml2.plugin [None req-f035ffea-be52-4af7-ae40-e841b91ecca4 - - - - - -] Attempt 1 to provision port 0244af26-1f82-41bc-b5a4-3169b70b4544
2026-04-07 01:17:17.014 9 INFO neutron.plugins.ml2.plugin [None req-f035ffea-be52-4af7-ae40-e841b91ecca4 - - - - - -] Attempt 1 to provision port 38b8f8d9-0087-4abf-a351-c11c2e1d70cf
2026-04-07 01:17:17.138 9 INFO neutron.notifiers.nova [-] Nova event matching ['req-b0933e83-8eef-4d78-99d1-25f8762100b1'] response: {'server_uuid': 'c09fce14-02fa-427d-b5b7-555d313049e4', 'name': 'network-vif-plugged', 'status': 'completed', 'tag': '38b8f8d9-0087-4abf-a351-c11c2e1d70cf', 'code': 200}
2026-04-07 01:17:17.453 9 INFO neutron.plugins.ml2.plugin [None req-f035ffea-be52-4af7-ae40-e841b91ecca4 - - - - - -] Attempt 1 to provision port b062bc6a-1705-416a-a66c-72abac2bf5e1
2026-04-07 01:17:18.146 10 INFO neutron.plugins.ml2.plugin [None req-f035ffea-be52-4af7-ae40-e841b91ecca4 - - - - - -] Attempt 1 to provision port 38b8f8d9-0087-4abf-a351-c11c2e1d70cf
2026-04-07 01:17:18.405 10 INFO neutron.plugins.ml2.plugin [None req-f035ffea-be52-4af7-ae40-e841b91ecca4 - - - - - -] Attempt 1 to provision port b062bc6a-1705-416a-a66c-72abac2bf5e1
2026-04-07 01:17:19.185 9 INFO neutron.notifiers.nova [-] Nova event matching ['req-4bbf8c42-ed47-4686-bbe3-ea27c289b360'] response: {'server_uuid': 'b9dca60e-73e3-4c91-84c2-2614c6153b38', 'name': 'network-vif-plugged', 'status': 'completed', 'tag': 'b062bc6a-1705-416a-a66c-72abac2bf5e1', 'code': 200}
2026-04-07 01:17:22.197 9 INFO neutron.plugins.ml2.plugin [None req-f035ffea-be52-4af7-ae40-e841b91ecca4 - - - - - -] Attempt 1 to provision port f6fc95e2-dcd5-4e84-81eb-871abe9dc4ae
2026-04-07 01:17:22.492 9 INFO neutron.plugins.ml2.plugin [None req-f035ffea-be52-4af7-ae40-e841b91ecca4 - - - - - -] Attempt 1 to provision port 8f7a4c0b-b70d-4ef5-901e-2cec1ab0b084
2026-04-07 01:17:24.126 10 INFO neutron.plugins.ml2.plugin [None req-f035ffea-be52-4af7-ae40-e841b91ecca4 - - - - - -] Attempt 1 to provision port 374ac56c-4848-449a-a8d0-f3e630fe2a16
2026-04-07 01:17:24.424 10 INFO neutron.plugins.ml2.plugin [None req-f035ffea-be52-4af7-ae40-e841b91ecca4 - - - - - -] Attempt 1 to provision port f6fc95e2-dcd5-4e84-81eb-871abe9dc4ae
2026-04-07 01:17:24.586 10 INFO neutron.plugins.ml2.plugin [None req-f035ffea-be52-4af7-ae40-e841b91ecca4 - - - - - -] Attempt 1 to provision port 2cccd72f-076e-4f48-98ad-ed33351abd76
2026-04-07 01:17:24.848 10 INFO neutron.plugins.ml2.plugin [None req-f035ffea-be52-4af7-ae40-e841b91ecca4 - - - - - -] Attempt 1 to provision port 8f7a4c0b-b70d-4ef5-901e-2cec1ab0b084
2026-04-07 01:17:26.077 10 INFO neutron.plugins.ml2.plugin [None req-f035ffea-be52-4af7-ae40-e841b91ecca4 - - - - - -] Attempt 1 to provision port 374ac56c-4848-449a-a8d0-f3e630fe2a16
2026-04-07 01:17:26.312 10 INFO neutron.plugins.ml2.plugin [None req-f035ffea-be52-4af7-ae40-e841b91ecca4 - - - - - -] Attempt 1 to provision port 2cccd72f-076e-4f48-98ad-ed33351abd76
2026-04-07 01:17:48.110 10 INFO neutron.plugins.ml2.plugin [None req-f035ffea-be52-4af7-ae40-e841b91ecca4 - - - - - -] Attempt 1 to provision port cdbcd93d-341c-4257-9f55-3f058b454c7e
2026-04-07 01:17:48.516 10 INFO neutron.plugins.ml2.plugin [None req-f035ffea-be52-4af7-ae40-e841b91ecca4 - - - - - -] Attempt 1 to provision port 88443034-50f0-4c2f-bab2-30df81463110
2026-04-07 01:17:48.625 9 INFO neutron.plugins.ml2.plugin [None req-0bd0523d-f000-4b43-9e44-a5a91d8a7817 - - - - - -] Attempt 1 to provision port cdbcd93d-341c-4257-9f55-3f058b454c7e
2026-04-07 01:17:49.528 9 INFO neutron.plugins.ml2.plugin [None req-68306aba-1757-43cc-b37b-cdaf0e7f243a - - - - - -] Attempt 1 to provision port 88443034-50f0-4c2f-bab2-30df81463110
2026-04-07 01:17:49.576 9 INFO neutron.plugins.ml2.plugin [None req-68306aba-1757-43cc-b37b-cdaf0e7f243a - - - - - -] Attempt 1 to provision port fb0863b3-4397-4ada-b779-c18dc6513a4f
2026-04-07 01:17:50.226 10 INFO neutron.plugins.ml2.plugin [None req-f035ffea-be52-4af7-ae40-e841b91ecca4 - - - - - -] Attempt 1 to provision port d925081f-cda8-402a-ae3e-c521adb91cf2
2026-04-07 01:17:50.241 9 INFO neutron.plugins.ml2.plugin [None req-6c7f55fa-2eab-4293-b6a8-859adb21c019 - - - - - -] Attempt 1 to provision port d925081f-cda8-402a-ae3e-c521adb91cf2
2026-04-07 01:17:50.659 10 INFO neutron.plugins.ml2.plugin [None req-f035ffea-be52-4af7-ae40-e841b91ecca4 - - - - - -] Attempt 1 to provision port 88443034-50f0-4c2f-bab2-30df81463110
2026-04-07 01:17:50.985 10 INFO neutron.plugins.ml2.plugin [None req-f035ffea-be52-4af7-ae40-e841b91ecca4 - - - - - -] Attempt 1 to provision port cdbcd93d-341c-4257-9f55-3f058b454c7e
2026-04-07 01:17:51.445 10 INFO neutron.plugins.ml2.plugin [None req-38dfb53b-d0fd-41a3-a394-b866387caafe - - - - - -] Attempt 1 to provision port cdbcd93d-341c-4257-9f55-3f058b454c7e
2026-04-07 01:17:52.147 10 INFO neutron.plugins.ml2.plugin [None req-8ecbf66a-d563-445a-adc7-e4330f8164e4 - - - - - -] Attempt 1 to provision port 88443034-50f0-4c2f-bab2-30df81463110
2026-04-07 01:17:52.153 9 INFO neutron.plugins.ml2.plugin [None req-f035ffea-be52-4af7-ae40-e841b91ecca4 - - - - - -] Attempt 1 to provision port d925081f-cda8-402a-ae3e-c521adb91cf2
2026-04-07 01:17:52.404 9 INFO neutron.plugins.ml2.plugin [None req-f035ffea-be52-4af7-ae40-e841b91ecca4 - - - - - -] Attempt 1 to provision port 88443034-50f0-4c2f-bab2-30df81463110
2026-04-07 01:17:52.663 9 INFO neutron.plugins.ml2.plugin [None req-f035ffea-be52-4af7-ae40-e841b91ecca4 - - - - - -] Attempt 1 to provision port e1091a58-967f-4780-82bf-d5610ae4e370
2026-04-07 01:17:52.863 9 INFO neutron.plugins.ml2.plugin [None req-54147dc0-5af6-4881-8cce-5fcee65610db - - - - - -] Attempt 1 to provision port d925081f-cda8-402a-ae3e-c521adb91cf2
2026-04-07 01:17:53.559 9 INFO neutron.plugins.ml2.plugin [None req-53b4165b-68fd-4f47-8480-d7c491e95065 - - - - - -] Attempt 1 to provision port 08a88e09-5fc1-40f2-9a63-57ae153138cf
2026-04-07 01:17:53.584 9 INFO neutron.plugins.ml2.plugin [None req-53b4165b-68fd-4f47-8480-d7c491e95065 - - - - - -] Attempt 1 to provision port cdbcd93d-341c-4257-9f55-3f058b454c7e
2026-04-07 01:17:54.115 10 INFO neutron.plugins.ml2.plugin [None req-f035ffea-be52-4af7-ae40-e841b91ecca4 - - - - - -] Attempt 1 to provision port e1091a58-967f-4780-82bf-d5610ae4e370
2026-04-07 01:17:54.269 9 INFO neutron.plugins.ml2.plugin [None req-77108801-a279-4c1d-a9db-0e794ba78ae6 - - - - - -] Attempt 1 to provision port 08a88e09-5fc1-40f2-9a63-57ae153138cf
2026-04-07 01:17:54.293 9 INFO neutron.plugins.ml2.plugin [None req-77108801-a279-4c1d-a9db-0e794ba78ae6 - - - - - -] Attempt 1 to provision port b2d18e11-182b-4d73-8da7-3eaa6e4e6d5d
2026-04-07 01:17:54.325 9 INFO neutron.plugins.ml2.plugin [None req-77108801-a279-4c1d-a9db-0e794ba78ae6 - - - - - -] Attempt 1 to provision port 88443034-50f0-4c2f-bab2-30df81463110
2026-04-07 01:17:54.969 10 INFO neutron.plugins.ml2.plugin [None req-69ba4a6c-2ebd-473e-9621-169b948c7cd9 - - - - - -] Attempt 1 to provision port d925081f-cda8-402a-ae3e-c521adb91cf2
2026-04-07 01:17:55.016 10 INFO neutron.plugins.ml2.plugin [None req-69ba4a6c-2ebd-473e-9621-169b948c7cd9 - - - - - -] Attempt 1 to provision port b2d18e11-182b-4d73-8da7-3eaa6e4e6d5d
2026-04-07 01:17:55.674 10 INFO neutron.plugins.ml2.plugin [None req-8f28e242-419c-4135-b2af-a0ad2a14d2b0 - - - - - -] Attempt 1 to provision port 08a88e09-5fc1-40f2-9a63-57ae153138cf
2026-04-07 01:17:55.716 10 INFO neutron.plugins.ml2.plugin [None req-8f28e242-419c-4135-b2af-a0ad2a14d2b0 - - - - - -] Attempt 1 to provision port d09ddee0-d1e1-4737-9359-5f792ecc6e24
2026-04-07 01:17:56.384 9 INFO neutron.plugins.ml2.plugin [None req-dbaefb94-a644-4813-a96e-c66bd2a4454a - - - - - -] Attempt 1 to provision port b2d18e11-182b-4d73-8da7-3eaa6e4e6d5d
2026-04-07 01:17:57.088 10 INFO neutron.plugins.ml2.plugin [None req-3f2b1fd5-3d07-4151-8605-d5f220baed2f - - - - - -] Attempt 1 to provision port d09ddee0-d1e1-4737-9359-5f792ecc6e24
2026-04-07 01:18:00.196 9 INFO neutron.plugins.ml2.plugin [None req-f035ffea-be52-4af7-ae40-e841b91ecca4 - - - - - -] Attempt 1 to provision port f6d9f7fc-238e-4d62-a60c-02818b2fa2cc
2026-04-07 01:18:00.646 9 INFO neutron.plugins.ml2.plugin [None req-f035ffea-be52-4af7-ae40-e841b91ecca4 - - - - - -] Attempt 1 to provision port 70ab6413-33f1-4971-95e5-ebd6626f5f9f
2026-04-07 01:18:00.710 10 INFO neutron.plugins.ml2.plugin [None req-3792d337-f71f-4ae7-a189-78bbddb6d987 - - - - - -] Attempt 1 to provision port f6d9f7fc-238e-4d62-a60c-02818b2fa2cc
2026-04-07 01:18:01.410 10 INFO neutron.plugins.ml2.plugin [None req-d6f7b412-987b-47fc-95a1-8d2804674f97 - - - - - -] Attempt 1 to provision port 70ab6413-33f1-4971-95e5-ebd6626f5f9f
2026-04-07 01:18:02.112 9 INFO neutron.plugins.ml2.plugin [None req-390e39a4-13f7-481a-940e-94f275751e3b - - - - - -] Attempt 1 to provision port e3a3ca85-5bc4-4ecb-b7c1-0537559d24fa
2026-04-07 01:18:02.254 10 INFO neutron.plugins.ml2.plugin [None req-f035ffea-be52-4af7-ae40-e841b91ecca4 - - - - - -] Attempt 1 to provision port a25784da-b579-47f3-af7f-84f5b8f256df
2026-04-07 01:18:02.317 9 INFO neutron.plugins.ml2.plugin [None req-390e39a4-13f7-481a-940e-94f275751e3b - - - - - -] Attempt 1 to provision port f6d9f7fc-238e-4d62-a60c-02818b2fa2cc
2026-04-07 01:18:02.373 9 INFO neutron.plugins.ml2.plugin [None req-390e39a4-13f7-481a-940e-94f275751e3b - - - - - -] Attempt 1 to provision port cb99211f-9ccd-446f-9eb5-4dcd005d4fb9
2026-04-07 01:18:02.661 10 INFO neutron.plugins.ml2.plugin [None req-f035ffea-be52-4af7-ae40-e841b91ecca4 - - - - - -] Attempt 1 to provision port f6d9f7fc-238e-4d62-a60c-02818b2fa2cc
2026-04-07 01:18:02.752 10 INFO neutron.plugins.ml2.plugin [None req-f035ffea-be52-4af7-ae40-e841b91ecca4 - - - - - -] Attempt 1 to provision port cb99211f-9ccd-446f-9eb5-4dcd005d4fb9
2026-04-07 01:18:02.978 10 INFO neutron.plugins.ml2.plugin [None req-f035ffea-be52-4af7-ae40-e841b91ecca4 - - - - - -] Attempt 1 to provision port e3a3ca85-5bc4-4ecb-b7c1-0537559d24fa
2026-04-07 01:18:03.320 10 INFO neutron.plugins.ml2.plugin [None req-fc3a4764-12ff-4c9b-9890-0c4e2223ca45 - - - - - -] Attempt 1 to provision port e3a3ca85-5bc4-4ecb-b7c1-0537559d24fa
2026-04-07 01:18:03.376 10 INFO neutron.plugins.ml2.plugin [None req-fc3a4764-12ff-4c9b-9890-0c4e2223ca45 - - - - - -] Attempt 1 to provision port 74e595b9-5c2d-4802-890d-800ada039b49
2026-04-07 01:18:03.400 10 INFO neutron.plugins.ml2.plugin [None req-fc3a4764-12ff-4c9b-9890-0c4e2223ca45 - - - - - -] Attempt 1 to provision port a25784da-b579-47f3-af7f-84f5b8f256df
2026-04-07 01:18:04.054 10 INFO neutron.plugins.ml2.plugin [None req-6be9ba12-9ce9-4f67-a673-9be0d0afe1aa - - - - - -] Attempt 1 to provision port cb99211f-9ccd-446f-9eb5-4dcd005d4fb9
2026-04-07 01:18:04.242 10 INFO neutron.plugins.ml2.plugin [None req-f035ffea-be52-4af7-ae40-e841b91ecca4 - - - - - -] Attempt 1 to provision port a25784da-b579-47f3-af7f-84f5b8f256df
2026-04-07 01:18:04.728 9 INFO neutron.plugins.ml2.plugin [None req-ee5c58f4-6ddc-42dc-984d-0032603e0390 - - - - - -] Attempt 1 to provision port a25784da-b579-47f3-af7f-84f5b8f256df
2026-04-07 01:18:10.771 9 INFO neutron.plugins.ml2.plugin [None req-f035ffea-be52-4af7-ae40-e841b91ecca4 - - - - - -] Attempt 1 to provision port 08a88e09-5fc1-40f2-9a63-57ae153138cf
2026-04-07 01:18:11.071 9 INFO neutron.plugins.ml2.plugin [None req-f035ffea-be52-4af7-ae40-e841b91ecca4 - - - - - -] Attempt 1 to provision port a2dbd00b-6d95-4edf-a63b-774a666e5fff
2026-04-07 01:18:11.174 9 INFO neutron.notifiers.nova [-] Nova event matching ['req-925b8856-7236-4f20-bdb6-fabb733be139'] response: {'server_uuid': '0d5a341a-0922-4448-8f91-846004eb493f', 'name': 'network-vif-plugged', 'status': 'completed', 'tag': 'a2dbd00b-6d95-4edf-a63b-774a666e5fff', 'code': 200}
2026-04-07 01:18:12.245 10 INFO neutron.plugins.ml2.plugin [None req-f035ffea-be52-4af7-ae40-e841b91ecca4 - - - - - -] Attempt 1 to provision port b2d18e11-182b-4d73-8da7-3eaa6e4e6d5d
2026-04-07 01:18:12.480 10 INFO neutron.plugins.ml2.plugin [None req-f035ffea-be52-4af7-ae40-e841b91ecca4 - - - - - -] Attempt 1 to provision port d09ddee0-d1e1-4737-9359-5f792ecc6e24
2026-04-07 01:18:12.716 10 INFO neutron.plugins.ml2.plugin [None req-f035ffea-be52-4af7-ae40-e841b91ecca4 - - - - - -] Attempt 1 to provision port fb0863b3-4397-4ada-b779-c18dc6513a4f
2026-04-07 01:18:12.962 10 INFO neutron.plugins.ml2.plugin [None req-f035ffea-be52-4af7-ae40-e841b91ecca4 - - - - - -] Attempt 1 to provision port a2dbd00b-6d95-4edf-a63b-774a666e5fff
2026-04-07 01:18:13.234 10 INFO neutron.plugins.ml2.plugin [None req-f035ffea-be52-4af7-ae40-e841b91ecca4 - - - - - -] Attempt 1 to provision port 08a88e09-5fc1-40f2-9a63-57ae153138cf
2026-04-07 01:18:14.171 10 INFO neutron.plugins.ml2.plugin [None req-f035ffea-be52-4af7-ae40-e841b91ecca4 - - - - - -] Attempt 1 to provision port d09ddee0-d1e1-4737-9359-5f792ecc6e24
2026-04-07 01:18:14.413 10 INFO neutron.plugins.ml2.plugin [None req-f035ffea-be52-4af7-ae40-e841b91ecca4 - - - - - -] Attempt 1 to provision port fb0863b3-4397-4ada-b779-c18dc6513a4f
2026-04-07 01:18:14.617 10 INFO neutron.plugins.ml2.plugin [None req-f035ffea-be52-4af7-ae40-e841b91ecca4 - - - - - -] Attempt 1 to provision port b2d18e11-182b-4d73-8da7-3eaa6e4e6d5d
2026-04-07 01:18:20.155 9 INFO neutron.plugins.ml2.plugin [None req-f035ffea-be52-4af7-ae40-e841b91ecca4 - - - - - -] Attempt 1 to provision port c12ab1fe-e2ee-40bd-8599-9605e386decb
2026-04-07 01:18:20.198 10 INFO neutron.plugins.ml2.plugin [None req-f35d00e1-4020-44fe-bd03-24523042c158 - - - - - -] Attempt 1 to provision port c12ab1fe-e2ee-40bd-8599-9605e386decb
2026-04-07 01:18:20.533 9 INFO neutron.plugins.ml2.plugin [None req-f035ffea-be52-4af7-ae40-e841b91ecca4 - - - - - -] Attempt 1 to provision port 9356310e-6ff6-4bab-86d5-325a1a19dcd2
2026-04-07 01:18:21.398 10 INFO neutron.plugins.ml2.plugin [None req-067c2e9a-ca40-4fe6-b3b3-3ac0bff00491 - - - - - -] Attempt 1 to provision port c12ab1fe-e2ee-40bd-8599-9605e386decb
2026-04-07 01:18:21.454 10 INFO neutron.plugins.ml2.plugin [None req-067c2e9a-ca40-4fe6-b3b3-3ac0bff00491 - - - - - -] Attempt 1 to provision port 9356310e-6ff6-4bab-86d5-325a1a19dcd2
2026-04-07 01:18:21.556 10 INFO neutron.plugins.ml2.plugin [None req-067c2e9a-ca40-4fe6-b3b3-3ac0bff00491 - - - - - -] Attempt 1 to provision port bce236cf-f085-4282-8be8-2878675874af
2026-04-07 01:18:22.105 10 INFO neutron.plugins.ml2.plugin [None req-76e48f05-1d82-44eb-8eff-d6e8a81875f2 - - - - - -] Attempt 1 to provision port 9356310e-6ff6-4bab-86d5-325a1a19dcd2
2026-04-07 01:18:22.168 9 INFO neutron.plugins.ml2.plugin [None req-f035ffea-be52-4af7-ae40-e841b91ecca4 - - - - - -] Attempt 1 to provision port c12ab1fe-e2ee-40bd-8599-9605e386decb
2026-04-07 01:18:22.403 9 INFO neutron.plugins.ml2.plugin [None req-f035ffea-be52-4af7-ae40-e841b91ecca4 - - - - - -] Attempt 1 to provision port 9356310e-6ff6-4bab-86d5-325a1a19dcd2
2026-04-07 01:18:26.244 10 INFO neutron.plugins.ml2.plugin [None req-f035ffea-be52-4af7-ae40-e841b91ecca4 - - - - - -] Attempt 1 to provision port 3e5bc1e6-1ae1-4101-b891-42deffb616ae
2026-04-07 01:18:26.354 10 INFO neutron.notifiers.nova [-] Nova event matching ['req-8673fe6c-1d7a-4ccf-951c-9356df6d406e'] response: {'server_uuid': '8c47e364-a25b-4e68-9637-49fe472aeeaf', 'name': 'network-vif-plugged', 'status': 'completed', 'tag': '3e5bc1e6-1ae1-4101-b891-42deffb616ae', 'code': 200}
2026-04-07 01:18:27.656 9 INFO neutron.plugins.ml2.plugin [None req-924f9206-f98d-4cda-945b-c870a1513c6f - - - - - -] Attempt 1 to provision port 4f863bc3-c414-474d-a540-f1a0a0d4c61d
2026-04-07 01:18:28.481 9 INFO neutron.plugins.ml2.plugin [None req-f035ffea-be52-4af7-ae40-e841b91ecca4 - - - - - -] Attempt 1 to provision port 3e5bc1e6-1ae1-4101-b891-42deffb616ae
2026-04-07 01:18:28.788 9 INFO neutron.plugins.ml2.plugin [None req-f035ffea-be52-4af7-ae40-e841b91ecca4 - - - - - -] Attempt 1 to provision port 4f863bc3-c414-474d-a540-f1a0a0d4c61d
2026-04-07 01:18:28.944 10 INFO neutron.plugins.ml2.plugin [None req-ee2e710b-5e21-4066-a47c-2443e9468989 - - - - - -] Attempt 1 to provision port 4f863bc3-c414-474d-a540-f1a0a0d4c61d
2026-04-07 01:18:32.139 9 INFO neutron.plugins.ml2.plugin [None req-f035ffea-be52-4af7-ae40-e841b91ecca4 - - - - - -] Attempt 1 to provision port 78c5412a-b381-4d8c-870b-c4fe4c0ad550
2026-04-07 01:18:32.962 9 INFO neutron.plugins.ml2.plugin [None req-16c01595-9cda-4c8f-b0cc-2fb78a9d8672 - - - - - -] Attempt 1 to provision port 78c5412a-b381-4d8c-870b-c4fe4c0ad550
2026-04-07 01:18:34.210 10 INFO neutron.plugins.ml2.plugin [None req-f035ffea-be52-4af7-ae40-e841b91ecca4 - - - - - -] Attempt 1 to provision port 78c5412a-b381-4d8c-870b-c4fe4c0ad550
2026-04-07 01:18:34.281 9 INFO neutron.plugins.ml2.plugin [None req-599655c3-841e-4066-af2e-2f5f2ea8dff1 - - - - - -] Attempt 1 to provision port 78c5412a-b381-4d8c-870b-c4fe4c0ad550
2026-04-07 01:18:35.981 9 INFO neutron.plugins.ml2.plugin [None req-22be9b3b-0d9e-47ae-8214-13ac32a46edc - - - - - -] Attempt 1 to provision port 49846b4b-2a0a-4e60-8fa4-8b3ffbc90037
2026-04-07 01:18:48.743 10 INFO neutron.plugins.ml2.plugin [None req-2ca7b527-cf25-4906-8218-c43a724248a5 - - - - - -] Attempt 1 to provision port 26b55f6c-2340-46fd-ac70-3badeff6b727
2026-04-07 01:18:52.252 10 INFO neutron.plugins.ml2.plugin [None req-9ffa7916-c877-466e-a6e8-041aa61bf2a5 - - - - - -] Attempt 1 to provision port 47230b36-5ccb-4068-83e5-3b7019bc57b1
2026-04-07 01:18:54.157 9 INFO neutron.plugins.ml2.plugin [None req-f035ffea-be52-4af7-ae40-e841b91ecca4 - - - - - -] Attempt 1 to provision port 5c864316-28d9-4cad-8a23-34403086702c
2026-04-07 01:18:56.183 9 INFO neutron.plugins.ml2.plugin [None req-b683af3c-5e98-432b-aed7-5dae8ad29387 - - - - - -] Attempt 1 to provision port a5d2bc9c-02ae-4f17-8748-76ca2e18346f
2026-04-07 01:18:56.218 10 INFO neutron.plugins.ml2.plugin [None req-f035ffea-be52-4af7-ae40-e841b91ecca4 - - - - - -] Attempt 1 to provision port a5d2bc9c-02ae-4f17-8748-76ca2e18346f
2026-04-07 01:18:57.078 10 INFO neutron.plugins.ml2.plugin [None req-f035ffea-be52-4af7-ae40-e841b91ecca4 - - - - - -] Attempt 1 to provision port 5c864316-28d9-4cad-8a23-34403086702c
2026-04-07 01:18:57.482 9 INFO neutron.plugins.ml2.plugin [None req-80e46fc6-fbdc-4f1b-8769-b47d285e547a - - - - - -] Attempt 1 to provision port a5d2bc9c-02ae-4f17-8748-76ca2e18346f
2026-04-07 01:18:57.539 9 INFO neutron.plugins.ml2.plugin [None req-80e46fc6-fbdc-4f1b-8769-b47d285e547a - - - - - -] Attempt 1 to provision port d94a89d7-35d0-47a0-9bb8-e11947d3fb10
2026-04-07 01:18:58.151 10 INFO neutron.plugins.ml2.plugin [None req-f035ffea-be52-4af7-ae40-e841b91ecca4 - - - - - -] Attempt 1 to provision port a5d2bc9c-02ae-4f17-8748-76ca2e18346f
2026-04-07 01:18:58.187 10 INFO neutron.plugins.ml2.plugin [None req-f021310b-37c2-43e5-985f-d43ac23470fd - - - - - -] Attempt 1 to provision port d94a89d7-35d0-47a0-9bb8-e11947d3fb10
2026-04-07 01:18:58.891 9 INFO neutron.plugins.ml2.plugin [None req-ae269c10-16ee-441e-820d-3a009bc7837a - - - - - -] Attempt 1 to provision port d94a89d7-35d0-47a0-9bb8-e11947d3fb10
2026-04-07 01:19:06.661 9 INFO neutron.plugins.ml2.plugin [None req-f035ffea-be52-4af7-ae40-e841b91ecca4 - - - - - -] Attempt 1 to provision port 2526737b-2a0b-4d9a-8f9f-371cab83a7dd
2026-04-07 01:19:06.805 9 INFO neutron.notifiers.nova [-] Nova event matching ['req-7eff4541-8400-4d0e-bc6e-7611f316c8e6'] response: {'server_uuid': 'cb166f04-8bbc-49f6-8ac7-1049a3d4eeea', 'name': 'network-vif-plugged', 'status': 'completed', 'tag': '2526737b-2a0b-4d9a-8f9f-371cab83a7dd', 'code': 200}
2026-04-07 01:19:08.161 10 INFO neutron.plugins.ml2.plugin [None req-f035ffea-be52-4af7-ae40-e841b91ecca4 - - - - - -] Attempt 1 to provision port 2526737b-2a0b-4d9a-8f9f-371cab83a7dd
2026-04-07 01:19:10.724 10 INFO neutron.plugins.ml2.plugin [None req-f035ffea-be52-4af7-ae40-e841b91ecca4 - - - - - -] Attempt 1 to provision port 1f8406f3-e960-4a6c-a1b1-c78d1f6c34f2
2026-04-07 01:19:10.873 10 INFO neutron.notifiers.nova [-] Nova event matching ['req-44249334-577e-47f4-abbd-18770acebdbe'] response: {'server_uuid': '5379c3da-f712-4e34-9415-bb03947cd376', 'name': 'network-vif-plugged', 'status': 'completed', 'tag': '1f8406f3-e960-4a6c-a1b1-c78d1f6c34f2', 'code': 200}
2026-04-07 01:19:12.209 9 INFO neutron.plugins.ml2.plugin [None req-f035ffea-be52-4af7-ae40-e841b91ecca4 - - - - - -] Attempt 1 to provision port 47230b36-5ccb-4068-83e5-3b7019bc57b1
2026-04-07 01:19:12.513 9 INFO neutron.plugins.ml2.plugin [None req-f035ffea-be52-4af7-ae40-e841b91ecca4 - - - - - -] Attempt 1 to provision port 1f8406f3-e960-4a6c-a1b1-c78d1f6c34f2
2026-04-07 01:19:12.711 9 INFO neutron.plugins.ml2.plugin [None req-f035ffea-be52-4af7-ae40-e841b91ecca4 - - - - - -] Attempt 1 to provision port d94a89d7-35d0-47a0-9bb8-e11947d3fb10
2026-04-07 01:19:14.182 10 INFO neutron.plugins.ml2.plugin [None req-f035ffea-be52-4af7-ae40-e841b91ecca4 - - - - - -] Attempt 1 to provision port 47230b36-5ccb-4068-83e5-3b7019bc57b1
2026-04-07 01:19:14.332 10 INFO neutron.plugins.ml2.plugin [None req-f035ffea-be52-4af7-ae40-e841b91ecca4 - - - - - -] Attempt 1 to provision port d94a89d7-35d0-47a0-9bb8-e11947d3fb10
2026-04-07 01:19:38.757 10 INFO neutron.plugins.ml2.plugin [None req-f035ffea-be52-4af7-ae40-e841b91ecca4 - - - - - -] Attempt 1 to provision port 360ea90a-72d4-4e6b-b746-9f4dc7ba5e11
2026-04-07 01:19:38.892 10 INFO neutron.notifiers.nova [-] Nova event matching ['req-a45b2165-6437-4d01-9e75-70ef26bccc9b'] response: {'server_uuid': '05caf8f6-6685-4b25-a89e-fc2a244813b4', 'name': 'network-vif-plugged', 'status': 'completed', 'tag': '360ea90a-72d4-4e6b-b746-9f4dc7ba5e11', 'code': 200}
2026-04-07 01:19:40.203 9 INFO neutron.plugins.ml2.plugin [None req-f035ffea-be52-4af7-ae40-e841b91ecca4 - - - - - -] Attempt 1 to provision port 360ea90a-72d4-4e6b-b746-9f4dc7ba5e11
2026-04-07 01:19:50.909 9 INFO neutron.plugins.ml2.plugin [None req-1815f6f0-b215-4954-b6fb-567d5293ebe7 - - - - - -] Attempt 1 to provision port 009dd4c6-9296-4ec0-aeff-00d795877161
2026-04-07 01:19:57.758 9 INFO neutron.plugins.ml2.plugin [None req-f035ffea-be52-4af7-ae40-e841b91ecca4 - - - - - -] Attempt 1 to provision port 009dd4c6-9296-4ec0-aeff-00d795877161
2026-04-07 01:19:57.869 9 INFO neutron.notifiers.nova [-] Nova event matching ['req-e5f61abc-bbc4-4e02-aa04-58760f5d8f9d'] response: {'server_uuid': '5379c3da-f712-4e34-9415-bb03947cd376', 'name': 'network-vif-plugged', 'status': 'completed', 'tag': '009dd4c6-9296-4ec0-aeff-00d795877161', 'code': 200}
2026-04-07 01:19:59.010 9 INFO neutron.plugins.ml2.plugin [None req-f035ffea-be52-4af7-ae40-e841b91ecca4 - - - - - -] Attempt 1 to provision port 009dd4c6-9296-4ec0-aeff-00d795877161
2026-04-07 01:20:17.907 9 INFO neutron.plugins.ml2.plugin [None req-a207658f-7804-4a8a-b213-aedd7e16e552 - - - - - -] Attempt 1 to provision port 83a02fbe-a758-4f52-aecc-bc8add088d40
2026-04-07 01:20:18.370 9 INFO neutron.plugins.ml2.plugin [None req-f035ffea-be52-4af7-ae40-e841b91ecca4 - - - - - -] Attempt 1 to provision port d96fd59c-b447-4404-a2c2-b79e0e6e4a85
2026-04-07 01:20:19.019 9 INFO neutron.plugins.ml2.plugin [None req-516929e9-c5fd-43d9-9b44-637f9e63391c - - - - - -] Attempt 1 to provision port d96fd59c-b447-4404-a2c2-b79e0e6e4a85
2026-04-07 01:20:20.323 10 INFO neutron.plugins.ml2.plugin [None req-11ee62ce-4846-41d6-bd02-b995d2c0338e - - - - - -] Attempt 1 to provision port b4ed6c76-fb35-4a8b-aa20-c9ff2a2c6d63
2026-04-07 01:20:20.355 10 INFO neutron.plugins.ml2.plugin [None req-11ee62ce-4846-41d6-bd02-b995d2c0338e - - - - - -] Attempt 1 to provision port d96fd59c-b447-4404-a2c2-b79e0e6e4a85
2026-04-07 01:20:20.426 9 INFO neutron.plugins.ml2.plugin [None req-f035ffea-be52-4af7-ae40-e841b91ecca4 - - - - - -] Attempt 1 to provision port d96fd59c-b447-4404-a2c2-b79e0e6e4a85
2026-04-07 01:20:20.640 9 INFO neutron.plugins.ml2.plugin [None req-f035ffea-be52-4af7-ae40-e841b91ecca4 - - - - - -] Attempt 1 to provision port a49ef56f-7473-466d-b97b-6d06b9c31c28
2026-04-07 01:20:21.028 10 INFO neutron.plugins.ml2.plugin [None req-47f863d9-ff23-4b4b-8a7e-93cd04c35f0f - - - - - -] Attempt 1 to provision port b4ed6c76-fb35-4a8b-aa20-c9ff2a2c6d63
2026-04-07 01:20:21.737 9 INFO neutron.plugins.ml2.plugin [None req-74684b21-8d1e-45e4-8738-855938709497 - - - - - -] Attempt 1 to provision port b4ed6c76-fb35-4a8b-aa20-c9ff2a2c6d63
2026-04-07 01:20:22.642 10 INFO neutron.plugins.ml2.plugin [None req-b957482f-2197-4811-9f6a-f40ae7147848 - - - - - -] Attempt 1 to provision port 6f73693c-dd7c-46ee-b1af-0f18fd671416
2026-04-07 01:20:22.709 9 INFO neutron.plugins.ml2.plugin [None req-f035ffea-be52-4af7-ae40-e841b91ecca4 - - - - - -] Attempt 1 to provision port 2b8486e7-1bc5-40ed-9d69-73d007c25524
2026-04-07 01:20:23.077 9 INFO neutron.plugins.ml2.plugin [None req-f035ffea-be52-4af7-ae40-e841b91ecca4 - - - - - -] Attempt 1 to provision port a49ef56f-7473-466d-b97b-6d06b9c31c28
2026-04-07 01:20:23.832 10 INFO neutron.plugins.ml2.plugin [None req-8590c4c0-7e15-4431-a49a-f07ea4c9272f - - - - - -] Attempt 1 to provision port 2b8486e7-1bc5-40ed-9d69-73d007c25524
2026-04-07 01:20:24.669 10 INFO neutron.plugins.ml2.plugin [None req-f035ffea-be52-4af7-ae40-e841b91ecca4 - - - - - -] Attempt 1 to provision port 2b8486e7-1bc5-40ed-9d69-73d007c25524
2026-04-07 01:20:25.136 10 INFO neutron.plugins.ml2.plugin [None req-b6e1da65-2d38-4498-97a3-e17ac7696eb0 - - - - - -] Attempt 1 to provision port 2b8486e7-1bc5-40ed-9d69-73d007c25524
2026-04-07 01:20:25.194 10 INFO neutron.plugins.ml2.plugin [None req-b6e1da65-2d38-4498-97a3-e17ac7696eb0 - - - - - -] Attempt 1 to provision port 5a48b13c-09de-4168-b479-0409e4a4372f
2026-04-07 01:20:25.834 10 INFO neutron.plugins.ml2.plugin [None req-35cc01de-a93d-41a5-840d-492dd7450bc0 - - - - - -] Attempt 1 to provision port 5a48b13c-09de-4168-b479-0409e4a4372f
2026-04-07 01:20:26.456 9 INFO neutron.plugins.ml2.plugin [None req-f035ffea-be52-4af7-ae40-e841b91ecca4 - - - - - -] Attempt 1 to provision port 7b75ac49-2ec3-4a7f-a3a9-315c80b6f8a9
2026-04-07 01:20:26.548 10 INFO neutron.plugins.ml2.plugin [None req-2b124a66-3873-404b-88f2-01d62a17d194 - - - - - -] Attempt 1 to provision port 5a48b13c-09de-4168-b479-0409e4a4372f
2026-04-07 01:20:28.342 9 INFO neutron.plugins.ml2.plugin [None req-f035ffea-be52-4af7-ae40-e841b91ecca4 - - - - - -] Attempt 1 to provision port 7b75ac49-2ec3-4a7f-a3a9-315c80b6f8a9
2026-04-07 01:20:36.412 10 INFO neutron.plugins.ml2.plugin [None req-f035ffea-be52-4af7-ae40-e841b91ecca4 - - - - - -] Attempt 1 to provision port 7a4f8c6b-053f-4f40-aee2-49d79a7ab95f
2026-04-07 01:20:36.528 10 INFO neutron.notifiers.nova [-] Nova event matching ['req-d4bd187f-5076-48b8-9b50-db4b0c990b1c'] response: {'server_uuid': '5379c3da-f712-4e34-9415-bb03947cd376', 'name': 'network-vif-plugged', 'status': 'completed', 'tag': '7a4f8c6b-053f-4f40-aee2-49d79a7ab95f', 'code': 200}
2026-04-07 01:20:38.714 9 INFO neutron.plugins.ml2.plugin [None req-d18e989d-92d7-4af1-ae2a-07b98f7c6dd9 - - - - - -] Attempt 1 to provision port 7a4f8c6b-053f-4f40-aee2-49d79a7ab95f
2026-04-07 01:20:39.530 9 INFO neutron.plugins.ml2.plugin [None req-f035ffea-be52-4af7-ae40-e841b91ecca4 - - - - - -] Attempt 1 to provision port 7a4f8c6b-053f-4f40-aee2-49d79a7ab95f
2026-04-07 01:20:39.767 9 INFO neutron.plugins.ml2.plugin [None req-f035ffea-be52-4af7-ae40-e841b91ecca4 - - - - - -] Attempt 1 to provision port eae3e868-f803-43c1-a2cd-121a81194b04
