2026-04-07 01:18:40.165 7 INFO placement.requestlog [None req-87ffdeab-5bb1-42b4-adc6-27d1bf871c44 53181a6b83c0482abae1c7fa78e8307b 8e8853619a734e988be4ff3144c8c3a9 - - 544411100d334396a74a587210763521 544411100d334396a74a587210763521] 10.0.0.173 "DELETE /resource_providers/b0ebfb10-c566-4012-99d2-4b0a85597ebd" status: 404 len: 246 microversion: 1.1 [pid: 7|app: 0|req: 505/1010] 10.0.0.173 () {34 vars in 815 bytes} [Tue Apr 7 01:18:40 2026] DELETE /resource_providers/b0ebfb10-c566-4012-99d2-4b0a85597ebd => generated 246 bytes in 12 msecs (HTTP/1.1 404) 6 headers in 231 bytes (1 switches on core 0)
2026-04-07 01:18:40.167 8 INFO placement.requestlog [None req-596705bb-937f-43f9-b4e1-30944b4c7c12 53181a6b83c0482abae1c7fa78e8307b 8e8853619a734e988be4ff3144c8c3a9 - - 544411100d334396a74a587210763521 544411100d334396a74a587210763521] 10.0.0.173 "GET /resource_providers/88c592d2-d7d7-4bc9-93ac-ef0ece52c3b4/aggregates" status: 404 len: 235 microversion: 1.1 [pid: 8|app: 0|req: 506/1011] 10.0.0.173 () {32 vars in 815 bytes} [Tue Apr 7 01:18:40 2026] GET /resource_providers/88c592d2-d7d7-4bc9-93ac-ef0ece52c3b4/aggregates => generated 235 bytes in 6 msecs (HTTP/1.1 404) 5 headers in 202 bytes (1 switches on core 0)
2026-04-07 01:18:40.176 7 INFO placement.requestlog [None req-a1722d65-10ee-4467-9375-7da04cdd3b63 53181a6b83c0482abae1c7fa78e8307b 8e8853619a734e988be4ff3144c8c3a9 - - 544411100d334396a74a587210763521 544411100d334396a74a587210763521] 10.0.0.173 "GET /resource_providers/88c592d2-d7d7-4bc9-93ac-ef0ece52c3b4/aggregates" status: 404 len: 235 microversion: 1.1 [pid: 7|app: 0|req: 506/1012] 10.0.0.173 () {32 vars in 815 bytes} [Tue Apr 7 01:18:40 2026] GET /resource_providers/88c592d2-d7d7-4bc9-93ac-ef0ece52c3b4/aggregates => generated 235 bytes in 7 msecs (HTTP/1.1 404) 5 headers in 202 bytes (1 switches on core 0)
2026-04-07 01:18:40.181 8 INFO placement.requestlog [None req-b0dc2c51-50ab-40fc-857d-45786d64e3c9 53181a6b83c0482abae1c7fa78e8307b 8e8853619a734e988be4ff3144c8c3a9 - - 544411100d334396a74a587210763521 544411100d334396a74a587210763521] 10.0.0.173 "DELETE /resource_providers/88c592d2-d7d7-4bc9-93ac-ef0ece52c3b4" status: 404 len: 246 microversion: 1.1 [pid: 8|app: 0|req: 507/1013] 10.0.0.173 () {34 vars in 815 bytes} [Tue Apr 7 01:18:40 2026] DELETE /resource_providers/88c592d2-d7d7-4bc9-93ac-ef0ece52c3b4 => generated 246 bytes in 7 msecs (HTTP/1.1 404) 6 headers in 231 bytes (1 switches on core 0)
2026-04-07 01:18:40.190 7 INFO placement.requestlog [None req-ff52cb08-36b0-4ab9-9de4-9b565d9b7933 53181a6b83c0482abae1c7fa78e8307b 8e8853619a734e988be4ff3144c8c3a9 - - 544411100d334396a74a587210763521 544411100d334396a74a587210763521] 10.0.0.173 "DELETE /resource_providers/88c592d2-d7d7-4bc9-93ac-ef0ece52c3b4" status: 404 len: 246 microversion: 1.1 [pid: 7|app: 0|req: 507/1014] 10.0.0.173 () {34 vars in 815 bytes} [Tue Apr 7 01:18:40 2026] DELETE /resource_providers/88c592d2-d7d7-4bc9-93ac-ef0ece52c3b4 => generated 246 bytes in 8 msecs (HTTP/1.1 404) 6 headers in 231 bytes (1 switches on core 0)
2026-04-07 01:18:41.834 8 INFO placement.requestlog [None req-81de56cd-a389-490e-834c-d45d1a24df6d 53181a6b83c0482abae1c7fa78e8307b 8e8853619a734e988be4ff3144c8c3a9 - - 544411100d334396a74a587210763521 544411100d334396a74a587210763521] 10.0.0.173 "GET /resource_providers/6f025acf-6c8a-47bc-9a8e-192952753520/aggregates" status: 404 len: 235 microversion: 1.1 [pid: 8|app: 0|req: 508/1015] 10.0.0.173 () {32 vars in 815 bytes} [Tue Apr 7 01:18:41 2026] GET /resource_providers/6f025acf-6c8a-47bc-9a8e-192952753520/aggregates => generated 235 bytes in 10 msecs (HTTP/1.1 404) 5 headers in 202 bytes (1 switches on core 0)
2026-04-07 01:18:41.840 7 INFO placement.requestlog [None req-29fa27f4-d332-4064-9c27-fb09d6c0535c 53181a6b83c0482abae1c7fa78e8307b 8e8853619a734e988be4ff3144c8c3a9 - - 544411100d334396a74a587210763521 544411100d334396a74a587210763521] 10.0.0.173 "GET /resource_providers/6f025acf-6c8a-47bc-9a8e-192952753520/aggregates" status: 404 len: 235 microversion: 1.1 [pid: 7|app: 0|req: 508/1016] 10.0.0.173 () {32 vars in 815 bytes} [Tue Apr 7 01:18:41 2026] GET /resource_providers/6f025acf-6c8a-47bc-9a8e-192952753520/aggregates => generated 235 bytes in 12 msecs (HTTP/1.1 404) 5 headers in 202 bytes (1 switches on core 0)
2026-04-07 01:18:41.857 8 INFO placement.requestlog [None req-13b65be1-6f48-4d7b-a285-e0aced322d60 53181a6b83c0482abae1c7fa78e8307b 8e8853619a734e988be4ff3144c8c3a9 - - 544411100d334396a74a587210763521 544411100d334396a74a587210763521] 10.0.0.173 "DELETE /resource_providers/6f025acf-6c8a-47bc-9a8e-192952753520" status: 404 len: 246 microversion: 1.1 [pid: 8|app: 0|req: 509/1017] 10.0.0.173 () {34 vars in 815 bytes} [Tue Apr 7 01:18:41 2026] DELETE /resource_providers/6f025acf-6c8a-47bc-9a8e-192952753520 => generated 246 bytes in 13 msecs (HTTP/1.1 404) 6 headers in 231 bytes (1 switches on core 0)
2026-04-07 01:18:41.860 7 INFO placement.requestlog [None req-dedb1570-4b9d-40bc-bf9f-5d6727264446 53181a6b83c0482abae1c7fa78e8307b 8e8853619a734e988be4ff3144c8c3a9 - - 544411100d334396a74a587210763521 544411100d334396a74a587210763521] 10.0.0.173 "DELETE /resource_providers/6f025acf-6c8a-47bc-9a8e-192952753520" status: 404 len: 246 microversion: 1.1 [pid: 7|app: 0|req: 509/1018] 10.0.0.173 () {34 vars in 815 bytes} [Tue Apr 7 01:18:41 2026] DELETE /resource_providers/6f025acf-6c8a-47bc-9a8e-192952753520 => generated 246 bytes in 11 msecs (HTTP/1.1 404) 6 headers in 231 bytes (1 switches on core 0)
2026-04-07 01:18:42.200 8 INFO placement.requestlog [None req-51ccb7f7-f672-4652-8250-46f7b5cbd424 53181a6b83c0482abae1c7fa78e8307b 8e8853619a734e988be4ff3144c8c3a9 - - 544411100d334396a74a587210763521 544411100d334396a74a587210763521] 10.0.0.173 "GET /resource_providers/421df380-3cf1-45be-99ca-1aff05021a99/aggregates" status: 404 len: 235 microversion: 1.1 [pid: 8|app: 0|req: 510/1019] 10.0.0.173 () {32 vars in 815 bytes} [Tue Apr 7 01:18:42 2026] GET /resource_providers/421df380-3cf1-45be-99ca-1aff05021a99/aggregates => generated 235 bytes in 13 msecs (HTTP/1.1 404) 5 headers in 202 bytes (1 switches on core 0)
2026-04-07 01:18:42.206 7 INFO placement.requestlog [None req-5b08d0de-7dfa-4800-b221-6bb5f5900e92 53181a6b83c0482abae1c7fa78e8307b 8e8853619a734e988be4ff3144c8c3a9 - - 544411100d334396a74a587210763521 544411100d334396a74a587210763521] 10.0.0.173 "GET /resource_providers/421df380-3cf1-45be-99ca-1aff05021a99/aggregates" status: 404 len: 235 microversion: 1.1 [pid: 7|app: 0|req: 510/1020] 10.0.0.173 () {32 vars in 815 bytes} [Tue Apr 7 01:18:42 2026] GET /resource_providers/421df380-3cf1-45be-99ca-1aff05021a99/aggregates => generated 235 bytes in 7 msecs (HTTP/1.1 404) 5 headers in 202 bytes (1 switches on core 0)
2026-04-07 01:18:42.221 8 INFO placement.requestlog [None req-825ded2c-76ac-4abe-8346-72fddae97154 53181a6b83c0482abae1c7fa78e8307b 8e8853619a734e988be4ff3144c8c3a9 - - 544411100d334396a74a587210763521 544411100d334396a74a587210763521] 10.0.0.173 "DELETE /resource_providers/421df380-3cf1-45be-99ca-1aff05021a99" status: 404 len: 246 microversion: 1.1 [pid: 8|app: 0|req: 511/1021] 10.0.0.173 () {34 vars in 815 bytes} [Tue Apr 7 01:18:42 2026] DELETE /resource_providers/421df380-3cf1-45be-99ca-1aff05021a99 => generated 246 bytes in 8 msecs (HTTP/1.1 404) 6 headers in 231 bytes (1 switches on core 0)
2026-04-07 01:18:42.223 7 INFO placement.requestlog [None req-fa9edf67-0550-4b44-8814-c9082bc5460f 53181a6b83c0482abae1c7fa78e8307b 8e8853619a734e988be4ff3144c8c3a9 - - 544411100d334396a74a587210763521 544411100d334396a74a587210763521] 10.0.0.173 "DELETE /resource_providers/421df380-3cf1-45be-99ca-1aff05021a99" status: 404 len: 246 microversion: 1.1 [pid: 7|app: 0|req: 511/1022] 10.0.0.173 () {34 vars in 815 bytes} [Tue Apr 7 01:18:42 2026] DELETE /resource_providers/421df380-3cf1-45be-99ca-1aff05021a99 => generated 246 bytes in 8 msecs (HTTP/1.1 404) 6 headers in 231 bytes (1 switches on core 0)
2026-04-07 01:18:46.137 8 INFO placement.requestlog [None req-8eae3af4-b419-45b9-a8a8-51892e8dc00a - - - - - -] 10.0.0.193 "GET /" status: 200 len: 136 microversion: 1.0
2026-04-07 01:18:46.137 7 INFO placement.requestlog [None req-176f2cb8-3e47-439e-8b9c-651efe56d70c - - - - - -] 10.0.0.193 "GET /" status: 200 len: 136 microversion: 1.0
2026-04-07 01:18:51.595 8 INFO placement.requestlog [req-56bd2dde-f84f-46eb-823b-e1eeabdfdb86 req-e9b8d8a7-19a1-492a-a777-1634e1b4d2fe 565aad5b3dfe47b6ba3dcd699aef6171 8e8853619a734e988be4ff3144c8c3a9 - - 544411100d334396a74a587210763521 544411100d334396a74a587210763521] 199.204.45.65 "GET /resource_providers/51f74af0-a86e-475a-89cc-0f501ac099f6/allocations" status: 200 len: 253 microversion: 1.0 [pid: 8|app: 0|req: 513/1025] 199.204.45.65 () {32 vars in 855 bytes} [Tue Apr 7 01:18:51 2026] GET /resource_providers/51f74af0-a86e-475a-89cc-0f501ac099f6/allocations => generated 253 bytes in 21 msecs (HTTP/1.1 200) 6 headers in 224 bytes (1 switches on core 0)
2026-04-07 01:18:51.629 7 INFO placement.requestlog [req-56bd2dde-f84f-46eb-823b-e1eeabdfdb86 req-d579477b-5b17-43fa-babb-78007ed84586 565aad5b3dfe47b6ba3dcd699aef6171 8e8853619a734e988be4ff3144c8c3a9 - - 544411100d334396a74a587210763521 544411100d334396a74a587210763521] 199.204.45.65 "GET /resource_providers/51f74af0-a86e-475a-89cc-0f501ac099f6/allocations" status: 200 len: 253 microversion: 1.0 [pid: 7|app: 0|req: 513/1026] 199.204.45.65 () {32 vars in 855 bytes} [Tue Apr 7 01:18:51 2026] GET /resource_providers/51f74af0-a86e-475a-89cc-0f501ac099f6/allocations => generated 253 bytes in 25 msecs (HTTP/1.1 200) 6 headers in 224 bytes (1 switches on core 0)
2026-04-07 01:18:51.646 8 INFO placement.requestlog [req-56bd2dde-f84f-46eb-823b-e1eeabdfdb86 req-1d15802e-919a-4ba5-a144-3f2b110754f5 565aad5b3dfe47b6ba3dcd699aef6171 8e8853619a734e988be4ff3144c8c3a9 - - 544411100d334396a74a587210763521 544411100d334396a74a587210763521] 199.204.45.65 "GET /allocations/8c47e364-a25b-4e68-9637-49fe472aeeaf" status: 200 len: 258 microversion: 1.28 [pid: 8|app: 0|req: 514/1027] 199.204.45.65 () {34 vars in 861 bytes} [Tue Apr 7 01:18:51 2026] GET /allocations/8c47e364-a25b-4e68-9637-49fe472aeeaf => generated 258 bytes in 13 msecs (HTTP/1.1 200) 8 headers in 296 bytes (1 switches on core 0)
2026-04-07 01:18:51.659 7 INFO placement.requestlog [req-56bd2dde-f84f-46eb-823b-e1eeabdfdb86 req-c6e527bf-647d-4a65-baeb-d0af03d4b417 565aad5b3dfe47b6ba3dcd699aef6171 8e8853619a734e988be4ff3144c8c3a9 - - 544411100d334396a74a587210763521 544411100d334396a74a587210763521] 199.204.45.65 "GET /allocations/0d5a341a-0922-4448-8f91-846004eb493f" status: 200 len: 258 microversion: 1.28 [pid: 7|app: 0|req: 514/1028] 199.204.45.65 () {34 vars in 861 bytes} [Tue Apr 7 01:18:51 2026] GET /allocations/0d5a341a-0922-4448-8f91-846004eb493f => generated 258 bytes in 7 msecs (HTTP/1.1 200) 8 headers in 296 bytes (1 switches on core 0)
2026-04-07 01:18:56.142 8 INFO placement.requestlog [None req-6e258dd6-0cf9-4e8b-bd74-2a30fce00a42 - - - - - -] 10.0.0.193 "GET /" status: 200 len: 136 microversion: 1.0
2026-04-07 01:18:56.143 7 INFO placement.requestlog [None req-aeda1ab2-ebfd-495b-b353-82acc0e83da3 - - - - - -] 10.0.0.193 "GET /" status: 200 len: 136 microversion: 1.0
2026-04-07 01:18:56.907 8 INFO placement.requestlog [req-4e69e356-cfa1-4017-a9b9-bcbf6e56a2d2 req-710b5d87-a40a-460d-984a-8a6d100337fb 565aad5b3dfe47b6ba3dcd699aef6171 8e8853619a734e988be4ff3144c8c3a9 - - 544411100d334396a74a587210763521 544411100d334396a74a587210763521] 10.0.0.212 "GET /allocation_candidates?limit=1000&resources=DISK_GB%3A1%2CMEMORY_MB%3A512%2CVCPU%3A1&root_required=%21COMPUTE_STATUS_DISABLED" status: 200 len: 2387 microversion: 1.36 [pid: 8|app: 0|req: 516/1031] 10.0.0.212 () {34 vars in 1011 bytes} [Tue Apr 7 01:18:56 2026] GET /allocation_candidates?limit=1000&resources=DISK_GB%3A1%2CMEMORY_MB%3A512%2CVCPU%3A1&root_required=%21COMPUTE_STATUS_DISABLED => generated 2387 bytes in 69 msecs (HTTP/1.1 200) 8 headers in 297 bytes (1 switches on core 0)
2026-04-07 01:18:56.946 7 INFO placement.requestlog [req-4e69e356-cfa1-4017-a9b9-bcbf6e56a2d2 req-4d5fe5e2-df3a-4439-a3ef-16e9231eb3f8 565aad5b3dfe47b6ba3dcd699aef6171 8e8853619a734e988be4ff3144c8c3a9 - - 544411100d334396a74a587210763521 544411100d334396a74a587210763521] 10.0.0.212 "GET /allocations/cb166f04-8bbc-49f6-8ac7-1049a3d4eeea" status: 200 len: 19 microversion: 1.28 [pid: 7|app: 0|req: 516/1032] 10.0.0.212 () {34 vars in 860 bytes} [Tue Apr 7 01:18:56 2026] GET /allocations/cb166f04-8bbc-49f6-8ac7-1049a3d4eeea => generated 19 bytes in 15 msecs (HTTP/1.1 200) 8 headers in 295 bytes (1 switches on core 0)
2026-04-07 01:18:57.042 8 INFO placement.requestlog [req-4e69e356-cfa1-4017-a9b9-bcbf6e56a2d2 req-3e0c4f60-9591-4331-adc8-22528a8532d2 565aad5b3dfe47b6ba3dcd699aef6171 8e8853619a734e988be4ff3144c8c3a9 - - 544411100d334396a74a587210763521 544411100d334396a74a587210763521] 10.0.0.212 "PUT /allocations/cb166f04-8bbc-49f6-8ac7-1049a3d4eeea" status: 204 len: 0 microversion: 1.36 [pid: 8|app: 0|req: 517/1033] 10.0.0.212 () {38 vars in 913 bytes} [Tue Apr 7 01:18:56 2026] PUT /allocations/cb166f04-8bbc-49f6-8ac7-1049a3d4eeea => generated 0 bytes in 90 msecs (HTTP/1.1 204) 5 headers in 199 bytes (1 switches on core 0)
2026-04-07 01:18:58.532 7 INFO placement.requestlog [req-4e69e356-cfa1-4017-a9b9-bcbf6e56a2d2 req-de79da26-dd1b-42f0-b06d-75e5c8e502c1 565aad5b3dfe47b6ba3dcd699aef6171 8e8853619a734e988be4ff3144c8c3a9 - - 544411100d334396a74a587210763521 544411100d334396a74a587210763521] 199.204.45.65 "GET /allocations/cb166f04-8bbc-49f6-8ac7-1049a3d4eeea" status: 200 len: 258 microversion: 1.28 [pid: 7|app: 0|req: 517/1034] 199.204.45.65 () {34 vars in 861 bytes} [Tue Apr 7 01:18:58 2026] GET /allocations/cb166f04-8bbc-49f6-8ac7-1049a3d4eeea => generated 258 bytes in 10 msecs (HTTP/1.1 200) 8 headers in 296 bytes (1 switches on core 0)
2026-04-07 01:18:59.436 8 INFO placement.requestlog [req-d4db6811-9026-45f6-a6f3-cd893abfcb22 req-67d8b472-9bbe-4d36-9848-36cd8dba8ec4 565aad5b3dfe47b6ba3dcd699aef6171 8e8853619a734e988be4ff3144c8c3a9 - - 544411100d334396a74a587210763521 544411100d334396a74a587210763521] 10.0.0.212 "GET /allocation_candidates?limit=1000&resources=MEMORY_MB%3A2048%2CVCPU%3A2&root_required=%21COMPUTE_STATUS_DISABLED" status: 200 len: 2374 microversion: 1.36 [pid: 8|app: 0|req: 518/1035] 10.0.0.212 () {34 vars in 985 bytes} [Tue Apr 7 01:18:59 2026] GET /allocation_candidates?limit=1000&resources=MEMORY_MB%3A2048%2CVCPU%3A2&root_required=%21COMPUTE_STATUS_DISABLED => generated 2374 bytes in 36 msecs (HTTP/1.1 200) 8 headers in 297 bytes (1 switches on core 0)
2026-04-07 01:18:59.460 7 INFO placement.requestlog [req-d4db6811-9026-45f6-a6f3-cd893abfcb22 req-d45498be-bd82-43bc-8a78-cdfa30a4c692 565aad5b3dfe47b6ba3dcd699aef6171 8e8853619a734e988be4ff3144c8c3a9 - - 544411100d334396a74a587210763521 544411100d334396a74a587210763521] 10.0.0.212 "GET /allocations/5379c3da-f712-4e34-9415-bb03947cd376" status: 200 len: 19 microversion: 1.28 [pid: 7|app: 0|req: 518/1036] 10.0.0.212 () {34 vars in 860 bytes} [Tue Apr 7 01:18:59 2026] GET /allocations/5379c3da-f712-4e34-9415-bb03947cd376 => generated 19 bytes in 9 msecs (HTTP/1.1 200) 8 headers in 295 bytes (1 switches on core 0)
2026-04-07 01:18:59.520 8 INFO placement.requestlog [req-d4db6811-9026-45f6-a6f3-cd893abfcb22 req-f43ad3d6-b374-4cd5-b101-f5853c8da6cb 565aad5b3dfe47b6ba3dcd699aef6171 8e8853619a734e988be4ff3144c8c3a9 - - 544411100d334396a74a587210763521 544411100d334396a74a587210763521] 10.0.0.212 "PUT /allocations/5379c3da-f712-4e34-9415-bb03947cd376" status: 204 len: 0 microversion: 1.36 [pid: 8|app: 0|req: 519/1037] 10.0.0.212 () {38 vars in 913 bytes} [Tue Apr 7 01:18:59 2026] PUT /allocations/5379c3da-f712-4e34-9415-bb03947cd376 => generated 0 bytes in 52 msecs (HTTP/1.1 204) 5 headers in 199 bytes (1 switches on core 0)
2026-04-07 01:18:59.569 7 INFO placement.requestlog [req-4e69e356-cfa1-4017-a9b9-bcbf6e56a2d2 req-6beffda3-ddf9-44fb-9ef7-a33eb93315da 565aad5b3dfe47b6ba3dcd699aef6171 8e8853619a734e988be4ff3144c8c3a9 - - 544411100d334396a74a587210763521 544411100d334396a74a587210763521] 199.204.45.65 "GET /resource_providers/51f74af0-a86e-475a-89cc-0f501ac099f6/allocations" status: 200 len: 440 microversion: 1.0 [pid: 7|app: 0|req: 519/1038] 199.204.45.65 () {32 vars in 855 bytes} [Tue Apr 7 01:18:59 2026] GET /resource_providers/51f74af0-a86e-475a-89cc-0f501ac099f6/allocations => generated 440 bytes in 14 msecs (HTTP/1.1 200) 6 headers in 224 bytes (1 switches on core 0)
2026-04-07 01:18:59.588 8 INFO placement.requestlog [req-4e69e356-cfa1-4017-a9b9-bcbf6e56a2d2 req-1fecd976-2058-466b-abe2-84093e932cfb 565aad5b3dfe47b6ba3dcd699aef6171 8e8853619a734e988be4ff3144c8c3a9 - - 544411100d334396a74a587210763521 544411100d334396a74a587210763521] 199.204.45.65 "GET /allocations/8c47e364-a25b-4e68-9637-49fe472aeeaf" status: 200 len: 258 microversion: 1.28 [pid: 8|app: 0|req: 520/1039] 199.204.45.65 () {34 vars in 861 bytes} [Tue Apr 7 01:18:59 2026] GET /allocations/8c47e364-a25b-4e68-9637-49fe472aeeaf => generated 258 bytes in 13 msecs (HTTP/1.1 200) 8 headers in 296 bytes (1 switches on core 0)
2026-04-07 01:18:59.606 7 INFO placement.requestlog [req-4e69e356-cfa1-4017-a9b9-bcbf6e56a2d2 req-c1289cfb-a72b-4110-8b3e-e65122ef0373 565aad5b3dfe47b6ba3dcd699aef6171 8e8853619a734e988be4ff3144c8c3a9 - - 544411100d334396a74a587210763521 544411100d334396a74a587210763521] 199.204.45.65 "GET /allocations/cb166f04-8bbc-49f6-8ac7-1049a3d4eeea" status: 200 len: 258 microversion: 1.28 [pid: 7|app: 0|req: 520/1040] 199.204.45.65 () {34 vars in 861 bytes} [Tue Apr 7 01:18:59 2026] GET /allocations/cb166f04-8bbc-49f6-8ac7-1049a3d4eeea => generated 258 bytes in 13 msecs (HTTP/1.1 200) 8 headers in 296 bytes (1 switches on core 0)
2026-04-07 01:18:59.634 8 INFO placement.requestlog [req-4e69e356-cfa1-4017-a9b9-bcbf6e56a2d2 req-5bf2d86a-17e7-4bbc-bc18-ce64c63d445e 565aad5b3dfe47b6ba3dcd699aef6171 8e8853619a734e988be4ff3144c8c3a9 - - 544411100d334396a74a587210763521 544411100d334396a74a587210763521] 199.204.45.65 "GET /allocations/0d5a341a-0922-4448-8f91-846004eb493f" status: 200 len: 258 microversion: 1.28 [pid: 8|app: 0|req: 521/1041] 199.204.45.65 () {34 vars in 861 bytes} [Tue Apr 7 01:18:59 2026] GET /allocations/0d5a341a-0922-4448-8f91-846004eb493f => generated 258 bytes in 17 msecs (HTTP/1.1 200) 8 headers in 296 bytes (1 switches on core 0)
2026-04-07 01:18:59.655 7 INFO placement.requestlog [req-4e69e356-cfa1-4017-a9b9-bcbf6e56a2d2 req-27e6459b-a6d3-4eb8-8db7-1c6a9eac156e 565aad5b3dfe47b6ba3dcd699aef6171 8e8853619a734e988be4ff3144c8c3a9 - - 544411100d334396a74a587210763521 544411100d334396a74a587210763521] 199.204.45.65 "GET /allocations/5379c3da-f712-4e34-9415-bb03947cd376" status: 200 len: 245 microversion: 1.28 [pid: 7|app: 0|req: 521/1042] 199.204.45.65 () {34 vars in 861 bytes} [Tue Apr 7 01:18:59 2026] GET /allocations/5379c3da-f712-4e34-9415-bb03947cd376 => generated 245 bytes in 15 msecs (HTTP/1.1 200) 8 headers in 296 bytes (1 switches on core 0)
2026-04-07 01:19:01.049 8 INFO placement.requestlog [req-d4db6811-9026-45f6-a6f3-cd893abfcb22 req-85aeb058-f31a-45da-8a9e-0f4f4e492801 565aad5b3dfe47b6ba3dcd699aef6171 8e8853619a734e988be4ff3144c8c3a9 - - 544411100d334396a74a587210763521 544411100d334396a74a587210763521] 199.204.45.65 "GET /allocations/5379c3da-f712-4e34-9415-bb03947cd376" status: 200 len: 245 microversion: 1.28 [pid: 8|app: 0|req: 522/1043] 199.204.45.65 () {34 vars in 861 bytes} [Tue Apr 7 01:19:01 2026] GET /allocations/5379c3da-f712-4e34-9415-bb03947cd376 => generated 245 bytes in 16 msecs (HTTP/1.1 200) 8 headers in 296 bytes (1 switches on core 0)
2026-04-07 01:19:02.089 7 INFO placement.requestlog [req-d4db6811-9026-45f6-a6f3-cd893abfcb22 req-402563b9-f87a-415e-999d-9c8b1d4837a9 565aad5b3dfe47b6ba3dcd699aef6171 8e8853619a734e988be4ff3144c8c3a9 - - 544411100d334396a74a587210763521 544411100d334396a74a587210763521] 199.204.45.65 "GET /resource_providers/51f74af0-a86e-475a-89cc-0f501ac099f6/allocations" status: 200 len: 440 microversion: 1.0 [pid: 7|app: 0|req: 522/1044] 199.204.45.65 () {32 vars in 855 bytes} [Tue Apr 7 01:19:02 2026] GET /resource_providers/51f74af0-a86e-475a-89cc-0f501ac099f6/allocations => generated 440 bytes in 17 msecs (HTTP/1.1 200) 6 headers in 224 bytes (1 switches on core 0)
2026-04-07 01:19:02.108 8 INFO placement.requestlog [req-d4db6811-9026-45f6-a6f3-cd893abfcb22 req-6a716ce2-5c89-4d1b-b1c1-3d8761b8938e 565aad5b3dfe47b6ba3dcd699aef6171 8e8853619a734e988be4ff3144c8c3a9 - - 544411100d334396a74a587210763521 544411100d334396a74a587210763521] 199.204.45.65 "GET /allocations/8c47e364-a25b-4e68-9637-49fe472aeeaf" status: 200 len: 258 microversion: 1.28 [pid: 8|app: 0|req: 523/1045] 199.204.45.65 () {34 vars in 861 bytes} [Tue Apr 7 01:19:02 2026] GET /allocations/8c47e364-a25b-4e68-9637-49fe472aeeaf => generated 258 bytes in 14 msecs (HTTP/1.1 200) 8 headers in 296 bytes (1 switches on core 0)
2026-04-07 01:19:02.127 7 INFO placement.requestlog [req-d4db6811-9026-45f6-a6f3-cd893abfcb22 req-4315ae21-ea99-4150-949f-672e30d9a53a 565aad5b3dfe47b6ba3dcd699aef6171 8e8853619a734e988be4ff3144c8c3a9 - - 544411100d334396a74a587210763521 544411100d334396a74a587210763521] 199.204.45.65 "GET /allocations/cb166f04-8bbc-49f6-8ac7-1049a3d4eeea" status: 200 len: 258 microversion: 1.28 [pid: 7|app: 0|req: 523/1046] 199.204.45.65 () {34 vars in 861 bytes} [Tue Apr 7 01:19:02 2026] GET /allocations/cb166f04-8bbc-49f6-8ac7-1049a3d4eeea => generated 258 bytes in 12 msecs (HTTP/1.1 200) 8 headers in 296 bytes (1 switches on core 0)
2026-04-07 01:19:02.147 8 INFO placement.requestlog [req-d4db6811-9026-45f6-a6f3-cd893abfcb22 req-865a3d60-194e-4b8f-8031-424003920175 565aad5b3dfe47b6ba3dcd699aef6171 8e8853619a734e988be4ff3144c8c3a9 - - 544411100d334396a74a587210763521 544411100d334396a74a587210763521] 199.204.45.65 "GET /allocations/0d5a341a-0922-4448-8f91-846004eb493f" status: 200 len: 258 microversion: 1.28 [pid: 8|app: 0|req: 524/1047] 199.204.45.65 () {34 vars in 861 bytes} [Tue Apr 7 01:19:02 2026] GET /allocations/0d5a341a-0922-4448-8f91-846004eb493f => generated 258 bytes in 13 msecs (HTTP/1.1 200) 8 headers in 296 bytes (1 switches on core 0)
2026-04-07 01:19:02.170 7 INFO placement.requestlog [req-d4db6811-9026-45f6-a6f3-cd893abfcb22 req-7c855ea9-9579-446c-bfe4-9522ab29489f 565aad5b3dfe47b6ba3dcd699aef6171 8e8853619a734e988be4ff3144c8c3a9 - - 544411100d334396a74a587210763521 544411100d334396a74a587210763521] 199.204.45.65 "GET /allocations/5379c3da-f712-4e34-9415-bb03947cd376" status: 200 len: 245 microversion: 1.28 [pid: 7|app: 0|req: 524/1048] 199.204.45.65 () {34 vars in 861 bytes} [Tue Apr 7 01:19:02 2026] GET /allocations/5379c3da-f712-4e34-9415-bb03947cd376 => generated 245 bytes in 13 msecs (HTTP/1.1 200) 8 headers in 296 bytes (1 switches on core 0)
2026-04-07 01:19:04.104 7 INFO placement.requestlog [None req-369d8959-272f-4f52-bee2-f26d4a235a76 53181a6b83c0482abae1c7fa78e8307b 8e8853619a734e988be4ff3144c8c3a9 - - 544411100d334396a74a587210763521 544411100d334396a74a587210763521] 10.0.0.173 "GET /resource_providers/07b92f2a-4521-4652-9a4b-9a26936fa02f/aggregates" status: 404 len: 235 microversion: 1.1 [pid: 7|app: 0|req: 525/1049] 10.0.0.173 () {32 vars in 815 bytes} [Tue Apr 7 01:19:04 2026] GET /resource_providers/07b92f2a-4521-4652-9a4b-9a26936fa02f/aggregates => generated 235 bytes in 11 msecs (HTTP/1.1 404) 5 headers in 202 bytes (1 switches on core 0)
2026-04-07 01:19:04.106 8 INFO placement.requestlog [None req-dcab5454-e0e9-41b9-a847-9f21e16eb08b 53181a6b83c0482abae1c7fa78e8307b 8e8853619a734e988be4ff3144c8c3a9 - - 544411100d334396a74a587210763521 544411100d334396a74a587210763521] 10.0.0.173 "GET /resource_providers/07b92f2a-4521-4652-9a4b-9a26936fa02f/aggregates" status: 404 len: 235 microversion: 1.1 [pid: 8|app: 0|req: 525/1050] 10.0.0.173 () {32 vars in 815 bytes} [Tue Apr 7 01:19:04 2026] GET /resource_providers/07b92f2a-4521-4652-9a4b-9a26936fa02f/aggregates => generated 235 bytes in 14 msecs (HTTP/1.1 404) 5 headers in 202 bytes (1 switches on core 0)
2026-04-07 01:19:04.130 7 INFO placement.requestlog [None req-a592f0d8-1aa9-48b4-bf54-d739477f0ed0 53181a6b83c0482abae1c7fa78e8307b 8e8853619a734e988be4ff3144c8c3a9 - - 544411100d334396a74a587210763521 544411100d334396a74a587210763521] 10.0.0.173 "DELETE /resource_providers/07b92f2a-4521-4652-9a4b-9a26936fa02f" status: 404 len: 246 microversion: 1.1 [pid: 7|app: 0|req: 526/1051] 10.0.0.173 () {34 vars in 815 bytes} [Tue Apr 7 01:19:04 2026] DELETE /resource_providers/07b92f2a-4521-4652-9a4b-9a26936fa02f => generated 246 bytes in 20 msecs (HTTP/1.1 404) 6 headers in 231 bytes (1 switches on core 0)
2026-04-07 01:19:04.131 8 INFO placement.requestlog [None req-74f68633-10a6-4613-8ee9-e0b78abd6a4d 53181a6b83c0482abae1c7fa78e8307b 8e8853619a734e988be4ff3144c8c3a9 - - 544411100d334396a74a587210763521 544411100d334396a74a587210763521] 10.0.0.173 "DELETE /resource_providers/07b92f2a-4521-4652-9a4b-9a26936fa02f" status: 404 len: 246 microversion: 1.1 [pid: 8|app: 0|req: 526/1052] 10.0.0.173 () {34 vars in 815 bytes} [Tue Apr 7 01:19:04 2026] DELETE /resource_providers/07b92f2a-4521-4652-9a4b-9a26936fa02f => generated 246 bytes in 16 msecs (HTTP/1.1 404) 6 headers in 231 bytes (1 switches on core 0)
2026-04-07 01:19:06.136 8 INFO placement.requestlog [None req-21d673b0-e272-45ca-8766-58b00b4449b7 - - - - - -] 10.0.0.193 "GET /" status: 200 len: 136 microversion: 1.0
2026-04-07 01:19:06.137 7 INFO placement.requestlog [None req-766db802-17d5-46cd-942d-fd9e5b80435a - - - - - -] 10.0.0.193 "GET /" status: 200 len: 136 microversion: 1.0
2026-04-07 01:19:16.136 8 INFO placement.requestlog [None req-a0fec866-ebb8-4ea9-a0fb-9f4c32c79fbc - - - - - -] 10.0.0.193 "GET /" status: 200 len: 136 microversion: 1.0
2026-04-07 01:19:16.136 7 INFO placement.requestlog [None req-88e8ae36-727e-4b9c-9f01-7a83723e4bde - - - - - -] 10.0.0.193 "GET /" status: 200 len: 136 microversion: 1.0
2026-04-07 01:19:22.046 8 INFO placement.requestlog [None req-0aaca515-69b9-487a-8f72-93a93faecef4 53181a6b83c0482abae1c7fa78e8307b 8e8853619a734e988be4ff3144c8c3a9 - - 544411100d334396a74a587210763521 544411100d334396a74a587210763521] 10.0.0.173 "GET /resource_providers/b2c21409-a596-4216-acc0-b89cdd85c649/aggregates" status: 404 len: 235 microversion: 1.1
2026-04-07 01:19:22.047 7 INFO placement.requestlog [None req-e95ef3f5-1c3e-4df0-bf56-92c948a63adc 53181a6b83c0482abae1c7fa78e8307b 8e8853619a734e988be4ff3144c8c3a9 - - 544411100d334396a74a587210763521 544411100d334396a74a587210763521] 10.0.0.173 "GET /resource_providers/b2c21409-a596-4216-acc0-b89cdd85c649/aggregates" status: 404 len: 235 microversion: 1.1 [pid: 8|app: 0|req: 529/1057] 10.0.0.173 () {32 vars in 815 bytes} [Tue Apr 7 01:19:22 2026] GET /resource_providers/b2c21409-a596-4216-acc0-b89cdd85c649/aggregates => generated 235 bytes in 14 msecs (HTTP/1.1 404) 5 headers in 202 bytes (1 switches on core 0) [pid: 7|app: 0|req: 529/1058] 10.0.0.173 () {32 vars in 815 bytes} [Tue Apr 7 01:19:22 2026] GET /resource_providers/b2c21409-a596-4216-acc0-b89cdd85c649/aggregates => generated 235 bytes in 14 msecs (HTTP/1.1 404) 5 headers in 202 bytes (1 switches on core 0)
2026-04-07 01:19:22.060 8 INFO placement.requestlog [None req-fbe4188c-520d-4ef8-913c-3d75f41e91a5 53181a6b83c0482abae1c7fa78e8307b 8e8853619a734e988be4ff3144c8c3a9 - - 544411100d334396a74a587210763521 544411100d334396a74a587210763521] 10.0.0.173 "DELETE /resource_providers/b2c21409-a596-4216-acc0-b89cdd85c649" status: 404 len: 246 microversion: 1.1 [pid: 8|app: 0|req: 530/1059] 10.0.0.173 () {34 vars in 815 bytes} [Tue Apr 7 01:19:22 2026] DELETE /resource_providers/b2c21409-a596-4216-acc0-b89cdd85c649 => generated 246 bytes in 7 msecs (HTTP/1.1 404) 6 headers in 231 bytes (1 switches on core 0)
2026-04-07 01:19:22.064 7 INFO placement.requestlog [None req-3ec1d259-3828-4747-9400-e3c65585c126 53181a6b83c0482abae1c7fa78e8307b 8e8853619a734e988be4ff3144c8c3a9 - - 544411100d334396a74a587210763521 544411100d334396a74a587210763521] 10.0.0.173 "DELETE /resource_providers/b2c21409-a596-4216-acc0-b89cdd85c649" status: 404 len: 246 microversion: 1.1 [pid: 7|app: 0|req: 530/1060] 10.0.0.173 () {34 vars in 815 bytes} [Tue Apr 7 01:19:22 2026] DELETE /resource_providers/b2c21409-a596-4216-acc0-b89cdd85c649 => generated 246 bytes in 8 msecs (HTTP/1.1 404) 6 headers in 231 bytes (1 switches on core 0)
2026-04-07 01:19:26.136 8 INFO placement.requestlog [None req-d5a3c4a6-8fba-434d-bf1c-ae05232db6f5 - - - - - -] 10.0.0.193 "GET /" status: 200 len: 136 microversion: 1.0
2026-04-07 01:19:26.137 7 INFO placement.requestlog [None req-63311495-a407-4f37-9311-78d3c52d19f1 - - - - - -] 10.0.0.193 "GET /" status: 200 len: 136 microversion: 1.0
2026-04-07 01:19:27.763 8 INFO placement.requestlog [None req-820c08aa-af56-427f-bbcf-5d72ce5221de 53181a6b83c0482abae1c7fa78e8307b 8e8853619a734e988be4ff3144c8c3a9 - - 544411100d334396a74a587210763521 544411100d334396a74a587210763521] 10.0.0.173 "GET /resource_providers/755877a5-cf42-4138-8dd8-71db30a0d9ae/aggregates" status: 404 len: 235 microversion: 1.1 [pid: 8|app: 0|req: 532/1063] 10.0.0.173 () {32 vars in 815 bytes} [Tue Apr 7 01:19:27 2026] GET /resource_providers/755877a5-cf42-4138-8dd8-71db30a0d9ae/aggregates => generated 235 bytes in 15 msecs (HTTP/1.1 404) 5 headers in 202 bytes (1 switches on core 0)
2026-04-07 01:19:27.771 8 INFO placement.requestlog [None req-bb74876e-bc3e-498f-b011-bf5edb3f2968 53181a6b83c0482abae1c7fa78e8307b 8e8853619a734e988be4ff3144c8c3a9 - - 544411100d334396a74a587210763521 544411100d334396a74a587210763521] 10.0.0.173 "GET /resource_providers/755877a5-cf42-4138-8dd8-71db30a0d9ae/aggregates" status: 404 len: 235 microversion: 1.1 [pid: 8|app: 0|req: 533/1064] 10.0.0.173 () {32 vars in 815 bytes} [Tue Apr 7 01:19:27 2026] GET /resource_providers/755877a5-cf42-4138-8dd8-71db30a0d9ae/aggregates => generated 235 bytes in 7 msecs (HTTP/1.1 404) 5 headers in 202 bytes (1 switches on core 0)
2026-04-07 01:19:27.780 8 INFO placement.requestlog [None req-f95343e3-74af-460c-bb16-8fd3dde81883 53181a6b83c0482abae1c7fa78e8307b 8e8853619a734e988be4ff3144c8c3a9 - - 544411100d334396a74a587210763521 544411100d334396a74a587210763521] 10.0.0.173 "DELETE /resource_providers/755877a5-cf42-4138-8dd8-71db30a0d9ae" status: 404 len: 246 microversion: 1.1 [pid: 8|app: 0|req: 534/1065] 10.0.0.173 () {34 vars in 815 bytes} [Tue Apr 7 01:19:27 2026] DELETE /resource_providers/755877a5-cf42-4138-8dd8-71db30a0d9ae => generated 246 bytes in 8 msecs (HTTP/1.1 404) 6 headers in 231 bytes (1 switches on core 0)
2026-04-07 01:19:27.786 8 INFO placement.requestlog [None req-d661fa9e-5a32-42c0-a05a-7a2181f1ad8d 53181a6b83c0482abae1c7fa78e8307b 8e8853619a734e988be4ff3144c8c3a9 - - 544411100d334396a74a587210763521 544411100d334396a74a587210763521] 10.0.0.173 "DELETE /resource_providers/755877a5-cf42-4138-8dd8-71db30a0d9ae" status: 404 len: 246 microversion: 1.1 [pid: 8|app: 0|req: 535/1066] 10.0.0.173 () {34 vars in 815 bytes} [Tue Apr 7 01:19:27 2026] DELETE /resource_providers/755877a5-cf42-4138-8dd8-71db30a0d9ae => generated 246 bytes in 6 msecs (HTTP/1.1 404) 6 headers in 231 bytes (1 switches on core 0)
2026-04-07 01:19:27.816 7 INFO placement.requestlog [req-5e927e4e-2844-46f6-9307-ad634c4bfa07 req-7f4d1f13-915f-42c7-a9d4-6175556d3596 565aad5b3dfe47b6ba3dcd699aef6171 8e8853619a734e988be4ff3144c8c3a9 - - 544411100d334396a74a587210763521 544411100d334396a74a587210763521] 10.0.0.212 "GET /allocation_candidates?limit=1000&resources=DISK_GB%3A1%2CMEMORY_MB%3A512%2CVCPU%3A1&root_required=%21COMPUTE_STATUS_DISABLED" status: 200 len: 2387 microversion: 1.36 [pid: 7|app: 0|req: 532/1067] 10.0.0.212 () {34 vars in 1011 bytes} [Tue Apr 7 01:19:27 2026] GET /allocation_candidates?limit=1000&resources=DISK_GB%3A1%2CMEMORY_MB%3A512%2CVCPU%3A1&root_required=%21COMPUTE_STATUS_DISABLED => generated 2387 bytes in 64 msecs (HTTP/1.1 200) 8 headers in 297 bytes (1 switches on core 0)
2026-04-07 01:19:27.847 8 INFO placement.requestlog [req-5e927e4e-2844-46f6-9307-ad634c4bfa07 req-1a1aed9b-4a6a-49df-877a-4a0f445cffde 565aad5b3dfe47b6ba3dcd699aef6171 8e8853619a734e988be4ff3144c8c3a9 - - 544411100d334396a74a587210763521 544411100d334396a74a587210763521] 10.0.0.212 "GET /allocations/05caf8f6-6685-4b25-a89e-fc2a244813b4" status: 200 len: 19 microversion: 1.28 [pid: 8|app: 0|req: 536/1068] 10.0.0.212 () {34 vars in 860 bytes} [Tue Apr 7 01:19:27 2026] GET /allocations/05caf8f6-6685-4b25-a89e-fc2a244813b4 => generated 19 bytes in 11 msecs (HTTP/1.1 200) 8 headers in 295 bytes (1 switches on core 0)
2026-04-07 01:19:27.902 7 INFO placement.requestlog [req-5e927e4e-2844-46f6-9307-ad634c4bfa07 req-5b5a4798-688d-4a2b-af7f-ec2da450deb2 565aad5b3dfe47b6ba3dcd699aef6171 8e8853619a734e988be4ff3144c8c3a9 - - 544411100d334396a74a587210763521 544411100d334396a74a587210763521] 10.0.0.212 "PUT /allocations/05caf8f6-6685-4b25-a89e-fc2a244813b4" status: 204 len: 0 microversion: 1.36 [pid: 7|app: 0|req: 533/1069] 10.0.0.212 () {38 vars in 913 bytes} [Tue Apr 7 01:19:27 2026] PUT /allocations/05caf8f6-6685-4b25-a89e-fc2a244813b4 => generated 0 bytes in 50 msecs (HTTP/1.1 204) 5 headers in 199 bytes (1 switches on core 0)
2026-04-07 01:19:29.421 8 INFO placement.requestlog [req-5e927e4e-2844-46f6-9307-ad634c4bfa07 req-3243b71d-18f3-4c66-ac90-f748a6c14292 565aad5b3dfe47b6ba3dcd699aef6171 8e8853619a734e988be4ff3144c8c3a9 - - 544411100d334396a74a587210763521 544411100d334396a74a587210763521] 199.204.45.65 "GET /allocations/05caf8f6-6685-4b25-a89e-fc2a244813b4" status: 200 len: 258 microversion: 1.28 [pid: 8|app: 0|req: 537/1070] 199.204.45.65 () {34 vars in 861 bytes} [Tue Apr 7 01:19:29 2026] GET /allocations/05caf8f6-6685-4b25-a89e-fc2a244813b4 => generated 258 bytes in 14 msecs (HTTP/1.1 200) 8 headers in 296 bytes (1 switches on core 0)
2026-04-07 01:19:30.471 7 INFO placement.requestlog [req-5e927e4e-2844-46f6-9307-ad634c4bfa07 req-f194d375-fab7-48fc-abef-ba3211355487 565aad5b3dfe47b6ba3dcd699aef6171 8e8853619a734e988be4ff3144c8c3a9 - - 544411100d334396a74a587210763521 544411100d334396a74a587210763521] 199.204.45.65 "GET /resource_providers/51f74af0-a86e-475a-89cc-0f501ac099f6/allocations" status: 200 len: 540 microversion: 1.0 [pid: 7|app: 0|req: 534/1071] 199.204.45.65 () {32 vars in 855 bytes} [Tue Apr 7 01:19:30 2026] GET /resource_providers/51f74af0-a86e-475a-89cc-0f501ac099f6/allocations => generated 540 bytes in 20 msecs (HTTP/1.1 200) 6 headers in 224 bytes (1 switches on core 0)
2026-04-07 01:19:30.493 8 INFO placement.requestlog [req-5e927e4e-2844-46f6-9307-ad634c4bfa07 req-cc807bbe-fcac-4a65-bd50-14e1bc856df7 565aad5b3dfe47b6ba3dcd699aef6171 8e8853619a734e988be4ff3144c8c3a9 - - 544411100d334396a74a587210763521 544411100d334396a74a587210763521] 199.204.45.65 "GET /allocations/8c47e364-a25b-4e68-9637-49fe472aeeaf" status: 200 len: 258 microversion: 1.28 [pid: 8|app: 0|req: 538/1072] 199.204.45.65 () {34 vars in 861 bytes} [Tue Apr 7 01:19:30 2026] GET /allocations/8c47e364-a25b-4e68-9637-49fe472aeeaf => generated 258 bytes in 14 msecs (HTTP/1.1 200) 8 headers in 296 bytes (1 switches on core 0)
2026-04-07 01:19:30.519 7 INFO placement.requestlog [req-5e927e4e-2844-46f6-9307-ad634c4bfa07 req-4bd52f0f-ef63-4fb7-a5b6-abb1a787a1c7 565aad5b3dfe47b6ba3dcd699aef6171 8e8853619a734e988be4ff3144c8c3a9 - - 544411100d334396a74a587210763521 544411100d334396a74a587210763521] 199.204.45.65 "GET /allocations/cb166f04-8bbc-49f6-8ac7-1049a3d4eeea" status: 200 len: 258 microversion: 1.28 [pid: 7|app: 0|req: 535/1073] 199.204.45.65 () {34 vars in 861 bytes} [Tue Apr 7 01:19:30 2026] GET /allocations/cb166f04-8bbc-49f6-8ac7-1049a3d4eeea => generated 258 bytes in 19 msecs (HTTP/1.1 200) 8 headers in 296 bytes (1 switches on core 0)
2026-04-07 01:19:30.538 8 INFO placement.requestlog [req-5e927e4e-2844-46f6-9307-ad634c4bfa07 req-c65f376e-7ff2-4ef8-a6c6-9b23624f0dda 565aad5b3dfe47b6ba3dcd699aef6171 8e8853619a734e988be4ff3144c8c3a9 - - 544411100d334396a74a587210763521 544411100d334396a74a587210763521] 199.204.45.65 "GET /allocations/0d5a341a-0922-4448-8f91-846004eb493f" status: 200 len: 258 microversion: 1.28 [pid: 8|app: 0|req: 539/1074] 199.204.45.65 () {34 vars in 861 bytes} [Tue Apr 7 01:19:30 2026] GET /allocations/0d5a341a-0922-4448-8f91-846004eb493f => generated 258 bytes in 13 msecs (HTTP/1.1 200) 8 headers in 296 bytes (1 switches on core 0)
2026-04-07 01:19:30.557 7 INFO placement.requestlog [req-5e927e4e-2844-46f6-9307-ad634c4bfa07 req-217d7d58-c8ee-4fbb-912e-88a2ff427c46 565aad5b3dfe47b6ba3dcd699aef6171 8e8853619a734e988be4ff3144c8c3a9 - - 544411100d334396a74a587210763521 544411100d334396a74a587210763521] 199.204.45.65 "GET /allocations/05caf8f6-6685-4b25-a89e-fc2a244813b4" status: 200 len: 258 microversion: 1.28 [pid: 7|app: 0|req: 536/1075] 199.204.45.65 () {34 vars in 861 bytes} [Tue Apr 7 01:19:30 2026] GET /allocations/05caf8f6-6685-4b25-a89e-fc2a244813b4 => generated 258 bytes in 12 msecs (HTTP/1.1 200) 8 headers in 296 bytes (1 switches on core 0)
2026-04-07 01:19:30.574 8 INFO placement.requestlog [req-5e927e4e-2844-46f6-9307-ad634c4bfa07 req-2d1fdb8f-9327-4260-9409-1f608798d664 565aad5b3dfe47b6ba3dcd699aef6171 8e8853619a734e988be4ff3144c8c3a9 - - 544411100d334396a74a587210763521 544411100d334396a74a587210763521] 199.204.45.65 "GET /allocations/5379c3da-f712-4e34-9415-bb03947cd376" status: 200 len: 245 microversion: 1.28 [pid: 8|app: 0|req: 540/1076] 199.204.45.65 () {34 vars in 861 bytes} [Tue Apr 7 01:19:30 2026] GET /allocations/5379c3da-f712-4e34-9415-bb03947cd376 => generated 245 bytes in 14 msecs (HTTP/1.1 200) 8 headers in 296 bytes (1 switches on core 0)
2026-04-07 01:19:31.079 7 INFO placement.requestlog [None req-7b1b9bda-dd15-48ef-95fd-fc9630681152 53181a6b83c0482abae1c7fa78e8307b 8e8853619a734e988be4ff3144c8c3a9 - - 544411100d334396a74a587210763521 544411100d334396a74a587210763521] 10.0.0.173 "GET /resource_providers/d5cee9ce-fc92-4560-acb8-98605f7c0c8f/aggregates" status: 404 len: 235 microversion: 1.1 [pid: 7|app: 0|req: 537/1077] 10.0.0.173 () {32 vars in 815 bytes} [Tue Apr 7 01:19:31 2026] GET /resource_providers/d5cee9ce-fc92-4560-acb8-98605f7c0c8f/aggregates => generated 235 bytes in 11 msecs (HTTP/1.1 404) 5 headers in 202 bytes (1 switches on core 0)
2026-04-07 01:19:31.079 8 INFO placement.requestlog [None req-63b97512-0dd0-4891-b595-dc29675eb174 53181a6b83c0482abae1c7fa78e8307b 8e8853619a734e988be4ff3144c8c3a9 - - 544411100d334396a74a587210763521 544411100d334396a74a587210763521] 10.0.0.173 "GET /resource_providers/d5cee9ce-fc92-4560-acb8-98605f7c0c8f/aggregates" status: 404 len: 235 microversion: 1.1 [pid: 8|app: 0|req: 541/1078] 10.0.0.173 () {32 vars in 815 bytes} [Tue Apr 7 01:19:31 2026] GET /resource_providers/d5cee9ce-fc92-4560-acb8-98605f7c0c8f/aggregates => generated 235 bytes in 12 msecs (HTTP/1.1 404) 5 headers in 202 bytes (1 switches on core 0)
2026-04-07 01:19:31.093 8 INFO placement.requestlog [None req-695d8d2f-6694-4ecc-8faa-0e6261fad267 53181a6b83c0482abae1c7fa78e8307b 8e8853619a734e988be4ff3144c8c3a9 - - 544411100d334396a74a587210763521 544411100d334396a74a587210763521] 10.0.0.173 "DELETE /resource_providers/d5cee9ce-fc92-4560-acb8-98605f7c0c8f" status: 404 len: 246 microversion: 1.1 [pid: 8|app: 0|req: 542/1079] 10.0.0.173 () {34 vars in 815 bytes} [Tue Apr 7 01:19:31 2026] DELETE /resource_providers/d5cee9ce-fc92-4560-acb8-98605f7c0c8f => generated 246 bytes in 7 msecs (HTTP/1.1 404) 6 headers in 231 bytes (1 switches on core 0)
2026-04-07 01:19:31.096 7 INFO placement.requestlog [None req-1fb78209-d7cf-4a96-8e1f-b2d5b10da4cc 53181a6b83c0482abae1c7fa78e8307b 8e8853619a734e988be4ff3144c8c3a9 - - 544411100d334396a74a587210763521 544411100d334396a74a587210763521] 10.0.0.173 "DELETE /resource_providers/d5cee9ce-fc92-4560-acb8-98605f7c0c8f" status: 404 len: 246 microversion: 1.1 [pid: 7|app: 0|req: 538/1080] 10.0.0.173 () {34 vars in 815 bytes} [Tue Apr 7 01:19:31 2026] DELETE /resource_providers/d5cee9ce-fc92-4560-acb8-98605f7c0c8f => generated 246 bytes in 10 msecs (HTTP/1.1 404) 6 headers in 231 bytes (1 switches on core 0)
2026-04-07 01:19:36.137 8 INFO placement.requestlog [None req-2504ba4a-3225-4970-a1e6-b1d97f39dfac - - - - - -] 10.0.0.193 "GET /" status: 200 len: 136 microversion: 1.0
2026-04-07 01:19:36.137 7 INFO placement.requestlog [None req-265b1b29-7876-4b8a-96ef-6ad6018b1176 - - - - - -] 10.0.0.193 "GET /" status: 200 len: 136 microversion: 1.0
2026-04-07 01:19:46.136 8 INFO placement.requestlog [None req-01be91b2-6083-4b14-91dc-df0fe774d921 - - - - - -] 10.0.0.193 "GET /" status: 200 len: 136 microversion: 1.0
2026-04-07 01:19:46.136 7 INFO placement.requestlog [None req-84b047a3-6bd7-4473-9988-3e4a93511c68 - - - - - -] 10.0.0.193 "GET /" status: 200 len: 136 microversion: 1.0
2026-04-07 01:19:51.769 8 INFO placement.requestlog [req-0092351a-824e-4269-b9a2-5e6fcc87aba1 req-020da6ea-5617-4824-be06-46ddb0ef6b67 565aad5b3dfe47b6ba3dcd699aef6171 8e8853619a734e988be4ff3144c8c3a9 - - 544411100d334396a74a587210763521 544411100d334396a74a587210763521] 199.204.45.65 "GET /resource_providers/51f74af0-a86e-475a-89cc-0f501ac099f6/allocations" status: 200 len: 540 microversion: 1.0 [pid: 8|app: 0|req: 545/1085] 199.204.45.65 () {32 vars in 855 bytes} [Tue Apr 7 01:19:51 2026] GET /resource_providers/51f74af0-a86e-475a-89cc-0f501ac099f6/allocations => generated 540 bytes in 21 msecs (HTTP/1.1 200) 6 headers in 224 bytes (1 switches on core 0)
2026-04-07 01:19:51.787 7 INFO placement.requestlog [req-0092351a-824e-4269-b9a2-5e6fcc87aba1 req-1da7e456-744a-46f5-918c-8ecf2cafbb3a 565aad5b3dfe47b6ba3dcd699aef6171 8e8853619a734e988be4ff3144c8c3a9 - - 544411100d334396a74a587210763521 544411100d334396a74a587210763521] 199.204.45.65 "GET /resource_providers/51f74af0-a86e-475a-89cc-0f501ac099f6/allocations" status: 200 len: 540 microversion: 1.0 [pid: 7|app: 0|req: 541/1086] 199.204.45.65 () {32 vars in 855 bytes} [Tue Apr 7 01:19:51 2026] GET /resource_providers/51f74af0-a86e-475a-89cc-0f501ac099f6/allocations => generated 540 bytes in 12 msecs (HTTP/1.1 200) 6 headers in 224 bytes (1 switches on core 0)
2026-04-07 01:19:51.810 8 INFO placement.requestlog [req-0092351a-824e-4269-b9a2-5e6fcc87aba1 req-22c97645-64c9-4ac0-8820-4aeae1083fe5 565aad5b3dfe47b6ba3dcd699aef6171 8e8853619a734e988be4ff3144c8c3a9 - - 544411100d334396a74a587210763521 544411100d334396a74a587210763521] 199.204.45.65 "GET /allocations/8c47e364-a25b-4e68-9637-49fe472aeeaf" status: 200 len: 258 microversion: 1.28 [pid: 8|app: 0|req: 546/1087] 199.204.45.65 () {34 vars in 861 bytes} [Tue Apr 7 01:19:51 2026] GET /allocations/8c47e364-a25b-4e68-9637-49fe472aeeaf => generated 258 bytes in 12 msecs (HTTP/1.1 200) 8 headers in 296 bytes (1 switches on core 0)
2026-04-07 01:19:51.830 7 INFO placement.requestlog [req-0092351a-824e-4269-b9a2-5e6fcc87aba1 req-8712c412-cf75-41aa-b509-29334d58f3d5 565aad5b3dfe47b6ba3dcd699aef6171 8e8853619a734e988be4ff3144c8c3a9 - - 544411100d334396a74a587210763521 544411100d334396a74a587210763521] 199.204.45.65 "GET /allocations/cb166f04-8bbc-49f6-8ac7-1049a3d4eeea" status: 200 len: 258 microversion: 1.28 [pid: 7|app: 0|req: 542/1088] 199.204.45.65 () {34 vars in 861 bytes} [Tue Apr 7 01:19:51 2026] GET /allocations/cb166f04-8bbc-49f6-8ac7-1049a3d4eeea => generated 258 bytes in 13 msecs (HTTP/1.1 200) 8 headers in 296 bytes (1 switches on core 0)
2026-04-07 01:19:51.855 8 INFO placement.requestlog [req-0092351a-824e-4269-b9a2-5e6fcc87aba1 req-7387b79b-6630-479a-af9c-8fb0a48ef1c6 565aad5b3dfe47b6ba3dcd699aef6171 8e8853619a734e988be4ff3144c8c3a9 - - 544411100d334396a74a587210763521 544411100d334396a74a587210763521] 199.204.45.65 "GET /allocations/0d5a341a-0922-4448-8f91-846004eb493f" status: 200 len: 258 microversion: 1.28 [pid: 8|app: 0|req: 547/1089] 199.204.45.65 () {34 vars in 861 bytes} [Tue Apr 7 01:19:51 2026] GET /allocations/0d5a341a-0922-4448-8f91-846004eb493f => generated 258 bytes in 13 msecs (HTTP/1.1 200) 8 headers in 296 bytes (1 switches on core 0)
2026-04-07 01:19:51.877 7 INFO placement.requestlog [req-0092351a-824e-4269-b9a2-5e6fcc87aba1 req-98c29999-f4b5-4a21-8365-1395660af834 565aad5b3dfe47b6ba3dcd699aef6171 8e8853619a734e988be4ff3144c8c3a9 - - 544411100d334396a74a587210763521 544411100d334396a74a587210763521] 199.204.45.65 "GET /allocations/05caf8f6-6685-4b25-a89e-fc2a244813b4" status: 200 len: 258 microversion: 1.28 [pid: 7|app: 0|req: 543/1090] 199.204.45.65 () {34 vars in 861 bytes} [Tue Apr 7 01:19:51 2026] GET /allocations/05caf8f6-6685-4b25-a89e-fc2a244813b4 => generated 258 bytes in 12 msecs (HTTP/1.1 200) 8 headers in 296 bytes (1 switches on core 0)
2026-04-07 01:19:51.896 8 INFO placement.requestlog [req-0092351a-824e-4269-b9a2-5e6fcc87aba1 req-dcfebccb-6b5d-4295-9930-1a87e817a299 565aad5b3dfe47b6ba3dcd699aef6171 8e8853619a734e988be4ff3144c8c3a9 - - 544411100d334396a74a587210763521 544411100d334396a74a587210763521] 199.204.45.65 "GET /allocations/5379c3da-f712-4e34-9415-bb03947cd376" status: 200 len: 245 microversion: 1.28 [pid: 8|app: 0|req: 548/1091] 199.204.45.65 () {34 vars in 861 bytes} [Tue Apr 7 01:19:51 2026] GET /allocations/5379c3da-f712-4e34-9415-bb03947cd376 => generated 245 bytes in 15 msecs (HTTP/1.1 200) 8 headers in 296 bytes (1 switches on core 0)
2026-04-07 01:19:56.137 8 INFO placement.requestlog [None req-963f6fcc-87eb-4483-9d83-2d81569d2a53 - - - - - -] 10.0.0.193 "GET /" status: 200 len: 136 microversion: 1.0
2026-04-07 01:19:56.138 7 INFO placement.requestlog [None req-21eb657f-531f-403c-a115-c12eebef0ac4 - - - - - -] 10.0.0.193 "GET /" status: 200 len: 136 microversion: 1.0
2026-04-07 01:20:01.131 8 INFO placement.requestlog [req-c9d1fc66-7754-4e73-8906-fc0668db5f7a req-f36d31a5-0732-4c0f-90da-d1180cc86e8e 565aad5b3dfe47b6ba3dcd699aef6171 8e8853619a734e988be4ff3144c8c3a9 - - 544411100d334396a74a587210763521 544411100d334396a74a587210763521] 199.204.45.65 "GET /resource_providers/51f74af0-a86e-475a-89cc-0f501ac099f6/allocations" status: 200 len: 540 microversion: 1.0 [pid: 8|app: 0|req: 550/1094] 199.204.45.65 () {32 vars in 855 bytes} [Tue Apr 7 01:20:01 2026] GET /resource_providers/51f74af0-a86e-475a-89cc-0f501ac099f6/allocations => generated 540 bytes in 22 msecs (HTTP/1.1 200) 6 headers in 224 bytes (1 switches on core 0)
2026-04-07 01:20:01.152 7 INFO placement.requestlog [req-c9d1fc66-7754-4e73-8906-fc0668db5f7a req-c91cf1a9-34df-44fe-8269-97167a8ea4b0 565aad5b3dfe47b6ba3dcd699aef6171 8e8853619a734e988be4ff3144c8c3a9 - - 544411100d334396a74a587210763521 544411100d334396a74a587210763521] 199.204.45.65 "GET /allocations/8c47e364-a25b-4e68-9637-49fe472aeeaf" status: 200 len: 258 microversion: 1.28 [pid: 7|app: 0|req: 545/1095] 199.204.45.65 () {34 vars in 861 bytes} [Tue Apr 7 01:20:01 2026] GET /allocations/8c47e364-a25b-4e68-9637-49fe472aeeaf => generated 258 bytes in 14 msecs (HTTP/1.1 200) 8 headers in 296 bytes (1 switches on core 0)
2026-04-07 01:20:01.168 8 INFO placement.requestlog [req-c9d1fc66-7754-4e73-8906-fc0668db5f7a req-312a880d-49c5-4061-b468-adca0882b6c2 565aad5b3dfe47b6ba3dcd699aef6171 8e8853619a734e988be4ff3144c8c3a9 - - 544411100d334396a74a587210763521 544411100d334396a74a587210763521] 199.204.45.65 "GET /allocations/cb166f04-8bbc-49f6-8ac7-1049a3d4eeea" status: 200 len: 258 microversion: 1.28 [pid: 8|app: 0|req: 551/1096] 199.204.45.65 () {34 vars in 861 bytes} [Tue Apr 7 01:20:01 2026] GET /allocations/cb166f04-8bbc-49f6-8ac7-1049a3d4eeea => generated 258 bytes in 12 msecs (HTTP/1.1 200) 8 headers in 296 bytes (1 switches on core 0)
2026-04-07 01:20:01.186 7 INFO placement.requestlog [req-c9d1fc66-7754-4e73-8906-fc0668db5f7a req-67990b4b-2d8e-4f71-8f42-04b0dda4001a 565aad5b3dfe47b6ba3dcd699aef6171 8e8853619a734e988be4ff3144c8c3a9 - - 544411100d334396a74a587210763521 544411100d334396a74a587210763521] 199.204.45.65 "GET /allocations/0d5a341a-0922-4448-8f91-846004eb493f" status: 200 len: 258 microversion: 1.28 [pid: 7|app: 0|req: 546/1097] 199.204.45.65 () {34 vars in 861 bytes} [Tue Apr 7 01:20:01 2026] GET /allocations/0d5a341a-0922-4448-8f91-846004eb493f => generated 258 bytes in 14 msecs (HTTP/1.1 200) 8 headers in 296 bytes (1 switches on core 0)
2026-04-07 01:20:01.208 8 INFO placement.requestlog [req-c9d1fc66-7754-4e73-8906-fc0668db5f7a req-86f80e91-a194-4163-a402-cb8dcf01bb3d 565aad5b3dfe47b6ba3dcd699aef6171 8e8853619a734e988be4ff3144c8c3a9 - - 544411100d334396a74a587210763521 544411100d334396a74a587210763521] 199.204.45.65 "GET /allocations/05caf8f6-6685-4b25-a89e-fc2a244813b4" status: 200 len: 258 microversion: 1.28 [pid: 8|app: 0|req: 552/1098] 199.204.45.65 () {34 vars in 861 bytes} [Tue Apr 7 01:20:01 2026] GET /allocations/05caf8f6-6685-4b25-a89e-fc2a244813b4 => generated 258 bytes in 16 msecs (HTTP/1.1 200) 8 headers in 296 bytes (1 switches on core 0)
2026-04-07 01:20:01.232 7 INFO placement.requestlog [req-c9d1fc66-7754-4e73-8906-fc0668db5f7a req-3d6184ed-31d1-4a1d-be18-6f2e0f2d94ae 565aad5b3dfe47b6ba3dcd699aef6171 8e8853619a734e988be4ff3144c8c3a9 - - 544411100d334396a74a587210763521 544411100d334396a74a587210763521] 199.204.45.65 "GET /allocations/5379c3da-f712-4e34-9415-bb03947cd376" status: 200 len: 245 microversion: 1.28 [pid: 7|app: 0|req: 547/1099] 199.204.45.65 () {34 vars in 861 bytes} [Tue Apr 7 01:20:01 2026] GET /allocations/5379c3da-f712-4e34-9415-bb03947cd376 => generated 245 bytes in 18 msecs (HTTP/1.1 200) 8 headers in 296 bytes (1 switches on core 0)
