May 20 22:08:10.922187 np0000175545 systemd[1]: Starting devstack@n-api.service - Devstack devstack@n-api.service...
May 20 22:08:10.932893 np0000175545 devstack@n-api.service[99888]: [uWSGI] getting INI configuration from /etc/nova/nova-api-uwsgi.ini
May 20 22:08:10.935781 np0000175545 devstack@n-api.service[99888]: *** Starting uWSGI 2.0.24-debian (64bit) on [Wed May 20 22:08:10 2026] ***
May 20 22:08:10.935781 np0000175545 devstack@n-api.service[99888]: compiled with version: 13.2.0 on 17 April 2024 16:23:48
May 20 22:08:10.935781 np0000175545 devstack@n-api.service[99888]: os: Linux-6.8.0-111-generic #111-Ubuntu SMP PREEMPT_DYNAMIC Sat Apr 11 23:16:02 UTC 2026
May 20 22:08:10.935781 np0000175545 devstack@n-api.service[99888]: nodename: np0000175545
May 20 22:08:10.935781 np0000175545 devstack@n-api.service[99888]: machine: x86_64
May 20 22:08:10.935781 np0000175545 devstack@n-api.service[99888]: clock source: unix
May 20 22:08:10.935781 np0000175545 devstack@n-api.service[99888]: pcre jit disabled
May 20 22:08:10.935781 np0000175545 devstack@n-api.service[99888]: detected number of CPU cores: 16
May 20 22:08:10.935781 np0000175545 devstack@n-api.service[99888]: current working directory: /
May 20 22:08:10.935781 np0000175545 devstack@n-api.service[99888]: detected binary path: /usr/bin/uwsgi-core
May 20 22:08:10.935781 np0000175545 devstack@n-api.service[99888]: your processes number limit is 256917
May 20 22:08:10.935781 np0000175545 devstack@n-api.service[99888]: your memory page size is 4096 bytes
May 20 22:08:10.935781 np0000175545 devstack@n-api.service[99888]: detected max file descriptor number: 2048
May 20 22:08:10.935781 np0000175545 devstack@n-api.service[99888]: lock engine: pthread robust mutexes
May 20 22:08:10.936530 np0000175545 devstack@n-api.service[99888]: thunder lock: enabled
May 20 22:08:10.936530 np0000175545 devstack@n-api.service[99888]: uwsgi socket 0 bound to UNIX address /var/run/uwsgi/nova-api.socket fd 4
May 20 22:08:10.936530 np0000175545 devstack@n-api.service[99888]: Python version: 3.12.3 (main, Mar 23 2026, 19:04:32) [GCC 13.3.0]
May 20 22:08:10.936530 np0000175545 devstack@n-api.service[99888]: PEP 405 virtualenv detected: /opt/stack/data/venv
May 20 22:08:10.936530 np0000175545 devstack@n-api.service[99888]: Set PythonHome to /opt/stack/data/venv
May 20 22:08:10.973811 np0000175545 devstack@n-api.service[99888]: Python main interpreter initialized at 0x77c364aa3668
May 20 22:08:10.973811 np0000175545 devstack@n-api.service[99888]: python threads support enabled
May 20 22:08:10.973811 np0000175545 devstack@n-api.service[99888]: your server socket listen backlog is limited to 100 connections
May 20 22:08:10.973811 np0000175545 devstack@n-api.service[99888]: your mercy for graceful operations on workers is 80 seconds
May 20 22:08:10.974360 np0000175545 devstack@n-api.service[99888]: mapped 671795 bytes (656 KB) for 4 cores
May 20 22:08:10.974549 np0000175545 devstack@n-api.service[99888]: *** Operational MODE: preforking ***
May 20 22:08:10.974725 np0000175545 devstack@n-api.service[99888]: *** uWSGI is running in multiple interpreter mode ***
May 20 22:08:10.974725 np0000175545 devstack@n-api.service[99888]: spawned uWSGI master process (pid: 99888)
May 20 22:08:10.974951 np0000175545 systemd[1]: Started devstack@n-api.service - Devstack devstack@n-api.service.
May 20 22:08:10.975491 np0000175545 devstack@n-api.service[99888]: spawned uWSGI worker 1 (pid: 99889, cores: 1)
May 20 22:08:10.975935 np0000175545 devstack@n-api.service[99888]: spawned uWSGI worker 2 (pid: 99890, cores: 1)
May 20 22:08:10.976551 np0000175545 devstack@n-api.service[99888]: spawned uWSGI worker 3 (pid: 99891, cores: 1)
May 20 22:08:10.977046 np0000175545 devstack@n-api.service[99888]: spawned uWSGI worker 4 (pid: 99892, cores: 1)
May 20 22:08:10.977121 np0000175545 devstack@n-api.service[99888]: running "unix_signal:15 gracefully_kill_them_all" (master-start)...
May 20 22:08:12.768156 np0000175545 devstack@n-api.service[99892]: INFO dbcounter [None req-f02a8d3a-d578-4446-ba2e-1dae58498de6 None None] Registered counter for database nova_api
May 20 22:08:12.780501 np0000175545 devstack@n-api.service[99892]: DEBUG oslo_db.sqlalchemy.engines [None req-f02a8d3a-d578-4446-ba2e-1dae58498de6 None None] MySQL server mode set to STRICT_TRANS_TABLES,STRICT_ALL_TABLES,NO_ZERO_IN_DATE,NO_ZERO_DATE,ERROR_FOR_DIVISION_BY_ZERO,TRADITIONAL,NO_ENGINE_SUBSTITUTION {{(pid=99892) _check_effective_sql_mode /opt/stack/data/venv/lib/python3.12/site-packages/oslo_db/sqlalchemy/engines.py:325}}
May 20 22:08:12.813164 np0000175545 devstack@n-api.service[99892]: DEBUG dbcounter [-] [99892] Writer thread running {{(pid=99892) stat_writer /opt/stack/data/venv/lib/python3.12/site-packages/dbcounter.py:102}}
May 20 22:08:12.815980 np0000175545 devstack@n-api.service[99892]: DEBUG nova.context [None req-f02a8d3a-d578-4446-ba2e-1dae58498de6 None None] Found 2 cells: 00000000-0000-0000-0000-000000000000(cell0),ab7451e2-7216-48f8-857c-d3ed47b7ba2a(cell1) {{(pid=99892) load_cells /opt/stack/nova/nova/context.py:509}}
May 20 22:08:12.816209 np0000175545 devstack@n-api.service[99892]: INFO nova.utils [None req-f02a8d3a-d578-4446-ba2e-1dae58498de6 None None] The cell worker thread pool MainProcess.cell_worker is initialized
May 20 22:08:12.817928 np0000175545 devstack@n-api.service[99892]: DEBUG oslo_concurrency.lockutils [None req-f02a8d3a-d578-4446-ba2e-1dae58498de6 None None] Acquiring lock "00000000-0000-0000-0000-000000000000" by "nova.context.set_target_cell..get_or_set_cached_cell_and_set_connections" {{(pid=99892) inner /opt/stack/data/venv/lib/python3.12/site-packages/oslo_concurrency/lockutils.py:511}}
May 20 22:08:12.818123 np0000175545 devstack@n-api.service[99892]: DEBUG oslo_concurrency.lockutils [None req-f02a8d3a-d578-4446-ba2e-1dae58498de6 None None] Lock "00000000-0000-0000-0000-000000000000" acquired by "nova.context.set_target_cell..get_or_set_cached_cell_and_set_connections" :: waited 0.000s {{(pid=99892) inner /opt/stack/data/venv/lib/python3.12/site-packages/oslo_concurrency/lockutils.py:524}}
May 20 22:08:12.818531 np0000175545 devstack@n-api.service[99892]: DEBUG oslo_concurrency.lockutils [None req-f02a8d3a-d578-4446-ba2e-1dae58498de6 None None] Lock "00000000-0000-0000-0000-000000000000" "released" by "nova.context.set_target_cell..get_or_set_cached_cell_and_set_connections" :: held 0.000s {{(pid=99892) inner /opt/stack/data/venv/lib/python3.12/site-packages/oslo_concurrency/lockutils.py:543}}
May 20 22:08:12.819335 np0000175545 devstack@n-api.service[99892]: DEBUG oslo_concurrency.lockutils [None req-f02a8d3a-d578-4446-ba2e-1dae58498de6 None None] Acquiring lock "ab7451e2-7216-48f8-857c-d3ed47b7ba2a" by "nova.context.set_target_cell..get_or_set_cached_cell_and_set_connections" {{(pid=99892) inner /opt/stack/data/venv/lib/python3.12/site-packages/oslo_concurrency/lockutils.py:511}}
May 20 22:08:12.819541 np0000175545 devstack@n-api.service[99892]: DEBUG oslo_concurrency.lockutils [None req-f02a8d3a-d578-4446-ba2e-1dae58498de6 None None] Lock "ab7451e2-7216-48f8-857c-d3ed47b7ba2a" acquired by "nova.context.set_target_cell..get_or_set_cached_cell_and_set_connections" :: waited 0.000s {{(pid=99892) inner /opt/stack/data/venv/lib/python3.12/site-packages/oslo_concurrency/lockutils.py:524}}
May 20 22:08:12.820387 np0000175545 devstack@n-api.service[99892]: DEBUG oslo_concurrency.lockutils [None req-f02a8d3a-d578-4446-ba2e-1dae58498de6 None None] Lock "ab7451e2-7216-48f8-857c-d3ed47b7ba2a" "released" by "nova.context.set_target_cell..get_or_set_cached_cell_and_set_connections" :: held 0.001s {{(pid=99892) inner /opt/stack/data/venv/lib/python3.12/site-packages/oslo_concurrency/lockutils.py:543}}
May 20 22:08:12.823326 np0000175545 devstack@n-api.service[99892]: INFO dbcounter [None req-f02a8d3a-d578-4446-ba2e-1dae58498de6 None None] Registered counter for database nova_cell0
May 20 22:08:12.827995 np0000175545 devstack@n-api.service[99889]: INFO dbcounter [None req-64f045a6-5ae2-4eeb-8515-f84fb81e5ff5 None None] Registered counter for database nova_api
May 20 22:08:12.828977 np0000175545 devstack@n-api.service[99892]: INFO dbcounter [None req-f02a8d3a-d578-4446-ba2e-1dae58498de6 None None] Registered counter for database nova_cell1
May 20 22:08:12.830261 np0000175545 devstack@n-api.service[99890]: INFO dbcounter [None req-5e01f1ea-f5ec-49ea-a770-f417ed9ad6be None None] Registered counter for database nova_api
May 20 22:08:12.839321 np0000175545 devstack@n-api.service[99892]: DEBUG oslo_db.sqlalchemy.engines [None req-f02a8d3a-d578-4446-ba2e-1dae58498de6 None None] MySQL server mode set to STRICT_TRANS_TABLES,STRICT_ALL_TABLES,NO_ZERO_IN_DATE,NO_ZERO_DATE,ERROR_FOR_DIVISION_BY_ZERO,TRADITIONAL,NO_ENGINE_SUBSTITUTION {{(pid=99892) _check_effective_sql_mode /opt/stack/data/venv/lib/python3.12/site-packages/oslo_db/sqlalchemy/engines.py:325}}
May 20 22:08:12.841874 np0000175545 devstack@n-api.service[99892]: DEBUG oslo_db.sqlalchemy.engines [None req-f02a8d3a-d578-4446-ba2e-1dae58498de6 None None] MySQL server mode set to STRICT_TRANS_TABLES,STRICT_ALL_TABLES,NO_ZERO_IN_DATE,NO_ZERO_DATE,ERROR_FOR_DIVISION_BY_ZERO,TRADITIONAL,NO_ENGINE_SUBSTITUTION {{(pid=99892) _check_effective_sql_mode /opt/stack/data/venv/lib/python3.12/site-packages/oslo_db/sqlalchemy/engines.py:325}}
May 20 22:08:12.845422 np0000175545 devstack@n-api.service[99889]: DEBUG oslo_db.sqlalchemy.engines [None req-64f045a6-5ae2-4eeb-8515-f84fb81e5ff5 None None] MySQL server mode set to STRICT_TRANS_TABLES,STRICT_ALL_TABLES,NO_ZERO_IN_DATE,NO_ZERO_DATE,ERROR_FOR_DIVISION_BY_ZERO,TRADITIONAL,NO_ENGINE_SUBSTITUTION {{(pid=99889) _check_effective_sql_mode /opt/stack/data/venv/lib/python3.12/site-packages/oslo_db/sqlalchemy/engines.py:325}}
May 20 22:08:12.849070 np0000175545 devstack@n-api.service[99890]: DEBUG oslo_db.sqlalchemy.engines [None req-5e01f1ea-f5ec-49ea-a770-f417ed9ad6be None None] MySQL server mode set to STRICT_TRANS_TABLES,STRICT_ALL_TABLES,NO_ZERO_IN_DATE,NO_ZERO_DATE,ERROR_FOR_DIVISION_BY_ZERO,TRADITIONAL,NO_ENGINE_SUBSTITUTION {{(pid=99890) _check_effective_sql_mode /opt/stack/data/venv/lib/python3.12/site-packages/oslo_db/sqlalchemy/engines.py:325}}
May 20 22:08:12.878684 np0000175545 devstack@n-api.service[99889]: DEBUG dbcounter [-] [99889] Writer thread running {{(pid=99889) stat_writer /opt/stack/data/venv/lib/python3.12/site-packages/dbcounter.py:102}}
May 20 22:08:12.880914 np0000175545 devstack@n-api.service[99889]: DEBUG nova.context [None req-64f045a6-5ae2-4eeb-8515-f84fb81e5ff5 None None] Found 2 cells: 00000000-0000-0000-0000-000000000000(cell0),ab7451e2-7216-48f8-857c-d3ed47b7ba2a(cell1) {{(pid=99889) load_cells /opt/stack/nova/nova/context.py:509}}
May 20 22:08:12.881164 np0000175545 devstack@n-api.service[99889]: INFO nova.utils [None req-64f045a6-5ae2-4eeb-8515-f84fb81e5ff5 None None] The cell worker thread pool MainProcess.cell_worker is initialized
May 20 22:08:12.883513 np0000175545 devstack@n-api.service[99889]: DEBUG oslo_concurrency.lockutils [None req-64f045a6-5ae2-4eeb-8515-f84fb81e5ff5 None None] Acquiring lock "00000000-0000-0000-0000-000000000000" by "nova.context.set_target_cell..get_or_set_cached_cell_and_set_connections" {{(pid=99889) inner /opt/stack/data/venv/lib/python3.12/site-packages/oslo_concurrency/lockutils.py:511}}
May 20 22:08:12.883769 np0000175545 devstack@n-api.service[99889]: DEBUG oslo_concurrency.lockutils [None req-64f045a6-5ae2-4eeb-8515-f84fb81e5ff5 None None] Lock "00000000-0000-0000-0000-000000000000" acquired by "nova.context.set_target_cell..get_or_set_cached_cell_and_set_connections" :: waited 0.000s {{(pid=99889) inner /opt/stack/data/venv/lib/python3.12/site-packages/oslo_concurrency/lockutils.py:524}}
May 20 22:08:12.884262 np0000175545 devstack@n-api.service[99889]: DEBUG oslo_concurrency.lockutils [None req-64f045a6-5ae2-4eeb-8515-f84fb81e5ff5 None None] Lock "00000000-0000-0000-0000-000000000000" "released" by "nova.context.set_target_cell..get_or_set_cached_cell_and_set_connections" :: held 0.001s {{(pid=99889) inner /opt/stack/data/venv/lib/python3.12/site-packages/oslo_concurrency/lockutils.py:543}}
May 20 22:08:12.884983 np0000175545 devstack@n-api.service[99889]: DEBUG oslo_concurrency.lockutils [None req-64f045a6-5ae2-4eeb-8515-f84fb81e5ff5 None None] Acquiring lock "ab7451e2-7216-48f8-857c-d3ed47b7ba2a" by "nova.context.set_target_cell..get_or_set_cached_cell_and_set_connections" {{(pid=99889) inner /opt/stack/data/venv/lib/python3.12/site-packages/oslo_concurrency/lockutils.py:511}}
May 20 22:08:12.885809 np0000175545 devstack@n-api.service[99890]: DEBUG dbcounter [-] [99890] Writer thread running {{(pid=99890) stat_writer /opt/stack/data/venv/lib/python3.12/site-packages/dbcounter.py:102}}
May 20 22:08:12.886942 np0000175545 devstack@n-api.service[99889]: INFO dbcounter [None req-64f045a6-5ae2-4eeb-8515-f84fb81e5ff5 None None] Registered counter for database nova_cell0
May 20 22:08:12.888244 np0000175545 devstack@n-api.service[99890]: DEBUG nova.context [None req-5e01f1ea-f5ec-49ea-a770-f417ed9ad6be None None] Found 2 cells: 00000000-0000-0000-0000-000000000000(cell0),ab7451e2-7216-48f8-857c-d3ed47b7ba2a(cell1) {{(pid=99890) load_cells /opt/stack/nova/nova/context.py:509}}
May 20 22:08:12.888510 np0000175545 devstack@n-api.service[99890]: INFO nova.utils [None req-5e01f1ea-f5ec-49ea-a770-f417ed9ad6be None None] The cell worker thread pool MainProcess.cell_worker is initialized
May 20 22:08:12.889134 np0000175545 devstack@n-api.service[99889]: DEBUG oslo_concurrency.lockutils [None req-64f045a6-5ae2-4eeb-8515-f84fb81e5ff5 None None] Lock "ab7451e2-7216-48f8-857c-d3ed47b7ba2a" acquired by "nova.context.set_target_cell..get_or_set_cached_cell_and_set_connections" :: waited 0.002s {{(pid=99889) inner /opt/stack/data/venv/lib/python3.12/site-packages/oslo_concurrency/lockutils.py:524}}
May 20 22:08:12.890426 np0000175545 devstack@n-api.service[99890]: DEBUG oslo_concurrency.lockutils [None req-5e01f1ea-f5ec-49ea-a770-f417ed9ad6be None None] Acquiring lock "00000000-0000-0000-0000-000000000000" by "nova.context.set_target_cell..get_or_set_cached_cell_and_set_connections" {{(pid=99890) inner /opt/stack/data/venv/lib/python3.12/site-packages/oslo_concurrency/lockutils.py:511}}
May 20 22:08:12.890587 np0000175545 devstack@n-api.service[99890]: DEBUG oslo_concurrency.lockutils [None req-5e01f1ea-f5ec-49ea-a770-f417ed9ad6be None None] Lock "00000000-0000-0000-0000-000000000000" acquired by "nova.context.set_target_cell..get_or_set_cached_cell_and_set_connections" :: waited 0.000s {{(pid=99890) inner /opt/stack/data/venv/lib/python3.12/site-packages/oslo_concurrency/lockutils.py:524}}
May 20 22:08:12.890652 np0000175545 devstack@n-api.service[99889]: DEBUG oslo_concurrency.lockutils [None req-64f045a6-5ae2-4eeb-8515-f84fb81e5ff5 None None] Lock "ab7451e2-7216-48f8-857c-d3ed47b7ba2a" "released" by "nova.context.set_target_cell..get_or_set_cached_cell_and_set_connections" :: held 0.004s {{(pid=99889) inner /opt/stack/data/venv/lib/python3.12/site-packages/oslo_concurrency/lockutils.py:543}}
May 20 22:08:12.890941 np0000175545 devstack@n-api.service[99890]: DEBUG oslo_concurrency.lockutils [None req-5e01f1ea-f5ec-49ea-a770-f417ed9ad6be None None] Lock "00000000-0000-0000-0000-000000000000" "released" by "nova.context.set_target_cell..get_or_set_cached_cell_and_set_connections" :: held 0.000s {{(pid=99890) inner /opt/stack/data/venv/lib/python3.12/site-packages/oslo_concurrency/lockutils.py:543}}
May 20 22:08:12.891711 np0000175545 devstack@n-api.service[99890]: DEBUG oslo_concurrency.lockutils [None req-5e01f1ea-f5ec-49ea-a770-f417ed9ad6be None None] Acquiring lock "ab7451e2-7216-48f8-857c-d3ed47b7ba2a" by "nova.context.set_target_cell..get_or_set_cached_cell_and_set_connections" {{(pid=99890) inner /opt/stack/data/venv/lib/python3.12/site-packages/oslo_concurrency/lockutils.py:511}}
May 20 22:08:12.891882 np0000175545 devstack@n-api.service[99890]: DEBUG oslo_concurrency.lockutils [None req-5e01f1ea-f5ec-49ea-a770-f417ed9ad6be None None] Lock "ab7451e2-7216-48f8-857c-d3ed47b7ba2a" acquired by "nova.context.set_target_cell..get_or_set_cached_cell_and_set_connections" :: waited 0.000s {{(pid=99890) inner /opt/stack/data/venv/lib/python3.12/site-packages/oslo_concurrency/lockutils.py:524}}
May 20 22:08:12.892968 np0000175545 devstack@n-api.service[99890]: DEBUG oslo_concurrency.lockutils [None req-5e01f1ea-f5ec-49ea-a770-f417ed9ad6be None None] Lock "ab7451e2-7216-48f8-857c-d3ed47b7ba2a" "released" by "nova.context.set_target_cell..get_or_set_cached_cell_and_set_connections" :: held 0.001s {{(pid=99890) inner /opt/stack/data/venv/lib/python3.12/site-packages/oslo_concurrency/lockutils.py:543}}
May 20 22:08:12.896430 np0000175545 devstack@n-api.service[99889]: INFO dbcounter [None req-64f045a6-5ae2-4eeb-8515-f84fb81e5ff5 None None] Registered counter for database nova_cell1
May 20 22:08:12.896577 np0000175545 devstack@n-api.service[99890]: INFO dbcounter [None req-5e01f1ea-f5ec-49ea-a770-f417ed9ad6be None None] Registered counter for database nova_cell0
May 20 22:08:12.901080 np0000175545 devstack@n-api.service[99890]: INFO dbcounter [None req-5e01f1ea-f5ec-49ea-a770-f417ed9ad6be None None] Registered counter for database nova_cell1
May 20 22:08:12.902173 np0000175545 devstack@n-api.service[99889]: DEBUG oslo_db.sqlalchemy.engines [None req-64f045a6-5ae2-4eeb-8515-f84fb81e5ff5 None None] MySQL server mode set to STRICT_TRANS_TABLES,STRICT_ALL_TABLES,NO_ZERO_IN_DATE,NO_ZERO_DATE,ERROR_FOR_DIVISION_BY_ZERO,TRADITIONAL,NO_ENGINE_SUBSTITUTION {{(pid=99889) _check_effective_sql_mode /opt/stack/data/venv/lib/python3.12/site-packages/oslo_db/sqlalchemy/engines.py:325}}
May 20 22:08:12.906919 np0000175545 devstack@n-api.service[99889]: DEBUG oslo_db.sqlalchemy.engines [None req-64f045a6-5ae2-4eeb-8515-f84fb81e5ff5 None None] MySQL server mode set to STRICT_TRANS_TABLES,STRICT_ALL_TABLES,NO_ZERO_IN_DATE,NO_ZERO_DATE,ERROR_FOR_DIVISION_BY_ZERO,TRADITIONAL,NO_ENGINE_SUBSTITUTION {{(pid=99889) _check_effective_sql_mode /opt/stack/data/venv/lib/python3.12/site-packages/oslo_db/sqlalchemy/engines.py:325}}
May 20 22:08:12.911052 np0000175545 devstack@n-api.service[99890]: DEBUG oslo_db.sqlalchemy.engines [None req-5e01f1ea-f5ec-49ea-a770-f417ed9ad6be None None] MySQL server mode set to STRICT_TRANS_TABLES,STRICT_ALL_TABLES,NO_ZERO_IN_DATE,NO_ZERO_DATE,ERROR_FOR_DIVISION_BY_ZERO,TRADITIONAL,NO_ENGINE_SUBSTITUTION {{(pid=99890) _check_effective_sql_mode /opt/stack/data/venv/lib/python3.12/site-packages/oslo_db/sqlalchemy/engines.py:325}}
May 20 22:08:12.918065 np0000175545 devstack@n-api.service[99890]: DEBUG oslo_db.sqlalchemy.engines [None req-5e01f1ea-f5ec-49ea-a770-f417ed9ad6be None None] MySQL server mode set to STRICT_TRANS_TABLES,STRICT_ALL_TABLES,NO_ZERO_IN_DATE,NO_ZERO_DATE,ERROR_FOR_DIVISION_BY_ZERO,TRADITIONAL,NO_ENGINE_SUBSTITUTION {{(pid=99890) _check_effective_sql_mode /opt/stack/data/venv/lib/python3.12/site-packages/oslo_db/sqlalchemy/engines.py:325}}
May 20 22:08:12.947548 np0000175545 devstack@n-api.service[99892]: DEBUG dbcounter [-] [99892] Writer thread running {{(pid=99892) stat_writer /opt/stack/data/venv/lib/python3.12/site-packages/dbcounter.py:102}}
May 20 22:08:12.948457 np0000175545 devstack@n-api.service[99892]: DEBUG dbcounter [-] [99892] Writer thread running {{(pid=99892) stat_writer /opt/stack/data/venv/lib/python3.12/site-packages/dbcounter.py:102}}
May 20 22:08:12.954014 np0000175545 devstack@n-api.service[99892]: INFO dbcounter [None req-f02a8d3a-d578-4446-ba2e-1dae58498de6 None None] Registered counter for database nova_cell0
May 20 22:08:12.965734 np0000175545 devstack@n-api.service[99892]: DEBUG oslo_db.sqlalchemy.engines [None req-f02a8d3a-d578-4446-ba2e-1dae58498de6 None None] MySQL server mode set to STRICT_TRANS_TABLES,STRICT_ALL_TABLES,NO_ZERO_IN_DATE,NO_ZERO_DATE,ERROR_FOR_DIVISION_BY_ZERO,TRADITIONAL,NO_ENGINE_SUBSTITUTION {{(pid=99892) _check_effective_sql_mode /opt/stack/data/venv/lib/python3.12/site-packages/oslo_db/sqlalchemy/engines.py:325}}
May 20 22:08:12.976794 np0000175545 devstack@n-api.service[99892]: DEBUG dbcounter [-] [99892] Writer thread running {{(pid=99892) stat_writer /opt/stack/data/venv/lib/python3.12/site-packages/dbcounter.py:102}}
May 20 22:08:12.990100 np0000175545 devstack@n-api.service[99889]: DEBUG dbcounter [-] [99889] Writer thread running {{(pid=99889) stat_writer /opt/stack/data/venv/lib/python3.12/site-packages/dbcounter.py:102}}
May 20 22:08:12.994103 np0000175545 devstack@n-api.service[99889]: DEBUG dbcounter [-] [99889] Writer thread running {{(pid=99889) stat_writer /opt/stack/data/venv/lib/python3.12/site-packages/dbcounter.py:102}}
May 20 22:08:12.998202 np0000175545 devstack@n-api.service[99889]: INFO dbcounter [None req-64f045a6-5ae2-4eeb-8515-f84fb81e5ff5 None None] Registered counter for database nova_cell0
May 20 22:08:13.006218 np0000175545 devstack@n-api.service[99889]: DEBUG oslo_db.sqlalchemy.engines [None req-64f045a6-5ae2-4eeb-8515-f84fb81e5ff5 None None] MySQL server mode set to STRICT_TRANS_TABLES,STRICT_ALL_TABLES,NO_ZERO_IN_DATE,NO_ZERO_DATE,ERROR_FOR_DIVISION_BY_ZERO,TRADITIONAL,NO_ENGINE_SUBSTITUTION {{(pid=99889) _check_effective_sql_mode /opt/stack/data/venv/lib/python3.12/site-packages/oslo_db/sqlalchemy/engines.py:325}}
May 20 22:08:13.013218 np0000175545 devstack@n-api.service[99889]: DEBUG dbcounter [-] [99889] Writer thread running {{(pid=99889) stat_writer /opt/stack/data/venv/lib/python3.12/site-packages/dbcounter.py:102}}
May 20 22:08:13.017242 np0000175545 devstack@n-api.service[99890]: DEBUG dbcounter [-] [99890] Writer thread running {{(pid=99890) stat_writer /opt/stack/data/venv/lib/python3.12/site-packages/dbcounter.py:102}}
May 20 22:08:13.021015 np0000175545 devstack@n-api.service[99890]: DEBUG dbcounter [-] [99890] Writer thread running {{(pid=99890) stat_writer /opt/stack/data/venv/lib/python3.12/site-packages/dbcounter.py:102}}
May 20 22:08:13.064682 np0000175545 devstack@n-api.service[99890]: INFO dbcounter [None req-5e01f1ea-f5ec-49ea-a770-f417ed9ad6be None None] Registered counter for database nova_cell0
May 20 22:08:13.073943 np0000175545 devstack@n-api.service[99890]: DEBUG oslo_db.sqlalchemy.engines [None req-5e01f1ea-f5ec-49ea-a770-f417ed9ad6be None None] MySQL server mode set to STRICT_TRANS_TABLES,STRICT_ALL_TABLES,NO_ZERO_IN_DATE,NO_ZERO_DATE,ERROR_FOR_DIVISION_BY_ZERO,TRADITIONAL,NO_ENGINE_SUBSTITUTION {{(pid=99890) _check_effective_sql_mode /opt/stack/data/venv/lib/python3.12/site-packages/oslo_db/sqlalchemy/engines.py:325}}
May 20 22:08:13.081324 np0000175545 devstack@n-api.service[99890]: DEBUG dbcounter [-] [99890] Writer thread running {{(pid=99890) stat_writer /opt/stack/data/venv/lib/python3.12/site-packages/dbcounter.py:102}}
May 20 22:08:13.141203 np0000175545 devstack@n-api.service[99891]: INFO dbcounter [None req-9a200948-ea4d-46dd-96e8-526509564b8c None None] Registered counter for database nova_api
May 20 22:08:13.160084 np0000175545 devstack@n-api.service[99891]: DEBUG oslo_db.sqlalchemy.engines [None req-9a200948-ea4d-46dd-96e8-526509564b8c None None] MySQL server mode set to STRICT_TRANS_TABLES,STRICT_ALL_TABLES,NO_ZERO_IN_DATE,NO_ZERO_DATE,ERROR_FOR_DIVISION_BY_ZERO,TRADITIONAL,NO_ENGINE_SUBSTITUTION {{(pid=99891) _check_effective_sql_mode /opt/stack/data/venv/lib/python3.12/site-packages/oslo_db/sqlalchemy/engines.py:325}}
May 20 22:08:13.195835 np0000175545 devstack@n-api.service[99891]: DEBUG dbcounter [-] [99891] Writer thread running {{(pid=99891) stat_writer /opt/stack/data/venv/lib/python3.12/site-packages/dbcounter.py:102}}
May 20 22:08:13.198861 np0000175545 devstack@n-api.service[99891]: DEBUG nova.context [None req-9a200948-ea4d-46dd-96e8-526509564b8c None None] Found 2 cells: 00000000-0000-0000-0000-000000000000(cell0),ab7451e2-7216-48f8-857c-d3ed47b7ba2a(cell1) {{(pid=99891) load_cells /opt/stack/nova/nova/context.py:509}}
May 20 22:08:13.199144 np0000175545 devstack@n-api.service[99891]: INFO nova.utils [None req-9a200948-ea4d-46dd-96e8-526509564b8c None None] The cell worker thread pool MainProcess.cell_worker is initialized
May 20 22:08:13.201358 np0000175545 devstack@n-api.service[99891]: DEBUG oslo_concurrency.lockutils [None req-9a200948-ea4d-46dd-96e8-526509564b8c None None] Acquiring lock "00000000-0000-0000-0000-000000000000" by "nova.context.set_target_cell..get_or_set_cached_cell_and_set_connections" {{(pid=99891) inner /opt/stack/data/venv/lib/python3.12/site-packages/oslo_concurrency/lockutils.py:511}}
May 20 22:08:13.201609 np0000175545 devstack@n-api.service[99891]: DEBUG oslo_concurrency.lockutils [None req-9a200948-ea4d-46dd-96e8-526509564b8c None None] Lock "00000000-0000-0000-0000-000000000000" acquired by "nova.context.set_target_cell..get_or_set_cached_cell_and_set_connections" :: waited 0.000s {{(pid=99891) inner /opt/stack/data/venv/lib/python3.12/site-packages/oslo_concurrency/lockutils.py:524}}
May 20 22:08:13.202082 np0000175545 devstack@n-api.service[99891]: DEBUG oslo_concurrency.lockutils [None req-9a200948-ea4d-46dd-96e8-526509564b8c None None] Lock "00000000-0000-0000-0000-000000000000" "released" by "nova.context.set_target_cell..get_or_set_cached_cell_and_set_connections" :: held 0.000s {{(pid=99891) inner /opt/stack/data/venv/lib/python3.12/site-packages/oslo_concurrency/lockutils.py:543}}
May 20 22:08:13.203058 np0000175545 devstack@n-api.service[99891]: DEBUG oslo_concurrency.lockutils [None req-9a200948-ea4d-46dd-96e8-526509564b8c None None] Acquiring lock "ab7451e2-7216-48f8-857c-d3ed47b7ba2a" by "nova.context.set_target_cell..get_or_set_cached_cell_and_set_connections" {{(pid=99891) inner /opt/stack/data/venv/lib/python3.12/site-packages/oslo_concurrency/lockutils.py:511}}
May 20 22:08:13.203255 np0000175545 devstack@n-api.service[99891]: DEBUG oslo_concurrency.lockutils [None req-9a200948-ea4d-46dd-96e8-526509564b8c None None] Lock "ab7451e2-7216-48f8-857c-d3ed47b7ba2a" acquired by "nova.context.set_target_cell..get_or_set_cached_cell_and_set_connections" :: waited 0.000s {{(pid=99891) inner /opt/stack/data/venv/lib/python3.12/site-packages/oslo_concurrency/lockutils.py:524}}
May 20 22:08:13.204309 np0000175545 devstack@n-api.service[99891]: DEBUG oslo_concurrency.lockutils [None req-9a200948-ea4d-46dd-96e8-526509564b8c None None] Lock "ab7451e2-7216-48f8-857c-d3ed47b7ba2a" "released" by "nova.context.set_target_cell..get_or_set_cached_cell_and_set_connections" :: held 0.001s {{(pid=99891) inner /opt/stack/data/venv/lib/python3.12/site-packages/oslo_concurrency/lockutils.py:543}}
May 20 22:08:13.207707 np0000175545 devstack@n-api.service[99891]: INFO dbcounter [None req-9a200948-ea4d-46dd-96e8-526509564b8c None None] Registered counter for database nova_cell0
May 20 22:08:13.212771 np0000175545 devstack@n-api.service[99891]: INFO dbcounter [None req-9a200948-ea4d-46dd-96e8-526509564b8c None None] Registered counter for database nova_cell1
May 20 22:08:13.221881 np0000175545 devstack@n-api.service[99891]: DEBUG oslo_db.sqlalchemy.engines [None req-9a200948-ea4d-46dd-96e8-526509564b8c None None] MySQL server mode set to STRICT_TRANS_TABLES,STRICT_ALL_TABLES,NO_ZERO_IN_DATE,NO_ZERO_DATE,ERROR_FOR_DIVISION_BY_ZERO,TRADITIONAL,NO_ENGINE_SUBSTITUTION {{(pid=99891) _check_effective_sql_mode /opt/stack/data/venv/lib/python3.12/site-packages/oslo_db/sqlalchemy/engines.py:325}}
May 20 22:08:13.233006 np0000175545 devstack@n-api.service[99891]: DEBUG oslo_db.sqlalchemy.engines [None req-9a200948-ea4d-46dd-96e8-526509564b8c None None] MySQL server mode set to STRICT_TRANS_TABLES,STRICT_ALL_TABLES,NO_ZERO_IN_DATE,NO_ZERO_DATE,ERROR_FOR_DIVISION_BY_ZERO,TRADITIONAL,NO_ENGINE_SUBSTITUTION {{(pid=99891) _check_effective_sql_mode /opt/stack/data/venv/lib/python3.12/site-packages/oslo_db/sqlalchemy/engines.py:325}}
May 20 22:08:13.317418 np0000175545 devstack@n-api.service[99891]: DEBUG dbcounter [-] [99891] Writer thread running {{(pid=99891) stat_writer /opt/stack/data/venv/lib/python3.12/site-packages/dbcounter.py:102}}
May 20 22:08:13.320692 np0000175545 devstack@n-api.service[99891]: DEBUG dbcounter [-] [99891] Writer thread running {{(pid=99891) stat_writer /opt/stack/data/venv/lib/python3.12/site-packages/dbcounter.py:102}}
May 20 22:08:13.326296 np0000175545 devstack@n-api.service[99891]: INFO dbcounter [None req-9a200948-ea4d-46dd-96e8-526509564b8c None None] Registered counter for database nova_cell0
May 20 22:08:13.335555 np0000175545 devstack@n-api.service[99891]: DEBUG oslo_db.sqlalchemy.engines [None req-9a200948-ea4d-46dd-96e8-526509564b8c None None] MySQL server mode set to STRICT_TRANS_TABLES,STRICT_ALL_TABLES,NO_ZERO_IN_DATE,NO_ZERO_DATE,ERROR_FOR_DIVISION_BY_ZERO,TRADITIONAL,NO_ENGINE_SUBSTITUTION {{(pid=99891) _check_effective_sql_mode /opt/stack/data/venv/lib/python3.12/site-packages/oslo_db/sqlalchemy/engines.py:325}}
May 20 22:08:13.343054 np0000175545 devstack@n-api.service[99891]: DEBUG dbcounter [-] [99891] Writer thread running {{(pid=99891) stat_writer /opt/stack/data/venv/lib/python3.12/site-packages/dbcounter.py:102}}
May 20 22:08:13.484276 np0000175545 devstack@n-api.service[99892]: DEBUG oslo_concurrency.processutils [None req-f02a8d3a-d578-4446-ba2e-1dae58498de6 None None] Running cmd (subprocess): grep -F node.session.scan /sbin/iscsiadm {{(pid=99892) execute /opt/stack/data/venv/lib/python3.12/site-packages/oslo_concurrency/processutils.py:440}}
May 20 22:08:13.498092 np0000175545 devstack@n-api.service[99892]: DEBUG oslo_concurrency.processutils [None req-f02a8d3a-d578-4446-ba2e-1dae58498de6 None None] CMD "grep -F node.session.scan /sbin/iscsiadm" returned: 0 in 0.014s {{(pid=99892) execute /opt/stack/data/venv/lib/python3.12/site-packages/oslo_concurrency/processutils.py:468}}
May 20 22:08:13.525834 np0000175545 devstack@n-api.service[99889]: DEBUG oslo_concurrency.processutils [None req-64f045a6-5ae2-4eeb-8515-f84fb81e5ff5 None None] Running cmd (subprocess): grep -F node.session.scan /sbin/iscsiadm {{(pid=99889) execute /opt/stack/data/venv/lib/python3.12/site-packages/oslo_concurrency/processutils.py:440}}
May 20 22:08:13.529649 np0000175545 devstack@n-api.service[99890]: DEBUG oslo_concurrency.processutils [None req-5e01f1ea-f5ec-49ea-a770-f417ed9ad6be None None] Running cmd (subprocess): grep -F node.session.scan /sbin/iscsiadm {{(pid=99890) execute /opt/stack/data/venv/lib/python3.12/site-packages/oslo_concurrency/processutils.py:440}}
May 20 22:08:13.540232 np0000175545 devstack@n-api.service[99889]: DEBUG oslo_concurrency.processutils [None req-64f045a6-5ae2-4eeb-8515-f84fb81e5ff5 None None] CMD "grep -F node.session.scan /sbin/iscsiadm" returned: 0 in 0.014s {{(pid=99889) execute /opt/stack/data/venv/lib/python3.12/site-packages/oslo_concurrency/processutils.py:468}}
May 20 22:08:13.546278 np0000175545 devstack@n-api.service[99890]: DEBUG oslo_concurrency.processutils [None req-5e01f1ea-f5ec-49ea-a770-f417ed9ad6be None None] CMD "grep -F node.session.scan /sbin/iscsiadm" returned: 0 in 0.017s {{(pid=99890) execute /opt/stack/data/venv/lib/python3.12/site-packages/oslo_concurrency/processutils.py:468}}
May 20 22:08:13.924809 np0000175545 devstack@n-api.service[99891]: DEBUG oslo_concurrency.processutils [None req-9a200948-ea4d-46dd-96e8-526509564b8c None None] Running cmd (subprocess): grep -F node.session.scan /sbin/iscsiadm {{(pid=99891) execute /opt/stack/data/venv/lib/python3.12/site-packages/oslo_concurrency/processutils.py:440}}
May 20 22:08:13.949231 np0000175545 devstack@n-api.service[99891]: DEBUG oslo_concurrency.processutils [None req-9a200948-ea4d-46dd-96e8-526509564b8c None None] CMD "grep -F node.session.scan /sbin/iscsiadm" returned: 0 in 0.024s {{(pid=99891) execute /opt/stack/data/venv/lib/python3.12/site-packages/oslo_concurrency/processutils.py:468}}
May 20 22:08:14.128881 np0000175545 devstack@n-api.service[99889]: DEBUG nova.api.openstack.wsgi_app [None req-64f045a6-5ae2-4eeb-8515-f84fb81e5ff5 None None] ******************************************************************************** {{(pid=99889) log_opt_values /opt/stack/data/venv/lib/python3.12/site-packages/oslo_config/cfg.py:3229}}
May 20 22:08:14.129575 np0000175545 devstack@n-api.service[99889]: DEBUG nova.api.openstack.wsgi_app [None req-64f045a6-5ae2-4eeb-8515-f84fb81e5ff5 None None] Configuration options gathered from: {{(pid=99889) log_opt_values /opt/stack/data/venv/lib/python3.12/site-packages/oslo_config/cfg.py:3230}}
May 20 22:08:14.129575 np0000175545 devstack@n-api.service[99889]: DEBUG nova.api.openstack.wsgi_app [None req-64f045a6-5ae2-4eeb-8515-f84fb81e5ff5 None None] command line args: [] {{(pid=99889) log_opt_values /opt/stack/data/venv/lib/python3.12/site-packages/oslo_config/cfg.py:3231}}
May 20 22:08:14.129575 np0000175545 devstack@n-api.service[99889]: DEBUG nova.api.openstack.wsgi_app [None req-64f045a6-5ae2-4eeb-8515-f84fb81e5ff5 None None] config files: ['/etc/nova/api-paste.ini', '/etc/nova/nova.conf'] {{(pid=99889) log_opt_values /opt/stack/data/venv/lib/python3.12/site-packages/oslo_config/cfg.py:3232}}
May 20 22:08:14.129575 np0000175545 devstack@n-api.service[99889]: DEBUG nova.api.openstack.wsgi_app [None req-64f045a6-5ae2-4eeb-8515-f84fb81e5ff5 None None] ================================================================================ {{(pid=99889) log_opt_values /opt/stack/data/venv/lib/python3.12/site-packages/oslo_config/cfg.py:3237}}
May 20 22:08:14.129918 np0000175545 devstack@n-api.service[99889]: DEBUG nova.api.openstack.wsgi_app [None req-64f045a6-5ae2-4eeb-8515-f84fb81e5ff5 None None] allow_resize_to_same_host = True {{(pid=99889) log_opt_values /opt/stack/data/venv/lib/python3.12/site-packages/oslo_config/cfg.py:3245}}
May 20 22:08:14.129918 np0000175545 devstack@n-api.service[99889]: DEBUG nova.api.openstack.wsgi_app [None req-64f045a6-5ae2-4eeb-8515-f84fb81e5ff5 None None] arq_binding_timeout = 300 {{(pid=99889) log_opt_values /opt/stack/data/venv/lib/python3.12/site-packages/oslo_config/cfg.py:3245}}
May 20 22:08:14.130073 np0000175545 devstack@n-api.service[99889]: DEBUG nova.api.openstack.wsgi_app [None req-64f045a6-5ae2-4eeb-8515-f84fb81e5ff5 None None] block_device_allocate_retries = 60 {{(pid=99889) log_opt_values /opt/stack/data/venv/lib/python3.12/site-packages/oslo_config/cfg.py:3245}}
May 20 22:08:14.130153 np0000175545 devstack@n-api.service[99889]: DEBUG nova.api.openstack.wsgi_app [None req-64f045a6-5ae2-4eeb-8515-f84fb81e5ff5 None None] block_device_allocate_retries_interval = 3 {{(pid=99889) log_opt_values /opt/stack/data/venv/lib/python3.12/site-packages/oslo_config/cfg.py:3245}}
May 20 22:08:14.130229 np0000175545 devstack@n-api.service[99889]: DEBUG nova.api.openstack.wsgi_app [None req-64f045a6-5ae2-4eeb-8515-f84fb81e5ff5 None None] cell_worker_thread_pool_size = 5 {{(pid=99889) log_opt_values /opt/stack/data/venv/lib/python3.12/site-packages/oslo_config/cfg.py:3245}}
May 20 22:08:14.130400 np0000175545 devstack@n-api.service[99889]: DEBUG nova.api.openstack.wsgi_app [None req-64f045a6-5ae2-4eeb-8515-f84fb81e5ff5 None None] cert = self.pem {{(pid=99889) log_opt_values /opt/stack/data/venv/lib/python3.12/site-packages/oslo_config/cfg.py:3245}}
May 20 22:08:14.130543 np0000175545 devstack@n-api.service[99889]: DEBUG nova.api.openstack.wsgi_app [None req-64f045a6-5ae2-4eeb-8515-f84fb81e5ff5 None None] compute_driver = libvirt.LibvirtDriver {{(pid=99889) log_opt_values /opt/stack/data/venv/lib/python3.12/site-packages/oslo_config/cfg.py:3245}}
May 20 22:08:14.130672 np0000175545 devstack@n-api.service[99889]: DEBUG nova.api.openstack.wsgi_app [None req-64f045a6-5ae2-4eeb-8515-f84fb81e5ff5 None None] compute_monitors = [] {{(pid=99889) log_opt_values /opt/stack/data/venv/lib/python3.12/site-packages/oslo_config/cfg.py:3245}}
May 20 22:08:14.130812 np0000175545 devstack@n-api.service[99889]: DEBUG nova.api.openstack.wsgi_app [None req-64f045a6-5ae2-4eeb-8515-f84fb81e5ff5 None None] config_dir = [] {{(pid=99889) log_opt_values /opt/stack/data/venv/lib/python3.12/site-packages/oslo_config/cfg.py:3245}}
May 20 22:08:14.130943 np0000175545 devstack@n-api.service[99889]: DEBUG nova.api.openstack.wsgi_app [None req-64f045a6-5ae2-4eeb-8515-f84fb81e5ff5 None None] config_drive_format = iso9660 {{(pid=99889) log_opt_values /opt/stack/data/venv/lib/python3.12/site-packages/oslo_config/cfg.py:3245}}
May 20 22:08:14.131042 np0000175545 devstack@n-api.service[99889]: DEBUG nova.api.openstack.wsgi_app [None req-64f045a6-5ae2-4eeb-8515-f84fb81e5ff5 None None] config_file = ['/etc/nova/api-paste.ini', '/etc/nova/nova.conf'] {{(pid=99889) log_opt_values /opt/stack/data/venv/lib/python3.12/site-packages/oslo_config/cfg.py:3245}}
May 20 22:08:14.131190 np0000175545 devstack@n-api.service[99889]: DEBUG nova.api.openstack.wsgi_app [None req-64f045a6-5ae2-4eeb-8515-f84fb81e5ff5 None None] config_source = [] {{(pid=99889) log_opt_values /opt/stack/data/venv/lib/python3.12/site-packages/oslo_config/cfg.py:3245}}
May 20 22:08:14.131316 np0000175545 devstack@n-api.service[99889]: DEBUG nova.api.openstack.wsgi_app [None req-64f045a6-5ae2-4eeb-8515-f84fb81e5ff5 None None] console_host = np0000175545 {{(pid=99889) log_opt_values /opt/stack/data/venv/lib/python3.12/site-packages/oslo_config/cfg.py:3245}}
May 20 22:08:14.131468 np0000175545 devstack@n-api.service[99889]: DEBUG nova.api.openstack.wsgi_app [None req-64f045a6-5ae2-4eeb-8515-f84fb81e5ff5 None None] control_exchange = nova {{(pid=99889) log_opt_values /opt/stack/data/venv/lib/python3.12/site-packages/oslo_config/cfg.py:3245}}
May 20 22:08:14.131599 np0000175545 devstack@n-api.service[99889]: DEBUG nova.api.openstack.wsgi_app [None req-64f045a6-5ae2-4eeb-8515-f84fb81e5ff5 None None] cpu_allocation_ratio = None {{(pid=99889) log_opt_values /opt/stack/data/venv/lib/python3.12/site-packages/oslo_config/cfg.py:3245}}
May 20 22:08:14.131733 np0000175545 devstack@n-api.service[99889]: DEBUG nova.api.openstack.wsgi_app [None req-64f045a6-5ae2-4eeb-8515-f84fb81e5ff5 None None] daemon = False {{(pid=99889) log_opt_values /opt/stack/data/venv/lib/python3.12/site-packages/oslo_config/cfg.py:3245}}
May 20 22:08:14.131871 np0000175545 devstack@n-api.service[99889]: DEBUG nova.api.openstack.wsgi_app [None req-64f045a6-5ae2-4eeb-8515-f84fb81e5ff5 None None] debug = True {{(pid=99889) log_opt_values /opt/stack/data/venv/lib/python3.12/site-packages/oslo_config/cfg.py:3245}}
May 20 22:08:14.131997 np0000175545 devstack@n-api.service[99889]: DEBUG nova.api.openstack.wsgi_app [None req-64f045a6-5ae2-4eeb-8515-f84fb81e5ff5 None None] default_access_ip_network_name = None {{(pid=99889) log_opt_values /opt/stack/data/venv/lib/python3.12/site-packages/oslo_config/cfg.py:3245}}
May 20 22:08:14.132207 np0000175545 devstack@n-api.service[99889]: DEBUG nova.api.openstack.wsgi_app [None req-64f045a6-5ae2-4eeb-8515-f84fb81e5ff5 None None] default_availability_zone = nova {{(pid=99889) log_opt_values /opt/stack/data/venv/lib/python3.12/site-packages/oslo_config/cfg.py:3245}}
May 20 22:08:14.132326 np0000175545 devstack@n-api.service[99889]: DEBUG nova.api.openstack.wsgi_app [None req-64f045a6-5ae2-4eeb-8515-f84fb81e5ff5 None None] default_ephemeral_format = ext4 {{(pid=99889) log_opt_values /opt/stack/data/venv/lib/python3.12/site-packages/oslo_config/cfg.py:3245}}
May 20 22:08:14.132524 np0000175545 devstack@n-api.service[99889]: DEBUG nova.api.openstack.wsgi_app [None req-64f045a6-5ae2-4eeb-8515-f84fb81e5ff5 None None] default_green_pool_size = 1000 {{(pid=99889) log_opt_values /opt/stack/data/venv/lib/python3.12/site-packages/oslo_config/cfg.py:3245}}
May 20 22:08:14.132677 np0000175545 devstack@n-api.service[99889]: DEBUG nova.api.openstack.wsgi_app [None req-64f045a6-5ae2-4eeb-8515-f84fb81e5ff5 None None] default_log_levels = ['amqp=WARN', 'boto=WARN', 'sqlalchemy=WARN', 'suds=INFO', 'oslo.messaging=INFO', 'oslo_messaging=INFO', 'iso8601=WARN', 'requests.packages.urllib3.connectionpool=WARN', 'urllib3.connectionpool=WARN', 'websocket=WARN', 'requests.packages.urllib3.util.retry=WARN', 'urllib3.util.retry=WARN', 'keystonemiddleware=WARN', 'routes.middleware=WARN', 'stevedore=WARN', 'taskflow=WARN', 'keystoneauth=WARN', 'oslo.cache=INFO', 'oslo_policy=INFO', 'dogpile.core.dogpile=INFO', 'glanceclient=WARN', 'oslo.privsep.daemon=INFO'] {{(pid=99889) log_opt_values /opt/stack/data/venv/lib/python3.12/site-packages/oslo_config/cfg.py:3245}}
May 20 22:08:14.132901 np0000175545 devstack@n-api.service[99889]: DEBUG nova.api.openstack.wsgi_app [None req-64f045a6-5ae2-4eeb-8515-f84fb81e5ff5 None None] default_schedule_zone = None {{(pid=99889) log_opt_values /opt/stack/data/venv/lib/python3.12/site-packages/oslo_config/cfg.py:3245}}
May 20 22:08:14.132901 np0000175545 devstack@n-api.service[99889]: DEBUG nova.api.openstack.wsgi_app [None req-64f045a6-5ae2-4eeb-8515-f84fb81e5ff5 None None] default_thread_pool_size = 10 {{(pid=99889) log_opt_values /opt/stack/data/venv/lib/python3.12/site-packages/oslo_config/cfg.py:3245}}
May 20 22:08:14.133035 np0000175545 devstack@n-api.service[99889]: DEBUG nova.api.openstack.wsgi_app [None req-64f045a6-5ae2-4eeb-8515-f84fb81e5ff5 None None] disk_allocation_ratio = None {{(pid=99889) log_opt_values /opt/stack/data/venv/lib/python3.12/site-packages/oslo_config/cfg.py:3245}}
May 20 22:08:14.133189 np0000175545 devstack@n-api.service[99889]: DEBUG nova.api.openstack.wsgi_app [None req-64f045a6-5ae2-4eeb-8515-f84fb81e5ff5 None None] enable_new_services = True {{(pid=99889) log_opt_values /opt/stack/data/venv/lib/python3.12/site-packages/oslo_config/cfg.py:3245}}
May 20 22:08:14.133314 np0000175545 devstack@n-api.service[99889]: DEBUG nova.api.openstack.wsgi_app [None req-64f045a6-5ae2-4eeb-8515-f84fb81e5ff5 None None] flat_injected = False {{(pid=99889) log_opt_values /opt/stack/data/venv/lib/python3.12/site-packages/oslo_config/cfg.py:3245}}
May 20 22:08:14.133470 np0000175545 devstack@n-api.service[99889]: DEBUG nova.api.openstack.wsgi_app [None req-64f045a6-5ae2-4eeb-8515-f84fb81e5ff5 None None] force_config_drive = False {{(pid=99889) log_opt_values /opt/stack/data/venv/lib/python3.12/site-packages/oslo_config/cfg.py:3245}}
May 20 22:08:14.133577 np0000175545 devstack@n-api.service[99889]: DEBUG nova.api.openstack.wsgi_app [None req-64f045a6-5ae2-4eeb-8515-f84fb81e5ff5 None None] force_raw_images = True {{(pid=99889) log_opt_values /opt/stack/data/venv/lib/python3.12/site-packages/oslo_config/cfg.py:3245}}
May 20 22:08:14.133710 np0000175545 devstack@n-api.service[99889]: DEBUG nova.api.openstack.wsgi_app [None req-64f045a6-5ae2-4eeb-8515-f84fb81e5ff5 None None] graceful_shutdown_timeout = 5 {{(pid=99889) log_opt_values /opt/stack/data/venv/lib/python3.12/site-packages/oslo_config/cfg.py:3245}}
May 20 22:08:14.133811 np0000175545 devstack@n-api.service[99889]: DEBUG nova.api.openstack.wsgi_app [None req-64f045a6-5ae2-4eeb-8515-f84fb81e5ff5 None None] heal_instance_info_cache_interval = -1 {{(pid=99889) log_opt_values /opt/stack/data/venv/lib/python3.12/site-packages/oslo_config/cfg.py:3245}}
May 20 22:08:14.133957 np0000175545 devstack@n-api.service[99889]: DEBUG nova.api.openstack.wsgi_app [None req-64f045a6-5ae2-4eeb-8515-f84fb81e5ff5 None None] host = np0000175545 {{(pid=99889) log_opt_values /opt/stack/data/venv/lib/python3.12/site-packages/oslo_config/cfg.py:3245}}
May 20 22:08:14.134117 np0000175545 devstack@n-api.service[99889]: DEBUG nova.api.openstack.wsgi_app [None req-64f045a6-5ae2-4eeb-8515-f84fb81e5ff5 None None] initial_cpu_allocation_ratio = 4.0 {{(pid=99889) log_opt_values /opt/stack/data/venv/lib/python3.12/site-packages/oslo_config/cfg.py:3245}}
May 20 22:08:14.134257 np0000175545 devstack@n-api.service[99889]: DEBUG nova.api.openstack.wsgi_app [None req-64f045a6-5ae2-4eeb-8515-f84fb81e5ff5 None None] initial_disk_allocation_ratio = 1.0 {{(pid=99889) log_opt_values /opt/stack/data/venv/lib/python3.12/site-packages/oslo_config/cfg.py:3245}}
May 20 22:08:14.134419 np0000175545 devstack@n-api.service[99889]: DEBUG nova.api.openstack.wsgi_app [None req-64f045a6-5ae2-4eeb-8515-f84fb81e5ff5 None None] initial_ram_allocation_ratio = 1.0 {{(pid=99889) log_opt_values /opt/stack/data/venv/lib/python3.12/site-packages/oslo_config/cfg.py:3245}}
May 20 22:08:14.134577 np0000175545 devstack@n-api.service[99889]: DEBUG nova.api.openstack.wsgi_app [None req-64f045a6-5ae2-4eeb-8515-f84fb81e5ff5 None None] injected_network_template = /opt/stack/nova/nova/virt/interfaces.template {{(pid=99889) log_opt_values /opt/stack/data/venv/lib/python3.12/site-packages/oslo_config/cfg.py:3245}}
May 20 22:08:14.134721 np0000175545 devstack@n-api.service[99889]: DEBUG nova.api.openstack.wsgi_app [None req-64f045a6-5ae2-4eeb-8515-f84fb81e5ff5 None None] instance_build_timeout = 0 {{(pid=99889) log_opt_values /opt/stack/data/venv/lib/python3.12/site-packages/oslo_config/cfg.py:3245}}
May 20 22:08:14.134850 np0000175545 devstack@n-api.service[99889]: DEBUG nova.api.openstack.wsgi_app [None req-64f045a6-5ae2-4eeb-8515-f84fb81e5ff5 None None] instance_delete_interval = 300 {{(pid=99889) log_opt_values /opt/stack/data/venv/lib/python3.12/site-packages/oslo_config/cfg.py:3245}}
May 20 22:08:14.134980 np0000175545 devstack@n-api.service[99889]: DEBUG nova.api.openstack.wsgi_app [None req-64f045a6-5ae2-4eeb-8515-f84fb81e5ff5 None None] instance_format = [instance: %(uuid)s] {{(pid=99889) log_opt_values /opt/stack/data/venv/lib/python3.12/site-packages/oslo_config/cfg.py:3245}}
May 20 22:08:14.135111 np0000175545 devstack@n-api.service[99889]: DEBUG nova.api.openstack.wsgi_app [None req-64f045a6-5ae2-4eeb-8515-f84fb81e5ff5 None None] instance_name_template = instance-%08x {{(pid=99889) log_opt_values /opt/stack/data/venv/lib/python3.12/site-packages/oslo_config/cfg.py:3245}}
May 20 22:08:14.135225 np0000175545 devstack@n-api.service[99889]: DEBUG nova.api.openstack.wsgi_app [None req-64f045a6-5ae2-4eeb-8515-f84fb81e5ff5 None None] instance_usage_audit = False {{(pid=99889) log_opt_values /opt/stack/data/venv/lib/python3.12/site-packages/oslo_config/cfg.py:3245}}
May 20 22:08:14.135365 np0000175545 devstack@n-api.service[99889]: DEBUG nova.api.openstack.wsgi_app [None req-64f045a6-5ae2-4eeb-8515-f84fb81e5ff5 None None] instance_usage_audit_period = month {{(pid=99889) log_opt_values /opt/stack/data/venv/lib/python3.12/site-packages/oslo_config/cfg.py:3245}}
May 20 22:08:14.135526 np0000175545 devstack@n-api.service[99889]: DEBUG nova.api.openstack.wsgi_app [None req-64f045a6-5ae2-4eeb-8515-f84fb81e5ff5 None None] instance_uuid_format = [instance: %(uuid)s] {{(pid=99889) log_opt_values /opt/stack/data/venv/lib/python3.12/site-packages/oslo_config/cfg.py:3245}}
May 20 22:08:14.135686 np0000175545 devstack@n-api.service[99889]: DEBUG nova.api.openstack.wsgi_app [None req-64f045a6-5ae2-4eeb-8515-f84fb81e5ff5 None None] instances_path = /opt/stack/data/nova/instances {{(pid=99889) log_opt_values /opt/stack/data/venv/lib/python3.12/site-packages/oslo_config/cfg.py:3245}}
May 20 22:08:14.135755 np0000175545 devstack@n-api.service[99889]: DEBUG nova.api.openstack.wsgi_app [None req-64f045a6-5ae2-4eeb-8515-f84fb81e5ff5 None None] internal_service_availability_zone = internal {{(pid=99889) log_opt_values /opt/stack/data/venv/lib/python3.12/site-packages/oslo_config/cfg.py:3245}}
May 20 22:08:14.135890 np0000175545 devstack@n-api.service[99889]: DEBUG nova.api.openstack.wsgi_app [None req-64f045a6-5ae2-4eeb-8515-f84fb81e5ff5 None None] key = None {{(pid=99889) log_opt_values /opt/stack/data/venv/lib/python3.12/site-packages/oslo_config/cfg.py:3245}}
May 20 22:08:14.136023 np0000175545 devstack@n-api.service[99889]: DEBUG nova.api.openstack.wsgi_app [None req-64f045a6-5ae2-4eeb-8515-f84fb81e5ff5 None None] live_migration_retry_count = 30 {{(pid=99889) log_opt_values /opt/stack/data/venv/lib/python3.12/site-packages/oslo_config/cfg.py:3245}}
May 20 22:08:14.136232 np0000175545 devstack@n-api.service[99889]: DEBUG nova.api.openstack.wsgi_app [None req-64f045a6-5ae2-4eeb-8515-f84fb81e5ff5 None None] log_color = False {{(pid=99889) log_opt_values /opt/stack/data/venv/lib/python3.12/site-packages/oslo_config/cfg.py:3245}}
May 20 22:08:14.136434 np0000175545 devstack@n-api.service[99889]: DEBUG nova.api.openstack.wsgi_app [None req-64f045a6-5ae2-4eeb-8515-f84fb81e5ff5 None None] log_config_append = None {{(pid=99889) log_opt_values /opt/stack/data/venv/lib/python3.12/site-packages/oslo_config/cfg.py:3245}}
May 20 22:08:14.136434 np0000175545 devstack@n-api.service[99889]: DEBUG nova.api.openstack.wsgi_app [None req-64f045a6-5ae2-4eeb-8515-f84fb81e5ff5 None None] log_date_format = %Y-%m-%d %H:%M:%S {{(pid=99889) log_opt_values /opt/stack/data/venv/lib/python3.12/site-packages/oslo_config/cfg.py:3245}}
May 20 22:08:14.136676 np0000175545 devstack@n-api.service[99889]: DEBUG nova.api.openstack.wsgi_app [None req-64f045a6-5ae2-4eeb-8515-f84fb81e5ff5 None None] log_dir = None {{(pid=99889) log_opt_values /opt/stack/data/venv/lib/python3.12/site-packages/oslo_config/cfg.py:3245}}
May 20 22:08:14.136676 np0000175545 devstack@n-api.service[99889]: DEBUG nova.api.openstack.wsgi_app [None req-64f045a6-5ae2-4eeb-8515-f84fb81e5ff5 None None] log_file = None {{(pid=99889) log_opt_values /opt/stack/data/venv/lib/python3.12/site-packages/oslo_config/cfg.py:3245}}
May 20 22:08:14.136784 np0000175545 devstack@n-api.service[99889]: DEBUG nova.api.openstack.wsgi_app [None req-64f045a6-5ae2-4eeb-8515-f84fb81e5ff5 None None] log_options = True {{(pid=99889) log_opt_values /opt/stack/data/venv/lib/python3.12/site-packages/oslo_config/cfg.py:3245}}
May 20 22:08:14.136949 np0000175545 devstack@n-api.service[99889]: DEBUG nova.api.openstack.wsgi_app [None req-64f045a6-5ae2-4eeb-8515-f84fb81e5ff5 None None] log_rotate_interval = 1 {{(pid=99889) log_opt_values /opt/stack/data/venv/lib/python3.12/site-packages/oslo_config/cfg.py:3245}}
