Apr 02 04:08:13.421309 np0000162641 devstack@neutron-api.service[102585]: DEBUG ovsdbapp.backend.ovs_idl [None req-48fef3b7-7be9-406c-8565-189fb205a5bb None None] Created schema index HA_Chassis_Group.name {{(pid=102585) autocreate_indices /opt/stack/data/venv/lib/python3.12/site-packages/ovsdbapp/backend/ovs_idl/__init__.py:106}}
Apr 02 04:08:13.422854 np0000162641 devstack@neutron-api.service[102585]: DEBUG ovsdbapp.backend.ovs_idl [None req-48fef3b7-7be9-406c-8565-189fb205a5bb None None] Created schema index Address_Set.name {{(pid=102585) autocreate_indices /opt/stack/data/venv/lib/python3.12/site-packages/ovsdbapp/backend/ovs_idl/__init__.py:106}}
Apr 02 04:08:13.422854 np0000162641 devstack@neutron-api.service[102585]: DEBUG ovsdbapp.backend.ovs_idl [None req-48fef3b7-7be9-406c-8565-189fb205a5bb None None] Created schema index Connection.target {{(pid=102585) autocreate_indices /opt/stack/data/venv/lib/python3.12/site-packages/ovsdbapp/backend/ovs_idl/__init__.py:106}}
Apr 02 04:08:13.422854 np0000162641 devstack@neutron-api.service[102585]: DEBUG ovsdbapp.backend.ovs_idl [None req-48fef3b7-7be9-406c-8565-189fb205a5bb None None] Created schema index Gateway_Chassis.name {{(pid=102585) autocreate_indices /opt/stack/data/venv/lib/python3.12/site-packages/ovsdbapp/backend/ovs_idl/__init__.py:106}}
Apr 02 04:08:13.422854 np0000162641 devstack@neutron-api.service[102585]: DEBUG ovsdbapp.backend.ovs_idl [None req-48fef3b7-7be9-406c-8565-189fb205a5bb None None] Created schema index Mirror.name {{(pid=102585) autocreate_indices /opt/stack/data/venv/lib/python3.12/site-packages/ovsdbapp/backend/ovs_idl/__init__.py:106}}
Apr 02 04:08:13.422854 np0000162641 devstack@neutron-api.service[102585]: DEBUG ovsdbapp.backend.ovs_idl [None req-48fef3b7-7be9-406c-8565-189fb205a5bb None None] Created schema index Chassis_Template_Var.chassis {{(pid=102585) autocreate_indices /opt/stack/data/venv/lib/python3.12/site-packages/ovsdbapp/backend/ovs_idl/__init__.py:106}}
Apr 02 04:08:13.422854 np0000162641 devstack@neutron-api.service[102585]: DEBUG ovsdbapp.backend.ovs_idl [None req-48fef3b7-7be9-406c-8565-189fb205a5bb None None] Created schema index Logical_Router_Port.name {{(pid=102585) autocreate_indices /opt/stack/data/venv/lib/python3.12/site-packages/ovsdbapp/backend/ovs_idl/__init__.py:106}}
Apr 02 04:08:13.423678 np0000162641 devstack@neutron-api.service[102585]: DEBUG ovsdbapp.backend.ovs_idl [None req-48fef3b7-7be9-406c-8565-189fb205a5bb None None] Created schema index Port_Group.name {{(pid=102585) autocreate_indices /opt/stack/data/venv/lib/python3.12/site-packages/ovsdbapp/backend/ovs_idl/__init__.py:106}}
Apr 02 04:08:13.423678 np0000162641 devstack@neutron-api.service[102585]: DEBUG ovsdbapp.backend.ovs_idl [None req-48fef3b7-7be9-406c-8565-189fb205a5bb None None] Created schema index Logical_Switch_Port.name {{(pid=102585) autocreate_indices /opt/stack/data/venv/lib/python3.12/site-packages/ovsdbapp/backend/ovs_idl/__init__.py:106}}
Apr 02 04:08:13.431374 np0000162641 devstack@neutron-api.service[102585]: INFO ovsdbapp.backend.ovs_idl.vlog [None req-48fef3b7-7be9-406c-8565-189fb205a5bb None None] ssl:199.204.45.109:6641: connecting...
Apr 02 04:08:13.432360 np0000162641 devstack@neutron-api.service[102586]: DEBUG neutron.common.ovn.hash_ring_manager [None req-58184a6c-1921-4a68-977a-2f3ac5b068d7 None None] Allow caching, nodes 4>=4 {{(pid=102586) _wait_startup_before_caching /opt/stack/neutron/neutron/common/ovn/hash_ring_manager.py:65}}
Apr 02 04:08:13.433152 np0000162641 devstack@neutron-api.service[102584]: DEBUG neutron.common.ovn.hash_ring_manager [None req-e6f36a98-6ea8-4b32-99db-304dbae56a17 None None] Allow caching, nodes 4>=4 {{(pid=102584) _wait_startup_before_caching /opt/stack/neutron/neutron/common/ovn/hash_ring_manager.py:65}}
Apr 02 04:08:13.433904 np0000162641 devstack@neutron-api.service[102586]: DEBUG neutron.common.ovn.hash_ring_manager [None req-58184a6c-1921-4a68-977a-2f3ac5b068d7 None None] Hash Ring loaded. 4 active nodes. 0 offline nodes {{(pid=102586) _load_hash_ring /opt/stack/neutron/neutron/common/ovn/hash_ring_manager.py:102}}
Apr 02 04:08:13.434318 np0000162641 devstack@neutron-api.service[102584]: DEBUG neutron.common.ovn.hash_ring_manager [None req-e6f36a98-6ea8-4b32-99db-304dbae56a17 None None] Hash Ring loaded. 4 active nodes. 0 offline nodes {{(pid=102584) _load_hash_ring /opt/stack/neutron/neutron/common/ovn/hash_ring_manager.py:102}}
Apr 02 04:08:13.434877 np0000162641 devstack@neutron-api.service[102586]: DEBUG neutron.plugins.ml2.drivers.ovn.mech_driver.ovsdb.ovsdb_monitor [None req-58184a6c-1921-4a68-977a-2f3ac5b068d7 None None] ChassisAgentWriteEvent : Matched Chassis_Private, create, None None {{(pid=102586) matches /opt/stack/neutron/neutron/plugins/ml2/drivers/ovn/mech_driver/ovsdb/ovsdb_monitor.py:64}}
Apr 02 04:08:13.435386 np0000162641 devstack@neutron-api.service[102584]: DEBUG neutron.plugins.ml2.drivers.ovn.mech_driver.ovsdb.ovsdb_monitor [None req-e6f36a98-6ea8-4b32-99db-304dbae56a17 None None] ChassisAgentWriteEvent : Matched Chassis_Private, create, None None {{(pid=102584) matches /opt/stack/neutron/neutron/plugins/ml2/drivers/ovn/mech_driver/ovsdb/ovsdb_monitor.py:64}}
Apr 02 04:08:13.435857 np0000162641 devstack@neutron-api.service[102586]: DEBUG neutron.plugins.ml2.drivers.ovn.mech_driver.ovsdb.ovsdb_monitor [None req-58184a6c-1921-4a68-977a-2f3ac5b068d7 None None] ChassisOVNAgentWriteEvent : Matched Chassis_Private, create, None None {{(pid=102586) matches /opt/stack/neutron/neutron/plugins/ml2/drivers/ovn/mech_driver/ovsdb/ovsdb_monitor.py:64}}
Apr 02 04:08:13.436307 np0000162641 devstack@neutron-api.service[102584]: DEBUG neutron.plugins.ml2.drivers.ovn.mech_driver.ovsdb.ovsdb_monitor [None req-e6f36a98-6ea8-4b32-99db-304dbae56a17 None None] ChassisOVNAgentWriteEvent : Matched Chassis_Private, create, None None {{(pid=102584) matches /opt/stack/neutron/neutron/plugins/ml2/drivers/ovn/mech_driver/ovsdb/ovsdb_monitor.py:64}}
Apr 02 04:08:13.436798 np0000162641 devstack@neutron-api.service[102586]: DEBUG neutron.plugins.ml2.drivers.ovn.mech_driver.ovsdb.ovsdb_monitor [None req-58184a6c-1921-4a68-977a-2f3ac5b068d7 None None] Hash Ring: Node d3b7db7736b25bb5ab69a4786813d5d8 (host: np0000162641) handling event "create" for row 821df391-e370-4dc4-bbc6-68c0223c1c0b (table: Chassis_Private) {{(pid=102586) notify /opt/stack/neutron/neutron/plugins/ml2/drivers/ovn/mech_driver/ovsdb/ovsdb_monitor.py:912}}
Apr 02 04:08:13.436798 np0000162641 devstack@neutron-api.service[102586]: DEBUG neutron.plugins.ml2.drivers.ovn.mech_driver.ovsdb.ovsdb_monitor [None req-58184a6c-1921-4a68-977a-2f3ac5b068d7 None None] Hash Ring: Node d3b7db7736b25bb5ab69a4786813d5d8 (host: np0000162641) handling event "create" for row fc21d02d-9650-4420-ba58-ad0184d34502 (table: Encap) {{(pid=102586) notify /opt/stack/neutron/neutron/plugins/ml2/drivers/ovn/mech_driver/ovsdb/ovsdb_monitor.py:912}}
Apr 02 04:08:13.437383 np0000162641 devstack@neutron-api.service[102585]: INFO ovsdbapp.backend.ovs_idl.vlog [None req-48fef3b7-7be9-406c-8565-189fb205a5bb None None] ssl:199.204.45.109:6641: connected
Apr 02 04:08:13.437849 np0000162641 devstack@neutron-api.service[102584]: INFO neutron.plugins.ml2.drivers.ovn.mech_driver.mech_driver [None req-e6f36a98-6ea8-4b32-99db-304dbae56a17 None None] WorkerService process has finished the post initialization
Apr 02 04:08:13.438375 np0000162641 devstack@neutron-api.service[102586]: INFO neutron.plugins.ml2.drivers.ovn.mech_driver.mech_driver [None req-58184a6c-1921-4a68-977a-2f3ac5b068d7 None None] WorkerService process has finished the post initialization
Apr 02 04:08:13.438834 np0000162641 devstack@neutron-api.service[102584]: WSGI app 0 (mountpoint='') ready in 7 seconds on interpreter 0x7a8c6d2a3668 pid: 102584 (default app)
Apr 02 04:08:13.439261 np0000162641 devstack@neutron-api.service[102586]: WSGI app 0 (mountpoint='') ready in 7 seconds on interpreter 0x7a8c6d2a3668 pid: 102586 (default app)
Apr 02 04:08:13.468200 np0000162641 devstack@neutron-api.service[102585]: DEBUG neutron.common.ovn.hash_ring_manager [None req-48fef3b7-7be9-406c-8565-189fb205a5bb None None] Allow caching, nodes 4>=4 {{(pid=102585) _wait_startup_before_caching /opt/stack/neutron/neutron/common/ovn/hash_ring_manager.py:65}}
Apr 02 04:08:13.475192 np0000162641 devstack@neutron-api.service[102585]: DEBUG neutron.common.ovn.hash_ring_manager [None req-48fef3b7-7be9-406c-8565-189fb205a5bb None None] Hash Ring loaded. 4 active nodes. 0 offline nodes {{(pid=102585) _load_hash_ring /opt/stack/neutron/neutron/common/ovn/hash_ring_manager.py:102}}
Apr 02 04:08:13.476131 np0000162641 devstack@neutron-api.service[102585]: INFO neutron.plugins.ml2.drivers.ovn.mech_driver.ovsdb.impl_idl_ovn [None req-48fef3b7-7be9-406c-8565-189fb205a5bb None None] Getting OvsdbSbOvnIdl for WorkerService with retry
Apr 02 04:08:13.510271 np0000162641 devstack@neutron-api.service[102585]: DEBUG ovsdbapp.backend.ovs_idl [None req-48fef3b7-7be9-406c-8565-189fb205a5bb None None] Created lookup_table index Chassis.name {{(pid=102585) autocreate_indices /opt/stack/data/venv/lib/python3.12/site-packages/ovsdbapp/backend/ovs_idl/__init__.py:87}}
Apr 02 04:08:13.510375 np0000162641 devstack@neutron-api.service[102585]: DEBUG ovsdbapp.backend.ovs_idl [None req-48fef3b7-7be9-406c-8565-189fb205a5bb None None] Created lookup_table index Port_Binding.logical_port {{(pid=102585) autocreate_indices /opt/stack/data/venv/lib/python3.12/site-packages/ovsdbapp/backend/ovs_idl/__init__.py:87}}
Apr 02 04:08:13.510472 np0000162641 devstack@neutron-api.service[102585]: DEBUG ovsdbapp.backend.ovs_idl [None req-48fef3b7-7be9-406c-8565-189fb205a5bb None None] Created schema index Chassis_Private.name {{(pid=102585) autocreate_indices /opt/stack/data/venv/lib/python3.12/site-packages/ovsdbapp/backend/ovs_idl/__init__.py:106}}
Apr 02 04:08:13.510574 np0000162641 devstack@neutron-api.service[102585]: DEBUG ovsdbapp.backend.ovs_idl [None req-48fef3b7-7be9-406c-8565-189fb205a5bb None None] Created schema index Datapath_Binding.tunnel_key {{(pid=102585) autocreate_indices /opt/stack/data/venv/lib/python3.12/site-packages/ovsdbapp/backend/ovs_idl/__init__.py:106}}
Apr 02 04:08:13.512699 np0000162641 devstack@neutron-api.service[102585]: INFO ovsdbapp.backend.ovs_idl.vlog [None req-48fef3b7-7be9-406c-8565-189fb205a5bb None None] ssl:199.204.45.109:6642: connecting...
Apr 02 04:08:13.516684 np0000162641 devstack@neutron-api.service[102585]: INFO ovsdbapp.backend.ovs_idl.vlog [None req-48fef3b7-7be9-406c-8565-189fb205a5bb None None] ssl:199.204.45.109:6642: connected
Apr 02 04:08:13.543292 np0000162641 devstack@neutron-api.service[102585]: DEBUG neutron.common.ovn.hash_ring_manager [None req-48fef3b7-7be9-406c-8565-189fb205a5bb None None] Allow caching, nodes 4>=4 {{(pid=102585) _wait_startup_before_caching /opt/stack/neutron/neutron/common/ovn/hash_ring_manager.py:65}}
Apr 02 04:08:13.548466 np0000162641 devstack@neutron-api.service[102585]: DEBUG neutron.common.ovn.hash_ring_manager [None req-48fef3b7-7be9-406c-8565-189fb205a5bb None None] Hash Ring loaded. 4 active nodes. 0 offline nodes {{(pid=102585) _load_hash_ring /opt/stack/neutron/neutron/common/ovn/hash_ring_manager.py:102}}
Apr 02 04:08:13.548773 np0000162641 devstack@neutron-api.service[102585]: DEBUG neutron.plugins.ml2.drivers.ovn.mech_driver.ovsdb.ovsdb_monitor [None req-48fef3b7-7be9-406c-8565-189fb205a5bb None None] ChassisOVNAgentWriteEvent : Matched Chassis_Private, create, None None {{(pid=102585) matches /opt/stack/neutron/neutron/plugins/ml2/drivers/ovn/mech_driver/ovsdb/ovsdb_monitor.py:64}}
Apr 02 04:08:13.548924 np0000162641 devstack@neutron-api.service[102585]: DEBUG neutron.plugins.ml2.drivers.ovn.mech_driver.ovsdb.ovsdb_monitor [None req-48fef3b7-7be9-406c-8565-189fb205a5bb None None] ChassisAgentWriteEvent : Matched Chassis_Private, create, None None {{(pid=102585) matches /opt/stack/neutron/neutron/plugins/ml2/drivers/ovn/mech_driver/ovsdb/ovsdb_monitor.py:64}}
Apr 02 04:08:13.552326 np0000162641 devstack@neutron-api.service[102585]: INFO neutron.plugins.ml2.drivers.ovn.mech_driver.mech_driver [None req-48fef3b7-7be9-406c-8565-189fb205a5bb None None] WorkerService process has finished the post initialization
Apr 02 04:08:13.554216 np0000162641 devstack@neutron-api.service[102585]: WSGI app 0 (mountpoint='') ready in 7 seconds on interpreter 0x7a8c6d2a3668 pid: 102585 (default app)
Apr 02 04:08:14.927736 np0000162641 devstack@neutron-api.service[102586]: DEBUG neutron.common.ovn.hash_ring_manager [-] Allow caching, nodes 4>=4 {{(pid=102586) _wait_startup_before_caching /opt/stack/neutron/neutron/common/ovn/hash_ring_manager.py:65}}
Apr 02 04:08:14.928662 np0000162641 devstack@neutron-api.service[102587]: DEBUG neutron.common.ovn.hash_ring_manager [-] Allow caching, nodes 4>=4 {{(pid=102587) _wait_startup_before_caching /opt/stack/neutron/neutron/common/ovn/hash_ring_manager.py:65}}
Apr 02 04:08:14.928928 np0000162641 devstack@neutron-api.service[102587]: DEBUG neutron.plugins.ml2.drivers.ovn.mech_driver.ovsdb.ovsdb_monitor [-] Hash Ring: Node fb8a48be3c345964b3168f57707db641 (host: np0000162641) handling event "update" for row 135274e6-e9f2-41bc-a067-3d9bc8556bb7 (table: Connection) {{(pid=102587) notify /opt/stack/neutron/neutron/plugins/ml2/drivers/ovn/mech_driver/ovsdb/ovsdb_monitor.py:912}}
Apr 02 04:08:14.929856 np0000162641 devstack@neutron-api.service[102584]: DEBUG neutron.common.ovn.hash_ring_manager [-] Allow caching, nodes 4>=4 {{(pid=102584) _wait_startup_before_caching /opt/stack/neutron/neutron/common/ovn/hash_ring_manager.py:65}}
Apr 02 04:08:17.425760 np0000162641 devstack@neutron-api.service[102587]: DEBUG neutron.plugins.ml2.drivers.ovn.mech_driver.ovsdb.ovsdb_monitor [-] Hash Ring: Node fb8a48be3c345964b3168f57707db641 (host: np0000162641) handling event "update" for row 135274e6-e9f2-41bc-a067-3d9bc8556bb7 (table: Connection) {{(pid=102587) notify /opt/stack/neutron/neutron/plugins/ml2/drivers/ovn/mech_driver/ovsdb/ovsdb_monitor.py:912}}
Apr 02 04:08:19.634115 np0000162641 devstack@neutron-api.service[102587]: DEBUG neutron.api.wsgi [None req-2508d92f-bb10-47fb-aea0-420f48980852 admin admin] Missing Content-Type {{(pid=102587) get_content_type /opt/stack/neutron/neutron/api/wsgi.py:85}}
Apr 02 04:08:19.634792 np0000162641 devstack@neutron-api.service[102587]: DEBUG neutron.api.wsgi [None req-2508d92f-bb10-47fb-aea0-420f48980852 admin admin] https://199.204.45.109/networking/v2.0/extensions returned with HTTP 200 {{(pid=102587) __call__ /opt/stack/neutron/neutron/api/wsgi.py:545}}
Apr 02 04:08:19.634890 np0000162641 devstack@neutron-api.service[102587]: [pid: 102587|app: 0|req: 2/2] 199.204.45.109 () {64 vars in 1323 bytes} [Thu Apr 2 04:08:19 2026] GET /networking/v2.0/extensions => generated 15208 bytes in 262 msecs (HTTP/1.1 200) 4 headers in 159 bytes (1 switches on core 0)
Apr 02 04:08:20.044722 np0000162641 devstack@neutron-api.service[102584]: DEBUG neutron.api.v2.base [None req-f046e453-8c19-4169-9783-bf33fe395fb5 admin admin] Request body: {'subnetpool': {'is_default': True, 'prefixes': ['10.1.0.0/20'], 'name': 'shared-default-subnetpool-v4', 'default_prefixlen': 26, 'shared': True}} {{(pid=102584) prepare_request_body /opt/stack/neutron/neutron/api/v2/base.py:729}}
Apr 02 04:08:20.239752 np0000162641 devstack@neutron-api.service[102584]: DEBUG neutron.policy [None req-f046e453-8c19-4169-9783-bf33fe395fb5 admin admin] Loaded default policies from ['neutron'] under neutron.policies entry points {{(pid=102584) register_rules /opt/stack/neutron/neutron/policy.py:65}}
Apr 02 04:08:20.387617 np0000162641 devstack@neutron-api.service[102584]: DEBUG neutron_lib.callbacks.manager [None req-f046e453-8c19-4169-9783-bf33fe395fb5 admin admin] Publish callbacks ['neutron.objects.securitygroup.RbacNeutronDbObjectMixin.validate_rbac_policy_change-1867741798202', 'neutron.objects.address_group.RbacNeutronDbObjectMixin.validate_rbac_policy_change-1867741838326', 'neutron.objects.network.RbacNeutronDbObjectMixin.validate_rbac_policy_change-1867741852247', 'neutron.objects.qos.policy.RbacNeutronDbObjectMixin.validate_rbac_policy_change-1867741840722', 'neutron.objects.subnetpool.RbacNeutronDbObjectMixin.validate_rbac_policy_change-1867741733417', 'neutron.objects.address_scope.RbacNeutronDbObjectMixin.validate_rbac_policy_change-1867741736015', 'neutron.plugins.ml2.plugin.External_net_db_mixin._process_ext_policy_create-1396552', 'neutron.plugins.ml2.plugin.NeutronDbPluginV2.validate_network_rbac_policy_change-1386540'] for rbac-policy (None), before_create {{(pid=102584) _notify_loop /opt/stack/data/venv/lib/python3.12/site-packages/neutron_lib/callbacks/manager.py:184}}
Apr 02 04:08:20.432216 np0000162641 devstack@neutron-api.service[102584]: DEBUG neutron_lib.callbacks.manager [None req-f046e453-8c19-4169-9783-bf33fe395fb5 admin admin] Publish callbacks [] for subnetpool (None), before_response {{(pid=102584) _notify_loop /opt/stack/data/venv/lib/python3.12/site-packages/neutron_lib/callbacks/manager.py:184}}
Apr 02 04:08:20.432773 np0000162641 devstack@neutron-api.service[102584]: [pid: 102584|app: 0|req: 1/3] 199.204.45.109 () {68 vars in 1367 bytes} [Thu Apr 2 04:08:19 2026] POST /networking/v2.0/subnetpools => generated 533 bytes in 490 msecs (HTTP/1.1 201) 4 headers in 162 bytes (1 switches on core 0)
Apr 02 04:08:20.766107 np0000162641 devstack@neutron-api.service[102586]: DEBUG neutron.api.v2.base [None req-4c50235b-0147-45c2-9b97-42beedebf218 admin admin] Request body: {'subnetpool': {'is_default': True, 'prefixes': ['fd8e:7737:9dc7::/56'], 'name': 'shared-default-subnetpool-v6', 'default_prefixlen': 64, 'shared': True}} {{(pid=102586) prepare_request_body /opt/stack/neutron/neutron/api/v2/base.py:729}}
Apr 02 04:08:20.934297 np0000162641 devstack@neutron-api.service[102586]: DEBUG neutron.policy [None req-4c50235b-0147-45c2-9b97-42beedebf218 admin admin] Loaded default policies from ['neutron'] under neutron.policies entry points {{(pid=102586) register_rules /opt/stack/neutron/neutron/policy.py:65}}
Apr 02 04:08:21.077442 np0000162641 devstack@neutron-api.service[102586]: DEBUG neutron_lib.callbacks.manager [None req-4c50235b-0147-45c2-9b97-42beedebf218 admin admin] Publish callbacks ['neutron.objects.securitygroup.RbacNeutronDbObjectMixin.validate_rbac_policy_change-1867741794735', 'neutron.objects.address_group.RbacNeutronDbObjectMixin.validate_rbac_policy_change-1867741838452', 'neutron.objects.network.RbacNeutronDbObjectMixin.validate_rbac_policy_change-1867741852825', 'neutron.objects.qos.policy.RbacNeutronDbObjectMixin.validate_rbac_policy_change-1867741841344', 'neutron.objects.subnetpool.RbacNeutronDbObjectMixin.validate_rbac_policy_change-1867741734047', 'neutron.objects.address_scope.RbacNeutronDbObjectMixin.validate_rbac_policy_change-1867741736509', 'neutron.plugins.ml2.plugin.External_net_db_mixin._process_ext_policy_create-1388524', 'neutron.plugins.ml2.plugin.NeutronDbPluginV2.validate_network_rbac_policy_change-1406968'] for rbac-policy (None), before_create {{(pid=102586) _notify_loop /opt/stack/data/venv/lib/python3.12/site-packages/neutron_lib/callbacks/manager.py:184}}
Apr 02 04:08:21.118832 np0000162641 devstack@neutron-api.service[102586]: DEBUG neutron_lib.callbacks.manager [None req-4c50235b-0147-45c2-9b97-42beedebf218 admin admin] Publish callbacks [] for subnetpool (None), before_response {{(pid=102586) _notify_loop /opt/stack/data/venv/lib/python3.12/site-packages/neutron_lib/callbacks/manager.py:184}}
Apr 02 04:08:21.119335 np0000162641 devstack@neutron-api.service[102586]: [pid: 102586|app: 0|req: 1/4] 199.204.45.109 () {68 vars in 1367 bytes} [Thu Apr 2 04:08:20 2026] POST /networking/v2.0/subnetpools => generated 543 bytes in 460 msecs (HTTP/1.1 201) 4 headers in 162 bytes (1 switches on core 0)
Apr 02 04:08:21.543534 np0000162641 devstack@neutron-api.service[102585]: DEBUG neutron.api.v2.base [None req-ba5f3ea1-1202-44a1-a293-07fe7742c15e admin admin] Request body: {'network': {'admin_state_up': True, 'name': 'private'}} {{(pid=102585) prepare_request_body /opt/stack/neutron/neutron/api/v2/base.py:729}}
Apr 02 04:08:21.582262 np0000162641 devstack@neutron-api.service[102585]: DEBUG neutron.pecan_wsgi.hooks.quota_enforcement [None req-ba5f3ea1-1202-44a1-a293-07fe7742c15e admin admin] Made reservation on behalf of 72bf79a9dd194e7a83d34cdbf1ac3990 for: {'network': 1} {{(pid=102585) before /opt/stack/neutron/neutron/pecan_wsgi/hooks/quota_enforcement.py:66}}
Apr 02 04:08:21.755257 np0000162641 devstack@neutron-api.service[102585]: DEBUG neutron.policy [None req-ba5f3ea1-1202-44a1-a293-07fe7742c15e admin admin] Loaded default policies from ['neutron'] under neutron.policies entry points {{(pid=102585) register_rules /opt/stack/neutron/neutron/policy.py:65}}
Apr 02 04:08:21.857414 np0000162641 devstack@neutron-api.service[102585]: DEBUG neutron_lib.callbacks.manager [None req-ba5f3ea1-1202-44a1-a293-07fe7742c15e admin admin] Publish callbacks ['neutron.plugins.ml2.plugin.SecurityGroupDbMixin._ensure_default_security_group_handler-15657281'] for network (None), before_create {{(pid=102585) _notify_loop /opt/stack/data/venv/lib/python3.12/site-packages/neutron_lib/callbacks/manager.py:184}}
Apr 02 04:08:21.882885 np0000162641 devstack@neutron-api.service[102585]: DEBUG neutron_lib.callbacks.manager [None req-ba5f3ea1-1202-44a1-a293-07fe7742c15e admin admin] Publish callbacks [] for security_group (None), before_create {{(pid=102585) _notify_loop /opt/stack/data/venv/lib/python3.12/site-packages/neutron_lib/callbacks/manager.py:184}}
Apr 02 04:08:21.996710 np0000162641 devstack@neutron-api.service[102585]: DEBUG neutron_lib.callbacks.manager [None req-ba5f3ea1-1202-44a1-a293-07fe7742c15e admin admin] Publish callbacks ['neutron.plugins.ml2.drivers.ovn.mech_driver.mech_driver.OVNMechanismDriver._create_security_group_precommit-274912'] for security_group (9708abe6-aec3-443f-b72e-4a4b26645327), precommit_create {{(pid=102585) _notify_loop /opt/stack/data/venv/lib/python3.12/site-packages/neutron_lib/callbacks/manager.py:184}}
Apr 02 04:08:21.996932 np0000162641 devstack@neutron-api.service[102585]: DEBUG neutron.db.ovn_revision_numbers_db [None req-ba5f3ea1-1202-44a1-a293-07fe7742c15e admin admin] create_initial_revision uuid=9708abe6-aec3-443f-b72e-4a4b26645327, type=security_groups, rev=-1 {{(pid=102585) create_initial_revision /opt/stack/neutron/neutron/db/ovn_revision_numbers_db.py:98}}
Apr 02 04:08:21.998875 np0000162641 devstack@neutron-api.service[102585]: DEBUG neutron.db.ovn_revision_numbers_db [None req-ba5f3ea1-1202-44a1-a293-07fe7742c15e admin admin] create_initial_revision uuid=08da52e7-a38c-492f-8f36-1f7c29e41131, type=security_group_rules, rev=-1 {{(pid=102585) create_initial_revision /opt/stack/neutron/neutron/db/ovn_revision_numbers_db.py:98}}
Apr 02 04:08:21.999834 np0000162641 devstack@neutron-api.service[102585]: DEBUG neutron.db.ovn_revision_numbers_db [None req-ba5f3ea1-1202-44a1-a293-07fe7742c15e admin admin] create_initial_revision uuid=403d0904-6426-4f20-bad1-afa78046347c, type=security_group_rules, rev=-1 {{(pid=102585) create_initial_revision /opt/stack/neutron/neutron/db/ovn_revision_numbers_db.py:98}}
Apr 02 04:08:22.000771 np0000162641 devstack@neutron-api.service[102585]: DEBUG neutron.db.ovn_revision_numbers_db [None req-ba5f3ea1-1202-44a1-a293-07fe7742c15e admin admin] create_initial_revision uuid=7b00c7a1-42f2-4b0f-b0aa-dfe1972b50a4, type=security_group_rules, rev=-1 {{(pid=102585) create_initial_revision /opt/stack/neutron/neutron/db/ovn_revision_numbers_db.py:98}}
Apr 02 04:08:22.001710 np0000162641 devstack@neutron-api.service[102585]: DEBUG neutron.db.ovn_revision_numbers_db [None req-ba5f3ea1-1202-44a1-a293-07fe7742c15e admin admin] create_initial_revision uuid=aa268841-13b6-4c7f-a8c6-f4dba93b0367, type=security_group_rules, rev=-1 {{(pid=102585) create_initial_revision /opt/stack/neutron/neutron/db/ovn_revision_numbers_db.py:98}}
Apr 02 04:08:22.007750 np0000162641 devstack@neutron-api.service[102585]: DEBUG neutron_lib.callbacks.manager [None req-ba5f3ea1-1202-44a1-a293-07fe7742c15e admin admin] Publish callbacks ['neutron.plugins.ml2.drivers.ovn.mech_driver.mech_driver.OVNMechanismDriver._create_security_group-274922', 'neutron.plugins.ml2.ovo_rpc._ObjectChangeHandler.handle_event-3011969'] for security_group (9708abe6-aec3-443f-b72e-4a4b26645327), after_create {{(pid=102585) _notify_loop /opt/stack/data/venv/lib/python3.12/site-packages/neutron_lib/callbacks/manager.py:184}}
Apr 02 04:08:22.007942 np0000162641 devstack@neutron-api.service[102585]: INFO neutron.plugins.ml2.drivers.ovn.mech_driver.ovsdb.extensions.qos [None req-ba5f3ea1-1202-44a1-a293-07fe7742c15e admin admin] Starting OVNClientQosExtension
Apr 02 04:08:22.008072 np0000162641 devstack@neutron-api.service[102585]: INFO neutron.plugins.ml2.drivers.ovn.mech_driver.ovsdb.extensions.placement [None req-ba5f3ea1-1202-44a1-a293-07fe7742c15e admin admin] Starting OVNClientPlacementExtension
Apr 02 04:08:22.009591 np0000162641 devstack@neutron-api.service[102585]: DEBUG ovsdbapp.backend.ovs_idl.transaction [-] Running txn n=1 command(idx=0): PgAddCommand(_result=None, name=pg_9708abe6_aec3_443f_b72e_4a4b26645327, may_exist=False, columns={'acls': [], 'external_ids': {'neutron:security_group_id': '9708abe6-aec3-443f-b72e-4a4b26645327'}}) {{(pid=102585) do_commit /opt/stack/data/venv/lib/python3.12/site-packages/ovsdbapp/backend/ovs_idl/transaction.py:89}}
Apr 02 04:08:22.011918 np0000162641 devstack@neutron-api.service[102585]: DEBUG ovsdbapp.backend.ovs_idl.transaction [-] Running txn n=1 command(idx=1): PgAclAddCommand(_result=None, entity=pg_9708abe6_aec3_443f_b72e_4a4b26645327, direction=to-lport, priority=1002, match=outport == @pg_9708abe6_aec3_443f_b72e_4a4b26645327 && ip4 && ip4.src == $pg_9708abe6_aec3_443f_b72e_4a4b26645327_ip4, action=allow-related, log=False, may_exist=True, severity=[], name=[], meter=[], external_ids={'neutron:security_group_rule_id': '08da52e7-a38c-492f-8f36-1f7c29e41131'}) {{(pid=102585) do_commit /opt/stack/data/venv/lib/python3.12/site-packages/ovsdbapp/backend/ovs_idl/transaction.py:89}}
Apr 02 04:08:22.012536 np0000162641 devstack@neutron-api.service[102585]: DEBUG ovsdbapp.backend.ovs_idl.transaction [-] Running txn n=1 command(idx=2): PgAclAddCommand(_result=None, entity=pg_9708abe6_aec3_443f_b72e_4a4b26645327, direction=from-lport, priority=1002, match=inport == @pg_9708abe6_aec3_443f_b72e_4a4b26645327 && ip4, action=allow-related, log=False, may_exist=True, severity=[], name=[], meter=[], external_ids={'neutron:security_group_rule_id': '403d0904-6426-4f20-bad1-afa78046347c'}) {{(pid=102585) do_commit /opt/stack/data/venv/lib/python3.12/site-packages/ovsdbapp/backend/ovs_idl/transaction.py:89}}
Apr 02 04:08:22.013094 np0000162641 devstack@neutron-api.service[102585]: DEBUG ovsdbapp.backend.ovs_idl.transaction [-] Running txn n=1 command(idx=3): PgAclAddCommand(_result=None, entity=pg_9708abe6_aec3_443f_b72e_4a4b26645327, direction=to-lport, priority=1002, match=outport == @pg_9708abe6_aec3_443f_b72e_4a4b26645327 && ip6 && ip6.src == $pg_9708abe6_aec3_443f_b72e_4a4b26645327_ip6, action=allow-related, log=False, may_exist=True, severity=[], name=[], meter=[], external_ids={'neutron:security_group_rule_id': '7b00c7a1-42f2-4b0f-b0aa-dfe1972b50a4'}) {{(pid=102585) do_commit /opt/stack/data/venv/lib/python3.12/site-packages/ovsdbapp/backend/ovs_idl/transaction.py:89}}
Apr 02 04:08:22.013543 np0000162641 devstack@neutron-api.service[102585]: DEBUG ovsdbapp.backend.ovs_idl.transaction [-] Running txn n=1 command(idx=4): PgAclAddCommand(_result=None, entity=pg_9708abe6_aec3_443f_b72e_4a4b26645327, direction=from-lport, priority=1002, match=inport == @pg_9708abe6_aec3_443f_b72e_4a4b26645327 && ip6, action=allow-related, log=False, may_exist=True, severity=[], name=[], meter=[], external_ids={'neutron:security_group_rule_id': 'aa268841-13b6-4c7f-a8c6-f4dba93b0367'}) {{(pid=102585) do_commit /opt/stack/data/venv/lib/python3.12/site-packages/ovsdbapp/backend/ovs_idl/transaction.py:89}}
Apr 02 04:08:22.093022 np0000162641 devstack@neutron-api.service[102585]: DEBUG neutron.plugins.ml2.drivers.ovn.mech_driver.ovsdb.ovsdb_monitor [-] Hash Ring: Node b051f1e646d55349b1df018cb0749f6f (host: np0000162641) handling event "create" for row b8a1b133-c5f1-4bec-b1b6-6d848b27c4b4 (table: ACL) {{(pid=102585) notify /opt/stack/neutron/neutron/plugins/ml2/drivers/ovn/mech_driver/ovsdb/ovsdb_monitor.py:912}}
Apr 02 04:08:22.096375 np0000162641 devstack@neutron-api.service[102586]: DEBUG neutron.plugins.ml2.drivers.ovn.mech_driver.ovsdb.ovsdb_monitor [-] Hash Ring: Node d3b7db7736b25bb5ab69a4786813d5d8 (host: np0000162641) handling event "create" for row b8a1b133-c5f1-4bec-b1b6-6d848b27c4b4 (table: ACL) {{(pid=102586) notify /opt/stack/neutron/neutron/plugins/ml2/drivers/ovn/mech_driver/ovsdb/ovsdb_monitor.py:912}}
Apr 02 04:08:22.096759 np0000162641 devstack@neutron-api.service[102586]: DEBUG neutron.plugins.ml2.drivers.ovn.mech_driver.ovsdb.ovsdb_monitor [-] Hash Ring: Node d3b7db7736b25bb5ab69a4786813d5d8 (host: np0000162641) handling event "create" for row 5939f10d-57c7-4ecf-8842-ced05c06ff46 (table: Port_Group) {{(pid=102586) notify /opt/stack/neutron/neutron/plugins/ml2/drivers/ovn/mech_driver/ovsdb/ovsdb_monitor.py:912}}
Apr 02 04:08:22.097527 np0000162641 devstack@neutron-api.service[102587]: DEBUG neutron.plugins.ml2.drivers.ovn.mech_driver.ovsdb.ovsdb_monitor [-] Hash Ring: Node fb8a48be3c345964b3168f57707db641 (host: np0000162641) handling event "create" for row 8c3f5438-3cc3-4904-9cb8-62db97443d92 (table: ACL) {{(pid=102587) notify /opt/stack/neutron/neutron/plugins/ml2/drivers/ovn/mech_driver/ovsdb/ovsdb_monitor.py:912}}
Apr 02 04:08:22.097891 np0000162641 devstack@neutron-api.service[102587]: DEBUG neutron.plugins.ml2.drivers.ovn.mech_driver.ovsdb.ovsdb_monitor [-] Hash Ring: Node fb8a48be3c345964b3168f57707db641 (host: np0000162641) handling event "create" for row b8a1b133-c5f1-4bec-b1b6-6d848b27c4b4 (table: ACL) {{(pid=102587) notify /opt/stack/neutron/neutron/plugins/ml2/drivers/ovn/mech_driver/ovsdb/ovsdb_monitor.py:912}}
Apr 02 04:08:22.098059 np0000162641 devstack@neutron-api.service[102587]: DEBUG neutron.plugins.ml2.drivers.ovn.mech_driver.ovsdb.ovsdb_monitor [-] Hash Ring: Node fb8a48be3c345964b3168f57707db641 (host: np0000162641) handling event "create" for row cfe62bbf-cce3-479c-b34e-d7ded0800294 (table: ACL) {{(pid=102587) notify /opt/stack/neutron/neutron/plugins/ml2/drivers/ovn/mech_driver/ovsdb/ovsdb_monitor.py:912}}
Apr 02 04:08:22.098213 np0000162641 devstack@neutron-api.service[102584]: DEBUG neutron.plugins.ml2.drivers.ovn.mech_driver.ovsdb.ovsdb_monitor [-] Hash Ring: Node 640f1638b4a759aab95427c938e4b6fb (host: np0000162641) handling event "create" for row f1f3f3b5-0aba-4701-986b-1da90100852d (table: ACL) {{(pid=102584) notify /opt/stack/neutron/neutron/plugins/ml2/drivers/ovn/mech_driver/ovsdb/ovsdb_monitor.py:912}}
Apr 02 04:08:22.098586 np0000162641 devstack@neutron-api.service[102587]: DEBUG neutron.plugins.ml2.drivers.ovn.mech_driver.ovsdb.ovsdb_monitor [-] Hash Ring: Node fb8a48be3c345964b3168f57707db641 (host: np0000162641) handling event "create" for row f1f3f3b5-0aba-4701-986b-1da90100852d (table: ACL) {{(pid=102587) notify /opt/stack/neutron/neutron/plugins/ml2/drivers/ovn/mech_driver/ovsdb/ovsdb_monitor.py:912}}
Apr 02 04:08:22.098586 np0000162641 devstack@neutron-api.service[102587]: DEBUG neutron.plugins.ml2.drivers.ovn.mech_driver.ovsdb.ovsdb_monitor [-] Hash Ring: Node fb8a48be3c345964b3168f57707db641 (host: np0000162641) handling event "create" for row 5939f10d-57c7-4ecf-8842-ced05c06ff46 (table: Port_Group) {{(pid=102587) notify /opt/stack/neutron/neutron/plugins/ml2/drivers/ovn/mech_driver/ovsdb/ovsdb_monitor.py:912}}
Apr 02 04:08:22.122162 np0000162641 devstack@neutron-api.service[102585]: INFO neutron.db.ovn_revision_numbers_db [None req-ba5f3ea1-1202-44a1-a293-07fe7742c15e admin admin] Successfully bumped revision number for resource 9708abe6-aec3-443f-b72e-4a4b26645327 (type: security_groups) to 1
Apr 02 04:08:22.139112 np0000162641 devstack@neutron-api.service[102585]: INFO neutron.db.ovn_revision_numbers_db [None req-ba5f3ea1-1202-44a1-a293-07fe7742c15e admin admin] Successfully bumped revision number for resource 08da52e7-a38c-492f-8f36-1f7c29e41131 (type: security_group_rules) to 0
Apr 02 04:08:22.151826 np0000162641 devstack@neutron-api.service[102585]: INFO neutron.db.ovn_revision_numbers_db [None req-ba5f3ea1-1202-44a1-a293-07fe7742c15e admin admin] Successfully bumped revision number for resource 403d0904-6426-4f20-bad1-afa78046347c (type: security_group_rules) to 0
Apr 02 04:08:22.166895 np0000162641 devstack@neutron-api.service[102585]: INFO neutron.db.ovn_revision_numbers_db [None req-ba5f3ea1-1202-44a1-a293-07fe7742c15e admin admin] Successfully bumped revision number for resource 7b00c7a1-42f2-4b0f-b0aa-dfe1972b50a4 (type: security_group_rules) to 0
Apr 02 04:08:22.182146 np0000162641 devstack@neutron-api.service[102585]: INFO neutron.db.ovn_revision_numbers_db [None req-ba5f3ea1-1202-44a1-a293-07fe7742c15e admin admin] Successfully bumped revision number for resource aa268841-13b6-4c7f-a8c6-f4dba93b0367 (type: security_group_rules) to 0
Apr 02 04:08:22.207516 np0000162641 devstack@neutron-api.service[102585]: DEBUG neutron.api.rpc.handlers.resources_rpc [None req-ba5f3ea1-1202-44a1-a293-07fe7742c15e admin admin] Pushing event updated for resources: {'SecurityGroup': ['ID=9708abe6-aec3-443f-b72e-4a4b26645327,revision_number=1']} {{(pid=102585) push /opt/stack/neutron/neutron/api/rpc/handlers/resources_rpc.py:237}}
Apr 02 04:08:22.217589 np0000162641 devstack@neutron-api.service[102585]: DEBUG ovsdbapp.backend.ovs_idl.transaction [-] Running txn n=1 command(idx=0): CheckLivenessCommand(_result=None) {{(pid=102585) do_commit /opt/stack/data/venv/lib/python3.12/site-packages/ovsdbapp/backend/ovs_idl/transaction.py:89}}
Apr 02 04:08:22.221219 np0000162641 devstack@neutron-api.service[102587]: DEBUG neutron.plugins.ml2.drivers.ovn.mech_driver.ovsdb.ovsdb_monitor [-] Hash Ring: Node fb8a48be3c345964b3168f57707db641 (host: np0000162641) handling event "update" for row 7cdee38b-e416-4bb8-b294-a41a7ad4c192 (table: NB_Global) {{(pid=102587) notify /opt/stack/neutron/neutron/plugins/ml2/drivers/ovn/mech_driver/ovsdb/ovsdb_monitor.py:912}}
Apr 02 04:08:22.221945 np0000162641 devstack@neutron-api.service[102584]: DEBUG neutron.plugins.ml2.drivers.ovn.mech_driver.ovsdb.ovsdb_monitor [-] Hash Ring: Node 640f1638b4a759aab95427c938e4b6fb (host: np0000162641) handling event "update" for row 7cdee38b-e416-4bb8-b294-a41a7ad4c192 (table: NB_Global) {{(pid=102584) notify /opt/stack/neutron/neutron/plugins/ml2/drivers/ovn/mech_driver/ovsdb/ovsdb_monitor.py:912}}
Apr 02 04:08:22.223179 np0000162641 devstack@neutron-api.service[102584]: DEBUG neutron.plugins.ml2.drivers.ovn.mech_driver.ovsdb.ovsdb_monitor [-] Hash Ring: Node 640f1638b4a759aab95427c938e4b6fb (host: np0000162641) handling event "update" for row 7cdee38b-e416-4bb8-b294-a41a7ad4c192 (table: NB_Global) {{(pid=102584) notify /opt/stack/neutron/neutron/plugins/ml2/drivers/ovn/mech_driver/ovsdb/ovsdb_monitor.py:912}}
Apr 02 04:08:22.223330 np0000162641 devstack@neutron-api.service[102587]: DEBUG neutron.plugins.ml2.drivers.ovn.mech_driver.ovsdb.ovsdb_monitor [-] Hash Ring: Node fb8a48be3c345964b3168f57707db641 (host: np0000162641) handling event "update" for row 7cdee38b-e416-4bb8-b294-a41a7ad4c192 (table: NB_Global) {{(pid=102587) notify /opt/stack/neutron/neutron/plugins/ml2/drivers/ovn/mech_driver/ovsdb/ovsdb_monitor.py:912}}
Apr 02 04:08:22.223587 np0000162641 devstack@neutron-api.service[102586]: DEBUG neutron.plugins.ml2.drivers.ovn.mech_driver.ovsdb.ovsdb_monitor [-] ChassisAgentWriteEvent : Matched Chassis_Private, update, None None {{(pid=102586) matches /opt/stack/neutron/neutron/plugins/ml2/drivers/ovn/mech_driver/ovsdb/ovsdb_monitor.py:64}}
Apr 02 04:08:22.223950 np0000162641 devstack@neutron-api.service[102585]: DEBUG neutron.api.rpc.callbacks.version_manager [None req-ba5f3ea1-1202-44a1-a293-07fe7742c15e admin admin] Tracked resource versions report:
Apr 02 04:08:22.223950 np0000162641 devstack@neutron-api.service[102585]: pushed versions:
Apr 02 04:08:22.223950 np0000162641 devstack@neutron-api.service[102585]: { 'AddressGroup': {'1.2'},
Apr 02 04:08:22.223950 np0000162641 devstack@neutron-api.service[102585]: 'Agent': {'1.1'},
Apr 02 04:08:22.223950 np0000162641 devstack@neutron-api.service[102585]: 'ConntrackHelper': {'1.0'},
Apr 02 04:08:22.223950 np0000162641 devstack@neutron-api.service[102585]: 'LocalIPAssociation': {'1.0'},
Apr 02 04:08:22.223950 np0000162641 devstack@neutron-api.service[102585]: 'Log': {'1.0'},
Apr 02 04:08:22.223950 np0000162641 devstack@neutron-api.service[102585]: 'NDPProxy': {'1.0'},
Apr 02 04:08:22.223950 np0000162641 devstack@neutron-api.service[102585]: 'Network': {'1.2'},
Apr 02 04:08:22.223950 np0000162641 devstack@neutron-api.service[102585]: 'Port': {'1.10'},
Apr 02 04:08:22.223950 np0000162641 devstack@neutron-api.service[102585]: 'PortForwarding': {'1.3'},
Apr 02 04:08:22.223950 np0000162641 devstack@neutron-api.service[102585]: 'QosPolicy': {'1.10'},
Apr 02 04:08:22.223950 np0000162641 devstack@neutron-api.service[102585]: 'SecurityGroup': {'1.6'},
Apr 02 04:08:22.223950 np0000162641 devstack@neutron-api.service[102585]: 'SecurityGroupRule': {'1.3'},
Apr 02 04:08:22.223950 np0000162641 devstack@neutron-api.service[102585]: 'SubPort': {'1.0'},
Apr 02 04:08:22.223950 np0000162641 devstack@neutron-api.service[102585]: 'Subnet': {'1.2'},
Apr 02 04:08:22.223950 np0000162641 devstack@neutron-api.service[102585]: 'Trunk': {'1.1'}}
Apr 02 04:08:22.223950 np0000162641 devstack@neutron-api.service[102585]: consumer versions:
Apr 02 04:08:22.223950 np0000162641 devstack@neutron-api.service[102585]: {}
Apr 02 04:08:22.223950 np0000162641 devstack@neutron-api.service[102585]: {{(pid=102585) report /opt/stack/neutron/neutron/api/rpc/callbacks/version_manager.py:183}}
Apr 02 04:08:22.224880 np0000162641 devstack@neutron-api.service[102586]: DEBUG neutron.plugins.ml2.drivers.ovn.mech_driver.ovsdb.ovsdb_monitor [-] Hash Ring: Node d3b7db7736b25bb5ab69a4786813d5d8 (host: np0000162641) handling event "update" for row 821df391-e370-4dc4-bbc6-68c0223c1c0b (table: Chassis_Private) {{(pid=102586) notify /opt/stack/neutron/neutron/plugins/ml2/drivers/ovn/mech_driver/ovsdb/ovsdb_monitor.py:912}}
Apr 02 04:08:22.225624 np0000162641 devstack@neutron-api.service[102587]: DEBUG neutron.plugins.ml2.drivers.ovn.mech_driver.ovsdb.ovsdb_monitor [-] Hash Ring: Node fb8a48be3c345964b3168f57707db641 (host: np0000162641) handling event "update" for row 7cdee38b-e416-4bb8-b294-a41a7ad4c192 (table: NB_Global) {{(pid=102587) notify /opt/stack/neutron/neutron/plugins/ml2/drivers/ovn/mech_driver/ovsdb/ovsdb_monitor.py:912}}
Apr 02 04:08:22.226176 np0000162641 devstack@neutron-api.service[102584]: DEBUG neutron.plugins.ml2.drivers.ovn.mech_driver.ovsdb.ovsdb_monitor [-] Hash Ring: Node 640f1638b4a759aab95427c938e4b6fb (host: np0000162641) handling event "update" for row 7cdee38b-e416-4bb8-b294-a41a7ad4c192 (table: NB_Global) {{(pid=102584) notify /opt/stack/neutron/neutron/plugins/ml2/drivers/ovn/mech_driver/ovsdb/ovsdb_monitor.py:912}}
Apr 02 04:08:22.226872 np0000162641 devstack@neutron-api.service[102584]: DEBUG neutron.plugins.ml2.drivers.ovn.mech_driver.ovsdb.ovsdb_monitor [-] ChassisAgentWriteEvent : Matched Chassis_Private, update, None None {{(pid=102584) matches /opt/stack/neutron/neutron/plugins/ml2/drivers/ovn/mech_driver/ovsdb/ovsdb_monitor.py:64}}
Apr 02 04:08:22.229224 np0000162641 devstack@neutron-api.service[102586]: DEBUG neutron.plugins.ml2.drivers.ovn.mech_driver.ovsdb.ovsdb_monitor [-] ChassisOVNAgentWriteEvent : Matched Chassis_Private, update, None None {{(pid=102586) matches /opt/stack/neutron/neutron/plugins/ml2/drivers/ovn/mech_driver/ovsdb/ovsdb_monitor.py:64}}
Apr 02 04:08:22.229543 np0000162641 devstack@neutron-api.service[102587]: DEBUG neutron.plugins.ml2.drivers.ovn.mech_driver.ovsdb.ovsdb_monitor [-] ChassisAgentWriteEvent : Matched Chassis_Private, update, None None {{(pid=102587) matches /opt/stack/neutron/neutron/plugins/ml2/drivers/ovn/mech_driver/ovsdb/ovsdb_monitor.py:64}}
Apr 02 04:08:22.229681 np0000162641 devstack@neutron-api.service[102586]: DEBUG neutron.plugins.ml2.drivers.ovn.mech_driver.ovsdb.ovsdb_monitor [-] Hash Ring: Node d3b7db7736b25bb5ab69a4786813d5d8 (host: np0000162641) handling event "update" for row 821df391-e370-4dc4-bbc6-68c0223c1c0b (table: Chassis_Private) {{(pid=102586) notify /opt/stack/neutron/neutron/plugins/ml2/drivers/ovn/mech_driver/ovsdb/ovsdb_monitor.py:912}}
Apr 02 04:08:22.229976 np0000162641 devstack@neutron-api.service[102584]: DEBUG neutron.plugins.ml2.drivers.ovn.mech_driver.ovsdb.ovsdb_monitor [-] ChassisOVNAgentWriteEvent : Matched Chassis_Private, update, None None {{(pid=102584) matches /opt/stack/neutron/neutron/plugins/ml2/drivers/ovn/mech_driver/ovsdb/ovsdb_monitor.py:64}}
Apr 02 04:08:22.230597 np0000162641 devstack@neutron-api.service[102584]: DEBUG neutron.plugins.ml2.drivers.ovn.mech_driver.ovsdb.ovsdb_monitor [-] Hash Ring: Node 640f1638b4a759aab95427c938e4b6fb (host: np0000162641) handling event "update" for row 7cdee38b-e416-4bb8-b294-a41a7ad4c192 (table: NB_Global) {{(pid=102584) notify /opt/stack/neutron/neutron/plugins/ml2/drivers/ovn/mech_driver/ovsdb/ovsdb_monitor.py:912}}
Apr 02 04:08:22.231870 np0000162641 devstack@neutron-api.service[102585]: DEBUG neutron.plugins.ml2.drivers.ovn.mech_driver.ovsdb.ovsdb_monitor [-] ChassisAgentWriteEvent : Matched Chassis_Private, update, None None {{(pid=102585) matches /opt/stack/neutron/neutron/plugins/ml2/drivers/ovn/mech_driver/ovsdb/ovsdb_monitor.py:64}}
Apr 02 04:08:22.232264 np0000162641 devstack@neutron-api.service[102587]: DEBUG neutron.plugins.ml2.drivers.ovn.mech_driver.ovsdb.ovsdb_monitor [-] Hash Ring: Node fb8a48be3c345964b3168f57707db641 (host: np0000162641) handling event "update" for row 7cdee38b-e416-4bb8-b294-a41a7ad4c192 (table: NB_Global) {{(pid=102587) notify /opt/stack/neutron/neutron/plugins/ml2/drivers/ovn/mech_driver/ovsdb/ovsdb_monitor.py:912}}
Apr 02 04:08:22.234357 np0000162641 devstack@neutron-api.service[102585]: DEBUG neutron.plugins.ml2.drivers.ovn.mech_driver.ovsdb.ovsdb_monitor [-] ChassisOVNAgentWriteEvent : Matched Chassis_Private, update, None None {{(pid=102585) matches /opt/stack/neutron/neutron/plugins/ml2/drivers/ovn/mech_driver/ovsdb/ovsdb_monitor.py:64}}
Apr 02 04:08:22.235893 np0000162641 devstack@neutron-api.service[102587]: DEBUG neutron.common.ovn.hash_ring_manager [-] Allow caching, nodes 4>=4 {{(pid=102587) _wait_startup_before_caching /opt/stack/neutron/neutron/common/ovn/hash_ring_manager.py:65}}
Apr 02 04:08:22.236165 np0000162641 devstack@neutron-api.service[102587]: DEBUG neutron.plugins.ml2.drivers.ovn.mech_driver.ovsdb.ovsdb_monitor [-] Hash Ring: Node fb8a48be3c345964b3168f57707db641 (host: np0000162641) handling event "update" for row 821df391-e370-4dc4-bbc6-68c0223c1c0b (table: Chassis_Private) {{(pid=102587) notify /opt/stack/neutron/neutron/plugins/ml2/drivers/ovn/mech_driver/ovsdb/ovsdb_monitor.py:912}}
Apr 02 04:08:22.237391 np0000162641 devstack@neutron-api.service[102587]: DEBUG neutron.plugins.ml2.drivers.ovn.mech_driver.ovsdb.ovsdb_monitor [-] ChassisOVNAgentWriteEvent : Matched Chassis_Private, update, None None {{(pid=102587) matches /opt/stack/neutron/neutron/plugins/ml2/drivers/ovn/mech_driver/ovsdb/ovsdb_monitor.py:64}}
Apr 02 04:08:22.237744 np0000162641 devstack@neutron-api.service[102587]: DEBUG neutron.plugins.ml2.drivers.ovn.mech_driver.ovsdb.ovsdb_monitor [-] Hash Ring: Node fb8a48be3c345964b3168f57707db641 (host: np0000162641) handling event "update" for row 821df391-e370-4dc4-bbc6-68c0223c1c0b (table: Chassis_Private) {{(pid=102587) notify /opt/stack/neutron/neutron/plugins/ml2/drivers/ovn/mech_driver/ovsdb/ovsdb_monitor.py:912}}
Apr 02 04:08:22.287937 np0000162641 devstack@neutron-api.service[102585]: DEBUG neutron.plugins.ml2.drivers.helpers [None req-ba5f3ea1-1202-44a1-a293-07fe7742c15e admin admin] geneve segment allocate from pool success with {'geneve_vni': 51359} {{(pid=102585) allocate_partially_specified_segment /opt/stack/neutron/neutron/plugins/ml2/drivers/helpers.py:142}}
Apr 02 04:08:22.299157 np0000162641 devstack@neutron-api.service[102585]: DEBUG neutron_lib.callbacks.manager [None req-ba5f3ea1-1202-44a1-a293-07fe7742c15e admin admin] Publish callbacks ['neutron.services.segments.db._add_segment_host_mapping_for_segment-8421464664828', 'neutron.plugins.ml2.plugin.Ml2Plugin._handle_segment_change-14751311'] for segment (923f7873-0925-41e2-84af-3f13a05b34e5), precommit_create {{(pid=102585) _notify_loop /opt/stack/data/venv/lib/python3.12/site-packages/neutron_lib/callbacks/manager.py:184}}
Apr 02 04:08:22.299295 np0000162641 devstack@neutron-api.service[102585]: INFO neutron.db.segments_db [None req-ba5f3ea1-1202-44a1-a293-07fe7742c15e admin admin] Added segment 923f7873-0925-41e2-84af-3f13a05b34e5 of type geneve for network 1c75946a-ab18-46d4-a9f2-6afea062433b
Apr 02 04:08:22.340840 np0000162641 devstack@neutron-api.service[102585]: DEBUG neutron_lib.callbacks.manager [None req-ba5f3ea1-1202-44a1-a293-07fe7742c15e admin admin] Publish callbacks ['neutron.services.auto_allocate.db._ensure_external_network_default_value_callback-8421462667044'] for network (1c75946a-ab18-46d4-a9f2-6afea062433b), precommit_create {{(pid=102585) _notify_loop /opt/stack/data/venv/lib/python3.12/site-packages/neutron_lib/callbacks/manager.py:184}}
Apr 02 04:08:22.357009 np0000162641 devstack@neutron-api.service[102585]: DEBUG neutron.plugins.ml2.drivers.ovn.mech_driver.mech_driver [None req-ba5f3ea1-1202-44a1-a293-07fe7742c15e admin admin] Validating network segment with type geneve, segmentation ID 51359, physical network None {{(pid=102585) _validate_network_segments /opt/stack/neutron/neutron/plugins/ml2/drivers/ovn/mech_driver/mech_driver.py:631}}
Apr 02 04:08:22.357151 np0000162641 devstack@neutron-api.service[102585]: DEBUG neutron.db.ovn_revision_numbers_db [None req-ba5f3ea1-1202-44a1-a293-07fe7742c15e admin admin] create_initial_revision uuid=1c75946a-ab18-46d4-a9f2-6afea062433b, type=networks, rev=-1 {{(pid=102585) create_initial_revision /opt/stack/neutron/neutron/db/ovn_revision_numbers_db.py:98}}
Apr 02 04:08:22.372145 np0000162641 devstack@neutron-api.service[102585]: DEBUG neutron_lib.callbacks.manager [None req-ba5f3ea1-1202-44a1-a293-07fe7742c15e admin admin] Publish callbacks ['neutron.plugins.ml2.ovo_rpc._ObjectChangeHandler.handle_event-3011980'] for network (1c75946a-ab18-46d4-a9f2-6afea062433b), after_create {{(pid=102585) _notify_loop /opt/stack/data/venv/lib/python3.12/site-packages/neutron_lib/callbacks/manager.py:184}}
Apr 02 04:08:22.415311 np0000162641 devstack@neutron-api.service[102585]: DEBUG neutron.api.rpc.handlers.resources_rpc [None req-ba5f3ea1-1202-44a1-a293-07fe7742c15e admin admin] Pushing event updated for resources: {'Network': ['ID=1c75946a-ab18-46d4-a9f2-6afea062433b,revision_number=1']} {{(pid=102585) push /opt/stack/neutron/neutron/api/rpc/handlers/resources_rpc.py:237}}
Apr 02 04:08:22.423480 np0000162641 devstack@neutron-api.service[102585]: DEBUG ovsdbapp.backend.ovs_idl.transaction [-] Running txn n=1 command(idx=0): AddNetworkCommand(_result=None, network_uuid=1c75946a-ab18-46d4-a9f2-6afea062433b, may_exist=True, columns={'external_ids': {'neutron:network_name': 'private', 'neutron:mtu': '1372', 'neutron:revision_number': '1', 'neutron:availability_zone_hints': '', 'neutron:provnet-network-type': 'geneve'}, 'other_config': {'mcast_snoop': 'false', 'mcast_flood_unregistered': 'false', 'vlan-passthru': 'false'}}) {{(pid=102585) do_commit /opt/stack/data/venv/lib/python3.12/site-packages/ovsdbapp/backend/ovs_idl/transaction.py:89}}
Apr 02 04:08:22.424086 np0000162641 devstack@neutron-api.service[102585]: DEBUG neutron.common.ovn.utils [-] OVS persist_uuid supported=True {{(pid=102585) ovs_persist_uuid_supported /opt/stack/neutron/neutron/common/ovn/utils.py:1535}}
Apr 02 04:08:22.428563 np0000162641 devstack@neutron-api.service[102587]: DEBUG neutron.plugins.ml2.drivers.ovn.mech_driver.ovsdb.ovsdb_monitor [-] Hash Ring: Node fb8a48be3c345964b3168f57707db641 (host: np0000162641) handling event "create" for row 1c75946a-ab18-46d4-a9f2-6afea062433b (table: Logical_Switch) {{(pid=102587) notify /opt/stack/neutron/neutron/plugins/ml2/drivers/ovn/mech_driver/ovsdb/ovsdb_monitor.py:912}}
Apr 02 04:08:22.428908 np0000162641 devstack@neutron-api.service[102584]: DEBUG neutron.plugins.ml2.drivers.ovn.mech_driver.ovsdb.ovsdb_monitor [-] Hash Ring: Node 640f1638b4a759aab95427c938e4b6fb (host: np0000162641) handling event "create" for row 1c75946a-ab18-46d4-a9f2-6afea062433b (table: Logical_Switch) {{(pid=102584) notify /opt/stack/neutron/neutron/plugins/ml2/drivers/ovn/mech_driver/ovsdb/ovsdb_monitor.py:912}}
Apr 02 04:08:22.436888 np0000162641 devstack@neutron-api.service[102587]: DEBUG neutron.plugins.ml2.drivers.ovn.mech_driver.ovsdb.ovsdb_monitor [-] Hash Ring: Node fb8a48be3c345964b3168f57707db641 (host: np0000162641) handling event "create" for row 3981bcc5-b2eb-4f00-8447-c6a94159d777 (table: Datapath_Binding) {{(pid=102587) notify /opt/stack/neutron/neutron/plugins/ml2/drivers/ovn/mech_driver/ovsdb/ovsdb_monitor.py:912}}
Apr 02 04:08:22.446600 np0000162641 devstack@neutron-api.service[102585]: DEBUG neutron.plugins.ml2.drivers.ovn.mech_driver.ovsdb.ovsdb_monitor [-] Hash Ring: Node b051f1e646d55349b1df018cb0749f6f (host: np0000162641) handling event "create" for row 3981bcc5-b2eb-4f00-8447-c6a94159d777 (table: Datapath_Binding) {{(pid=102585) notify /opt/stack/neutron/neutron/plugins/ml2/drivers/ovn/mech_driver/ovsdb/ovsdb_monitor.py:912}}
