Apr 02 04:08:13.448601 np0000162641 neutron-periodic-workers[104289]: DEBUG cotyledon.oslo_config_glue [-] ml2.type_drivers = ['local', 'flat', 'vlan', 'geneve'] {{(pid=104289) log_opt_values /opt/stack/data/venv/lib/python3.12/site-packages/oslo_config/cfg.py:3006}}
Apr 02 04:08:13.448601 np0000162641 neutron-periodic-workers[104289]: DEBUG cotyledon.oslo_config_glue [-] ml2_type_flat.flat_networks = ['public'] {{(pid=104289) log_opt_values /opt/stack/data/venv/lib/python3.12/site-packages/oslo_config/cfg.py:3006}}
Apr 02 04:08:13.448601 np0000162641 neutron-periodic-workers[104289]: DEBUG cotyledon.oslo_config_glue [-] ml2_type_geneve.max_header_size = 38 {{(pid=104289) log_opt_values /opt/stack/data/venv/lib/python3.12/site-packages/oslo_config/cfg.py:3006}}
Apr 02 04:08:13.449037 np0000162641 neutron-periodic-workers[104289]: DEBUG cotyledon.oslo_config_glue [-] ml2_type_geneve.vni_ranges = ['1:65536'] {{(pid=104289) log_opt_values /opt/stack/data/venv/lib/python3.12/site-packages/oslo_config/cfg.py:3006}}
Apr 02 04:08:13.449037 np0000162641 neutron-periodic-workers[104289]: DEBUG cotyledon.oslo_config_glue [-] ml2_type_vlan.network_vlan_ranges = ['public'] {{(pid=104289) log_opt_values /opt/stack/data/venv/lib/python3.12/site-packages/oslo_config/cfg.py:3006}}
Apr 02 04:08:13.449037 np0000162641 neutron-periodic-workers[104289]: DEBUG cotyledon.oslo_config_glue [-] network_log.burst_limit = 25 {{(pid=104289) log_opt_values /opt/stack/data/venv/lib/python3.12/site-packages/oslo_config/cfg.py:3006}}
Apr 02 04:08:13.449037 np0000162641 neutron-periodic-workers[104289]: DEBUG cotyledon.oslo_config_glue [-] network_log.local_output_log_base = None {{(pid=104289) log_opt_values /opt/stack/data/venv/lib/python3.12/site-packages/oslo_config/cfg.py:3006}}
Apr 02 04:08:13.449037 np0000162641 neutron-periodic-workers[104289]: DEBUG cotyledon.oslo_config_glue [-] network_log.rate_limit = 100 {{(pid=104289) log_opt_values /opt/stack/data/venv/lib/python3.12/site-packages/oslo_config/cfg.py:3006}}
Apr 02 04:08:13.449037 np0000162641 neutron-periodic-workers[104289]: DEBUG cotyledon.oslo_config_glue [-] database.asyncio_connection = **** {{(pid=104289) log_opt_values /opt/stack/data/venv/lib/python3.12/site-packages/oslo_config/cfg.py:3006}}
Apr 02 04:08:13.449037 np0000162641 neutron-periodic-workers[104289]: DEBUG cotyledon.oslo_config_glue [-] database.asyncio_slave_connection = **** {{(pid=104289) log_opt_values /opt/stack/data/venv/lib/python3.12/site-packages/oslo_config/cfg.py:3006}}
Apr 02 04:08:13.449037 np0000162641 neutron-periodic-workers[104289]: DEBUG cotyledon.oslo_config_glue [-] database.backend = sqlalchemy {{(pid=104289) log_opt_values /opt/stack/data/venv/lib/python3.12/site-packages/oslo_config/cfg.py:3006}}
Apr 02 04:08:13.449037 np0000162641 neutron-periodic-workers[104289]: DEBUG cotyledon.oslo_config_glue [-] database.connection = **** {{(pid=104289) log_opt_values /opt/stack/data/venv/lib/python3.12/site-packages/oslo_config/cfg.py:3006}}
Apr 02 04:08:13.449436 np0000162641 neutron-periodic-workers[104289]: DEBUG cotyledon.oslo_config_glue [-] database.connection_debug = 0 {{(pid=104289) log_opt_values /opt/stack/data/venv/lib/python3.12/site-packages/oslo_config/cfg.py:3006}}
Apr 02 04:08:13.449436 np0000162641 neutron-periodic-workers[104289]: DEBUG cotyledon.oslo_config_glue [-] database.connection_parameters = {{(pid=104289) log_opt_values /opt/stack/data/venv/lib/python3.12/site-packages/oslo_config/cfg.py:3006}}
Apr 02 04:08:13.449436 np0000162641 neutron-periodic-workers[104289]: DEBUG cotyledon.oslo_config_glue [-] database.connection_recycle_time = 3600 {{(pid=104289) log_opt_values /opt/stack/data/venv/lib/python3.12/site-packages/oslo_config/cfg.py:3006}}
Apr 02 04:08:13.449436 np0000162641 neutron-periodic-workers[104289]: DEBUG cotyledon.oslo_config_glue [-] database.connection_trace = False {{(pid=104289) log_opt_values /opt/stack/data/venv/lib/python3.12/site-packages/oslo_config/cfg.py:3006}}
Apr 02 04:08:13.449436 np0000162641 neutron-periodic-workers[104289]: DEBUG cotyledon.oslo_config_glue [-] database.db_inc_retry_interval = True {{(pid=104289) log_opt_values /opt/stack/data/venv/lib/python3.12/site-packages/oslo_config/cfg.py:3006}}
Apr 02 04:08:13.449436 np0000162641 neutron-periodic-workers[104289]: DEBUG cotyledon.oslo_config_glue [-] database.db_max_retries = 20 {{(pid=104289) log_opt_values /opt/stack/data/venv/lib/python3.12/site-packages/oslo_config/cfg.py:3006}}
Apr 02 04:08:13.449436 np0000162641 neutron-periodic-workers[104289]: DEBUG cotyledon.oslo_config_glue [-] database.db_max_retry_interval = 10 {{(pid=104289) log_opt_values /opt/stack/data/venv/lib/python3.12/site-packages/oslo_config/cfg.py:3006}}
Apr 02 04:08:13.449436 np0000162641 neutron-periodic-workers[104289]: DEBUG cotyledon.oslo_config_glue [-] database.db_retry_interval = 1 {{(pid=104289) log_opt_values /opt/stack/data/venv/lib/python3.12/site-packages/oslo_config/cfg.py:3006}}
Apr 02 04:08:13.449436 np0000162641 neutron-periodic-workers[104289]: DEBUG cotyledon.oslo_config_glue [-] database.max_overflow = 50 {{(pid=104289) log_opt_values /opt/stack/data/venv/lib/python3.12/site-packages/oslo_config/cfg.py:3006}}
Apr 02 04:08:13.449818 np0000162641 neutron-periodic-workers[104289]: DEBUG cotyledon.oslo_config_glue [-] database.max_pool_size = 5 {{(pid=104289) log_opt_values /opt/stack/data/venv/lib/python3.12/site-packages/oslo_config/cfg.py:3006}}
Apr 02 04:08:13.449818 np0000162641 neutron-periodic-workers[104289]: DEBUG cotyledon.oslo_config_glue [-] database.max_retries = 10 {{(pid=104289) log_opt_values /opt/stack/data/venv/lib/python3.12/site-packages/oslo_config/cfg.py:3006}}
Apr 02 04:08:13.449818 np0000162641 neutron-periodic-workers[104289]: DEBUG cotyledon.oslo_config_glue [-] database.mysql_sql_mode = TRADITIONAL {{(pid=104289) log_opt_values /opt/stack/data/venv/lib/python3.12/site-packages/oslo_config/cfg.py:3006}}
Apr 02 04:08:13.449818 np0000162641 neutron-periodic-workers[104289]: DEBUG cotyledon.oslo_config_glue [-] database.mysql_wsrep_sync_wait = None {{(pid=104289) log_opt_values /opt/stack/data/venv/lib/python3.12/site-packages/oslo_config/cfg.py:3006}}
Apr 02 04:08:13.449818 np0000162641 neutron-periodic-workers[104289]: DEBUG cotyledon.oslo_config_glue [-] database.pool_timeout = None {{(pid=104289) log_opt_values /opt/stack/data/venv/lib/python3.12/site-packages/oslo_config/cfg.py:3006}}
Apr 02 04:08:13.449818 np0000162641 neutron-periodic-workers[104289]: DEBUG cotyledon.oslo_config_glue [-] database.retry_interval = 10 {{(pid=104289) log_opt_values /opt/stack/data/venv/lib/python3.12/site-packages/oslo_config/cfg.py:3006}}
Apr 02 04:08:13.449818 np0000162641 neutron-periodic-workers[104289]: DEBUG cotyledon.oslo_config_glue [-] database.slave_connection = **** {{(pid=104289) log_opt_values /opt/stack/data/venv/lib/python3.12/site-packages/oslo_config/cfg.py:3006}}
Apr 02 04:08:13.449818 np0000162641 neutron-periodic-workers[104289]: DEBUG cotyledon.oslo_config_glue [-] database.sqlite_synchronous = True {{(pid=104289) log_opt_values /opt/stack/data/venv/lib/python3.12/site-packages/oslo_config/cfg.py:3006}}
Apr 02 04:08:13.449818 np0000162641 neutron-periodic-workers[104289]: DEBUG cotyledon.oslo_config_glue [-] database.synchronous_reader = True {{(pid=104289) log_opt_values /opt/stack/data/venv/lib/python3.12/site-packages/oslo_config/cfg.py:3006}}
Apr 02 04:08:13.450254 np0000162641 neutron-periodic-workers[104289]: DEBUG cotyledon.oslo_config_glue [-] database.use_db_reconnect = False {{(pid=104289) log_opt_values /opt/stack/data/venv/lib/python3.12/site-packages/oslo_config/cfg.py:3006}}
Apr 02 04:08:13.450254 np0000162641 neutron-periodic-workers[104289]: DEBUG cotyledon.oslo_config_glue [-] ovn.bfd_min_rx = 1000 {{(pid=104289) log_opt_values /opt/stack/data/venv/lib/python3.12/site-packages/oslo_config/cfg.py:3006}}
Apr 02 04:08:13.450254 np0000162641 neutron-periodic-workers[104289]: DEBUG cotyledon.oslo_config_glue [-] ovn.bfd_min_tx = 100 {{(pid=104289) log_opt_values /opt/stack/data/venv/lib/python3.12/site-packages/oslo_config/cfg.py:3006}}
Apr 02 04:08:13.450254 np0000162641 neutron-periodic-workers[104289]: DEBUG cotyledon.oslo_config_glue [-] ovn.bfd_mult = 3 {{(pid=104289) log_opt_values /opt/stack/data/venv/lib/python3.12/site-packages/oslo_config/cfg.py:3006}}
Apr 02 04:08:13.450254 np0000162641 neutron-periodic-workers[104289]: DEBUG cotyledon.oslo_config_glue [-] ovn.broadcast_arps_to_all_routers = True {{(pid=104289) log_opt_values /opt/stack/data/venv/lib/python3.12/site-packages/oslo_config/cfg.py:3006}}
Apr 02 04:08:13.450254 np0000162641 neutron-periodic-workers[104289]: DEBUG cotyledon.oslo_config_glue [-] ovn.dhcp_default_lease_time = 43200 {{(pid=104289) log_opt_values /opt/stack/data/venv/lib/python3.12/site-packages/oslo_config/cfg.py:3006}}
Apr 02 04:08:13.450254 np0000162641 neutron-periodic-workers[104289]: DEBUG cotyledon.oslo_config_glue [-] ovn.disable_ovn_dhcp_for_baremetal_ports = False {{(pid=104289) log_opt_values /opt/stack/data/venv/lib/python3.12/site-packages/oslo_config/cfg.py:3006}}
Apr 02 04:08:13.450254 np0000162641 neutron-periodic-workers[104289]: DEBUG cotyledon.oslo_config_glue [-] ovn.dns_records_ovn_owned = False {{(pid=104289) log_opt_values /opt/stack/data/venv/lib/python3.12/site-packages/oslo_config/cfg.py:3006}}
Apr 02 04:08:13.450254 np0000162641 neutron-periodic-workers[104289]: DEBUG cotyledon.oslo_config_glue [-] ovn.dns_servers = [] {{(pid=104289) log_opt_values /opt/stack/data/venv/lib/python3.12/site-packages/oslo_config/cfg.py:3006}}
Apr 02 04:08:13.450652 np0000162641 neutron-periodic-workers[104289]: DEBUG cotyledon.oslo_config_glue [-] ovn.enable_distributed_floating_ip = False {{(pid=104289) log_opt_values /opt/stack/data/venv/lib/python3.12/site-packages/oslo_config/cfg.py:3006}}
Apr 02 04:08:13.450652 np0000162641 neutron-periodic-workers[104289]: DEBUG cotyledon.oslo_config_glue [-] ovn.fdb_age_threshold = 300 {{(pid=104289) log_opt_values /opt/stack/data/venv/lib/python3.12/site-packages/oslo_config/cfg.py:3006}}
Apr 02 04:08:13.450652 np0000162641 neutron-periodic-workers[104289]: DEBUG cotyledon.oslo_config_glue [-] ovn.ha_failover_strategy = normal {{(pid=104289) log_opt_values /opt/stack/data/venv/lib/python3.12/site-packages/oslo_config/cfg.py:3006}}
Apr 02 04:08:13.450652 np0000162641 neutron-periodic-workers[104289]: DEBUG cotyledon.oslo_config_glue [-] ovn.live_migration_activation_strategy = rarp {{(pid=104289) log_opt_values /opt/stack/data/venv/lib/python3.12/site-packages/oslo_config/cfg.py:3006}}
Apr 02 04:08:13.450652 np0000162641 neutron-periodic-workers[104289]: DEBUG cotyledon.oslo_config_glue [-] ovn.localnet_learn_fdb = False {{(pid=104289) log_opt_values /opt/stack/data/venv/lib/python3.12/site-packages/oslo_config/cfg.py:3006}}
Apr 02 04:08:13.450652 np0000162641 neutron-periodic-workers[104289]: DEBUG cotyledon.oslo_config_glue [-] ovn.mac_binding_age_threshold = 300 {{(pid=104289) log_opt_values /opt/stack/data/venv/lib/python3.12/site-packages/oslo_config/cfg.py:3006}}
Apr 02 04:08:13.450652 np0000162641 neutron-periodic-workers[104289]: DEBUG cotyledon.oslo_config_glue [-] ovn.neutron_sync_mode = log {{(pid=104289) log_opt_values /opt/stack/data/venv/lib/python3.12/site-packages/oslo_config/cfg.py:3006}}
Apr 02 04:08:13.450652 np0000162641 neutron-periodic-workers[104289]: DEBUG cotyledon.oslo_config_glue [-] ovn.ovn_dhcp4_global_options = {} {{(pid=104289) log_opt_values /opt/stack/data/venv/lib/python3.12/site-packages/oslo_config/cfg.py:3006}}
Apr 02 04:08:13.450652 np0000162641 neutron-periodic-workers[104289]: DEBUG cotyledon.oslo_config_glue [-] ovn.ovn_dhcp6_global_options = {} {{(pid=104289) log_opt_values /opt/stack/data/venv/lib/python3.12/site-packages/oslo_config/cfg.py:3006}}
Apr 02 04:08:13.451074 np0000162641 neutron-periodic-workers[104289]: DEBUG cotyledon.oslo_config_glue [-] ovn.ovn_l3_scheduler = leastloaded {{(pid=104289) log_opt_values /opt/stack/data/venv/lib/python3.12/site-packages/oslo_config/cfg.py:3006}}
Apr 02 04:08:13.451074 np0000162641 neutron-periodic-workers[104289]: DEBUG cotyledon.oslo_config_glue [-] ovn.ovn_metadata_enabled = True {{(pid=104289) log_opt_values /opt/stack/data/venv/lib/python3.12/site-packages/oslo_config/cfg.py:3006}}
Apr 02 04:08:13.451074 np0000162641 neutron-periodic-workers[104289]: DEBUG cotyledon.oslo_config_glue [-] ovn.ovn_nb_ca_cert = /opt/stack/data/CA/int-ca/ca-chain.pem {{(pid=104289) log_opt_values /opt/stack/data/venv/lib/python3.12/site-packages/oslo_config/cfg.py:3006}}
Apr 02 04:08:13.451074 np0000162641 neutron-periodic-workers[104289]: DEBUG cotyledon.oslo_config_glue [-] ovn.ovn_nb_certificate = /opt/stack/data/CA/int-ca/devstack-cert.crt {{(pid=104289) log_opt_values /opt/stack/data/venv/lib/python3.12/site-packages/oslo_config/cfg.py:3006}}
Apr 02 04:08:13.451074 np0000162641 neutron-periodic-workers[104289]: DEBUG cotyledon.oslo_config_glue [-] ovn.ovn_nb_connection = ['ssl:199.204.45.109:6641'] {{(pid=104289) log_opt_values /opt/stack/data/venv/lib/python3.12/site-packages/oslo_config/cfg.py:3006}}
Apr 02 04:08:13.451074 np0000162641 neutron-periodic-workers[104289]: DEBUG cotyledon.oslo_config_glue [-] ovn.ovn_nb_private_key = /opt/stack/data/CA/int-ca/private/devstack-cert.key {{(pid=104289) log_opt_values /opt/stack/data/venv/lib/python3.12/site-packages/oslo_config/cfg.py:3006}}
Apr 02 04:08:13.451074 np0000162641 neutron-periodic-workers[104289]: DEBUG cotyledon.oslo_config_glue [-] ovn.ovn_router_indirect_snat = False {{(pid=104289) log_opt_values /opt/stack/data/venv/lib/python3.12/site-packages/oslo_config/cfg.py:3006}}
Apr 02 04:08:13.451074 np0000162641 neutron-periodic-workers[104289]: DEBUG cotyledon.oslo_config_glue [-] ovn.ovn_sb_ca_cert = /opt/stack/data/CA/int-ca/ca-chain.pem {{(pid=104289) log_opt_values /opt/stack/data/venv/lib/python3.12/site-packages/oslo_config/cfg.py:3006}}
Apr 02 04:08:13.451458 np0000162641 neutron-periodic-workers[104289]: DEBUG cotyledon.oslo_config_glue [-] ovn.ovn_sb_certificate = /opt/stack/data/CA/int-ca/devstack-cert.crt {{(pid=104289) log_opt_values /opt/stack/data/venv/lib/python3.12/site-packages/oslo_config/cfg.py:3006}}
Apr 02 04:08:13.451458 np0000162641 neutron-periodic-workers[104289]: DEBUG cotyledon.oslo_config_glue [-] ovn.ovn_sb_connection = ['ssl:199.204.45.109:6642'] {{(pid=104289) log_opt_values /opt/stack/data/venv/lib/python3.12/site-packages/oslo_config/cfg.py:3006}}
Apr 02 04:08:13.451458 np0000162641 neutron-periodic-workers[104289]: DEBUG cotyledon.oslo_config_glue [-] ovn.ovn_sb_private_key = /opt/stack/data/CA/int-ca/private/devstack-cert.key {{(pid=104289) log_opt_values /opt/stack/data/venv/lib/python3.12/site-packages/oslo_config/cfg.py:3006}}
Apr 02 04:08:13.451458 np0000162641 neutron-periodic-workers[104289]: DEBUG cotyledon.oslo_config_glue [-] ovn.ovs_create_tap = False {{(pid=104289) log_opt_values /opt/stack/data/venv/lib/python3.12/site-packages/oslo_config/cfg.py:3006}}
Apr 02 04:08:13.451458 np0000162641 neutron-periodic-workers[104289]: DEBUG cotyledon.oslo_config_glue [-] ovn.ovsdb_connection_timeout = 180 {{(pid=104289) log_opt_values /opt/stack/data/venv/lib/python3.12/site-packages/oslo_config/cfg.py:3006}}
Apr 02 04:08:13.451458 np0000162641 neutron-periodic-workers[104289]: DEBUG cotyledon.oslo_config_glue [-] ovn.ovsdb_log_level = INFO {{(pid=104289) log_opt_values /opt/stack/data/venv/lib/python3.12/site-packages/oslo_config/cfg.py:3006}}
Apr 02 04:08:13.451458 np0000162641 neutron-periodic-workers[104289]: DEBUG cotyledon.oslo_config_glue [-] ovn.ovsdb_probe_interval = 60000 {{(pid=104289) log_opt_values /opt/stack/data/venv/lib/python3.12/site-packages/oslo_config/cfg.py:3006}}
Apr 02 04:08:13.451458 np0000162641 neutron-periodic-workers[104289]: DEBUG cotyledon.oslo_config_glue [-] ovn.ovsdb_retry_max_interval = 180 {{(pid=104289) log_opt_values /opt/stack/data/venv/lib/python3.12/site-packages/oslo_config/cfg.py:3006}}
Apr 02 04:08:13.451458 np0000162641 neutron-periodic-workers[104289]: DEBUG cotyledon.oslo_config_glue [-] ovn.stateless_nat_enabled = False {{(pid=104289) log_opt_values /opt/stack/data/venv/lib/python3.12/site-packages/oslo_config/cfg.py:3006}}
Apr 02 04:08:13.451886 np0000162641 neutron-periodic-workers[104289]: DEBUG cotyledon.oslo_config_glue [-] ovn.vhost_sock_dir = /var/run/openvswitch {{(pid=104289) log_opt_values /opt/stack/data/venv/lib/python3.12/site-packages/oslo_config/cfg.py:3006}}
Apr 02 04:08:13.451886 np0000162641 neutron-periodic-workers[104289]: DEBUG cotyledon.oslo_config_glue [-] OVS.bridge_mac_table_size = 50000 {{(pid=104289) log_opt_values /opt/stack/data/venv/lib/python3.12/site-packages/oslo_config/cfg.py:3006}}
Apr 02 04:08:13.451886 np0000162641 neutron-periodic-workers[104289]: DEBUG cotyledon.oslo_config_glue [-] OVS.igmp_flood = False {{(pid=104289) log_opt_values /opt/stack/data/venv/lib/python3.12/site-packages/oslo_config/cfg.py:3006}}
Apr 02 04:08:13.451886 np0000162641 neutron-periodic-workers[104289]: DEBUG cotyledon.oslo_config_glue [-] OVS.igmp_flood_reports = True {{(pid=104289) log_opt_values /opt/stack/data/venv/lib/python3.12/site-packages/oslo_config/cfg.py:3006}}
Apr 02 04:08:13.451886 np0000162641 neutron-periodic-workers[104289]: DEBUG cotyledon.oslo_config_glue [-] OVS.igmp_flood_unregistered = False {{(pid=104289) log_opt_values /opt/stack/data/venv/lib/python3.12/site-packages/oslo_config/cfg.py:3006}}
Apr 02 04:08:13.451886 np0000162641 neutron-periodic-workers[104289]: DEBUG cotyledon.oslo_config_glue [-] OVS.igmp_snooping_enable = False {{(pid=104289) log_opt_values /opt/stack/data/venv/lib/python3.12/site-packages/oslo_config/cfg.py:3006}}
Apr 02 04:08:13.451886 np0000162641 neutron-periodic-workers[104289]: DEBUG cotyledon.oslo_config_glue [-] OVS.ovsdb_timeout = 10 {{(pid=104289) log_opt_values /opt/stack/data/venv/lib/python3.12/site-packages/oslo_config/cfg.py:3006}}
Apr 02 04:08:13.451886 np0000162641 neutron-periodic-workers[104289]: DEBUG cotyledon.oslo_config_glue [-] ovn_nb_global.fdb_removal_limit = 0 {{(pid=104289) log_opt_values /opt/stack/data/venv/lib/python3.12/site-packages/oslo_config/cfg.py:3006}}
Apr 02 04:08:13.451886 np0000162641 neutron-periodic-workers[104289]: DEBUG cotyledon.oslo_config_glue [-] ovn_nb_global.ignore_lsp_down = False {{(pid=104289) log_opt_values /opt/stack/data/venv/lib/python3.12/site-packages/oslo_config/cfg.py:3006}}
Apr 02 04:08:13.452352 np0000162641 neutron-periodic-workers[104289]: DEBUG cotyledon.oslo_config_glue [-] ovn_nb_global.mac_binding_removal_limit = 0 {{(pid=104289) log_opt_values /opt/stack/data/venv/lib/python3.12/site-packages/oslo_config/cfg.py:3006}}
Apr 02 04:08:13.452352 np0000162641 neutron-periodic-workers[104289]: DEBUG cotyledon.oslo_config_glue [-] ******************************************************************************** {{(pid=104289) log_opt_values /opt/stack/data/venv/lib/python3.12/site-packages/oslo_config/cfg.py:3013}}
Apr 02 04:08:13.452352 np0000162641 neutron-periodic-workers[104289]: DEBUG cotyledon._service_worker [-] Run service ServiceWrapper(0) [104289] {{(pid=104289) wait_forever /opt/stack/data/venv/lib/python3.12/site-packages/cotyledon/_service_worker.py:218}}
Apr 02 04:08:23.068425 np0000162641 neutron-periodic-workers[103569]: DEBUG dbcounter [-] [103569] Writing DB stats neutron:SELECT=4 {{(pid=103569) stat_writer /opt/stack/data/venv/lib/python3.12/site-packages/dbcounter.py:115}}
Apr 02 04:09:05.398464 np0000162641 neutron-periodic-workers[104264]: DEBUG oslo_db.sqlalchemy.engines [None req-01365aba-0cbb-4464-81c7-c61b593ae33c None None] Parent process 103569 forked (104264) with an open database connection, which is being discarded and recreated. {{(pid=104264) checkout /opt/stack/data/venv/lib/python3.12/site-packages/oslo_db/sqlalchemy/engines.py:402}}
Apr 02 04:09:05.407127 np0000162641 neutron-periodic-workers[104264]: DEBUG dbcounter [-] [104264] Writer thread running {{(pid=104264) stat_writer /opt/stack/data/venv/lib/python3.12/site-packages/dbcounter.py:102}}
Apr 02 04:09:05.422142 np0000162641 neutron-periodic-workers[104264]: DEBUG oslo.service.backend._threading.loopingcall [None req-01365aba-0cbb-4464-81c7-c61b593ae33c None None] Fixed interval looping call 'neutron.plugins.ml2.plugin.DhcpAgentSchedulerDbMixin.remove_networks_from_down_agents' sleeping for 36.97 seconds {{(pid=104264) _run_loop /opt/stack/data/venv/lib/python3.12/site-packages/oslo_service/backend/_threading/loopingcall.py:125}}
Apr 02 04:09:15.420325 np0000162641 neutron-periodic-workers[104264]: DEBUG dbcounter [-] [104264] Writing DB stats neutron:SELECT=3 {{(pid=104264) stat_writer /opt/stack/data/venv/lib/python3.12/site-packages/dbcounter.py:115}}
Apr 02 04:09:17.431289 np0000162641 neutron-periodic-workers[104272]: DEBUG dbcounter [-] [104272] Writer thread running {{(pid=104272) stat_writer /opt/stack/data/venv/lib/python3.12/site-packages/dbcounter.py:102}}
Apr 02 04:09:17.435636 np0000162641 neutron-periodic-workers[104272]: DEBUG neutron.db.agents_db [None req-59ebfc60-f9d9-48b0-964b-d1937dbe6285 None None] Agent healthcheck: found 0 active agents {{(pid=104272) agent_health_check /opt/stack/neutron/neutron/db/agents_db.py:317}}
Apr 02 04:09:17.435890 np0000162641 neutron-periodic-workers[104272]: DEBUG oslo.service.backend._threading.loopingcall [None req-59ebfc60-f9d9-48b0-964b-d1937dbe6285 None None] Fixed interval looping call 'neutron.plugins.ml2.plugin.AgentDbMixin.agent_health_check' sleeping for 36.97 seconds {{(pid=104272) _run_loop /opt/stack/data/venv/lib/python3.12/site-packages/oslo_service/backend/_threading/loopingcall.py:125}}
Apr 02 04:09:27.432119 np0000162641 neutron-periodic-workers[104272]: DEBUG dbcounter [-] [104272] Writing DB stats neutron:SELECT=1 {{(pid=104272) stat_writer /opt/stack/data/venv/lib/python3.12/site-packages/dbcounter.py:115}}
Apr 02 04:09:42.404808 np0000162641 neutron-periodic-workers[104264]: DEBUG oslo.service.backend._threading.loopingcall [None req-01365aba-0cbb-4464-81c7-c61b593ae33c None None] Fixed interval looping call 'neutron.plugins.ml2.plugin.DhcpAgentSchedulerDbMixin.remove_networks_from_down_agents' sleeping for 36.99 seconds {{(pid=104264) _run_loop /opt/stack/data/venv/lib/python3.12/site-packages/oslo_service/backend/_threading/loopingcall.py:125}}
Apr 02 04:09:52.403122 np0000162641 neutron-periodic-workers[104264]: DEBUG dbcounter [-] [104264] Writing DB stats neutron:SELECT=3 {{(pid=104264) stat_writer /opt/stack/data/venv/lib/python3.12/site-packages/dbcounter.py:115}}
Apr 02 04:09:54.414658 np0000162641 neutron-periodic-workers[104272]: DEBUG neutron.db.agents_db [None req-59ebfc60-f9d9-48b0-964b-d1937dbe6285 None None] Agent healthcheck: found 0 active agents {{(pid=104272) agent_health_check /opt/stack/neutron/neutron/db/agents_db.py:317}}
Apr 02 04:09:54.415370 np0000162641 neutron-periodic-workers[104272]: DEBUG oslo.service.backend._threading.loopingcall [None req-59ebfc60-f9d9-48b0-964b-d1937dbe6285 None None] Fixed interval looping call 'neutron.plugins.ml2.plugin.AgentDbMixin.agent_health_check' sleeping for 36.99 seconds {{(pid=104272) _run_loop /opt/stack/data/venv/lib/python3.12/site-packages/oslo_service/backend/_threading/loopingcall.py:125}}
Apr 02 04:10:04.412028 np0000162641 neutron-periodic-workers[104272]: DEBUG dbcounter [-] [104272] Writing DB stats neutron:SELECT=1 {{(pid=104272) stat_writer /opt/stack/data/venv/lib/python3.12/site-packages/dbcounter.py:115}}
Apr 02 04:10:13.453857 np0000162641 neutron-periodic-workers[104289]: DEBUG dbcounter [-] [104289] Writer thread running {{(pid=104289) stat_writer /opt/stack/data/venv/lib/python3.12/site-packages/dbcounter.py:102}}
Apr 02 04:10:13.460087 np0000162641 neutron-periodic-workers[104289]: DEBUG oslo.service.backend._threading.loopingcall [None req-f777711c-0fae-4d51-9b66-47a99ed0a516 None None] Fixed interval looping call 'neutron.db.quota.driver_nolock.DbQuotaNoLockDriver._remove_expired_reservations' sleeping for 119.98 seconds {{(pid=104289) _run_loop /opt/stack/data/venv/lib/python3.12/site-packages/oslo_service/backend/_threading/loopingcall.py:125}}
Apr 02 04:10:19.404529 np0000162641 neutron-periodic-workers[104264]: DEBUG oslo.service.backend._threading.loopingcall [None req-01365aba-0cbb-4464-81c7-c61b593ae33c None None] Fixed interval looping call 'neutron.plugins.ml2.plugin.DhcpAgentSchedulerDbMixin.remove_networks_from_down_agents' sleeping for 36.99 seconds {{(pid=104264) _run_loop /opt/stack/data/venv/lib/python3.12/site-packages/oslo_service/backend/_threading/loopingcall.py:125}}
Apr 02 04:10:23.454597 np0000162641 neutron-periodic-workers[104289]: DEBUG dbcounter [-] [104289] Writing DB stats neutron:DELETE=1 {{(pid=104289) stat_writer /opt/stack/data/venv/lib/python3.12/site-packages/dbcounter.py:115}}
Apr 02 04:10:29.404580 np0000162641 neutron-periodic-workers[104264]: DEBUG dbcounter [-] [104264] Writing DB stats neutron:SELECT=3 {{(pid=104264) stat_writer /opt/stack/data/venv/lib/python3.12/site-packages/dbcounter.py:115}}
Apr 02 04:10:31.411299 np0000162641 neutron-periodic-workers[104272]: DEBUG neutron.db.agents_db [None req-59ebfc60-f9d9-48b0-964b-d1937dbe6285 None None] Agent healthcheck: found 0 active agents {{(pid=104272) agent_health_check /opt/stack/neutron/neutron/db/agents_db.py:317}}
Apr 02 04:10:31.411863 np0000162641 neutron-periodic-workers[104272]: DEBUG oslo.service.backend._threading.loopingcall [None req-59ebfc60-f9d9-48b0-964b-d1937dbe6285 None None] Fixed interval looping call 'neutron.plugins.ml2.plugin.AgentDbMixin.agent_health_check' sleeping for 36.99 seconds {{(pid=104272) _run_loop /opt/stack/data/venv/lib/python3.12/site-packages/oslo_service/backend/_threading/loopingcall.py:125}}
Apr 02 04:10:41.409363 np0000162641 neutron-periodic-workers[104272]: DEBUG dbcounter [-] [104272] Writing DB stats neutron:SELECT=1 {{(pid=104272) stat_writer /opt/stack/data/venv/lib/python3.12/site-packages/dbcounter.py:115}}
Apr 02 04:10:56.402812 np0000162641 neutron-periodic-workers[104264]: DEBUG oslo.service.backend._threading.loopingcall [None req-01365aba-0cbb-4464-81c7-c61b593ae33c None None] Fixed interval looping call 'neutron.plugins.ml2.plugin.DhcpAgentSchedulerDbMixin.remove_networks_from_down_agents' sleeping for 36.99 seconds {{(pid=104264) _run_loop /opt/stack/data/venv/lib/python3.12/site-packages/oslo_service/backend/_threading/loopingcall.py:125}}
Apr 02 04:11:06.402033 np0000162641 neutron-periodic-workers[104264]: DEBUG dbcounter [-] [104264] Writing DB stats neutron:SELECT=3 {{(pid=104264) stat_writer /opt/stack/data/venv/lib/python3.12/site-packages/dbcounter.py:115}}
Apr 02 04:11:08.405521 np0000162641 neutron-periodic-workers[104272]: DEBUG neutron.db.agents_db [None req-59ebfc60-f9d9-48b0-964b-d1937dbe6285 None None] Agent healthcheck: found 0 active agents {{(pid=104272) agent_health_check /opt/stack/neutron/neutron/db/agents_db.py:317}}
Apr 02 04:11:08.406107 np0000162641 neutron-periodic-workers[104272]: DEBUG oslo.service.backend._threading.loopingcall [None req-59ebfc60-f9d9-48b0-964b-d1937dbe6285 None None] Fixed interval looping call 'neutron.plugins.ml2.plugin.AgentDbMixin.agent_health_check' sleeping for 37.00 seconds {{(pid=104272) _run_loop /opt/stack/data/venv/lib/python3.12/site-packages/oslo_service/backend/_threading/loopingcall.py:125}}
Apr 02 04:11:09.417943 np0000162641 neutron-periodic-workers[104255]: DEBUG dbcounter [-] [104255] Writer thread running {{(pid=104255) stat_writer /opt/stack/data/venv/lib/python3.12/site-packages/dbcounter.py:102}}
Apr 02 04:11:09.432665 np0000162641 neutron-periodic-workers[104255]: DEBUG oslo.service.backend._threading.loopingcall [None req-01272a8e-c80e-49a0-b2cf-8a0ff53cfdd2 None None] Fixed interval looping call 'neutron.services.ovn_l3.plugin.L3_NAT_dbonly_mixin._clean_garbage' sleeping for 299.95 seconds {{(pid=104255) _run_loop /opt/stack/data/venv/lib/python3.12/site-packages/oslo_service/backend/_threading/loopingcall.py:125}}
Apr 02 04:11:18.405508 np0000162641 neutron-periodic-workers[104272]: DEBUG dbcounter [-] [104272] Writing DB stats neutron:SELECT=1 {{(pid=104272) stat_writer /opt/stack/data/venv/lib/python3.12/site-packages/dbcounter.py:115}}
Apr 02 04:11:19.421729 np0000162641 neutron-periodic-workers[104255]: DEBUG dbcounter [-] [104255] Writing DB stats neutron:SELECT=1 {{(pid=104255) stat_writer /opt/stack/data/venv/lib/python3.12/site-packages/dbcounter.py:115}}
Apr 02 04:11:33.408251 np0000162641 neutron-periodic-workers[104264]: DEBUG oslo.service.backend._threading.loopingcall [None req-01365aba-0cbb-4464-81c7-c61b593ae33c None None] Fixed interval looping call 'neutron.plugins.ml2.plugin.DhcpAgentSchedulerDbMixin.remove_networks_from_down_agents' sleeping for 36.99 seconds {{(pid=104264) _run_loop /opt/stack/data/venv/lib/python3.12/site-packages/oslo_service/backend/_threading/loopingcall.py:125}}
Apr 02 04:11:43.407586 np0000162641 neutron-periodic-workers[104264]: DEBUG dbcounter [-] [104264] Writing DB stats neutron:SELECT=3 {{(pid=104264) stat_writer /opt/stack/data/venv/lib/python3.12/site-packages/dbcounter.py:115}}
Apr 02 04:11:45.411326 np0000162641 neutron-periodic-workers[104272]: DEBUG neutron.db.agents_db [None req-59ebfc60-f9d9-48b0-964b-d1937dbe6285 None None] Agent healthcheck: found 0 active agents {{(pid=104272) agent_health_check /opt/stack/neutron/neutron/db/agents_db.py:317}}
Apr 02 04:11:45.412451 np0000162641 neutron-periodic-workers[104272]: DEBUG oslo.service.backend._threading.loopingcall [None req-59ebfc60-f9d9-48b0-964b-d1937dbe6285 None None] Fixed interval looping call 'neutron.plugins.ml2.plugin.AgentDbMixin.agent_health_check' sleeping for 36.99 seconds {{(pid=104272) _run_loop /opt/stack/data/venv/lib/python3.12/site-packages/oslo_service/backend/_threading/loopingcall.py:125}}
Apr 02 04:11:55.409505 np0000162641 neutron-periodic-workers[104272]: DEBUG dbcounter [-] [104272] Writing DB stats neutron:SELECT=1 {{(pid=104272) stat_writer /opt/stack/data/venv/lib/python3.12/site-packages/dbcounter.py:115}}
Apr 02 04:12:10.412094 np0000162641 neutron-periodic-workers[104264]: DEBUG oslo.service.backend._threading.loopingcall [None req-01365aba-0cbb-4464-81c7-c61b593ae33c None None] Fixed interval looping call 'neutron.plugins.ml2.plugin.DhcpAgentSchedulerDbMixin.remove_networks_from_down_agents' sleeping for 36.99 seconds {{(pid=104264) _run_loop /opt/stack/data/venv/lib/python3.12/site-packages/oslo_service/backend/_threading/loopingcall.py:125}}
Apr 02 04:12:13.866507 np0000162641 neutron-periodic-workers[104289]: DEBUG oslo.service.backend._threading.loopingcall [None req-f777711c-0fae-4d51-9b66-47a99ed0a516 None None] Fixed interval looping call 'neutron.db.quota.driver_nolock.DbQuotaNoLockDriver._remove_expired_reservations' sleeping for 119.57 seconds {{(pid=104289) _run_loop /opt/stack/data/venv/lib/python3.12/site-packages/oslo_service/backend/_threading/loopingcall.py:125}}
Apr 02 04:12:20.410581 np0000162641 neutron-periodic-workers[104264]: DEBUG dbcounter [-] [104264] Writing DB stats neutron:SELECT=3 {{(pid=104264) stat_writer /opt/stack/data/venv/lib/python3.12/site-packages/dbcounter.py:115}}
Apr 02 04:12:22.407646 np0000162641 neutron-periodic-workers[104272]: DEBUG neutron.db.agents_db [None req-59ebfc60-f9d9-48b0-964b-d1937dbe6285 None None] Agent healthcheck: found 0 active agents {{(pid=104272) agent_health_check /opt/stack/neutron/neutron/db/agents_db.py:317}}
Apr 02 04:12:22.409026 np0000162641 neutron-periodic-workers[104272]: DEBUG oslo.service.backend._threading.loopingcall [None req-59ebfc60-f9d9-48b0-964b-d1937dbe6285 None None] Fixed interval looping call 'neutron.plugins.ml2.plugin.AgentDbMixin.agent_health_check' sleeping for 36.99 seconds {{(pid=104272) _run_loop /opt/stack/data/venv/lib/python3.12/site-packages/oslo_service/backend/_threading/loopingcall.py:125}}
Apr 02 04:12:23.443808 np0000162641 neutron-periodic-workers[104289]: DEBUG dbcounter [-] [104289] Writing DB stats neutron:DELETE=1 {{(pid=104289) stat_writer /opt/stack/data/venv/lib/python3.12/site-packages/dbcounter.py:115}}
Apr 02 04:12:32.406447 np0000162641 neutron-periodic-workers[104272]: DEBUG dbcounter [-] [104272] Writing DB stats neutron:SELECT=1 {{(pid=104272) stat_writer /opt/stack/data/venv/lib/python3.12/site-packages/dbcounter.py:115}}
Apr 02 04:12:47.411896 np0000162641 neutron-periodic-workers[104264]: DEBUG oslo.service.backend._threading.loopingcall [None req-01365aba-0cbb-4464-81c7-c61b593ae33c None None] Fixed interval looping call 'neutron.plugins.ml2.plugin.DhcpAgentSchedulerDbMixin.remove_networks_from_down_agents' sleeping for 36.99 seconds {{(pid=104264) _run_loop /opt/stack/data/venv/lib/python3.12/site-packages/oslo_service/backend/_threading/loopingcall.py:125}}
Apr 02 04:12:57.411507 np0000162641 neutron-periodic-workers[104264]: DEBUG dbcounter [-] [104264] Writing DB stats neutron:SELECT=3 {{(pid=104264) stat_writer /opt/stack/data/venv/lib/python3.12/site-packages/dbcounter.py:115}}
Apr 02 04:12:59.404410 np0000162641 neutron-periodic-workers[104272]: DEBUG neutron.db.agents_db [None req-59ebfc60-f9d9-48b0-964b-d1937dbe6285 None None] Agent healthcheck: found 0 active agents {{(pid=104272) agent_health_check /opt/stack/neutron/neutron/db/agents_db.py:317}}
Apr 02 04:12:59.404958 np0000162641 neutron-periodic-workers[104272]: DEBUG oslo.service.backend._threading.loopingcall [None req-59ebfc60-f9d9-48b0-964b-d1937dbe6285 None None] Fixed interval looping call 'neutron.plugins.ml2.plugin.AgentDbMixin.agent_health_check' sleeping for 36.99 seconds {{(pid=104272) _run_loop /opt/stack/data/venv/lib/python3.12/site-packages/oslo_service/backend/_threading/loopingcall.py:125}}
Apr 02 04:13:09.404325 np0000162641 neutron-periodic-workers[104272]: DEBUG dbcounter [-] [104272] Writing DB stats neutron:SELECT=1 {{(pid=104272) stat_writer /opt/stack/data/venv/lib/python3.12/site-packages/dbcounter.py:115}}
Apr 02 04:13:24.407352 np0000162641 neutron-periodic-workers[104264]: DEBUG oslo.service.backend._threading.loopingcall [None req-01365aba-0cbb-4464-81c7-c61b593ae33c None None] Fixed interval looping call 'neutron.plugins.ml2.plugin.DhcpAgentSchedulerDbMixin.remove_networks_from_down_agents' sleeping for 37.00 seconds {{(pid=104264) _run_loop /opt/stack/data/venv/lib/python3.12/site-packages/oslo_service/backend/_threading/loopingcall.py:125}}
Apr 02 04:13:34.406739 np0000162641 neutron-periodic-workers[104264]: DEBUG dbcounter [-] [104264] Writing DB stats neutron:SELECT=3 {{(pid=104264) stat_writer /opt/stack/data/venv/lib/python3.12/site-packages/dbcounter.py:115}}
Apr 02 04:13:36.399891 np0000162641 neutron-periodic-workers[104272]: DEBUG neutron.db.agents_db [None req-59ebfc60-f9d9-48b0-964b-d1937dbe6285 None None] Agent healthcheck: found 0 active agents {{(pid=104272) agent_health_check /opt/stack/neutron/neutron/db/agents_db.py:317}}
Apr 02 04:13:36.400371 np0000162641 neutron-periodic-workers[104272]: DEBUG oslo.service.backend._threading.loopingcall [None req-59ebfc60-f9d9-48b0-964b-d1937dbe6285 None None] Fixed interval looping call 'neutron.plugins.ml2.plugin.AgentDbMixin.agent_health_check' sleeping for 36.99 seconds {{(pid=104272) _run_loop /opt/stack/data/venv/lib/python3.12/site-packages/oslo_service/backend/_threading/loopingcall.py:125}}
Apr 02 04:13:46.398083 np0000162641 neutron-periodic-workers[104272]: DEBUG dbcounter [-] [104272] Writing DB stats neutron:SELECT=1 {{(pid=104272) stat_writer /opt/stack/data/venv/lib/python3.12/site-packages/dbcounter.py:115}}
Apr 02 04:14:01.415334 np0000162641 neutron-periodic-workers[104264]: DEBUG oslo.service.backend._threading.loopingcall [None req-01365aba-0cbb-4464-81c7-c61b593ae33c None None] Fixed interval looping call 'neutron.plugins.ml2.plugin.DhcpAgentSchedulerDbMixin.remove_networks_from_down_agents' sleeping for 36.99 seconds {{(pid=104264) _run_loop /opt/stack/data/venv/lib/python3.12/site-packages/oslo_service/backend/_threading/loopingcall.py:125}}
Apr 02 04:14:11.414538 np0000162641 neutron-periodic-workers[104264]: DEBUG dbcounter [-] [104264] Writing DB stats neutron:SELECT=3 {{(pid=104264) stat_writer /opt/stack/data/venv/lib/python3.12/site-packages/dbcounter.py:115}}
Apr 02 04:14:13.395728 np0000162641 neutron-periodic-workers[104272]: DEBUG neutron.db.agents_db [None req-59ebfc60-f9d9-48b0-964b-d1937dbe6285 None None] Agent healthcheck: found 0 active agents {{(pid=104272) agent_health_check /opt/stack/neutron/neutron/db/agents_db.py:317}}
Apr 02 04:14:13.396293 np0000162641 neutron-periodic-workers[104272]: DEBUG oslo.service.backend._threading.loopingcall [None req-59ebfc60-f9d9-48b0-964b-d1937dbe6285 None None] Fixed interval looping call 'neutron.plugins.ml2.plugin.AgentDbMixin.agent_health_check' sleeping for 36.99 seconds {{(pid=104272) _run_loop /opt/stack/data/venv/lib/python3.12/site-packages/oslo_service/backend/_threading/loopingcall.py:125}}
Apr 02 04:14:13.440266 np0000162641 neutron-periodic-workers[104289]: DEBUG oslo.service.backend._threading.loopingcall [None req-f777711c-0fae-4d51-9b66-47a99ed0a516 None None] Fixed interval looping call 'neutron.db.quota.driver_nolock.DbQuotaNoLockDriver._remove_expired_reservations' sleeping for 120.00 seconds {{(pid=104289) _run_loop /opt/stack/data/venv/lib/python3.12/site-packages/oslo_service/backend/_threading/loopingcall.py:125}}
Apr 02 04:14:23.393899 np0000162641 neutron-periodic-workers[104272]: DEBUG dbcounter [-] [104272] Writing DB stats neutron:SELECT=1 {{(pid=104272) stat_writer /opt/stack/data/venv/lib/python3.12/site-packages/dbcounter.py:115}}
Apr 02 04:14:23.439362 np0000162641 neutron-periodic-workers[104289]: DEBUG dbcounter [-] [104289] Writing DB stats neutron:DELETE=1 {{(pid=104289) stat_writer /opt/stack/data/venv/lib/python3.12/site-packages/dbcounter.py:115}}
Apr 02 04:14:38.414897 np0000162641 neutron-periodic-workers[104264]: DEBUG oslo.service.backend._threading.loopingcall [None req-01365aba-0cbb-4464-81c7-c61b593ae33c None None] Fixed interval looping call 'neutron.plugins.ml2.plugin.DhcpAgentSchedulerDbMixin.remove_networks_from_down_agents' sleeping for 36.99 seconds {{(pid=104264) _run_loop /opt/stack/data/venv/lib/python3.12/site-packages/oslo_service/backend/_threading/loopingcall.py:125}}
Apr 02 04:14:48.413745 np0000162641 neutron-periodic-workers[104264]: DEBUG dbcounter [-] [104264] Writing DB stats neutron:SELECT=3 {{(pid=104264) stat_writer /opt/stack/data/venv/lib/python3.12/site-packages/dbcounter.py:115}}
Apr 02 04:14:50.391438 np0000162641 neutron-periodic-workers[104272]: DEBUG neutron.db.agents_db [None req-59ebfc60-f9d9-48b0-964b-d1937dbe6285 None None] Agent healthcheck: found 0 active agents {{(pid=104272) agent_health_check /opt/stack/neutron/neutron/db/agents_db.py:317}}
Apr 02 04:14:50.392378 np0000162641 neutron-periodic-workers[104272]: DEBUG oslo.service.backend._threading.loopingcall [None req-59ebfc60-f9d9-48b0-964b-d1937dbe6285 None None] Fixed interval looping call 'neutron.plugins.ml2.plugin.AgentDbMixin.agent_health_check' sleeping for 36.99 seconds {{(pid=104272) _run_loop /opt/stack/data/venv/lib/python3.12/site-packages/oslo_service/backend/_threading/loopingcall.py:125}}
Apr 02 04:15:00.389579 np0000162641 neutron-periodic-workers[104272]: DEBUG dbcounter [-] [104272] Writing DB stats neutron:SELECT=1 {{(pid=104272) stat_writer /opt/stack/data/venv/lib/python3.12/site-packages/dbcounter.py:115}}
Apr 02 04:15:15.415443 np0000162641 neutron-periodic-workers[104264]: DEBUG oslo.service.backend._threading.loopingcall [None req-01365aba-0cbb-4464-81c7-c61b593ae33c None None] Fixed interval looping call 'neutron.plugins.ml2.plugin.DhcpAgentSchedulerDbMixin.remove_networks_from_down_agents' sleeping for 36.99 seconds {{(pid=104264) _run_loop /opt/stack/data/venv/lib/python3.12/site-packages/oslo_service/backend/_threading/loopingcall.py:125}}
Apr 02 04:15:25.415445 np0000162641 neutron-periodic-workers[104264]: DEBUG dbcounter [-] [104264] Writing DB stats neutron:SELECT=3 {{(pid=104264) stat_writer /opt/stack/data/venv/lib/python3.12/site-packages/dbcounter.py:115}}
Apr 02 04:15:27.387374 np0000162641 neutron-periodic-workers[104272]: DEBUG neutron.db.agents_db [None req-59ebfc60-f9d9-48b0-964b-d1937dbe6285 None None] Agent healthcheck: found 0 active agents {{(pid=104272) agent_health_check /opt/stack/neutron/neutron/db/agents_db.py:317}}
Apr 02 04:15:27.387963 np0000162641 neutron-periodic-workers[104272]: DEBUG oslo.service.backend._threading.loopingcall [None req-59ebfc60-f9d9-48b0-964b-d1937dbe6285 None None] Fixed interval looping call 'neutron.plugins.ml2.plugin.AgentDbMixin.agent_health_check' sleeping for 36.99 seconds {{(pid=104272) _run_loop /opt/stack/data/venv/lib/python3.12/site-packages/oslo_service/backend/_threading/loopingcall.py:125}}
Apr 02 04:15:37.390725 np0000162641 neutron-periodic-workers[104272]: DEBUG dbcounter [-] [104272] Writing DB stats neutron:SELECT=1 {{(pid=104272) stat_writer /opt/stack/data/venv/lib/python3.12/site-packages/dbcounter.py:115}}
Apr 02 04:15:52.414381 np0000162641 neutron-periodic-workers[104264]: DEBUG oslo.service.backend._threading.loopingcall [None req-01365aba-0cbb-4464-81c7-c61b593ae33c None None] Fixed interval looping call 'neutron.plugins.ml2.plugin.DhcpAgentSchedulerDbMixin.remove_networks_from_down_agents' sleeping for 36.99 seconds {{(pid=104264) _run_loop /opt/stack/data/venv/lib/python3.12/site-packages/oslo_service/backend/_threading/loopingcall.py:125}}
Apr 02 04:16:02.412859 np0000162641 neutron-periodic-workers[104264]: DEBUG dbcounter [-] [104264] Writing DB stats neutron:SELECT=3 {{(pid=104264) stat_writer /opt/stack/data/venv/lib/python3.12/site-packages/dbcounter.py:115}}
Apr 02 04:16:04.383373 np0000162641 neutron-periodic-workers[104272]: DEBUG neutron.db.agents_db [None req-59ebfc60-f9d9-48b0-964b-d1937dbe6285 None None] Agent healthcheck: found 0 active agents {{(pid=104272) agent_health_check /opt/stack/neutron/neutron/db/agents_db.py:317}}
Apr 02 04:16:04.383819 np0000162641 neutron-periodic-workers[104272]: DEBUG oslo.service.backend._threading.loopingcall [None req-59ebfc60-f9d9-48b0-964b-d1937dbe6285 None None] Fixed interval looping call 'neutron.plugins.ml2.plugin.AgentDbMixin.agent_health_check' sleeping for 36.99 seconds {{(pid=104272) _run_loop /opt/stack/data/venv/lib/python3.12/site-packages/oslo_service/backend/_threading/loopingcall.py:125}}
Apr 02 04:16:09.392952 np0000162641 neutron-periodic-workers[104255]: DEBUG oslo.service.backend._threading.loopingcall [None req-01272a8e-c80e-49a0-b2cf-8a0ff53cfdd2 None None] Fixed interval looping call 'neutron.services.ovn_l3.plugin.L3_NAT_dbonly_mixin._clean_garbage' sleeping for 299.99 seconds {{(pid=104255) _run_loop /opt/stack/data/venv/lib/python3.12/site-packages/oslo_service/backend/_threading/loopingcall.py:125}}
Apr 02 04:16:13.444262 np0000162641 neutron-periodic-workers[104289]: DEBUG oslo.service.backend._threading.loopingcall [None req-f777711c-0fae-4d51-9b66-47a99ed0a516 None None] Fixed interval looping call 'neutron.db.quota.driver_nolock.DbQuotaNoLockDriver._remove_expired_reservations' sleeping for 120.00 seconds {{(pid=104289) _run_loop /opt/stack/data/venv/lib/python3.12/site-packages/oslo_service/backend/_threading/loopingcall.py:125}}
Apr 02 04:16:14.381514 np0000162641 neutron-periodic-workers[104272]: DEBUG dbcounter [-] [104272] Writing DB stats neutron:SELECT=1 {{(pid=104272) stat_writer /opt/stack/data/venv/lib/python3.12/site-packages/dbcounter.py:115}}
Apr 02 04:16:19.386657 np0000162641 neutron-periodic-workers[104255]: DEBUG dbcounter [-] [104255] Writing DB stats neutron:SELECT=1 {{(pid=104255) stat_writer /opt/stack/data/venv/lib/python3.12/site-packages/dbcounter.py:115}}
Apr 02 04:16:23.444398 np0000162641 neutron-periodic-workers[104289]: DEBUG dbcounter [-] [104289] Writing DB stats neutron:DELETE=1 {{(pid=104289) stat_writer /opt/stack/data/venv/lib/python3.12/site-packages/dbcounter.py:115}}
Apr 02 04:16:29.415767 np0000162641 neutron-periodic-workers[104264]: DEBUG oslo.service.backend._threading.loopingcall [None req-01365aba-0cbb-4464-81c7-c61b593ae33c None None] Fixed interval looping call 'neutron.plugins.ml2.plugin.DhcpAgentSchedulerDbMixin.remove_networks_from_down_agents' sleeping for 36.99 seconds {{(pid=104264) _run_loop /opt/stack/data/venv/lib/python3.12/site-packages/oslo_service/backend/_threading/loopingcall.py:125}}
Apr 02 04:16:39.451961 np0000162641 neutron-periodic-workers[104264]: DEBUG dbcounter [-] [104264] Writing DB stats neutron:SELECT=3 {{(pid=104264) stat_writer /opt/stack/data/venv/lib/python3.12/site-packages/dbcounter.py:115}}
Apr 02 04:16:41.379113 np0000162641 neutron-periodic-workers[104272]: DEBUG neutron.db.agents_db [None req-59ebfc60-f9d9-48b0-964b-d1937dbe6285 None None] Agent healthcheck: found 0 active agents {{(pid=104272) agent_health_check /opt/stack/neutron/neutron/db/agents_db.py:317}}
Apr 02 04:16:41.379652 np0000162641 neutron-periodic-workers[104272]: DEBUG oslo.service.backend._threading.loopingcall [None req-59ebfc60-f9d9-48b0-964b-d1937dbe6285 None None] Fixed interval looping call 'neutron.plugins.ml2.plugin.AgentDbMixin.agent_health_check' sleeping for 36.99 seconds {{(pid=104272) _run_loop /opt/stack/data/venv/lib/python3.12/site-packages/oslo_service/backend/_threading/loopingcall.py:125}}
Apr 02 04:16:51.377268 np0000162641 neutron-periodic-workers[104272]: DEBUG dbcounter [-] [104272] Writing DB stats neutron:SELECT=1 {{(pid=104272) stat_writer /opt/stack/data/venv/lib/python3.12/site-packages/dbcounter.py:115}}
Apr 02 04:17:06.414632 np0000162641 neutron-periodic-workers[104264]: DEBUG oslo.service.backend._threading.loopingcall [None req-01365aba-0cbb-4464-81c7-c61b593ae33c None None] Fixed interval looping call 'neutron.plugins.ml2.plugin.DhcpAgentSchedulerDbMixin.remove_networks_from_down_agents' sleeping for 36.99 seconds {{(pid=104264) _run_loop /opt/stack/data/venv/lib/python3.12/site-packages/oslo_service/backend/_threading/loopingcall.py:125}}
Apr 02 04:17:16.413664 np0000162641 neutron-periodic-workers[104264]: DEBUG dbcounter [-] [104264] Writing DB stats neutron:SELECT=3 {{(pid=104264) stat_writer /opt/stack/data/venv/lib/python3.12/site-packages/dbcounter.py:115}}
Apr 02 04:17:18.376243 np0000162641 neutron-periodic-workers[104272]: DEBUG neutron.db.agents_db [None req-59ebfc60-f9d9-48b0-964b-d1937dbe6285 None None] Agent healthcheck: found 0 active agents {{(pid=104272) agent_health_check /opt/stack/neutron/neutron/db/agents_db.py:317}}
Apr 02 04:17:18.376908 np0000162641 neutron-periodic-workers[104272]: DEBUG oslo.service.backend._threading.loopingcall [None req-59ebfc60-f9d9-48b0-964b-d1937dbe6285 None None] Fixed interval looping call 'neutron.plugins.ml2.plugin.AgentDbMixin.agent_health_check' sleeping for 36.99 seconds {{(pid=104272) _run_loop /opt/stack/data/venv/lib/python3.12/site-packages/oslo_service/backend/_threading/loopingcall.py:125}}
Apr 02 04:17:28.374721 np0000162641 neutron-periodic-workers[104272]: DEBUG dbcounter [-] [104272] Writing DB stats neutron:SELECT=1 {{(pid=104272) stat_writer /opt/stack/data/venv/lib/python3.12/site-packages/dbcounter.py:115}}
Apr 02 04:17:43.414237 np0000162641 neutron-periodic-workers[104264]: DEBUG oslo.service.backend._threading.loopingcall [None req-01365aba-0cbb-4464-81c7-c61b593ae33c None None] Fixed interval looping call 'neutron.plugins.ml2.plugin.DhcpAgentSchedulerDbMixin.remove_networks_from_down_agents' sleeping for 36.99 seconds {{(pid=104264) _run_loop /opt/stack/data/venv/lib/python3.12/site-packages/oslo_service/backend/_threading/loopingcall.py:125}}
Apr 02 04:17:53.412876 np0000162641 neutron-periodic-workers[104264]: DEBUG dbcounter [-] [104264] Writing DB stats neutron:SELECT=3 {{(pid=104264) stat_writer /opt/stack/data/venv/lib/python3.12/site-packages/dbcounter.py:115}}
Apr 02 04:17:55.372304 np0000162641 neutron-periodic-workers[104272]: DEBUG neutron.db.agents_db [None req-59ebfc60-f9d9-48b0-964b-d1937dbe6285 None None] Agent healthcheck: found 0 active agents {{(pid=104272) agent_health_check /opt/stack/neutron/neutron/db/agents_db.py:317}}
Apr 02 04:17:55.372926 np0000162641 neutron-periodic-workers[104272]: DEBUG oslo.service.backend._threading.loopingcall [None req-59ebfc60-f9d9-48b0-964b-d1937dbe6285 None None] Fixed interval looping call 'neutron.plugins.ml2.plugin.AgentDbMixin.agent_health_check' sleeping for 36.99 seconds {{(pid=104272) _run_loop /opt/stack/data/venv/lib/python3.12/site-packages/oslo_service/backend/_threading/loopingcall.py:125}}
Apr 02 04:18:05.370440 np0000162641 neutron-periodic-workers[104272]: DEBUG dbcounter [-] [104272] Writing DB stats neutron:SELECT=1 {{(pid=104272) stat_writer /opt/stack/data/venv/lib/python3.12/site-packages/dbcounter.py:115}}
Apr 02 04:18:13.455112 np0000162641 neutron-periodic-workers[104289]: DEBUG oslo.service.backend._threading.loopingcall [None req-f777711c-0fae-4d51-9b66-47a99ed0a516 None None] Fixed interval looping call 'neutron.db.quota.driver_nolock.DbQuotaNoLockDriver._remove_expired_reservations' sleeping for 119.99 seconds {{(pid=104289) _run_loop /opt/stack/data/venv/lib/python3.12/site-packages/oslo_service/backend/_threading/loopingcall.py:125}}
Apr 02 04:18:20.412966 np0000162641 neutron-periodic-workers[104264]: DEBUG oslo.service.backend._threading.loopingcall [None req-01365aba-0cbb-4464-81c7-c61b593ae33c None None] Fixed interval looping call 'neutron.plugins.ml2.plugin.DhcpAgentSchedulerDbMixin.remove_networks_from_down_agents' sleeping for 36.99 seconds {{(pid=104264) _run_loop /opt/stack/data/venv/lib/python3.12/site-packages/oslo_service/backend/_threading/loopingcall.py:125}}
