May 20 13:22:16.805132 np0000175364 systemd[1]: Starting devstack@n-api-meta.service - Devstack devstack@n-api-meta.service...
May 20 13:22:16.810423 np0000175364 devstack@n-api-meta.service[107991]: [uWSGI] getting INI configuration from /etc/nova/nova-metadata-uwsgi.ini
May 20 13:22:16.813205 np0000175364 devstack@n-api-meta.service[107991]: *** Starting uWSGI 2.0.24-debian (64bit) on [Wed May 20 13:22:16 2026] ***
May 20 13:22:16.813205 np0000175364 devstack@n-api-meta.service[107991]: compiled with version: 13.2.0 on 17 April 2024 16:23:48
May 20 13:22:16.813205 np0000175364 devstack@n-api-meta.service[107991]: os: Linux-6.8.0-111-generic #111-Ubuntu SMP PREEMPT_DYNAMIC Sat Apr 11 23:16:02 UTC 2026
May 20 13:22:16.813205 np0000175364 devstack@n-api-meta.service[107991]: nodename: np0000175364
May 20 13:22:16.813205 np0000175364 devstack@n-api-meta.service[107991]: machine: x86_64
May 20 13:22:16.813205 np0000175364 devstack@n-api-meta.service[107991]: clock source: unix
May 20 13:22:16.813205 np0000175364 devstack@n-api-meta.service[107991]: pcre jit disabled
May 20 13:22:16.813205 np0000175364 devstack@n-api-meta.service[107991]: detected number of CPU cores: 16
May 20 13:22:16.813205 np0000175364 devstack@n-api-meta.service[107991]: current working directory: /
May 20 13:22:16.813205 np0000175364 devstack@n-api-meta.service[107991]: detected binary path: /usr/bin/uwsgi-core
May 20 13:22:16.813205 np0000175364 devstack@n-api-meta.service[107991]: your processes number limit is 256917
May 20 13:22:16.813205 np0000175364 devstack@n-api-meta.service[107991]: your memory page size is 4096 bytes
May 20 13:22:16.813205 np0000175364 devstack@n-api-meta.service[107991]: detected max file descriptor number: 2048
May 20 13:22:16.813205 np0000175364 devstack@n-api-meta.service[107991]: lock engine: pthread robust mutexes
May 20 13:22:16.813938 np0000175364 devstack@n-api-meta.service[107991]: thunder lock: enabled
May 20 13:22:16.813938 np0000175364 devstack@n-api-meta.service[107991]: uWSGI http bound on 0.0.0.0:8775 fd 5
May 20 13:22:16.813938 np0000175364 devstack@n-api-meta.service[107991]: uwsgi socket 0 bound to TCP address 127.0.0.1:38523 (port auto-assigned) fd 4
May 20 13:22:16.813938 np0000175364 devstack@n-api-meta.service[107991]: Python version: 3.12.3 (main, Mar 23 2026, 19:04:32) [GCC 13.3.0]
May 20 13:22:16.813938 np0000175364 devstack@n-api-meta.service[107991]: PEP 405 virtualenv detected: /opt/stack/data/venv
May 20 13:22:16.813938 np0000175364 devstack@n-api-meta.service[107991]: Set PythonHome to /opt/stack/data/venv
May 20 13:22:16.849981 np0000175364 devstack@n-api-meta.service[107991]: Python main interpreter initialized at 0x79a6a4aa3668
May 20 13:22:16.849981 np0000175364 devstack@n-api-meta.service[107991]: python threads support enabled
May 20 13:22:16.849981 np0000175364 devstack@n-api-meta.service[107991]: your server socket listen backlog is limited to 100 connections
May 20 13:22:16.849981 np0000175364 devstack@n-api-meta.service[107991]: your mercy for graceful operations on workers is 80 seconds
May 20 13:22:16.850586 np0000175364 devstack@n-api-meta.service[107991]: mapped 671795 bytes (656 KB) for 4 cores
May 20 13:22:16.850730 np0000175364 devstack@n-api-meta.service[107991]: *** Operational MODE: preforking ***
May 20 13:22:16.850964 np0000175364 devstack@n-api-meta.service[107991]: *** uWSGI is running in multiple interpreter mode ***
May 20 13:22:16.850964 np0000175364 devstack@n-api-meta.service[107991]: spawned uWSGI master process (pid: 107991)
May 20 13:22:16.851093 np0000175364 systemd[1]: Started devstack@n-api-meta.service - Devstack devstack@n-api-meta.service.
May 20 13:22:16.851507 np0000175364 devstack@n-api-meta.service[107991]: spawned uWSGI worker 1 (pid: 107992, cores: 1)
May 20 13:22:16.852112 np0000175364 devstack@n-api-meta.service[107991]: spawned uWSGI worker 2 (pid: 107993, cores: 1)
May 20 13:22:16.852569 np0000175364 devstack@n-api-meta.service[107991]: spawned uWSGI worker 3 (pid: 107994, cores: 1)
May 20 13:22:16.853256 np0000175364 devstack@n-api-meta.service[107991]: spawned uWSGI worker 4 (pid: 107995, cores: 1)
May 20 13:22:16.853644 np0000175364 devstack@n-api-meta.service[107991]: spawned uWSGI http 1 (pid: 107996)
May 20 13:22:16.853644 np0000175364 devstack@n-api-meta.service[107991]: running "unix_signal:15 gracefully_kill_them_all" (master-start)...
May 20 13:22:18.596107 np0000175364 devstack@n-api-meta.service[107993]: INFO dbcounter [None req-5db0f7db-279a-4352-9927-87631a0d787f None None] Registered counter for database nova_api
May 20 13:22:18.612097 np0000175364 devstack@n-api-meta.service[107993]: DEBUG oslo_db.sqlalchemy.engines [None req-5db0f7db-279a-4352-9927-87631a0d787f None None] MySQL server mode set to STRICT_TRANS_TABLES,STRICT_ALL_TABLES,NO_ZERO_IN_DATE,NO_ZERO_DATE,ERROR_FOR_DIVISION_BY_ZERO,TRADITIONAL,NO_ENGINE_SUBSTITUTION {{(pid=107993) _check_effective_sql_mode /opt/stack/data/venv/lib/python3.12/site-packages/oslo_db/sqlalchemy/engines.py:325}}
May 20 13:22:18.645050 np0000175364 devstack@n-api-meta.service[107993]: DEBUG dbcounter [-] [107993] Writer thread running {{(pid=107993) stat_writer /opt/stack/data/venv/lib/python3.12/site-packages/dbcounter.py:102}}
May 20 13:22:18.647637 np0000175364 devstack@n-api-meta.service[107993]: DEBUG nova.context [None req-5db0f7db-279a-4352-9927-87631a0d787f None None] Found 2 cells: 00000000-0000-0000-0000-000000000000(cell0),1fba42ef-40a0-41b6-b1ba-aa3b957607ef(cell1) {{(pid=107993) load_cells /opt/stack/nova/nova/context.py:509}}
May 20 13:22:18.647906 np0000175364 devstack@n-api-meta.service[107993]: INFO nova.utils [None req-5db0f7db-279a-4352-9927-87631a0d787f None None] The cell worker thread pool MainProcess.cell_worker is initialized
May 20 13:22:18.650096 np0000175364 devstack@n-api-meta.service[107993]: DEBUG oslo_concurrency.lockutils [None req-5db0f7db-279a-4352-9927-87631a0d787f None None] Acquiring lock "00000000-0000-0000-0000-000000000000" by "nova.context.set_target_cell..get_or_set_cached_cell_and_set_connections" {{(pid=107993) inner /opt/stack/data/venv/lib/python3.12/site-packages/oslo_concurrency/lockutils.py:511}}
May 20 13:22:18.650329 np0000175364 devstack@n-api-meta.service[107993]: DEBUG oslo_concurrency.lockutils [None req-5db0f7db-279a-4352-9927-87631a0d787f None None] Lock "00000000-0000-0000-0000-000000000000" acquired by "nova.context.set_target_cell..get_or_set_cached_cell_and_set_connections" :: waited 0.000s {{(pid=107993) inner /opt/stack/data/venv/lib/python3.12/site-packages/oslo_concurrency/lockutils.py:524}}
May 20 13:22:18.650853 np0000175364 devstack@n-api-meta.service[107993]: DEBUG oslo_concurrency.lockutils [None req-5db0f7db-279a-4352-9927-87631a0d787f None None] Lock "00000000-0000-0000-0000-000000000000" "released" by "nova.context.set_target_cell..get_or_set_cached_cell_and_set_connections" :: held 0.001s {{(pid=107993) inner /opt/stack/data/venv/lib/python3.12/site-packages/oslo_concurrency/lockutils.py:543}}
May 20 13:22:18.651785 np0000175364 devstack@n-api-meta.service[107993]: DEBUG oslo_concurrency.lockutils [None req-5db0f7db-279a-4352-9927-87631a0d787f None None] Acquiring lock "1fba42ef-40a0-41b6-b1ba-aa3b957607ef" by "nova.context.set_target_cell..get_or_set_cached_cell_and_set_connections" {{(pid=107993) inner /opt/stack/data/venv/lib/python3.12/site-packages/oslo_concurrency/lockutils.py:511}}
May 20 13:22:18.651995 np0000175364 devstack@n-api-meta.service[107993]: DEBUG oslo_concurrency.lockutils [None req-5db0f7db-279a-4352-9927-87631a0d787f None None] Lock "1fba42ef-40a0-41b6-b1ba-aa3b957607ef" acquired by "nova.context.set_target_cell..get_or_set_cached_cell_and_set_connections" :: waited 0.000s {{(pid=107993) inner /opt/stack/data/venv/lib/python3.12/site-packages/oslo_concurrency/lockutils.py:524}}
May 20 13:22:18.653189 np0000175364 devstack@n-api-meta.service[107993]: DEBUG oslo_concurrency.lockutils [None req-5db0f7db-279a-4352-9927-87631a0d787f None None] Lock "1fba42ef-40a0-41b6-b1ba-aa3b957607ef" "released" by "nova.context.set_target_cell..get_or_set_cached_cell_and_set_connections" :: held 0.001s {{(pid=107993) inner /opt/stack/data/venv/lib/python3.12/site-packages/oslo_concurrency/lockutils.py:543}}
May 20 13:22:18.655719 np0000175364 devstack@n-api-meta.service[107993]: INFO dbcounter [None req-5db0f7db-279a-4352-9927-87631a0d787f None None] Registered counter for database nova_cell0
May 20 13:22:18.660214 np0000175364 devstack@n-api-meta.service[107992]: INFO dbcounter [None req-b22f827d-7db4-4690-b1db-4f7c312e33bf None None] Registered counter for database nova_api
May 20 13:22:18.660564 np0000175364 devstack@n-api-meta.service[107993]: INFO dbcounter [None req-5db0f7db-279a-4352-9927-87631a0d787f None None] Registered counter for database nova_cell1
May 20 13:22:18.669077 np0000175364 devstack@n-api-meta.service[107994]: INFO dbcounter [None req-286f1f9f-5fc9-4bf5-b55f-bbc89ffab62e None None] Registered counter for database nova_api
May 20 13:22:18.671383 np0000175364 devstack@n-api-meta.service[107993]: DEBUG oslo_db.sqlalchemy.engines [None req-5db0f7db-279a-4352-9927-87631a0d787f None None] MySQL server mode set to STRICT_TRANS_TABLES,STRICT_ALL_TABLES,NO_ZERO_IN_DATE,NO_ZERO_DATE,ERROR_FOR_DIVISION_BY_ZERO,TRADITIONAL,NO_ENGINE_SUBSTITUTION {{(pid=107993) _check_effective_sql_mode /opt/stack/data/venv/lib/python3.12/site-packages/oslo_db/sqlalchemy/engines.py:325}}
May 20 13:22:18.677540 np0000175364 devstack@n-api-meta.service[107993]: DEBUG oslo_db.sqlalchemy.engines [None req-5db0f7db-279a-4352-9927-87631a0d787f None None] MySQL server mode set to STRICT_TRANS_TABLES,STRICT_ALL_TABLES,NO_ZERO_IN_DATE,NO_ZERO_DATE,ERROR_FOR_DIVISION_BY_ZERO,TRADITIONAL,NO_ENGINE_SUBSTITUTION {{(pid=107993) _check_effective_sql_mode /opt/stack/data/venv/lib/python3.12/site-packages/oslo_db/sqlalchemy/engines.py:325}}
May 20 13:22:18.677668 np0000175364 devstack@n-api-meta.service[107995]: INFO dbcounter [None req-9e455a55-a728-4a7c-ac6c-f491ffd055fa None None] Registered counter for database nova_api
May 20 13:22:18.679123 np0000175364 devstack@n-api-meta.service[107992]: DEBUG oslo_db.sqlalchemy.engines [None req-b22f827d-7db4-4690-b1db-4f7c312e33bf None None] MySQL server mode set to STRICT_TRANS_TABLES,STRICT_ALL_TABLES,NO_ZERO_IN_DATE,NO_ZERO_DATE,ERROR_FOR_DIVISION_BY_ZERO,TRADITIONAL,NO_ENGINE_SUBSTITUTION {{(pid=107992) _check_effective_sql_mode /opt/stack/data/venv/lib/python3.12/site-packages/oslo_db/sqlalchemy/engines.py:325}}
May 20 13:22:18.692536 np0000175364 devstack@n-api-meta.service[107994]: DEBUG oslo_db.sqlalchemy.engines [None req-286f1f9f-5fc9-4bf5-b55f-bbc89ffab62e None None] MySQL server mode set to STRICT_TRANS_TABLES,STRICT_ALL_TABLES,NO_ZERO_IN_DATE,NO_ZERO_DATE,ERROR_FOR_DIVISION_BY_ZERO,TRADITIONAL,NO_ENGINE_SUBSTITUTION {{(pid=107994) _check_effective_sql_mode /opt/stack/data/venv/lib/python3.12/site-packages/oslo_db/sqlalchemy/engines.py:325}}
May 20 13:22:18.697172 np0000175364 devstack@n-api-meta.service[107995]: DEBUG oslo_db.sqlalchemy.engines [None req-9e455a55-a728-4a7c-ac6c-f491ffd055fa None None] MySQL server mode set to STRICT_TRANS_TABLES,STRICT_ALL_TABLES,NO_ZERO_IN_DATE,NO_ZERO_DATE,ERROR_FOR_DIVISION_BY_ZERO,TRADITIONAL,NO_ENGINE_SUBSTITUTION {{(pid=107995) _check_effective_sql_mode /opt/stack/data/venv/lib/python3.12/site-packages/oslo_db/sqlalchemy/engines.py:325}}
May 20 13:22:18.713207 np0000175364 devstack@n-api-meta.service[107992]: DEBUG dbcounter [-] [107992] Writer thread running {{(pid=107992) stat_writer /opt/stack/data/venv/lib/python3.12/site-packages/dbcounter.py:102}}
May 20 13:22:18.715609 np0000175364 devstack@n-api-meta.service[107992]: DEBUG nova.context [None req-b22f827d-7db4-4690-b1db-4f7c312e33bf None None] Found 2 cells: 00000000-0000-0000-0000-000000000000(cell0),1fba42ef-40a0-41b6-b1ba-aa3b957607ef(cell1) {{(pid=107992) load_cells /opt/stack/nova/nova/context.py:509}}
May 20 13:22:18.715856 np0000175364 devstack@n-api-meta.service[107992]: INFO nova.utils [None req-b22f827d-7db4-4690-b1db-4f7c312e33bf None None] The cell worker thread pool MainProcess.cell_worker is initialized
May 20 13:22:18.718031 np0000175364 devstack@n-api-meta.service[107992]: DEBUG oslo_concurrency.lockutils [None req-b22f827d-7db4-4690-b1db-4f7c312e33bf None None] Acquiring lock "00000000-0000-0000-0000-000000000000" by "nova.context.set_target_cell..get_or_set_cached_cell_and_set_connections" {{(pid=107992) inner /opt/stack/data/venv/lib/python3.12/site-packages/oslo_concurrency/lockutils.py:511}}
May 20 13:22:18.718266 np0000175364 devstack@n-api-meta.service[107992]: DEBUG oslo_concurrency.lockutils [None req-b22f827d-7db4-4690-b1db-4f7c312e33bf None None] Lock "00000000-0000-0000-0000-000000000000" acquired by "nova.context.set_target_cell..get_or_set_cached_cell_and_set_connections" :: waited 0.000s {{(pid=107992) inner /opt/stack/data/venv/lib/python3.12/site-packages/oslo_concurrency/lockutils.py:524}}
May 20 13:22:18.718785 np0000175364 devstack@n-api-meta.service[107992]: DEBUG oslo_concurrency.lockutils [None req-b22f827d-7db4-4690-b1db-4f7c312e33bf None None] Lock "00000000-0000-0000-0000-000000000000" "released" by "nova.context.set_target_cell..get_or_set_cached_cell_and_set_connections" :: held 0.001s {{(pid=107992) inner /opt/stack/data/venv/lib/python3.12/site-packages/oslo_concurrency/lockutils.py:543}}
May 20 13:22:18.719650 np0000175364 devstack@n-api-meta.service[107992]: DEBUG oslo_concurrency.lockutils [None req-b22f827d-7db4-4690-b1db-4f7c312e33bf None None] Acquiring lock "1fba42ef-40a0-41b6-b1ba-aa3b957607ef" by "nova.context.set_target_cell..get_or_set_cached_cell_and_set_connections" {{(pid=107992) inner /opt/stack/data/venv/lib/python3.12/site-packages/oslo_concurrency/lockutils.py:511}}
May 20 13:22:18.719902 np0000175364 devstack@n-api-meta.service[107992]: DEBUG oslo_concurrency.lockutils [None req-b22f827d-7db4-4690-b1db-4f7c312e33bf None None] Lock "1fba42ef-40a0-41b6-b1ba-aa3b957607ef" acquired by "nova.context.set_target_cell..get_or_set_cached_cell_and_set_connections" :: waited 0.000s {{(pid=107992) inner /opt/stack/data/venv/lib/python3.12/site-packages/oslo_concurrency/lockutils.py:524}}
May 20 13:22:18.721019 np0000175364 devstack@n-api-meta.service[107992]: DEBUG oslo_concurrency.lockutils [None req-b22f827d-7db4-4690-b1db-4f7c312e33bf None None] Lock "1fba42ef-40a0-41b6-b1ba-aa3b957607ef" "released" by "nova.context.set_target_cell..get_or_set_cached_cell_and_set_connections" :: held 0.001s {{(pid=107992) inner /opt/stack/data/venv/lib/python3.12/site-packages/oslo_concurrency/lockutils.py:543}}
May 20 13:22:18.724024 np0000175364 devstack@n-api-meta.service[107992]: INFO dbcounter [None req-b22f827d-7db4-4690-b1db-4f7c312e33bf None None] Registered counter for database nova_cell0
May 20 13:22:18.728640 np0000175364 devstack@n-api-meta.service[107992]: INFO dbcounter [None req-b22f827d-7db4-4690-b1db-4f7c312e33bf None None] Registered counter for database nova_cell1
May 20 13:22:18.731964 np0000175364 devstack@n-api-meta.service[107994]: DEBUG dbcounter [-] [107994] Writer thread running {{(pid=107994) stat_writer /opt/stack/data/venv/lib/python3.12/site-packages/dbcounter.py:102}}
May 20 13:22:18.733117 np0000175364 devstack@n-api-meta.service[107995]: DEBUG dbcounter [-] [107995] Writer thread running {{(pid=107995) stat_writer /opt/stack/data/venv/lib/python3.12/site-packages/dbcounter.py:102}}
May 20 13:22:18.735080 np0000175364 devstack@n-api-meta.service[107994]: DEBUG nova.context [None req-286f1f9f-5fc9-4bf5-b55f-bbc89ffab62e None None] Found 2 cells: 00000000-0000-0000-0000-000000000000(cell0),1fba42ef-40a0-41b6-b1ba-aa3b957607ef(cell1) {{(pid=107994) load_cells /opt/stack/nova/nova/context.py:509}}
May 20 13:22:18.735383 np0000175364 devstack@n-api-meta.service[107994]: INFO nova.utils [None req-286f1f9f-5fc9-4bf5-b55f-bbc89ffab62e None None] The cell worker thread pool MainProcess.cell_worker is initialized
May 20 13:22:18.737568 np0000175364 devstack@n-api-meta.service[107992]: DEBUG oslo_db.sqlalchemy.engines [None req-b22f827d-7db4-4690-b1db-4f7c312e33bf None None] MySQL server mode set to STRICT_TRANS_TABLES,STRICT_ALL_TABLES,NO_ZERO_IN_DATE,NO_ZERO_DATE,ERROR_FOR_DIVISION_BY_ZERO,TRADITIONAL,NO_ENGINE_SUBSTITUTION {{(pid=107992) _check_effective_sql_mode /opt/stack/data/venv/lib/python3.12/site-packages/oslo_db/sqlalchemy/engines.py:325}}
May 20 13:22:18.737750 np0000175364 devstack@n-api-meta.service[107994]: DEBUG oslo_concurrency.lockutils [None req-286f1f9f-5fc9-4bf5-b55f-bbc89ffab62e None None] Acquiring lock "00000000-0000-0000-0000-000000000000" by "nova.context.set_target_cell..get_or_set_cached_cell_and_set_connections" {{(pid=107994) inner /opt/stack/data/venv/lib/python3.12/site-packages/oslo_concurrency/lockutils.py:511}}
May 20 13:22:18.737970 np0000175364 devstack@n-api-meta.service[107994]: DEBUG oslo_concurrency.lockutils [None req-286f1f9f-5fc9-4bf5-b55f-bbc89ffab62e None None] Lock "00000000-0000-0000-0000-000000000000" acquired by "nova.context.set_target_cell..get_or_set_cached_cell_and_set_connections" :: waited 0.000s {{(pid=107994) inner /opt/stack/data/venv/lib/python3.12/site-packages/oslo_concurrency/lockutils.py:524}}
May 20 13:22:18.738052 np0000175364 devstack@n-api-meta.service[107995]: DEBUG nova.context [None req-9e455a55-a728-4a7c-ac6c-f491ffd055fa None None] Found 2 cells: 00000000-0000-0000-0000-000000000000(cell0),1fba42ef-40a0-41b6-b1ba-aa3b957607ef(cell1) {{(pid=107995) load_cells /opt/stack/nova/nova/context.py:509}}
May 20 13:22:18.738216 np0000175364 devstack@n-api-meta.service[107995]: INFO nova.utils [None req-9e455a55-a728-4a7c-ac6c-f491ffd055fa None None] The cell worker thread pool MainProcess.cell_worker is initialized
May 20 13:22:18.738431 np0000175364 devstack@n-api-meta.service[107994]: DEBUG oslo_concurrency.lockutils [None req-286f1f9f-5fc9-4bf5-b55f-bbc89ffab62e None None] Lock "00000000-0000-0000-0000-000000000000" "released" by "nova.context.set_target_cell..get_or_set_cached_cell_and_set_connections" :: held 0.000s {{(pid=107994) inner /opt/stack/data/venv/lib/python3.12/site-packages/oslo_concurrency/lockutils.py:543}}
May 20 13:22:18.739192 np0000175364 devstack@n-api-meta.service[107994]: DEBUG oslo_concurrency.lockutils [None req-286f1f9f-5fc9-4bf5-b55f-bbc89ffab62e None None] Acquiring lock "1fba42ef-40a0-41b6-b1ba-aa3b957607ef" by "nova.context.set_target_cell..get_or_set_cached_cell_and_set_connections" {{(pid=107994) inner /opt/stack/data/venv/lib/python3.12/site-packages/oslo_concurrency/lockutils.py:511}}
May 20 13:22:18.739374 np0000175364 devstack@n-api-meta.service[107994]: DEBUG oslo_concurrency.lockutils [None req-286f1f9f-5fc9-4bf5-b55f-bbc89ffab62e None None] Lock "1fba42ef-40a0-41b6-b1ba-aa3b957607ef" acquired by "nova.context.set_target_cell..get_or_set_cached_cell_and_set_connections" :: waited 0.000s {{(pid=107994) inner /opt/stack/data/venv/lib/python3.12/site-packages/oslo_concurrency/lockutils.py:524}}
May 20 13:22:18.740542 np0000175364 devstack@n-api-meta.service[107995]: DEBUG oslo_concurrency.lockutils [None req-9e455a55-a728-4a7c-ac6c-f491ffd055fa None None] Acquiring lock "00000000-0000-0000-0000-000000000000" by "nova.context.set_target_cell..get_or_set_cached_cell_and_set_connections" {{(pid=107995) inner /opt/stack/data/venv/lib/python3.12/site-packages/oslo_concurrency/lockutils.py:511}}
May 20 13:22:18.740542 np0000175364 devstack@n-api-meta.service[107995]: DEBUG oslo_concurrency.lockutils [None req-9e455a55-a728-4a7c-ac6c-f491ffd055fa None None] Lock "00000000-0000-0000-0000-000000000000" acquired by "nova.context.set_target_cell..get_or_set_cached_cell_and_set_connections" :: waited 0.000s {{(pid=107995) inner /opt/stack/data/venv/lib/python3.12/site-packages/oslo_concurrency/lockutils.py:524}}
May 20 13:22:18.740667 np0000175364 devstack@n-api-meta.service[107994]: DEBUG oslo_concurrency.lockutils [None req-286f1f9f-5fc9-4bf5-b55f-bbc89ffab62e None None] Lock "1fba42ef-40a0-41b6-b1ba-aa3b957607ef" "released" by "nova.context.set_target_cell..get_or_set_cached_cell_and_set_connections" :: held 0.001s {{(pid=107994) inner /opt/stack/data/venv/lib/python3.12/site-packages/oslo_concurrency/lockutils.py:543}}
May 20 13:22:18.740710 np0000175364 devstack@n-api-meta.service[107995]: DEBUG oslo_concurrency.lockutils [None req-9e455a55-a728-4a7c-ac6c-f491ffd055fa None None] Lock "00000000-0000-0000-0000-000000000000" "released" by "nova.context.set_target_cell..get_or_set_cached_cell_and_set_connections" :: held 0.000s {{(pid=107995) inner /opt/stack/data/venv/lib/python3.12/site-packages/oslo_concurrency/lockutils.py:543}}
May 20 13:22:18.741401 np0000175364 devstack@n-api-meta.service[107995]: DEBUG oslo_concurrency.lockutils [None req-9e455a55-a728-4a7c-ac6c-f491ffd055fa None None] Acquiring lock "1fba42ef-40a0-41b6-b1ba-aa3b957607ef" by "nova.context.set_target_cell..get_or_set_cached_cell_and_set_connections" {{(pid=107995) inner /opt/stack/data/venv/lib/python3.12/site-packages/oslo_concurrency/lockutils.py:511}}
May 20 13:22:18.741628 np0000175364 devstack@n-api-meta.service[107995]: DEBUG oslo_concurrency.lockutils [None req-9e455a55-a728-4a7c-ac6c-f491ffd055fa None None] Lock "1fba42ef-40a0-41b6-b1ba-aa3b957607ef" acquired by "nova.context.set_target_cell..get_or_set_cached_cell_and_set_connections" :: waited 0.000s {{(pid=107995) inner /opt/stack/data/venv/lib/python3.12/site-packages/oslo_concurrency/lockutils.py:524}}
May 20 13:22:18.742416 np0000175364 devstack@n-api-meta.service[107994]: INFO dbcounter [None req-286f1f9f-5fc9-4bf5-b55f-bbc89ffab62e None None] Registered counter for database nova_cell0
May 20 13:22:18.742741 np0000175364 devstack@n-api-meta.service[107995]: DEBUG oslo_concurrency.lockutils [None req-9e455a55-a728-4a7c-ac6c-f491ffd055fa None None] Lock "1fba42ef-40a0-41b6-b1ba-aa3b957607ef" "released" by "nova.context.set_target_cell..get_or_set_cached_cell_and_set_connections" :: held 0.001s {{(pid=107995) inner /opt/stack/data/venv/lib/python3.12/site-packages/oslo_concurrency/lockutils.py:543}}
May 20 13:22:18.745853 np0000175364 devstack@n-api-meta.service[107995]: INFO dbcounter [None req-9e455a55-a728-4a7c-ac6c-f491ffd055fa None None] Registered counter for database nova_cell0
May 20 13:22:18.746156 np0000175364 devstack@n-api-meta.service[107994]: INFO dbcounter [None req-286f1f9f-5fc9-4bf5-b55f-bbc89ffab62e None None] Registered counter for database nova_cell1
May 20 13:22:18.752590 np0000175364 devstack@n-api-meta.service[107995]: INFO dbcounter [None req-9e455a55-a728-4a7c-ac6c-f491ffd055fa None None] Registered counter for database nova_cell1
May 20 13:22:18.756572 np0000175364 devstack@n-api-meta.service[107994]: DEBUG oslo_db.sqlalchemy.engines [None req-286f1f9f-5fc9-4bf5-b55f-bbc89ffab62e None None] MySQL server mode set to STRICT_TRANS_TABLES,STRICT_ALL_TABLES,NO_ZERO_IN_DATE,NO_ZERO_DATE,ERROR_FOR_DIVISION_BY_ZERO,TRADITIONAL,NO_ENGINE_SUBSTITUTION {{(pid=107994) _check_effective_sql_mode /opt/stack/data/venv/lib/python3.12/site-packages/oslo_db/sqlalchemy/engines.py:325}}
May 20 13:22:18.760580 np0000175364 devstack@n-api-meta.service[107992]: DEBUG oslo_db.sqlalchemy.engines [None req-b22f827d-7db4-4690-b1db-4f7c312e33bf None None] MySQL server mode set to STRICT_TRANS_TABLES,STRICT_ALL_TABLES,NO_ZERO_IN_DATE,NO_ZERO_DATE,ERROR_FOR_DIVISION_BY_ZERO,TRADITIONAL,NO_ENGINE_SUBSTITUTION {{(pid=107992) _check_effective_sql_mode /opt/stack/data/venv/lib/python3.12/site-packages/oslo_db/sqlalchemy/engines.py:325}}
May 20 13:22:18.766894 np0000175364 devstack@n-api-meta.service[107995]: DEBUG oslo_db.sqlalchemy.engines [None req-9e455a55-a728-4a7c-ac6c-f491ffd055fa None None] MySQL server mode set to STRICT_TRANS_TABLES,STRICT_ALL_TABLES,NO_ZERO_IN_DATE,NO_ZERO_DATE,ERROR_FOR_DIVISION_BY_ZERO,TRADITIONAL,NO_ENGINE_SUBSTITUTION {{(pid=107995) _check_effective_sql_mode /opt/stack/data/venv/lib/python3.12/site-packages/oslo_db/sqlalchemy/engines.py:325}}
May 20 13:22:18.768599 np0000175364 devstack@n-api-meta.service[107994]: DEBUG oslo_db.sqlalchemy.engines [None req-286f1f9f-5fc9-4bf5-b55f-bbc89ffab62e None None] MySQL server mode set to STRICT_TRANS_TABLES,STRICT_ALL_TABLES,NO_ZERO_IN_DATE,NO_ZERO_DATE,ERROR_FOR_DIVISION_BY_ZERO,TRADITIONAL,NO_ENGINE_SUBSTITUTION {{(pid=107994) _check_effective_sql_mode /opt/stack/data/venv/lib/python3.12/site-packages/oslo_db/sqlalchemy/engines.py:325}}
May 20 13:22:18.774343 np0000175364 devstack@n-api-meta.service[107995]: DEBUG oslo_db.sqlalchemy.engines [None req-9e455a55-a728-4a7c-ac6c-f491ffd055fa None None] MySQL server mode set to STRICT_TRANS_TABLES,STRICT_ALL_TABLES,NO_ZERO_IN_DATE,NO_ZERO_DATE,ERROR_FOR_DIVISION_BY_ZERO,TRADITIONAL,NO_ENGINE_SUBSTITUTION {{(pid=107995) _check_effective_sql_mode /opt/stack/data/venv/lib/python3.12/site-packages/oslo_db/sqlalchemy/engines.py:325}}
May 20 13:22:18.779645 np0000175364 devstack@n-api-meta.service[107993]: DEBUG dbcounter [-] [107993] Writer thread running {{(pid=107993) stat_writer /opt/stack/data/venv/lib/python3.12/site-packages/dbcounter.py:102}}
May 20 13:22:18.780068 np0000175364 devstack@n-api-meta.service[107993]: DEBUG dbcounter [-] [107993] Writer thread running {{(pid=107993) stat_writer /opt/stack/data/venv/lib/python3.12/site-packages/dbcounter.py:102}}
May 20 13:22:18.788855 np0000175364 devstack@n-api-meta.service[107993]: INFO dbcounter [None req-5db0f7db-279a-4352-9927-87631a0d787f None None] Registered counter for database nova_cell0
May 20 13:22:18.795492 np0000175364 devstack@n-api-meta.service[107993]: DEBUG oslo_db.sqlalchemy.engines [None req-5db0f7db-279a-4352-9927-87631a0d787f None None] MySQL server mode set to STRICT_TRANS_TABLES,STRICT_ALL_TABLES,NO_ZERO_IN_DATE,NO_ZERO_DATE,ERROR_FOR_DIVISION_BY_ZERO,TRADITIONAL,NO_ENGINE_SUBSTITUTION {{(pid=107993) _check_effective_sql_mode /opt/stack/data/venv/lib/python3.12/site-packages/oslo_db/sqlalchemy/engines.py:325}}
May 20 13:22:18.801222 np0000175364 devstack@n-api-meta.service[107993]: DEBUG dbcounter [-] [107993] Writer thread running {{(pid=107993) stat_writer /opt/stack/data/venv/lib/python3.12/site-packages/dbcounter.py:102}}
May 20 13:22:18.839426 np0000175364 devstack@n-api-meta.service[107993]: WARNING nova.api.metadata.handler [None req-5db0f7db-279a-4352-9927-87631a0d787f None None] metadata_proxy_shared_secret is not configured, the metadata information returned by the proxy cannot be trusted
May 20 13:22:18.840623 np0000175364 devstack@n-api-meta.service[107992]: DEBUG dbcounter [-] [107992] Writer thread running {{(pid=107992) stat_writer /opt/stack/data/venv/lib/python3.12/site-packages/dbcounter.py:102}}
May 20 13:22:18.841211 np0000175364 devstack@n-api-meta.service[107992]: DEBUG dbcounter [-] [107992] Writer thread running {{(pid=107992) stat_writer /opt/stack/data/venv/lib/python3.12/site-packages/dbcounter.py:102}}
May 20 13:22:18.841887 np0000175364 devstack@n-api-meta.service[107993]: DEBUG nova.api.openstack.wsgi_app [None req-5db0f7db-279a-4352-9927-87631a0d787f None None] ******************************************************************************** {{(pid=107993) log_opt_values /opt/stack/data/venv/lib/python3.12/site-packages/oslo_config/cfg.py:3229}}
May 20 13:22:18.841977 np0000175364 devstack@n-api-meta.service[107993]: DEBUG nova.api.openstack.wsgi_app [None req-5db0f7db-279a-4352-9927-87631a0d787f None None] Configuration options gathered from: {{(pid=107993) log_opt_values /opt/stack/data/venv/lib/python3.12/site-packages/oslo_config/cfg.py:3230}}
May 20 13:22:18.842104 np0000175364 devstack@n-api-meta.service[107993]: DEBUG nova.api.openstack.wsgi_app [None req-5db0f7db-279a-4352-9927-87631a0d787f None None] command line args: [] {{(pid=107993) log_opt_values /opt/stack/data/venv/lib/python3.12/site-packages/oslo_config/cfg.py:3231}}
May 20 13:22:18.842261 np0000175364 devstack@n-api-meta.service[107993]: DEBUG nova.api.openstack.wsgi_app [None req-5db0f7db-279a-4352-9927-87631a0d787f None None] config files: ['/etc/nova/api-paste.ini', '/etc/nova/nova.conf'] {{(pid=107993) log_opt_values /opt/stack/data/venv/lib/python3.12/site-packages/oslo_config/cfg.py:3232}}
May 20 13:22:18.842337 np0000175364 devstack@n-api-meta.service[107993]: DEBUG nova.api.openstack.wsgi_app [None req-5db0f7db-279a-4352-9927-87631a0d787f None None] ================================================================================ {{(pid=107993) log_opt_values /opt/stack/data/venv/lib/python3.12/site-packages/oslo_config/cfg.py:3237}}
May 20 13:22:18.842525 np0000175364 devstack@n-api-meta.service[107993]: DEBUG nova.api.openstack.wsgi_app [None req-5db0f7db-279a-4352-9927-87631a0d787f None None] allow_resize_to_same_host = True {{(pid=107993) log_opt_values /opt/stack/data/venv/lib/python3.12/site-packages/oslo_config/cfg.py:3245}}
May 20 13:22:18.842756 np0000175364 devstack@n-api-meta.service[107993]: DEBUG nova.api.openstack.wsgi_app [None req-5db0f7db-279a-4352-9927-87631a0d787f None None] arq_binding_timeout = 300 {{(pid=107993) log_opt_values /opt/stack/data/venv/lib/python3.12/site-packages/oslo_config/cfg.py:3245}}
May 20 13:22:18.842881 np0000175364 devstack@n-api-meta.service[107993]: DEBUG nova.api.openstack.wsgi_app [None req-5db0f7db-279a-4352-9927-87631a0d787f None None] block_device_allocate_retries = 60 {{(pid=107993) log_opt_values /opt/stack/data/venv/lib/python3.12/site-packages/oslo_config/cfg.py:3245}}
May 20 13:22:18.843023 np0000175364 devstack@n-api-meta.service[107993]: DEBUG nova.api.openstack.wsgi_app [None req-5db0f7db-279a-4352-9927-87631a0d787f None None] block_device_allocate_retries_interval = 3 {{(pid=107993) log_opt_values /opt/stack/data/venv/lib/python3.12/site-packages/oslo_config/cfg.py:3245}}
May 20 13:22:18.843142 np0000175364 devstack@n-api-meta.service[107993]: DEBUG nova.api.openstack.wsgi_app [None req-5db0f7db-279a-4352-9927-87631a0d787f None None] cell_worker_thread_pool_size = 5 {{(pid=107993) log_opt_values /opt/stack/data/venv/lib/python3.12/site-packages/oslo_config/cfg.py:3245}}
May 20 13:22:18.843276 np0000175364 devstack@n-api-meta.service[107993]: DEBUG nova.api.openstack.wsgi_app [None req-5db0f7db-279a-4352-9927-87631a0d787f None None] cert = self.pem {{(pid=107993) log_opt_values /opt/stack/data/venv/lib/python3.12/site-packages/oslo_config/cfg.py:3245}}
May 20 13:22:18.843409 np0000175364 devstack@n-api-meta.service[107993]: DEBUG nova.api.openstack.wsgi_app [None req-5db0f7db-279a-4352-9927-87631a0d787f None None] compute_driver = libvirt.LibvirtDriver {{(pid=107993) log_opt_values /opt/stack/data/venv/lib/python3.12/site-packages/oslo_config/cfg.py:3245}}
May 20 13:22:18.843561 np0000175364 devstack@n-api-meta.service[107993]: DEBUG nova.api.openstack.wsgi_app [None req-5db0f7db-279a-4352-9927-87631a0d787f None None] compute_monitors = [] {{(pid=107993) log_opt_values /opt/stack/data/venv/lib/python3.12/site-packages/oslo_config/cfg.py:3245}}
May 20 13:22:18.843694 np0000175364 devstack@n-api-meta.service[107993]: DEBUG nova.api.openstack.wsgi_app [None req-5db0f7db-279a-4352-9927-87631a0d787f None None] config_dir = [] {{(pid=107993) log_opt_values /opt/stack/data/venv/lib/python3.12/site-packages/oslo_config/cfg.py:3245}}
May 20 13:22:18.843828 np0000175364 devstack@n-api-meta.service[107993]: DEBUG nova.api.openstack.wsgi_app [None req-5db0f7db-279a-4352-9927-87631a0d787f None None] config_drive_format = iso9660 {{(pid=107993) log_opt_values /opt/stack/data/venv/lib/python3.12/site-packages/oslo_config/cfg.py:3245}}
May 20 13:22:18.843973 np0000175364 devstack@n-api-meta.service[107993]: DEBUG nova.api.openstack.wsgi_app [None req-5db0f7db-279a-4352-9927-87631a0d787f None None] config_file = ['/etc/nova/api-paste.ini', '/etc/nova/nova.conf'] {{(pid=107993) log_opt_values /opt/stack/data/venv/lib/python3.12/site-packages/oslo_config/cfg.py:3245}}
May 20 13:22:18.844100 np0000175364 devstack@n-api-meta.service[107993]: DEBUG nova.api.openstack.wsgi_app [None req-5db0f7db-279a-4352-9927-87631a0d787f None None] config_source = [] {{(pid=107993) log_opt_values /opt/stack/data/venv/lib/python3.12/site-packages/oslo_config/cfg.py:3245}}
May 20 13:22:18.844438 np0000175364 devstack@n-api-meta.service[107993]: DEBUG nova.api.openstack.wsgi_app [None req-5db0f7db-279a-4352-9927-87631a0d787f None None] console_host = np0000175364 {{(pid=107993) log_opt_values /opt/stack/data/venv/lib/python3.12/site-packages/oslo_config/cfg.py:3245}}
May 20 13:22:18.844438 np0000175364 devstack@n-api-meta.service[107993]: DEBUG nova.api.openstack.wsgi_app [None req-5db0f7db-279a-4352-9927-87631a0d787f None None] control_exchange = nova {{(pid=107993) log_opt_values /opt/stack/data/venv/lib/python3.12/site-packages/oslo_config/cfg.py:3245}}
May 20 13:22:18.844541 np0000175364 devstack@n-api-meta.service[107993]: DEBUG nova.api.openstack.wsgi_app [None req-5db0f7db-279a-4352-9927-87631a0d787f None None] cpu_allocation_ratio = None {{(pid=107993) log_opt_values /opt/stack/data/venv/lib/python3.12/site-packages/oslo_config/cfg.py:3245}}
May 20 13:22:18.844621 np0000175364 devstack@n-api-meta.service[107993]: DEBUG nova.api.openstack.wsgi_app [None req-5db0f7db-279a-4352-9927-87631a0d787f None None] daemon = False {{(pid=107993) log_opt_values /opt/stack/data/venv/lib/python3.12/site-packages/oslo_config/cfg.py:3245}}
May 20 13:22:18.844756 np0000175364 devstack@n-api-meta.service[107993]: DEBUG nova.api.openstack.wsgi_app [None req-5db0f7db-279a-4352-9927-87631a0d787f None None] debug = True {{(pid=107993) log_opt_values /opt/stack/data/venv/lib/python3.12/site-packages/oslo_config/cfg.py:3245}}
May 20 13:22:18.844879 np0000175364 devstack@n-api-meta.service[107993]: DEBUG nova.api.openstack.wsgi_app [None req-5db0f7db-279a-4352-9927-87631a0d787f None None] default_access_ip_network_name = None {{(pid=107993) log_opt_values /opt/stack/data/venv/lib/python3.12/site-packages/oslo_config/cfg.py:3245}}
May 20 13:22:18.845010 np0000175364 devstack@n-api-meta.service[107993]: DEBUG nova.api.openstack.wsgi_app [None req-5db0f7db-279a-4352-9927-87631a0d787f None None] default_availability_zone = nova {{(pid=107993) log_opt_values /opt/stack/data/venv/lib/python3.12/site-packages/oslo_config/cfg.py:3245}}
May 20 13:22:18.845140 np0000175364 devstack@n-api-meta.service[107993]: DEBUG nova.api.openstack.wsgi_app [None req-5db0f7db-279a-4352-9927-87631a0d787f None None] default_ephemeral_format = ext4 {{(pid=107993) log_opt_values /opt/stack/data/venv/lib/python3.12/site-packages/oslo_config/cfg.py:3245}}
May 20 13:22:18.845268 np0000175364 devstack@n-api-meta.service[107993]: DEBUG nova.api.openstack.wsgi_app [None req-5db0f7db-279a-4352-9927-87631a0d787f None None] default_green_pool_size = 1000 {{(pid=107993) log_opt_values /opt/stack/data/venv/lib/python3.12/site-packages/oslo_config/cfg.py:3245}}
May 20 13:22:18.845486 np0000175364 devstack@n-api-meta.service[107993]: DEBUG nova.api.openstack.wsgi_app [None req-5db0f7db-279a-4352-9927-87631a0d787f None None] default_log_levels = ['amqp=WARN', 'boto=WARN', 'sqlalchemy=WARN', 'suds=INFO', 'oslo.messaging=INFO', 'oslo_messaging=INFO', 'iso8601=WARN', 'requests.packages.urllib3.connectionpool=WARN', 'urllib3.connectionpool=WARN', 'websocket=WARN', 'requests.packages.urllib3.util.retry=WARN', 'urllib3.util.retry=WARN', 'keystonemiddleware=WARN', 'routes.middleware=WARN', 'stevedore=WARN', 'taskflow=WARN', 'keystoneauth=WARN', 'oslo.cache=INFO', 'oslo_policy=INFO', 'dogpile.core.dogpile=INFO', 'glanceclient=WARN', 'oslo.privsep.daemon=INFO'] {{(pid=107993) log_opt_values /opt/stack/data/venv/lib/python3.12/site-packages/oslo_config/cfg.py:3245}}
May 20 13:22:18.845641 np0000175364 devstack@n-api-meta.service[107993]: DEBUG nova.api.openstack.wsgi_app [None req-5db0f7db-279a-4352-9927-87631a0d787f None None] default_schedule_zone = None {{(pid=107993) log_opt_values /opt/stack/data/venv/lib/python3.12/site-packages/oslo_config/cfg.py:3245}}
May 20 13:22:18.845769 np0000175364 devstack@n-api-meta.service[107993]: DEBUG nova.api.openstack.wsgi_app [None req-5db0f7db-279a-4352-9927-87631a0d787f None None] default_thread_pool_size = 10 {{(pid=107993) log_opt_values /opt/stack/data/venv/lib/python3.12/site-packages/oslo_config/cfg.py:3245}}
May 20 13:22:18.845894 np0000175364 devstack@n-api-meta.service[107993]: DEBUG nova.api.openstack.wsgi_app [None req-5db0f7db-279a-4352-9927-87631a0d787f None None] disk_allocation_ratio = None {{(pid=107993) log_opt_values /opt/stack/data/venv/lib/python3.12/site-packages/oslo_config/cfg.py:3245}}
May 20 13:22:18.846018 np0000175364 devstack@n-api-meta.service[107993]: DEBUG nova.api.openstack.wsgi_app [None req-5db0f7db-279a-4352-9927-87631a0d787f None None] enable_new_services = True {{(pid=107993) log_opt_values /opt/stack/data/venv/lib/python3.12/site-packages/oslo_config/cfg.py:3245}}
May 20 13:22:18.846060 np0000175364 devstack@n-api-meta.service[107992]: INFO dbcounter [None req-b22f827d-7db4-4690-b1db-4f7c312e33bf None None] Registered counter for database nova_cell0
May 20 13:22:18.846189 np0000175364 devstack@n-api-meta.service[107993]: DEBUG nova.api.openstack.wsgi_app [None req-5db0f7db-279a-4352-9927-87631a0d787f None None] flat_injected = False {{(pid=107993) log_opt_values /opt/stack/data/venv/lib/python3.12/site-packages/oslo_config/cfg.py:3245}}
May 20 13:22:18.846274 np0000175364 devstack@n-api-meta.service[107993]: DEBUG nova.api.openstack.wsgi_app [None req-5db0f7db-279a-4352-9927-87631a0d787f None None] force_config_drive = False {{(pid=107993) log_opt_values /opt/stack/data/venv/lib/python3.12/site-packages/oslo_config/cfg.py:3245}}
May 20 13:22:18.846396 np0000175364 devstack@n-api-meta.service[107993]: DEBUG nova.api.openstack.wsgi_app [None req-5db0f7db-279a-4352-9927-87631a0d787f None None] force_raw_images = True {{(pid=107993) log_opt_values /opt/stack/data/venv/lib/python3.12/site-packages/oslo_config/cfg.py:3245}}
May 20 13:22:18.846548 np0000175364 devstack@n-api-meta.service[107993]: DEBUG nova.api.openstack.wsgi_app [None req-5db0f7db-279a-4352-9927-87631a0d787f None None] graceful_shutdown_timeout = 5 {{(pid=107993) log_opt_values /opt/stack/data/venv/lib/python3.12/site-packages/oslo_config/cfg.py:3245}}
May 20 13:22:18.846679 np0000175364 devstack@n-api-meta.service[107993]: DEBUG nova.api.openstack.wsgi_app [None req-5db0f7db-279a-4352-9927-87631a0d787f None None] heal_instance_info_cache_interval = -1 {{(pid=107993) log_opt_values /opt/stack/data/venv/lib/python3.12/site-packages/oslo_config/cfg.py:3245}}
May 20 13:22:18.846850 np0000175364 devstack@n-api-meta.service[107993]: DEBUG nova.api.openstack.wsgi_app [None req-5db0f7db-279a-4352-9927-87631a0d787f None None] host = np0000175364 {{(pid=107993) log_opt_values /opt/stack/data/venv/lib/python3.12/site-packages/oslo_config/cfg.py:3245}}
May 20 13:22:18.846982 np0000175364 devstack@n-api-meta.service[107993]: DEBUG nova.api.openstack.wsgi_app [None req-5db0f7db-279a-4352-9927-87631a0d787f None None] initial_cpu_allocation_ratio = 4.0 {{(pid=107993) log_opt_values /opt/stack/data/venv/lib/python3.12/site-packages/oslo_config/cfg.py:3245}}
May 20 13:22:18.847110 np0000175364 devstack@n-api-meta.service[107993]: DEBUG nova.api.openstack.wsgi_app [None req-5db0f7db-279a-4352-9927-87631a0d787f None None] initial_disk_allocation_ratio = 1.0 {{(pid=107993) log_opt_values /opt/stack/data/venv/lib/python3.12/site-packages/oslo_config/cfg.py:3245}}
May 20 13:22:18.847239 np0000175364 devstack@n-api-meta.service[107993]: DEBUG nova.api.openstack.wsgi_app [None req-5db0f7db-279a-4352-9927-87631a0d787f None None] initial_ram_allocation_ratio = 1.0 {{(pid=107993) log_opt_values /opt/stack/data/venv/lib/python3.12/site-packages/oslo_config/cfg.py:3245}}
May 20 13:22:18.847418 np0000175364 devstack@n-api-meta.service[107993]: DEBUG nova.api.openstack.wsgi_app [None req-5db0f7db-279a-4352-9927-87631a0d787f None None] injected_network_template = /opt/stack/nova/nova/virt/interfaces.template {{(pid=107993) log_opt_values /opt/stack/data/venv/lib/python3.12/site-packages/oslo_config/cfg.py:3245}}
May 20 13:22:18.847564 np0000175364 devstack@n-api-meta.service[107993]: DEBUG nova.api.openstack.wsgi_app [None req-5db0f7db-279a-4352-9927-87631a0d787f None None] instance_build_timeout = 0 {{(pid=107993) log_opt_values /opt/stack/data/venv/lib/python3.12/site-packages/oslo_config/cfg.py:3245}}
May 20 13:22:18.847693 np0000175364 devstack@n-api-meta.service[107993]: DEBUG nova.api.openstack.wsgi_app [None req-5db0f7db-279a-4352-9927-87631a0d787f None None] instance_delete_interval = 300 {{(pid=107993) log_opt_values /opt/stack/data/venv/lib/python3.12/site-packages/oslo_config/cfg.py:3245}}
May 20 13:22:18.847825 np0000175364 devstack@n-api-meta.service[107993]: DEBUG nova.api.openstack.wsgi_app [None req-5db0f7db-279a-4352-9927-87631a0d787f None None] instance_format = [instance: %(uuid)s] {{(pid=107993) log_opt_values /opt/stack/data/venv/lib/python3.12/site-packages/oslo_config/cfg.py:3245}}
May 20 13:22:18.847973 np0000175364 devstack@n-api-meta.service[107993]: DEBUG nova.api.openstack.wsgi_app [None req-5db0f7db-279a-4352-9927-87631a0d787f None None] instance_name_template = instance-%08x {{(pid=107993) log_opt_values /opt/stack/data/venv/lib/python3.12/site-packages/oslo_config/cfg.py:3245}}
May 20 13:22:18.848098 np0000175364 devstack@n-api-meta.service[107993]: DEBUG nova.api.openstack.wsgi_app [None req-5db0f7db-279a-4352-9927-87631a0d787f None None] instance_usage_audit = False {{(pid=107993) log_opt_values /opt/stack/data/venv/lib/python3.12/site-packages/oslo_config/cfg.py:3245}}
May 20 13:22:18.848252 np0000175364 devstack@n-api-meta.service[107993]: DEBUG nova.api.openstack.wsgi_app [None req-5db0f7db-279a-4352-9927-87631a0d787f None None] instance_usage_audit_period = month {{(pid=107993) log_opt_values /opt/stack/data/venv/lib/python3.12/site-packages/oslo_config/cfg.py:3245}}
May 20 13:22:18.848363 np0000175364 devstack@n-api-meta.service[107993]: DEBUG nova.api.openstack.wsgi_app [None req-5db0f7db-279a-4352-9927-87631a0d787f None None] instance_uuid_format = [instance: %(uuid)s] {{(pid=107993) log_opt_values /opt/stack/data/venv/lib/python3.12/site-packages/oslo_config/cfg.py:3245}}
May 20 13:22:18.848492 np0000175364 devstack@n-api-meta.service[107993]: DEBUG nova.api.openstack.wsgi_app [None req-5db0f7db-279a-4352-9927-87631a0d787f None None] instances_path = /opt/stack/data/nova/instances {{(pid=107993) log_opt_values /opt/stack/data/venv/lib/python3.12/site-packages/oslo_config/cfg.py:3245}}
May 20 13:22:18.848641 np0000175364 devstack@n-api-meta.service[107993]: DEBUG nova.api.openstack.wsgi_app [None req-5db0f7db-279a-4352-9927-87631a0d787f None None] internal_service_availability_zone = internal {{(pid=107993) log_opt_values /opt/stack/data/venv/lib/python3.12/site-packages/oslo_config/cfg.py:3245}}
May 20 13:22:18.848764 np0000175364 devstack@n-api-meta.service[107993]: DEBUG nova.api.openstack.wsgi_app [None req-5db0f7db-279a-4352-9927-87631a0d787f None None] key = None {{(pid=107993) log_opt_values /opt/stack/data/venv/lib/python3.12/site-packages/oslo_config/cfg.py:3245}}
May 20 13:22:18.848912 np0000175364 devstack@n-api-meta.service[107993]: DEBUG nova.api.openstack.wsgi_app [None req-5db0f7db-279a-4352-9927-87631a0d787f None None] live_migration_retry_count = 30 {{(pid=107993) log_opt_values /opt/stack/data/venv/lib/python3.12/site-packages/oslo_config/cfg.py:3245}}
May 20 13:22:18.849018 np0000175364 devstack@n-api-meta.service[107993]: DEBUG nova.api.openstack.wsgi_app [None req-5db0f7db-279a-4352-9927-87631a0d787f None None] log_color = False {{(pid=107993) log_opt_values /opt/stack/data/venv/lib/python3.12/site-packages/oslo_config/cfg.py:3245}}
May 20 13:22:18.849148 np0000175364 devstack@n-api-meta.service[107993]: DEBUG nova.api.openstack.wsgi_app [None req-5db0f7db-279a-4352-9927-87631a0d787f None None] log_config_append = None {{(pid=107993) log_opt_values /opt/stack/data/venv/lib/python3.12/site-packages/oslo_config/cfg.py:3245}}
May 20 13:22:18.849280 np0000175364 devstack@n-api-meta.service[107993]: DEBUG nova.api.openstack.wsgi_app [None req-5db0f7db-279a-4352-9927-87631a0d787f None None] log_date_format = %Y-%m-%d %H:%M:%S {{(pid=107993) log_opt_values /opt/stack/data/venv/lib/python3.12/site-packages/oslo_config/cfg.py:3245}}
May 20 13:22:18.849421 np0000175364 devstack@n-api-meta.service[107993]: DEBUG nova.api.openstack.wsgi_app [None req-5db0f7db-279a-4352-9927-87631a0d787f None None] log_dir = None {{(pid=107993) log_opt_values /opt/stack/data/venv/lib/python3.12/site-packages/oslo_config/cfg.py:3245}}
May 20 13:22:18.849864 np0000175364 devstack@n-api-meta.service[107993]: DEBUG nova.api.openstack.wsgi_app [None req-5db0f7db-279a-4352-9927-87631a0d787f None None] log_file = None {{(pid=107993) log_opt_values /opt/stack/data/venv/lib/python3.12/site-packages/oslo_config/cfg.py:3245}}
May 20 13:22:18.849864 np0000175364 devstack@n-api-meta.service[107993]: DEBUG nova.api.openstack.wsgi_app [None req-5db0f7db-279a-4352-9927-87631a0d787f None None] log_options = True {{(pid=107993) log_opt_values /opt/stack/data/venv/lib/python3.12/site-packages/oslo_config/cfg.py:3245}}
May 20 13:22:18.849864 np0000175364 devstack@n-api-meta.service[107993]: DEBUG nova.api.openstack.wsgi_app [None req-5db0f7db-279a-4352-9927-87631a0d787f None None] log_rotate_interval = 1 {{(pid=107993) log_opt_values /opt/stack/data/venv/lib/python3.12/site-packages/oslo_config/cfg.py:3245}}
May 20 13:22:18.850086 np0000175364 devstack@n-api-meta.service[107993]: DEBUG nova.api.openstack.wsgi_app [None req-5db0f7db-279a-4352-9927-87631a0d787f None None] log_rotate_interval_type = days {{(pid=107993) log_opt_values /opt/stack/data/venv/lib/python3.12/site-packages/oslo_config/cfg.py:3245}}
May 20 13:22:18.850086 np0000175364 devstack@n-api-meta.service[107993]: DEBUG nova.api.openstack.wsgi_app [None req-5db0f7db-279a-4352-9927-87631a0d787f None None] log_rotation_type = none {{(pid=107993) log_opt_values /opt/stack/data/venv/lib/python3.12/site-packages/oslo_config/cfg.py:3245}}
May 20 13:22:18.850192 np0000175364 devstack@n-api-meta.service[107993]: DEBUG nova.api.openstack.wsgi_app [None req-5db0f7db-279a-4352-9927-87631a0d787f None None] logging_context_format_string = %(color)s%(levelname)s %(name)s [%(global_request_id)s %(request_id)s %(project_name)s %(user_name)s%(color)s] %(instance)s%(color)s%(message)s {{(pid=107993) log_opt_values /opt/stack/data/venv/lib/python3.12/site-packages/oslo_config/cfg.py:3245}}
May 20 13:22:18.850252 np0000175364 devstack@n-api-meta.service[107993]: DEBUG nova.api.openstack.wsgi_app [None req-5db0f7db-279a-4352-9927-87631a0d787f None None] logging_debug_format_suffix = {{(pid=%(process)d) %(funcName)s %(pathname)s:%(lineno)d}} {{(pid=107993) log_opt_values /opt/stack/data/venv/lib/python3.12/site-packages/oslo_config/cfg.py:3245}}
May 20 13:22:18.850374 np0000175364 devstack@n-api-meta.service[107993]: DEBUG nova.api.openstack.wsgi_app [None req-5db0f7db-279a-4352-9927-87631a0d787f None None] logging_default_format_string = %(color)s%(levelname)s %(name)s [-%(color)s] %(instance)s%(color)s%(message)s {{(pid=107993) log_opt_values /opt/stack/data/venv/lib/python3.12/site-packages/oslo_config/cfg.py:3245}}
May 20 13:22:18.850500 np0000175364 devstack@n-api-meta.service[107993]: DEBUG nova.api.openstack.wsgi_app [None req-5db0f7db-279a-4352-9927-87631a0d787f None None] logging_exception_prefix = ERROR %(name)s %(instance)s {{(pid=107993) log_opt_values /opt/stack/data/venv/lib/python3.12/site-packages/oslo_config/cfg.py:3245}}
May 20 13:22:18.850615 np0000175364 devstack@n-api-meta.service[107993]: DEBUG nova.api.openstack.wsgi_app [None req-5db0f7db-279a-4352-9927-87631a0d787f None None] logging_user_identity_format = %(user)s %(project)s %(domain)s %(system_scope)s %(user_domain)s %(project_domain)s {{(pid=107993) log_opt_values /opt/stack/data/venv/lib/python3.12/site-packages/oslo_config/cfg.py:3245}}
May 20 13:22:18.850742 np0000175364 devstack@n-api-meta.service[107993]: DEBUG nova.api.openstack.wsgi_app [None req-5db0f7db-279a-4352-9927-87631a0d787f None None] long_rpc_timeout = 1800 {{(pid=107993) log_opt_values /opt/stack/data/venv/lib/python3.12/site-packages/oslo_config/cfg.py:3245}}
May 20 13:22:18.850867 np0000175364 devstack@n-api-meta.service[107993]: DEBUG nova.api.openstack.wsgi_app [None req-5db0f7db-279a-4352-9927-87631a0d787f None None] manager_shutdown_timeout = 160 {{(pid=107993) log_opt_values /opt/stack/data/venv/lib/python3.12/site-packages/oslo_config/cfg.py:3245}}
May 20 13:22:18.850990 np0000175364 devstack@n-api-meta.service[107993]: DEBUG nova.api.openstack.wsgi_app [None req-5db0f7db-279a-4352-9927-87631a0d787f None None] max_concurrent_builds = 10 {{(pid=107993) log_opt_values /opt/stack/data/venv/lib/python3.12/site-packages/oslo_config/cfg.py:3245}}
May 20 13:22:18.851115 np0000175364 devstack@n-api-meta.service[107993]: DEBUG nova.api.openstack.wsgi_app [None req-5db0f7db-279a-4352-9927-87631a0d787f None None] max_concurrent_live_migrations = 1 {{(pid=107993) log_opt_values /opt/stack/data/venv/lib/python3.12/site-packages/oslo_config/cfg.py:3245}}
May 20 13:22:18.851263 np0000175364 devstack@n-api-meta.service[107993]: DEBUG nova.api.openstack.wsgi_app [None req-5db0f7db-279a-4352-9927-87631a0d787f None None] max_concurrent_snapshots = 5 {{(pid=107993) log_opt_values /opt/stack/data/venv/lib/python3.12/site-packages/oslo_config/cfg.py:3245}}
May 20 13:22:18.851364 np0000175364 devstack@n-api-meta.service[107993]: DEBUG nova.api.openstack.wsgi_app [None req-5db0f7db-279a-4352-9927-87631a0d787f None None] max_local_block_devices = 3 {{(pid=107993) log_opt_values /opt/stack/data/venv/lib/python3.12/site-packages/oslo_config/cfg.py:3245}}
