+ COMMAND=start + start + for KEYSTONE_WSGI_SCRIPT in keystone-wsgi-public ++ type -p keystone-wsgi-public + cp -a /var/lib/openstack/bin/keystone-wsgi-public /var/www/cgi-bin/keystone/ + '[' -f /etc/apache2/envvars ']' + source /etc/apache2/envvars ++ unset HOME ++ '[' '' '!=' '' ']' ++ SUFFIX= ++ export APACHE_RUN_USER=www-data ++ APACHE_RUN_USER=www-data ++ export APACHE_RUN_GROUP=www-data ++ APACHE_RUN_GROUP=www-data ++ export APACHE_PID_FILE=/var/run/apache2/apache2.pid ++ APACHE_PID_FILE=/var/run/apache2/apache2.pid ++ export APACHE_RUN_DIR=/var/run/apache2 ++ APACHE_RUN_DIR=/var/run/apache2 ++ export APACHE_LOCK_DIR=/var/lock/apache2 ++ APACHE_LOCK_DIR=/var/lock/apache2 ++ export APACHE_LOG_DIR=/var/log/apache2 ++ APACHE_LOG_DIR=/var/log/apache2 ++ export LANG=C ++ LANG=C ++ export LANG + '[' -f /var/run/apache2/apache2.pid ']' + exec apache2 -DFOREGROUND AH00558: apache2: Could not reliably determine the server's fully qualified domain name, using 10.0.0.81. Set the 'ServerName' directive globally to suppress this message AH00558: apache2: Could not reliably determine the server's fully qualified domain name, using 10.0.0.81. Set the 'ServerName' directive globally to suppress this message
[Fri Sep 11 00:42:09.790743 2026] [mpm_event:notice] [pid 1:tid 140322207098752] AH00489: Apache/2.4.58 (Ubuntu) mod_wsgi/5.0.0 Python/3.12 configured -- resuming normal operations
[Fri Sep 11 00:42:09.790989 2026] [core:notice] [pid 1:tid 140322207098752] AH00094: Command line: 'apache2 -D FOREGROUND'
[Fri Sep 11 00:43:04.999610 2026] [wsgi:error] [pid 11:tid 140321569277632] /var/lib/openstack/lib/python3.12/site-packages/oslo_utils/importutils.py:77: EventletDeprecationWarning:
[Fri Sep 11 00:43:04.999668 2026] [wsgi:error] [pid 11:tid 140321569277632] Eventlet is deprecated. It is currently being maintained in bugfix mode, and
[Fri Sep 11 00:43:04.999670 2026] [wsgi:error] [pid 11:tid 140321569277632] we strongly recommend against using it for new projects.
[Fri Sep 11 00:43:04.999671 2026] [wsgi:error] [pid 11:tid 140321569277632]
[Fri Sep 11 00:43:04.999672 2026] [wsgi:error] [pid 11:tid 140321569277632] If you are already using Eventlet, we recommend migrating to a different
[Fri Sep 11 00:43:04.999673 2026] [wsgi:error] [pid 11:tid 140321569277632] framework. For more detail see
[Fri Sep 11 00:43:04.999674 2026] [wsgi:error] [pid 11:tid 140321569277632] https://eventlet.readthedocs.io/en/latest/asyncio/migration.html
[Fri Sep 11 00:43:04.999675 2026] [wsgi:error] [pid 11:tid 140321569277632]
[Fri Sep 11 00:43:04.999676 2026] [wsgi:error] [pid 11:tid 140321569277632] __import__(import_str)
[Fri Sep 11 00:43:05.034455 2026] [wsgi:error] [pid 10:tid 140321569277632] /var/lib/openstack/lib/python3.12/site-packages/oslo_utils/importutils.py:77: EventletDeprecationWarning:
[Fri Sep 11 00:43:05.034509 2026] [wsgi:error] [pid 10:tid 140321569277632] Eventlet is deprecated. It is currently being maintained in bugfix mode, and
[Fri Sep 11 00:43:05.034511 2026] [wsgi:error] [pid 10:tid 140321569277632] we strongly recommend against using it for new projects.
[Fri Sep 11 00:43:05.034512 2026] [wsgi:error] [pid 10:tid 140321569277632]
[Fri Sep 11 00:43:05.034513 2026] [wsgi:error] [pid 10:tid 140321569277632] If you are already using Eventlet, we recommend migrating to a different
[Fri Sep 11 00:43:05.034514 2026] [wsgi:error] [pid 10:tid 140321569277632] framework. For more detail see
[Fri Sep 11 00:43:05.034516 2026] [wsgi:error] [pid 10:tid 140321569277632] https://eventlet.readthedocs.io/en/latest/asyncio/migration.html
[Fri Sep 11 00:43:05.034517 2026] [wsgi:error] [pid 10:tid 140321569277632]
[Fri Sep 11 00:43:05.034518 2026] [wsgi:error] [pid 10:tid 140321569277632] __import__(import_str) 10.0.0.136 - - [11/Sep/2026:00:43:04 +0000] "GET /v3/ HTTP/1.1" 200 249 10.0.0.136 - - [11/Sep/2026:00:43:04 +0000] "GET /v3/ HTTP/1.1" 200 249
[Fri Sep 11 00:43:18.518989 2026] [wsgi:error] [pid 9:tid 140321569277632] /var/lib/openstack/lib/python3.12/site-packages/oslo_utils/importutils.py:77: EventletDeprecationWarning:
[Fri Sep 11 00:43:18.519039 2026] [wsgi:error] [pid 9:tid 140321569277632] Eventlet is deprecated. It is currently being maintained in bugfix mode, and
[Fri Sep 11 00:43:18.519041 2026] [wsgi:error] [pid 9:tid 140321569277632] we strongly recommend against using it for new projects.
[Fri Sep 11 00:43:18.519042 2026] [wsgi:error] [pid 9:tid 140321569277632]
[Fri Sep 11 00:43:18.519043 2026] [wsgi:error] [pid 9:tid 140321569277632] If you are already using Eventlet, we recommend migrating to a different
[Fri Sep 11 00:43:18.519045 2026] [wsgi:error] [pid 9:tid 140321569277632] framework. For more detail see
[Fri Sep 11 00:43:18.519046 2026] [wsgi:error] [pid 9:tid 140321569277632] https://eventlet.readthedocs.io/en/latest/asyncio/migration.html
[Fri Sep 11 00:43:18.519047 2026] [wsgi:error] [pid 9:tid 140321569277632]
[Fri Sep 11 00:43:18.519048 2026] [wsgi:error] [pid 9:tid 140321569277632] __import__(import_str) 10.0.0.200 - - [11/Sep/2026:00:43:17 +0000] "GET / HTTP/1.1" 300 295
[Fri Sep 11 00:43:24.104724 2026] [wsgi:error] [pid 12:tid 140321569277632] /var/lib/openstack/lib/python3.12/site-packages/oslo_utils/importutils.py:77: EventletDeprecationWarning:
[Fri Sep 11 00:43:24.104768 2026] [wsgi:error] [pid 12:tid 140321569277632] Eventlet is deprecated. It is currently being maintained in bugfix mode, and
[Fri Sep 11 00:43:24.104770 2026] [wsgi:error] [pid 12:tid 140321569277632] we strongly recommend against using it for new projects.
[Fri Sep 11 00:43:24.104771 2026] [wsgi:error] [pid 12:tid 140321569277632]
[Fri Sep 11 00:43:24.104772 2026] [wsgi:error] [pid 12:tid 140321569277632] If you are already using Eventlet, we recommend migrating to a different
[Fri Sep 11 00:43:24.104774 2026] [wsgi:error] [pid 12:tid 140321569277632] framework. For more detail see
[Fri Sep 11 00:43:24.104775 2026] [wsgi:error] [pid 12:tid 140321569277632] https://eventlet.readthedocs.io/en/latest/asyncio/migration.html
[Fri Sep 11 00:43:24.104776 2026] [wsgi:error] [pid 12:tid 140321569277632]
[Fri Sep 11 00:43:24.104777 2026] [wsgi:error] [pid 12:tid 140321569277632] __import__(import_str)
[Fri Sep 11 00:43:28.900925 2026] [wsgi:error] [pid 12:tid 140321569277632] [remote 10.0.0.200:44530] 2026-09-11 00:43:28.894 12 WARNING keystone.identity.core [None req-7a2c77fe-b8ce-4243-aea1-3ff59245ab2f - - - - - -] Invalid domain name (atmosphere) found in config file name: keystone.exception.DomainNotFound: Could not find domain: atmosphere.
[Fri Sep 11 00:43:28.981907 2026] [wsgi:error] [pid 12:tid 140321569277632] [remote 10.0.0.200:44530] 2026-09-11 00:43:28.981 12 WARNING keystone.common.password_hashing [None req-7a2c77fe-b8ce-4243-aea1-3ff59245ab2f - - - - - -] Truncating password to algorithm specific maximum length 72 characters.
[Fri Sep 11 00:43:29.275513 2026] [wsgi:error] [pid 12:tid 140321569277632] [remote 10.0.0.200:44530] 2026-09-11 00:43:29.275 12 WARNING keystone.common.fernet_utils [None req-7a2c77fe-b8ce-4243-aea1-3ff59245ab2f - - - - - -] key_repository is world readable: /etc/keystone/fernet-keys/ 10.0.0.200 - - [11/Sep/2026:00:43:23 +0000] "POST /v3/auth/tokens HTTP/1.1" 201 1359
[Fri Sep 11 00:43:29.697728 2026] [wsgi:error] [pid 11:tid 140321569277632] [remote 10.0.0.200:44530] 2026-09-11 00:43:29.695 11 WARNING keystone.identity.core [None req-1b66e78b-0cb2-46d7-8645-ac9335e74f59 - - - - - -] Invalid domain name (atmosphere) found in config file name: keystone.exception.DomainNotFound: Could not find domain: atmosphere. 10.0.0.200 - - [11/Sep/2026:00:43:29 +0000] "POST /v3/domains HTTP/1.1" 201 261 10.0.0.244 - - [11/Sep/2026:00:43:40 +0000] "GET / HTTP/1.1" 300 295
[Fri Sep 11 00:43:41.364486 2026] [wsgi:error] [pid 9:tid 140321569277632] [remote 10.0.0.244:34052] 2026-09-11 00:43:41.363 9 WARNING keystone.common.password_hashing [None req-c0d99f03-230f-405b-8e87-31a2030ec430 - - - - - -] Truncating password to algorithm specific maximum length 72 characters.
[Fri Sep 11 00:43:41.637905 2026] [wsgi:error] [pid 9:tid 140321569277632] [remote 10.0.0.244:34052] 2026-09-11 00:43:41.637 9 WARNING keystone.common.fernet_utils [None req-c0d99f03-230f-405b-8e87-31a2030ec430 - - - - - -] key_repository is world readable: /etc/keystone/fernet-keys/ 10.0.0.244 - - [11/Sep/2026:00:43:40 +0000] "POST /v3/auth/tokens HTTP/1.1" 201 1359 10.0.0.244 - - [11/Sep/2026:00:43:41 +0000] "GET /v3/roles/admin HTTP/1.1" 404 83
[Fri Sep 11 00:43:41.981907 2026] [wsgi:error] [pid 11:tid 140321569277632] [remote 10.0.0.244:34052] 2026-09-11 00:43:41.981 11 WARNING keystone.common.rbac_enforcer.enforcer [None req-73a61041-f505-4fa8-b589-8b8beb73dae0 d2277c41a4964a4a8edc89f72b7ec70c be94054c18c54ed0af06fbe962b73d06 - - default default] Deprecated policy rules found. Use oslopolicy-policy-generator and oslopolicy-policy-upgrade to detect and resolve deprecated policies in your configuration. 10.0.0.244 - - [11/Sep/2026:00:43:41 +0000] "GET /v3/roles?name=admin HTTP/1.1" 200 389
[Fri Sep 11 00:43:42.688112 2026] [wsgi:error] [pid 10:tid 140321569277632] [remote 10.0.0.244:34052] 2026-09-11 00:43:42.687 10 WARNING keystone.common.rbac_enforcer.enforcer [None req-17a849e5-82f3-4366-ae4c-105d22d440ef d2277c41a4964a4a8edc89f72b7ec70c be94054c18c54ed0af06fbe962b73d06 - - default default] Deprecated policy rules found. Use oslopolicy-policy-generator and oslopolicy-policy-upgrade to detect and resolve deprecated policies in your configuration. 10.0.0.244 - - [11/Sep/2026:00:43:42 +0000] "GET /v3/users/admin-RegionOne HTTP/1.1" 404 93
[Fri Sep 11 00:43:42.944153 2026] [wsgi:error] [pid 9:tid 140321569277632] [remote 10.0.0.244:34052] 2026-09-11 00:43:42.943 9 WARNING keystone.common.rbac_enforcer.enforcer [None req-2c7ad344-e18c-406a-8dbd-886fcb867ae9 d2277c41a4964a4a8edc89f72b7ec70c be94054c18c54ed0af06fbe962b73d06 - - default default] Deprecated policy rules found. Use oslopolicy-policy-generator and oslopolicy-policy-upgrade to detect and resolve deprecated policies in your configuration. 10.0.0.244 - - [11/Sep/2026:00:43:42 +0000] "GET /v3/users?name=admin-RegionOne HTTP/1.1" 200 422
[Fri Sep 11 00:43:43.148100 2026] [wsgi:error] [pid 12:tid 140321569277632] [remote 10.0.0.244:34052] 2026-09-11 00:43:43.147 12 WARNING keystone.common.rbac_enforcer.enforcer [None req-8a862f66-72fb-4cc2-a5d2-a6174ad2f8fe d2277c41a4964a4a8edc89f72b7ec70c be94054c18c54ed0af06fbe962b73d06 - - default default] Deprecated policy rules found. Use oslopolicy-policy-generator and oslopolicy-policy-upgrade to detect and resolve deprecated policies in your configuration. 10.0.0.244 - - [11/Sep/2026:00:43:42 +0000] "GET /v3/domains/default HTTP/1.1" 200 224 10.0.0.244 - - [11/Sep/2026:00:43:43 +0000] "PUT /v3/domains/default/users/d2277c41a4964a4a8edc89f72b7ec70c/roles/ff0d4646ccb64631baa4573f7533012f HTTP/1.1" 204 - 10.0.0.136 - - [11/Sep/2026:00:43:53 +0000] "GET / HTTP/1.1" 300 280 10.0.0.136 - - [11/Sep/2026:00:43:55 +0000] "GET /v3 HTTP/1.1" 200 265
[Fri Sep 11 00:43:55.450890 2026] [wsgi:error] [pid 12:tid 140321569277632] [remote 10.0.0.136:38860] 2026-09-11 00:43:55.450 12 WARNING keystone.common.password_hashing [None req-595a5f91-d9ee-4b98-9475-ba97e6fbe977 - - - - - -] Truncating password to algorithm specific maximum length 72 characters.
[Fri Sep 11 00:43:55.755184 2026] [wsgi:error] [pid 12:tid 140321569277632] [remote 10.0.0.136:38860] 2026-09-11 00:43:55.754 12 WARNING keystone.common.fernet_utils [None req-595a5f91-d9ee-4b98-9475-ba97e6fbe977 - - - - - -] key_repository is world readable: /etc/keystone/fernet-keys/ 10.0.0.136 - - [11/Sep/2026:00:43:55 +0000] "POST /v3/auth/tokens HTTP/1.1" 201 1359 10.0.0.136 - - [11/Sep/2026:00:43:55 +0000] "GET / HTTP/1.1" 300 280 10.0.0.136 - - [11/Sep/2026:00:43:55 +0000] "GET /v3/domains/atmosphere HTTP/1.1" 404 90 10.0.0.136 - - [11/Sep/2026:00:43:56 +0000] "GET /v3/domains?name=atmosphere HTTP/1.1" 200 368 10.0.0.136 - - [11/Sep/2026:00:43:56 +0000] "GET /v3/domains/391bf3cea0e34a328cf3abcdfd10d5e3 HTTP/1.1" 200 246 10.0.0.136 - - [11/Sep/2026:00:43:56 +0000] "GET /v3 HTTP/1.1" 200 265
[Fri Sep 11 00:43:57.011614 2026] [wsgi:error] [pid 10:tid 140321569277632] [remote 10.0.0.136:38860] 2026-09-11 00:43:57.010 10 WARNING keystone.common.password_hashing [None req-dec951df-9887-4719-ba93-589d07f145d5 - - - - - -] Truncating password to algorithm specific maximum length 72 characters.
[Fri Sep 11 00:43:57.345884 2026] [wsgi:error] [pid 10:tid 140321569277632] [remote 10.0.0.136:38860] 2026-09-11 00:43:57.345 10 WARNING keystone.common.fernet_utils [None req-dec951df-9887-4719-ba93-589d07f145d5 - - - - - -] key_repository is world readable: /etc/keystone/fernet-keys/ 10.0.0.136 - - [11/Sep/2026:00:43:56 +0000] "POST /v3/auth/tokens HTTP/1.1" 201 1359 10.0.0.136 - - [11/Sep/2026:00:43:57 +0000] "GET / HTTP/1.1" 300 280 10.0.0.136 - - [11/Sep/2026:00:43:57 +0000] "GET /v3/OS-FEDERATION/identity_providers/atmosphere HTTP/1.1" 404 101 10.0.0.136 - - [11/Sep/2026:00:43:57 +0000] "GET /v3/OS-FEDERATION/identity_providers HTTP/1.1" 200 155 10.0.0.136 - - [11/Sep/2026:00:43:57 +0000] "PUT /v3/OS-FEDERATION/identity_providers/atmosphere HTTP/1.1" 201 340 10.0.0.136 - - [11/Sep/2026:00:43:58 +0000] "GET /v3 HTTP/1.1" 200 265
[Fri Sep 11 00:43:58.365017 2026] [wsgi:error] [pid 12:tid 140321569277632] [remote 10.0.0.136:38860] 2026-09-11 00:43:58.364 12 WARNING keystone.common.password_hashing [None req-7f8308c8-5139-4853-9399-6bf30c358667 - - - - - -] Truncating password to algorithm specific maximum length 72 characters.
[Fri Sep 11 00:43:58.662636 2026] [wsgi:error] [pid 12:tid 140321569277632] [remote 10.0.0.136:38860] 2026-09-11 00:43:58.662 12 WARNING keystone.common.fernet_utils [None req-7f8308c8-5139-4853-9399-6bf30c358667 - - - - - -] key_repository is world readable: /etc/keystone/fernet-keys/ 10.0.0.136 - - [11/Sep/2026:00:43:58 +0000] "POST /v3/auth/tokens HTTP/1.1" 201 1359 10.0.0.136 - - [11/Sep/2026:00:43:58 +0000] "GET / HTTP/1.1" 300 280 10.0.0.136 - - [11/Sep/2026:00:43:58 +0000] "GET /v3/OS-FEDERATION/mappings/atmosphere-openid HTTP/1.1" 404 98 10.0.0.136 - - [11/Sep/2026:00:43:58 +0000] "GET /v3/OS-FEDERATION/mappings HTTP/1.1" 200 135 10.0.0.136 - - [11/Sep/2026:00:43:58 +0000] "PUT /v3/OS-FEDERATION/mappings/atmosphere-openid HTTP/1.1" 201 356 10.0.0.136 - - [11/Sep/2026:00:43:59 +0000] "GET /v3 HTTP/1.1" 200 265
[Fri Sep 11 00:43:59.540720 2026] [wsgi:error] [pid 10:tid 140321569277632] [remote 10.0.0.136:38860] 2026-09-11 00:43:59.540 10 WARNING keystone.common.password_hashing [None req-53a6d3fb-43dc-42d1-9d89-a40381fd948c - - - - - -] Truncating password to algorithm specific maximum length 72 characters.
[Fri Sep 11 00:43:59.822194 2026] [wsgi:error] [pid 10:tid 140321569277632] [remote 10.0.0.136:38860] 2026-09-11 00:43:59.821 10 WARNING keystone.common.fernet_utils [None req-53a6d3fb-43dc-42d1-9d89-a40381fd948c - - - - - -] key_repository is world readable: /etc/keystone/fernet-keys/ 10.0.0.136 - - [11/Sep/2026:00:43:59 +0000] "POST /v3/auth/tokens HTTP/1.1" 201 1359 10.0.0.136 - - [11/Sep/2026:00:43:59 +0000] "GET / HTTP/1.1" 300 280 10.0.0.136 - - [11/Sep/2026:00:43:59 +0000] "GET /v3/OS-FEDERATION/identity_providers/atmosphere/protocols/openid?idp_id=atmosphere HTTP/1.1" 404 131 10.0.0.136 - - [11/Sep/2026:00:43:59 +0000] "GET /v3/OS-FEDERATION/identity_providers/atmosphere/protocols HTTP/1.1" 200 167 10.0.0.136 - - [11/Sep/2026:00:43:59 +0000] "PUT /v3/OS-FEDERATION/identity_providers/atmosphere/protocols/openid HTTP/1.1" 201 222 10.0.0.136 - - [11/Sep/2026:00:44:04 +0000] "GET /v3/ HTTP/1.1" 200 249 10.0.0.136 - - [11/Sep/2026:00:44:04 +0000] "GET /v3/ HTTP/1.1" 200 249 10.0.0.136 - - [11/Sep/2026:00:45:04 +0000] "GET /v3/ HTTP/1.1" 200 249 10.0.0.136 - - [11/Sep/2026:00:45:04 +0000] "GET /v3/ HTTP/1.1" 200 249 10.0.0.115 - - [11/Sep/2026:00:45:29 +0000] "GET / HTTP/1.1" 300 295
[Fri Sep 11 00:45:29.089303 2026] [wsgi:error] [pid 9:tid 140321569277632] [remote 10.0.0.115:45602] 2026-09-11 00:45:29.089 9 WARNING keystone.common.password_hashing [None req-b6d76239-c8a9-4fa9-ab4d-0f5ebe4e3356 - - - - - -] Truncating password to algorithm specific maximum length 72 characters.
[Fri Sep 11 00:45:29.420502 2026] [wsgi:error] [pid 9:tid 140321569277632] [remote 10.0.0.115:45602] 2026-09-11 00:45:29.420 9 WARNING keystone.common.fernet_utils [None req-b6d76239-c8a9-4fa9-ab4d-0f5ebe4e3356 - - - - - -] key_repository is world readable: /etc/keystone/fernet-keys/ 10.0.0.115 - - [11/Sep/2026:00:45:29 +0000] "POST /v3/auth/tokens HTTP/1.1" 201 1359 10.0.0.115 - - [11/Sep/2026:00:45:29 +0000] "GET /v3/services HTTP/1.1" 200 355 10.0.0.115 - - [11/Sep/2026:00:45:32 +0000] "GET / HTTP/1.1" 300 295
[Fri Sep 11 00:45:32.950805 2026] [wsgi:error] [pid 10:tid 140321569277632] [remote 10.0.0.115:51022] 2026-09-11 00:45:32.950 10 WARNING keystone.common.password_hashing [None req-770ac97d-e974-4fcb-8807-ea2f3e14cd43 - - - - - -] Truncating password to algorithm specific maximum length 72 characters.
[Fri Sep 11 00:45:33.254394 2026] [wsgi:error] [pid 10:tid 140321569277632] [remote 10.0.0.115:51022] 2026-09-11 00:45:33.254 10 WARNING keystone.common.fernet_utils [None req-770ac97d-e974-4fcb-8807-ea2f3e14cd43 - - - - - -] key_repository is world readable: /etc/keystone/fernet-keys/ 10.0.0.115 - - [11/Sep/2026:00:45:32 +0000] "POST /v3/auth/tokens HTTP/1.1" 201 1359 10.0.0.115 - - [11/Sep/2026:00:45:33 +0000] "GET /v3/services HTTP/1.1" 200 355 10.0.0.115 - - [11/Sep/2026:00:45:36 +0000] "GET / HTTP/1.1" 300 295
[Fri Sep 11 00:45:36.829321 2026] [wsgi:error] [pid 11:tid 140321569277632] [remote 10.0.0.115:51030] 2026-09-11 00:45:36.828 11 WARNING keystone.common.password_hashing [None req-9a3a80c4-887a-485d-9f45-cb9a936354b6 - - - - - -] Truncating password to algorithm specific maximum length 72 characters.
[Fri Sep 11 00:45:37.122139 2026] [wsgi:error] [pid 11:tid 140321569277632] [remote 10.0.0.115:51030] 2026-09-11 00:45:37.121 11 WARNING keystone.common.fernet_utils [None req-9a3a80c4-887a-485d-9f45-cb9a936354b6 - - - - - -] key_repository is world readable: /etc/keystone/fernet-keys/ 10.0.0.115 - - [11/Sep/2026:00:45:36 +0000] "POST /v3/auth/tokens HTTP/1.1" 201 1359 10.0.0.115 - - [11/Sep/2026:00:45:37 +0000] "GET /v3/services HTTP/1.1" 200 355 10.0.0.115 - - [11/Sep/2026:00:45:40 +0000] "GET / HTTP/1.1" 300 295
[Fri Sep 11 00:45:40.775018 2026] [wsgi:error] [pid 12:tid 140321569277632] [remote 10.0.0.115:51042] 2026-09-11 00:45:40.774 12 WARNING keystone.common.password_hashing [None req-5501abc5-94dd-480c-9eb0-a3b22cd6b817 - - - - - -] Truncating password to algorithm specific maximum length 72 characters.
[Fri Sep 11 00:45:41.071486 2026] [wsgi:error] [pid 12:tid 140321569277632] [remote 10.0.0.115:51042] 2026-09-11 00:45:41.071 12 WARNING keystone.common.fernet_utils [None req-5501abc5-94dd-480c-9eb0-a3b22cd6b817 - - - - - -] key_repository is world readable: /etc/keystone/fernet-keys/ 10.0.0.115 - - [11/Sep/2026:00:45:40 +0000] "POST /v3/auth/tokens HTTP/1.1" 201 1359 10.0.0.115 - - [11/Sep/2026:00:45:41 +0000] "POST /v3/services HTTP/1.1" 201 296 10.0.0.242 - - [11/Sep/2026:00:45:53 +0000] "GET / HTTP/1.1" 300 295
[Fri Sep 11 00:45:53.448547 2026] [wsgi:error] [pid 9:tid 140321569277632] [remote 10.0.0.242:55386] 2026-09-11 00:45:53.448 9 WARNING keystone.common.password_hashing [None req-44297f0b-4a71-49d5-90aa-703a57232cec - - - - - -] Truncating password to algorithm specific maximum length 72 characters. 10.0.0.242 - - [11/Sep/2026:00:45:53 +0000] "GET / HTTP/1.1" 300 295
[Fri Sep 11 00:45:53.539685 2026] [wsgi:error] [pid 11:tid 140321569277632] [remote 10.0.0.242:55388] 2026-09-11 00:45:53.539 11 WARNING keystone.common.password_hashing [None req-bdce3bb7-58ef-452d-84c2-7be6ecbadc25 - - - - - -] Truncating password to algorithm specific maximum length 72 characters. 10.0.0.242 - - [11/Sep/2026:00:45:53 +0000] "GET / HTTP/1.1" 300 295
[Fri Sep 11 00:45:53.627347 2026] [wsgi:error] [pid 12:tid 140321569277632] [remote 10.0.0.242:55398] 2026-09-11 00:45:53.627 12 WARNING keystone.common.password_hashing [None req-fa237414-f019-47d7-b1a6-98dc9dc671a1 - - - - - -] Truncating password to algorithm specific maximum length 72 characters.
[Fri Sep 11 00:45:53.728790 2026] [wsgi:error] [pid 9:tid 140321569277632] [remote 10.0.0.242:55386] 2026-09-11 00:45:53.728 9 WARNING keystone.common.fernet_utils [None req-44297f0b-4a71-49d5-90aa-703a57232cec - - - - - -] key_repository is world readable: /etc/keystone/fernet-keys/ 10.0.0.242 - - [11/Sep/2026:00:45:53 +0000] "POST /v3/auth/tokens HTTP/1.1" 201 1463
[Fri Sep 11 00:45:53.833615 2026] [wsgi:error] [pid 11:tid 140321569277632] [remote 10.0.0.242:55388] 2026-09-11 00:45:53.833 11 WARNING keystone.common.fernet_utils [None req-bdce3bb7-58ef-452d-84c2-7be6ecbadc25 - - - - - -] key_repository is world readable: /etc/keystone/fernet-keys/ 10.0.0.242 - - [11/Sep/2026:00:45:53 +0000] "POST /v3/auth/tokens HTTP/1.1" 201 1463 10.0.0.242 - - [11/Sep/2026:00:45:53 +0000] "GET /v3/services HTTP/1.1" 200 639
[Fri Sep 11 00:45:53.922647 2026] [wsgi:error] [pid 12:tid 140321569277632] [remote 10.0.0.242:55398] 2026-09-11 00:45:53.922 12 WARNING keystone.common.fernet_utils [None req-fa237414-f019-47d7-b1a6-98dc9dc671a1 - - - - - -] key_repository is world readable: /etc/keystone/fernet-keys/ 10.0.0.242 - - [11/Sep/2026:00:45:53 +0000] "POST /v3/auth/tokens HTTP/1.1" 201 1463 10.0.0.242 - - [11/Sep/2026:00:45:53 +0000] "GET /v3/services HTTP/1.1" 200 639 10.0.0.242 - - [11/Sep/2026:00:45:54 +0000] "GET /v3/services HTTP/1.1" 200 639 10.0.0.242 - - [11/Sep/2026:00:45:55 +0000] "GET / HTTP/1.1" 300 295
[Fri Sep 11 00:45:55.387340 2026] [wsgi:error] [pid 12:tid 140321569277632] [remote 10.0.0.242:55408] 2026-09-11 00:45:55.387 12 WARNING keystone.common.password_hashing [None req-3e6e3536-4a58-4523-9c21-0e70dcb3a41e - - - - - -] Truncating password to algorithm specific maximum length 72 characters. 10.0.0.242 - - [11/Sep/2026:00:45:55 +0000] "GET / HTTP/1.1" 300 295
[Fri Sep 11 00:45:55.443299 2026] [wsgi:error] [pid 11:tid 140321569277632] [remote 10.0.0.242:55414] 2026-09-11 00:45:55.442 11 WARNING keystone.common.password_hashing [None req-75277ddb-b434-4503-b3b3-602a69ba7bd5 - - - - - -] Truncating password to algorithm specific maximum length 72 characters. 10.0.0.242 - - [11/Sep/2026:00:45:55 +0000] "GET / HTTP/1.1" 300 295
[Fri Sep 11 00:45:55.619883 2026] [wsgi:error] [pid 9:tid 140321569277632] [remote 10.0.0.242:55418] 2026-09-11 00:45:55.619 9 WARNING keystone.common.password_hashing [None req-4e22de62-af2a-4360-93e9-7394ae33cf4c - - - - - -] Truncating password to algorithm specific maximum length 72 characters.
[Fri Sep 11 00:45:55.689963 2026] [wsgi:error] [pid 12:tid 140321569277632] [remote 10.0.0.242:55408] 2026-09-11 00:45:55.689 12 WARNING keystone.common.fernet_utils [None req-3e6e3536-4a58-4523-9c21-0e70dcb3a41e - - - - - -] key_repository is world readable: /etc/keystone/fernet-keys/ 10.0.0.242 - - [11/Sep/2026:00:45:55 +0000] "POST /v3/auth/tokens HTTP/1.1" 201 1463
[Fri Sep 11 00:45:55.769997 2026] [wsgi:error] [pid 11:tid 140321569277632] [remote 10.0.0.242:55414] 2026-09-11 00:45:55.769 11 WARNING keystone.common.fernet_utils [None req-75277ddb-b434-4503-b3b3-602a69ba7bd5 - - - - - -] key_repository is world readable: /etc/keystone/fernet-keys/ 10.0.0.242 - - [11/Sep/2026:00:45:55 +0000] "POST /v3/auth/tokens HTTP/1.1" 201 1463 10.0.0.242 - - [11/Sep/2026:00:45:55 +0000] "GET /v3/endpoints HTTP/1.1" 200 1226 10.0.0.242 - - [11/Sep/2026:00:45:55 +0000] "GET /v3/services/c954729b2b48410f97c3b3e27e2649ed HTTP/1.1" 200 233 10.0.0.242 - - [11/Sep/2026:00:45:55 +0000] "GET /v3/services/c954729b2b48410f97c3b3e27e2649ed HTTP/1.1" 200 233 10.0.0.242 - - [11/Sep/2026:00:45:55 +0000] "GET /v3/services/c954729b2b48410f97c3b3e27e2649ed HTTP/1.1" 200 233
[Fri Sep 11 00:45:55.917877 2026] [wsgi:error] [pid 9:tid 140321569277632] [remote 10.0.0.242:55418] 2026-09-11 00:45:55.917 9 WARNING keystone.common.fernet_utils [None req-4e22de62-af2a-4360-93e9-7394ae33cf4c - - - - - -] key_repository is world readable: /etc/keystone/fernet-keys/ 10.0.0.242 - - [11/Sep/2026:00:45:55 +0000] "POST /v3/auth/tokens HTTP/1.1" 201 1463 10.0.0.242 - - [11/Sep/2026:00:45:55 +0000] "GET /v3/endpoints HTTP/1.1" 200 1226 10.0.0.242 - - [11/Sep/2026:00:45:55 +0000] "GET /v3/services/c954729b2b48410f97c3b3e27e2649ed HTTP/1.1" 200 233 10.0.0.242 - - [11/Sep/2026:00:45:55 +0000] "GET /v3/services/c954729b2b48410f97c3b3e27e2649ed HTTP/1.1" 200 233 10.0.0.242 - - [11/Sep/2026:00:45:55 +0000] "GET /v3/services/c954729b2b48410f97c3b3e27e2649ed HTTP/1.1" 200 233 10.0.0.242 - - [11/Sep/2026:00:45:56 +0000] "GET /v3/endpoints HTTP/1.1" 200 1226 10.0.0.242 - - [11/Sep/2026:00:45:56 +0000] "GET /v3/services/c954729b2b48410f97c3b3e27e2649ed HTTP/1.1" 200 233 10.0.0.242 - - [11/Sep/2026:00:45:56 +0000] "GET /v3/services/c954729b2b48410f97c3b3e27e2649ed HTTP/1.1" 200 233 10.0.0.242 - - [11/Sep/2026:00:45:56 +0000] "GET /v3/services/c954729b2b48410f97c3b3e27e2649ed HTTP/1.1" 200 233 10.0.0.242 - - [11/Sep/2026:00:45:57 +0000] "GET / HTTP/1.1" 300 295
[Fri Sep 11 00:45:57.232638 2026] [wsgi:error] [pid 11:tid 140321569277632] [remote 10.0.0.242:55430] 2026-09-11 00:45:57.232 11 WARNING keystone.common.password_hashing [None req-f8497d08-dd9f-43be-9db9-25fcc3ee2513 - - - - - -] Truncating password to algorithm specific maximum length 72 characters. 10.0.0.242 - - [11/Sep/2026:00:45:57 +0000] "GET / HTTP/1.1" 300 295
[Fri Sep 11 00:45:57.394130 2026] [wsgi:error] [pid 9:tid 140321569277632] [remote 10.0.0.242:55438] 2026-09-11 00:45:57.393 9 WARNING keystone.common.password_hashing [None req-8ad45db4-4ba3-4701-a759-9f497e1d1cea - - - - - -] Truncating password to algorithm specific maximum length 72 characters. 10.0.0.242 - - [11/Sep/2026:00:45:57 +0000] "GET / HTTP/1.1" 300 295
[Fri Sep 11 00:45:57.474964 2026] [wsgi:error] [pid 10:tid 140321569277632] [remote 10.0.0.242:55442] 2026-09-11 00:45:57.474 10 WARNING keystone.common.password_hashing [None req-e47a9824-672e-410d-9df7-bcdbfddf6ee1 - - - - - -] Truncating password to algorithm specific maximum length 72 characters.
[Fri Sep 11 00:45:57.536545 2026] [wsgi:error] [pid 11:tid 140321569277632] [remote 10.0.0.242:55430] 2026-09-11 00:45:57.536 11 WARNING keystone.common.fernet_utils [None req-f8497d08-dd9f-43be-9db9-25fcc3ee2513 - - - - - -] key_repository is world readable: /etc/keystone/fernet-keys/ 10.0.0.242 - - [11/Sep/2026:00:45:57 +0000] "POST /v3/auth/tokens HTTP/1.1" 201 1463
[Fri Sep 11 00:45:57.680202 2026] [wsgi:error] [pid 9:tid 140321569277632] [remote 10.0.0.242:55438] 2026-09-11 00:45:57.679 9 WARNING keystone.common.fernet_utils [None req-8ad45db4-4ba3-4701-a759-9f497e1d1cea - - - - - -] key_repository is world readable: /etc/keystone/fernet-keys/ 10.0.0.242 - - [11/Sep/2026:00:45:57 +0000] "POST /v3/auth/tokens HTTP/1.1" 201 1463 10.0.0.242 - - [11/Sep/2026:00:45:57 +0000] "GET /v3/services/35bae6ccc7a34351a6bfd8feac2a9e27 HTTP/1.1" 200 296 10.0.0.242 - - [11/Sep/2026:00:45:57 +0000] "GET /v3/regions/RegionOne HTTP/1.1" 200 173
[Fri Sep 11 00:45:57.815151 2026] [wsgi:error] [pid 10:tid 140321569277632] [remote 10.0.0.242:55442] 2026-09-11 00:45:57.814 10 WARNING keystone.common.fernet_utils [None req-e47a9824-672e-410d-9df7-bcdbfddf6ee1 - - - - - -] key_repository is world readable: /etc/keystone/fernet-keys/ 10.0.0.242 - - [11/Sep/2026:00:45:57 +0000] "POST /v3/auth/tokens HTTP/1.1" 201 1463 10.0.0.242 - - [11/Sep/2026:00:45:57 +0000] "GET /v3/services/35bae6ccc7a34351a6bfd8feac2a9e27 HTTP/1.1" 200 296 10.0.0.242 - - [11/Sep/2026:00:45:57 +0000] "GET /v3/regions/RegionOne HTTP/1.1" 200 173 10.0.0.242 - - [11/Sep/2026:00:45:57 +0000] "POST /v3/endpoints HTTP/1.1" 201 380 10.0.0.242 - - [11/Sep/2026:00:45:57 +0000] "GET /v3/services/35bae6ccc7a34351a6bfd8feac2a9e27 HTTP/1.1" 200 296 10.0.0.242 - - [11/Sep/2026:00:45:57 +0000] "GET /v3/regions/RegionOne HTTP/1.1" 200 173 10.0.0.242 - - [11/Sep/2026:00:45:57 +0000] "POST /v3/endpoints HTTP/1.1" 201 383 10.0.0.242 - - [11/Sep/2026:00:45:58 +0000] "POST /v3/endpoints HTTP/1.1" 201 369 10.0.0.242 - - [11/Sep/2026:00:45:59 +0000] "GET / HTTP/1.1" 300 295
[Fri Sep 11 00:45:59.302024 2026] [wsgi:error] [pid 11:tid 140321569277632] [remote 10.0.0.242:55446] 2026-09-11 00:45:59.301 11 WARNING keystone.common.password_hashing [None req-4c16e6cb-8824-40e7-971e-a9d4ebea0d56 - - - - - -] Truncating password to algorithm specific maximum length 72 characters. 10.0.0.242 - - [11/Sep/2026:00:45:59 +0000] "GET / HTTP/1.1" 300 295
[Fri Sep 11 00:45:59.418441 2026] [wsgi:error] [pid 9:tid 140321569277632] [remote 10.0.0.242:55458] 2026-09-11 00:45:59.418 9 WARNING keystone.common.password_hashing [None req-11330153-9a59-4411-af8a-44a56829c8c6 - - - - - -] Truncating password to algorithm specific maximum length 72 characters. 10.0.0.242 - - [11/Sep/2026:00:45:59 +0000] "GET / HTTP/1.1" 300 295
[Fri Sep 11 00:45:59.446223 2026] [wsgi:error] [pid 10:tid 140321569277632] [remote 10.0.0.242:55466] 2026-09-11 00:45:59.445 10 WARNING keystone.common.password_hashing [None req-332ec003-629d-4957-aec1-da0040e74867 - - - - - -] Truncating password to algorithm specific maximum length 72 characters.
[Fri Sep 11 00:45:59.577061 2026] [wsgi:error] [pid 11:tid 140321569277632] [remote 10.0.0.242:55446] 2026-09-11 00:45:59.576 11 WARNING keystone.common.fernet_utils [None req-4c16e6cb-8824-40e7-971e-a9d4ebea0d56 - - - - - -] key_repository is world readable: /etc/keystone/fernet-keys/ 10.0.0.242 - - [11/Sep/2026:00:45:59 +0000] "POST /v3/auth/tokens HTTP/1.1" 201 1990
[Fri Sep 11 00:45:59.715384 2026] [wsgi:error] [pid 9:tid 140321569277632] [remote 10.0.0.242:55458] 2026-09-11 00:45:59.715 9 WARNING keystone.common.fernet_utils [None req-11330153-9a59-4411-af8a-44a56829c8c6 - - - - - -] key_repository is world readable: /etc/keystone/fernet-keys/ 10.0.0.242 - - [11/Sep/2026:00:45:59 +0000] "POST /v3/auth/tokens HTTP/1.1" 201 1990
[Fri Sep 11 00:45:59.739631 2026] [wsgi:error] [pid 10:tid 140321569277632] [remote 10.0.0.242:55466] 2026-09-11 00:45:59.739 10 WARNING keystone.common.fernet_utils [None req-332ec003-629d-4957-aec1-da0040e74867 - - - - - -] key_repository is world readable: /etc/keystone/fernet-keys/ 10.0.0.242 - - [11/Sep/2026:00:45:59 +0000] "GET /v3/endpoints/ab332507bc8e40fd8602e04c301dde6e HTTP/1.1" 200 380 10.0.0.242 - - [11/Sep/2026:00:45:59 +0000] "POST /v3/auth/tokens HTTP/1.1" 201 1990 10.0.0.242 - - [11/Sep/2026:00:45:59 +0000] "GET /v3/services/35bae6ccc7a34351a6bfd8feac2a9e27 HTTP/1.1" 200 296 10.0.0.242 - - [11/Sep/2026:00:45:59 +0000] "GET /v3/endpoints/02fa2affbd9246fba23230a0fc625d33 HTTP/1.1" 200 369 10.0.0.242 - - [11/Sep/2026:00:45:59 +0000] "GET /v3/endpoints/2b1df8abcb5c434ab21e3cb43145ef09 HTTP/1.1" 200 383 10.0.0.242 - - [11/Sep/2026:00:45:59 +0000] "GET /v3/services/35bae6ccc7a34351a6bfd8feac2a9e27 HTTP/1.1" 200 296 10.0.0.242 - - [11/Sep/2026:00:45:59 +0000] "GET /v3/services/35bae6ccc7a34351a6bfd8feac2a9e27 HTTP/1.1" 200 296 10.0.0.136 - - [11/Sep/2026:00:46:04 +0000] "GET /v3/ HTTP/1.1" 200 249 10.0.0.136 - - [11/Sep/2026:00:46:04 +0000] "GET /v3/ HTTP/1.1" 200 249 10.0.0.77 - - [11/Sep/2026:00:46:10 +0000] "GET / HTTP/1.1" 300 295
[Fri Sep 11 00:46:10.578964 2026] [wsgi:error] [pid 11:tid 140321569277632] [remote 10.0.0.77:43652] 2026-09-11 00:46:10.578 11 WARNING keystone.common.password_hashing [None req-f3340512-01bb-427b-81ff-fbdcbcfd7f36 - - - - - -] Truncating password to algorithm specific maximum length 72 characters.
[Fri Sep 11 00:46:10.874722 2026] [wsgi:error] [pid 11:tid 140321569277632] [remote 10.0.0.77:43652] 2026-09-11 00:46:10.874 11 WARNING keystone.common.fernet_utils [None req-f3340512-01bb-427b-81ff-fbdcbcfd7f36 - - - - - -] key_repository is world readable: /etc/keystone/fernet-keys/ 10.0.0.77 - - [11/Sep/2026:00:46:10 +0000] "POST /v3/auth/tokens HTTP/1.1" 201 1990 10.0.0.77 - - [11/Sep/2026:00:46:10 +0000] "POST /v3/domains HTTP/1.1" 201 284 10.0.0.77 - - [11/Sep/2026:00:46:12 +0000] "GET / HTTP/1.1" 300 295
[Fri Sep 11 00:46:12.643379 2026] [wsgi:error] [pid 10:tid 140321569277632] [remote 10.0.0.77:43654] 2026-09-11 00:46:12.643 10 WARNING keystone.common.password_hashing [None req-d762075b-53c1-4c07-9145-65a8af30f751 - - - - - -] Truncating password to algorithm specific maximum length 72 characters.
[Fri Sep 11 00:46:12.922865 2026] [wsgi:error] [pid 10:tid 140321569277632] [remote 10.0.0.77:43654] 2026-09-11 00:46:12.922 10 WARNING keystone.common.fernet_utils [None req-d762075b-53c1-4c07-9145-65a8af30f751 - - - - - -] key_repository is world readable: /etc/keystone/fernet-keys/ 10.0.0.77 - - [11/Sep/2026:00:46:12 +0000] "POST /v3/auth/tokens HTTP/1.1" 201 1990
[Fri Sep 11 00:46:13.150943 2026] [wsgi:error] [pid 11:tid 140321569277632] [remote 10.0.0.77:43654] 2026-09-11 00:46:13.120 11 ERROR keystone.server.flask.application [None req-e132bbb3-3468-4e03-818b-9188d072ad60 d2277c41a4964a4a8edc89f72b7ec70c be94054c18c54ed0af06fbe962b73d06 - - default default] Conflict occurred attempting to store project - it is not permitted to have two projects acting as domains with the same name: service.: keystone.exception.Conflict: Conflict occurred attempting to store project - it is not permitted to have two projects acting as domains with the same name: service.
[Fri Sep 11 00:46:13.150989 2026] [wsgi:error] [pid 11:tid 140321569277632] [remote 10.0.0.77:43654] 2026-09-11 00:46:13.120 11 ERROR keystone.server.flask.application
Traceback (most recent call last):
[Fri Sep 11 00:46:13.150994 2026] [wsgi:error] [pid 11:tid 140321569277632] [remote 10.0.0.77:43654] 2026-09-11 00:46:13.120 11 ERROR keystone.server.flask.application
File "/var/lib/openstack/lib/python3.12/site-packages/sqlalchemy/engine/base.py", line 1969, in _exec_single_context
[Fri Sep 11 00:46:13.150998 2026] [wsgi:error] [pid 11:tid 140321569277632] [remote 10.0.0.77:43654] 2026-09-11 00:46:13.120 11 ERROR keystone.server.flask.application self.dialect.do_execute(
[Fri Sep 11 00:46:13.151001 2026] [wsgi:error] [pid 11:tid 140321569277632] [remote 10.0.0.77:43654] 2026-09-11 00:46:13.120 11 ERROR keystone.server.flask.application
File "/var/lib/openstack/lib/python3.12/site-packages/sqlalchemy/engine/default.py", line 952, in do_execute
[Fri Sep 11 00:46:13.151005 2026] [wsgi:error] [pid 11:tid 140321569277632] [remote 10.0.0.77:43654] 2026-09-11 00:46:13.120 11 ERROR keystone.server.flask.application cursor.execute(statement, parameters)
[Fri Sep 11 00:46:13.151009 2026] [wsgi:error] [pid 11:tid 140321569277632] [remote 10.0.0.77:43654] 2026-09-11 00:46:13.120 11 ERROR keystone.server.flask.application
File "/var/lib/openstack/lib/python3.12/site-packages/pymysql/cursors.py", line 159, in execute
[Fri Sep 11 00:46:13.151012 2026] [wsgi:error] [pid 11:tid 140321569277632] [remote 10.0.0.77:43654] 2026-09-11 00:46:13.120 11 ERROR keystone.server.flask.application result = self._query(query)
[Fri Sep 11 00:46:13.151015 2026] [wsgi:error] [pid 11:tid 140321569277632] [remote 10.0.0.77:43654] 2026-09-11 00:46:13.120 11 ERROR keystone.server.flask.application ^^^^^^^^^^^^^^^^^^
[Fri Sep 11 00:46:13.151018 2026] [wsgi:error] [pid 11:tid 140321569277632] [remote 10.0.0.77:43654] 2026-09-11 00:46:13.120 11 ERROR keystone.server.flask.application
File "/var/lib/openstack/lib/python3.12/site-packages/pymysql/cursors.py", line 330, in _query
[Fri Sep 11 00:46:13.151022 2026] [wsgi:error] [pid 11:tid 140321569277632] [remote 10.0.0.77:43654] 2026-09-11 00:46:13.120 11 ERROR keystone.server.flask.application conn.query(q)
[Fri Sep 11 00:46:13.151025 2026] [wsgi:error] [pid 11:tid 140321569277632] [remote 10.0.0.77:43654] 2026-09-11 00:46:13.120 11 ERROR keystone.server.flask.application
File "/var/lib/openstack/lib/python3.12/site-packages/pymysql/connections.py", line 582, in query
[Fri Sep 11 00:46:13.151028 2026] [wsgi:error] [pid 11:tid 140321569277632] [remote 10.0.0.77:43654] 2026-09-11 00:46:13.120 11 ERROR keystone.server.flask.application self._affected_rows = self._read_query_result(unbuffered=unbuffered)
[Fri Sep 11 00:46:13.151032 2026] [wsgi:error] [pid 11:tid 140321569277632] [remote 10.0.0.77:43654] 2026-09-11 00:46:13.120 11 ERROR keystone.server.flask.application ^^^^^^^^^^^^^^^^^^^^^^^^^^^^^^^^^^^^^^^^^^^^^^
[Fri Sep 11 00:46:13.151036 2026] [wsgi:error] [pid 11:tid 140321569277632] [remote 10.0.0.77:43654] 2026-09-11 00:46:13.120 11 ERROR keystone.server.flask.application
File "/var/lib/openstack/lib/python3.12/site-packages/pymysql/connections.py", line 847, in _read_query_result
[Fri Sep 11 00:46:13.151039 2026] [wsgi:error] [pid 11:tid 140321569277632] [remote 10.0.0.77:43654] 2026-09-11 00:46:13.120 11 ERROR keystone.server.flask.application result.read()
[Fri Sep 11 00:46:13.151045 2026] [wsgi:error] [pid 11:tid 140321569277632] [remote 10.0.0.77:43654] 2026-09-11 00:46:13.120 11 ERROR keystone.server.flask.application
File "/var/lib/openstack/lib/python3.12/site-packages/pymysql/connections.py", line 1245, in read
[Fri Sep 11 00:46:13.151048 2026] [wsgi:error] [pid 11:tid 140321569277632] [remote 10.0.0.77:43654] 2026-09-11 00:46:13.120 11 ERROR keystone.server.flask.application first_packet = self.connection._read_packet()
[Fri Sep 11 00:46:13.151051 2026] [wsgi:error] [pid 11:tid 140321569277632] [remote 10.0.0.77:43654] 2026-09-11 00:46:13.120 11 ERROR keystone.server.flask.application ^^^^^^^^^^^^^^^^^^^^^^^^^^^^^^
[Fri Sep 11 00:46:13.151054 2026] [wsgi:error] [pid 11:tid 140321569277632] [remote 10.0.0.77:43654] 2026-09-11 00:46:13.120 11 ERROR keystone.server.flask.application
File "/var/lib/openstack/lib/python3.12/site-packages/pymysql/connections.py", line 803, in _read_packet
[Fri Sep 11 00:46:13.151058 2026] [wsgi:error] [pid 11:tid 140321569277632] [remote 10.0.0.77:43654] 2026-09-11 00:46:13.120 11 ERROR keystone.server.flask.application packet.raise_for_error()
[Fri Sep 11 00:46:13.151061 2026] [wsgi:error] [pid 11:tid 140321569277632] [remote 10.0.0.77:43654] 2026-09-11 00:46:13.120 11 ERROR keystone.server.flask.application
File "/var/lib/openstack/lib/python3.12/site-packages/pymysql/protocol.py", line 219, in raise_for_error
[Fri Sep 11 00:46:13.151064 2026] [wsgi:error] [pid 11:tid 140321569277632] [remote 10.0.0.77:43654] 2026-09-11 00:46:13.120 11 ERROR keystone.server.flask.application err.raise_mysql_exception(self._data)
[Fri Sep 11 00:46:13.151067 2026] [wsgi:error] [pid 11:tid 140321569277632] [remote 10.0.0.77:43654] 2026-09-11 00:46:13.120 11 ERROR keystone.server.flask.application
File "/var/lib/openstack/lib/python3.12/site-packages/pymysql/err.py", line 154, in raise_mysql_exception
[Fri Sep 11 00:46:13.151071 2026] [wsgi:error] [pid 11:tid 140321569277632] [remote 10.0.0.77:43654] 2026-09-11 00:46:13.120 11 ERROR keystone.server.flask.application raise errorclass(errno, errval, sqlstate=sqlstate)
[Fri Sep 11 00:46:13.151074 2026] [wsgi:error] [pid 11:tid 140321569277632] [remote 10.0.0.77:43654] 2026-09-11 00:46:13.120 11 ERROR keystone.server.flask.application pymysql.err.IntegrityError: (1062, "Duplicate entry '<>-service' for key 'project.ixu_project_name_domain_id'")
[Fri Sep 11 00:46:13.151091 2026] [wsgi:error] [pid 11:tid 140321569277632] [remote 10.0.0.77:43654] 2026-09-11 00:46:13.120 11 ERROR keystone.server.flask.application
[Fri Sep 11 00:46:13.151095 2026] [wsgi:error] [pid 11:tid 140321569277632] [remote 10.0.0.77:43654] 2026-09-11 00:46:13.120 11 ERROR keystone.server.flask.application The above exception was the direct cause of the following exception:
[Fri Sep 11 00:46:13.151098 2026] [wsgi:error] [pid 11:tid 140321569277632] [remote 10.0.0.77:43654] 2026-09-11 00:46:13.120 11 ERROR keystone.server.flask.application
[Fri Sep 11 00:46:13.151102 2026] [wsgi:error] [pid 11:tid 140321569277632] [remote 10.0.0.77:43654] 2026-09-11 00:46:13.120 11 ERROR keystone.server.flask.application
Traceback (most recent call last):
[Fri Sep 11 00:46:13.151105 2026] [wsgi:error] [pid 11:tid 140321569277632] [remote 10.0.0.77:43654] 2026-09-11 00:46:13.120 11 ERROR keystone.server.flask.application
File "/var/lib/openstack/lib/python3.12/site-packages/keystone/common/sql/core.py", line 575, in wrapper
[Fri Sep 11 00:46:13.151108 2026] [wsgi:error] [pid 11:tid 140321569277632] [remote 10.0.0.77:43654] 2026-09-11 00:46:13.120 11 ERROR keystone.server.flask.application return method(*args, **kwargs)
[Fri Sep 11 00:46:13.151112 2026] [wsgi:error] [pid 11:tid 140321569277632] [remote 10.0.0.77:43654] 2026-09-11 00:46:13.120 11 ERROR keystone.server.flask.application ^^^^^^^^^^^^^^^^^^^^^^^
[Fri Sep 11 00:46:13.151115 2026] [wsgi:error] [pid 11:tid 140321569277632] [remote 10.0.0.77:43654] 2026-09-11 00:46:13.120 11 ERROR keystone.server.flask.application
File "/var/lib/openstack/lib/python3.12/site-packages/keystone/resource/backends/sql.py", line 278, in create_project
[Fri Sep 11 00:46:13.151119 2026] [wsgi:error] [pid 11:tid 140321569277632] [remote 10.0.0.77:43654] 2026-09-11 00:46:13.120 11 ERROR keystone.server.flask.application with sql.session_for_write() as session:
[Fri Sep 11 00:46:13.151122 2026] [wsgi:error] [pid 11:tid 140321569277632] [remote 10.0.0.77:43654] 2026-09-11 00:46:13.120 11 ERROR keystone.server.flask.application
File "/usr/lib/python3.12/contextlib.py", line 144, in __exit__
[Fri Sep 11 00:46:13.151126 2026] [wsgi:error] [pid 11:tid 140321569277632] [remote 10.0.0.77:43654] 2026-09-11 00:46:13.120 11 ERROR keystone.server.flask.application next(self.gen)
[Fri Sep 11 00:46:13.151129 2026] [wsgi:error] [pid 11:tid 140321569277632] [remote 10.0.0.77:43654] 2026-09-11 00:46:13.120 11 ERROR keystone.server.flask.application
File "/var/lib/openstack/lib/python3.12/site-packages/oslo_db/sqlalchemy/enginefacade.py", line 1175, in _transaction_scope
[Fri Sep 11 00:46:13.151133 2026] [wsgi:error] [pid 11:tid 140321569277632] [remote 10.0.0.77:43654] 2026-09-11 00:46:13.120 11 ERROR keystone.server.flask.application with current._produce_block(
[Fri Sep 11 00:46:13.151137 2026] [wsgi:error] [pid 11:tid 140321569277632] [remote 10.0.0.77:43654] 2026-09-11 00:46:13.120 11 ERROR keystone.server.flask.application
File "/usr/lib/python3.12/contextlib.py", line 144, in __exit__
[Fri Sep 11 00:46:13.151142 2026] [wsgi:error] [pid 11:tid 140321569277632] [remote 10.0.0.77:43654] 2026-09-11 00:46:13.120 11 ERROR keystone.server.flask.application next(self.gen)
[Fri Sep 11 00:46:13.151145 2026] [wsgi:error] [pid 11:tid 140321569277632] [remote 10.0.0.77:43654] 2026-09-11 00:46:13.120 11 ERROR keystone.server.flask.application
File "/var/lib/openstack/lib/python3.12/site-packages/oslo_db/sqlalchemy/enginefacade.py", line 837, in _session
[Fri Sep 11 00:46:13.151149 2026] [wsgi:error] [pid 11:tid 140321569277632] [remote 10.0.0.77:43654] 2026-09-11 00:46:13.120 11 ERROR keystone.server.flask.application with excutils.save_and_reraise_exception():
[Fri Sep 11 00:46:13.151154 2026] [wsgi:error] [pid 11:tid 140321569277632] [remote 10.0.0.77:43654] 2026-09-11 00:46:13.120 11 ERROR keystone.server.flask.application
File "/var/lib/openstack/lib/python3.12/site-packages/oslo_utils/excutils.py", line 266, in __exit__
[Fri Sep 11 00:46:13.151158 2026] [wsgi:error] [pid 11:tid 140321569277632] [remote 10.0.0.77:43654] 2026-09-11 00:46:13.120 11 ERROR keystone.server.flask.application self.force_reraise()
[Fri Sep 11 00:46:13.151164 2026] [wsgi:error] [pid 11:tid 140321569277632] [remote 10.0.0.77:43654] 2026-09-11 00:46:13.120 11 ERROR keystone.server.flask.application
File "/var/lib/openstack/lib/python3.12/site-packages/oslo_utils/excutils.py", line 232, in force_reraise
[Fri Sep 11 00:46:13.151168 2026] [wsgi:error] [pid 11:tid 140321569277632] [remote 10.0.0.77:43654] 2026-09-11 00:46:13.120 11 ERROR keystone.server.flask.application raise self.value
[Fri Sep 11 00:46:13.151174 2026] [wsgi:error] [pid 11:tid 140321569277632] [remote 10.0.0.77:43654] 2026-09-11 00:46:13.120 11 ERROR keystone.server.flask.application
File "/var/lib/openstack/lib/python3.12/site-packages/oslo_db/sqlalchemy/enginefacade.py", line 835, in _session
[Fri Sep 11 00:46:13.151178 2026] [wsgi:error] [pid 11:tid 140321569277632] [remote 10.0.0.77:43654] 2026-09-11 00:46:13.120 11 ERROR keystone.server.flask.application self._end_session_transaction(self.session)
[Fri Sep 11 00:46:13.151181 2026] [wsgi:error] [pid 11:tid 140321569277632] [remote 10.0.0.77:43654] 2026-09-11 00:46:13.120 11 ERROR keystone.server.flask.application
File "/var/lib/openstack/lib/python3.12/site-packages/oslo_db/sqlalchemy/enginefacade.py", line 748, in _end_session_transaction
[Fri Sep 11 00:46:13.151185 2026] [wsgi:error] [pid 11:tid 140321569277632] [remote 10.0.0.77:43654] 2026-09-11 00:46:13.120 11 ERROR keystone.server.flask.application session.commit()
[Fri Sep 11 00:46:13.151190 2026] [wsgi:error] [pid 11:tid 140321569277632] [remote 10.0.0.77:43654] 2026-09-11 00:46:13.120 11 ERROR keystone.server.flask.application
File "/var/lib/openstack/lib/python3.12/site-packages/sqlalchemy/orm/session.py", line 2034, in commit
[Fri Sep 11 00:46:13.151194 2026] [wsgi:error] [pid 11:tid 140321569277632] [remote 10.0.0.77:43654] 2026-09-11 00:46:13.120 11 ERROR keystone.server.flask.application trans.commit(_to_root=True)
[Fri Sep 11 00:46:13.151198 2026] [wsgi:error] [pid 11:tid 140321569277632] [remote 10.0.0.77:43654] 2026-09-11 00:46:13.120 11 ERROR keystone.server.flask.application File "", line 2, in commit
[Fri Sep 11 00:46:13.151203 2026] [wsgi:error] [pid 11:tid 140321569277632] [remote 10.0.0.77:43654] 2026-09-11 00:46:13.120 11 ERROR keystone.server.flask.application
File "/var/lib/openstack/lib/python3.12/site-packages/sqlalchemy/orm/state_changes.py", line 137, in _go
[Fri Sep 11 00:46:13.151207 2026] [wsgi:error] [pid 11:tid 140321569277632] [remote 10.0.0.77:43654] 2026-09-11 00:46:13.120 11 ERROR keystone.server.flask.application ret_value = fn(self, *arg, **kw)
[Fri Sep 11 00:46:13.151211 2026] [wsgi:error] [pid 11:tid 140321569277632] [remote 10.0.0.77:43654] 2026-09-11 00:46:13.120 11 ERROR keystone.server.flask.application ^^^^^^^^^^^^^^^^^^^^
[Fri Sep 11 00:46:13.151215 2026] [wsgi:error] [pid 11:tid 140321569277632] [remote 10.0.0.77:43654] 2026-09-11 00:46:13.120 11 ERROR keystone.server.flask.application
File "/var/lib/openstack/lib/python3.12/site-packages/sqlalchemy/orm/session.py", line 1315, in commit
[Fri Sep 11 00:46:13.151220 2026] [wsgi:error] [pid 11:tid 140321569277632] [remote 10.0.0.77:43654] 2026-09-11 00:46:13.120 11 ERROR keystone.server.flask.application self._prepare_impl()
[Fri Sep 11 00:46:13.151224 2026] [wsgi:error] [pid 11:tid 140321569277632] [remote 10.0.0.77:43654] 2026-09-11 00:46:13.120 11 ERROR keystone.server.flask.application File "", line 2, in _prepare_impl
[Fri Sep 11 00:46:13.151230 2026] [wsgi:error] [pid 11:tid 140321569277632] [remote 10.0.0.77:43654] 2026-09-11 00:46:13.120 11 ERROR keystone.server.flask.application
File "/var/lib/openstack/lib/python3.12/site-packages/sqlalchemy/orm/state_changes.py", line 137, in _go
[Fri Sep 11 00:46:13.151235 2026] [wsgi:error] [pid 11:tid 140321569277632] [remote 10.0.0.77:43654] 2026-09-11 00:46:13.120 11 ERROR keystone.server.flask.application ret_value = fn(self, *arg, **kw)
[Fri Sep 11 00:46:13.151240 2026] [wsgi:error] [pid 11:tid 140321569277632] [remote 10.0.0.77:43654] 2026-09-11 00:46:13.120 11 ERROR keystone.server.flask.application ^^^^^^^^^^^^^^^^^^^^
[Fri Sep 11 00:46:13.151244 2026] [wsgi:error] [pid 11:tid 140321569277632] [remote 10.0.0.77:43654] 2026-09-11 00:46:13.120 11 ERROR keystone.server.flask.application
File "/var/lib/openstack/lib/python3.12/site-packages/sqlalchemy/orm/session.py", line 1290, in _prepare_impl
[Fri Sep 11 00:46:13.151248 2026] [wsgi:error] [pid 11:tid 140321569277632] [remote 10.0.0.77:43654] 2026-09-11 00:46:13.120 11 ERROR keystone.server.flask.application self.session.flush()
[Fri Sep 11 00:46:13.151252 2026] [wsgi:error] [pid 11:tid 140321569277632] [remote 10.0.0.77:43654] 2026-09-11 00:46:13.120 11 ERROR keystone.server.flask.application
File "/var/lib/openstack/lib/python3.12/site-packages/sqlalchemy/orm/session.py", line 4352, in flush
[Fri Sep 11 00:46:13.151258 2026] [wsgi:error] [pid 11:tid 140321569277632] [remote 10.0.0.77:43654] 2026-09-11 00:46:13.120 11 ERROR keystone.server.flask.application self._flush(objects)
[Fri Sep 11 00:46:13.151262 2026] [wsgi:error] [pid 11:tid 140321569277632] [remote 10.0.0.77:43654] 2026-09-11 00:46:13.120 11 ERROR keystone.server.flask.application
File "/var/lib/openstack/lib/python3.12/site-packages/sqlalchemy/orm/session.py", line 4487, in _flush
[Fri Sep 11 00:46:13.151266 2026] [wsgi:error] [pid 11:tid 140321569277632] [remote 10.0.0.77:43654] 2026-09-11 00:46:13.120 11 ERROR keystone.server.flask.application with util.safe_reraise():
[Fri Sep 11 00:46:13.151271 2026] [wsgi:error] [pid 11:tid 140321569277632] [remote 10.0.0.77:43654] 2026-09-11 00:46:13.120 11 ERROR keystone.server.flask.application
File "/var/lib/openstack/lib/python3.12/site-packages/sqlalchemy/util/langhelpers.py", line 122, in __exit__
[Fri Sep 11 00:46:13.151275 2026] [wsgi:error] [pid 11:tid 140321569277632] [remote 10.0.0.77:43654] 2026-09-11 00:46:13.120 11 ERROR keystone.server.flask.application raise exc_value.with_traceback(exc_tb)
[Fri Sep 11 00:46:13.151280 2026] [wsgi:error] [pid 11:tid 140321569277632] [remote 10.0.0.77:43654] 2026-09-11 00:46:13.120 11 ERROR keystone.server.flask.application
File "/var/lib/openstack/lib/python3.12/site-packages/sqlalchemy/orm/session.py", line 4448, in _flush
[Fri Sep 11 00:46:13.151285 2026] [wsgi:error] [pid 11:tid 140321569277632] [remote 10.0.0.77:43654] 2026-09-11 00:46:13.120 11 ERROR keystone.server.flask.application flush_context.execute()
[Fri Sep 11 00:46:13.151289 2026] [wsgi:error] [pid 11:tid 140321569277632] [remote 10.0.0.77:43654] 2026-09-11 00:46:13.120 11 ERROR keystone.server.flask.application
