Feb 17 17:59:44.630125 np0000156077 neutron-periodic-workers[105435]: DEBUG cotyledon.oslo_config_glue [-] ml2.tenant_network_types = ['geneve'] {{(pid=105435) log_opt_values /opt/stack/data/venv/lib/python3.12/site-packages/oslo_config/cfg.py:2824}}
Feb 17 17:59:44.630125 np0000156077 neutron-periodic-workers[105435]: DEBUG cotyledon.oslo_config_glue [-] ml2.tunnelled_network_rp_name = rp_tunnelled {{(pid=105435) log_opt_values /opt/stack/data/venv/lib/python3.12/site-packages/oslo_config/cfg.py:2824}}
Feb 17 17:59:44.630125 np0000156077 neutron-periodic-workers[105435]: DEBUG cotyledon.oslo_config_glue [-] ml2.type_drivers = ['local', 'flat', 'vlan', 'geneve'] {{(pid=105435) log_opt_values /opt/stack/data/venv/lib/python3.12/site-packages/oslo_config/cfg.py:2824}}
Feb 17 17:59:44.630125 np0000156077 neutron-periodic-workers[105435]: DEBUG cotyledon.oslo_config_glue [-] ml2_type_flat.flat_networks = ['public'] {{(pid=105435) log_opt_values /opt/stack/data/venv/lib/python3.12/site-packages/oslo_config/cfg.py:2824}}
Feb 17 17:59:44.630125 np0000156077 neutron-periodic-workers[105435]: DEBUG cotyledon.oslo_config_glue [-] ml2_type_geneve.max_header_size = 38 {{(pid=105435) log_opt_values /opt/stack/data/venv/lib/python3.12/site-packages/oslo_config/cfg.py:2824}}
Feb 17 17:59:44.630364 np0000156077 neutron-periodic-workers[105435]: DEBUG cotyledon.oslo_config_glue [-] ml2_type_geneve.vni_ranges = ['1:65536'] {{(pid=105435) log_opt_values /opt/stack/data/venv/lib/python3.12/site-packages/oslo_config/cfg.py:2824}}
Feb 17 17:59:44.630364 np0000156077 neutron-periodic-workers[105435]: DEBUG cotyledon.oslo_config_glue [-] ml2_type_vlan.network_vlan_ranges = ['public'] {{(pid=105435) log_opt_values /opt/stack/data/venv/lib/python3.12/site-packages/oslo_config/cfg.py:2824}}
Feb 17 17:59:44.630364 np0000156077 neutron-periodic-workers[105435]: DEBUG cotyledon.oslo_config_glue [-] network_log.burst_limit = 25 {{(pid=105435) log_opt_values /opt/stack/data/venv/lib/python3.12/site-packages/oslo_config/cfg.py:2824}}
Feb 17 17:59:44.630364 np0000156077 neutron-periodic-workers[105435]: DEBUG cotyledon.oslo_config_glue [-] network_log.local_output_log_base = None {{(pid=105435) log_opt_values /opt/stack/data/venv/lib/python3.12/site-packages/oslo_config/cfg.py:2824}}
Feb 17 17:59:44.630364 np0000156077 neutron-periodic-workers[105435]: DEBUG cotyledon.oslo_config_glue [-] network_log.rate_limit = 100 {{(pid=105435) log_opt_values /opt/stack/data/venv/lib/python3.12/site-packages/oslo_config/cfg.py:2824}}
Feb 17 17:59:44.630364 np0000156077 neutron-periodic-workers[105435]: DEBUG cotyledon.oslo_config_glue [-] database.asyncio_connection = **** {{(pid=105435) log_opt_values /opt/stack/data/venv/lib/python3.12/site-packages/oslo_config/cfg.py:2824}}
Feb 17 17:59:44.630364 np0000156077 neutron-periodic-workers[105435]: DEBUG cotyledon.oslo_config_glue [-] database.asyncio_slave_connection = **** {{(pid=105435) log_opt_values /opt/stack/data/venv/lib/python3.12/site-packages/oslo_config/cfg.py:2824}}
Feb 17 17:59:44.630364 np0000156077 neutron-periodic-workers[105435]: DEBUG cotyledon.oslo_config_glue [-] database.backend = sqlalchemy {{(pid=105435) log_opt_values /opt/stack/data/venv/lib/python3.12/site-packages/oslo_config/cfg.py:2824}}
Feb 17 17:59:44.630364 np0000156077 neutron-periodic-workers[105435]: DEBUG cotyledon.oslo_config_glue [-] database.connection = **** {{(pid=105435) log_opt_values /opt/stack/data/venv/lib/python3.12/site-packages/oslo_config/cfg.py:2824}}
Feb 17 17:59:44.630627 np0000156077 neutron-periodic-workers[105435]: DEBUG cotyledon.oslo_config_glue [-] database.connection_debug = 0 {{(pid=105435) log_opt_values /opt/stack/data/venv/lib/python3.12/site-packages/oslo_config/cfg.py:2824}}
Feb 17 17:59:44.630627 np0000156077 neutron-periodic-workers[105435]: DEBUG cotyledon.oslo_config_glue [-] database.connection_parameters = {{(pid=105435) log_opt_values /opt/stack/data/venv/lib/python3.12/site-packages/oslo_config/cfg.py:2824}}
Feb 17 17:59:44.630627 np0000156077 neutron-periodic-workers[105435]: DEBUG cotyledon.oslo_config_glue [-] database.connection_recycle_time = 3600 {{(pid=105435) log_opt_values /opt/stack/data/venv/lib/python3.12/site-packages/oslo_config/cfg.py:2824}}
Feb 17 17:59:44.630627 np0000156077 neutron-periodic-workers[105435]: DEBUG cotyledon.oslo_config_glue [-] database.connection_trace = False {{(pid=105435) log_opt_values /opt/stack/data/venv/lib/python3.12/site-packages/oslo_config/cfg.py:2824}}
Feb 17 17:59:44.630627 np0000156077 neutron-periodic-workers[105435]: DEBUG cotyledon.oslo_config_glue [-] database.db_inc_retry_interval = True {{(pid=105435) log_opt_values /opt/stack/data/venv/lib/python3.12/site-packages/oslo_config/cfg.py:2824}}
Feb 17 17:59:44.630627 np0000156077 neutron-periodic-workers[105435]: DEBUG cotyledon.oslo_config_glue [-] database.db_max_retries = 20 {{(pid=105435) log_opt_values /opt/stack/data/venv/lib/python3.12/site-packages/oslo_config/cfg.py:2824}}
Feb 17 17:59:44.630627 np0000156077 neutron-periodic-workers[105435]: DEBUG cotyledon.oslo_config_glue [-] database.db_max_retry_interval = 10 {{(pid=105435) log_opt_values /opt/stack/data/venv/lib/python3.12/site-packages/oslo_config/cfg.py:2824}}
Feb 17 17:59:44.630627 np0000156077 neutron-periodic-workers[105435]: DEBUG cotyledon.oslo_config_glue [-] database.db_retry_interval = 1 {{(pid=105435) log_opt_values /opt/stack/data/venv/lib/python3.12/site-packages/oslo_config/cfg.py:2824}}
Feb 17 17:59:44.630627 np0000156077 neutron-periodic-workers[105435]: DEBUG cotyledon.oslo_config_glue [-] database.max_overflow = 50 {{(pid=105435) log_opt_values /opt/stack/data/venv/lib/python3.12/site-packages/oslo_config/cfg.py:2824}}
Feb 17 17:59:44.630909 np0000156077 neutron-periodic-workers[105435]: DEBUG cotyledon.oslo_config_glue [-] database.max_pool_size = 5 {{(pid=105435) log_opt_values /opt/stack/data/venv/lib/python3.12/site-packages/oslo_config/cfg.py:2824}}
Feb 17 17:59:44.630909 np0000156077 neutron-periodic-workers[105435]: DEBUG cotyledon.oslo_config_glue [-] database.max_retries = 10 {{(pid=105435) log_opt_values /opt/stack/data/venv/lib/python3.12/site-packages/oslo_config/cfg.py:2824}}
Feb 17 17:59:44.630909 np0000156077 neutron-periodic-workers[105435]: DEBUG cotyledon.oslo_config_glue [-] database.mysql_sql_mode = TRADITIONAL {{(pid=105435) log_opt_values /opt/stack/data/venv/lib/python3.12/site-packages/oslo_config/cfg.py:2824}}
Feb 17 17:59:44.630909 np0000156077 neutron-periodic-workers[105435]: DEBUG cotyledon.oslo_config_glue [-] database.mysql_wsrep_sync_wait = None {{(pid=105435) log_opt_values /opt/stack/data/venv/lib/python3.12/site-packages/oslo_config/cfg.py:2824}}
Feb 17 17:59:44.630909 np0000156077 neutron-periodic-workers[105435]: DEBUG cotyledon.oslo_config_glue [-] database.pool_timeout = None {{(pid=105435) log_opt_values /opt/stack/data/venv/lib/python3.12/site-packages/oslo_config/cfg.py:2824}}
Feb 17 17:59:44.630909 np0000156077 neutron-periodic-workers[105435]: DEBUG cotyledon.oslo_config_glue [-] database.retry_interval = 10 {{(pid=105435) log_opt_values /opt/stack/data/venv/lib/python3.12/site-packages/oslo_config/cfg.py:2824}}
Feb 17 17:59:44.630909 np0000156077 neutron-periodic-workers[105435]: DEBUG cotyledon.oslo_config_glue [-] database.slave_connection = **** {{(pid=105435) log_opt_values /opt/stack/data/venv/lib/python3.12/site-packages/oslo_config/cfg.py:2824}}
Feb 17 17:59:44.630909 np0000156077 neutron-periodic-workers[105435]: DEBUG cotyledon.oslo_config_glue [-] database.sqlite_synchronous = True {{(pid=105435) log_opt_values /opt/stack/data/venv/lib/python3.12/site-packages/oslo_config/cfg.py:2824}}
Feb 17 17:59:44.630909 np0000156077 neutron-periodic-workers[105435]: DEBUG cotyledon.oslo_config_glue [-] database.synchronous_reader = True {{(pid=105435) log_opt_values /opt/stack/data/venv/lib/python3.12/site-packages/oslo_config/cfg.py:2824}}
Feb 17 17:59:44.631151 np0000156077 neutron-periodic-workers[105435]: DEBUG cotyledon.oslo_config_glue [-] database.use_db_reconnect = False {{(pid=105435) log_opt_values /opt/stack/data/venv/lib/python3.12/site-packages/oslo_config/cfg.py:2824}}
Feb 17 17:59:44.631151 np0000156077 neutron-periodic-workers[105435]: DEBUG cotyledon.oslo_config_glue [-] ovn.broadcast_arps_to_all_routers = True {{(pid=105435) log_opt_values /opt/stack/data/venv/lib/python3.12/site-packages/oslo_config/cfg.py:2824}}
Feb 17 17:59:44.631151 np0000156077 neutron-periodic-workers[105435]: DEBUG cotyledon.oslo_config_glue [-] ovn.dhcp_default_lease_time = 43200 {{(pid=105435) log_opt_values /opt/stack/data/venv/lib/python3.12/site-packages/oslo_config/cfg.py:2824}}
Feb 17 17:59:44.631151 np0000156077 neutron-periodic-workers[105435]: DEBUG cotyledon.oslo_config_glue [-] ovn.disable_ovn_dhcp_for_baremetal_ports = False {{(pid=105435) log_opt_values /opt/stack/data/venv/lib/python3.12/site-packages/oslo_config/cfg.py:2824}}
Feb 17 17:59:44.631151 np0000156077 neutron-periodic-workers[105435]: DEBUG cotyledon.oslo_config_glue [-] ovn.dns_records_ovn_owned = False {{(pid=105435) log_opt_values /opt/stack/data/venv/lib/python3.12/site-packages/oslo_config/cfg.py:2824}}
Feb 17 17:59:44.631151 np0000156077 neutron-periodic-workers[105435]: DEBUG cotyledon.oslo_config_glue [-] ovn.dns_servers = [] {{(pid=105435) log_opt_values /opt/stack/data/venv/lib/python3.12/site-packages/oslo_config/cfg.py:2824}}
Feb 17 17:59:44.631151 np0000156077 neutron-periodic-workers[105435]: DEBUG cotyledon.oslo_config_glue [-] ovn.enable_distributed_floating_ip = False {{(pid=105435) log_opt_values /opt/stack/data/venv/lib/python3.12/site-packages/oslo_config/cfg.py:2824}}
Feb 17 17:59:44.631151 np0000156077 neutron-periodic-workers[105435]: DEBUG cotyledon.oslo_config_glue [-] ovn.fdb_age_threshold = 0 {{(pid=105435) log_opt_values /opt/stack/data/venv/lib/python3.12/site-packages/oslo_config/cfg.py:2824}}
Feb 17 17:59:44.631151 np0000156077 neutron-periodic-workers[105435]: DEBUG cotyledon.oslo_config_glue [-] ovn.live_migration_activation_strategy = rarp {{(pid=105435) log_opt_values /opt/stack/data/venv/lib/python3.12/site-packages/oslo_config/cfg.py:2824}}
Feb 17 17:59:44.631379 np0000156077 neutron-periodic-workers[105435]: DEBUG cotyledon.oslo_config_glue [-] ovn.localnet_learn_fdb = False {{(pid=105435) log_opt_values /opt/stack/data/venv/lib/python3.12/site-packages/oslo_config/cfg.py:2824}}
Feb 17 17:59:44.631379 np0000156077 neutron-periodic-workers[105435]: DEBUG cotyledon.oslo_config_glue [-] ovn.mac_binding_age_threshold = 0 {{(pid=105435) log_opt_values /opt/stack/data/venv/lib/python3.12/site-packages/oslo_config/cfg.py:2824}}
Feb 17 17:59:44.631379 np0000156077 neutron-periodic-workers[105435]: DEBUG cotyledon.oslo_config_glue [-] ovn.neutron_sync_mode = log {{(pid=105435) log_opt_values /opt/stack/data/venv/lib/python3.12/site-packages/oslo_config/cfg.py:2824}}
Feb 17 17:59:44.631379 np0000156077 neutron-periodic-workers[105435]: DEBUG cotyledon.oslo_config_glue [-] ovn.ovn_dhcp4_global_options = {} {{(pid=105435) log_opt_values /opt/stack/data/venv/lib/python3.12/site-packages/oslo_config/cfg.py:2824}}
Feb 17 17:59:44.631379 np0000156077 neutron-periodic-workers[105435]: DEBUG cotyledon.oslo_config_glue [-] ovn.ovn_dhcp6_global_options = {} {{(pid=105435) log_opt_values /opt/stack/data/venv/lib/python3.12/site-packages/oslo_config/cfg.py:2824}}
Feb 17 17:59:44.631379 np0000156077 neutron-periodic-workers[105435]: DEBUG cotyledon.oslo_config_glue [-] ovn.ovn_l3_scheduler = leastloaded {{(pid=105435) log_opt_values /opt/stack/data/venv/lib/python3.12/site-packages/oslo_config/cfg.py:2824}}
Feb 17 17:59:44.631379 np0000156077 neutron-periodic-workers[105435]: DEBUG cotyledon.oslo_config_glue [-] ovn.ovn_metadata_enabled = True {{(pid=105435) log_opt_values /opt/stack/data/venv/lib/python3.12/site-packages/oslo_config/cfg.py:2824}}
Feb 17 17:59:44.631379 np0000156077 neutron-periodic-workers[105435]: DEBUG cotyledon.oslo_config_glue [-] ovn.ovn_nb_ca_cert = /opt/stack/data/CA/int-ca/ca-chain.pem {{(pid=105435) log_opt_values /opt/stack/data/venv/lib/python3.12/site-packages/oslo_config/cfg.py:2824}}
Feb 17 17:59:44.631379 np0000156077 neutron-periodic-workers[105435]: DEBUG cotyledon.oslo_config_glue [-] ovn.ovn_nb_certificate = /opt/stack/data/CA/int-ca/devstack-cert.crt {{(pid=105435) log_opt_values /opt/stack/data/venv/lib/python3.12/site-packages/oslo_config/cfg.py:2824}}
Feb 17 17:59:44.631595 np0000156077 neutron-periodic-workers[105435]: DEBUG cotyledon.oslo_config_glue [-] ovn.ovn_nb_connection = ['ssl:199.19.213.191:6641'] {{(pid=105435) log_opt_values /opt/stack/data/venv/lib/python3.12/site-packages/oslo_config/cfg.py:2824}}
Feb 17 17:59:44.631595 np0000156077 neutron-periodic-workers[105435]: DEBUG cotyledon.oslo_config_glue [-] ovn.ovn_nb_private_key = /opt/stack/data/CA/int-ca/private/devstack-cert.key {{(pid=105435) log_opt_values /opt/stack/data/venv/lib/python3.12/site-packages/oslo_config/cfg.py:2824}}
Feb 17 17:59:44.631595 np0000156077 neutron-periodic-workers[105435]: DEBUG cotyledon.oslo_config_glue [-] ovn.ovn_router_indirect_snat = False {{(pid=105435) log_opt_values /opt/stack/data/venv/lib/python3.12/site-packages/oslo_config/cfg.py:2824}}
Feb 17 17:59:44.631595 np0000156077 neutron-periodic-workers[105435]: DEBUG cotyledon.oslo_config_glue [-] ovn.ovn_sb_ca_cert = /opt/stack/data/CA/int-ca/ca-chain.pem {{(pid=105435) log_opt_values /opt/stack/data/venv/lib/python3.12/site-packages/oslo_config/cfg.py:2824}}
Feb 17 17:59:44.631595 np0000156077 neutron-periodic-workers[105435]: DEBUG cotyledon.oslo_config_glue [-] ovn.ovn_sb_certificate = /opt/stack/data/CA/int-ca/devstack-cert.crt {{(pid=105435) log_opt_values /opt/stack/data/venv/lib/python3.12/site-packages/oslo_config/cfg.py:2824}}
Feb 17 17:59:44.631595 np0000156077 neutron-periodic-workers[105435]: DEBUG cotyledon.oslo_config_glue [-] ovn.ovn_sb_connection = ['ssl:199.19.213.191:6642'] {{(pid=105435) log_opt_values /opt/stack/data/venv/lib/python3.12/site-packages/oslo_config/cfg.py:2824}}
Feb 17 17:59:44.631595 np0000156077 neutron-periodic-workers[105435]: DEBUG cotyledon.oslo_config_glue [-] ovn.ovn_sb_private_key = /opt/stack/data/CA/int-ca/private/devstack-cert.key {{(pid=105435) log_opt_values /opt/stack/data/venv/lib/python3.12/site-packages/oslo_config/cfg.py:2824}}
Feb 17 17:59:44.631595 np0000156077 neutron-periodic-workers[105435]: DEBUG cotyledon.oslo_config_glue [-] ovn.ovs_create_tap = False {{(pid=105435) log_opt_values /opt/stack/data/venv/lib/python3.12/site-packages/oslo_config/cfg.py:2824}}
Feb 17 17:59:44.631829 np0000156077 neutron-periodic-workers[105435]: DEBUG cotyledon.oslo_config_glue [-] ovn.ovsdb_connection_timeout = 180 {{(pid=105435) log_opt_values /opt/stack/data/venv/lib/python3.12/site-packages/oslo_config/cfg.py:2824}}
Feb 17 17:59:44.631829 np0000156077 neutron-periodic-workers[105435]: DEBUG cotyledon.oslo_config_glue [-] ovn.ovsdb_log_level = INFO {{(pid=105435) log_opt_values /opt/stack/data/venv/lib/python3.12/site-packages/oslo_config/cfg.py:2824}}
Feb 17 17:59:44.631829 np0000156077 neutron-periodic-workers[105435]: DEBUG cotyledon.oslo_config_glue [-] ovn.ovsdb_probe_interval = 60000 {{(pid=105435) log_opt_values /opt/stack/data/venv/lib/python3.12/site-packages/oslo_config/cfg.py:2824}}
Feb 17 17:59:44.631829 np0000156077 neutron-periodic-workers[105435]: DEBUG cotyledon.oslo_config_glue [-] ovn.ovsdb_retry_max_interval = 180 {{(pid=105435) log_opt_values /opt/stack/data/venv/lib/python3.12/site-packages/oslo_config/cfg.py:2824}}
Feb 17 17:59:44.631829 np0000156077 neutron-periodic-workers[105435]: DEBUG cotyledon.oslo_config_glue [-] ovn.stateless_nat_enabled = False {{(pid=105435) log_opt_values /opt/stack/data/venv/lib/python3.12/site-packages/oslo_config/cfg.py:2824}}
Feb 17 17:59:44.631829 np0000156077 neutron-periodic-workers[105435]: DEBUG cotyledon.oslo_config_glue [-] ovn.vhost_sock_dir = /var/run/openvswitch {{(pid=105435) log_opt_values /opt/stack/data/venv/lib/python3.12/site-packages/oslo_config/cfg.py:2824}}
Feb 17 17:59:44.631829 np0000156077 neutron-periodic-workers[105435]: DEBUG cotyledon.oslo_config_glue [-] OVS.bridge_mac_table_size = 50000 {{(pid=105435) log_opt_values /opt/stack/data/venv/lib/python3.12/site-packages/oslo_config/cfg.py:2824}}
Feb 17 17:59:44.631829 np0000156077 neutron-periodic-workers[105435]: DEBUG cotyledon.oslo_config_glue [-] OVS.igmp_flood = False {{(pid=105435) log_opt_values /opt/stack/data/venv/lib/python3.12/site-packages/oslo_config/cfg.py:2824}}
Feb 17 17:59:44.631829 np0000156077 neutron-periodic-workers[105435]: DEBUG cotyledon.oslo_config_glue [-] OVS.igmp_flood_reports = True {{(pid=105435) log_opt_values /opt/stack/data/venv/lib/python3.12/site-packages/oslo_config/cfg.py:2824}}
Feb 17 17:59:44.632048 np0000156077 neutron-periodic-workers[105435]: DEBUG cotyledon.oslo_config_glue [-] OVS.igmp_flood_unregistered = False {{(pid=105435) log_opt_values /opt/stack/data/venv/lib/python3.12/site-packages/oslo_config/cfg.py:2824}}
Feb 17 17:59:44.632048 np0000156077 neutron-periodic-workers[105435]: DEBUG cotyledon.oslo_config_glue [-] OVS.igmp_snooping_enable = False {{(pid=105435) log_opt_values /opt/stack/data/venv/lib/python3.12/site-packages/oslo_config/cfg.py:2824}}
Feb 17 17:59:44.632048 np0000156077 neutron-periodic-workers[105435]: DEBUG cotyledon.oslo_config_glue [-] OVS.ovsdb_timeout = 10 {{(pid=105435) log_opt_values /opt/stack/data/venv/lib/python3.12/site-packages/oslo_config/cfg.py:2824}}
Feb 17 17:59:44.632048 np0000156077 neutron-periodic-workers[105435]: DEBUG cotyledon.oslo_config_glue [-] ovn_nb_global.fdb_removal_limit = 0 {{(pid=105435) log_opt_values /opt/stack/data/venv/lib/python3.12/site-packages/oslo_config/cfg.py:2824}}
Feb 17 17:59:44.632048 np0000156077 neutron-periodic-workers[105435]: DEBUG cotyledon.oslo_config_glue [-] ovn_nb_global.ignore_lsp_down = False {{(pid=105435) log_opt_values /opt/stack/data/venv/lib/python3.12/site-packages/oslo_config/cfg.py:2824}}
Feb 17 17:59:44.632048 np0000156077 neutron-periodic-workers[105435]: DEBUG cotyledon.oslo_config_glue [-] ovn_nb_global.mac_binding_removal_limit = 0 {{(pid=105435) log_opt_values /opt/stack/data/venv/lib/python3.12/site-packages/oslo_config/cfg.py:2824}}
Feb 17 17:59:44.632048 np0000156077 neutron-periodic-workers[105435]: DEBUG cotyledon.oslo_config_glue [-] ******************************************************************************** {{(pid=105435) log_opt_values /opt/stack/data/venv/lib/python3.12/site-packages/oslo_config/cfg.py:2828}}
Feb 17 17:59:44.632048 np0000156077 neutron-periodic-workers[105435]: DEBUG cotyledon._service_worker [-] Run service ServiceWrapper(0) [105435] {{(pid=105435) wait_forever /opt/stack/data/venv/lib/python3.12/site-packages/cotyledon/_service_worker.py:218}}
Feb 17 17:59:54.197265 np0000156077 neutron-periodic-workers[104578]: DEBUG dbcounter [-] [104578] Writing DB stats neutron:SELECT=4 {{(pid=104578) stat_writer /opt/stack/data/venv/lib/python3.12/site-packages/dbcounter.py:115}}
Feb 17 18:00:32.571894 np0000156077 neutron-periodic-workers[105397]: DEBUG oslo_db.sqlalchemy.engines [None req-fb8ab8ae-3423-4b7e-a21d-a7eab193247e None None] Parent process 104578 forked (105397) with an open database connection, which is being discarded and recreated. {{(pid=105397) checkout /opt/stack/data/venv/lib/python3.12/site-packages/oslo_db/sqlalchemy/engines.py:402}}
Feb 17 18:00:32.589338 np0000156077 neutron-periodic-workers[105397]: DEBUG dbcounter [-] [105397] Writer thread running {{(pid=105397) stat_writer /opt/stack/data/venv/lib/python3.12/site-packages/dbcounter.py:102}}
Feb 17 18:00:32.607636 np0000156077 neutron-periodic-workers[105397]: DEBUG oslo.service.backend._threading.loopingcall [None req-fb8ab8ae-3423-4b7e-a21d-a7eab193247e None None] Fixed interval looping call 'neutron.plugins.ml2.plugin.DhcpAgentSchedulerDbMixin.remove_networks_from_down_agents' sleeping for 36.95 seconds {{(pid=105397) _run_loop /opt/stack/data/venv/lib/python3.12/site-packages/oslo_service/backend/_threading/loopingcall.py:125}}
Feb 17 18:00:32.617043 np0000156077 neutron-periodic-workers[105410]: DEBUG dbcounter [-] [105410] Writer thread running {{(pid=105410) stat_writer /opt/stack/data/venv/lib/python3.12/site-packages/dbcounter.py:102}}
Feb 17 18:00:32.621064 np0000156077 neutron-periodic-workers[105410]: DEBUG neutron.db.agents_db [None req-efabbc28-4431-4376-a42b-b20dbc14c312 None None] Agent healthcheck: found 0 active agents {{(pid=105410) agent_health_check /opt/stack/neutron/neutron/db/agents_db.py:317}}
Feb 17 18:00:32.621284 np0000156077 neutron-periodic-workers[105410]: DEBUG oslo.service.backend._threading.loopingcall [None req-efabbc28-4431-4376-a42b-b20dbc14c312 None None] Fixed interval looping call 'neutron.plugins.ml2.plugin.AgentDbMixin.agent_health_check' sleeping for 36.96 seconds {{(pid=105410) _run_loop /opt/stack/data/venv/lib/python3.12/site-packages/oslo_service/backend/_threading/loopingcall.py:125}}
Feb 17 18:00:42.606337 np0000156077 neutron-periodic-workers[105397]: DEBUG dbcounter [-] [105397] Writing DB stats neutron:SELECT=3 {{(pid=105397) stat_writer /opt/stack/data/venv/lib/python3.12/site-packages/dbcounter.py:115}}
Feb 17 18:00:42.617730 np0000156077 neutron-periodic-workers[105410]: DEBUG dbcounter [-] [105410] Writing DB stats neutron:SELECT=1 {{(pid=105410) stat_writer /opt/stack/data/venv/lib/python3.12/site-packages/dbcounter.py:115}}
Feb 17 18:01:09.568087 np0000156077 neutron-periodic-workers[105397]: DEBUG oslo.service.backend._threading.loopingcall [None req-fb8ab8ae-3423-4b7e-a21d-a7eab193247e None None] Fixed interval looping call 'neutron.plugins.ml2.plugin.DhcpAgentSchedulerDbMixin.remove_networks_from_down_agents' sleeping for 36.99 seconds {{(pid=105397) _run_loop /opt/stack/data/venv/lib/python3.12/site-packages/oslo_service/backend/_threading/loopingcall.py:125}}
Feb 17 18:01:09.587049 np0000156077 neutron-periodic-workers[105410]: DEBUG neutron.db.agents_db [None req-efabbc28-4431-4376-a42b-b20dbc14c312 None None] Agent healthcheck: found 0 active agents {{(pid=105410) agent_health_check /opt/stack/neutron/neutron/db/agents_db.py:317}}
Feb 17 18:01:09.587545 np0000156077 neutron-periodic-workers[105410]: DEBUG oslo.service.backend._threading.loopingcall [None req-efabbc28-4431-4376-a42b-b20dbc14c312 None None] Fixed interval looping call 'neutron.plugins.ml2.plugin.AgentDbMixin.agent_health_check' sleeping for 36.99 seconds {{(pid=105410) _run_loop /opt/stack/data/venv/lib/python3.12/site-packages/oslo_service/backend/_threading/loopingcall.py:125}}
Feb 17 18:01:19.566700 np0000156077 neutron-periodic-workers[105397]: DEBUG dbcounter [-] [105397] Writing DB stats neutron:SELECT=3 {{(pid=105397) stat_writer /opt/stack/data/venv/lib/python3.12/site-packages/dbcounter.py:115}}
Feb 17 18:01:19.585476 np0000156077 neutron-periodic-workers[105410]: DEBUG dbcounter [-] [105410] Writing DB stats neutron:SELECT=1 {{(pid=105410) stat_writer /opt/stack/data/venv/lib/python3.12/site-packages/dbcounter.py:115}}
Feb 17 18:01:44.632449 np0000156077 neutron-periodic-workers[105423]: DEBUG dbcounter [-] [105423] Writer thread running {{(pid=105423) stat_writer /opt/stack/data/venv/lib/python3.12/site-packages/dbcounter.py:102}}
Feb 17 18:01:44.634781 np0000156077 neutron-periodic-workers[105423]: DEBUG oslo.service.backend._threading.loopingcall [None req-6397048c-abf7-415b-9f1b-e350db0f679d None None] Fixed interval looping call 'neutron.db.quota.driver_nolock.DbQuotaNoLockDriver._remove_expired_reservations' sleeping for 119.98 seconds {{(pid=105423) _run_loop /opt/stack/data/venv/lib/python3.12/site-packages/oslo_service/backend/_threading/loopingcall.py:125}}
Feb 17 18:01:46.567322 np0000156077 neutron-periodic-workers[105397]: DEBUG oslo.service.backend._threading.loopingcall [None req-fb8ab8ae-3423-4b7e-a21d-a7eab193247e None None] Fixed interval looping call 'neutron.plugins.ml2.plugin.DhcpAgentSchedulerDbMixin.remove_networks_from_down_agents' sleeping for 36.99 seconds {{(pid=105397) _run_loop /opt/stack/data/venv/lib/python3.12/site-packages/oslo_service/backend/_threading/loopingcall.py:125}}
Feb 17 18:01:46.582707 np0000156077 neutron-periodic-workers[105410]: DEBUG neutron.db.agents_db [None req-efabbc28-4431-4376-a42b-b20dbc14c312 None None] Agent healthcheck: found 0 active agents {{(pid=105410) agent_health_check /opt/stack/neutron/neutron/db/agents_db.py:317}}
Feb 17 18:01:46.583358 np0000156077 neutron-periodic-workers[105410]: DEBUG oslo.service.backend._threading.loopingcall [None req-efabbc28-4431-4376-a42b-b20dbc14c312 None None] Fixed interval looping call 'neutron.plugins.ml2.plugin.AgentDbMixin.agent_health_check' sleeping for 36.99 seconds {{(pid=105410) _run_loop /opt/stack/data/venv/lib/python3.12/site-packages/oslo_service/backend/_threading/loopingcall.py:125}}
Feb 17 18:01:54.633485 np0000156077 neutron-periodic-workers[105423]: DEBUG dbcounter [-] [105423] Writing DB stats neutron:DELETE=1 {{(pid=105423) stat_writer /opt/stack/data/venv/lib/python3.12/site-packages/dbcounter.py:115}}
Feb 17 18:01:56.566341 np0000156077 neutron-periodic-workers[105397]: DEBUG dbcounter [-] [105397] Writing DB stats neutron:SELECT=3 {{(pid=105397) stat_writer /opt/stack/data/venv/lib/python3.12/site-packages/dbcounter.py:115}}
Feb 17 18:01:56.581515 np0000156077 neutron-periodic-workers[105410]: DEBUG dbcounter [-] [105410] Writing DB stats neutron:SELECT=1 {{(pid=105410) stat_writer /opt/stack/data/venv/lib/python3.12/site-packages/dbcounter.py:115}}
Feb 17 18:02:23.567734 np0000156077 neutron-periodic-workers[105397]: DEBUG oslo.service.backend._threading.loopingcall [None req-fb8ab8ae-3423-4b7e-a21d-a7eab193247e None None] Fixed interval looping call 'neutron.plugins.ml2.plugin.DhcpAgentSchedulerDbMixin.remove_networks_from_down_agents' sleeping for 36.99 seconds {{(pid=105397) _run_loop /opt/stack/data/venv/lib/python3.12/site-packages/oslo_service/backend/_threading/loopingcall.py:125}}
Feb 17 18:02:23.578779 np0000156077 neutron-periodic-workers[105410]: DEBUG neutron.db.agents_db [None req-efabbc28-4431-4376-a42b-b20dbc14c312 None None] Agent healthcheck: found 0 active agents {{(pid=105410) agent_health_check /opt/stack/neutron/neutron/db/agents_db.py:317}}
Feb 17 18:02:23.579397 np0000156077 neutron-periodic-workers[105410]: DEBUG oslo.service.backend._threading.loopingcall [None req-efabbc28-4431-4376-a42b-b20dbc14c312 None None] Fixed interval looping call 'neutron.plugins.ml2.plugin.AgentDbMixin.agent_health_check' sleeping for 36.99 seconds {{(pid=105410) _run_loop /opt/stack/data/venv/lib/python3.12/site-packages/oslo_service/backend/_threading/loopingcall.py:125}}
Feb 17 18:02:33.566935 np0000156077 neutron-periodic-workers[105397]: DEBUG dbcounter [-] [105397] Writing DB stats neutron:SELECT=3 {{(pid=105397) stat_writer /opt/stack/data/venv/lib/python3.12/site-packages/dbcounter.py:115}}
Feb 17 18:02:33.576495 np0000156077 neutron-periodic-workers[105410]: DEBUG dbcounter [-] [105410] Writing DB stats neutron:SELECT=1 {{(pid=105410) stat_writer /opt/stack/data/venv/lib/python3.12/site-packages/dbcounter.py:115}}
Feb 17 18:03:00.568304 np0000156077 neutron-periodic-workers[105397]: DEBUG oslo.service.backend._threading.loopingcall [None req-fb8ab8ae-3423-4b7e-a21d-a7eab193247e None None] Fixed interval looping call 'neutron.plugins.ml2.plugin.DhcpAgentSchedulerDbMixin.remove_networks_from_down_agents' sleeping for 36.99 seconds {{(pid=105397) _run_loop /opt/stack/data/venv/lib/python3.12/site-packages/oslo_service/backend/_threading/loopingcall.py:125}}
Feb 17 18:03:00.572802 np0000156077 neutron-periodic-workers[105410]: DEBUG neutron.db.agents_db [None req-efabbc28-4431-4376-a42b-b20dbc14c312 None None] Agent healthcheck: found 0 active agents {{(pid=105410) agent_health_check /opt/stack/neutron/neutron/db/agents_db.py:317}}
Feb 17 18:03:00.573380 np0000156077 neutron-periodic-workers[105410]: DEBUG oslo.service.backend._threading.loopingcall [None req-efabbc28-4431-4376-a42b-b20dbc14c312 None None] Fixed interval looping call 'neutron.plugins.ml2.plugin.AgentDbMixin.agent_health_check' sleeping for 37.00 seconds {{(pid=105410) _run_loop /opt/stack/data/venv/lib/python3.12/site-packages/oslo_service/backend/_threading/loopingcall.py:125}}
Feb 17 18:03:10.567957 np0000156077 neutron-periodic-workers[105397]: DEBUG dbcounter [-] [105397] Writing DB stats neutron:SELECT=3 {{(pid=105397) stat_writer /opt/stack/data/venv/lib/python3.12/site-packages/dbcounter.py:115}}
Feb 17 18:03:10.572168 np0000156077 neutron-periodic-workers[105410]: DEBUG dbcounter [-] [105410] Writing DB stats neutron:SELECT=1 {{(pid=105410) stat_writer /opt/stack/data/venv/lib/python3.12/site-packages/dbcounter.py:115}}
Feb 17 18:03:37.569269 np0000156077 neutron-periodic-workers[105397]: DEBUG oslo.service.backend._threading.loopingcall [None req-fb8ab8ae-3423-4b7e-a21d-a7eab193247e None None] Fixed interval looping call 'neutron.plugins.ml2.plugin.DhcpAgentSchedulerDbMixin.remove_networks_from_down_agents' sleeping for 36.99 seconds {{(pid=105397) _run_loop /opt/stack/data/venv/lib/python3.12/site-packages/oslo_service/backend/_threading/loopingcall.py:125}}
Feb 17 18:03:37.577841 np0000156077 neutron-periodic-workers[105410]: DEBUG neutron.db.agents_db [None req-efabbc28-4431-4376-a42b-b20dbc14c312 None None] Agent healthcheck: found 0 active agents {{(pid=105410) agent_health_check /opt/stack/neutron/neutron/db/agents_db.py:317}}
Feb 17 18:03:37.578424 np0000156077 neutron-periodic-workers[105410]: DEBUG oslo.service.backend._threading.loopingcall [None req-efabbc28-4431-4376-a42b-b20dbc14c312 None None] Fixed interval looping call 'neutron.plugins.ml2.plugin.AgentDbMixin.agent_health_check' sleeping for 37.00 seconds {{(pid=105410) _run_loop /opt/stack/data/venv/lib/python3.12/site-packages/oslo_service/backend/_threading/loopingcall.py:125}}
Feb 17 18:03:44.619141 np0000156077 neutron-periodic-workers[105423]: DEBUG oslo.service.backend._threading.loopingcall [None req-6397048c-abf7-415b-9f1b-e350db0f679d None None] Fixed interval looping call 'neutron.db.quota.driver_nolock.DbQuotaNoLockDriver._remove_expired_reservations' sleeping for 120.00 seconds {{(pid=105423) _run_loop /opt/stack/data/venv/lib/python3.12/site-packages/oslo_service/backend/_threading/loopingcall.py:125}}
Feb 17 18:03:47.568067 np0000156077 neutron-periodic-workers[105397]: DEBUG dbcounter [-] [105397] Writing DB stats neutron:SELECT=3 {{(pid=105397) stat_writer /opt/stack/data/venv/lib/python3.12/site-packages/dbcounter.py:115}}
Feb 17 18:03:47.578885 np0000156077 neutron-periodic-workers[105410]: DEBUG dbcounter [-] [105410] Writing DB stats neutron:SELECT=1 {{(pid=105410) stat_writer /opt/stack/data/venv/lib/python3.12/site-packages/dbcounter.py:115}}
Feb 17 18:03:54.618253 np0000156077 neutron-periodic-workers[105423]: DEBUG dbcounter [-] [105423] Writing DB stats neutron:DELETE=1 {{(pid=105423) stat_writer /opt/stack/data/venv/lib/python3.12/site-packages/dbcounter.py:115}}
Feb 17 18:04:14.570097 np0000156077 neutron-periodic-workers[105397]: DEBUG oslo.service.backend._threading.loopingcall [None req-fb8ab8ae-3423-4b7e-a21d-a7eab193247e None None] Fixed interval looping call 'neutron.plugins.ml2.plugin.DhcpAgentSchedulerDbMixin.remove_networks_from_down_agents' sleeping for 36.99 seconds {{(pid=105397) _run_loop /opt/stack/data/venv/lib/python3.12/site-packages/oslo_service/backend/_threading/loopingcall.py:125}}
Feb 17 18:04:14.581957 np0000156077 neutron-periodic-workers[105410]: DEBUG neutron.db.agents_db [None req-efabbc28-4431-4376-a42b-b20dbc14c312 None None] Agent healthcheck: found 0 active agents {{(pid=105410) agent_health_check /opt/stack/neutron/neutron/db/agents_db.py:317}}
Feb 17 18:04:14.582434 np0000156077 neutron-periodic-workers[105410]: DEBUG oslo.service.backend._threading.loopingcall [None req-efabbc28-4431-4376-a42b-b20dbc14c312 None None] Fixed interval looping call 'neutron.plugins.ml2.plugin.AgentDbMixin.agent_health_check' sleeping for 37.00 seconds {{(pid=105410) _run_loop /opt/stack/data/venv/lib/python3.12/site-packages/oslo_service/backend/_threading/loopingcall.py:125}}
Feb 17 18:04:24.568252 np0000156077 neutron-periodic-workers[105397]: DEBUG dbcounter [-] [105397] Writing DB stats neutron:SELECT=3 {{(pid=105397) stat_writer /opt/stack/data/venv/lib/python3.12/site-packages/dbcounter.py:115}}
Feb 17 18:04:24.580764 np0000156077 neutron-periodic-workers[105410]: DEBUG dbcounter [-] [105410] Writing DB stats neutron:SELECT=1 {{(pid=105410) stat_writer /opt/stack/data/venv/lib/python3.12/site-packages/dbcounter.py:115}}
Feb 17 18:04:26.679194 np0000156077 neutron-periodic-workers[105435]: DEBUG dbcounter [-] [105435] Writer thread running {{(pid=105435) stat_writer /opt/stack/data/venv/lib/python3.12/site-packages/dbcounter.py:102}}
Feb 17 18:04:26.696655 np0000156077 neutron-periodic-workers[105435]: DEBUG oslo.service.backend._threading.loopingcall [None req-b18df55e-7802-4cab-ab74-4c3c18fb7e01 None None] Fixed interval looping call 'neutron.services.ovn_l3.plugin.L3_NAT_dbonly_mixin._clean_garbage' sleeping for 299.94 seconds {{(pid=105435) _run_loop /opt/stack/data/venv/lib/python3.12/site-packages/oslo_service/backend/_threading/loopingcall.py:125}}
Feb 17 18:04:36.680214 np0000156077 neutron-periodic-workers[105435]: DEBUG dbcounter [-] [105435] Writing DB stats neutron:SELECT=1 {{(pid=105435) stat_writer /opt/stack/data/venv/lib/python3.12/site-packages/dbcounter.py:115}}
Feb 17 18:04:51.569704 np0000156077 neutron-periodic-workers[105397]: DEBUG oslo.service.backend._threading.loopingcall [None req-fb8ab8ae-3423-4b7e-a21d-a7eab193247e None None] Fixed interval looping call 'neutron.plugins.ml2.plugin.DhcpAgentSchedulerDbMixin.remove_networks_from_down_agents' sleeping for 36.99 seconds {{(pid=105397) _run_loop /opt/stack/data/venv/lib/python3.12/site-packages/oslo_service/backend/_threading/loopingcall.py:125}}
Feb 17 18:04:51.587517 np0000156077 neutron-periodic-workers[105410]: DEBUG neutron.db.agents_db [None req-efabbc28-4431-4376-a42b-b20dbc14c312 None None] Agent healthcheck: found 0 active agents {{(pid=105410) agent_health_check /opt/stack/neutron/neutron/db/agents_db.py:317}}
Feb 17 18:04:51.588229 np0000156077 neutron-periodic-workers[105410]: DEBUG oslo.service.backend._threading.loopingcall [None req-efabbc28-4431-4376-a42b-b20dbc14c312 None None] Fixed interval looping call 'neutron.plugins.ml2.plugin.AgentDbMixin.agent_health_check' sleeping for 36.99 seconds {{(pid=105410) _run_loop /opt/stack/data/venv/lib/python3.12/site-packages/oslo_service/backend/_threading/loopingcall.py:125}}
Feb 17 18:05:01.568593 np0000156077 neutron-periodic-workers[105397]: DEBUG dbcounter [-] [105397] Writing DB stats neutron:SELECT=3 {{(pid=105397) stat_writer /opt/stack/data/venv/lib/python3.12/site-packages/dbcounter.py:115}}
Feb 17 18:05:01.586392 np0000156077 neutron-periodic-workers[105410]: DEBUG dbcounter [-] [105410] Writing DB stats neutron:SELECT=1 {{(pid=105410) stat_writer /opt/stack/data/venv/lib/python3.12/site-packages/dbcounter.py:115}}
Feb 17 18:05:28.570124 np0000156077 neutron-periodic-workers[105397]: DEBUG oslo.service.backend._threading.loopingcall [None req-fb8ab8ae-3423-4b7e-a21d-a7eab193247e None None] Fixed interval looping call 'neutron.plugins.ml2.plugin.DhcpAgentSchedulerDbMixin.remove_networks_from_down_agents' sleeping for 36.99 seconds {{(pid=105397) _run_loop /opt/stack/data/venv/lib/python3.12/site-packages/oslo_service/backend/_threading/loopingcall.py:125}}
Feb 17 18:05:28.585565 np0000156077 neutron-periodic-workers[105410]: DEBUG neutron.db.agents_db [None req-efabbc28-4431-4376-a42b-b20dbc14c312 None None] Agent healthcheck: found 0 active agents {{(pid=105410) agent_health_check /opt/stack/neutron/neutron/db/agents_db.py:317}}
Feb 17 18:05:28.586264 np0000156077 neutron-periodic-workers[105410]: DEBUG oslo.service.backend._threading.loopingcall [None req-efabbc28-4431-4376-a42b-b20dbc14c312 None None] Fixed interval looping call 'neutron.plugins.ml2.plugin.AgentDbMixin.agent_health_check' sleeping for 36.99 seconds {{(pid=105410) _run_loop /opt/stack/data/venv/lib/python3.12/site-packages/oslo_service/backend/_threading/loopingcall.py:125}}
Feb 17 18:05:38.569668 np0000156077 neutron-periodic-workers[105397]: DEBUG dbcounter [-] [105397] Writing DB stats neutron:SELECT=3 {{(pid=105397) stat_writer /opt/stack/data/venv/lib/python3.12/site-packages/dbcounter.py:115}}
Feb 17 18:05:38.582437 np0000156077 neutron-periodic-workers[105410]: DEBUG dbcounter [-] [105410] Writing DB stats neutron:SELECT=1 {{(pid=105410) stat_writer /opt/stack/data/venv/lib/python3.12/site-packages/dbcounter.py:115}}
Feb 17 18:05:44.624501 np0000156077 neutron-periodic-workers[105423]: DEBUG oslo.service.backend._threading.loopingcall [None req-6397048c-abf7-415b-9f1b-e350db0f679d None None] Fixed interval looping call 'neutron.db.quota.driver_nolock.DbQuotaNoLockDriver._remove_expired_reservations' sleeping for 120.00 seconds {{(pid=105423) _run_loop /opt/stack/data/venv/lib/python3.12/site-packages/oslo_service/backend/_threading/loopingcall.py:125}}
Feb 17 18:05:54.623305 np0000156077 neutron-periodic-workers[105423]: DEBUG dbcounter [-] [105423] Writing DB stats neutron:DELETE=1 {{(pid=105423) stat_writer /opt/stack/data/venv/lib/python3.12/site-packages/dbcounter.py:115}}
Feb 17 18:06:05.569825 np0000156077 neutron-periodic-workers[105397]: DEBUG oslo.service.backend._threading.loopingcall [None req-fb8ab8ae-3423-4b7e-a21d-a7eab193247e None None] Fixed interval looping call 'neutron.plugins.ml2.plugin.DhcpAgentSchedulerDbMixin.remove_networks_from_down_agents' sleeping for 36.99 seconds {{(pid=105397) _run_loop /opt/stack/data/venv/lib/python3.12/site-packages/oslo_service/backend/_threading/loopingcall.py:125}}
Feb 17 18:06:05.581455 np0000156077 neutron-periodic-workers[105410]: DEBUG neutron.db.agents_db [None req-efabbc28-4431-4376-a42b-b20dbc14c312 None None] Agent healthcheck: found 0 active agents {{(pid=105410) agent_health_check /opt/stack/neutron/neutron/db/agents_db.py:317}}
Feb 17 18:06:05.581968 np0000156077 neutron-periodic-workers[105410]: DEBUG oslo.service.backend._threading.loopingcall [None req-efabbc28-4431-4376-a42b-b20dbc14c312 None None] Fixed interval looping call 'neutron.plugins.ml2.plugin.AgentDbMixin.agent_health_check' sleeping for 36.99 seconds {{(pid=105410) _run_loop /opt/stack/data/venv/lib/python3.12/site-packages/oslo_service/backend/_threading/loopingcall.py:125}}
Feb 17 18:06:15.572923 np0000156077 neutron-periodic-workers[105397]: DEBUG dbcounter [-] [105397] Writing DB stats neutron:SELECT=3 {{(pid=105397) stat_writer /opt/stack/data/venv/lib/python3.12/site-packages/dbcounter.py:115}}
Feb 17 18:06:15.579944 np0000156077 neutron-periodic-workers[105410]: DEBUG dbcounter [-] [105410] Writing DB stats neutron:SELECT=1 {{(pid=105410) stat_writer /opt/stack/data/venv/lib/python3.12/site-packages/dbcounter.py:115}}
Feb 17 18:06:42.569858 np0000156077 neutron-periodic-workers[105397]: DEBUG oslo.service.backend._threading.loopingcall [None req-fb8ab8ae-3423-4b7e-a21d-a7eab193247e None None] Fixed interval looping call 'neutron.plugins.ml2.plugin.DhcpAgentSchedulerDbMixin.remove_networks_from_down_agents' sleeping for 36.99 seconds {{(pid=105397) _run_loop /opt/stack/data/venv/lib/python3.12/site-packages/oslo_service/backend/_threading/loopingcall.py:125}}
Feb 17 18:06:42.577643 np0000156077 neutron-periodic-workers[105410]: DEBUG neutron.db.agents_db [None req-efabbc28-4431-4376-a42b-b20dbc14c312 None None] Agent healthcheck: found 0 active agents {{(pid=105410) agent_health_check /opt/stack/neutron/neutron/db/agents_db.py:317}}
Feb 17 18:06:42.578124 np0000156077 neutron-periodic-workers[105410]: DEBUG oslo.service.backend._threading.loopingcall [None req-efabbc28-4431-4376-a42b-b20dbc14c312 None None] Fixed interval looping call 'neutron.plugins.ml2.plugin.AgentDbMixin.agent_health_check' sleeping for 36.99 seconds {{(pid=105410) _run_loop /opt/stack/data/venv/lib/python3.12/site-packages/oslo_service/backend/_threading/loopingcall.py:125}}
Feb 17 18:06:52.568870 np0000156077 neutron-periodic-workers[105397]: DEBUG dbcounter [-] [105397] Writing DB stats neutron:SELECT=3 {{(pid=105397) stat_writer /opt/stack/data/venv/lib/python3.12/site-packages/dbcounter.py:115}}
Feb 17 18:06:52.575811 np0000156077 neutron-periodic-workers[105410]: DEBUG dbcounter [-] [105410] Writing DB stats neutron:SELECT=1 {{(pid=105410) stat_writer /opt/stack/data/venv/lib/python3.12/site-packages/dbcounter.py:115}}
Feb 17 18:07:19.569961 np0000156077 neutron-periodic-workers[105397]: DEBUG oslo.service.backend._threading.loopingcall [None req-fb8ab8ae-3423-4b7e-a21d-a7eab193247e None None] Fixed interval looping call 'neutron.plugins.ml2.plugin.DhcpAgentSchedulerDbMixin.remove_networks_from_down_agents' sleeping for 36.99 seconds {{(pid=105397) _run_loop /opt/stack/data/venv/lib/python3.12/site-packages/oslo_service/backend/_threading/loopingcall.py:125}}
Feb 17 18:07:19.573420 np0000156077 neutron-periodic-workers[105410]: DEBUG neutron.db.agents_db [None req-efabbc28-4431-4376-a42b-b20dbc14c312 None None] Agent healthcheck: found 0 active agents {{(pid=105410) agent_health_check /opt/stack/neutron/neutron/db/agents_db.py:317}}
Feb 17 18:07:19.573966 np0000156077 neutron-periodic-workers[105410]: DEBUG oslo.service.backend._threading.loopingcall [None req-efabbc28-4431-4376-a42b-b20dbc14c312 None None] Fixed interval looping call 'neutron.plugins.ml2.plugin.AgentDbMixin.agent_health_check' sleeping for 36.99 seconds {{(pid=105410) _run_loop /opt/stack/data/venv/lib/python3.12/site-packages/oslo_service/backend/_threading/loopingcall.py:125}}
Feb 17 18:07:29.569453 np0000156077 neutron-periodic-workers[105397]: DEBUG dbcounter [-] [105397] Writing DB stats neutron:SELECT=3 {{(pid=105397) stat_writer /opt/stack/data/venv/lib/python3.12/site-packages/dbcounter.py:115}}
Feb 17 18:07:29.571886 np0000156077 neutron-periodic-workers[105410]: DEBUG dbcounter [-] [105410] Writing DB stats neutron:SELECT=1 {{(pid=105410) stat_writer /opt/stack/data/venv/lib/python3.12/site-packages/dbcounter.py:115}}
Feb 17 18:07:44.631014 np0000156077 neutron-periodic-workers[105423]: DEBUG oslo.service.backend._threading.loopingcall [None req-6397048c-abf7-415b-9f1b-e350db0f679d None None] Fixed interval looping call 'neutron.db.quota.driver_nolock.DbQuotaNoLockDriver._remove_expired_reservations' sleeping for 119.99 seconds {{(pid=105423) _run_loop /opt/stack/data/venv/lib/python3.12/site-packages/oslo_service/backend/_threading/loopingcall.py:125}}
Feb 17 18:07:54.630802 np0000156077 neutron-periodic-workers[105423]: DEBUG dbcounter [-] [105423] Writing DB stats neutron:DELETE=1 {{(pid=105423) stat_writer /opt/stack/data/venv/lib/python3.12/site-packages/dbcounter.py:115}}
Feb 17 18:07:56.571812 np0000156077 neutron-periodic-workers[105397]: DEBUG oslo.service.backend._threading.loopingcall [None req-fb8ab8ae-3423-4b7e-a21d-a7eab193247e None None] Fixed interval looping call 'neutron.plugins.ml2.plugin.DhcpAgentSchedulerDbMixin.remove_networks_from_down_agents' sleeping for 36.99 seconds {{(pid=105397) _run_loop /opt/stack/data/venv/lib/python3.12/site-packages/oslo_service/backend/_threading/loopingcall.py:125}}
Feb 17 18:07:56.574143 np0000156077 neutron-periodic-workers[105410]: DEBUG neutron.db.agents_db [None req-efabbc28-4431-4376-a42b-b20dbc14c312 None None] Agent healthcheck: found 0 active agents {{(pid=105410) agent_health_check /opt/stack/neutron/neutron/db/agents_db.py:317}}
Feb 17 18:07:56.574663 np0000156077 neutron-periodic-workers[105410]: DEBUG oslo.service.backend._threading.loopingcall [None req-efabbc28-4431-4376-a42b-b20dbc14c312 None None] Fixed interval looping call 'neutron.plugins.ml2.plugin.AgentDbMixin.agent_health_check' sleeping for 36.99 seconds {{(pid=105410) _run_loop /opt/stack/data/venv/lib/python3.12/site-packages/oslo_service/backend/_threading/loopingcall.py:125}}
Feb 17 18:08:06.570510 np0000156077 neutron-periodic-workers[105397]: DEBUG dbcounter [-] [105397] Writing DB stats neutron:SELECT=3 {{(pid=105397) stat_writer /opt/stack/data/venv/lib/python3.12/site-packages/dbcounter.py:115}}
Feb 17 18:08:06.572112 np0000156077 neutron-periodic-workers[105410]: DEBUG dbcounter [-] [105410] Writing DB stats neutron:SELECT=1 {{(pid=105410) stat_writer /opt/stack/data/venv/lib/python3.12/site-packages/dbcounter.py:115}}
Feb 17 18:08:33.571499 np0000156077 neutron-periodic-workers[105410]: DEBUG neutron.db.agents_db [None req-efabbc28-4431-4376-a42b-b20dbc14c312 None None] Agent healthcheck: found 0 active agents {{(pid=105410) agent_health_check /opt/stack/neutron/neutron/db/agents_db.py:317}}
Feb 17 18:08:33.572019 np0000156077 neutron-periodic-workers[105410]: DEBUG oslo.service.backend._threading.loopingcall [None req-efabbc28-4431-4376-a42b-b20dbc14c312 None None] Fixed interval looping call 'neutron.plugins.ml2.plugin.AgentDbMixin.agent_health_check' sleeping for 36.99 seconds {{(pid=105410) _run_loop /opt/stack/data/venv/lib/python3.12/site-packages/oslo_service/backend/_threading/loopingcall.py:125}}
Feb 17 18:08:33.572055 np0000156077 neutron-periodic-workers[105397]: DEBUG oslo.service.backend._threading.loopingcall [None req-fb8ab8ae-3423-4b7e-a21d-a7eab193247e None None] Fixed interval looping call 'neutron.plugins.ml2.plugin.DhcpAgentSchedulerDbMixin.remove_networks_from_down_agents' sleeping for 36.99 seconds {{(pid=105397) _run_loop /opt/stack/data/venv/lib/python3.12/site-packages/oslo_service/backend/_threading/loopingcall.py:125}}
Feb 17 18:08:43.569056 np0000156077 neutron-periodic-workers[105410]: DEBUG dbcounter [-] [105410] Writing DB stats neutron:SELECT=1 {{(pid=105410) stat_writer /opt/stack/data/venv/lib/python3.12/site-packages/dbcounter.py:115}}
Feb 17 18:08:43.571121 np0000156077 neutron-periodic-workers[105397]: DEBUG dbcounter [-] [105397] Writing DB stats neutron:SELECT=3 {{(pid=105397) stat_writer /opt/stack/data/venv/lib/python3.12/site-packages/dbcounter.py:115}}
Feb 17 18:09:10.567183 np0000156077 neutron-periodic-workers[105410]: DEBUG neutron.db.agents_db [None req-efabbc28-4431-4376-a42b-b20dbc14c312 None None] Agent healthcheck: found 0 active agents {{(pid=105410) agent_health_check /opt/stack/neutron/neutron/db/agents_db.py:317}}
Feb 17 18:09:10.567745 np0000156077 neutron-periodic-workers[105410]: DEBUG oslo.service.backend._threading.loopingcall [None req-efabbc28-4431-4376-a42b-b20dbc14c312 None None] Fixed interval looping call 'neutron.plugins.ml2.plugin.AgentDbMixin.agent_health_check' sleeping for 36.99 seconds {{(pid=105410) _run_loop /opt/stack/data/venv/lib/python3.12/site-packages/oslo_service/backend/_threading/loopingcall.py:125}}
Feb 17 18:09:10.571397 np0000156077 neutron-periodic-workers[105397]: DEBUG oslo.service.backend._threading.loopingcall [None req-fb8ab8ae-3423-4b7e-a21d-a7eab193247e None None] Fixed interval looping call 'neutron.plugins.ml2.plugin.DhcpAgentSchedulerDbMixin.remove_networks_from_down_agents' sleeping for 36.99 seconds {{(pid=105397) _run_loop /opt/stack/data/venv/lib/python3.12/site-packages/oslo_service/backend/_threading/loopingcall.py:125}}
Feb 17 18:09:20.566298 np0000156077 neutron-periodic-workers[105410]: DEBUG dbcounter [-] [105410] Writing DB stats neutron:SELECT=1 {{(pid=105410) stat_writer /opt/stack/data/venv/lib/python3.12/site-packages/dbcounter.py:115}}
Feb 17 18:09:20.570355 np0000156077 neutron-periodic-workers[105397]: DEBUG dbcounter [-] [105397] Writing DB stats neutron:SELECT=3 {{(pid=105397) stat_writer /opt/stack/data/venv/lib/python3.12/site-packages/dbcounter.py:115}}
Feb 17 18:09:26.645190 np0000156077 neutron-periodic-workers[105435]: DEBUG oslo.service.backend._threading.loopingcall [None req-b18df55e-7802-4cab-ab74-4c3c18fb7e01 None None] Fixed interval looping call 'neutron.services.ovn_l3.plugin.L3_NAT_dbonly_mixin._clean_garbage' sleeping for 299.99 seconds {{(pid=105435) _run_loop /opt/stack/data/venv/lib/python3.12/site-packages/oslo_service/backend/_threading/loopingcall.py:125}}
Feb 17 18:09:36.639480 np0000156077 neutron-periodic-workers[105435]: DEBUG dbcounter [-] [105435] Writing DB stats neutron:SELECT=1 {{(pid=105435) stat_writer /opt/stack/data/venv/lib/python3.12/site-packages/dbcounter.py:115}}
Feb 17 18:09:44.626509 np0000156077 neutron-periodic-workers[105423]: DEBUG oslo.service.backend._threading.loopingcall [None req-6397048c-abf7-415b-9f1b-e350db0f679d None None] Fixed interval looping call 'neutron.db.quota.driver_nolock.DbQuotaNoLockDriver._remove_expired_reservations' sleeping for 119.99 seconds {{(pid=105423) _run_loop /opt/stack/data/venv/lib/python3.12/site-packages/oslo_service/backend/_threading/loopingcall.py:125}}
Feb 17 18:09:47.561719 np0000156077 neutron-periodic-workers[105410]: DEBUG neutron.db.agents_db [None req-efabbc28-4431-4376-a42b-b20dbc14c312 None None] Agent healthcheck: found 0 active agents {{(pid=105410) agent_health_check /opt/stack/neutron/neutron/db/agents_db.py:317}}
Feb 17 18:09:47.562432 np0000156077 neutron-periodic-workers[105410]: DEBUG oslo.service.backend._threading.loopingcall [None req-efabbc28-4431-4376-a42b-b20dbc14c312 None None] Fixed interval looping call 'neutron.plugins.ml2.plugin.AgentDbMixin.agent_health_check' sleeping for 37.00 seconds {{(pid=105410) _run_loop /opt/stack/data/venv/lib/python3.12/site-packages/oslo_service/backend/_threading/loopingcall.py:125}}
