May 09 03:22:44.123171 np0000172886 systemd[1]: Starting devstack@n-api-meta.service - Devstack devstack@n-api-meta.service...
May 09 03:22:44.130735 np0000172886 devstack@n-api-meta.service[108554]: [uWSGI] getting INI configuration from /etc/nova/nova-metadata-uwsgi.ini
May 09 03:22:44.133855 np0000172886 devstack@n-api-meta.service[108554]: *** Starting uWSGI 2.0.24-debian (64bit) on [Sat May 9 03:22:44 2026] ***
May 09 03:22:44.133855 np0000172886 devstack@n-api-meta.service[108554]: compiled with version: 13.2.0 on 17 April 2024 16:23:48
May 09 03:22:44.133855 np0000172886 devstack@n-api-meta.service[108554]: os: Linux-6.8.0-111-generic #111-Ubuntu SMP PREEMPT_DYNAMIC Sat Apr 11 23:16:02 UTC 2026
May 09 03:22:44.133855 np0000172886 devstack@n-api-meta.service[108554]: nodename: np0000172886
May 09 03:22:44.133855 np0000172886 devstack@n-api-meta.service[108554]: machine: x86_64
May 09 03:22:44.133855 np0000172886 devstack@n-api-meta.service[108554]: clock source: unix
May 09 03:22:44.133855 np0000172886 devstack@n-api-meta.service[108554]: pcre jit disabled
May 09 03:22:44.133855 np0000172886 devstack@n-api-meta.service[108554]: detected number of CPU cores: 16
May 09 03:22:44.133855 np0000172886 devstack@n-api-meta.service[108554]: current working directory: /
May 09 03:22:44.133855 np0000172886 devstack@n-api-meta.service[108554]: detected binary path: /usr/bin/uwsgi-core
May 09 03:22:44.133855 np0000172886 devstack@n-api-meta.service[108554]: your processes number limit is 256917
May 09 03:22:44.133855 np0000172886 devstack@n-api-meta.service[108554]: your memory page size is 4096 bytes
May 09 03:22:44.133855 np0000172886 devstack@n-api-meta.service[108554]: detected max file descriptor number: 2048
May 09 03:22:44.133855 np0000172886 devstack@n-api-meta.service[108554]: lock engine: pthread robust mutexes
May 09 03:22:44.135091 np0000172886 devstack@n-api-meta.service[108554]: thunder lock: enabled
May 09 03:22:44.135091 np0000172886 devstack@n-api-meta.service[108554]: uWSGI http bound on 0.0.0.0:8775 fd 5
May 09 03:22:44.135091 np0000172886 devstack@n-api-meta.service[108554]: uwsgi socket 0 bound to TCP address 127.0.0.1:34031 (port auto-assigned) fd 4
May 09 03:22:44.135091 np0000172886 devstack@n-api-meta.service[108554]: Python version: 3.12.3 (main, Mar 23 2026, 19:04:32) [GCC 13.3.0]
May 09 03:22:44.135091 np0000172886 devstack@n-api-meta.service[108554]: PEP 405 virtualenv detected: /opt/stack/data/venv
May 09 03:22:44.135091 np0000172886 devstack@n-api-meta.service[108554]: Set PythonHome to /opt/stack/data/venv
May 09 03:22:44.173942 np0000172886 devstack@n-api-meta.service[108554]: Python main interpreter initialized at 0x78be250a3668
May 09 03:22:44.173942 np0000172886 devstack@n-api-meta.service[108554]: python threads support enabled
May 09 03:22:44.173942 np0000172886 devstack@n-api-meta.service[108554]: your server socket listen backlog is limited to 100 connections
May 09 03:22:44.173942 np0000172886 devstack@n-api-meta.service[108554]: your mercy for graceful operations on workers is 80 seconds
May 09 03:22:44.174460 np0000172886 devstack@n-api-meta.service[108554]: mapped 671795 bytes (656 KB) for 4 cores
May 09 03:22:44.174641 np0000172886 devstack@n-api-meta.service[108554]: *** Operational MODE: preforking ***
May 09 03:22:44.174827 np0000172886 devstack@n-api-meta.service[108554]: *** uWSGI is running in multiple interpreter mode ***
May 09 03:22:44.174827 np0000172886 devstack@n-api-meta.service[108554]: spawned uWSGI master process (pid: 108554)
May 09 03:22:44.174999 np0000172886 systemd[1]: Started devstack@n-api-meta.service - Devstack devstack@n-api-meta.service.
May 09 03:22:44.176512 np0000172886 devstack@n-api-meta.service[108554]: spawned uWSGI worker 1 (pid: 108555, cores: 1)
May 09 03:22:44.176512 np0000172886 devstack@n-api-meta.service[108554]: spawned uWSGI worker 2 (pid: 108556, cores: 1)
May 09 03:22:44.176699 np0000172886 devstack@n-api-meta.service[108554]: spawned uWSGI worker 3 (pid: 108557, cores: 1)
May 09 03:22:44.177052 np0000172886 devstack@n-api-meta.service[108554]: spawned uWSGI worker 4 (pid: 108558, cores: 1)
May 09 03:22:44.177554 np0000172886 devstack@n-api-meta.service[108554]: spawned uWSGI http 1 (pid: 108559)
May 09 03:22:44.177554 np0000172886 devstack@n-api-meta.service[108554]: running "unix_signal:15 gracefully_kill_them_all" (master-start)...
May 09 03:22:44.520076 np0000172886 devstack@n-api-meta.service[108556]: /opt/stack/data/venv/lib/python3.12/site-packages/oslo_concurrency/lockutils.py:41: EventletDeprecationWarning:
May 09 03:22:44.520076 np0000172886 devstack@n-api-meta.service[108556]: Eventlet is deprecated. It is currently being maintained in bugfix mode, and
May 09 03:22:44.520076 np0000172886 devstack@n-api-meta.service[108556]: we strongly recommend against using it for new projects.
May 09 03:22:44.520076 np0000172886 devstack@n-api-meta.service[108556]: If you are already using Eventlet, we recommend migrating to a different
May 09 03:22:44.520076 np0000172886 devstack@n-api-meta.service[108556]: framework. For more detail see
May 09 03:22:44.520076 np0000172886 devstack@n-api-meta.service[108556]: https://eventlet.readthedocs.io/en/latest/asyncio/migration.html
May 09 03:22:44.520076 np0000172886 devstack@n-api-meta.service[108556]: import eventlet
May 09 03:22:44.522661 np0000172886 devstack@n-api-meta.service[108558]: /opt/stack/data/venv/lib/python3.12/site-packages/oslo_concurrency/lockutils.py:41: EventletDeprecationWarning:
May 09 03:22:44.522661 np0000172886 devstack@n-api-meta.service[108558]: Eventlet is deprecated. It is currently being maintained in bugfix mode, and
May 09 03:22:44.522661 np0000172886 devstack@n-api-meta.service[108558]: we strongly recommend against using it for new projects.
May 09 03:22:44.522661 np0000172886 devstack@n-api-meta.service[108558]: If you are already using Eventlet, we recommend migrating to a different
May 09 03:22:44.522661 np0000172886 devstack@n-api-meta.service[108558]: framework. For more detail see
May 09 03:22:44.522661 np0000172886 devstack@n-api-meta.service[108558]: https://eventlet.readthedocs.io/en/latest/asyncio/migration.html
May 09 03:22:44.522661 np0000172886 devstack@n-api-meta.service[108558]: import eventlet
May 09 03:22:44.523215 np0000172886 devstack@n-api-meta.service[108555]: /opt/stack/data/venv/lib/python3.12/site-packages/oslo_concurrency/lockutils.py:41: EventletDeprecationWarning:
May 09 03:22:44.523215 np0000172886 devstack@n-api-meta.service[108555]: Eventlet is deprecated. It is currently being maintained in bugfix mode, and
May 09 03:22:44.523215 np0000172886 devstack@n-api-meta.service[108555]: we strongly recommend against using it for new projects.
May 09 03:22:44.523215 np0000172886 devstack@n-api-meta.service[108555]: If you are already using Eventlet, we recommend migrating to a different
May 09 03:22:44.523215 np0000172886 devstack@n-api-meta.service[108555]: framework. For more detail see
May 09 03:22:44.523215 np0000172886 devstack@n-api-meta.service[108555]: https://eventlet.readthedocs.io/en/latest/asyncio/migration.html
May 09 03:22:44.523215 np0000172886 devstack@n-api-meta.service[108555]: import eventlet
May 09 03:22:44.532191 np0000172886 devstack@n-api-meta.service[108557]: /opt/stack/data/venv/lib/python3.12/site-packages/oslo_concurrency/lockutils.py:41: EventletDeprecationWarning:
May 09 03:22:44.532191 np0000172886 devstack@n-api-meta.service[108557]: Eventlet is deprecated. It is currently being maintained in bugfix mode, and
May 09 03:22:44.532191 np0000172886 devstack@n-api-meta.service[108557]: we strongly recommend against using it for new projects.
May 09 03:22:44.532191 np0000172886 devstack@n-api-meta.service[108557]: If you are already using Eventlet, we recommend migrating to a different
May 09 03:22:44.532191 np0000172886 devstack@n-api-meta.service[108557]: framework. For more detail see
May 09 03:22:44.532191 np0000172886 devstack@n-api-meta.service[108557]: https://eventlet.readthedocs.io/en/latest/asyncio/migration.html
May 09 03:22:44.532191 np0000172886 devstack@n-api-meta.service[108557]: import eventlet
May 09 03:22:44.575550 np0000172886 devstack@n-api-meta.service[108555]: Service is starting with native threading. This is currently experimental. Do not use it in production without first testing it in pre-production.
May 09 03:22:44.576079 np0000172886 devstack@n-api-meta.service[108556]: Service is starting with native threading. This is currently experimental. Do not use it in production without first testing it in pre-production.
May 09 03:22:44.576924 np0000172886 devstack@n-api-meta.service[108558]: Service is starting with native threading. This is currently experimental. Do not use it in production without first testing it in pre-production.
May 09 03:22:44.581343 np0000172886 devstack@n-api-meta.service[108557]: Service is starting with native threading. This is currently experimental. Do not use it in production without first testing it in pre-production.
May 09 03:22:46.023632 np0000172886 devstack@n-api-meta.service[108557]: INFO dbcounter [None req-75367c81-59b5-44ed-9739-2c72d82cd7f4 None None] Registered counter for database nova_api
May 09 03:22:46.025045 np0000172886 devstack@n-api-meta.service[108556]: INFO dbcounter [None req-caedb32a-4d4b-4ec8-8c81-76c443b8f287 None None] Registered counter for database nova_api
May 09 03:22:46.041062 np0000172886 devstack@n-api-meta.service[108557]: DEBUG oslo_db.sqlalchemy.engines [None req-75367c81-59b5-44ed-9739-2c72d82cd7f4 None None] MySQL server mode set to STRICT_TRANS_TABLES,STRICT_ALL_TABLES,NO_ZERO_IN_DATE,NO_ZERO_DATE,ERROR_FOR_DIVISION_BY_ZERO,TRADITIONAL,NO_ENGINE_SUBSTITUTION {{(pid=108557) _check_effective_sql_mode /opt/stack/data/venv/lib/python3.12/site-packages/oslo_db/sqlalchemy/engines.py:325}}
May 09 03:22:46.049774 np0000172886 devstack@n-api-meta.service[108556]: DEBUG oslo_db.sqlalchemy.engines [None req-caedb32a-4d4b-4ec8-8c81-76c443b8f287 None None] MySQL server mode set to STRICT_TRANS_TABLES,STRICT_ALL_TABLES,NO_ZERO_IN_DATE,NO_ZERO_DATE,ERROR_FOR_DIVISION_BY_ZERO,TRADITIONAL,NO_ENGINE_SUBSTITUTION {{(pid=108556) _check_effective_sql_mode /opt/stack/data/venv/lib/python3.12/site-packages/oslo_db/sqlalchemy/engines.py:325}}
May 09 03:22:46.055901 np0000172886 devstack@n-api-meta.service[108555]: INFO dbcounter [None req-b8ca25d2-5297-4813-b9c1-3497a600c0e8 None None] Registered counter for database nova_api
May 09 03:22:46.072788 np0000172886 devstack@n-api-meta.service[108555]: DEBUG oslo_db.sqlalchemy.engines [None req-b8ca25d2-5297-4813-b9c1-3497a600c0e8 None None] MySQL server mode set to STRICT_TRANS_TABLES,STRICT_ALL_TABLES,NO_ZERO_IN_DATE,NO_ZERO_DATE,ERROR_FOR_DIVISION_BY_ZERO,TRADITIONAL,NO_ENGINE_SUBSTITUTION {{(pid=108555) _check_effective_sql_mode /opt/stack/data/venv/lib/python3.12/site-packages/oslo_db/sqlalchemy/engines.py:325}}
May 09 03:22:46.076182 np0000172886 devstack@n-api-meta.service[108557]: DEBUG dbcounter [-] [108557] Writer thread running {{(pid=108557) stat_writer /opt/stack/data/venv/lib/python3.12/site-packages/dbcounter.py:102}}
May 09 03:22:46.078903 np0000172886 devstack@n-api-meta.service[108557]: DEBUG nova.context [None req-75367c81-59b5-44ed-9739-2c72d82cd7f4 None None] Found 2 cells: 00000000-0000-0000-0000-000000000000(cell0),d95ffc75-76b2-4aec-aa42-90b3d0261ba6(cell1) {{(pid=108557) load_cells /opt/stack/nova/nova/context.py:509}}
May 09 03:22:46.079184 np0000172886 devstack@n-api-meta.service[108557]: INFO nova.utils [None req-75367c81-59b5-44ed-9739-2c72d82cd7f4 None None] The cell worker thread pool MainProcess.cell_worker is initialized
May 09 03:22:46.080864 np0000172886 devstack@n-api-meta.service[108556]: DEBUG dbcounter [-] [108556] Writer thread running {{(pid=108556) stat_writer /opt/stack/data/venv/lib/python3.12/site-packages/dbcounter.py:102}}
May 09 03:22:46.081473 np0000172886 devstack@n-api-meta.service[108557]: DEBUG oslo_concurrency.lockutils [None req-75367c81-59b5-44ed-9739-2c72d82cd7f4 None None] Acquiring lock "00000000-0000-0000-0000-000000000000" by "nova.context.set_target_cell..get_or_set_cached_cell_and_set_connections" {{(pid=108557) inner /opt/stack/data/venv/lib/python3.12/site-packages/oslo_concurrency/lockutils.py:506}}
May 09 03:22:46.081473 np0000172886 devstack@n-api-meta.service[108557]: DEBUG oslo_concurrency.lockutils [None req-75367c81-59b5-44ed-9739-2c72d82cd7f4 None None] Lock "00000000-0000-0000-0000-000000000000" acquired by "nova.context.set_target_cell..get_or_set_cached_cell_and_set_connections" :: waited 0.000s {{(pid=108557) inner /opt/stack/data/venv/lib/python3.12/site-packages/oslo_concurrency/lockutils.py:519}}
May 09 03:22:46.081648 np0000172886 devstack@n-api-meta.service[108557]: DEBUG oslo_concurrency.lockutils [None req-75367c81-59b5-44ed-9739-2c72d82cd7f4 None None] Lock "00000000-0000-0000-0000-000000000000" "released" by "nova.context.set_target_cell..get_or_set_cached_cell_and_set_connections" :: held 0.000s {{(pid=108557) inner /opt/stack/data/venv/lib/python3.12/site-packages/oslo_concurrency/lockutils.py:538}}
May 09 03:22:46.082340 np0000172886 devstack@n-api-meta.service[108557]: DEBUG oslo_concurrency.lockutils [None req-75367c81-59b5-44ed-9739-2c72d82cd7f4 None None] Acquiring lock "d95ffc75-76b2-4aec-aa42-90b3d0261ba6" by "nova.context.set_target_cell..get_or_set_cached_cell_and_set_connections" {{(pid=108557) inner /opt/stack/data/venv/lib/python3.12/site-packages/oslo_concurrency/lockutils.py:506}}
May 09 03:22:46.082686 np0000172886 devstack@n-api-meta.service[108557]: DEBUG oslo_concurrency.lockutils [None req-75367c81-59b5-44ed-9739-2c72d82cd7f4 None None] Lock "d95ffc75-76b2-4aec-aa42-90b3d0261ba6" acquired by "nova.context.set_target_cell..get_or_set_cached_cell_and_set_connections" :: waited 0.000s {{(pid=108557) inner /opt/stack/data/venv/lib/python3.12/site-packages/oslo_concurrency/lockutils.py:519}}
May 09 03:22:46.083692 np0000172886 devstack@n-api-meta.service[108557]: DEBUG oslo_concurrency.lockutils [None req-75367c81-59b5-44ed-9739-2c72d82cd7f4 None None] Lock "d95ffc75-76b2-4aec-aa42-90b3d0261ba6" "released" by "nova.context.set_target_cell..get_or_set_cached_cell_and_set_connections" :: held 0.001s {{(pid=108557) inner /opt/stack/data/venv/lib/python3.12/site-packages/oslo_concurrency/lockutils.py:538}}
May 09 03:22:46.084699 np0000172886 devstack@n-api-meta.service[108556]: DEBUG nova.context [None req-caedb32a-4d4b-4ec8-8c81-76c443b8f287 None None] Found 2 cells: 00000000-0000-0000-0000-000000000000(cell0),d95ffc75-76b2-4aec-aa42-90b3d0261ba6(cell1) {{(pid=108556) load_cells /opt/stack/nova/nova/context.py:509}}
May 09 03:22:46.084965 np0000172886 devstack@n-api-meta.service[108556]: INFO nova.utils [None req-caedb32a-4d4b-4ec8-8c81-76c443b8f287 None None] The cell worker thread pool MainProcess.cell_worker is initialized
May 09 03:22:46.086653 np0000172886 devstack@n-api-meta.service[108556]: DEBUG oslo_concurrency.lockutils [None req-caedb32a-4d4b-4ec8-8c81-76c443b8f287 None None] Acquiring lock "00000000-0000-0000-0000-000000000000" by "nova.context.set_target_cell..get_or_set_cached_cell_and_set_connections" {{(pid=108556) inner /opt/stack/data/venv/lib/python3.12/site-packages/oslo_concurrency/lockutils.py:506}}
May 09 03:22:46.086768 np0000172886 devstack@n-api-meta.service[108557]: INFO dbcounter [None req-75367c81-59b5-44ed-9739-2c72d82cd7f4 None None] Registered counter for database nova_cell0
May 09 03:22:46.086814 np0000172886 devstack@n-api-meta.service[108556]: DEBUG oslo_concurrency.lockutils [None req-caedb32a-4d4b-4ec8-8c81-76c443b8f287 None None] Lock "00000000-0000-0000-0000-000000000000" acquired by "nova.context.set_target_cell..get_or_set_cached_cell_and_set_connections" :: waited 0.000s {{(pid=108556) inner /opt/stack/data/venv/lib/python3.12/site-packages/oslo_concurrency/lockutils.py:519}}
May 09 03:22:46.087609 np0000172886 devstack@n-api-meta.service[108556]: DEBUG oslo_concurrency.lockutils [None req-caedb32a-4d4b-4ec8-8c81-76c443b8f287 None None] Lock "00000000-0000-0000-0000-000000000000" "released" by "nova.context.set_target_cell..get_or_set_cached_cell_and_set_connections" :: held 0.000s {{(pid=108556) inner /opt/stack/data/venv/lib/python3.12/site-packages/oslo_concurrency/lockutils.py:538}}
May 09 03:22:46.088884 np0000172886 devstack@n-api-meta.service[108556]: DEBUG oslo_concurrency.lockutils [None req-caedb32a-4d4b-4ec8-8c81-76c443b8f287 None None] Acquiring lock "d95ffc75-76b2-4aec-aa42-90b3d0261ba6" by "nova.context.set_target_cell..get_or_set_cached_cell_and_set_connections" {{(pid=108556) inner /opt/stack/data/venv/lib/python3.12/site-packages/oslo_concurrency/lockutils.py:506}}
May 09 03:22:46.088884 np0000172886 devstack@n-api-meta.service[108556]: DEBUG oslo_concurrency.lockutils [None req-caedb32a-4d4b-4ec8-8c81-76c443b8f287 None None] Lock "d95ffc75-76b2-4aec-aa42-90b3d0261ba6" acquired by "nova.context.set_target_cell..get_or_set_cached_cell_and_set_connections" :: waited 0.000s {{(pid=108556) inner /opt/stack/data/venv/lib/python3.12/site-packages/oslo_concurrency/lockutils.py:519}}
May 09 03:22:46.089050 np0000172886 devstack@n-api-meta.service[108556]: DEBUG oslo_concurrency.lockutils [None req-caedb32a-4d4b-4ec8-8c81-76c443b8f287 None None] Lock "d95ffc75-76b2-4aec-aa42-90b3d0261ba6" "released" by "nova.context.set_target_cell..get_or_set_cached_cell_and_set_connections" :: held 0.001s {{(pid=108556) inner /opt/stack/data/venv/lib/python3.12/site-packages/oslo_concurrency/lockutils.py:538}}
May 09 03:22:46.092548 np0000172886 devstack@n-api-meta.service[108556]: INFO dbcounter [None req-caedb32a-4d4b-4ec8-8c81-76c443b8f287 None None] Registered counter for database nova_cell0
May 09 03:22:46.092663 np0000172886 devstack@n-api-meta.service[108557]: INFO dbcounter [None req-75367c81-59b5-44ed-9739-2c72d82cd7f4 None None] Registered counter for database nova_cell1
May 09 03:22:46.097676 np0000172886 devstack@n-api-meta.service[108556]: INFO dbcounter [None req-caedb32a-4d4b-4ec8-8c81-76c443b8f287 None None] Registered counter for database nova_cell1
May 09 03:22:46.102993 np0000172886 devstack@n-api-meta.service[108557]: DEBUG oslo_db.sqlalchemy.engines [None req-75367c81-59b5-44ed-9739-2c72d82cd7f4 None None] MySQL server mode set to STRICT_TRANS_TABLES,STRICT_ALL_TABLES,NO_ZERO_IN_DATE,NO_ZERO_DATE,ERROR_FOR_DIVISION_BY_ZERO,TRADITIONAL,NO_ENGINE_SUBSTITUTION {{(pid=108557) _check_effective_sql_mode /opt/stack/data/venv/lib/python3.12/site-packages/oslo_db/sqlalchemy/engines.py:325}}
May 09 03:22:46.108474 np0000172886 devstack@n-api-meta.service[108555]: DEBUG dbcounter [-] [108555] Writer thread running {{(pid=108555) stat_writer /opt/stack/data/venv/lib/python3.12/site-packages/dbcounter.py:102}}
May 09 03:22:46.109197 np0000172886 devstack@n-api-meta.service[108557]: DEBUG oslo_db.sqlalchemy.engines [None req-75367c81-59b5-44ed-9739-2c72d82cd7f4 None None] MySQL server mode set to STRICT_TRANS_TABLES,STRICT_ALL_TABLES,NO_ZERO_IN_DATE,NO_ZERO_DATE,ERROR_FOR_DIVISION_BY_ZERO,TRADITIONAL,NO_ENGINE_SUBSTITUTION {{(pid=108557) _check_effective_sql_mode /opt/stack/data/venv/lib/python3.12/site-packages/oslo_db/sqlalchemy/engines.py:325}}
May 09 03:22:46.113904 np0000172886 devstack@n-api-meta.service[108556]: DEBUG oslo_db.sqlalchemy.engines [None req-caedb32a-4d4b-4ec8-8c81-76c443b8f287 None None] MySQL server mode set to STRICT_TRANS_TABLES,STRICT_ALL_TABLES,NO_ZERO_IN_DATE,NO_ZERO_DATE,ERROR_FOR_DIVISION_BY_ZERO,TRADITIONAL,NO_ENGINE_SUBSTITUTION {{(pid=108556) _check_effective_sql_mode /opt/stack/data/venv/lib/python3.12/site-packages/oslo_db/sqlalchemy/engines.py:325}}
May 09 03:22:46.114198 np0000172886 devstack@n-api-meta.service[108555]: DEBUG nova.context [None req-b8ca25d2-5297-4813-b9c1-3497a600c0e8 None None] Found 2 cells: 00000000-0000-0000-0000-000000000000(cell0),d95ffc75-76b2-4aec-aa42-90b3d0261ba6(cell1) {{(pid=108555) load_cells /opt/stack/nova/nova/context.py:509}}
May 09 03:22:46.114456 np0000172886 devstack@n-api-meta.service[108555]: INFO nova.utils [None req-b8ca25d2-5297-4813-b9c1-3497a600c0e8 None None] The cell worker thread pool MainProcess.cell_worker is initialized
May 09 03:22:46.116908 np0000172886 devstack@n-api-meta.service[108555]: DEBUG oslo_concurrency.lockutils [None req-b8ca25d2-5297-4813-b9c1-3497a600c0e8 None None] Acquiring lock "00000000-0000-0000-0000-000000000000" by "nova.context.set_target_cell..get_or_set_cached_cell_and_set_connections" {{(pid=108555) inner /opt/stack/data/venv/lib/python3.12/site-packages/oslo_concurrency/lockutils.py:506}}
May 09 03:22:46.117117 np0000172886 devstack@n-api-meta.service[108555]: DEBUG oslo_concurrency.lockutils [None req-b8ca25d2-5297-4813-b9c1-3497a600c0e8 None None] Lock "00000000-0000-0000-0000-000000000000" acquired by "nova.context.set_target_cell..get_or_set_cached_cell_and_set_connections" :: waited 0.000s {{(pid=108555) inner /opt/stack/data/venv/lib/python3.12/site-packages/oslo_concurrency/lockutils.py:519}}
May 09 03:22:46.117618 np0000172886 devstack@n-api-meta.service[108555]: DEBUG oslo_concurrency.lockutils [None req-b8ca25d2-5297-4813-b9c1-3497a600c0e8 None None] Lock "00000000-0000-0000-0000-000000000000" "released" by "nova.context.set_target_cell..get_or_set_cached_cell_and_set_connections" :: held 0.000s {{(pid=108555) inner /opt/stack/data/venv/lib/python3.12/site-packages/oslo_concurrency/lockutils.py:538}}
May 09 03:22:46.118535 np0000172886 devstack@n-api-meta.service[108555]: DEBUG oslo_concurrency.lockutils [None req-b8ca25d2-5297-4813-b9c1-3497a600c0e8 None None] Acquiring lock "d95ffc75-76b2-4aec-aa42-90b3d0261ba6" by "nova.context.set_target_cell..get_or_set_cached_cell_and_set_connections" {{(pid=108555) inner /opt/stack/data/venv/lib/python3.12/site-packages/oslo_concurrency/lockutils.py:506}}
May 09 03:22:46.118762 np0000172886 devstack@n-api-meta.service[108555]: DEBUG oslo_concurrency.lockutils [None req-b8ca25d2-5297-4813-b9c1-3497a600c0e8 None None] Lock "d95ffc75-76b2-4aec-aa42-90b3d0261ba6" acquired by "nova.context.set_target_cell..get_or_set_cached_cell_and_set_connections" :: waited 0.000s {{(pid=108555) inner /opt/stack/data/venv/lib/python3.12/site-packages/oslo_concurrency/lockutils.py:519}}
May 09 03:22:46.120067 np0000172886 devstack@n-api-meta.service[108555]: DEBUG oslo_concurrency.lockutils [None req-b8ca25d2-5297-4813-b9c1-3497a600c0e8 None None] Lock "d95ffc75-76b2-4aec-aa42-90b3d0261ba6" "released" by "nova.context.set_target_cell..get_or_set_cached_cell_and_set_connections" :: held 0.001s {{(pid=108555) inner /opt/stack/data/venv/lib/python3.12/site-packages/oslo_concurrency/lockutils.py:538}}
May 09 03:22:46.120135 np0000172886 devstack@n-api-meta.service[108556]: DEBUG oslo_db.sqlalchemy.engines [None req-caedb32a-4d4b-4ec8-8c81-76c443b8f287 None None] MySQL server mode set to STRICT_TRANS_TABLES,STRICT_ALL_TABLES,NO_ZERO_IN_DATE,NO_ZERO_DATE,ERROR_FOR_DIVISION_BY_ZERO,TRADITIONAL,NO_ENGINE_SUBSTITUTION {{(pid=108556) _check_effective_sql_mode /opt/stack/data/venv/lib/python3.12/site-packages/oslo_db/sqlalchemy/engines.py:325}}
May 09 03:22:46.122160 np0000172886 devstack@n-api-meta.service[108555]: INFO dbcounter [None req-b8ca25d2-5297-4813-b9c1-3497a600c0e8 None None] Registered counter for database nova_cell0
May 09 03:22:46.128053 np0000172886 devstack@n-api-meta.service[108555]: INFO dbcounter [None req-b8ca25d2-5297-4813-b9c1-3497a600c0e8 None None] Registered counter for database nova_cell1
May 09 03:22:46.136144 np0000172886 devstack@n-api-meta.service[108555]: DEBUG oslo_db.sqlalchemy.engines [None req-b8ca25d2-5297-4813-b9c1-3497a600c0e8 None None] MySQL server mode set to STRICT_TRANS_TABLES,STRICT_ALL_TABLES,NO_ZERO_IN_DATE,NO_ZERO_DATE,ERROR_FOR_DIVISION_BY_ZERO,TRADITIONAL,NO_ENGINE_SUBSTITUTION {{(pid=108555) _check_effective_sql_mode /opt/stack/data/venv/lib/python3.12/site-packages/oslo_db/sqlalchemy/engines.py:325}}
May 09 03:22:46.141979 np0000172886 devstack@n-api-meta.service[108555]: DEBUG oslo_db.sqlalchemy.engines [None req-b8ca25d2-5297-4813-b9c1-3497a600c0e8 None None] MySQL server mode set to STRICT_TRANS_TABLES,STRICT_ALL_TABLES,NO_ZERO_IN_DATE,NO_ZERO_DATE,ERROR_FOR_DIVISION_BY_ZERO,TRADITIONAL,NO_ENGINE_SUBSTITUTION {{(pid=108555) _check_effective_sql_mode /opt/stack/data/venv/lib/python3.12/site-packages/oslo_db/sqlalchemy/engines.py:325}}
May 09 03:22:46.186471 np0000172886 devstack@n-api-meta.service[108558]: INFO dbcounter [None req-eb4266cb-01dd-45b5-9106-4e947cf2cfc9 None None] Registered counter for database nova_api
May 09 03:22:46.205265 np0000172886 devstack@n-api-meta.service[108558]: DEBUG oslo_db.sqlalchemy.engines [None req-eb4266cb-01dd-45b5-9106-4e947cf2cfc9 None None] MySQL server mode set to STRICT_TRANS_TABLES,STRICT_ALL_TABLES,NO_ZERO_IN_DATE,NO_ZERO_DATE,ERROR_FOR_DIVISION_BY_ZERO,TRADITIONAL,NO_ENGINE_SUBSTITUTION {{(pid=108558) _check_effective_sql_mode /opt/stack/data/venv/lib/python3.12/site-packages/oslo_db/sqlalchemy/engines.py:325}}
May 09 03:22:46.211843 np0000172886 devstack@n-api-meta.service[108556]: DEBUG dbcounter [-] [108556] Writer thread running {{(pid=108556) stat_writer /opt/stack/data/venv/lib/python3.12/site-packages/dbcounter.py:102}}
May 09 03:22:46.215979 np0000172886 devstack@n-api-meta.service[108557]: DEBUG dbcounter [-] [108557] Writer thread running {{(pid=108557) stat_writer /opt/stack/data/venv/lib/python3.12/site-packages/dbcounter.py:102}}
May 09 03:22:46.217934 np0000172886 devstack@n-api-meta.service[108557]: DEBUG dbcounter [-] [108557] Writer thread running {{(pid=108557) stat_writer /opt/stack/data/venv/lib/python3.12/site-packages/dbcounter.py:102}}
May 09 03:22:46.218752 np0000172886 devstack@n-api-meta.service[108556]: DEBUG dbcounter [-] [108556] Writer thread running {{(pid=108556) stat_writer /opt/stack/data/venv/lib/python3.12/site-packages/dbcounter.py:102}}
May 09 03:22:46.223211 np0000172886 devstack@n-api-meta.service[108557]: INFO dbcounter [None req-75367c81-59b5-44ed-9739-2c72d82cd7f4 None None] Registered counter for database nova_cell0
May 09 03:22:46.224063 np0000172886 devstack@n-api-meta.service[108556]: INFO dbcounter [None req-caedb32a-4d4b-4ec8-8c81-76c443b8f287 None None] Registered counter for database nova_cell0
May 09 03:22:46.236649 np0000172886 devstack@n-api-meta.service[108557]: DEBUG oslo_db.sqlalchemy.engines [None req-75367c81-59b5-44ed-9739-2c72d82cd7f4 None None] MySQL server mode set to STRICT_TRANS_TABLES,STRICT_ALL_TABLES,NO_ZERO_IN_DATE,NO_ZERO_DATE,ERROR_FOR_DIVISION_BY_ZERO,TRADITIONAL,NO_ENGINE_SUBSTITUTION {{(pid=108557) _check_effective_sql_mode /opt/stack/data/venv/lib/python3.12/site-packages/oslo_db/sqlalchemy/engines.py:325}}
May 09 03:22:46.241273 np0000172886 devstack@n-api-meta.service[108557]: DEBUG dbcounter [-] [108557] Writer thread running {{(pid=108557) stat_writer /opt/stack/data/venv/lib/python3.12/site-packages/dbcounter.py:102}}
May 09 03:22:46.241368 np0000172886 devstack@n-api-meta.service[108558]: DEBUG dbcounter [-] [108558] Writer thread running {{(pid=108558) stat_writer /opt/stack/data/venv/lib/python3.12/site-packages/dbcounter.py:102}}
May 09 03:22:46.241565 np0000172886 devstack@n-api-meta.service[108556]: DEBUG oslo_db.sqlalchemy.engines [None req-caedb32a-4d4b-4ec8-8c81-76c443b8f287 None None] MySQL server mode set to STRICT_TRANS_TABLES,STRICT_ALL_TABLES,NO_ZERO_IN_DATE,NO_ZERO_DATE,ERROR_FOR_DIVISION_BY_ZERO,TRADITIONAL,NO_ENGINE_SUBSTITUTION {{(pid=108556) _check_effective_sql_mode /opt/stack/data/venv/lib/python3.12/site-packages/oslo_db/sqlalchemy/engines.py:325}}
May 09 03:22:46.242694 np0000172886 devstack@n-api-meta.service[108555]: DEBUG dbcounter [-] [108555] Writer thread running {{(pid=108555) stat_writer /opt/stack/data/venv/lib/python3.12/site-packages/dbcounter.py:102}}
May 09 03:22:46.243704 np0000172886 devstack@n-api-meta.service[108558]: DEBUG nova.context [None req-eb4266cb-01dd-45b5-9106-4e947cf2cfc9 None None] Found 2 cells: 00000000-0000-0000-0000-000000000000(cell0),d95ffc75-76b2-4aec-aa42-90b3d0261ba6(cell1) {{(pid=108558) load_cells /opt/stack/nova/nova/context.py:509}}
May 09 03:22:46.244124 np0000172886 devstack@n-api-meta.service[108558]: INFO nova.utils [None req-eb4266cb-01dd-45b5-9106-4e947cf2cfc9 None None] The cell worker thread pool MainProcess.cell_worker is initialized
May 09 03:22:46.245884 np0000172886 devstack@n-api-meta.service[108558]: DEBUG oslo_concurrency.lockutils [None req-eb4266cb-01dd-45b5-9106-4e947cf2cfc9 None None] Acquiring lock "00000000-0000-0000-0000-000000000000" by "nova.context.set_target_cell..get_or_set_cached_cell_and_set_connections" {{(pid=108558) inner /opt/stack/data/venv/lib/python3.12/site-packages/oslo_concurrency/lockutils.py:506}}
May 09 03:22:46.246055 np0000172886 devstack@n-api-meta.service[108558]: DEBUG oslo_concurrency.lockutils [None req-eb4266cb-01dd-45b5-9106-4e947cf2cfc9 None None] Lock "00000000-0000-0000-0000-000000000000" acquired by "nova.context.set_target_cell..get_or_set_cached_cell_and_set_connections" :: waited 0.000s {{(pid=108558) inner /opt/stack/data/venv/lib/python3.12/site-packages/oslo_concurrency/lockutils.py:519}}
May 09 03:22:46.246429 np0000172886 devstack@n-api-meta.service[108558]: DEBUG oslo_concurrency.lockutils [None req-eb4266cb-01dd-45b5-9106-4e947cf2cfc9 None None] Lock "00000000-0000-0000-0000-000000000000" "released" by "nova.context.set_target_cell..get_or_set_cached_cell_and_set_connections" :: held 0.000s {{(pid=108558) inner /opt/stack/data/venv/lib/python3.12/site-packages/oslo_concurrency/lockutils.py:538}}
May 09 03:22:46.246941 np0000172886 devstack@n-api-meta.service[108555]: DEBUG dbcounter [-] [108555] Writer thread running {{(pid=108555) stat_writer /opt/stack/data/venv/lib/python3.12/site-packages/dbcounter.py:102}}
May 09 03:22:46.247187 np0000172886 devstack@n-api-meta.service[108558]: DEBUG oslo_concurrency.lockutils [None req-eb4266cb-01dd-45b5-9106-4e947cf2cfc9 None None] Acquiring lock "d95ffc75-76b2-4aec-aa42-90b3d0261ba6" by "nova.context.set_target_cell..get_or_set_cached_cell_and_set_connections" {{(pid=108558) inner /opt/stack/data/venv/lib/python3.12/site-packages/oslo_concurrency/lockutils.py:506}}
May 09 03:22:46.247330 np0000172886 devstack@n-api-meta.service[108558]: DEBUG oslo_concurrency.lockutils [None req-eb4266cb-01dd-45b5-9106-4e947cf2cfc9 None None] Lock "d95ffc75-76b2-4aec-aa42-90b3d0261ba6" acquired by "nova.context.set_target_cell..get_or_set_cached_cell_and_set_connections" :: waited 0.000s {{(pid=108558) inner /opt/stack/data/venv/lib/python3.12/site-packages/oslo_concurrency/lockutils.py:519}}
May 09 03:22:46.248185 np0000172886 devstack@n-api-meta.service[108558]: DEBUG oslo_concurrency.lockutils [None req-eb4266cb-01dd-45b5-9106-4e947cf2cfc9 None None] Lock "d95ffc75-76b2-4aec-aa42-90b3d0261ba6" "released" by "nova.context.set_target_cell..get_or_set_cached_cell_and_set_connections" :: held 0.001s {{(pid=108558) inner /opt/stack/data/venv/lib/python3.12/site-packages/oslo_concurrency/lockutils.py:538}}
May 09 03:22:46.250710 np0000172886 devstack@n-api-meta.service[108556]: DEBUG dbcounter [-] [108556] Writer thread running {{(pid=108556) stat_writer /opt/stack/data/venv/lib/python3.12/site-packages/dbcounter.py:102}}
May 09 03:22:46.250804 np0000172886 devstack@n-api-meta.service[108558]: INFO dbcounter [None req-eb4266cb-01dd-45b5-9106-4e947cf2cfc9 None None] Registered counter for database nova_cell0
May 09 03:22:46.255293 np0000172886 devstack@n-api-meta.service[108555]: INFO dbcounter [None req-b8ca25d2-5297-4813-b9c1-3497a600c0e8 None None] Registered counter for database nova_cell0
May 09 03:22:46.258589 np0000172886 devstack@n-api-meta.service[108558]: INFO dbcounter [None req-eb4266cb-01dd-45b5-9106-4e947cf2cfc9 None None] Registered counter for database nova_cell1
May 09 03:22:46.268707 np0000172886 devstack@n-api-meta.service[108555]: DEBUG oslo_db.sqlalchemy.engines [None req-b8ca25d2-5297-4813-b9c1-3497a600c0e8 None None] MySQL server mode set to STRICT_TRANS_TABLES,STRICT_ALL_TABLES,NO_ZERO_IN_DATE,NO_ZERO_DATE,ERROR_FOR_DIVISION_BY_ZERO,TRADITIONAL,NO_ENGINE_SUBSTITUTION {{(pid=108555) _check_effective_sql_mode /opt/stack/data/venv/lib/python3.12/site-packages/oslo_db/sqlalchemy/engines.py:325}}
May 09 03:22:46.275873 np0000172886 devstack@n-api-meta.service[108558]: DEBUG oslo_db.sqlalchemy.engines [None req-eb4266cb-01dd-45b5-9106-4e947cf2cfc9 None None] MySQL server mode set to STRICT_TRANS_TABLES,STRICT_ALL_TABLES,NO_ZERO_IN_DATE,NO_ZERO_DATE,ERROR_FOR_DIVISION_BY_ZERO,TRADITIONAL,NO_ENGINE_SUBSTITUTION {{(pid=108558) _check_effective_sql_mode /opt/stack/data/venv/lib/python3.12/site-packages/oslo_db/sqlalchemy/engines.py:325}}
May 09 03:22:46.278879 np0000172886 devstack@n-api-meta.service[108555]: DEBUG dbcounter [-] [108555] Writer thread running {{(pid=108555) stat_writer /opt/stack/data/venv/lib/python3.12/site-packages/dbcounter.py:102}}
May 09 03:22:46.279626 np0000172886 devstack@n-api-meta.service[108558]: DEBUG oslo_db.sqlalchemy.engines [None req-eb4266cb-01dd-45b5-9106-4e947cf2cfc9 None None] MySQL server mode set to STRICT_TRANS_TABLES,STRICT_ALL_TABLES,NO_ZERO_IN_DATE,NO_ZERO_DATE,ERROR_FOR_DIVISION_BY_ZERO,TRADITIONAL,NO_ENGINE_SUBSTITUTION {{(pid=108558) _check_effective_sql_mode /opt/stack/data/venv/lib/python3.12/site-packages/oslo_db/sqlalchemy/engines.py:325}}
May 09 03:22:46.286783 np0000172886 devstack@n-api-meta.service[108557]: WARNING nova.api.metadata.handler [None req-75367c81-59b5-44ed-9739-2c72d82cd7f4 None None] metadata_proxy_shared_secret is not configured, the metadata information returned by the proxy cannot be trusted
May 09 03:22:46.289183 np0000172886 devstack@n-api-meta.service[108557]: DEBUG nova.api.openstack.wsgi_app [None req-75367c81-59b5-44ed-9739-2c72d82cd7f4 None None] ******************************************************************************** {{(pid=108557) log_opt_values /opt/stack/data/venv/lib/python3.12/site-packages/oslo_config/cfg.py:2979}}
May 09 03:22:46.289183 np0000172886 devstack@n-api-meta.service[108557]: DEBUG nova.api.openstack.wsgi_app [None req-75367c81-59b5-44ed-9739-2c72d82cd7f4 None None] Configuration options gathered from: {{(pid=108557) log_opt_values /opt/stack/data/venv/lib/python3.12/site-packages/oslo_config/cfg.py:2980}}
May 09 03:22:46.289388 np0000172886 devstack@n-api-meta.service[108557]: DEBUG nova.api.openstack.wsgi_app [None req-75367c81-59b5-44ed-9739-2c72d82cd7f4 None None] command line args: [] {{(pid=108557) log_opt_values /opt/stack/data/venv/lib/python3.12/site-packages/oslo_config/cfg.py:2981}}
May 09 03:22:46.289451 np0000172886 devstack@n-api-meta.service[108557]: DEBUG nova.api.openstack.wsgi_app [None req-75367c81-59b5-44ed-9739-2c72d82cd7f4 None None] config files: ['/etc/nova/api-paste.ini', '/etc/nova/nova.conf'] {{(pid=108557) log_opt_values /opt/stack/data/venv/lib/python3.12/site-packages/oslo_config/cfg.py:2982}}
May 09 03:22:46.289529 np0000172886 devstack@n-api-meta.service[108557]: DEBUG nova.api.openstack.wsgi_app [None req-75367c81-59b5-44ed-9739-2c72d82cd7f4 None None] ================================================================================ {{(pid=108557) log_opt_values /opt/stack/data/venv/lib/python3.12/site-packages/oslo_config/cfg.py:2987}}
May 09 03:22:46.289766 np0000172886 devstack@n-api-meta.service[108557]: DEBUG nova.api.openstack.wsgi_app [None req-75367c81-59b5-44ed-9739-2c72d82cd7f4 None None] allow_resize_to_same_host = True {{(pid=108557) log_opt_values /opt/stack/data/venv/lib/python3.12/site-packages/oslo_config/cfg.py:2995}}
May 09 03:22:46.289902 np0000172886 devstack@n-api-meta.service[108557]: DEBUG nova.api.openstack.wsgi_app [None req-75367c81-59b5-44ed-9739-2c72d82cd7f4 None None] arq_binding_timeout = 300 {{(pid=108557) log_opt_values /opt/stack/data/venv/lib/python3.12/site-packages/oslo_config/cfg.py:2995}}
May 09 03:22:46.289977 np0000172886 devstack@n-api-meta.service[108557]: DEBUG nova.api.openstack.wsgi_app [None req-75367c81-59b5-44ed-9739-2c72d82cd7f4 None None] block_device_allocate_retries = 60 {{(pid=108557) log_opt_values /opt/stack/data/venv/lib/python3.12/site-packages/oslo_config/cfg.py:2995}}
May 09 03:22:46.290115 np0000172886 devstack@n-api-meta.service[108557]: DEBUG nova.api.openstack.wsgi_app [None req-75367c81-59b5-44ed-9739-2c72d82cd7f4 None None] block_device_allocate_retries_interval = 3 {{(pid=108557) log_opt_values /opt/stack/data/venv/lib/python3.12/site-packages/oslo_config/cfg.py:2995}}
May 09 03:22:46.290231 np0000172886 devstack@n-api-meta.service[108557]: DEBUG nova.api.openstack.wsgi_app [None req-75367c81-59b5-44ed-9739-2c72d82cd7f4 None None] cell_worker_thread_pool_size = 5 {{(pid=108557) log_opt_values /opt/stack/data/venv/lib/python3.12/site-packages/oslo_config/cfg.py:2995}}
May 09 03:22:46.290367 np0000172886 devstack@n-api-meta.service[108557]: DEBUG nova.api.openstack.wsgi_app [None req-75367c81-59b5-44ed-9739-2c72d82cd7f4 None None] cert = self.pem {{(pid=108557) log_opt_values /opt/stack/data/venv/lib/python3.12/site-packages/oslo_config/cfg.py:2995}}
May 09 03:22:46.290488 np0000172886 devstack@n-api-meta.service[108557]: DEBUG nova.api.openstack.wsgi_app [None req-75367c81-59b5-44ed-9739-2c72d82cd7f4 None None] compute_driver = libvirt.LibvirtDriver {{(pid=108557) log_opt_values /opt/stack/data/venv/lib/python3.12/site-packages/oslo_config/cfg.py:2995}}
May 09 03:22:46.290642 np0000172886 devstack@n-api-meta.service[108557]: DEBUG nova.api.openstack.wsgi_app [None req-75367c81-59b5-44ed-9739-2c72d82cd7f4 None None] compute_monitors = [] {{(pid=108557) log_opt_values /opt/stack/data/venv/lib/python3.12/site-packages/oslo_config/cfg.py:2995}}
May 09 03:22:46.290765 np0000172886 devstack@n-api-meta.service[108557]: DEBUG nova.api.openstack.wsgi_app [None req-75367c81-59b5-44ed-9739-2c72d82cd7f4 None None] config_dir = [] {{(pid=108557) log_opt_values /opt/stack/data/venv/lib/python3.12/site-packages/oslo_config/cfg.py:2995}}
May 09 03:22:46.290911 np0000172886 devstack@n-api-meta.service[108557]: DEBUG nova.api.openstack.wsgi_app [None req-75367c81-59b5-44ed-9739-2c72d82cd7f4 None None] config_drive_format = iso9660 {{(pid=108557) log_opt_values /opt/stack/data/venv/lib/python3.12/site-packages/oslo_config/cfg.py:2995}}
May 09 03:22:46.291016 np0000172886 devstack@n-api-meta.service[108557]: DEBUG nova.api.openstack.wsgi_app [None req-75367c81-59b5-44ed-9739-2c72d82cd7f4 None None] config_file = ['/etc/nova/api-paste.ini', '/etc/nova/nova.conf'] {{(pid=108557) log_opt_values /opt/stack/data/venv/lib/python3.12/site-packages/oslo_config/cfg.py:2995}}
May 09 03:22:46.291147 np0000172886 devstack@n-api-meta.service[108557]: DEBUG nova.api.openstack.wsgi_app [None req-75367c81-59b5-44ed-9739-2c72d82cd7f4 None None] config_source = [] {{(pid=108557) log_opt_values /opt/stack/data/venv/lib/python3.12/site-packages/oslo_config/cfg.py:2995}}
May 09 03:22:46.291277 np0000172886 devstack@n-api-meta.service[108557]: DEBUG nova.api.openstack.wsgi_app [None req-75367c81-59b5-44ed-9739-2c72d82cd7f4 None None] console_host = np0000172886 {{(pid=108557) log_opt_values /opt/stack/data/venv/lib/python3.12/site-packages/oslo_config/cfg.py:2995}}
May 09 03:22:46.291405 np0000172886 devstack@n-api-meta.service[108557]: DEBUG nova.api.openstack.wsgi_app [None req-75367c81-59b5-44ed-9739-2c72d82cd7f4 None None] control_exchange = nova {{(pid=108557) log_opt_values /opt/stack/data/venv/lib/python3.12/site-packages/oslo_config/cfg.py:2995}}
May 09 03:22:46.291526 np0000172886 devstack@n-api-meta.service[108557]: DEBUG nova.api.openstack.wsgi_app [None req-75367c81-59b5-44ed-9739-2c72d82cd7f4 None None] cpu_allocation_ratio = None {{(pid=108557) log_opt_values /opt/stack/data/venv/lib/python3.12/site-packages/oslo_config/cfg.py:2995}}
May 09 03:22:46.291666 np0000172886 devstack@n-api-meta.service[108557]: DEBUG nova.api.openstack.wsgi_app [None req-75367c81-59b5-44ed-9739-2c72d82cd7f4 None None] daemon = False {{(pid=108557) log_opt_values /opt/stack/data/venv/lib/python3.12/site-packages/oslo_config/cfg.py:2995}}
May 09 03:22:46.291795 np0000172886 devstack@n-api-meta.service[108557]: DEBUG nova.api.openstack.wsgi_app [None req-75367c81-59b5-44ed-9739-2c72d82cd7f4 None None] debug = True {{(pid=108557) log_opt_values /opt/stack/data/venv/lib/python3.12/site-packages/oslo_config/cfg.py:2995}}
May 09 03:22:46.291919 np0000172886 devstack@n-api-meta.service[108557]: DEBUG nova.api.openstack.wsgi_app [None req-75367c81-59b5-44ed-9739-2c72d82cd7f4 None None] default_access_ip_network_name = None {{(pid=108557) log_opt_values /opt/stack/data/venv/lib/python3.12/site-packages/oslo_config/cfg.py:2995}}
May 09 03:22:46.292047 np0000172886 devstack@n-api-meta.service[108557]: DEBUG nova.api.openstack.wsgi_app [None req-75367c81-59b5-44ed-9739-2c72d82cd7f4 None None] default_availability_zone = nova {{(pid=108557) log_opt_values /opt/stack/data/venv/lib/python3.12/site-packages/oslo_config/cfg.py:2995}}
May 09 03:22:46.292173 np0000172886 devstack@n-api-meta.service[108557]: DEBUG nova.api.openstack.wsgi_app [None req-75367c81-59b5-44ed-9739-2c72d82cd7f4 None None] default_ephemeral_format = ext4 {{(pid=108557) log_opt_values /opt/stack/data/venv/lib/python3.12/site-packages/oslo_config/cfg.py:2995}}
May 09 03:22:46.292473 np0000172886 devstack@n-api-meta.service[108557]: DEBUG nova.api.openstack.wsgi_app [None req-75367c81-59b5-44ed-9739-2c72d82cd7f4 None None] default_green_pool_size = 1000 {{(pid=108557) log_opt_values /opt/stack/data/venv/lib/python3.12/site-packages/oslo_config/cfg.py:2995}}
May 09 03:22:46.292473 np0000172886 devstack@n-api-meta.service[108557]: DEBUG nova.api.openstack.wsgi_app [None req-75367c81-59b5-44ed-9739-2c72d82cd7f4 None None] default_log_levels = ['amqp=WARN', 'boto=WARN', 'sqlalchemy=WARN', 'suds=INFO', 'oslo.messaging=INFO', 'oslo_messaging=INFO', 'iso8601=WARN', 'requests.packages.urllib3.connectionpool=WARN', 'urllib3.connectionpool=WARN', 'websocket=WARN', 'requests.packages.urllib3.util.retry=WARN', 'urllib3.util.retry=WARN', 'keystonemiddleware=WARN', 'routes.middleware=WARN', 'stevedore=WARN', 'taskflow=WARN', 'keystoneauth=WARN', 'oslo.cache=INFO', 'oslo_policy=INFO', 'dogpile.core.dogpile=INFO', 'glanceclient=WARN', 'oslo.privsep.daemon=INFO'] {{(pid=108557) log_opt_values /opt/stack/data/venv/lib/python3.12/site-packages/oslo_config/cfg.py:2995}}
May 09 03:22:46.292850 np0000172886 devstack@n-api-meta.service[108557]: DEBUG nova.api.openstack.wsgi_app [None req-75367c81-59b5-44ed-9739-2c72d82cd7f4 None None] default_schedule_zone = None {{(pid=108557) log_opt_values /opt/stack/data/venv/lib/python3.12/site-packages/oslo_config/cfg.py:2995}}
May 09 03:22:46.292850 np0000172886 devstack@n-api-meta.service[108557]: DEBUG nova.api.openstack.wsgi_app [None req-75367c81-59b5-44ed-9739-2c72d82cd7f4 None None] default_thread_pool_size = 10 {{(pid=108557) log_opt_values /opt/stack/data/venv/lib/python3.12/site-packages/oslo_config/cfg.py:2995}}
May 09 03:22:46.293001 np0000172886 devstack@n-api-meta.service[108557]: DEBUG nova.api.openstack.wsgi_app [None req-75367c81-59b5-44ed-9739-2c72d82cd7f4 None None] disk_allocation_ratio = None {{(pid=108557) log_opt_values /opt/stack/data/venv/lib/python3.12/site-packages/oslo_config/cfg.py:2995}}
May 09 03:22:46.293001 np0000172886 devstack@n-api-meta.service[108557]: DEBUG nova.api.openstack.wsgi_app [None req-75367c81-59b5-44ed-9739-2c72d82cd7f4 None None] enable_new_services = True {{(pid=108557) log_opt_values /opt/stack/data/venv/lib/python3.12/site-packages/oslo_config/cfg.py:2995}}
May 09 03:22:46.293141 np0000172886 devstack@n-api-meta.service[108557]: DEBUG nova.api.openstack.wsgi_app [None req-75367c81-59b5-44ed-9739-2c72d82cd7f4 None None] flat_injected = False {{(pid=108557) log_opt_values /opt/stack/data/venv/lib/python3.12/site-packages/oslo_config/cfg.py:2995}}
May 09 03:22:46.293260 np0000172886 devstack@n-api-meta.service[108557]: DEBUG nova.api.openstack.wsgi_app [None req-75367c81-59b5-44ed-9739-2c72d82cd7f4 None None] force_config_drive = False {{(pid=108557) log_opt_values /opt/stack/data/venv/lib/python3.12/site-packages/oslo_config/cfg.py:2995}}
May 09 03:22:46.293378 np0000172886 devstack@n-api-meta.service[108557]: DEBUG nova.api.openstack.wsgi_app [None req-75367c81-59b5-44ed-9739-2c72d82cd7f4 None None] force_raw_images = True {{(pid=108557) log_opt_values /opt/stack/data/venv/lib/python3.12/site-packages/oslo_config/cfg.py:2995}}
May 09 03:22:46.293511 np0000172886 devstack@n-api-meta.service[108557]: DEBUG nova.api.openstack.wsgi_app [None req-75367c81-59b5-44ed-9739-2c72d82cd7f4 None None] graceful_shutdown_timeout = 5 {{(pid=108557) log_opt_values /opt/stack/data/venv/lib/python3.12/site-packages/oslo_config/cfg.py:2995}}
May 09 03:22:46.293661 np0000172886 devstack@n-api-meta.service[108557]: DEBUG nova.api.openstack.wsgi_app [None req-75367c81-59b5-44ed-9739-2c72d82cd7f4 None None] heal_instance_info_cache_interval = -1 {{(pid=108557) log_opt_values /opt/stack/data/venv/lib/python3.12/site-packages/oslo_config/cfg.py:2995}}
May 09 03:22:46.293842 np0000172886 devstack@n-api-meta.service[108557]: DEBUG nova.api.openstack.wsgi_app [None req-75367c81-59b5-44ed-9739-2c72d82cd7f4 None None] host = np0000172886 {{(pid=108557) log_opt_values /opt/stack/data/venv/lib/python3.12/site-packages/oslo_config/cfg.py:2995}}
May 09 03:22:46.293981 np0000172886 devstack@n-api-meta.service[108557]: DEBUG nova.api.openstack.wsgi_app [None req-75367c81-59b5-44ed-9739-2c72d82cd7f4 None None] initial_cpu_allocation_ratio = 4.0 {{(pid=108557) log_opt_values /opt/stack/data/venv/lib/python3.12/site-packages/oslo_config/cfg.py:2995}}
May 09 03:22:46.294109 np0000172886 devstack@n-api-meta.service[108557]: DEBUG nova.api.openstack.wsgi_app [None req-75367c81-59b5-44ed-9739-2c72d82cd7f4 None None] initial_disk_allocation_ratio = 1.0 {{(pid=108557) log_opt_values /opt/stack/data/venv/lib/python3.12/site-packages/oslo_config/cfg.py:2995}}
May 09 03:22:46.294235 np0000172886 devstack@n-api-meta.service[108557]: DEBUG nova.api.openstack.wsgi_app [None req-75367c81-59b5-44ed-9739-2c72d82cd7f4 None None] initial_ram_allocation_ratio = 1.0 {{(pid=108557) log_opt_values /opt/stack/data/venv/lib/python3.12/site-packages/oslo_config/cfg.py:2995}}
May 09 03:22:46.294409 np0000172886 devstack@n-api-meta.service[108557]: DEBUG nova.api.openstack.wsgi_app [None req-75367c81-59b5-44ed-9739-2c72d82cd7f4 None None] injected_network_template = /opt/stack/nova/nova/virt/interfaces.template {{(pid=108557) log_opt_values /opt/stack/data/venv/lib/python3.12/site-packages/oslo_config/cfg.py:2995}}
May 09 03:22:46.294536 np0000172886 devstack@n-api-meta.service[108557]: DEBUG nova.api.openstack.wsgi_app [None req-75367c81-59b5-44ed-9739-2c72d82cd7f4 None None] instance_build_timeout = 0 {{(pid=108557) log_opt_values /opt/stack/data/venv/lib/python3.12/site-packages/oslo_config/cfg.py:2995}}
May 09 03:22:46.294686 np0000172886 devstack@n-api-meta.service[108557]: DEBUG nova.api.openstack.wsgi_app [None req-75367c81-59b5-44ed-9739-2c72d82cd7f4 None None] instance_delete_interval = 300 {{(pid=108557) log_opt_values /opt/stack/data/venv/lib/python3.12/site-packages/oslo_config/cfg.py:2995}}
May 09 03:22:46.294853 np0000172886 devstack@n-api-meta.service[108557]: DEBUG nova.api.openstack.wsgi_app [None req-75367c81-59b5-44ed-9739-2c72d82cd7f4 None None] instance_format = [instance: %(uuid)s] {{(pid=108557) log_opt_values /opt/stack/data/venv/lib/python3.12/site-packages/oslo_config/cfg.py:2995}}
May 09 03:22:46.294983 np0000172886 devstack@n-api-meta.service[108557]: DEBUG nova.api.openstack.wsgi_app [None req-75367c81-59b5-44ed-9739-2c72d82cd7f4 None None] instance_name_template = instance-%08x {{(pid=108557) log_opt_values /opt/stack/data/venv/lib/python3.12/site-packages/oslo_config/cfg.py:2995}}
May 09 03:22:46.295109 np0000172886 devstack@n-api-meta.service[108557]: DEBUG nova.api.openstack.wsgi_app [None req-75367c81-59b5-44ed-9739-2c72d82cd7f4 None None] instance_usage_audit = False {{(pid=108557) log_opt_values /opt/stack/data/venv/lib/python3.12/site-packages/oslo_config/cfg.py:2995}}
May 09 03:22:46.295244 np0000172886 devstack@n-api-meta.service[108557]: DEBUG nova.api.openstack.wsgi_app [None req-75367c81-59b5-44ed-9739-2c72d82cd7f4 None None] instance_usage_audit_period = month {{(pid=108557) log_opt_values /opt/stack/data/venv/lib/python3.12/site-packages/oslo_config/cfg.py:2995}}
May 09 03:22:46.295375 np0000172886 devstack@n-api-meta.service[108557]: DEBUG nova.api.openstack.wsgi_app [None req-75367c81-59b5-44ed-9739-2c72d82cd7f4 None None] instance_uuid_format = [instance: %(uuid)s] {{(pid=108557) log_opt_values /opt/stack/data/venv/lib/python3.12/site-packages/oslo_config/cfg.py:2995}}
May 09 03:22:46.295505 np0000172886 devstack@n-api-meta.service[108557]: DEBUG nova.api.openstack.wsgi_app [None req-75367c81-59b5-44ed-9739-2c72d82cd7f4 None None] instances_path = /opt/stack/data/nova/instances {{(pid=108557) log_opt_values /opt/stack/data/venv/lib/python3.12/site-packages/oslo_config/cfg.py:2995}}
May 09 03:22:46.295654 np0000172886 devstack@n-api-meta.service[108557]: DEBUG nova.api.openstack.wsgi_app [None req-75367c81-59b5-44ed-9739-2c72d82cd7f4 None None] internal_service_availability_zone = internal {{(pid=108557) log_opt_values /opt/stack/data/venv/lib/python3.12/site-packages/oslo_config/cfg.py:2995}}
May 09 03:22:46.295779 np0000172886 devstack@n-api-meta.service[108557]: DEBUG nova.api.openstack.wsgi_app [None req-75367c81-59b5-44ed-9739-2c72d82cd7f4 None None] key = None {{(pid=108557) log_opt_values /opt/stack/data/venv/lib/python3.12/site-packages/oslo_config/cfg.py:2995}}
