2026-05-26 07:07:29.312 9 INFO neutron.db.ovn_revision_numbers_db [None req-fde6124a-2e84-43bb-b866-4b2944c69b2b e160c8d2e7734e6eaf7cf3c34533c8aa 89a95844525041ccab7632485cc48e4a - - default default] Successfully bumped revision number for resource 65e8f54e-5ac1-4688-b8eb-067913d4b6bf (type: security_groups) to 1
2026-05-26 07:07:29.326 9 INFO neutron.db.ovn_revision_numbers_db [None req-fde6124a-2e84-43bb-b866-4b2944c69b2b e160c8d2e7734e6eaf7cf3c34533c8aa 89a95844525041ccab7632485cc48e4a - - default default] Successfully bumped revision number for resource 0adb1acd-c32a-463c-bf6d-170e9575a9e6 (type: security_group_rules) to 0
2026-05-26 07:07:29.338 9 INFO neutron.db.ovn_revision_numbers_db [None req-fde6124a-2e84-43bb-b866-4b2944c69b2b e160c8d2e7734e6eaf7cf3c34533c8aa 89a95844525041ccab7632485cc48e4a - - default default] Successfully bumped revision number for resource 332a00ed-ce08-491e-8eee-28783adbbba3 (type: security_group_rules) to 0
2026-05-26 07:07:29.352 9 INFO neutron.db.ovn_revision_numbers_db [None req-fde6124a-2e84-43bb-b866-4b2944c69b2b e160c8d2e7734e6eaf7cf3c34533c8aa 89a95844525041ccab7632485cc48e4a - - default default] Successfully bumped revision number for resource 4f20426b-68d1-419d-9670-fefe8a9de474 (type: security_group_rules) to 0
2026-05-26 07:07:29.362 9 INFO neutron.db.ovn_revision_numbers_db [None req-fde6124a-2e84-43bb-b866-4b2944c69b2b e160c8d2e7734e6eaf7cf3c34533c8aa 89a95844525041ccab7632485cc48e4a - - default default] Successfully bumped revision number for resource 90e6084e-cad1-4267-a698-e2e971be388a (type: security_group_rules) to 0
2026-05-26 07:07:29.401 9 INFO neutron.api.wsgi [None req-fde6124a-2e84-43bb-b866-4b2944c69b2b e160c8d2e7734e6eaf7cf3c34533c8aa 89a95844525041ccab7632485cc48e4a - - default default] 10.0.0.207 "GET /v2.0/security-groups?tenant_id=96031501e871416089248334332fd1a3&name=default HTTP/1.1" status: 200 len: 3124 time: 0.3086407
2026-05-26 07:07:29.624 9 INFO neutron.api.wsgi [None req-dc109335-2c66-4fbb-80d9-bb5ffe908ab9 e160c8d2e7734e6eaf7cf3c34533c8aa 89a95844525041ccab7632485cc48e4a - - default default] 10.0.0.207 "DELETE /v2.0/security-groups/65e8f54e-5ac1-4688-b8eb-067913d4b6bf HTTP/1.1" status: 204 len: 168 time: 0.2184725
2026-05-26 07:07:29.734 8 INFO neutron.api.wsgi [None req-29d9b1e1-5041-4891-95b9-03dddd37d662 e160c8d2e7734e6eaf7cf3c34533c8aa 89a95844525041ccab7632485cc48e4a - - default default] 10.0.0.207 "GET /v2.0/security-groups?tenant_id=df370ee3707d488189d724fdce057a4f&name=default HTTP/1.1" status: 200 len: 3124 time: 0.0328357
2026-05-26 07:07:29.943 8 INFO neutron.api.wsgi [None req-ee22fbeb-36aa-4292-816d-faa100463fd9 e160c8d2e7734e6eaf7cf3c34533c8aa 89a95844525041ccab7632485cc48e4a - - default default] 10.0.0.207 "DELETE /v2.0/security-groups/7e5541ad-e6cd-4022-9eaf-796e13bd3b3f HTTP/1.1" status: 204 len: 168 time: 0.2046287
2026-05-26 07:07:31.812 9 INFO neutron.api.wsgi [None req-c5a83de7-daf8-4bc8-942e-a7f2e02a5975 e160c8d2e7734e6eaf7cf3c34533c8aa 89a95844525041ccab7632485cc48e4a - - default default] 199.204.45.30 "GET /v2.0/extensions/security-group HTTP/1.1" status: 200 len: 369 time: 0.1664793
2026-05-26 07:07:31.820 9 INFO neutron.api.wsgi [None req-56837dbb-326b-4b79-9ab6-b880e9f58057 e160c8d2e7734e6eaf7cf3c34533c8aa 89a95844525041ccab7632485cc48e4a - - default default] 199.204.45.30 "GET /v2.0/extensions/dns-integration HTTP/1.1" status: 200 len: 371 time: 0.0043533
2026-05-26 07:07:31.830 9 INFO neutron.api.wsgi [None req-b1ff94d6-dde4-4161-bf5d-877df367b485 e160c8d2e7734e6eaf7cf3c34533c8aa 89a95844525041ccab7632485cc48e4a - - default default] 199.204.45.30 "GET /v2.0/extensions/qos HTTP/1.1" status: 200 len: 365 time: 0.0041602
2026-05-26 07:07:31.840 9 INFO neutron.api.wsgi [None req-1f65c51f-26e2-4d58-9c85-6f43c22ea982 e160c8d2e7734e6eaf7cf3c34533c8aa 89a95844525041ccab7632485cc48e4a - - default default] 199.204.45.30 "GET /v2.0/extensions/allowed-address-pairs HTTP/1.1" status: 200 len: 383 time: 0.0048773
2026-05-26 07:07:31.876 9 INFO neutron.api.wsgi [None req-da7f0e6c-f95f-421b-81b4-30e6914af557 e160c8d2e7734e6eaf7cf3c34533c8aa 89a95844525041ccab7632485cc48e4a - - default default] 199.204.45.30 "GET /v2.0/ports/74a95f5c-cf8a-4cdb-91c8-fd64801c70f6 HTTP/1.1" status: 200 len: 1332 time: 0.0284424
2026-05-26 07:07:32.103 9 INFO neutron.api.wsgi [None req-4b2d9e76-e8ed-46a1-ba54-ed90aa37a6dd e160c8d2e7734e6eaf7cf3c34533c8aa 89a95844525041ccab7632485cc48e4a - - default default] 199.204.45.30 "GET /v2.0/extensions/security-group HTTP/1.1" status: 200 len: 369 time: 0.0067956
2026-05-26 07:07:32.110 9 INFO neutron.api.wsgi [None req-6f9235c7-ac98-4acc-95d2-4fd01fdec58c e160c8d2e7734e6eaf7cf3c34533c8aa 89a95844525041ccab7632485cc48e4a - - default default] 199.204.45.30 "GET /v2.0/extensions/dns-integration HTTP/1.1" status: 200 len: 371 time: 0.0035338
2026-05-26 07:07:32.116 9 INFO neutron.api.wsgi [None req-bb32cb3d-093d-4dff-8955-1ae096ceb635 e160c8d2e7734e6eaf7cf3c34533c8aa 89a95844525041ccab7632485cc48e4a - - default default] 199.204.45.30 "GET /v2.0/extensions/qos HTTP/1.1" status: 200 len: 365 time: 0.0035408
2026-05-26 07:07:32.123 9 INFO neutron.api.wsgi [None req-ae19b591-1033-4271-ac32-a9b67824a886 e160c8d2e7734e6eaf7cf3c34533c8aa 89a95844525041ccab7632485cc48e4a - - default default] 199.204.45.30 "GET /v2.0/extensions/allowed-address-pairs HTTP/1.1" status: 200 len: 383 time: 0.0036471
2026-05-26 07:07:32.133 9 INFO neutron.api.v2.resource [None req-fa97caec-9114-4786-8a5d-94db9d0626d6 e160c8d2e7734e6eaf7cf3c34533c8aa 89a95844525041ccab7632485cc48e4a - - default default] show failed (client error): The resource could not be found.
2026-05-26 07:07:32.134 9 INFO neutron.api.wsgi [None req-fa97caec-9114-4786-8a5d-94db9d0626d6 e160c8d2e7734e6eaf7cf3c34533c8aa 89a95844525041ccab7632485cc48e4a - - default default] 199.204.45.30 "GET /v2.0/security-groups/lb-fc40628e-fbf2-43fc-bcba-bcdb550940e2 HTTP/1.1" status: 404 len: 355 time: 0.0089791
2026-05-26 07:07:32.165 9 INFO neutron.api.wsgi [None req-274c422d-4b7a-4f69-a7c5-a96f4a500a78 e160c8d2e7734e6eaf7cf3c34533c8aa 89a95844525041ccab7632485cc48e4a - - default default] 199.204.45.30 "GET /v2.0/security-groups?name=lb-fc40628e-fbf2-43fc-bcba-bcdb550940e2 HTTP/1.1" status: 200 len: 221 time: 0.0283136
2026-05-26 07:07:32.268 9 INFO neutron.db.ovn_revision_numbers_db [None req-f18a598b-0a19-447a-986a-9543ce5da4b9 e160c8d2e7734e6eaf7cf3c34533c8aa 89a95844525041ccab7632485cc48e4a - - default default] Successfully bumped revision number for resource 6d1bbdf1-8946-4c1f-91e8-50e6546bcc31 (type: security_groups) to 1
2026-05-26 07:07:32.280 9 INFO neutron.db.ovn_revision_numbers_db [None req-f18a598b-0a19-447a-986a-9543ce5da4b9 e160c8d2e7734e6eaf7cf3c34533c8aa 89a95844525041ccab7632485cc48e4a - - default default] Successfully bumped revision number for resource 284df366-327b-411b-a9bb-e56217ccaa23 (type: security_group_rules) to 0
2026-05-26 07:07:32.294 9 INFO neutron.db.ovn_revision_numbers_db [None req-f18a598b-0a19-447a-986a-9543ce5da4b9 e160c8d2e7734e6eaf7cf3c34533c8aa 89a95844525041ccab7632485cc48e4a - - default default] Successfully bumped revision number for resource 572cc478-706d-42ff-900d-afa3c0e1dafb (type: security_group_rules) to 0
2026-05-26 07:07:32.328 9 INFO neutron.api.wsgi [None req-f18a598b-0a19-447a-986a-9543ce5da4b9 e160c8d2e7734e6eaf7cf3c34533c8aa 89a95844525041ccab7632485cc48e4a - - default default] 199.204.45.30 "POST /v2.0/security-groups HTTP/1.1" status: 201 len: 1843 time: 0.1573970
2026-05-26 07:07:32.367 9 INFO neutron.api.wsgi [None req-f6c784aa-f8f6-4fb7-a239-f9256b34ddf3 e160c8d2e7734e6eaf7cf3c34533c8aa 89a95844525041ccab7632485cc48e4a - - default default] 199.204.45.30 "GET /v2.0/security-group-rules?security_group_id=6d1bbdf1-8946-4c1f-91e8-50e6546bcc31 HTTP/1.1" status: 200 len: 1382 time: 0.0336244
2026-05-26 07:07:32.656 9 INFO neutron.db.ovn_revision_numbers_db [None req-b1534c02-78fa-49cb-a11f-11b0b885bf66 e160c8d2e7734e6eaf7cf3c34533c8aa 89a95844525041ccab7632485cc48e4a - - default default] Successfully bumped revision number for resource 74a95f5c-cf8a-4cdb-91c8-fd64801c70f6 (type: ports) to 2
2026-05-26 07:07:32.663 9 INFO neutron.api.wsgi [None req-b1534c02-78fa-49cb-a11f-11b0b885bf66 e160c8d2e7734e6eaf7cf3c34533c8aa 89a95844525041ccab7632485cc48e4a - - default default] 199.204.45.30 "PUT /v2.0/ports/74a95f5c-cf8a-4cdb-91c8-fd64801c70f6 HTTP/1.1" status: 200 len: 1332 time: 0.2869802 /var/lib/openstack/lib/python3.12/site-packages/pycadf/identifier.py:71: UserWarning: Invalid uuid: neutron. To ensure interoperability, identifiers should be a valid uuid. warnings.warn(('Invalid uuid: %s. To ensure interoperability, '
2026-05-26 07:07:32.719 9 INFO neutron.api.wsgi [None req-a2fd3265-0912-47b5-ada0-27fe0b4d3518 e160c8d2e7734e6eaf7cf3c34533c8aa 89a95844525041ccab7632485cc48e4a - - default default] 199.204.45.30 "GET /v2.0/extensions/security-group HTTP/1.1" status: 200 len: 369 time: 0.0061226
2026-05-26 07:07:32.726 9 INFO neutron.api.wsgi [None req-aa6453ad-b0bd-4ce8-88d4-36973cdabbd7 e160c8d2e7734e6eaf7cf3c34533c8aa 89a95844525041ccab7632485cc48e4a - - default default] 199.204.45.30 "GET /v2.0/extensions/dns-integration HTTP/1.1" status: 200 len: 371 time: 0.0035329
2026-05-26 07:07:32.733 9 INFO neutron.api.wsgi [None req-6daa1714-a148-40c2-8984-b7f81e3e586d e160c8d2e7734e6eaf7cf3c34533c8aa 89a95844525041ccab7632485cc48e4a - - default default] 199.204.45.30 "GET /v2.0/extensions/qos HTTP/1.1" status: 200 len: 365 time: 0.0033424
2026-05-26 07:07:32.739 9 INFO neutron.api.wsgi [None req-d794594f-c75a-4bcf-945e-6a8b6ffa9deb e160c8d2e7734e6eaf7cf3c34533c8aa 89a95844525041ccab7632485cc48e4a - - default default] 199.204.45.30 "GET /v2.0/extensions/allowed-address-pairs HTTP/1.1" status: 200 len: 383 time: 0.0033705
2026-05-26 07:07:32.764 9 INFO neutron.api.wsgi [None req-8df535fe-746e-4784-a8fa-9eac4cd85eac e160c8d2e7734e6eaf7cf3c34533c8aa 89a95844525041ccab7632485cc48e4a - - default default] 199.204.45.30 "GET /v2.0/subnets/9fda17ee-a6d2-472f-9cf5-5c337bec109a HTTP/1.1" status: 200 len: 874 time: 0.0209925
2026-05-26 07:07:38.664 9 INFO neutron.api.wsgi [-] 10.0.0.99 "GET / HTTP/1.1" status: 200 len: 245 time: 0.0028105
2026-05-26 07:07:38.664 8 INFO neutron.api.wsgi [-] 10.0.0.99 "GET / HTTP/1.1" status: 200 len: 245 time: 0.0026064
2026-05-26 07:07:40.099 9 INFO neutron.api.wsgi [req-aede1f1b-c723-465c-866e-4aa6ab31ec7a req-5672d4c6-3b9e-4f37-89b7-35b96a396e12 e160c8d2e7734e6eaf7cf3c34533c8aa 89a95844525041ccab7632485cc48e4a - - default default] 10.0.0.108 "GET /v2.0/security-groups?id=38738dc8-1462-4164-90db-f0bfed9de3aa&fields=id HTTP/1.1" status: 200 len: 267 time: 0.0366616
2026-05-26 07:07:40.159 9 INFO neutron.api.wsgi [req-aede1f1b-c723-465c-866e-4aa6ab31ec7a req-05d58520-1909-4cab-b891-d54445fb4c79 e160c8d2e7734e6eaf7cf3c34533c8aa 89a95844525041ccab7632485cc48e4a - - default default] 10.0.0.108 "GET /v2.0/networks?id=44fa778c-21f5-4884-90e8-0e9cad172e67 HTTP/1.1" status: 200 len: 937 time: 0.0534956
2026-05-26 07:07:40.172 9 INFO neutron.api.wsgi [req-aede1f1b-c723-465c-866e-4aa6ab31ec7a req-315a1b12-3f86-4fdf-a4bf-5cddbeaac312 e160c8d2e7734e6eaf7cf3c34533c8aa 89a95844525041ccab7632485cc48e4a - - default default] 10.0.0.108 "GET /v2.0/quotas/89a95844525041ccab7632485cc48e4a HTTP/1.1" status: 200 len: 490 time: 0.0082386
2026-05-26 07:07:40.237 9 INFO neutron.api.wsgi [req-aede1f1b-c723-465c-866e-4aa6ab31ec7a req-bf2886c6-79f0-4d75-802f-640f37eccb32 e160c8d2e7734e6eaf7cf3c34533c8aa 89a95844525041ccab7632485cc48e4a - - default default] 10.0.0.108 "GET /v2.0/ports?tenant_id=89a95844525041ccab7632485cc48e4a&fields=id HTTP/1.1" status: 200 len: 348 time: 0.0591125
2026-05-26 07:07:40.289 9 INFO neutron.api.wsgi [req-aede1f1b-c723-465c-866e-4aa6ab31ec7a req-76999e8d-9c26-4c1d-b2f4-db229d970ed4 4abea671090947dca74b0e3db09dbaca 93ccbecc954c43b79f2e6467f122235e - - e3b5e78bc78843418398fe5f07733bc6 e3b5e78bc78843418398fe5f07733bc6] 10.0.0.108 "GET /v2.0/networks/44fa778c-21f5-4884-90e8-0e9cad172e67?fields=segments HTTP/1.1" status: 200 len: 212 time: 0.0419383
2026-05-26 07:07:40.344 9 INFO neutron.api.wsgi [req-aede1f1b-c723-465c-866e-4aa6ab31ec7a req-9c82484b-52f3-4fac-bd7d-702b6da4dfbf 4abea671090947dca74b0e3db09dbaca 93ccbecc954c43b79f2e6467f122235e - - e3b5e78bc78843418398fe5f07733bc6 e3b5e78bc78843418398fe5f07733bc6] 10.0.0.108 "GET /v2.0/networks/44fa778c-21f5-4884-90e8-0e9cad172e67?fields=provider%3Aphysical_network&fields=provider%3Anetwork_type HTTP/1.1" status: 200 len: 277 time: 0.0483427
2026-05-26 07:07:41.011 8 INFO neutron.api.wsgi [req-a1a0f9ed-727f-4cd6-bc61-7b86ee023f2d req-eaeba866-57b1-4d1e-a0aa-25b66f44dbfd e160c8d2e7734e6eaf7cf3c34533c8aa 89a95844525041ccab7632485cc48e4a - - default default] 10.0.0.108 "GET /v2.0/ports?device_id=ac4a589d-4dd4-4168-b8ca-68b246948def HTTP/1.1" status: 200 len: 210 time: 0.0191963
2026-05-26 07:07:41.064 9 INFO neutron.api.wsgi [req-e55801a7-9095-4920-874b-3c6e08ad141f req-825af808-d09f-450f-821c-1c9c39d35265 e160c8d2e7734e6eaf7cf3c34533c8aa 89a95844525041ccab7632485cc48e4a - - default default] 10.0.0.108 "GET /v2.0/ports?device_id=ac4a589d-4dd4-4168-b8ca-68b246948def HTTP/1.1" status: 200 len: 210 time: 0.0187387
2026-05-26 07:07:43.708 9 INFO neutron.api.wsgi [req-22710b3a-fabd-493c-8460-ca46fb566c6c req-658b59ec-6661-4b4f-ac87-36f78c22ab05 e160c8d2e7734e6eaf7cf3c34533c8aa 89a95844525041ccab7632485cc48e4a - - default default] 10.0.0.108 "GET /v2.0/ports?device_id=ac4a589d-4dd4-4168-b8ca-68b246948def HTTP/1.1" status: 200 len: 210 time: 0.0171597
2026-05-26 07:07:43.794 8 INFO neutron.api.wsgi [req-ea819975-9bae-4f78-85ed-85021f4a7ca2 req-f04937c5-0fa7-41a1-9b02-9667344cb761 e160c8d2e7734e6eaf7cf3c34533c8aa 89a95844525041ccab7632485cc48e4a - - default default] 10.0.0.108 "GET /v2.0/ports?device_id=ac4a589d-4dd4-4168-b8ca-68b246948def HTTP/1.1" status: 200 len: 210 time: 0.0209961
2026-05-26 07:07:45.004 8 INFO neutron.api.wsgi [req-aede1f1b-c723-465c-866e-4aa6ab31ec7a req-b0fcf0eb-15dc-4393-ac00-eef68bf635e8 e160c8d2e7734e6eaf7cf3c34533c8aa 89a95844525041ccab7632485cc48e4a - - default default] 199.204.45.30 "GET /v2.0/networks?id=44fa778c-21f5-4884-90e8-0e9cad172e67 HTTP/1.1" status: 200 len: 937 time: 0.0529134
2026-05-26 07:07:45.050 8 INFO neutron.api.wsgi [req-aede1f1b-c723-465c-866e-4aa6ab31ec7a req-a3a387cd-c7c7-4c5e-9f77-13ff07245c35 e160c8d2e7734e6eaf7cf3c34533c8aa 89a95844525041ccab7632485cc48e4a - - default default] 199.204.45.30 "GET /v2.0/security-groups?fields=id&fields=name&tenant_id=89a95844525041ccab7632485cc48e4a HTTP/1.1" status: 200 len: 542 time: 0.0400915
2026-05-26 07:07:45.366 8 WARNING neutron.scheduler.dhcp_agent_scheduler [req-aede1f1b-c723-465c-866e-4aa6ab31ec7a req-59234a73-7657-48ef-b2cf-ee8a5e4979e0 e160c8d2e7734e6eaf7cf3c34533c8aa 89a95844525041ccab7632485cc48e4a - - default default] No more DHCP agents
2026-05-26 07:07:45.367 8 WARNING neutron.api.rpc.agentnotifiers.dhcp_rpc_agent_api [req-aede1f1b-c723-465c-866e-4aa6ab31ec7a req-59234a73-7657-48ef-b2cf-ee8a5e4979e0 e160c8d2e7734e6eaf7cf3c34533c8aa 89a95844525041ccab7632485cc48e4a - - default default] Unable to schedule network 44fa778c-21f5-4884-90e8-0e9cad172e67: no agents available; will retry on subsequent port and subnet creation events.
2026-05-26 07:07:45.511 8 INFO neutron.db.ovn_revision_numbers_db [req-aede1f1b-c723-465c-866e-4aa6ab31ec7a req-59234a73-7657-48ef-b2cf-ee8a5e4979e0 e160c8d2e7734e6eaf7cf3c34533c8aa 89a95844525041ccab7632485cc48e4a - - default default] Successfully bumped revision number for resource fe820992-aa71-4de2-9728-ce06b5a9c710 (type: ports) to 1
2026-05-26 07:07:45.539 8 INFO neutron.api.wsgi [req-aede1f1b-c723-465c-866e-4aa6ab31ec7a req-59234a73-7657-48ef-b2cf-ee8a5e4979e0 e160c8d2e7734e6eaf7cf3c34533c8aa 89a95844525041ccab7632485cc48e4a - - default default] 199.204.45.30 "POST /v2.0/ports HTTP/1.1" status: 201 len: 1287 time: 0.4841399 /var/lib/openstack/lib/python3.12/site-packages/pycadf/identifier.py:71: UserWarning: Invalid uuid: neutron. To ensure interoperability, identifiers should be a valid uuid. warnings.warn(('Invalid uuid: %s. To ensure interoperability, '
2026-05-26 07:07:45.902 8 INFO neutron.db.ovn_revision_numbers_db [req-aede1f1b-c723-465c-866e-4aa6ab31ec7a req-f0ed355e-a84e-47a4-8916-de96809c46b9 4abea671090947dca74b0e3db09dbaca 93ccbecc954c43b79f2e6467f122235e - - e3b5e78bc78843418398fe5f07733bc6 e3b5e78bc78843418398fe5f07733bc6] Successfully bumped revision number for resource fe820992-aa71-4de2-9728-ce06b5a9c710 (type: ports) to 2
2026-05-26 07:07:46.158 8 INFO neutron.db.ovn_revision_numbers_db [req-aede1f1b-c723-465c-866e-4aa6ab31ec7a req-f0ed355e-a84e-47a4-8916-de96809c46b9 4abea671090947dca74b0e3db09dbaca 93ccbecc954c43b79f2e6467f122235e - - e3b5e78bc78843418398fe5f07733bc6 e3b5e78bc78843418398fe5f07733bc6] Successfully bumped revision number for resource fe820992-aa71-4de2-9728-ce06b5a9c710 (type: ports) to 4
2026-05-26 07:07:46.176 8 INFO neutron.api.wsgi [req-aede1f1b-c723-465c-866e-4aa6ab31ec7a req-f0ed355e-a84e-47a4-8916-de96809c46b9 4abea671090947dca74b0e3db09dbaca 93ccbecc954c43b79f2e6467f122235e - - e3b5e78bc78843418398fe5f07733bc6 e3b5e78bc78843418398fe5f07733bc6] 199.204.45.30 "PUT /v2.0/ports/fe820992-aa71-4de2-9728-ce06b5a9c710 HTTP/1.1" status: 200 len: 1412 time: 0.6311994
2026-05-26 07:07:46.214 8 INFO neutron.notifiers.nova [-] Nova event matching ['req-684cc419-d9de-4057-bd5b-f76123885ea4'] response: {'name': 'network-changed', 'server_uuid': 'ac4a589d-4dd4-4168-b8ca-68b246948def', 'tag': 'fe820992-aa71-4de2-9728-ce06b5a9c710', 'status': 'completed', 'code': 200} /var/lib/openstack/lib/python3.12/site-packages/pycadf/identifier.py:71: UserWarning: Invalid uuid: neutron. To ensure interoperability, identifiers should be a valid uuid. warnings.warn(('Invalid uuid: %s. To ensure interoperability, '
2026-05-26 07:07:46.768 8 INFO neutron.api.wsgi [req-f6674b48-fd6c-4077-b158-b8bbd4666019 req-adfd6338-f263-4901-aebc-e500de7a1e65 4abea671090947dca74b0e3db09dbaca 93ccbecc954c43b79f2e6467f122235e - - e3b5e78bc78843418398fe5f07733bc6 e3b5e78bc78843418398fe5f07733bc6] 199.204.45.30 "GET /v2.0/ports?tenant_id=89a95844525041ccab7632485cc48e4a&device_id=ac4a589d-4dd4-4168-b8ca-68b246948def HTTP/1.1" status: 200 len: 1415 time: 0.0443826
2026-05-26 07:07:46.781 8 INFO neutron.api.wsgi [None req-19e8778f-0750-4dd4-bb60-0d5b75517fce e160c8d2e7734e6eaf7cf3c34533c8aa 89a95844525041ccab7632485cc48e4a - - default default] 10.0.0.240 "GET /v2.0/security-groups HTTP/1.1" status: 200 len: 30442 time: 0.1063340
2026-05-26 07:07:46.798 9 INFO neutron.api.wsgi [req-3ae9d9a9-2aa6-452d-bd7b-8e9b00c7a6fb req-05e806cf-cc38-49e2-b744-f4458f5aa3d7 e160c8d2e7734e6eaf7cf3c34533c8aa 89a95844525041ccab7632485cc48e4a - - default default] 10.0.0.108 "GET /v2.0/ports?device_id=ac4a589d-4dd4-4168-b8ca-68b246948def HTTP/1.1" status: 200 len: 1415 time: 0.0889013
2026-05-26 07:07:46.840 8 INFO neutron.api.wsgi [None req-370227ff-c79e-45cf-9607-b4fa9e9cac8c e160c8d2e7734e6eaf7cf3c34533c8aa 89a95844525041ccab7632485cc48e4a - - default default] 10.0.0.240 "GET /v2.0/subnets HTTP/1.1" status: 200 len: 5687 time: 0.0478795
2026-05-26 07:07:46.843 9 INFO neutron.api.wsgi [req-3ae9d9a9-2aa6-452d-bd7b-8e9b00c7a6fb req-6ccbf1da-404a-44cb-b58d-8dad0031a716 e160c8d2e7734e6eaf7cf3c34533c8aa 89a95844525041ccab7632485cc48e4a - - default default] 10.0.0.108 "GET /v2.0/security-groups?id=38738dc8-1462-4164-90db-f0bfed9de3aa&fields=id&fields=name HTTP/1.1" status: 200 len: 294 time: 0.0416420
2026-05-26 07:07:46.862 8 INFO neutron.api.wsgi [req-f6674b48-fd6c-4077-b158-b8bbd4666019 req-dfd756cc-f9ea-4e99-852f-d8d73fd38963 4abea671090947dca74b0e3db09dbaca 93ccbecc954c43b79f2e6467f122235e - - e3b5e78bc78843418398fe5f07733bc6 e3b5e78bc78843418398fe5f07733bc6] 199.204.45.30 "GET /v2.0/networks?tenant_id=89a95844525041ccab7632485cc48e4a&shared=False HTTP/1.1" status: 200 len: 937 time: 0.0879729
2026-05-26 07:07:46.946 8 INFO neutron.api.wsgi [req-f6674b48-fd6c-4077-b158-b8bbd4666019 req-dd45c33c-679f-45a1-b173-4060b6fe8a92 4abea671090947dca74b0e3db09dbaca 93ccbecc954c43b79f2e6467f122235e - - e3b5e78bc78843418398fe5f07733bc6 e3b5e78bc78843418398fe5f07733bc6] 199.204.45.30 "GET /v2.0/networks?shared=True HTTP/1.1" status: 200 len: 952 time: 0.0785778
2026-05-26 07:07:46.956 8 INFO neutron.api.wsgi [None req-ad8b403a-5f39-4a71-98fc-4963c3c8d7f8 e160c8d2e7734e6eaf7cf3c34533c8aa 89a95844525041ccab7632485cc48e4a - - default default] 10.0.0.240 "GET /v2.0/routers HTTP/1.1" status: 200 len: 1140 time: 0.1115351
2026-05-26 07:07:46.974 8 INFO neutron.api.wsgi [None req-697bbc97-a844-4e82-8a1d-a57dc5449994 e160c8d2e7734e6eaf7cf3c34533c8aa 89a95844525041ccab7632485cc48e4a - - default default] 10.0.0.240 "GET /v2.0/agents?binary=ovn-controller HTTP/1.1" status: 200 len: 591 time: 0.0110884
2026-05-26 07:07:47.006 8 INFO neutron.api.wsgi [req-0aa6129a-85c1-4272-a6e0-f18421a69272 req-d2339d7f-6bbd-4aba-ac2b-34e52f21b8be e160c8d2e7734e6eaf7cf3c34533c8aa 89a95844525041ccab7632485cc48e4a - - default default] 10.0.0.108 "GET /v2.0/ports?device_id=ac4a589d-4dd4-4168-b8ca-68b246948def HTTP/1.1" status: 200 len: 1415 time: 0.0996897
2026-05-26 07:07:47.048 8 INFO neutron.api.wsgi [None req-82962b83-76e3-40c3-b280-f3b764b4c0cf e160c8d2e7734e6eaf7cf3c34533c8aa 89a95844525041ccab7632485cc48e4a - - default default] 10.0.0.240 "GET /v2.0/networks HTTP/1.1" status: 200 len: 4718 time: 0.0692558
2026-05-26 07:07:47.066 8 INFO neutron.api.wsgi [None req-cfc13d62-92ed-45c7-863d-05ca7080ac81 e160c8d2e7734e6eaf7cf3c34533c8aa 89a95844525041ccab7632485cc48e4a - - default default] 10.0.0.240 "GET /v2.0/agents HTTP/1.1" status: 200 len: 1390 time: 0.0120478
2026-05-26 07:07:47.111 8 INFO neutron.api.wsgi [None req-7b3709e2-75d9-4c13-b6d1-2307baf070c4 e160c8d2e7734e6eaf7cf3c34533c8aa 89a95844525041ccab7632485cc48e4a - - default default] 10.0.0.240 "GET /v2.0/floatingips HTTP/1.1" status: 200 len: 1879 time: 0.0441890
2026-05-26 07:07:47.203 8 INFO neutron.api.wsgi [None req-2fa4e751-c2a2-412b-abe6-4a4c891d1a52 e160c8d2e7734e6eaf7cf3c34533c8aa 89a95844525041ccab7632485cc48e4a - - default default] 10.0.0.240 "GET /v2.0/ports HTTP/1.1" status: 200 len: 19915 time: 0.0897284
2026-05-26 07:07:47.228 8 INFO neutron.api.wsgi [None req-5e864326-2330-4aaa-b49e-b018478761ef e160c8d2e7734e6eaf7cf3c34533c8aa 89a95844525041ccab7632485cc48e4a - - default default] 10.0.0.240 "GET /v2.0/network-ip-availabilities HTTP/1.1" status: 200 len: 3360 time: 0.0161211
2026-05-26 07:07:47.270 8 INFO neutron.api.wsgi [None req-d16ce101-c686-43b2-bd44-cd3168b7c36d e160c8d2e7734e6eaf7cf3c34533c8aa 89a95844525041ccab7632485cc48e4a - - default default] 10.0.0.240 "GET /v2.0/subnets HTTP/1.1" status: 200 len: 5687 time: 0.0407314
2026-05-26 07:07:47.279 8 INFO neutron.api.wsgi [None req-b39ca8a3-0f4e-4387-830a-729fb50ce519 e160c8d2e7734e6eaf7cf3c34533c8aa 89a95844525041ccab7632485cc48e4a - - default default] 10.0.0.240 "GET /v2.0/subnetpools HTTP/1.1" status: 200 len: 193 time: 0.0077474
2026-05-26 07:07:47.997 8 INFO neutron.api.wsgi [req-aede1f1b-c723-465c-866e-4aa6ab31ec7a req-2e4799ec-c56c-4be9-a007-1e979462c917 4abea671090947dca74b0e3db09dbaca 93ccbecc954c43b79f2e6467f122235e - - e3b5e78bc78843418398fe5f07733bc6 e3b5e78bc78843418398fe5f07733bc6] 199.204.45.30 "GET /v2.0/ports?tenant_id=89a95844525041ccab7632485cc48e4a&device_id=ac4a589d-4dd4-4168-b8ca-68b246948def HTTP/1.1" status: 200 len: 1415 time: 0.0382819
2026-05-26 07:07:48.022 8 INFO neutron.api.wsgi [req-aede1f1b-c723-465c-866e-4aa6ab31ec7a req-a09fcd3b-201f-44c2-91c4-93b660bc5a44 4abea671090947dca74b0e3db09dbaca 93ccbecc954c43b79f2e6467f122235e - - e3b5e78bc78843418398fe5f07733bc6 e3b5e78bc78843418398fe5f07733bc6] 199.204.45.30 "GET /v2.0/floatingips?fixed_ip_address=172.24.1.228&port_id=fe820992-aa71-4de2-9728-ce06b5a9c710 HTTP/1.1" status: 200 len: 217 time: 0.0183415
2026-05-26 07:07:48.056 8 INFO neutron.api.wsgi [req-aede1f1b-c723-465c-866e-4aa6ab31ec7a req-93776121-99c2-49b1-840d-01a67ddbfd49 4abea671090947dca74b0e3db09dbaca 93ccbecc954c43b79f2e6467f122235e - - e3b5e78bc78843418398fe5f07733bc6 e3b5e78bc78843418398fe5f07733bc6] 199.204.45.30 "GET /v2.0/subnets?id=232d2d3e-3fbe-4730-b04d-d04e14835bf6 HTTP/1.1" status: 200 len: 853 time: 0.0268793
2026-05-26 07:07:48.079 8 INFO neutron.api.wsgi [req-aede1f1b-c723-465c-866e-4aa6ab31ec7a req-f8fa0de2-eb81-4222-a70b-35a58e736a48 4abea671090947dca74b0e3db09dbaca 93ccbecc954c43b79f2e6467f122235e - - e3b5e78bc78843418398fe5f07733bc6 e3b5e78bc78843418398fe5f07733bc6] 199.204.45.30 "GET /v2.0/ports?network_id=44fa778c-21f5-4884-90e8-0e9cad172e67&device_owner=network%3Adhcp HTTP/1.1" status: 200 len: 210 time: 0.0165477
2026-05-26 07:07:48.128 8 INFO neutron.api.wsgi [req-aede1f1b-c723-465c-866e-4aa6ab31ec7a req-822f886c-f116-4658-8e3c-b88b2c22c716 4abea671090947dca74b0e3db09dbaca 93ccbecc954c43b79f2e6467f122235e - - e3b5e78bc78843418398fe5f07733bc6 e3b5e78bc78843418398fe5f07733bc6] 199.204.45.30 "GET /v2.0/networks/44fa778c-21f5-4884-90e8-0e9cad172e67?fields=segments HTTP/1.1" status: 200 len: 212 time: 0.0421436
2026-05-26 07:07:48.172 8 INFO neutron.api.wsgi [req-aede1f1b-c723-465c-866e-4aa6ab31ec7a req-33c03901-e69f-4e87-a406-a2d97d5092aa 4abea671090947dca74b0e3db09dbaca 93ccbecc954c43b79f2e6467f122235e - - e3b5e78bc78843418398fe5f07733bc6 e3b5e78bc78843418398fe5f07733bc6] 199.204.45.30 "GET /v2.0/networks/44fa778c-21f5-4884-90e8-0e9cad172e67?fields=provider%3Aphysical_network&fields=provider%3Anetwork_type HTTP/1.1" status: 200 len: 277 time: 0.0372674
2026-05-26 07:07:49.787 8 INFO neutron.api.wsgi [req-e7544cf4-59bc-4188-bd87-60061a0ea9dd req-21fbf764-ee69-4f33-ae61-9f0325ccdcf3 e160c8d2e7734e6eaf7cf3c34533c8aa 89a95844525041ccab7632485cc48e4a - - default default] 10.0.0.108 "GET /v2.0/ports?device_id=ac4a589d-4dd4-4168-b8ca-68b246948def HTTP/1.1" status: 200 len: 1415 time: 0.0359831
2026-05-26 07:07:49.825 8 INFO neutron.api.wsgi [req-e7544cf4-59bc-4188-bd87-60061a0ea9dd req-04679b14-54d6-4f57-898a-8c1b1e1cf8f3 e160c8d2e7734e6eaf7cf3c34533c8aa 89a95844525041ccab7632485cc48e4a - - default default] 10.0.0.108 "GET /v2.0/security-groups?id=38738dc8-1462-4164-90db-f0bfed9de3aa&fields=id&fields=name HTTP/1.1" status: 200 len: 294 time: 0.0311091
2026-05-26 07:07:49.900 9 INFO neutron.api.wsgi [req-60d15f2e-5353-4f3b-bb33-085b95a7eaa4 req-bb350364-a626-4ff8-a2ec-960c5829ef89 e160c8d2e7734e6eaf7cf3c34533c8aa 89a95844525041ccab7632485cc48e4a - - default default] 10.0.0.108 "GET /v2.0/ports?device_id=ac4a589d-4dd4-4168-b8ca-68b246948def HTTP/1.1" status: 200 len: 1415 time: 0.0311384
2026-05-26 07:07:51.346 8 INFO neutron.api.wsgi [req-dad8a179-f790-4c69-85a8-1c7c5576e39f req-e2c14a81-89dd-442a-a03f-74c311d7ba81 4abea671090947dca74b0e3db09dbaca 93ccbecc954c43b79f2e6467f122235e - - e3b5e78bc78843418398fe5f07733bc6 e3b5e78bc78843418398fe5f07733bc6] 199.204.45.30 "GET /v2.0/ports?device_id=ac4a589d-4dd4-4168-b8ca-68b246948def HTTP/1.1" status: 200 len: 1415 time: 0.0304964
2026-05-26 07:07:51.385 8 INFO neutron.api.wsgi [req-dad8a179-f790-4c69-85a8-1c7c5576e39f req-10110913-e522-4a9d-9706-ec38c3c3a867 4abea671090947dca74b0e3db09dbaca 93ccbecc954c43b79f2e6467f122235e - - e3b5e78bc78843418398fe5f07733bc6 e3b5e78bc78843418398fe5f07733bc6] 199.204.45.30 "GET /v2.0/security-groups?id=38738dc8-1462-4164-90db-f0bfed9de3aa&fields=id&fields=name HTTP/1.1" status: 200 len: 294 time: 0.0325074
2026-05-26 07:07:51.514 9 INFO neutron.plugins.ml2.drivers.ovn.mech_driver.mech_driver [None req-2e27f2ed-06e6-4566-91e7-9a36e7b81d56 - - - - - -] OVN reports status up for port: fe820992-aa71-4de2-9728-ce06b5a9c710
2026-05-26 07:07:51.529 9 INFO neutron.plugins.ml2.plugin [None req-2e27f2ed-06e6-4566-91e7-9a36e7b81d56 - - - - - -] Attempt 1 to provision port fe820992-aa71-4de2-9728-ce06b5a9c710
2026-05-26 07:07:51.686 9 INFO neutron.notifiers.nova [-] Nova event matching ['req-799fcf72-8c81-49a5-a532-ebfa454e6c99'] response: {'server_uuid': 'ac4a589d-4dd4-4168-b8ca-68b246948def', 'name': 'network-vif-plugged', 'status': 'completed', 'tag': 'fe820992-aa71-4de2-9728-ce06b5a9c710', 'code': 200}
2026-05-26 07:07:51.784 9 INFO neutron.db.ovn_revision_numbers_db [None req-2e27f2ed-06e6-4566-91e7-9a36e7b81d56 - - - - - -] Successfully bumped revision number for resource fe820992-aa71-4de2-9728-ce06b5a9c710 (type: ports) to 5
2026-05-26 07:07:52.781 8 INFO neutron.api.wsgi [req-ec1ad28c-a149-4c4a-93d6-cf75679d60d5 req-6c3cf3fb-1543-4bbb-bc01-94e8aedbddea e160c8d2e7734e6eaf7cf3c34533c8aa 89a95844525041ccab7632485cc48e4a - - default default] 10.0.0.108 "GET /v2.0/ports?device_id=ac4a589d-4dd4-4168-b8ca-68b246948def HTTP/1.1" status: 200 len: 1417 time: 0.0337505
2026-05-26 07:07:52.815 8 INFO neutron.api.wsgi [req-ec1ad28c-a149-4c4a-93d6-cf75679d60d5 req-45f7f53a-7f07-49fd-8b81-f838009c1eda e160c8d2e7734e6eaf7cf3c34533c8aa 89a95844525041ccab7632485cc48e4a - - default default] 10.0.0.108 "GET /v2.0/security-groups?id=38738dc8-1462-4164-90db-f0bfed9de3aa&fields=id&fields=name HTTP/1.1" status: 200 len: 294 time: 0.0279741 /var/lib/openstack/lib/python3.12/site-packages/pycadf/identifier.py:71: UserWarning: Invalid uuid: neutron. To ensure interoperability, identifiers should be a valid uuid. warnings.warn(('Invalid uuid: %s. To ensure interoperability, '
2026-05-26 07:07:52.894 9 INFO neutron.api.wsgi [req-a7c487f7-fe17-4798-8c43-dd90d5e55d00 req-5ccb63b5-d55e-4f62-9ff5-901a52e5e43e e160c8d2e7734e6eaf7cf3c34533c8aa 89a95844525041ccab7632485cc48e4a - - default default] 10.0.0.108 "GET /v2.0/ports?device_id=ac4a589d-4dd4-4168-b8ca-68b246948def HTTP/1.1" status: 200 len: 1417 time: 0.0332711
2026-05-26 07:07:53.661 8 INFO neutron.api.wsgi [-] 10.0.0.99 "GET / HTTP/1.1" status: 200 len: 245 time: 0.0015121
2026-05-26 07:07:53.663 9 INFO neutron.api.wsgi [-] 10.0.0.99 "GET / HTTP/1.1" status: 200 len: 245 time: 0.0028164
2026-05-26 07:07:53.719 9 INFO neutron.notifiers.nova [-] Nova event matching ['req-0f36e86b-f689-499d-b9b7-22a4e5c8528a'] response: {'server_uuid': 'ac4a589d-4dd4-4168-b8ca-68b246948def', 'name': 'network-vif-plugged', 'status': 'completed', 'tag': 'fe820992-aa71-4de2-9728-ce06b5a9c710', 'code': 200}
2026-05-26 07:07:55.242 8 INFO neutron.api.wsgi [req-16a95780-d4a4-4236-8b0f-e716256d78a3 req-a0dbd391-0202-4d74-b047-c71b34f718cf 4abea671090947dca74b0e3db09dbaca 93ccbecc954c43b79f2e6467f122235e - - e3b5e78bc78843418398fe5f07733bc6 e3b5e78bc78843418398fe5f07733bc6] 199.204.45.30 "GET /v2.0/ports?device_id=a9847579-03e2-4df8-b3ff-5117a6b34f4f&fields=binding%3Ahost_id&fields=binding%3Avif_type HTTP/1.1" status: 200 len: 265 time: 0.0989349
2026-05-26 07:07:55.602 8 INFO neutron.api.wsgi [req-bb535b92-b529-411e-9550-6b106bfc5bd8 req-d8f240ec-c3f4-4063-ab5b-345f897acf86 e160c8d2e7734e6eaf7cf3c34533c8aa 89a95844525041ccab7632485cc48e4a - - default default] 10.0.0.108 "GET /v2.0/ports?device_id=ac4a589d-4dd4-4168-b8ca-68b246948def HTTP/1.1" status: 200 len: 1417 time: 0.0332553
2026-05-26 07:07:55.642 8 INFO neutron.api.wsgi [req-bb535b92-b529-411e-9550-6b106bfc5bd8 req-db2a736e-4c0c-452d-8761-3aef4b38572c e160c8d2e7734e6eaf7cf3c34533c8aa 89a95844525041ccab7632485cc48e4a - - default default] 10.0.0.108 "GET /v2.0/security-groups?id=38738dc8-1462-4164-90db-f0bfed9de3aa&fields=id&fields=name HTTP/1.1" status: 200 len: 294 time: 0.0359135
2026-05-26 07:07:55.740 9 INFO neutron.api.wsgi [req-bdf7af12-de7e-4f4e-a097-ef2806a75d1f req-17d0d0a8-db8d-403a-9725-f17ee41f48cd e160c8d2e7734e6eaf7cf3c34533c8aa 89a95844525041ccab7632485cc48e4a - - default default] 10.0.0.108 "GET /v2.0/ports?device_id=ac4a589d-4dd4-4168-b8ca-68b246948def HTTP/1.1" status: 200 len: 1417 time: 0.0425348
2026-05-26 07:07:56.293 8 INFO neutron.api.wsgi [req-16a95780-d4a4-4236-8b0f-e716256d78a3 req-6fae47ce-5673-4343-90d6-8804a5cb6044 4abea671090947dca74b0e3db09dbaca 93ccbecc954c43b79f2e6467f122235e - - e3b5e78bc78843418398fe5f07733bc6 e3b5e78bc78843418398fe5f07733bc6] 199.204.45.30 "GET /v2.0/ports?tenant_id=ef27d32609024d7db4196a6426b0fe1e&device_id=a9847579-03e2-4df8-b3ff-5117a6b34f4f HTTP/1.1" status: 200 len: 1638 time: 0.0353169
2026-05-26 07:07:56.854 8 INFO neutron.api.wsgi [req-16a95780-d4a4-4236-8b0f-e716256d78a3 req-99e89bd4-dc07-4eea-b47f-f10c893ad4de 4abea671090947dca74b0e3db09dbaca 93ccbecc954c43b79f2e6467f122235e - - e3b5e78bc78843418398fe5f07733bc6 e3b5e78bc78843418398fe5f07733bc6] 199.204.45.30 "GET /v2.0/networks?id=ac035b72-d6da-4f95-94c5-dd14c6291f49 HTTP/1.1" status: 200 len: 1002 time: 0.0523114
2026-05-26 07:07:56.893 8 INFO neutron.api.wsgi [req-16a95780-d4a4-4236-8b0f-e716256d78a3 req-5ee5678a-04a8-4889-a65a-584dc5984f54 4abea671090947dca74b0e3db09dbaca 93ccbecc954c43b79f2e6467f122235e - - e3b5e78bc78843418398fe5f07733bc6 e3b5e78bc78843418398fe5f07733bc6] 199.204.45.30 "GET /v2.0/floatingips?fixed_ip_address=10.2.1.111&port_id=c94787c9-a632-4b75-9d43-0d8660b59119 HTTP/1.1" status: 200 len: 1059 time: 0.0316589
2026-05-26 07:07:56.915 8 INFO neutron.api.wsgi [req-16a95780-d4a4-4236-8b0f-e716256d78a3 req-3ee8fd73-1fd5-4aae-9e4a-83ab2c1cedd9 4abea671090947dca74b0e3db09dbaca 93ccbecc954c43b79f2e6467f122235e - - e3b5e78bc78843418398fe5f07733bc6 e3b5e78bc78843418398fe5f07733bc6] 199.204.45.30 "GET /v2.0/floatingips?fixed_ip_address=fd7b%3Af9f7%3Afff%3A4eca%3A%3A393&port_id=c94787c9-a632-4b75-9d43-0d8660b59119 HTTP/1.1" status: 200 len: 217 time: 0.0179033
2026-05-26 07:07:56.950 8 INFO neutron.api.wsgi [req-16a95780-d4a4-4236-8b0f-e716256d78a3 req-47f113b5-66e1-4850-814d-cacca3209a51 4abea671090947dca74b0e3db09dbaca 93ccbecc954c43b79f2e6467f122235e - - e3b5e78bc78843418398fe5f07733bc6 e3b5e78bc78843418398fe5f07733bc6] 199.204.45.30 "GET /v2.0/subnets?id=4603ffca-f5c3-4492-acae-e1cdc177d126&id=36ea17e5-21b1-40e8-a04d-6a80e6eb73b3 HTTP/1.1" status: 200 len: 1611 time: 0.0286446
2026-05-26 07:07:56.966 8 INFO neutron.api.wsgi [req-16a95780-d4a4-4236-8b0f-e716256d78a3 req-71a0d2c3-2f1e-4a06-8c7f-38b776c80059 4abea671090947dca74b0e3db09dbaca 93ccbecc954c43b79f2e6467f122235e - - e3b5e78bc78843418398fe5f07733bc6 e3b5e78bc78843418398fe5f07733bc6] 199.204.45.30 "GET /v2.0/ports?network_id=ac035b72-d6da-4f95-94c5-dd14c6291f49&device_owner=network%3Adhcp HTTP/1.1" status: 200 len: 210 time: 0.0121670
2026-05-26 07:07:56.991 8 INFO neutron.api.wsgi [req-16a95780-d4a4-4236-8b0f-e716256d78a3 req-2d14b2b2-5997-436e-abec-3219636ff4f1 4abea671090947dca74b0e3db09dbaca 93ccbecc954c43b79f2e6467f122235e - - e3b5e78bc78843418398fe5f07733bc6 e3b5e78bc78843418398fe5f07733bc6] 199.204.45.30 "GET /v2.0/ports?network_id=ac035b72-d6da-4f95-94c5-dd14c6291f49&device_owner=network%3Adhcp HTTP/1.1" status: 200 len: 210 time: 0.0187037
2026-05-26 07:07:57.033 8 INFO neutron.api.wsgi [req-16a95780-d4a4-4236-8b0f-e716256d78a3 req-9d61c3b9-f487-4531-a8a6-20d68cd9c582 4abea671090947dca74b0e3db09dbaca 93ccbecc954c43b79f2e6467f122235e - - e3b5e78bc78843418398fe5f07733bc6 e3b5e78bc78843418398fe5f07733bc6] 199.204.45.30 "GET /v2.0/networks/ac035b72-d6da-4f95-94c5-dd14c6291f49?fields=segments HTTP/1.1" status: 200 len: 212 time: 0.0353472
2026-05-26 07:07:57.096 8 INFO neutron.api.wsgi [req-16a95780-d4a4-4236-8b0f-e716256d78a3 req-efb12e0f-57b2-44d4-a7fd-23090d560f1d 4abea671090947dca74b0e3db09dbaca 93ccbecc954c43b79f2e6467f122235e - - e3b5e78bc78843418398fe5f07733bc6 e3b5e78bc78843418398fe5f07733bc6] 199.204.45.30 "GET /v2.0/networks/ac035b72-d6da-4f95-94c5-dd14c6291f49?fields=provider%3Aphysical_network&fields=provider%3Anetwork_type HTTP/1.1" status: 200 len: 277 time: 0.0528088
2026-05-26 07:08:08.664 9 INFO neutron.api.wsgi [-] 10.0.0.99 "GET / HTTP/1.1" status: 200 len: 245 time: 0.0026779
2026-05-26 07:08:08.666 8 INFO neutron.api.wsgi [-] 10.0.0.99 "GET / HTTP/1.1" status: 200 len: 245 time: 0.0013151
2026-05-26 07:08:23.663 9 INFO neutron.api.wsgi [-] 10.0.0.99 "GET / HTTP/1.1" status: 200 len: 245 time: 0.0024784
2026-05-26 07:08:23.663 8 INFO neutron.api.wsgi [-] 10.0.0.99 "GET / HTTP/1.1" status: 200 len: 245 time: 0.0024815
2026-05-26 07:08:28.177 14 INFO neutron.db.ovn_revision_numbers_db [None req-65db38f0-3513-4819-84d1-0694f8c8b508 - - - - - -] Successfully bumped revision number for resource 70a5288c-571e-45c8-9430-8d4b18ece873 (type: networks) to 3
2026-05-26 07:08:28.256 14 INFO neutron.db.ovn_revision_numbers_db [None req-65db38f0-3513-4819-84d1-0694f8c8b508 - - - - - -] Successfully bumped revision number for resource ac035b72-d6da-4f95-94c5-dd14c6291f49 (type: networks) to 3
2026-05-26 07:08:28.347 14 INFO neutron.db.ovn_revision_numbers_db [None req-65db38f0-3513-4819-84d1-0694f8c8b508 - - - - - -] Successfully bumped revision number for resource adcd054f-9326-4b64-9535-f02b3e755220 (type: networks) to 3
2026-05-26 07:08:28.411 14 INFO neutron.db.ovn_revision_numbers_db [None req-65db38f0-3513-4819-84d1-0694f8c8b508 - - - - - -] Successfully bumped revision number for resource b4ea91a2-2e63-4230-81ff-a49a5ecc90a6 (type: security_groups) to 12
2026-05-26 07:08:28.651 14 INFO neutron.db.ovn_revision_numbers_db [None req-65db38f0-3513-4819-84d1-0694f8c8b508 - - - - - -] Successfully bumped revision number for resource fc75d99c-ad4b-4dd3-b758-d35228364770 (type: routers) to 5
2026-05-26 07:08:28.925 14 INFO neutron.db.ovn_revision_numbers_db [None req-65db38f0-3513-4819-84d1-0694f8c8b508 - - - - - -] Successfully bumped revision number for resource 4c2d3b88-951e-4d21-a281-ec6140ce1e18 (type: router_ports) to 5
2026-05-26 07:08:30.810 14 INFO neutron.plugins.ml2.drivers.ovn.mech_driver.ovsdb.maintenance [None req-65db38f0-3513-4819-84d1-0694f8c8b508 - - - - - -] OVN maintenance task check_for_inconsistencies finished in 2.744 seconds
2026-05-26 07:08:36.318 9 INFO neutron.api.wsgi [None req-8ec2b912-944a-491b-8ee6-0e0a440e21fb e160c8d2e7734e6eaf7cf3c34533c8aa 89a95844525041ccab7632485cc48e4a - - default default] 199.204.45.30 "GET /v2.0/extensions/security-group HTTP/1.1" status: 200 len: 369 time: 0.0053298
2026-05-26 07:08:36.325 9 INFO neutron.api.wsgi [None req-dc96b203-0fab-4e8e-be3b-7faa0d22ee80 e160c8d2e7734e6eaf7cf3c34533c8aa 89a95844525041ccab7632485cc48e4a - - default default] 199.204.45.30 "GET /v2.0/extensions/dns-integration HTTP/1.1" status: 200 len: 371 time: 0.0040951
2026-05-26 07:08:36.335 9 INFO neutron.api.wsgi [None req-78247b87-2c91-49d3-b821-292901eecd14 e160c8d2e7734e6eaf7cf3c34533c8aa 89a95844525041ccab7632485cc48e4a - - default default] 199.204.45.30 "GET /v2.0/extensions/qos HTTP/1.1" status: 200 len: 365 time: 0.0065153
2026-05-26 07:08:36.341 9 INFO neutron.api.wsgi [None req-7c3f5334-2f3b-41d6-a2b0-b59da2522c12 e160c8d2e7734e6eaf7cf3c34533c8aa 89a95844525041ccab7632485cc48e4a - - default default] 199.204.45.30 "GET /v2.0/extensions/allowed-address-pairs HTTP/1.1" status: 200 len: 383 time: 0.0037231
2026-05-26 07:08:36.369 9 INFO neutron.api.wsgi [None req-3e744841-7d01-4569-9d3c-bb6714573a85 e160c8d2e7734e6eaf7cf3c34533c8aa 89a95844525041ccab7632485cc48e4a - - default default] 199.204.45.30 "GET /v2.0/subnets/9fda17ee-a6d2-472f-9cf5-5c337bec109a HTTP/1.1" status: 200 len: 874 time: 0.0239894
2026-05-26 07:08:36.411 9 INFO neutron.api.wsgi [None req-acacf279-396b-4ba1-a2e1-d9e3bc95c160 e160c8d2e7734e6eaf7cf3c34533c8aa 89a95844525041ccab7632485cc48e4a - - default default] 199.204.45.30 "GET /v2.0/ports?device_id=ac4a589d-4dd4-4168-b8ca-68b246948def HTTP/1.1" status: 200 len: 1417 time: 0.0322826
2026-05-26 07:08:36.699 9 WARNING neutron.scheduler.dhcp_agent_scheduler [None req-378f35fd-3e4f-4455-ad79-a98f763f25b3 e160c8d2e7734e6eaf7cf3c34533c8aa 89a95844525041ccab7632485cc48e4a - - default default] No more DHCP agents
2026-05-26 07:08:36.701 9 WARNING neutron.api.rpc.agentnotifiers.dhcp_rpc_agent_api [None req-378f35fd-3e4f-4455-ad79-a98f763f25b3 e160c8d2e7734e6eaf7cf3c34533c8aa 89a95844525041ccab7632485cc48e4a - - default default] Unable to schedule network 70a5288c-571e-45c8-9430-8d4b18ece873: no agents available; will retry on subsequent port and subnet creation events.
2026-05-26 07:08:36.838 9 INFO neutron.db.ovn_revision_numbers_db [None req-378f35fd-3e4f-4455-ad79-a98f763f25b3 e160c8d2e7734e6eaf7cf3c34533c8aa 89a95844525041ccab7632485cc48e4a - - default default] Successfully bumped revision number for resource 0b1eab03-7a56-4d0d-bffb-bd7dde9bba02 (type: ports) to 1
2026-05-26 07:08:36.857 9 INFO neutron.api.wsgi [None req-378f35fd-3e4f-4455-ad79-a98f763f25b3 e160c8d2e7734e6eaf7cf3c34533c8aa 89a95844525041ccab7632485cc48e4a - - default default] 199.204.45.30 "POST /v2.0/ports HTTP/1.1" status: 201 len: 1298 time: 0.4388535 /var/lib/openstack/lib/python3.12/site-packages/pycadf/identifier.py:71: UserWarning: Invalid uuid: neutron. To ensure interoperability, identifiers should be a valid uuid. warnings.warn(('Invalid uuid: %s. To ensure interoperability, '
2026-05-26 07:08:36.938 9 INFO neutron.api.wsgi [req-a9818ecd-2f2d-427e-84e1-798c368f85f6 req-9e47bb93-dd06-4d47-90e4-5b6baaae056c e160c8d2e7734e6eaf7cf3c34533c8aa 89a95844525041ccab7632485cc48e4a - - default default] 10.0.0.108 "GET /v2.0/ports/0b1eab03-7a56-4d0d-bffb-bd7dde9bba02 HTTP/1.1" status: 200 len: 1293 time: 0.0298448
2026-05-26 07:08:36.950 9 INFO neutron.api.wsgi [req-a9818ecd-2f2d-427e-84e1-798c368f85f6 req-ed814b79-56c9-4a45-874b-a1e8f2a15a5e e160c8d2e7734e6eaf7cf3c34533c8aa 89a95844525041ccab7632485cc48e4a - - default default] 10.0.0.108 "GET /v2.0/extensions HTTP/1.1" status: 200 len: 19298 time: 0.0058455
2026-05-26 07:08:38.042 8 INFO neutron.api.wsgi [req-a9818ecd-2f2d-427e-84e1-798c368f85f6 req-bf7ebe18-affb-416a-af41-81432fd7d42d 4abea671090947dca74b0e3db09dbaca 93ccbecc954c43b79f2e6467f122235e - - e3b5e78bc78843418398fe5f07733bc6 e3b5e78bc78843418398fe5f07733bc6] 199.204.45.30 "GET /v2.0/ports/0b1eab03-7a56-4d0d-bffb-bd7dde9bba02?fields=binding%3Avnic_type&fields=binding%3Aprofile&fields=network_id&fields=resource_request&fields=numa_affinity_policy&fields=device_profile HTTP/1.1" status: 200 len: 335 time: 0.0467558
2026-05-26 07:08:38.096 8 INFO neutron.api.wsgi [req-a9818ecd-2f2d-427e-84e1-798c368f85f6 req-831eadc7-0eb6-4362-bfbe-89d93bb85725 4abea671090947dca74b0e3db09dbaca 93ccbecc954c43b79f2e6467f122235e - - e3b5e78bc78843418398fe5f07733bc6 e3b5e78bc78843418398fe5f07733bc6] 199.204.45.30 "GET /v2.0/networks/70a5288c-571e-45c8-9430-8d4b18ece873?fields=segments HTTP/1.1" status: 200 len: 212 time: 0.0488048
2026-05-26 07:08:38.146 8 INFO neutron.api.wsgi [req-a9818ecd-2f2d-427e-84e1-798c368f85f6 req-5cf101a8-9eac-4ee3-b97c-179067e6d202 4abea671090947dca74b0e3db09dbaca 93ccbecc954c43b79f2e6467f122235e - - e3b5e78bc78843418398fe5f07733bc6 e3b5e78bc78843418398fe5f07733bc6] 199.204.45.30 "GET /v2.0/networks/70a5288c-571e-45c8-9430-8d4b18ece873?fields=provider%3Aphysical_network&fields=provider%3Anetwork_type HTTP/1.1" status: 200 len: 277 time: 0.0440874
2026-05-26 07:08:38.663 9 INFO neutron.api.wsgi [-] 10.0.0.99 "GET / HTTP/1.1" status: 200 len: 245 time: 0.0018835
2026-05-26 07:08:38.665 9 INFO neutron.api.wsgi [-] 10.0.0.99 "GET / HTTP/1.1" status: 200 len: 245 time: 0.0014460
2026-05-26 07:08:38.685 8 INFO neutron.api.wsgi [req-a9818ecd-2f2d-427e-84e1-798c368f85f6 req-b64bd053-3c83-4a59-ae2f-a94788ae0ef7 4abea671090947dca74b0e3db09dbaca 93ccbecc954c43b79f2e6467f122235e - - e3b5e78bc78843418398fe5f07733bc6 e3b5e78bc78843418398fe5f07733bc6] 199.204.45.30 "GET /v2.0/ports/0b1eab03-7a56-4d0d-bffb-bd7dde9bba02 HTTP/1.1" status: 200 len: 1293 time: 0.0308797
2026-05-26 07:08:38.732 8 INFO neutron.api.wsgi [req-a9818ecd-2f2d-427e-84e1-798c368f85f6 req-581ce2d5-077a-4c90-a434-64fa8c827f1c e160c8d2e7734e6eaf7cf3c34533c8aa 89a95844525041ccab7632485cc48e4a - - default default] 199.204.45.30 "GET /v2.0/networks?id=70a5288c-571e-45c8-9430-8d4b18ece873 HTTP/1.1" status: 200 len: 1004 time: 0.0429354
2026-05-26 07:08:39.106 8 INFO neutron.db.ovn_revision_numbers_db [req-a9818ecd-2f2d-427e-84e1-798c368f85f6 req-6b761886-5877-48ed-b73f-49af8a8b8960 4abea671090947dca74b0e3db09dbaca 93ccbecc954c43b79f2e6467f122235e - - e3b5e78bc78843418398fe5f07733bc6 e3b5e78bc78843418398fe5f07733bc6] Successfully bumped revision number for resource 0b1eab03-7a56-4d0d-bffb-bd7dde9bba02 (type: ports) to 2
2026-05-26 07:08:39.310 8 INFO neutron.db.ovn_revision_numbers_db [req-a9818ecd-2f2d-427e-84e1-798c368f85f6 req-6b761886-5877-48ed-b73f-49af8a8b8960 4abea671090947dca74b0e3db09dbaca 93ccbecc954c43b79f2e6467f122235e - - e3b5e78bc78843418398fe5f07733bc6 e3b5e78bc78843418398fe5f07733bc6] Successfully bumped revision number for resource 0b1eab03-7a56-4d0d-bffb-bd7dde9bba02 (type: ports) to 4
2026-05-26 07:08:39.329 8 INFO neutron.api.wsgi [req-a9818ecd-2f2d-427e-84e1-798c368f85f6 req-6b761886-5877-48ed-b73f-49af8a8b8960 4abea671090947dca74b0e3db09dbaca 93ccbecc954c43b79f2e6467f122235e - - e3b5e78bc78843418398fe5f07733bc6 e3b5e78bc78843418398fe5f07733bc6] 199.204.45.30 "PUT /v2.0/ports/0b1eab03-7a56-4d0d-bffb-bd7dde9bba02 HTTP/1.1" status: 200 len: 1452 time: 0.5911984
2026-05-26 07:08:39.427 8 INFO neutron.notifiers.nova [-] Nova event matching ['req-95b64da9-be10-4c5b-bc1e-df71f9c72e65'] response: {'name': 'network-changed', 'server_uuid': 'ac4a589d-4dd4-4168-b8ca-68b246948def', 'tag': '0b1eab03-7a56-4d0d-bffb-bd7dde9bba02', 'status': 'completed', 'code': 200} /var/lib/openstack/lib/python3.12/site-packages/pycadf/identifier.py:71: UserWarning: Invalid uuid: neutron. To ensure interoperability, identifiers should be a valid uuid. warnings.warn(('Invalid uuid: %s. To ensure interoperability, '
2026-05-26 07:08:39.971 8 INFO neutron.api.wsgi [req-b3e18228-70c1-4d86-ae75-20ad9cd9fc9c req-d664670e-2629-4055-86a8-8eaeeffb4ad8 4abea671090947dca74b0e3db09dbaca 93ccbecc954c43b79f2e6467f122235e - - e3b5e78bc78843418398fe5f07733bc6 e3b5e78bc78843418398fe5f07733bc6] 199.204.45.30 "GET /v2.0/ports?tenant_id=89a95844525041ccab7632485cc48e4a&device_id=ac4a589d-4dd4-4168-b8ca-68b246948def HTTP/1.1" status: 200 len: 2661 time: 0.0358360
2026-05-26 07:08:40.012 8 INFO neutron.api.wsgi [req-b3e18228-70c1-4d86-ae75-20ad9cd9fc9c req-4b232737-d51e-4686-a3a7-15ef675945bb 4abea671090947dca74b0e3db09dbaca 93ccbecc954c43b79f2e6467f122235e - - e3b5e78bc78843418398fe5f07733bc6 e3b5e78bc78843418398fe5f07733bc6] 199.204.45.30 "GET /v2.0/networks?id=70a5288c-571e-45c8-9430-8d4b18ece873 HTTP/1.1" status: 200 len: 1004 time: 0.0370376
2026-05-26 07:08:40.037 8 INFO neutron.api.wsgi [req-b3e18228-70c1-4d86-ae75-20ad9cd9fc9c req-de1ea1cf-7b37-44e1-b6de-fc532e1699c5 4abea671090947dca74b0e3db09dbaca 93ccbecc954c43b79f2e6467f122235e - - e3b5e78bc78843418398fe5f07733bc6 e3b5e78bc78843418398fe5f07733bc6] 199.204.45.30 "GET /v2.0/floatingips?fixed_ip_address=10.1.1.13&port_id=0b1eab03-7a56-4d0d-bffb-bd7dde9bba02 HTTP/1.1" status: 200 len: 217 time: 0.0191517
2026-05-26 07:08:40.063 8 INFO neutron.api.wsgi [req-b3e18228-70c1-4d86-ae75-20ad9cd9fc9c req-e35a97f9-ab5a-4f38-828c-035d3d48cc3d 4abea671090947dca74b0e3db09dbaca 93ccbecc954c43b79f2e6467f122235e - - e3b5e78bc78843418398fe5f07733bc6 e3b5e78bc78843418398fe5f07733bc6] 199.204.45.30 "GET /v2.0/subnets?id=9fda17ee-a6d2-472f-9cf5-5c337bec109a HTTP/1.1" status: 200 len: 877 time: 0.0214922
2026-05-26 07:08:40.086 8 INFO neutron.api.wsgi [req-b3e18228-70c1-4d86-ae75-20ad9cd9fc9c req-5c284682-8d21-43ee-adac-d1369152e114 4abea671090947dca74b0e3db09dbaca 93ccbecc954c43b79f2e6467f122235e - - e3b5e78bc78843418398fe5f07733bc6 e3b5e78bc78843418398fe5f07733bc6] 199.204.45.30 "GET /v2.0/ports?network_id=70a5288c-571e-45c8-9430-8d4b18ece873&device_owner=network%3Adhcp HTTP/1.1" status: 200 len: 210 time: 0.0187125
2026-05-26 07:08:40.139 8 INFO neutron.api.wsgi [req-b3e18228-70c1-4d86-ae75-20ad9cd9fc9c req-8db95bd3-86c6-455e-8bcc-0b3eacc031b0 4abea671090947dca74b0e3db09dbaca 93ccbecc954c43b79f2e6467f122235e - - e3b5e78bc78843418398fe5f07733bc6 e3b5e78bc78843418398fe5f07733bc6] 199.204.45.30 "GET /v2.0/networks/70a5288c-571e-45c8-9430-8d4b18ece873?fields=segments HTTP/1.1" status: 200 len: 212 time: 0.0468891
2026-05-26 07:08:40.189 8 INFO neutron.api.wsgi [req-b3e18228-70c1-4d86-ae75-20ad9cd9fc9c req-47e8e9a0-2727-4ff7-b81d-3190073c01bc 4abea671090947dca74b0e3db09dbaca 93ccbecc954c43b79f2e6467f122235e - - e3b5e78bc78843418398fe5f07733bc6 e3b5e78bc78843418398fe5f07733bc6] 199.204.45.30 "GET /v2.0/networks/70a5288c-571e-45c8-9430-8d4b18ece873?fields=provider%3Aphysical_network&fields=provider%3Anetwork_type HTTP/1.1" status: 200 len: 277 time: 0.0440140
2026-05-26 07:08:41.241 8 INFO neutron.api.wsgi [req-a9818ecd-2f2d-427e-84e1-798c368f85f6 req-7e165215-522d-4204-b0b1-f81346e3b54f 4abea671090947dca74b0e3db09dbaca 93ccbecc954c43b79f2e6467f122235e - - e3b5e78bc78843418398fe5f07733bc6 e3b5e78bc78843418398fe5f07733bc6] 199.204.45.30 "GET /v2.0/ports?tenant_id=89a95844525041ccab7632485cc48e4a&device_id=ac4a589d-4dd4-4168-b8ca-68b246948def HTTP/1.1" status: 200 len: 2661 time: 0.0343053
2026-05-26 07:08:41.263 8 INFO neutron.api.wsgi [req-a9818ecd-2f2d-427e-84e1-798c368f85f6 req-3a26e571-6063-46d6-9ec8-e49b12082324 4abea671090947dca74b0e3db09dbaca 93ccbecc954c43b79f2e6467f122235e - - e3b5e78bc78843418398fe5f07733bc6 e3b5e78bc78843418398fe5f07733bc6] 199.204.45.30 "GET /v2.0/floatingips?fixed_ip_address=172.24.1.228&port_id=fe820992-aa71-4de2-9728-ce06b5a9c710 HTTP/1.1" status: 200 len: 217 time: 0.0157008
2026-05-26 07:08:41.292 8 INFO neutron.api.wsgi [req-a9818ecd-2f2d-427e-84e1-798c368f85f6 req-a7b9ce5b-02a7-4258-a87e-1600e768fc5e 4abea671090947dca74b0e3db09dbaca 93ccbecc954c43b79f2e6467f122235e - - e3b5e78bc78843418398fe5f07733bc6 e3b5e78bc78843418398fe5f07733bc6] 199.204.45.30 "GET /v2.0/subnets?id=232d2d3e-3fbe-4730-b04d-d04e14835bf6 HTTP/1.1" status: 200 len: 853 time: 0.0242684
2026-05-26 07:08:41.315 8 INFO neutron.api.wsgi [req-a9818ecd-2f2d-427e-84e1-798c368f85f6 req-992a42c3-d71b-46c1-90a8-183a803d407a 4abea671090947dca74b0e3db09dbaca 93ccbecc954c43b79f2e6467f122235e - - e3b5e78bc78843418398fe5f07733bc6 e3b5e78bc78843418398fe5f07733bc6] 199.204.45.30 "GET /v2.0/ports?network_id=44fa778c-21f5-4884-90e8-0e9cad172e67&device_owner=network%3Adhcp HTTP/1.1" status: 200 len: 210 time: 0.0189312
