2026-05-26 07:03:34.604 9 INFO neutron.api.wsgi [req-71fefc41-dd47-4e91-bf27-a44f158c821f req-861e0c22-b781-4c61-8c9d-6a1a4c2abffc 2bd1a8d5322c4c95bbd5c8c702e21497 30005ab1ad0f4165a68d9a69bdfed872 - - default default] 10.0.0.108 "GET /v2.0/ports?device_id=fd7839ba-373e-44a3-bd3d-ce72d212e734 HTTP/1.1" status: 200 len: 210 time: 0.0271204
2026-05-26 07:03:34.654 9 INFO neutron.api.wsgi [req-a1fad541-592b-47fe-95d8-114a651b71b8 req-3a84486e-bf5e-41e1-9fa9-4097e49244b1 2bd1a8d5322c4c95bbd5c8c702e21497 30005ab1ad0f4165a68d9a69bdfed872 - - default default] 199.204.45.30 "GET /v2.0/networks?id=ced0c628-feb6-4929-a253-ca60536bf8df HTTP/1.1" status: 200 len: 868 time: 0.0651376
2026-05-26 07:03:34.717 9 INFO neutron.api.wsgi [req-a1fad541-592b-47fe-95d8-114a651b71b8 req-e946dff9-e817-4777-8ca9-c53c8aa68f53 2bd1a8d5322c4c95bbd5c8c702e21497 30005ab1ad0f4165a68d9a69bdfed872 - - default default] 199.204.45.30 "GET /v2.0/security-groups?fields=id&fields=name&tenant_id=30005ab1ad0f4165a68d9a69bdfed872 HTTP/1.1" status: 200 len: 379 time: 0.0557892
2026-05-26 07:03:34.728 9 WARNING neutron_lib.context [req-a1fad541-592b-47fe-95d8-114a651b71b8 req-ac583573-7a43-4201-9608-0d0d474ac33d 2bd1a8d5322c4c95bbd5c8c702e21497 30005ab1ad0f4165a68d9a69bdfed872 - - default default] Method 'is_advsvc' is deprecated since 2023.2 release (neutron-lib 3.8.0) and will be removed once support for the old RBAC API policies will be removed from Neutron. Please use method 'is_service_role' instead.
2026-05-26 07:03:34.784 8 INFO neutron.api.wsgi [req-f84b7c27-115a-4c2e-909e-e85bc7caa55f req-9dba6f4f-8aba-4d35-a980-383e1a886737 4abea671090947dca74b0e3db09dbaca 93ccbecc954c43b79f2e6467f122235e - - e3b5e78bc78843418398fe5f07733bc6 e3b5e78bc78843418398fe5f07733bc6] 199.204.45.30 "GET /v2.0/ports?tenant_id=5dcb0d9db01249c1b0c208ecaf0ba8ee&device_id=7b269bb7-a9fb-4f32-a465-1d1e7c8cc7b4 HTTP/1.1" status: 200 len: 1590 time: 0.0318816
2026-05-26 07:03:34.824 8 INFO neutron.api.wsgi [req-f84b7c27-115a-4c2e-909e-e85bc7caa55f req-f6f5904d-df92-47f1-a952-16bbb1115bb1 4abea671090947dca74b0e3db09dbaca 93ccbecc954c43b79f2e6467f122235e - - e3b5e78bc78843418398fe5f07733bc6 e3b5e78bc78843418398fe5f07733bc6] 199.204.45.30 "GET /v2.0/networks?id=cb629051-504b-499a-b525-6a815ebb7a2e HTTP/1.1" status: 200 len: 980 time: 0.0357590
2026-05-26 07:03:34.845 8 INFO neutron.api.wsgi [req-f84b7c27-115a-4c2e-909e-e85bc7caa55f req-fa0e5198-84aa-4192-ad24-b16460446f3d 4abea671090947dca74b0e3db09dbaca 93ccbecc954c43b79f2e6467f122235e - - e3b5e78bc78843418398fe5f07733bc6 e3b5e78bc78843418398fe5f07733bc6] 199.204.45.30 "GET /v2.0/floatingips?fixed_ip_address=10.100.0.10&port_id=7e7c9058-ee54-4d17-bc62-be589b9e7d37 HTTP/1.1" status: 200 len: 217 time: 0.0160320
2026-05-26 07:03:34.878 8 INFO neutron.api.wsgi [req-f84b7c27-115a-4c2e-909e-e85bc7caa55f req-ecf58f42-4d20-40bf-b99c-649cd74f4d03 4abea671090947dca74b0e3db09dbaca 93ccbecc954c43b79f2e6467f122235e - - e3b5e78bc78843418398fe5f07733bc6 e3b5e78bc78843418398fe5f07733bc6] 199.204.45.30 "GET /v2.0/floatingips?fixed_ip_address=10.100.0.9&port_id=7e7c9058-ee54-4d17-bc62-be589b9e7d37 HTTP/1.1" status: 200 len: 1059 time: 0.0298774
2026-05-26 07:03:34.905 8 INFO neutron.api.wsgi [req-f84b7c27-115a-4c2e-909e-e85bc7caa55f req-e088ec8f-7952-47bb-b320-1c2a14a9f7d5 4abea671090947dca74b0e3db09dbaca 93ccbecc954c43b79f2e6467f122235e - - e3b5e78bc78843418398fe5f07733bc6 e3b5e78bc78843418398fe5f07733bc6] 199.204.45.30 "GET /v2.0/subnets?id=588a8899-4886-42a5-812e-63b3e6fb3bf6 HTTP/1.1" status: 200 len: 899 time: 0.0222249
2026-05-26 07:03:34.921 9 WARNING neutron.scheduler.dhcp_agent_scheduler [None req-63d5d747-921f-4f0e-b51c-ba488cb4144e 062d7f9686da4d269f43e64966e427b8 be9a25148ea245e3817a3694ca4479f7 - - default default] No more DHCP agents
2026-05-26 07:03:34.923 9 WARNING neutron.api.rpc.agentnotifiers.dhcp_rpc_agent_api [None req-63d5d747-921f-4f0e-b51c-ba488cb4144e 062d7f9686da4d269f43e64966e427b8 be9a25148ea245e3817a3694ca4479f7 - - default default] Unable to schedule network 9e7ee7b9-9d70-4690-8684-6371bbe1ce9c: no agents available; will retry on subsequent port and subnet creation events.
2026-05-26 07:03:34.928 8 INFO neutron.api.wsgi [req-f84b7c27-115a-4c2e-909e-e85bc7caa55f req-fd042ccf-482c-4cd7-a198-01050849ec62 4abea671090947dca74b0e3db09dbaca 93ccbecc954c43b79f2e6467f122235e - - e3b5e78bc78843418398fe5f07733bc6 e3b5e78bc78843418398fe5f07733bc6] 199.204.45.30 "GET /v2.0/ports?network_id=cb629051-504b-499a-b525-6a815ebb7a2e&device_owner=network%3Adhcp HTTP/1.1" status: 200 len: 210 time: 0.0175376
2026-05-26 07:03:34.989 8 INFO neutron.api.wsgi [req-f84b7c27-115a-4c2e-909e-e85bc7caa55f req-28356afa-3678-4ddc-a87a-8e201d2db089 4abea671090947dca74b0e3db09dbaca 93ccbecc954c43b79f2e6467f122235e - - e3b5e78bc78843418398fe5f07733bc6 e3b5e78bc78843418398fe5f07733bc6] 199.204.45.30 "GET /v2.0/networks/cb629051-504b-499a-b525-6a815ebb7a2e?fields=segments HTTP/1.1" status: 200 len: 212 time: 0.0524266
2026-05-26 07:03:35.041 8 INFO neutron.api.wsgi [req-f84b7c27-115a-4c2e-909e-e85bc7caa55f req-1c5a1e4d-d68e-40c7-b4dc-5fc41f4cebd6 4abea671090947dca74b0e3db09dbaca 93ccbecc954c43b79f2e6467f122235e - - e3b5e78bc78843418398fe5f07733bc6 e3b5e78bc78843418398fe5f07733bc6] 199.204.45.30 "GET /v2.0/networks/cb629051-504b-499a-b525-6a815ebb7a2e?fields=provider%3Aphysical_network&fields=provider%3Anetwork_type HTTP/1.1" status: 200 len: 277 time: 0.0452292
2026-05-26 07:03:35.062 8 INFO neutron.api.wsgi [req-3ae54697-1605-40f5-85c0-5d7c1b2f6b85 req-a70c5bab-0015-4058-84e9-a8bc1f9ade9e 9833e2cc76164002a2de6adaa8ce50b1 4aba05127e9a4818b01b80459df13981 - - default default] 10.0.0.108 "GET /v2.0/ports?device_id=565a7aca-a607-41c0-9771-1efa338d7f28 HTTP/1.1" status: 200 len: 1168 time: 0.0813599
2026-05-26 07:03:35.078 9 WARNING neutron.scheduler.dhcp_agent_scheduler [req-a1fad541-592b-47fe-95d8-114a651b71b8 req-ac583573-7a43-4201-9608-0d0d474ac33d 2bd1a8d5322c4c95bbd5c8c702e21497 30005ab1ad0f4165a68d9a69bdfed872 - - default default] No more DHCP agents
2026-05-26 07:03:35.080 9 WARNING neutron.api.rpc.agentnotifiers.dhcp_rpc_agent_api [req-a1fad541-592b-47fe-95d8-114a651b71b8 req-ac583573-7a43-4201-9608-0d0d474ac33d 2bd1a8d5322c4c95bbd5c8c702e21497 30005ab1ad0f4165a68d9a69bdfed872 - - default default] Unable to schedule network ced0c628-feb6-4929-a253-ca60536bf8df: no agents available; will retry on subsequent port and subnet creation events.
2026-05-26 07:03:35.083 9 INFO neutron.db.ovn_revision_numbers_db [None req-63d5d747-921f-4f0e-b51c-ba488cb4144e 062d7f9686da4d269f43e64966e427b8 be9a25148ea245e3817a3694ca4479f7 - - default default] Successfully bumped revision number for resource c219d7f4-fb13-4d15-9504-1229929cd594 (type: ports) to 1
2026-05-26 07:03:35.100 8 INFO neutron.api.wsgi [req-3ae54697-1605-40f5-85c0-5d7c1b2f6b85 req-9995a27c-c5d4-43d2-bc80-f5b8c204e5d4 9833e2cc76164002a2de6adaa8ce50b1 4aba05127e9a4818b01b80459df13981 - - default default] 10.0.0.108 "GET /v2.0/security-groups?id=742f3d8a-992b-412a-9343-68da07fd6e5a&fields=id&fields=name HTTP/1.1" status: 200 len: 313 time: 0.0326588
2026-05-26 07:03:35.262 8 INFO neutron.plugins.ml2.drivers.ovn.mech_driver.mech_driver [None req-1a55a5d3-2ad1-422e-835b-1cb9de71f8d6 - - - - - -] OVN reports status up for port: 381e80e6-18a4-4217-be68-df1f6912feec
2026-05-26 07:03:35.281 8 INFO neutron.plugins.ml2.plugin [None req-1a55a5d3-2ad1-422e-835b-1cb9de71f8d6 - - - - - -] Attempt 1 to provision port 381e80e6-18a4-4217-be68-df1f6912feec
2026-05-26 07:03:35.422 8 INFO neutron.notifiers.nova [-] Nova event matching ['req-436f9207-2b04-418a-9c31-e8da31a955dc'] response: {'server_uuid': '565a7aca-a607-41c0-9771-1efa338d7f28', 'name': 'network-vif-plugged', 'status': 'completed', 'tag': '381e80e6-18a4-4217-be68-df1f6912feec', 'code': 200}
2026-05-26 07:03:35.423 9 INFO neutron.db.ovn_revision_numbers_db [req-a1fad541-592b-47fe-95d8-114a651b71b8 req-ac583573-7a43-4201-9608-0d0d474ac33d 2bd1a8d5322c4c95bbd5c8c702e21497 30005ab1ad0f4165a68d9a69bdfed872 - - default default] Successfully bumped revision number for resource 2efca9e1-1fa4-41aa-a8ae-7377e946051c (type: ports) to 1
2026-05-26 07:03:35.454 9 INFO neutron.api.wsgi [req-a1fad541-592b-47fe-95d8-114a651b71b8 req-ac583573-7a43-4201-9608-0d0d474ac33d 2bd1a8d5322c4c95bbd5c8c702e21497 30005ab1ad0f4165a68d9a69bdfed872 - - default default] 199.204.45.30 "POST /v2.0/ports HTTP/1.1" status: 201 len: 1158 time: 0.7306633 /var/lib/openstack/lib/python3.12/site-packages/pycadf/identifier.py:71: UserWarning: Invalid uuid: neutron. To ensure interoperability, identifiers should be a valid uuid. warnings.warn(('Invalid uuid: %s. To ensure interoperability, '
2026-05-26 07:03:35.600 8 INFO neutron.db.ovn_revision_numbers_db [None req-1a55a5d3-2ad1-422e-835b-1cb9de71f8d6 - - - - - -] Successfully bumped revision number for resource 381e80e6-18a4-4217-be68-df1f6912feec (type: ports) to 5
2026-05-26 07:03:35.628 8 INFO neutron.api.wsgi [req-6328599d-9faa-4f88-b5c8-c51ce02d72a5 req-297e43cc-bced-4ba5-a68c-a577b64ff0e1 7070b8d3a15c45e8bc56d7445b2258bb 5dcb0d9db01249c1b0c208ecaf0ba8ee - - default default] 199.204.45.30 "GET /v2.0/ports?device_id=7b269bb7-a9fb-4f32-a465-1d1e7c8cc7b4&device_owner=compute%3Anova&fixed_ips=ip_address%3D10.100.0.10 HTTP/1.1" status: 200 len: 1352 time: 0.0759799 /var/lib/openstack/lib/python3.12/site-packages/pycadf/identifier.py:71: UserWarning: Invalid uuid: neutron. To ensure interoperability, identifiers should be a valid uuid. warnings.warn(('Invalid uuid: %s. To ensure interoperability, '
2026-05-26 07:03:35.765 8 INFO neutron.api.wsgi [req-d1f330c8-e01e-468a-a373-7602feda0ad7 req-0495af33-442c-4b0f-ad5a-7b4058c16409 2bd1a8d5322c4c95bbd5c8c702e21497 30005ab1ad0f4165a68d9a69bdfed872 - - default default] 10.0.0.108 "GET /v2.0/ports?device_id=fd7839ba-373e-44a3-bd3d-ce72d212e734 HTTP/1.1" status: 200 len: 1156 time: 0.1078165
2026-05-26 07:03:35.809 8 INFO neutron.api.wsgi [req-d1f330c8-e01e-468a-a373-7602feda0ad7 req-c2daef43-bc34-4255-9560-1c66576154aa 2bd1a8d5322c4c95bbd5c8c702e21497 30005ab1ad0f4165a68d9a69bdfed872 - - default default] 10.0.0.108 "GET /v2.0/security-groups?id=fbb0ac42-bc6a-48cb-b1dc-6d7864cd8a6c&fields=id&fields=name HTTP/1.1" status: 200 len: 312 time: 0.0377467
2026-05-26 07:03:35.827 8 INFO neutron.plugins.ml2.drivers.ovn.mech_driver.mech_driver [None req-2faf45f8-1abf-4f48-a277-189c1bbb1152 - - - - - -] OVN reports status up for port: c219d7f4-fb13-4d15-9504-1229929cd594
2026-05-26 07:03:35.833 8 INFO neutron.plugins.ml2.plugin [None req-2faf45f8-1abf-4f48-a277-189c1bbb1152 - - - - - -] Attempt 1 to provision port c219d7f4-fb13-4d15-9504-1229929cd594
2026-05-26 07:03:35.854 9 INFO neutron.db.ovn_revision_numbers_db [None req-63d5d747-921f-4f0e-b51c-ba488cb4144e 062d7f9686da4d269f43e64966e427b8 be9a25148ea245e3817a3694ca4479f7 - - default default] Successfully bumped revision number for resource c219d7f4-fb13-4d15-9504-1229929cd594 (type: ports) to 1
2026-05-26 07:03:35.889 9 INFO neutron.db.ovn_revision_numbers_db [req-a1fad541-592b-47fe-95d8-114a651b71b8 req-e303e197-9548-4fa5-8008-69a13e7c462d 4abea671090947dca74b0e3db09dbaca 93ccbecc954c43b79f2e6467f122235e - - e3b5e78bc78843418398fe5f07733bc6 e3b5e78bc78843418398fe5f07733bc6] Successfully bumped revision number for resource 2efca9e1-1fa4-41aa-a8ae-7377e946051c (type: ports) to 2
2026-05-26 07:03:35.924 9 WARNING neutron.scheduler.dhcp_agent_scheduler [None req-63d5d747-921f-4f0e-b51c-ba488cb4144e 062d7f9686da4d269f43e64966e427b8 be9a25148ea245e3817a3694ca4479f7 - - default default] No more DHCP agents
2026-05-26 07:03:35.926 9 WARNING neutron.api.rpc.agentnotifiers.dhcp_rpc_agent_api [None req-63d5d747-921f-4f0e-b51c-ba488cb4144e 062d7f9686da4d269f43e64966e427b8 be9a25148ea245e3817a3694ca4479f7 - - default default] Unable to schedule network 9e7ee7b9-9d70-4690-8684-6371bbe1ce9c: no agents available; will retry on subsequent port and subnet creation events.
2026-05-26 07:03:36.148 9 INFO neutron.db.ovn_revision_numbers_db [None req-63d5d747-921f-4f0e-b51c-ba488cb4144e 062d7f9686da4d269f43e64966e427b8 be9a25148ea245e3817a3694ca4479f7 - - default default] Successfully bumped revision number for resource c219d7f4-fb13-4d15-9504-1229929cd594 (type: router_ports) to 1
2026-05-26 07:03:36.152 9 INFO neutron.api.wsgi [None req-63d5d747-921f-4f0e-b51c-ba488cb4144e 062d7f9686da4d269f43e64966e427b8 be9a25148ea245e3817a3694ca4479f7 - - default default] 10.0.0.207 "PUT /v2.0/routers/126ea912-20e3-4786-9d7d-d7798ce8412a/add_router_interface HTTP/1.1" status: 200 len: 503 time: 1.6573324
2026-05-26 07:03:36.159 9 INFO neutron.db.ovn_revision_numbers_db [req-a1fad541-592b-47fe-95d8-114a651b71b8 req-e303e197-9548-4fa5-8008-69a13e7c462d 4abea671090947dca74b0e3db09dbaca 93ccbecc954c43b79f2e6467f122235e - - e3b5e78bc78843418398fe5f07733bc6 e3b5e78bc78843418398fe5f07733bc6] Successfully bumped revision number for resource 2efca9e1-1fa4-41aa-a8ae-7377e946051c (type: ports) to 4 /var/lib/openstack/lib/python3.12/site-packages/pycadf/identifier.py:71: UserWarning: Invalid uuid: neutron. To ensure interoperability, identifiers should be a valid uuid. warnings.warn(('Invalid uuid: %s. To ensure interoperability, '
2026-05-26 07:03:36.191 9 INFO neutron.api.wsgi [None req-46980782-a7d0-4115-9c8a-9a9ed769fe4f 062d7f9686da4d269f43e64966e427b8 be9a25148ea245e3817a3694ca4479f7 - - default default] 10.0.0.207 "GET /v2.0/ports/c219d7f4-fb13-4d15-9504-1229929cd594 HTTP/1.1" status: 200 len: 1137 time: 0.0326037 /var/lib/openstack/lib/python3.12/site-packages/pycadf/identifier.py:71: UserWarning: Invalid uuid: neutron. To ensure interoperability, identifiers should be a valid uuid. warnings.warn(('Invalid uuid: %s. To ensure interoperability, '
2026-05-26 07:03:36.194 9 INFO neutron.api.wsgi [req-a1fad541-592b-47fe-95d8-114a651b71b8 req-e303e197-9548-4fa5-8008-69a13e7c462d 4abea671090947dca74b0e3db09dbaca 93ccbecc954c43b79f2e6467f122235e - - e3b5e78bc78843418398fe5f07733bc6 e3b5e78bc78843418398fe5f07733bc6] 199.204.45.30 "PUT /v2.0/ports/2efca9e1-1fa4-41aa-a8ae-7377e946051c HTTP/1.1" status: 200 len: 1404 time: 0.7313390
2026-05-26 07:03:36.230 9 INFO neutron.notifiers.nova [-] Nova event matching ['req-628fb207-be86-4be9-9330-53de4cc75018'] response: {'name': 'network-changed', 'server_uuid': 'fd7839ba-373e-44a3-bd3d-ce72d212e734', 'tag': '2efca9e1-1fa4-41aa-a8ae-7377e946051c', 'status': 'completed', 'code': 200}
2026-05-26 07:03:36.266 8 INFO neutron.api.wsgi [req-da687988-b734-4ff0-99d7-3ce8c33caef4 req-b31c7f2c-bf7f-43c6-b776-07002733367b 9833e2cc76164002a2de6adaa8ce50b1 4aba05127e9a4818b01b80459df13981 - - default default] 10.0.0.108 "GET /v2.0/ports?device_id=565a7aca-a607-41c0-9771-1efa338d7f28 HTTP/1.1" status: 200 len: 1170 time: 0.0796275
2026-05-26 07:03:36.346 8 INFO neutron.db.ovn_revision_numbers_db [None req-2faf45f8-1abf-4f48-a277-189c1bbb1152 - - - - - -] Successfully bumped revision number for resource c219d7f4-fb13-4d15-9504-1229929cd594 (type: ports) to 2
2026-05-26 07:03:36.353 8 INFO neutron.api.wsgi [req-da687988-b734-4ff0-99d7-3ce8c33caef4 req-4dfdba6a-4532-4205-8e5c-cf635d91c89f 9833e2cc76164002a2de6adaa8ce50b1 4aba05127e9a4818b01b80459df13981 - - default default] 10.0.0.108 "GET /v2.0/security-groups?id=742f3d8a-992b-412a-9343-68da07fd6e5a&fields=id&fields=name HTTP/1.1" status: 200 len: 313 time: 0.0819809
2026-05-26 07:03:36.413 8 INFO neutron.db.ovn_revision_numbers_db [req-6328599d-9faa-4f88-b5c8-c51ce02d72a5 req-50b39a01-0574-43ee-9c15-fdd8870bbf15 7070b8d3a15c45e8bc56d7445b2258bb 5dcb0d9db01249c1b0c208ecaf0ba8ee - - default default] Successfully bumped revision number for resource 7e7c9058-ee54-4d17-bc62-be589b9e7d37 (type: ports) to 7
2026-05-26 07:03:36.428 8 INFO neutron.api.wsgi [req-6328599d-9faa-4f88-b5c8-c51ce02d72a5 req-50b39a01-0574-43ee-9c15-fdd8870bbf15 7070b8d3a15c45e8bc56d7445b2258bb 5dcb0d9db01249c1b0c208ecaf0ba8ee - - default default] 199.204.45.30 "PUT /v2.0/ports/7e7c9058-ee54-4d17-bc62-be589b9e7d37 HTTP/1.1" status: 200 len: 1167 time: 0.7949035
2026-05-26 07:03:36.978 9 INFO neutron.api.wsgi [req-6328599d-9faa-4f88-b5c8-c51ce02d72a5 req-37b8c522-e422-460c-b31e-ccf2849be8b6 4abea671090947dca74b0e3db09dbaca 93ccbecc954c43b79f2e6467f122235e - - e3b5e78bc78843418398fe5f07733bc6 e3b5e78bc78843418398fe5f07733bc6] 199.204.45.30 "GET /v2.0/ports?tenant_id=5dcb0d9db01249c1b0c208ecaf0ba8ee&device_id=7b269bb7-a9fb-4f32-a465-1d1e7c8cc7b4 HTTP/1.1" status: 200 len: 1409 time: 0.0378823
2026-05-26 07:03:36.982 8 WARNING neutron.scheduler.dhcp_agent_scheduler [None req-70bb8813-3c67-4d96-8ceb-e832a1ba73af 062d7f9686da4d269f43e64966e427b8 be9a25148ea245e3817a3694ca4479f7 - - default default] No more DHCP agents
2026-05-26 07:03:36.982 9 INFO neutron.api.wsgi [req-237858dd-0152-42ae-9303-427a32adc11a req-aef41105-f749-419d-9d22-9021ff1d945b 2bd1a8d5322c4c95bbd5c8c702e21497 30005ab1ad0f4165a68d9a69bdfed872 - - default default] 10.0.0.108 "GET /v2.0/ports?device_id=fd7839ba-373e-44a3-bd3d-ce72d212e734 HTTP/1.1" status: 200 len: 1168 time: 0.1018097
2026-05-26 07:03:36.984 8 WARNING neutron.api.rpc.agentnotifiers.dhcp_rpc_agent_api [None req-70bb8813-3c67-4d96-8ceb-e832a1ba73af 062d7f9686da4d269f43e64966e427b8 be9a25148ea245e3817a3694ca4479f7 - - default default] Unable to schedule network 56d76532-2f87-4dc9-bc69-a34e342fff9f: no agents available; will retry on subsequent port and subnet creation events.
2026-05-26 07:03:36.989 8 INFO neutron.api.wsgi [req-627d3beb-194b-49a1-b4ff-e0e849f111b1 req-d7f947c6-47b1-4be2-a71a-89d5f6cc258f 4abea671090947dca74b0e3db09dbaca 93ccbecc954c43b79f2e6467f122235e - - e3b5e78bc78843418398fe5f07733bc6 e3b5e78bc78843418398fe5f07733bc6] 199.204.45.30 "GET /v2.0/ports?tenant_id=30005ab1ad0f4165a68d9a69bdfed872&device_id=fd7839ba-373e-44a3-bd3d-ce72d212e734 HTTP/1.1" status: 200 len: 1407 time: 0.0400815
2026-05-26 07:03:37.039 9 INFO neutron.api.wsgi [req-6328599d-9faa-4f88-b5c8-c51ce02d72a5 req-a6c2ff12-8fe7-410b-a462-66c1806d9b0a 4abea671090947dca74b0e3db09dbaca 93ccbecc954c43b79f2e6467f122235e - - e3b5e78bc78843418398fe5f07733bc6 e3b5e78bc78843418398fe5f07733bc6] 199.204.45.30 "GET /v2.0/networks?id=cb629051-504b-499a-b525-6a815ebb7a2e HTTP/1.1" status: 200 len: 980 time: 0.0534678
2026-05-26 07:03:37.044 9 INFO neutron.api.wsgi [req-237858dd-0152-42ae-9303-427a32adc11a req-fd30a80a-7fb4-43e5-845c-6dfdd552ca5b 2bd1a8d5322c4c95bbd5c8c702e21497 30005ab1ad0f4165a68d9a69bdfed872 - - default default] 10.0.0.108 "GET /v2.0/security-groups?id=fbb0ac42-bc6a-48cb-b1dc-6d7864cd8a6c&fields=id&fields=name HTTP/1.1" status: 200 len: 312 time: 0.0492487
2026-05-26 07:03:37.059 8 INFO neutron.api.wsgi [req-627d3beb-194b-49a1-b4ff-e0e849f111b1 req-68294c29-1c88-4e93-a83e-c5327fa56b45 4abea671090947dca74b0e3db09dbaca 93ccbecc954c43b79f2e6467f122235e - - e3b5e78bc78843418398fe5f07733bc6 e3b5e78bc78843418398fe5f07733bc6] 199.204.45.30 "GET /v2.0/networks?tenant_id=30005ab1ad0f4165a68d9a69bdfed872&shared=False HTTP/1.1" status: 200 len: 966 time: 0.0643723
2026-05-26 07:03:37.074 9 INFO neutron.api.wsgi [req-6328599d-9faa-4f88-b5c8-c51ce02d72a5 req-45fc217e-2dfd-4dc8-9767-c01ecc216978 4abea671090947dca74b0e3db09dbaca 93ccbecc954c43b79f2e6467f122235e - - e3b5e78bc78843418398fe5f07733bc6 e3b5e78bc78843418398fe5f07733bc6] 199.204.45.30 "GET /v2.0/floatingips?fixed_ip_address=10.100.0.9&port_id=7e7c9058-ee54-4d17-bc62-be589b9e7d37 HTTP/1.1" status: 200 len: 1059 time: 0.0279319
2026-05-26 07:03:37.098 9 INFO neutron.api.wsgi [req-6328599d-9faa-4f88-b5c8-c51ce02d72a5 req-b2c8d19a-f40a-425b-8fcb-3aaacbed5b61 4abea671090947dca74b0e3db09dbaca 93ccbecc954c43b79f2e6467f122235e - - e3b5e78bc78843418398fe5f07733bc6 e3b5e78bc78843418398fe5f07733bc6] 199.204.45.30 "GET /v2.0/subnets?id=588a8899-4886-42a5-812e-63b3e6fb3bf6 HTTP/1.1" status: 200 len: 899 time: 0.0189791
2026-05-26 07:03:37.119 8 INFO neutron.api.wsgi [req-627d3beb-194b-49a1-b4ff-e0e849f111b1 req-4cabe458-acb1-4ca8-ba81-6c8d1f125801 4abea671090947dca74b0e3db09dbaca 93ccbecc954c43b79f2e6467f122235e - - e3b5e78bc78843418398fe5f07733bc6 e3b5e78bc78843418398fe5f07733bc6] 199.204.45.30 "GET /v2.0/networks?shared=True HTTP/1.1" status: 200 len: 952 time: 0.0524406
2026-05-26 07:03:37.126 9 INFO neutron.api.wsgi [req-6328599d-9faa-4f88-b5c8-c51ce02d72a5 req-e66f93e5-842b-4e3e-b5c5-1f59fb51612b 4abea671090947dca74b0e3db09dbaca 93ccbecc954c43b79f2e6467f122235e - - e3b5e78bc78843418398fe5f07733bc6 e3b5e78bc78843418398fe5f07733bc6] 199.204.45.30 "GET /v2.0/ports?network_id=cb629051-504b-499a-b525-6a815ebb7a2e&device_owner=network%3Adhcp HTTP/1.1" status: 200 len: 210 time: 0.0212085
2026-05-26 07:03:37.152 8 INFO neutron.db.ovn_revision_numbers_db [None req-70bb8813-3c67-4d96-8ceb-e832a1ba73af 062d7f9686da4d269f43e64966e427b8 be9a25148ea245e3817a3694ca4479f7 - - default default] Successfully bumped revision number for resource cf2abee7-9fd9-42fa-8b28-137b622808db (type: ports) to 1
2026-05-26 07:03:37.196 9 INFO neutron.api.wsgi [req-6328599d-9faa-4f88-b5c8-c51ce02d72a5 req-f810d723-209d-47ea-897c-5dc56e18716b 4abea671090947dca74b0e3db09dbaca 93ccbecc954c43b79f2e6467f122235e - - e3b5e78bc78843418398fe5f07733bc6 e3b5e78bc78843418398fe5f07733bc6] 199.204.45.30 "GET /v2.0/networks/cb629051-504b-499a-b525-6a815ebb7a2e?fields=segments HTTP/1.1" status: 200 len: 212 time: 0.0648792
2026-05-26 07:03:37.248 9 INFO neutron.api.wsgi [req-6328599d-9faa-4f88-b5c8-c51ce02d72a5 req-3ee2a737-1684-4cd5-b241-3aa90280a2aa 4abea671090947dca74b0e3db09dbaca 93ccbecc954c43b79f2e6467f122235e - - e3b5e78bc78843418398fe5f07733bc6 e3b5e78bc78843418398fe5f07733bc6] 199.204.45.30 "GET /v2.0/networks/cb629051-504b-499a-b525-6a815ebb7a2e?fields=provider%3Aphysical_network&fields=provider%3Anetwork_type HTTP/1.1" status: 200 len: 277 time: 0.0466437
2026-05-26 07:03:37.458 8 INFO neutron.notifiers.nova [-] Nova event matching ['req-cede4cb4-3d4d-44a5-b018-619c89af9434'] response: {'server_uuid': '565a7aca-a607-41c0-9771-1efa338d7f28', 'name': 'network-vif-plugged', 'status': 'completed', 'tag': '381e80e6-18a4-4217-be68-df1f6912feec', 'code': 200}
2026-05-26 07:03:37.458 8 INFO neutron.notifiers.nova [-] Nova event matching ['req-cede4cb4-3d4d-44a5-b018-619c89af9434'] response: {'name': 'network-changed', 'server_uuid': '7b269bb7-a9fb-4f32-a465-1d1e7c8cc7b4', 'tag': '7e7c9058-ee54-4d17-bc62-be589b9e7d37', 'status': 'completed', 'code': 200}
2026-05-26 07:03:37.513 9 INFO neutron.api.wsgi [req-95d054e4-f7d0-456d-9c7c-22b41b8c9df7 req-1f6f3d8d-68d0-455f-9e16-c9e75802e16f 9833e2cc76164002a2de6adaa8ce50b1 4aba05127e9a4818b01b80459df13981 - - default default] 10.0.0.108 "GET /v2.0/ports?device_id=565a7aca-a607-41c0-9771-1efa338d7f28 HTTP/1.1" status: 200 len: 1170 time: 0.0989559
2026-05-26 07:03:37.550 9 INFO neutron.api.wsgi [req-95d054e4-f7d0-456d-9c7c-22b41b8c9df7 req-d36503ad-6e4c-4d3d-96a6-2e272fdd601b 9833e2cc76164002a2de6adaa8ce50b1 4aba05127e9a4818b01b80459df13981 - - default default] 10.0.0.108 "GET /v2.0/security-groups?id=742f3d8a-992b-412a-9343-68da07fd6e5a&fields=id&fields=name HTTP/1.1" status: 200 len: 313 time: 0.0317996
2026-05-26 07:03:37.645 8 INFO neutron.api.wsgi [req-c779ab9d-7324-4b50-95b2-d85e4bda35b8 req-6a0d5e86-381a-4911-b325-3294c1deba7e 9833e2cc76164002a2de6adaa8ce50b1 4aba05127e9a4818b01b80459df13981 - - default default] 10.0.0.108 "GET /v2.0/ports?device_id=565a7aca-a607-41c0-9771-1efa338d7f28 HTTP/1.1" status: 200 len: 1170 time: 0.0401132
2026-05-26 07:03:37.748 8 INFO neutron.db.ovn_revision_numbers_db [None req-70bb8813-3c67-4d96-8ceb-e832a1ba73af 062d7f9686da4d269f43e64966e427b8 be9a25148ea245e3817a3694ca4479f7 - - default default] Successfully bumped revision number for resource cf2abee7-9fd9-42fa-8b28-137b622808db (type: ports) to 1
2026-05-26 07:03:37.814 8 WARNING neutron.scheduler.dhcp_agent_scheduler [None req-70bb8813-3c67-4d96-8ceb-e832a1ba73af 062d7f9686da4d269f43e64966e427b8 be9a25148ea245e3817a3694ca4479f7 - - default default] No more DHCP agents
2026-05-26 07:03:37.816 8 WARNING neutron.api.rpc.agentnotifiers.dhcp_rpc_agent_api [None req-70bb8813-3c67-4d96-8ceb-e832a1ba73af 062d7f9686da4d269f43e64966e427b8 be9a25148ea245e3817a3694ca4479f7 - - default default] Unable to schedule network 56d76532-2f87-4dc9-bc69-a34e342fff9f: no agents available; will retry on subsequent port and subnet creation events.
2026-05-26 07:03:38.015 8 INFO neutron.db.ovn_revision_numbers_db [None req-70bb8813-3c67-4d96-8ceb-e832a1ba73af 062d7f9686da4d269f43e64966e427b8 be9a25148ea245e3817a3694ca4479f7 - - default default] Successfully bumped revision number for resource cf2abee7-9fd9-42fa-8b28-137b622808db (type: router_ports) to 1
2026-05-26 07:03:38.021 8 INFO neutron.api.wsgi [None req-70bb8813-3c67-4d96-8ceb-e832a1ba73af 062d7f9686da4d269f43e64966e427b8 be9a25148ea245e3817a3694ca4479f7 - - default default] 10.0.0.207 "PUT /v2.0/routers/126ea912-20e3-4786-9d7d-d7798ce8412a/add_router_interface HTTP/1.1" status: 200 len: 503 time: 1.8224170
2026-05-26 07:03:38.106 9 INFO neutron.db.ovn_revision_numbers_db [None req-52358ee8-7060-4cf6-9d66-7d5c2d1d6ca4 9833e2cc76164002a2de6adaa8ce50b1 4aba05127e9a4818b01b80459df13981 - - default default] Successfully bumped revision number for resource 128a70a4-5c80-4a10-a716-da24a6dd15e0 (type: floatingips) to 1
2026-05-26 07:03:38.114 8 INFO neutron.api.wsgi [None req-792c22ba-f218-47e9-81d1-b2bc3d983e21 062d7f9686da4d269f43e64966e427b8 be9a25148ea245e3817a3694ca4479f7 - - default default] 10.0.0.207 "GET /v2.0/ports/cf2abee7-9fd9-42fa-8b28-137b622808db HTTP/1.1" status: 200 len: 1135 time: 0.0873144
2026-05-26 07:03:38.150 8 INFO neutron.api.wsgi [None req-9266b7b3-56b4-40f0-af42-3ab5eb830c76 062d7f9686da4d269f43e64966e427b8 be9a25148ea245e3817a3694ca4479f7 - - default default] 10.0.0.207 "GET /v2.0/ports/cf2abee7-9fd9-42fa-8b28-137b622808db HTTP/1.1" status: 200 len: 1135 time: 0.0314879
2026-05-26 07:03:38.181 9 INFO neutron.api.wsgi [req-60c2c491-222d-4acb-9173-be8571bf0f29 req-914b5678-75ac-4742-a36b-132834631076 2bd1a8d5322c4c95bbd5c8c702e21497 30005ab1ad0f4165a68d9a69bdfed872 - - default default] 10.0.0.108 "GET /v2.0/ports?device_id=fd7839ba-373e-44a3-bd3d-ce72d212e734 HTTP/1.1" status: 200 len: 1168 time: 0.0578666
2026-05-26 07:03:38.206 9 INFO neutron.api.wsgi [req-a1fad541-592b-47fe-95d8-114a651b71b8 req-9167e66b-350a-4aec-a324-2d6f8a5fbdaa 4abea671090947dca74b0e3db09dbaca 93ccbecc954c43b79f2e6467f122235e - - e3b5e78bc78843418398fe5f07733bc6 e3b5e78bc78843418398fe5f07733bc6] 199.204.45.30 "GET /v2.0/ports?tenant_id=30005ab1ad0f4165a68d9a69bdfed872&device_id=fd7839ba-373e-44a3-bd3d-ce72d212e734 HTTP/1.1" status: 200 len: 1407 time: 0.0740380
2026-05-26 07:03:38.260 9 INFO neutron.api.wsgi [req-a1fad541-592b-47fe-95d8-114a651b71b8 req-eac1e2b0-d7fe-4b50-94d3-17a2110da35d 4abea671090947dca74b0e3db09dbaca 93ccbecc954c43b79f2e6467f122235e - - e3b5e78bc78843418398fe5f07733bc6 e3b5e78bc78843418398fe5f07733bc6] 199.204.45.30 "GET /v2.0/floatingips?fixed_ip_address=10.100.0.8&port_id=2efca9e1-1fa4-41aa-a8ae-7377e946051c HTTP/1.1" status: 200 len: 217 time: 0.0444643
2026-05-26 07:03:38.278 9 INFO neutron.api.wsgi [req-60c2c491-222d-4acb-9173-be8571bf0f29 req-194ef06c-263b-4d62-b94f-200cf8dc54ea 2bd1a8d5322c4c95bbd5c8c702e21497 30005ab1ad0f4165a68d9a69bdfed872 - - default default] 10.0.0.108 "GET /v2.0/security-groups?id=fbb0ac42-bc6a-48cb-b1dc-6d7864cd8a6c&fields=id&fields=name HTTP/1.1" status: 200 len: 312 time: 0.0874960
2026-05-26 07:03:38.302 9 INFO neutron.api.wsgi [req-a1fad541-592b-47fe-95d8-114a651b71b8 req-0f1d560b-f450-4471-b7b4-caf6b88be698 4abea671090947dca74b0e3db09dbaca 93ccbecc954c43b79f2e6467f122235e - - e3b5e78bc78843418398fe5f07733bc6 e3b5e78bc78843418398fe5f07733bc6] 199.204.45.30 "GET /v2.0/subnets?id=8b5df541-4a83-45d4-a997-4036ded506fb HTTP/1.1" status: 200 len: 886 time: 0.0357707
2026-05-26 07:03:38.313 8 INFO neutron.api.wsgi [req-e22633f8-30cf-487a-b188-c621f4999f9e req-060778e9-328b-4f96-a2f7-557d87d05c33 4abea671090947dca74b0e3db09dbaca 93ccbecc954c43b79f2e6467f122235e - - e3b5e78bc78843418398fe5f07733bc6 e3b5e78bc78843418398fe5f07733bc6] 199.204.45.30 "GET /v2.0/ports?tenant_id=5dcb0d9db01249c1b0c208ecaf0ba8ee&device_id=7b269bb7-a9fb-4f32-a465-1d1e7c8cc7b4 HTTP/1.1" status: 200 len: 1409 time: 0.0473092
2026-05-26 07:03:38.325 9 INFO neutron.api.wsgi [req-a1fad541-592b-47fe-95d8-114a651b71b8 req-10309d71-888e-43ce-85d9-ac50d8cf63d6 4abea671090947dca74b0e3db09dbaca 93ccbecc954c43b79f2e6467f122235e - - e3b5e78bc78843418398fe5f07733bc6 e3b5e78bc78843418398fe5f07733bc6] 199.204.45.30 "GET /v2.0/ports?network_id=ced0c628-feb6-4929-a253-ca60536bf8df&device_owner=network%3Adhcp HTTP/1.1" status: 200 len: 210 time: 0.0187747
2026-05-26 07:03:38.328 9 INFO neutron.db.ovn_revision_numbers_db [None req-52358ee8-7060-4cf6-9d66-7d5c2d1d6ca4 9833e2cc76164002a2de6adaa8ce50b1 4aba05127e9a4818b01b80459df13981 - - default default] Successfully bumped revision number for resource 128a70a4-5c80-4a10-a716-da24a6dd15e0 (type: floatingips) to 2
2026-05-26 07:03:38.328 9 INFO neutron.db.l3_db [None req-52358ee8-7060-4cf6-9d66-7d5c2d1d6ca4 9833e2cc76164002a2de6adaa8ce50b1 4aba05127e9a4818b01b80459df13981 - - default default] Floating IP 128a70a4-5c80-4a10-a716-da24a6dd15e0 associated. External IP: 10.96.250.218, port: 381e80e6-18a4-4217-be68-df1f6912feec.
2026-05-26 07:03:38.358 8 INFO neutron.api.wsgi [req-e22633f8-30cf-487a-b188-c621f4999f9e req-b5f02071-1fb9-4477-af73-d3cdce54b4c1 4abea671090947dca74b0e3db09dbaca 93ccbecc954c43b79f2e6467f122235e - - e3b5e78bc78843418398fe5f07733bc6 e3b5e78bc78843418398fe5f07733bc6] 199.204.45.30 "GET /v2.0/networks?id=cb629051-504b-499a-b525-6a815ebb7a2e HTTP/1.1" status: 200 len: 980 time: 0.0407865
2026-05-26 07:03:38.370 9 INFO neutron.api.wsgi [None req-52358ee8-7060-4cf6-9d66-7d5c2d1d6ca4 9833e2cc76164002a2de6adaa8ce50b1 4aba05127e9a4818b01b80459df13981 - - default default] 10.0.0.207 "PUT /v2.0/floatingips/128a70a4-5c80-4a10-a716-da24a6dd15e0 HTTP/1.1" status: 200 len: 1049 time: 0.7145944
2026-05-26 07:03:38.384 9 INFO neutron.api.wsgi [req-a1fad541-592b-47fe-95d8-114a651b71b8 req-34064f29-87fa-40c1-9243-30e2eeeb81dd 4abea671090947dca74b0e3db09dbaca 93ccbecc954c43b79f2e6467f122235e - - e3b5e78bc78843418398fe5f07733bc6 e3b5e78bc78843418398fe5f07733bc6] 199.204.45.30 "GET /v2.0/networks/ced0c628-feb6-4929-a253-ca60536bf8df?fields=segments HTTP/1.1" status: 200 len: 212 time: 0.0543015
2026-05-26 07:03:38.407 9 INFO neutron.notifiers.nova [-] Nova event matching ['req-a03aa71f-6481-4809-bc60-5d2fe17004cb'] response: {'name': 'network-changed', 'server_uuid': '565a7aca-a607-41c0-9771-1efa338d7f28', 'tag': '381e80e6-18a4-4217-be68-df1f6912feec', 'status': 'completed', 'code': 200}
2026-05-26 07:03:38.411 8 INFO neutron.api.wsgi [req-e22633f8-30cf-487a-b188-c621f4999f9e req-6de94365-baa8-40a8-af66-5e8a053327d4 4abea671090947dca74b0e3db09dbaca 93ccbecc954c43b79f2e6467f122235e - - e3b5e78bc78843418398fe5f07733bc6 e3b5e78bc78843418398fe5f07733bc6] 199.204.45.30 "GET /v2.0/floatingips?fixed_ip_address=10.100.0.9&port_id=7e7c9058-ee54-4d17-bc62-be589b9e7d37 HTTP/1.1" status: 200 len: 1059 time: 0.0474913
2026-05-26 07:03:38.435 8 INFO neutron.api.wsgi [req-e22633f8-30cf-487a-b188-c621f4999f9e req-65923e21-a868-48f7-8871-2dabc0fcdf92 4abea671090947dca74b0e3db09dbaca 93ccbecc954c43b79f2e6467f122235e - - e3b5e78bc78843418398fe5f07733bc6 e3b5e78bc78843418398fe5f07733bc6] 199.204.45.30 "GET /v2.0/subnets?id=588a8899-4886-42a5-812e-63b3e6fb3bf6 HTTP/1.1" status: 200 len: 899 time: 0.0199480
2026-05-26 07:03:38.447 9 INFO neutron.api.wsgi [req-a1fad541-592b-47fe-95d8-114a651b71b8 req-4122c2d4-18f9-4a67-a6f0-b37e3f65eef0 4abea671090947dca74b0e3db09dbaca 93ccbecc954c43b79f2e6467f122235e - - e3b5e78bc78843418398fe5f07733bc6 e3b5e78bc78843418398fe5f07733bc6] 199.204.45.30 "GET /v2.0/networks/ced0c628-feb6-4929-a253-ca60536bf8df?fields=provider%3Aphysical_network&fields=provider%3Anetwork_type HTTP/1.1" status: 200 len: 277 time: 0.0584061
2026-05-26 07:03:38.459 8 INFO neutron.api.wsgi [req-e22633f8-30cf-487a-b188-c621f4999f9e req-a628c116-b125-4144-93b5-40f8732730b8 4abea671090947dca74b0e3db09dbaca 93ccbecc954c43b79f2e6467f122235e - - e3b5e78bc78843418398fe5f07733bc6 e3b5e78bc78843418398fe5f07733bc6] 199.204.45.30 "GET /v2.0/ports?network_id=cb629051-504b-499a-b525-6a815ebb7a2e&device_owner=network%3Adhcp HTTP/1.1" status: 200 len: 210 time: 0.0185974
2026-05-26 07:03:38.491 9 INFO neutron.api.wsgi [req-887c0748-972d-493c-8af3-8f346a1db16c req-d9087f05-7e91-4376-a306-1f90ea904665 7070b8d3a15c45e8bc56d7445b2258bb 5dcb0d9db01249c1b0c208ecaf0ba8ee - - default default] 10.0.0.108 "GET /v2.0/ports?device_id=7b269bb7-a9fb-4f32-a465-1d1e7c8cc7b4 HTTP/1.1" status: 200 len: 1170 time: 0.0947225
2026-05-26 07:03:38.497 8 INFO neutron.api.wsgi [req-e22633f8-30cf-487a-b188-c621f4999f9e req-c0be2f68-9cae-4d9f-bac1-6cd702e4d72a 4abea671090947dca74b0e3db09dbaca 93ccbecc954c43b79f2e6467f122235e - - e3b5e78bc78843418398fe5f07733bc6 e3b5e78bc78843418398fe5f07733bc6] 199.204.45.30 "GET /v2.0/networks/cb629051-504b-499a-b525-6a815ebb7a2e?fields=segments HTTP/1.1" status: 200 len: 212 time: 0.0328124
2026-05-26 07:03:38.531 9 INFO neutron.api.wsgi [req-887c0748-972d-493c-8af3-8f346a1db16c req-f5ae90e6-c109-4190-9b44-aa20dbc27e89 7070b8d3a15c45e8bc56d7445b2258bb 5dcb0d9db01249c1b0c208ecaf0ba8ee - - default default] 10.0.0.108 "GET /v2.0/security-groups?id=a26352da-b485-4183-8a96-76541ecb0480&fields=id&fields=name HTTP/1.1" status: 200 len: 312 time: 0.0335841
2026-05-26 07:03:38.543 8 INFO neutron.api.wsgi [req-e22633f8-30cf-487a-b188-c621f4999f9e req-6676b1c7-86f2-4fa0-a3a5-29691c8e5aec 4abea671090947dca74b0e3db09dbaca 93ccbecc954c43b79f2e6467f122235e - - e3b5e78bc78843418398fe5f07733bc6 e3b5e78bc78843418398fe5f07733bc6] 199.204.45.30 "GET /v2.0/networks/cb629051-504b-499a-b525-6a815ebb7a2e?fields=provider%3Aphysical_network&fields=provider%3Anetwork_type HTTP/1.1" status: 200 len: 277 time: 0.0370157
2026-05-26 07:03:38.663 9 INFO neutron.api.wsgi [-] 10.0.0.99 "GET / HTTP/1.1" status: 200 len: 245 time: 0.0018897
2026-05-26 07:03:38.664 8 INFO neutron.api.wsgi [-] 10.0.0.99 "GET / HTTP/1.1" status: 200 len: 245 time: 0.0022609
2026-05-26 07:03:38.961 8 INFO neutron.api.wsgi [req-d0a1a903-6fec-4d95-97e5-63755a49165e req-ad0d2a4d-9b6c-40f8-a2b6-4142ebe5dfec 4abea671090947dca74b0e3db09dbaca 93ccbecc954c43b79f2e6467f122235e - - e3b5e78bc78843418398fe5f07733bc6 e3b5e78bc78843418398fe5f07733bc6] 199.204.45.30 "GET /v2.0/ports?tenant_id=4aba05127e9a4818b01b80459df13981&device_id=565a7aca-a607-41c0-9771-1efa338d7f28 HTTP/1.1" status: 200 len: 1409 time: 0.0448506
2026-05-26 07:03:38.965 9 INFO neutron.plugins.ml2.drivers.ovn.mech_driver.mech_driver [None req-aed503e0-7ac0-436a-864d-277000168121 - - - - - -] OVN reports status down for port: 7e7c9058-ee54-4d17-bc62-be589b9e7d37
2026-05-26 07:03:39.025 8 INFO neutron.api.wsgi [req-d0a1a903-6fec-4d95-97e5-63755a49165e req-ae8a9482-1f61-41df-b10c-0532fdb6bc4f 4abea671090947dca74b0e3db09dbaca 93ccbecc954c43b79f2e6467f122235e - - e3b5e78bc78843418398fe5f07733bc6 e3b5e78bc78843418398fe5f07733bc6] 199.204.45.30 "GET /v2.0/networks?id=3f2c406d-dce5-4d92-bf0e-a1af5979b158 HTTP/1.1" status: 200 len: 973 time: 0.0576606
2026-05-26 07:03:39.084 8 INFO neutron.api.wsgi [req-d0a1a903-6fec-4d95-97e5-63755a49165e req-fba8d35d-2f13-4da6-98ea-a4801f485d28 4abea671090947dca74b0e3db09dbaca 93ccbecc954c43b79f2e6467f122235e - - e3b5e78bc78843418398fe5f07733bc6 e3b5e78bc78843418398fe5f07733bc6] 199.204.45.30 "GET /v2.0/floatingips?fixed_ip_address=10.100.0.5&port_id=381e80e6-18a4-4217-be68-df1f6912feec HTTP/1.1" status: 200 len: 1059 time: 0.0540020
2026-05-26 07:03:39.115 8 INFO neutron.api.wsgi [req-d0a1a903-6fec-4d95-97e5-63755a49165e req-161d2efc-b4e3-4fee-ad8c-04e977bf98a3 4abea671090947dca74b0e3db09dbaca 93ccbecc954c43b79f2e6467f122235e - - e3b5e78bc78843418398fe5f07733bc6 e3b5e78bc78843418398fe5f07733bc6] 199.204.45.30 "GET /v2.0/subnets?id=ca2093de-eafe-4517-a31d-83d1a4e13eb3 HTTP/1.1" status: 200 len: 892 time: 0.0253954
2026-05-26 07:03:39.144 8 INFO neutron.api.wsgi [req-d0a1a903-6fec-4d95-97e5-63755a49165e req-dff230e2-959c-4d93-8321-6a3d37337fd5 4abea671090947dca74b0e3db09dbaca 93ccbecc954c43b79f2e6467f122235e - - e3b5e78bc78843418398fe5f07733bc6 e3b5e78bc78843418398fe5f07733bc6] 199.204.45.30 "GET /v2.0/ports?network_id=3f2c406d-dce5-4d92-bf0e-a1af5979b158&device_owner=network%3Adhcp HTTP/1.1" status: 200 len: 210 time: 0.0223927
2026-05-26 07:03:39.191 8 INFO neutron.api.wsgi [req-d0a1a903-6fec-4d95-97e5-63755a49165e req-bc71f264-e731-4ca8-a07d-f05e8f836dda 4abea671090947dca74b0e3db09dbaca 93ccbecc954c43b79f2e6467f122235e - - e3b5e78bc78843418398fe5f07733bc6 e3b5e78bc78843418398fe5f07733bc6] 199.204.45.30 "GET /v2.0/networks/3f2c406d-dce5-4d92-bf0e-a1af5979b158?fields=segments HTTP/1.1" status: 200 len: 212 time: 0.0405571
2026-05-26 07:03:39.229 9 INFO neutron.api.wsgi [None req-b49c8b86-afdc-4f51-b94c-b93697340772 062d7f9686da4d269f43e64966e427b8 be9a25148ea245e3817a3694ca4479f7 - - default default] 10.0.0.207 "GET /v2.0/ports/cf2abee7-9fd9-42fa-8b28-137b622808db HTTP/1.1" status: 200 len: 1135 time: 0.0738440
2026-05-26 07:03:39.238 8 INFO neutron.api.wsgi [req-d0a1a903-6fec-4d95-97e5-63755a49165e req-511e3f2d-3d32-47fd-b312-208d902a914b 4abea671090947dca74b0e3db09dbaca 93ccbecc954c43b79f2e6467f122235e - - e3b5e78bc78843418398fe5f07733bc6 e3b5e78bc78843418398fe5f07733bc6] 199.204.45.30 "GET /v2.0/networks/3f2c406d-dce5-4d92-bf0e-a1af5979b158?fields=provider%3Aphysical_network&fields=provider%3Anetwork_type HTTP/1.1" status: 200 len: 277 time: 0.0414464
2026-05-26 07:03:39.282 9 INFO neutron.db.ovn_revision_numbers_db [None req-aed503e0-7ac0-436a-864d-277000168121 - - - - - -] Successfully bumped revision number for resource 7e7c9058-ee54-4d17-bc62-be589b9e7d37 (type: ports) to 8
2026-05-26 07:03:39.389 8 INFO neutron.api.wsgi [req-8031c79c-6af8-4075-99ba-64c6badbcfc2 req-241c4899-ba8e-4514-b2c1-a2fad59c446f 2bd1a8d5322c4c95bbd5c8c702e21497 30005ab1ad0f4165a68d9a69bdfed872 - - default default] 10.0.0.108 "GET /v2.0/ports?device_id=fd7839ba-373e-44a3-bd3d-ce72d212e734 HTTP/1.1" status: 200 len: 1168 time: 0.0392370
2026-05-26 07:03:39.423 8 INFO neutron.api.wsgi [req-8031c79c-6af8-4075-99ba-64c6badbcfc2 req-8db8223c-3f2d-46cc-9a40-d524cfe394ef 2bd1a8d5322c4c95bbd5c8c702e21497 30005ab1ad0f4165a68d9a69bdfed872 - - default default] 10.0.0.108 "GET /v2.0/security-groups?id=fbb0ac42-bc6a-48cb-b1dc-6d7864cd8a6c&fields=id&fields=name HTTP/1.1" status: 200 len: 312 time: 0.0284002 /var/lib/openstack/lib/python3.12/site-packages/pycadf/identifier.py:71: UserWarning: Invalid uuid: neutron. To ensure interoperability, identifiers should be a valid uuid. warnings.warn(('Invalid uuid: %s. To ensure interoperability, '
2026-05-26 07:03:39.630 9 INFO neutron.api.wsgi [req-035851eb-e461-4447-8fe5-5cf57f4efce6 req-63d9b8a2-41e7-46b7-9855-bf7e8264c200 7070b8d3a15c45e8bc56d7445b2258bb 5dcb0d9db01249c1b0c208ecaf0ba8ee - - default default] 10.0.0.108 "GET /v2.0/ports?device_id=7b269bb7-a9fb-4f32-a465-1d1e7c8cc7b4 HTTP/1.1" status: 200 len: 1168 time: 0.0348945
2026-05-26 07:03:39.668 9 INFO neutron.api.wsgi [req-035851eb-e461-4447-8fe5-5cf57f4efce6 req-a41d0f3c-7363-4be0-b1bc-72207df202e9 7070b8d3a15c45e8bc56d7445b2258bb 5dcb0d9db01249c1b0c208ecaf0ba8ee - - default default] 10.0.0.108 "GET /v2.0/security-groups?id=a26352da-b485-4183-8a96-76541ecb0480&fields=id&fields=name HTTP/1.1" status: 200 len: 312 time: 0.0316677
2026-05-26 07:03:40.215 8 INFO neutron.api.wsgi [req-f5b6b76c-8708-4284-be7f-c90570051934 req-52959a6c-0e53-438f-b7f6-84c2e73a72c4 7070b8d3a15c45e8bc56d7445b2258bb 5dcb0d9db01249c1b0c208ecaf0ba8ee - - default default] 199.204.45.30 "GET /v2.0/ports?device_id=7b269bb7-a9fb-4f32-a465-1d1e7c8cc7b4 HTTP/1.1" status: 200 len: 1168 time: 0.0757945
2026-05-26 07:03:40.265 9 INFO neutron.api.wsgi [None req-513b9250-2f67-41b1-82a3-07320b1a9018 062d7f9686da4d269f43e64966e427b8 be9a25148ea245e3817a3694ca4479f7 - - default default] 10.0.0.207 "GET /v2.0/ports/cf2abee7-9fd9-42fa-8b28-137b622808db HTTP/1.1" status: 200 len: 1135 time: 0.0293961
2026-05-26 07:03:40.437 9 INFO neutron.notifiers.nova [-] Nova event matching ['req-40921e1f-336c-46ec-8005-640f00eadf44'] response: {'server_uuid': '7b269bb7-a9fb-4f32-a465-1d1e7c8cc7b4', 'name': 'network-vif-unplugged', 'status': 'completed', 'tag': '7e7c9058-ee54-4d17-bc62-be589b9e7d37', 'code': 200}
2026-05-26 07:03:40.437 9 INFO neutron.notifiers.nova [-] Nova event matching ['req-40921e1f-336c-46ec-8005-640f00eadf44'] response: {'server_uuid': '7b269bb7-a9fb-4f32-a465-1d1e7c8cc7b4', 'name': 'network-vif-unplugged', 'status': 'completed', 'tag': '7e7c9058-ee54-4d17-bc62-be589b9e7d37', 'code': 200}
2026-05-26 07:03:40.522 9 INFO neutron.api.wsgi [req-fd5556b4-ee76-410b-892a-b12d30f5a590 req-d0a1e76a-b85c-49e0-90b8-7b471adfa6ff 2bd1a8d5322c4c95bbd5c8c702e21497 30005ab1ad0f4165a68d9a69bdfed872 - - default default] 10.0.0.108 "GET /v2.0/ports?device_id=fd7839ba-373e-44a3-bd3d-ce72d212e734 HTTP/1.1" status: 200 len: 1168 time: 0.0341384
2026-05-26 07:03:40.533 8 INFO neutron.db.l3_db [req-f5b6b76c-8708-4284-be7f-c90570051934 req-a2d19f5f-c34f-4b85-b4bc-f84cf332aeb3 7070b8d3a15c45e8bc56d7445b2258bb 5dcb0d9db01249c1b0c208ecaf0ba8ee - - default default] Floating IP 903f50bf-86fb-44c7-942d-2b475f7133d6 disassociated. External IP: 10.96.250.203, port: 7e7c9058-ee54-4d17-bc62-be589b9e7d37.
2026-05-26 07:03:40.559 9 INFO neutron.api.wsgi [req-fd5556b4-ee76-410b-892a-b12d30f5a590 req-8b194ead-5462-41f2-a21d-a79b66c7bc23 2bd1a8d5322c4c95bbd5c8c702e21497 30005ab1ad0f4165a68d9a69bdfed872 - - default default] 10.0.0.108 "GET /v2.0/security-groups?id=fbb0ac42-bc6a-48cb-b1dc-6d7864cd8a6c&fields=id&fields=name HTTP/1.1" status: 200 len: 312 time: 0.0331032
2026-05-26 07:03:40.688 8 INFO neutron.api.wsgi [req-f5b6b76c-8708-4284-be7f-c90570051934 req-a2d19f5f-c34f-4b85-b4bc-f84cf332aeb3 7070b8d3a15c45e8bc56d7445b2258bb 5dcb0d9db01249c1b0c208ecaf0ba8ee - - default default] 199.204.45.30 "DELETE /v2.0/ports/7e7c9058-ee54-4d17-bc62-be589b9e7d37 HTTP/1.1" status: 204 len: 173 time: 0.4669354
2026-05-26 07:03:40.713 8 INFO neutron.notifiers.nova [-] Nova event matching ['req-481b798d-23fb-43a1-accb-8064285be1b4'] response: {'server_uuid': '7b269bb7-a9fb-4f32-a465-1d1e7c8cc7b4', 'name': 'network-vif-deleted', 'tag': '7e7c9058-ee54-4d17-bc62-be589b9e7d37', 'status': 'completed', 'code': 200}
2026-05-26 07:03:40.757 9 INFO neutron.api.wsgi [req-87b10862-251a-4832-b21d-69bcc511700f req-3ad1eb53-791d-41c2-a7c5-207ed41b3abf 7070b8d3a15c45e8bc56d7445b2258bb 5dcb0d9db01249c1b0c208ecaf0ba8ee - - default default] 10.0.0.108 "GET /v2.0/ports?device_id=7b269bb7-a9fb-4f32-a465-1d1e7c8cc7b4 HTTP/1.1" status: 200 len: 210 time: 0.0240331
2026-05-26 07:03:41.311 9 INFO neutron.api.wsgi [None req-961890d0-58d9-4739-9528-0e7321a34863 062d7f9686da4d269f43e64966e427b8 be9a25148ea245e3817a3694ca4479f7 - - default default] 10.0.0.207 "GET /v2.0/ports/cf2abee7-9fd9-42fa-8b28-137b622808db HTTP/1.1" status: 200 len: 1135 time: 0.0393949
2026-05-26 07:03:41.478 8 WARNING neutron.plugins.ml2.drivers.ovn.mech_driver.ovsdb.ovn_client [None req-ec318d2b-c3bd-48dc-b267-2ee969146a2e - - - - - -] No hosting information found for port c219d7f4-fb13-4d15-9504-1229929cd594: RuntimeError: No hosting information found for port c219d7f4-fb13-4d15-9504-1229929cd594
2026-05-26 07:03:41.548 8 INFO neutron.db.ovn_revision_numbers_db [None req-ec318d2b-c3bd-48dc-b267-2ee969146a2e - - - - - -] Successfully bumped revision number for resource c219d7f4-fb13-4d15-9504-1229929cd594 (type: router_ports) to 2
2026-05-26 07:03:41.586 8 INFO neutron.plugins.ml2.drivers.ovn.mech_driver.mech_driver [None req-ec318d2b-c3bd-48dc-b267-2ee969146a2e - - - - - -] OVN reports status up for port: cf2abee7-9fd9-42fa-8b28-137b622808db
2026-05-26 07:03:41.593 8 INFO neutron.plugins.ml2.plugin [None req-ec318d2b-c3bd-48dc-b267-2ee969146a2e - - - - - -] Attempt 1 to provision port cf2abee7-9fd9-42fa-8b28-137b622808db
2026-05-26 07:03:41.709 8 INFO neutron.api.wsgi [req-bd9ce9ed-32c1-4728-bea6-0667b10c189d req-6d2b6068-b48d-45dd-ab27-c717e91da857 2bd1a8d5322c4c95bbd5c8c702e21497 30005ab1ad0f4165a68d9a69bdfed872 - - default default] 10.0.0.108 "GET /v2.0/ports?device_id=fd7839ba-373e-44a3-bd3d-ce72d212e734 HTTP/1.1" status: 200 len: 1168 time: 0.0859089
2026-05-26 07:03:41.743 8 INFO neutron.api.wsgi [req-bd9ce9ed-32c1-4728-bea6-0667b10c189d req-b4337e67-1aed-4f47-87ee-b69d064b0c54 2bd1a8d5322c4c95bbd5c8c702e21497 30005ab1ad0f4165a68d9a69bdfed872 - - default default] 10.0.0.108 "GET /v2.0/security-groups?id=fbb0ac42-bc6a-48cb-b1dc-6d7864cd8a6c&fields=id&fields=name HTTP/1.1" status: 200 len: 312 time: 0.0286613
2026-05-26 07:03:41.861 9 INFO neutron.api.wsgi [req-b0aec026-cef4-4e13-aa85-993a3bcc5484 req-93cd7aef-bf99-4cbc-973c-b1bfecba5842 7070b8d3a15c45e8bc56d7445b2258bb 5dcb0d9db01249c1b0c208ecaf0ba8ee - - default default] 10.0.0.108 "GET /v2.0/ports?device_id=7b269bb7-a9fb-4f32-a465-1d1e7c8cc7b4 HTTP/1.1" status: 200 len: 210 time: 0.0180805
2026-05-26 07:03:41.955 8 INFO neutron.db.ovn_revision_numbers_db [None req-ec318d2b-c3bd-48dc-b267-2ee969146a2e - - - - - -] Successfully bumped revision number for resource cf2abee7-9fd9-42fa-8b28-137b622808db (type: ports) to 2
2026-05-26 07:03:42.352 9 INFO neutron.api.wsgi [None req-e91208ab-6172-44f5-b348-e51d1f7c0e85 062d7f9686da4d269f43e64966e427b8 be9a25148ea245e3817a3694ca4479f7 - - default default] 10.0.0.207 "GET /v2.0/ports/cf2abee7-9fd9-42fa-8b28-137b622808db HTTP/1.1" status: 200 len: 1137 time: 0.0336473
2026-05-26 07:03:42.841 8 INFO neutron.api.wsgi [req-b3d25fb4-336f-4225-b0ed-e04c1f22bb3d req-c964c246-4bb5-466f-b90e-ff0ece9a8564 2bd1a8d5322c4c95bbd5c8c702e21497 30005ab1ad0f4165a68d9a69bdfed872 - - default default] 10.0.0.108 "GET /v2.0/ports?device_id=fd7839ba-373e-44a3-bd3d-ce72d212e734 HTTP/1.1" status: 200 len: 1168 time: 0.0359530
2026-05-26 07:03:42.873 8 INFO neutron.api.wsgi [req-b3d25fb4-336f-4225-b0ed-e04c1f22bb3d req-9ccaa4e4-0a82-4875-bb6b-948f5e5f27d8 2bd1a8d5322c4c95bbd5c8c702e21497 30005ab1ad0f4165a68d9a69bdfed872 - - default default] 10.0.0.108 "GET /v2.0/security-groups?id=fbb0ac42-bc6a-48cb-b1dc-6d7864cd8a6c&fields=id&fields=name HTTP/1.1" status: 200 len: 312 time: 0.0255067
2026-05-26 07:03:42.940 9 INFO neutron.api.wsgi [req-a7063400-87b0-42a4-a01f-b427ebbf97f0 req-cb3a6ed0-4a00-4123-8313-dc877060a0fc 7070b8d3a15c45e8bc56d7445b2258bb 5dcb0d9db01249c1b0c208ecaf0ba8ee - - default default] 10.0.0.108 "GET /v2.0/ports?device_id=7b269bb7-a9fb-4f32-a465-1d1e7c8cc7b4 HTTP/1.1" status: 200 len: 210 time: 0.0174940
2026-05-26 07:03:43.005 9 INFO neutron.api.wsgi [None req-f840d759-c825-4998-a1b1-bb662edd83e5 062d7f9686da4d269f43e64966e427b8 be9a25148ea245e3817a3694ca4479f7 - - default default] 10.0.0.207 "PUT /v2.0/routers/126ea912-20e3-4786-9d7d-d7798ce8412a/remove_router_interface HTTP/1.1" status: 200 len: 503 time: 0.6476793 /var/lib/openstack/lib/python3.12/site-packages/pycadf/identifier.py:71: UserWarning: Invalid uuid: neutron. To ensure interoperability, identifiers should be a valid uuid. warnings.warn(('Invalid uuid: %s. To ensure interoperability, '
2026-05-26 07:03:43.081 9 INFO neutron.api.wsgi [None req-e5e3bdfa-7fed-40db-9e82-d0532d803f09 062d7f9686da4d269f43e64966e427b8 be9a25148ea245e3817a3694ca4479f7 - - default default] 10.0.0.207 "GET /v2.0/ports/c219d7f4-fb13-4d15-9504-1229929cd594 HTTP/1.1" status: 200 len: 1137 time: 0.0711093
2026-05-26 07:03:43.623 9 INFO neutron.api.wsgi [None req-d45fa0b3-7b0e-4016-b205-ea953f80a2d4 062d7f9686da4d269f43e64966e427b8 be9a25148ea245e3817a3694ca4479f7 - - default default] 10.0.0.207 "PUT /v2.0/routers/126ea912-20e3-4786-9d7d-d7798ce8412a/remove_router_interface HTTP/1.1" status: 200 len: 503 time: 0.5361719 /var/lib/openstack/lib/python3.12/site-packages/pycadf/identifier.py:71: UserWarning: Invalid uuid: neutron. To ensure interoperability, identifiers should be a valid uuid. warnings.warn(('Invalid uuid: %s. To ensure interoperability, '
2026-05-26 07:03:43.650 9 INFO neutron.api.wsgi [None req-905baf50-152f-44f2-a9dc-60a07272cd0d 062d7f9686da4d269f43e64966e427b8 be9a25148ea245e3817a3694ca4479f7 - - default default] 10.0.0.207 "GET /v2.0/ports?device_id=126ea912-20e3-4786-9d7d-d7798ce8412a HTTP/1.1" status: 200 len: 205 time: 0.0206709
2026-05-26 07:03:43.807 9 INFO neutron.api.wsgi [None req-5f740254-ac87-4b76-b190-594dadb26079 062d7f9686da4d269f43e64966e427b8 be9a25148ea245e3817a3694ca4479f7 - - default default] 10.0.0.207 "DELETE /v2.0/routers/126ea912-20e3-4786-9d7d-d7798ce8412a HTTP/1.1" status: 204 len: 168 time: 0.1524925
2026-05-26 07:03:43.948 9 INFO neutron.api.wsgi [None req-cc2dec0b-b191-46a5-853c-6fb400fa12af 062d7f9686da4d269f43e64966e427b8 be9a25148ea245e3817a3694ca4479f7 - - default default] 10.0.0.207 "DELETE /v2.0/subnets/c465c1bd-4bcf-4128-8957-535e7e6187e2 HTTP/1.1" status: 204 len: 168 time: 0.1359024
2026-05-26 07:03:43.971 8 INFO neutron.api.wsgi [req-074eff9a-596b-40f6-af62-8e17ae59b52a req-b29b3014-ab14-440e-af87-35260001e2c6 2bd1a8d5322c4c95bbd5c8c702e21497 30005ab1ad0f4165a68d9a69bdfed872 - - default default] 10.0.0.108 "GET /v2.0/ports?device_id=fd7839ba-373e-44a3-bd3d-ce72d212e734 HTTP/1.1" status: 200 len: 1168 time: 0.0353961
2026-05-26 07:03:44.012 8 INFO neutron.api.wsgi [req-074eff9a-596b-40f6-af62-8e17ae59b52a req-b70e9ba6-46ef-4742-9af3-ef4ce15b28aa 2bd1a8d5322c4c95bbd5c8c702e21497 30005ab1ad0f4165a68d9a69bdfed872 - - default default] 10.0.0.108 "GET /v2.0/security-groups?id=fbb0ac42-bc6a-48cb-b1dc-6d7864cd8a6c&fields=id&fields=name HTTP/1.1" status: 200 len: 312 time: 0.0339780
2026-05-26 07:03:44.119 9 INFO neutron.api.wsgi [None req-b40e210e-b08b-4d54-9fca-a42498544a35 062d7f9686da4d269f43e64966e427b8 be9a25148ea245e3817a3694ca4479f7 - - default default] 10.0.0.207 "DELETE /v2.0/subnets/d8212a34-63c4-4cc4-9382-434814936b5e HTTP/1.1" status: 204 len: 168 time: 0.1655135
