2026-05-26 07:05:31.968 8 INFO neutron.db.ovn_revision_numbers_db [None req-24eb9135-2c6e-43af-a9f9-9eaa3a048501 d9deb944fb504f7fa33f034ac9af8327 8d53ba55ab5f4c53be63dfb29daa3305 - - default default] Successfully bumped revision number for resource ae09b9fa-f3da-4e1a-ab1e-411805ebd442 (type: ports) to 1
2026-05-26 07:05:32.082 9 INFO neutron.api.wsgi [None req-04b31e6b-2d98-4f5f-ba38-76bbd451d3fa 58cb4761129342589527f4c65071dccf 7b45fce63a804fb290ce93e687dc8775 - - default default] 10.0.0.207 "GET /v2.0/networks/ebe5a24c-acd1-433e-ae8f-ad6b925f7809 HTTP/1.1" status: 200 len: 848 time: 0.0997550
2026-05-26 07:05:32.447 9 INFO neutron.pecan_wsgi.hooks.translation [None req-6f2aca0f-6b8c-4ed4-a1b8-b7b27d6107fa ddc489ff26c44c339e1175e2f001735b 5a54219449fc4235b774a397cab6c6e3 - - default default] GET failed (client error): The resource could not be found.
2026-05-26 07:05:32.449 9 INFO neutron.api.wsgi [None req-6f2aca0f-6b8c-4ed4-a1b8-b7b27d6107fa ddc489ff26c44c339e1175e2f001735b 5a54219449fc4235b774a397cab6c6e3 - - default default] 10.0.0.207 "GET /v2.0/networks/ebe5a24c-acd1-433e-ae8f-ad6b925f7809 HTTP/1.1" status: 404 len: 339 time: 0.0347335
2026-05-26 07:05:32.518 9 INFO neutron.api.wsgi [None req-87a772be-95f2-4883-be3c-f9b32dd7ba7d f4d9ee30496b443588c8ad3ffa7c7f5e 79137b29c0be46579f7d29c51a310c73 - - default default] 10.0.0.207 "DELETE /v2.0/routers/32987f1f-e12d-497d-a1f5-4a62d9cc81eb HTTP/1.1" status: 204 len: 168 time: 0.6127656
2026-05-26 07:05:32.557 8 INFO neutron.plugins.ml2.drivers.ovn.mech_driver.ovsdb.commands [None req-531da4aa-4277-4761-99a0-0826e2dda125 - - - - - -] Schedule LRP lrp-ae09b9fa-f3da-4e1a-ab1e-411805ebd442 on gateway a60296aa-e6b1-4257-8506-a684d55a8ce6 with priority 1
2026-05-26 07:05:32.605 8 INFO neutron.db.ovn_revision_numbers_db [None req-24eb9135-2c6e-43af-a9f9-9eaa3a048501 d9deb944fb504f7fa33f034ac9af8327 8d53ba55ab5f4c53be63dfb29daa3305 - - default default] Successfully bumped revision number for resource ae09b9fa-f3da-4e1a-ab1e-411805ebd442 (type: router_ports) to 1
2026-05-26 07:05:32.678 8 INFO neutron.db.ovn_revision_numbers_db [None req-24eb9135-2c6e-43af-a9f9-9eaa3a048501 d9deb944fb504f7fa33f034ac9af8327 8d53ba55ab5f4c53be63dfb29daa3305 - - default default] Successfully bumped revision number for resource 1befb1e2-7137-4eb6-a4a1-654966c639c3 (type: routers) to 2
2026-05-26 07:05:32.694 8 INFO neutron.api.wsgi [None req-24eb9135-2c6e-43af-a9f9-9eaa3a048501 d9deb944fb504f7fa33f034ac9af8327 8d53ba55ab5f4c53be63dfb29daa3305 - - default default] 10.0.0.207 "POST /v2.0/routers HTTP/1.1" status: 201 len: 1150 time: 1.4810758
2026-05-26 07:05:32.785 8 INFO neutron.api.wsgi [None req-96068aad-b1e2-4402-a292-20a09a1d6d15 d9deb944fb504f7fa33f034ac9af8327 8d53ba55ab5f4c53be63dfb29daa3305 - - default default] 10.0.0.207 "GET /v2.0/routers/1befb1e2-7137-4eb6-a4a1-654966c639c3 HTTP/1.1" status: 200 len: 1151 time: 0.0859845
2026-05-26 07:05:32.850 9 INFO neutron.api.wsgi [None req-beee4f9d-6982-4a38-83f8-2c5e906a91c7 f4d9ee30496b443588c8ad3ffa7c7f5e 79137b29c0be46579f7d29c51a310c73 - - default default] 10.0.0.207 "DELETE /v2.0/networks/1e56a755-aa45-42a3-82c4-2ce13aba9f36 HTTP/1.1" status: 204 len: 168 time: 0.3270338
2026-05-26 07:05:32.868 9 INFO neutron.api.wsgi [None req-07e4e76f-90a6-4431-8b98-7690e8260b2c d9deb944fb504f7fa33f034ac9af8327 8d53ba55ab5f4c53be63dfb29daa3305 - - default default] 10.0.0.207 "GET /v2.0/routers HTTP/1.1" status: 200 len: 1154 time: 0.0778391
2026-05-26 07:05:32.980 8 INFO neutron.services.segments.plugin [-] Segment 3cd14515-919c-4fd1-b464-9c4a1e9f2e96 resource provider aggregate not found
2026-05-26 07:05:32.984 8 INFO neutron.services.segments.plugin [-] Segment 3cd14515-919c-4fd1-b464-9c4a1e9f2e96 resource provider aggregate not found
2026-05-26 07:05:32.996 8 INFO neutron.services.segments.plugin [-] Segment 3cd14515-919c-4fd1-b464-9c4a1e9f2e96 resource provider not found; error: Placement Client Error (4xx): {"errors": [{"status": 404, "title": "Not Found", "detail": "The resource could not be found.\n\n No resource provider with uuid 3cd14515-919c-4fd1-b464-9c4a1e9f2e96 found for delete ", "request_id": "req-e64405ec-24af-4245-923e-4d1dd15c6d9e"}]}
2026-05-26 07:05:33.000 8 INFO neutron.services.segments.plugin [-] Segment 3cd14515-919c-4fd1-b464-9c4a1e9f2e96 resource provider not found; error: Placement Client Error (4xx): {"errors": [{"status": 404, "title": "Not Found", "detail": "The resource could not be found.\n\n No resource provider with uuid 3cd14515-919c-4fd1-b464-9c4a1e9f2e96 found for delete ", "request_id": "req-0d610d73-f609-4c42-94e4-cde1a64a8fc7"}]}
2026-05-26 07:05:33.009 8 INFO neutron.api.wsgi [None req-5894eefd-e0b5-4c04-b0d9-7a368e672f90 4d9704b4dfef482199d95bc0aa986b1d 4550bb890ba643e9b5948641db93b65d - - default default] 10.0.0.207 "DELETE /v2.0/networks/ebe5a24c-acd1-433e-ae8f-ad6b925f7809 HTTP/1.1" status: 204 len: 168 time: 0.5543234
2026-05-26 07:05:33.023 9 INFO neutron.services.segments.plugin [-] Segment 381a1a85-acb3-4892-b494-f339cd15e0f8 resource provider aggregate not found
2026-05-26 07:05:33.026 9 INFO neutron.services.segments.plugin [-] Segment 381a1a85-acb3-4892-b494-f339cd15e0f8 resource provider aggregate not found
2026-05-26 07:05:33.029 8 INFO neutron.pecan_wsgi.hooks.translation [None req-a7460ab2-b94d-41de-ad55-8d6800ff6a7d 4d9704b4dfef482199d95bc0aa986b1d 4550bb890ba643e9b5948641db93b65d - - default default] DELETE failed (client error): The resource could not be found.
2026-05-26 07:05:33.031 8 INFO neutron.api.wsgi [None req-a7460ab2-b94d-41de-ad55-8d6800ff6a7d 4d9704b4dfef482199d95bc0aa986b1d 4550bb890ba643e9b5948641db93b65d - - default default] 10.0.0.207 "DELETE /v2.0/subnets/c5550417-a618-4ecd-9a5f-2dfa0f858987 HTTP/1.1" status: 404 len: 337 time: 0.0145743
2026-05-26 07:05:33.044 8 INFO neutron.pecan_wsgi.hooks.translation [None req-3f2371c3-d436-410c-8a03-85f05226bfd7 4d9704b4dfef482199d95bc0aa986b1d 4550bb890ba643e9b5948641db93b65d - - default default] DELETE failed (client error): The resource could not be found.
2026-05-26 07:05:33.046 8 INFO neutron.api.wsgi [None req-3f2371c3-d436-410c-8a03-85f05226bfd7 4d9704b4dfef482199d95bc0aa986b1d 4550bb890ba643e9b5948641db93b65d - - default default] 10.0.0.207 "DELETE /v2.0/subnets/8f83e25f-ba17-476f-b528-ab9539f4afbd HTTP/1.1" status: 404 len: 337 time: 0.0116882
2026-05-26 07:05:33.047 9 INFO neutron.services.segments.plugin [-] Segment 381a1a85-acb3-4892-b494-f339cd15e0f8 resource provider not found; error: Placement Client Error (4xx): {"errors": [{"status": 404, "title": "Not Found", "detail": "The resource could not be found.\n\n No resource provider with uuid 381a1a85-acb3-4892-b494-f339cd15e0f8 found for delete ", "request_id": "req-93988cac-02b1-4973-bcc0-c8dcb558d8e4"}]}
2026-05-26 07:05:33.049 9 INFO neutron.services.segments.plugin [-] Segment 381a1a85-acb3-4892-b494-f339cd15e0f8 resource provider not found; error: Placement Client Error (4xx): {"errors": [{"status": 404, "title": "Not Found", "detail": "The resource could not be found.\n\n No resource provider with uuid 381a1a85-acb3-4892-b494-f339cd15e0f8 found for delete ", "request_id": "req-c4e7d9a3-f1c5-4a42-94a3-d5e2970b42b2"}]}
2026-05-26 07:05:33.060 8 INFO neutron.pecan_wsgi.hooks.translation [None req-77acfaba-9589-400f-91c8-cdc359e156bc 4d9704b4dfef482199d95bc0aa986b1d 4550bb890ba643e9b5948641db93b65d - - default default] DELETE failed (client error): The resource could not be found.
2026-05-26 07:05:33.062 8 INFO neutron.api.wsgi [None req-77acfaba-9589-400f-91c8-cdc359e156bc 4d9704b4dfef482199d95bc0aa986b1d 4550bb890ba643e9b5948641db93b65d - - default default] 10.0.0.207 "DELETE /v2.0/subnets/49cb43e8-3776-4503-875e-c9b9044e529b HTTP/1.1" status: 404 len: 337 time: 0.0121593
2026-05-26 07:05:33.064 9 INFO neutron.services.segments.plugin [-] Segment 3d57c409-c11f-46a2-9631-d215a53aa67a resource provider aggregate not found
2026-05-26 07:05:33.067 9 INFO neutron.services.segments.plugin [-] Segment 3d57c409-c11f-46a2-9631-d215a53aa67a resource provider aggregate not found
2026-05-26 07:05:33.075 9 INFO neutron.api.wsgi [req-9df391a4-86d9-4558-8d42-514eeda7ae0b req-bf4481b3-bbb3-4be1-98dc-488b751ca3f8 13faa2a346d14bed813f625ec485ae3b 6b9097c14aad481cbf2d082596e73c04 - - default default] 10.0.0.108 "GET /v2.0/ports?device_id=9c94bc9f-7435-47eb-9c4a-73e336c8e21f HTTP/1.1" status: 200 len: 1212 time: 0.0449724
2026-05-26 07:05:33.077 9 INFO neutron.services.segments.plugin [-] Segment 3d57c409-c11f-46a2-9631-d215a53aa67a resource provider not found; error: Placement Client Error (4xx): {"errors": [{"status": 404, "title": "Not Found", "detail": "The resource could not be found.\n\n No resource provider with uuid 3d57c409-c11f-46a2-9631-d215a53aa67a found for delete ", "request_id": "req-1d356db0-e323-46e6-bc01-77079877c048"}]}
2026-05-26 07:05:33.079 9 INFO neutron.services.segments.plugin [-] Segment 3d57c409-c11f-46a2-9631-d215a53aa67a resource provider not found; error: Placement Client Error (4xx): {"errors": [{"status": 404, "title": "Not Found", "detail": "The resource could not be found.\n\n No resource provider with uuid 3d57c409-c11f-46a2-9631-d215a53aa67a found for delete ", "request_id": "req-b02e23dc-014a-4d3b-90bf-476915758da7"}]}
2026-05-26 07:05:33.115 9 INFO neutron.api.wsgi [req-9df391a4-86d9-4558-8d42-514eeda7ae0b req-8d26f0af-7e5a-4f85-ac58-df1234b43773 13faa2a346d14bed813f625ec485ae3b 6b9097c14aad481cbf2d082596e73c04 - - default default] 10.0.0.108 "GET /v2.0/security-groups?id=ef58cf43-5a2d-4266-98cb-b04e7d7d64d6&id=df12a071-da63-4861-9cec-4a9183c7efd4&fields=id&fields=name HTTP/1.1" status: 200 len: 406 time: 0.0319157
2026-05-26 07:05:33.291 9 INFO neutron.db.ovn_revision_numbers_db [None req-e5120581-5174-4694-a546-e11293630ec5 d9deb944fb504f7fa33f034ac9af8327 8d53ba55ab5f4c53be63dfb29daa3305 - - default default] Successfully bumped revision number for resource 1befb1e2-7137-4eb6-a4a1-654966c639c3 (type: routers) to 3
2026-05-26 07:05:33.297 9 INFO neutron.api.wsgi [None req-e5120581-5174-4694-a546-e11293630ec5 d9deb944fb504f7fa33f034ac9af8327 8d53ba55ab5f4c53be63dfb29daa3305 - - default default] 10.0.0.207 "PUT /v2.0/routers/1befb1e2-7137-4eb6-a4a1-654966c639c3 HTTP/1.1" status: 200 len: 1158 time: 0.4255793
2026-05-26 07:05:33.357 9 INFO neutron.api.wsgi [None req-9d76bde7-36c4-4d00-9285-c25b2abed88c d9deb944fb504f7fa33f034ac9af8327 8d53ba55ab5f4c53be63dfb29daa3305 - - default default] 10.0.0.207 "GET /v2.0/routers/1befb1e2-7137-4eb6-a4a1-654966c639c3 HTTP/1.1" status: 200 len: 1158 time: 0.0564065
2026-05-26 07:05:33.380 9 INFO neutron.api.wsgi [None req-a7f6790c-9881-47db-a895-3fe33e1adef2 d9deb944fb504f7fa33f034ac9af8327 8d53ba55ab5f4c53be63dfb29daa3305 - - default default] 10.0.0.207 "GET /v2.0/ports?device_id=1befb1e2-7137-4eb6-a4a1-654966c639c3 HTTP/1.1" status: 200 len: 205 time: 0.0149229
2026-05-26 07:05:33.704 8 INFO neutron.api.wsgi [None req-cbcb54b3-8e08-49f6-b4b1-c948465048d6 e160c8d2e7734e6eaf7cf3c34533c8aa 89a95844525041ccab7632485cc48e4a - - default default] 10.0.0.207 "GET /v2.0/security-groups?tenant_id=79137b29c0be46579f7d29c51a310c73&name=default HTTP/1.1" status: 200 len: 3120 time: 0.2463086
2026-05-26 07:05:33.863 8 INFO neutron.api.wsgi [None req-c6a7698c-8fc1-462e-9f7c-17525ec9bfe7 e160c8d2e7734e6eaf7cf3c34533c8aa 89a95844525041ccab7632485cc48e4a - - default default] 10.0.0.207 "GET /v2.0/security-groups?tenant_id=4550bb890ba643e9b5948641db93b65d&name=default HTTP/1.1" status: 200 len: 3120 time: 0.0783663
2026-05-26 07:05:33.946 8 INFO neutron.api.wsgi [None req-10d8eed0-d29a-4b30-9c93-737d7bbdc473 e160c8d2e7734e6eaf7cf3c34533c8aa 89a95844525041ccab7632485cc48e4a - - default default] 10.0.0.207 "DELETE /v2.0/security-groups/c91d340c-171d-4f11-a882-5bae5d1f70f0 HTTP/1.1" status: 204 len: 168 time: 0.2368288
2026-05-26 07:05:34.022 9 INFO neutron.api.wsgi [None req-a1072bf0-343b-44b8-8ece-6ff931fb1275 d9deb944fb504f7fa33f034ac9af8327 8d53ba55ab5f4c53be63dfb29daa3305 - - default default] 10.0.0.207 "DELETE /v2.0/routers/1befb1e2-7137-4eb6-a4a1-654966c639c3 HTTP/1.1" status: 204 len: 168 time: 0.6376359
2026-05-26 07:05:34.049 8 INFO neutron.api.wsgi [None req-6a013862-8a86-435a-9e71-99426c3d7596 d9deb944fb504f7fa33f034ac9af8327 8d53ba55ab5f4c53be63dfb29daa3305 - - default default] 10.0.0.207 "GET /v2.0/ports?device_id=1befb1e2-7137-4eb6-a4a1-654966c639c3 HTTP/1.1" status: 200 len: 205 time: 0.0201056
2026-05-26 07:05:34.070 8 INFO neutron.api.v2.resource [None req-1e53ca08-58c7-40b9-940a-a9ebe8dba5bb d9deb944fb504f7fa33f034ac9af8327 8d53ba55ab5f4c53be63dfb29daa3305 - - default default] delete failed (client error): The resource could not be found.
2026-05-26 07:05:34.071 8 INFO neutron.api.wsgi [None req-1e53ca08-58c7-40b9-940a-a9ebe8dba5bb d9deb944fb504f7fa33f034ac9af8327 8d53ba55ab5f4c53be63dfb29daa3305 - - default default] 10.0.0.207 "DELETE /v2.0/routers/1befb1e2-7137-4eb6-a4a1-654966c639c3 HTTP/1.1" status: 404 len: 336 time: 0.0168359
2026-05-26 07:05:34.097 9 INFO neutron.api.wsgi [None req-9215bf15-77c9-4118-b3fc-f19791e55680 d9deb944fb504f7fa33f034ac9af8327 8d53ba55ab5f4c53be63dfb29daa3305 - - default default] 10.0.0.207 "GET /v2.0/ports?device_id=4901e9fd-be56-4a83-9a51-1ad1fb89ab10 HTTP/1.1" status: 200 len: 205 time: 0.0178785
2026-05-26 07:05:34.101 8 INFO neutron.api.wsgi [None req-1d4fb9b7-29bb-4a57-85ee-e58ed5dca726 e160c8d2e7734e6eaf7cf3c34533c8aa 89a95844525041ccab7632485cc48e4a - - default default] 10.0.0.207 "DELETE /v2.0/security-groups/43b138ea-cf09-46ae-b71f-f4da82119017 HTTP/1.1" status: 204 len: 168 time: 0.2325699
2026-05-26 07:05:34.117 9 INFO neutron.api.v2.resource [None req-cf4a3aec-d610-46d5-a05a-2c151774599c d9deb944fb504f7fa33f034ac9af8327 8d53ba55ab5f4c53be63dfb29daa3305 - - default default] delete failed (client error): The resource could not be found.
2026-05-26 07:05:34.118 9 INFO neutron.api.wsgi [None req-cf4a3aec-d610-46d5-a05a-2c151774599c d9deb944fb504f7fa33f034ac9af8327 8d53ba55ab5f4c53be63dfb29daa3305 - - default default] 10.0.0.207 "DELETE /v2.0/routers/4901e9fd-be56-4a83-9a51-1ad1fb89ab10 HTTP/1.1" status: 404 len: 336 time: 0.0168929
2026-05-26 07:05:34.133 9 INFO neutron.pecan_wsgi.hooks.translation [None req-332d0a51-1b30-4f1e-a6fc-2a94b97a0477 d9deb944fb504f7fa33f034ac9af8327 8d53ba55ab5f4c53be63dfb29daa3305 - - default default] DELETE failed (client error): The resource could not be found.
2026-05-26 07:05:34.136 9 INFO neutron.api.wsgi [None req-332d0a51-1b30-4f1e-a6fc-2a94b97a0477 d9deb944fb504f7fa33f034ac9af8327 8d53ba55ab5f4c53be63dfb29daa3305 - - default default] 10.0.0.207 "DELETE /v2.0/subnets/15498e97-8121-4dac-9fdd-97685884d945 HTTP/1.1" status: 404 len: 337 time: 0.0124199
2026-05-26 07:05:34.169 8 INFO neutron.api.wsgi [None req-eeb56deb-f0c4-4f95-898e-d9cfd9c33e5c d9deb944fb504f7fa33f034ac9af8327 8d53ba55ab5f4c53be63dfb29daa3305 - - default default] 10.0.0.207 "GET /v2.0/ports?device_id=216b44a6-6130-495b-885e-1c1778028462 HTTP/1.1" status: 200 len: 205 time: 0.0218954
2026-05-26 07:05:34.186 8 INFO neutron.db.ovn_revision_numbers_db [None req-7f41af5d-2393-43b3-9196-5f60c13eb447 e160c8d2e7734e6eaf7cf3c34533c8aa 89a95844525041ccab7632485cc48e4a - - default default] Successfully bumped revision number for resource 54a5294b-a958-4efd-a8f9-67c928d7cd25 (type: security_groups) to 1
2026-05-26 07:05:34.190 9 INFO neutron.api.v2.resource [None req-e1dbf29c-a299-4f70-a01a-6584fdc6de84 d9deb944fb504f7fa33f034ac9af8327 8d53ba55ab5f4c53be63dfb29daa3305 - - default default] delete failed (client error): The resource could not be found.
2026-05-26 07:05:34.191 9 INFO neutron.api.wsgi [None req-e1dbf29c-a299-4f70-a01a-6584fdc6de84 d9deb944fb504f7fa33f034ac9af8327 8d53ba55ab5f4c53be63dfb29daa3305 - - default default] 10.0.0.207 "DELETE /v2.0/routers/216b44a6-6130-495b-885e-1c1778028462 HTTP/1.1" status: 404 len: 336 time: 0.0172186
2026-05-26 07:05:34.204 8 INFO neutron.api.wsgi [req-41a11215-4bce-4eb1-b866-13f9d0f66281 req-800f4043-0090-4a68-8f3f-782f81f3ffeb 13faa2a346d14bed813f625ec485ae3b 6b9097c14aad481cbf2d082596e73c04 - - default default] 10.0.0.108 "GET /v2.0/ports?device_id=9c94bc9f-7435-47eb-9c4a-73e336c8e21f HTTP/1.1" status: 200 len: 1212 time: 0.0329704
2026-05-26 07:05:34.205 8 INFO neutron.db.ovn_revision_numbers_db [None req-7f41af5d-2393-43b3-9196-5f60c13eb447 e160c8d2e7734e6eaf7cf3c34533c8aa 89a95844525041ccab7632485cc48e4a - - default default] Successfully bumped revision number for resource 7b357b2b-e23f-4119-b7e0-b99980d53523 (type: security_group_rules) to 0
2026-05-26 07:05:34.206 9 INFO neutron.pecan_wsgi.hooks.translation [None req-fb02518d-3d06-4d9c-ae42-3f20481281bc d9deb944fb504f7fa33f034ac9af8327 8d53ba55ab5f4c53be63dfb29daa3305 - - default default] DELETE failed (client error): The resource could not be found.
2026-05-26 07:05:34.208 9 INFO neutron.api.wsgi [None req-fb02518d-3d06-4d9c-ae42-3f20481281bc d9deb944fb504f7fa33f034ac9af8327 8d53ba55ab5f4c53be63dfb29daa3305 - - default default] 10.0.0.207 "DELETE /v2.0/subnets/23b0385c-fc3d-4fdf-ba70-f07f585f50dd HTTP/1.1" status: 404 len: 337 time: 0.0122375
2026-05-26 07:05:34.221 8 INFO neutron.db.ovn_revision_numbers_db [None req-7f41af5d-2393-43b3-9196-5f60c13eb447 e160c8d2e7734e6eaf7cf3c34533c8aa 89a95844525041ccab7632485cc48e4a - - default default] Successfully bumped revision number for resource 7c5aa50b-8f53-4192-857c-d2a12b35a180 (type: security_group_rules) to 0
2026-05-26 07:05:34.229 9 INFO neutron.api.wsgi [None req-859f374b-91de-46f2-a984-45240eee974b d9deb944fb504f7fa33f034ac9af8327 8d53ba55ab5f4c53be63dfb29daa3305 - - default default] 10.0.0.207 "GET /v2.0/ports?device_id=dc1dbdfb-619a-448b-99b2-a5d5b2464934 HTTP/1.1" status: 200 len: 205 time: 0.0174761
2026-05-26 07:05:34.240 8 INFO neutron.db.ovn_revision_numbers_db [None req-7f41af5d-2393-43b3-9196-5f60c13eb447 e160c8d2e7734e6eaf7cf3c34533c8aa 89a95844525041ccab7632485cc48e4a - - default default] Successfully bumped revision number for resource f0d4a58d-02e8-4dbb-a90e-8780c1b219cb (type: security_group_rules) to 0
2026-05-26 07:05:34.251 9 INFO neutron.api.v2.resource [None req-a16a315a-7e72-4b5b-a9b6-c49e4a2ab9b2 d9deb944fb504f7fa33f034ac9af8327 8d53ba55ab5f4c53be63dfb29daa3305 - - default default] delete failed (client error): The resource could not be found.
2026-05-26 07:05:34.251 9 INFO neutron.api.wsgi [None req-a16a315a-7e72-4b5b-a9b6-c49e4a2ab9b2 d9deb944fb504f7fa33f034ac9af8327 8d53ba55ab5f4c53be63dfb29daa3305 - - default default] 10.0.0.207 "DELETE /v2.0/routers/dc1dbdfb-619a-448b-99b2-a5d5b2464934 HTTP/1.1" status: 404 len: 336 time: 0.0191731
2026-05-26 07:05:34.256 8 INFO neutron.api.wsgi [req-41a11215-4bce-4eb1-b866-13f9d0f66281 req-6c2d047a-2190-4e66-8162-7aabfb01debb 13faa2a346d14bed813f625ec485ae3b 6b9097c14aad481cbf2d082596e73c04 - - default default] 10.0.0.108 "GET /v2.0/security-groups?id=ef58cf43-5a2d-4266-98cb-b04e7d7d64d6&id=df12a071-da63-4861-9cec-4a9183c7efd4&fields=id&fields=name HTTP/1.1" status: 200 len: 406 time: 0.0449769
2026-05-26 07:05:34.256 8 INFO neutron.db.ovn_revision_numbers_db [None req-7f41af5d-2393-43b3-9196-5f60c13eb447 e160c8d2e7734e6eaf7cf3c34533c8aa 89a95844525041ccab7632485cc48e4a - - default default] Successfully bumped revision number for resource f4b17a91-1ea6-4626-b887-ee4c4d812288 (type: security_group_rules) to 0
2026-05-26 07:05:34.266 9 INFO neutron.pecan_wsgi.hooks.translation [None req-7d95d377-f482-4d08-965f-4c850224e923 d9deb944fb504f7fa33f034ac9af8327 8d53ba55ab5f4c53be63dfb29daa3305 - - default default] DELETE failed (client error): The resource could not be found.
2026-05-26 07:05:34.268 9 INFO neutron.api.wsgi [None req-7d95d377-f482-4d08-965f-4c850224e923 d9deb944fb504f7fa33f034ac9af8327 8d53ba55ab5f4c53be63dfb29daa3305 - - default default] 10.0.0.207 "DELETE /v2.0/subnets/349c9d49-0503-498a-b031-0cacad657409 HTTP/1.1" status: 404 len: 337 time: 0.0114908
2026-05-26 07:05:34.284 8 INFO neutron.pecan_wsgi.hooks.translation [None req-d17ef6c3-9898-4dde-b691-443ce546c32f d9deb944fb504f7fa33f034ac9af8327 8d53ba55ab5f4c53be63dfb29daa3305 - - default default] DELETE failed (client error): The resource could not be found.
2026-05-26 07:05:34.286 8 INFO neutron.api.wsgi [None req-d17ef6c3-9898-4dde-b691-443ce546c32f d9deb944fb504f7fa33f034ac9af8327 8d53ba55ab5f4c53be63dfb29daa3305 - - default default] 10.0.0.207 "DELETE /v2.0/subnets/c308e2f5-af3d-4966-bdad-a483c6c3aab2 HTTP/1.1" status: 404 len: 337 time: 0.0144129
2026-05-26 07:05:34.299 8 INFO neutron.api.wsgi [None req-7f41af5d-2393-43b3-9196-5f60c13eb447 e160c8d2e7734e6eaf7cf3c34533c8aa 89a95844525041ccab7632485cc48e4a - - default default] 10.0.0.207 "GET /v2.0/security-groups?tenant_id=7c947a5a59074a0bb9aeab3ceb701e82&name=default HTTP/1.1" status: 200 len: 3120 time: 0.2538664
2026-05-26 07:05:34.355 9 INFO neutron.db.ovn_revision_numbers_db [None req-754953ef-76ee-4af2-8d05-7c3ca9199213 e160c8d2e7734e6eaf7cf3c34533c8aa 89a95844525041ccab7632485cc48e4a - - default default] Successfully bumped revision number for resource 9ed1c0ca-387e-4b9e-a2e9-dc4f2b4425a0 (type: security_groups) to 1
2026-05-26 07:05:34.369 9 INFO neutron.db.ovn_revision_numbers_db [None req-754953ef-76ee-4af2-8d05-7c3ca9199213 e160c8d2e7734e6eaf7cf3c34533c8aa 89a95844525041ccab7632485cc48e4a - - default default] Successfully bumped revision number for resource bc237891-ff86-48a7-8f7e-eab2eec69d3e (type: security_group_rules) to 0
2026-05-26 07:05:34.388 9 INFO neutron.db.ovn_revision_numbers_db [None req-754953ef-76ee-4af2-8d05-7c3ca9199213 e160c8d2e7734e6eaf7cf3c34533c8aa 89a95844525041ccab7632485cc48e4a - - default default] Successfully bumped revision number for resource c07e5204-259e-4f7e-8cea-da969396f182 (type: security_group_rules) to 0
2026-05-26 07:05:34.402 9 INFO neutron.db.ovn_revision_numbers_db [None req-754953ef-76ee-4af2-8d05-7c3ca9199213 e160c8d2e7734e6eaf7cf3c34533c8aa 89a95844525041ccab7632485cc48e4a - - default default] Successfully bumped revision number for resource f420b60e-84ac-440c-86b5-64c0e7c3226f (type: security_group_rules) to 0
2026-05-26 07:05:34.418 9 INFO neutron.db.ovn_revision_numbers_db [None req-754953ef-76ee-4af2-8d05-7c3ca9199213 e160c8d2e7734e6eaf7cf3c34533c8aa 89a95844525041ccab7632485cc48e4a - - default default] Successfully bumped revision number for resource fe03d7db-ca3a-4a5c-b5ec-5713e590edda (type: security_group_rules) to 0
2026-05-26 07:05:34.459 9 INFO neutron.api.wsgi [None req-754953ef-76ee-4af2-8d05-7c3ca9199213 e160c8d2e7734e6eaf7cf3c34533c8aa 89a95844525041ccab7632485cc48e4a - - default default] 10.0.0.207 "GET /v2.0/security-groups?tenant_id=5a54219449fc4235b774a397cab6c6e3&name=default HTTP/1.1" status: 200 len: 3120 time: 0.2132568
2026-05-26 07:05:34.503 8 INFO neutron.api.wsgi [None req-63994a7a-5118-45c8-8dee-b921d3577dd9 e160c8d2e7734e6eaf7cf3c34533c8aa 89a95844525041ccab7632485cc48e4a - - default default] 10.0.0.207 "DELETE /v2.0/security-groups/54a5294b-a958-4efd-a8f9-67c928d7cd25 HTTP/1.1" status: 204 len: 168 time: 0.1985917
2026-05-26 07:05:34.538 8 INFO neutron.api.wsgi [req-0137bf70-b653-4fe2-a670-99148f0a3cb3 req-6c87fa27-0c0d-45d2-8804-b55c6bee4f7a 4abea671090947dca74b0e3db09dbaca 93ccbecc954c43b79f2e6467f122235e - - e3b5e78bc78843418398fe5f07733bc6 e3b5e78bc78843418398fe5f07733bc6] 199.204.45.30 "GET /v2.0/ports?device_id=9c94bc9f-7435-47eb-9c4a-73e336c8e21f HTTP/1.1" status: 200 len: 1450 time: 0.0335593
2026-05-26 07:05:34.580 8 INFO neutron.api.wsgi [req-0137bf70-b653-4fe2-a670-99148f0a3cb3 req-f28d1f7b-4d79-4692-a6d1-937d93b49b72 4abea671090947dca74b0e3db09dbaca 93ccbecc954c43b79f2e6467f122235e - - e3b5e78bc78843418398fe5f07733bc6 e3b5e78bc78843418398fe5f07733bc6] 199.204.45.30 "GET /v2.0/security-groups?id=ef58cf43-5a2d-4266-98cb-b04e7d7d64d6&id=df12a071-da63-4861-9cec-4a9183c7efd4&fields=id&fields=name HTTP/1.1" status: 200 len: 406 time: 0.0384030
2026-05-26 07:05:34.593 8 WARNING neutron.plugins.ml2.drivers.ovn.mech_driver.ovsdb.ovn_client [None req-8ac3d587-158d-4a2f-99eb-cea479a0e968 - - - - - -] No port found with ID da8cccef-f8ea-4f91-98e0-86611c1181bd: RuntimeError: No port found with ID da8cccef-f8ea-4f91-98e0-86611c1181bd
2026-05-26 07:05:34.610 8 INFO neutron.plugins.ml2.drivers.ovn.mech_driver.mech_driver [None req-8ac3d587-158d-4a2f-99eb-cea479a0e968 - - - - - -] OVN reports status up for port: ae09b9fa-f3da-4e1a-ab1e-411805ebd442
2026-05-26 07:05:34.692 9 INFO neutron.plugins.ml2.drivers.ovn.mech_driver.mech_driver [None req-f3b250ba-a60a-4e13-8f43-912a1bbbb200 - - - - - -] OVN reports status up for port: 3e54025c-3d5f-4b44-be62-27ded81b149d
2026-05-26 07:05:34.710 9 INFO neutron.plugins.ml2.plugin [None req-f3b250ba-a60a-4e13-8f43-912a1bbbb200 - - - - - -] Attempt 1 to provision port 3e54025c-3d5f-4b44-be62-27ded81b149d
2026-05-26 07:05:34.712 8 INFO neutron.api.wsgi [None req-b548793d-7df9-4c9d-96c4-b6b398615e21 e160c8d2e7734e6eaf7cf3c34533c8aa 89a95844525041ccab7632485cc48e4a - - default default] 10.0.0.207 "DELETE /v2.0/security-groups/9ed1c0ca-387e-4b9e-a2e9-dc4f2b4425a0 HTTP/1.1" status: 204 len: 168 time: 0.2475617
2026-05-26 07:05:34.835 9 INFO neutron.notifiers.nova [-] Nova event matching ['req-cbe6189e-3d7f-4c69-b9d9-6bc48eea8d88'] response: {'server_uuid': '9c94bc9f-7435-47eb-9c4a-73e336c8e21f', 'name': 'network-vif-plugged', 'status': 'completed', 'tag': '3e54025c-3d5f-4b44-be62-27ded81b149d', 'code': 200}
2026-05-26 07:05:34.931 9 INFO neutron.db.ovn_revision_numbers_db [None req-f3b250ba-a60a-4e13-8f43-912a1bbbb200 - - - - - -] Successfully bumped revision number for resource 3e54025c-3d5f-4b44-be62-27ded81b149d (type: ports) to 5
2026-05-26 07:05:34.945 8 INFO neutron.api.wsgi [None req-7f2c1fa4-3f28-4337-963e-8b898c0bd547 e160c8d2e7734e6eaf7cf3c34533c8aa 89a95844525041ccab7632485cc48e4a - - default default] 10.0.0.207 "GET /v2.0/security-groups?tenant_id=8d53ba55ab5f4c53be63dfb29daa3305&name=default HTTP/1.1" status: 200 len: 3120 time: 0.1218503
2026-05-26 07:05:35.072 8 INFO neutron.db.ovn_revision_numbers_db [None req-93e43f2e-b122-47b2-876e-f8159b2be8a3 e160c8d2e7734e6eaf7cf3c34533c8aa 89a95844525041ccab7632485cc48e4a - - default default] Successfully bumped revision number for resource 251e3ec5-fe49-40f3-9503-8721a05e929f (type: security_groups) to 1
2026-05-26 07:05:35.091 8 INFO neutron.db.ovn_revision_numbers_db [None req-93e43f2e-b122-47b2-876e-f8159b2be8a3 e160c8d2e7734e6eaf7cf3c34533c8aa 89a95844525041ccab7632485cc48e4a - - default default] Successfully bumped revision number for resource 302ee7a5-5af8-4839-8b6d-4a6a73764064 (type: security_group_rules) to 0
2026-05-26 07:05:35.109 8 INFO neutron.db.ovn_revision_numbers_db [None req-93e43f2e-b122-47b2-876e-f8159b2be8a3 e160c8d2e7734e6eaf7cf3c34533c8aa 89a95844525041ccab7632485cc48e4a - - default default] Successfully bumped revision number for resource b8d1a7a0-482f-4c0f-bf2d-0dacc0442b20 (type: security_group_rules) to 0
2026-05-26 07:05:35.123 8 INFO neutron.db.ovn_revision_numbers_db [None req-93e43f2e-b122-47b2-876e-f8159b2be8a3 e160c8d2e7734e6eaf7cf3c34533c8aa 89a95844525041ccab7632485cc48e4a - - default default] Successfully bumped revision number for resource c40a3510-6065-4dbf-9706-d37a0e85e685 (type: security_group_rules) to 0
2026-05-26 07:05:35.142 8 INFO neutron.db.ovn_revision_numbers_db [None req-93e43f2e-b122-47b2-876e-f8159b2be8a3 e160c8d2e7734e6eaf7cf3c34533c8aa 89a95844525041ccab7632485cc48e4a - - default default] Successfully bumped revision number for resource fc68bccc-426b-49a9-9a3d-5ffcd6e9681b (type: security_group_rules) to 0
2026-05-26 07:05:35.180 8 INFO neutron.api.wsgi [None req-93e43f2e-b122-47b2-876e-f8159b2be8a3 e160c8d2e7734e6eaf7cf3c34533c8aa 89a95844525041ccab7632485cc48e4a - - default default] 10.0.0.207 "GET /v2.0/security-groups?tenant_id=7b45fce63a804fb290ce93e687dc8775&name=default HTTP/1.1" status: 200 len: 3120 time: 0.2248547
2026-05-26 07:05:35.189 9 INFO neutron.api.wsgi [None req-7cc47fc9-3db2-4814-a4fb-1529c7e179c4 e160c8d2e7734e6eaf7cf3c34533c8aa 89a95844525041ccab7632485cc48e4a - - default default] 10.0.0.207 "DELETE /v2.0/security-groups/a6cd2a96-7bf5-4912-86f0-afb68eb7d5e1 HTTP/1.1" status: 204 len: 168 time: 0.2310462 /var/lib/openstack/lib/python3.12/site-packages/pycadf/identifier.py:71: UserWarning: Invalid uuid: neutron. To ensure interoperability, identifiers should be a valid uuid. warnings.warn(('Invalid uuid: %s. To ensure interoperability, '
2026-05-26 07:05:35.398 8 INFO neutron.api.wsgi [req-30387433-e88f-4619-a497-72dfafc432bf req-ce5dcd11-6225-4ea3-b77a-8f7d0ee25513 13faa2a346d14bed813f625ec485ae3b 6b9097c14aad481cbf2d082596e73c04 - - default default] 10.0.0.108 "GET /v2.0/ports?device_id=9c94bc9f-7435-47eb-9c4a-73e336c8e21f HTTP/1.1" status: 200 len: 1214 time: 0.0659232
2026-05-26 07:05:35.423 9 INFO neutron.api.wsgi [None req-338d586d-a07f-4b53-892c-2bda8d9c3485 e160c8d2e7734e6eaf7cf3c34533c8aa 89a95844525041ccab7632485cc48e4a - - default default] 10.0.0.207 "DELETE /v2.0/security-groups/251e3ec5-fe49-40f3-9503-8721a05e929f HTTP/1.1" status: 204 len: 168 time: 0.2282724
2026-05-26 07:05:35.449 8 INFO neutron.api.wsgi [req-30387433-e88f-4619-a497-72dfafc432bf req-3a6eb638-1c53-4094-98ec-53c28768610b 13faa2a346d14bed813f625ec485ae3b 6b9097c14aad481cbf2d082596e73c04 - - default default] 10.0.0.108 "GET /v2.0/security-groups?id=ef58cf43-5a2d-4266-98cb-b04e7d7d64d6&id=df12a071-da63-4861-9cec-4a9183c7efd4&fields=id&fields=name HTTP/1.1" status: 200 len: 406 time: 0.0424657
2026-05-26 07:05:36.626 9 INFO neutron.api.wsgi [req-152a29da-e298-4fe0-8806-23f9a2390224 req-6dd3e55b-220e-40ff-a77e-cda84d7cc396 13faa2a346d14bed813f625ec485ae3b 6b9097c14aad481cbf2d082596e73c04 - - default default] 10.0.0.108 "GET /v2.0/ports?device_id=9c94bc9f-7435-47eb-9c4a-73e336c8e21f HTTP/1.1" status: 200 len: 1214 time: 0.0866537
2026-05-26 07:05:36.667 9 INFO neutron.api.wsgi [req-152a29da-e298-4fe0-8806-23f9a2390224 req-f6529867-ecfa-426d-b646-7124a8a87328 13faa2a346d14bed813f625ec485ae3b 6b9097c14aad481cbf2d082596e73c04 - - default default] 10.0.0.108 "GET /v2.0/security-groups?id=ef58cf43-5a2d-4266-98cb-b04e7d7d64d6&id=df12a071-da63-4861-9cec-4a9183c7efd4&fields=id&fields=name HTTP/1.1" status: 200 len: 406 time: 0.0349021
2026-05-26 07:05:36.794 8 INFO neutron.api.wsgi [req-6c02c63e-84b5-4da9-abb8-496373243a09 req-2b7631dc-3fed-4ab3-b10c-7300b4431ad6 13faa2a346d14bed813f625ec485ae3b 6b9097c14aad481cbf2d082596e73c04 - - default default] 10.0.0.108 "GET /v2.0/ports?device_id=9c94bc9f-7435-47eb-9c4a-73e336c8e21f HTTP/1.1" status: 200 len: 1214 time: 0.0690620
2026-05-26 07:05:36.864 9 INFO neutron.notifiers.nova [-] Nova event matching ['req-eb7e3848-fc28-4fd7-b8a1-18ace202982d'] response: {'server_uuid': '9c94bc9f-7435-47eb-9c4a-73e336c8e21f', 'name': 'network-vif-plugged', 'status': 'completed', 'tag': '3e54025c-3d5f-4b44-be62-27ded81b149d', 'code': 200}
2026-05-26 07:05:37.288 9 INFO neutron.db.ovn_revision_numbers_db [None req-6ea5269a-7c1a-4492-b7d1-ee868a638692 13faa2a346d14bed813f625ec485ae3b 6b9097c14aad481cbf2d082596e73c04 - - default default] Successfully bumped revision number for resource 00d6be42-8af1-446b-819f-96d2a289d964 (type: floatingips) to 1
2026-05-26 07:05:37.420 9 INFO neutron.db.ovn_revision_numbers_db [None req-6ea5269a-7c1a-4492-b7d1-ee868a638692 13faa2a346d14bed813f625ec485ae3b 6b9097c14aad481cbf2d082596e73c04 - - default default] Successfully bumped revision number for resource 00d6be42-8af1-446b-819f-96d2a289d964 (type: floatingips) to 2
2026-05-26 07:05:37.420 9 INFO neutron.db.l3_db [None req-6ea5269a-7c1a-4492-b7d1-ee868a638692 13faa2a346d14bed813f625ec485ae3b 6b9097c14aad481cbf2d082596e73c04 - - default default] Floating IP 00d6be42-8af1-446b-819f-96d2a289d964 associated. External IP: 10.96.250.214, port: 3e54025c-3d5f-4b44-be62-27ded81b149d.
2026-05-26 07:05:37.445 9 INFO neutron.api.wsgi [None req-6ea5269a-7c1a-4492-b7d1-ee868a638692 13faa2a346d14bed813f625ec485ae3b 6b9097c14aad481cbf2d082596e73c04 - - default default] 10.0.0.207 "PUT /v2.0/floatingips/00d6be42-8af1-446b-819f-96d2a289d964 HTTP/1.1" status: 200 len: 1050 time: 0.6354518
2026-05-26 07:05:38.664 8 INFO neutron.api.wsgi [-] 10.0.0.99 "GET / HTTP/1.1" status: 200 len: 245 time: 0.0033543
2026-05-26 07:05:38.667 8 INFO neutron.api.wsgi [-] 10.0.0.99 "GET / HTTP/1.1" status: 200 len: 245 time: 0.0015838
2026-05-26 07:05:38.903 9 INFO neutron.notifiers.nova [-] Nova event matching ['req-c8735d04-e393-422b-9f7d-6674ff091c71'] response: {'name': 'network-changed', 'server_uuid': '9c94bc9f-7435-47eb-9c4a-73e336c8e21f', 'tag': '3e54025c-3d5f-4b44-be62-27ded81b149d', 'status': 'completed', 'code': 200}
2026-05-26 07:05:39.110 9 WARNING neutron_lib.context [None req-9ecde672-8f29-45fd-a752-a671b9d3bb9d 4198f21dad9e423d8d83ea002e7e1a7b e93b6830466c4a89a61c3adbe10e3cc8 - - default default] Method 'is_advsvc' is deprecated since 2023.2 release (neutron-lib 3.8.0) and will be removed once support for the old RBAC API policies will be removed from Neutron. Please use method 'is_service_role' instead.
2026-05-26 07:05:39.255 9 INFO neutron.db.ovn_revision_numbers_db [None req-9ecde672-8f29-45fd-a752-a671b9d3bb9d 4198f21dad9e423d8d83ea002e7e1a7b e93b6830466c4a89a61c3adbe10e3cc8 - - default default] Successfully bumped revision number for resource 93868c62-a42f-45a0-8fb4-8deb51b34f96 (type: security_groups) to 1
2026-05-26 07:05:39.280 9 INFO neutron.db.ovn_revision_numbers_db [None req-9ecde672-8f29-45fd-a752-a671b9d3bb9d 4198f21dad9e423d8d83ea002e7e1a7b e93b6830466c4a89a61c3adbe10e3cc8 - - default default] Successfully bumped revision number for resource 2df5229c-e7d4-4c01-aa91-80623461a2c0 (type: security_group_rules) to 0
2026-05-26 07:05:39.300 9 INFO neutron.db.ovn_revision_numbers_db [None req-9ecde672-8f29-45fd-a752-a671b9d3bb9d 4198f21dad9e423d8d83ea002e7e1a7b e93b6830466c4a89a61c3adbe10e3cc8 - - default default] Successfully bumped revision number for resource 6989131d-28e7-485f-923f-b88063c55427 (type: security_group_rules) to 0
2026-05-26 07:05:39.318 9 INFO neutron.db.ovn_revision_numbers_db [None req-9ecde672-8f29-45fd-a752-a671b9d3bb9d 4198f21dad9e423d8d83ea002e7e1a7b e93b6830466c4a89a61c3adbe10e3cc8 - - default default] Successfully bumped revision number for resource 945e5c25-6e35-45f2-b6e9-960dc8a485c4 (type: security_group_rules) to 0
2026-05-26 07:05:39.337 9 INFO neutron.db.ovn_revision_numbers_db [None req-9ecde672-8f29-45fd-a752-a671b9d3bb9d 4198f21dad9e423d8d83ea002e7e1a7b e93b6830466c4a89a61c3adbe10e3cc8 - - default default] Successfully bumped revision number for resource ac611db6-e13c-4f6e-bbe7-9737d6359048 (type: security_group_rules) to 0 /var/lib/openstack/lib/python3.12/site-packages/pycadf/identifier.py:71: UserWarning: Invalid uuid: neutron. To ensure interoperability, identifiers should be a valid uuid. warnings.warn(('Invalid uuid: %s. To ensure interoperability, '
2026-05-26 07:05:39.423 9 INFO neutron.db.segments_db [None req-9ecde672-8f29-45fd-a752-a671b9d3bb9d 4198f21dad9e423d8d83ea002e7e1a7b e93b6830466c4a89a61c3adbe10e3cc8 - - default default] Added segment ed515020-d388-415e-9f14-aa0a2069bd18 of type geneve for network 901dc566-2ac2-4707-9570-8e74b62a224d
2026-05-26 07:05:39.453 8 INFO neutron.api.wsgi [req-be9271c2-093d-458e-ae3c-ed1f091072b7 req-4b5fec81-1abd-4441-aa02-f22bac83850f 4abea671090947dca74b0e3db09dbaca 93ccbecc954c43b79f2e6467f122235e - - e3b5e78bc78843418398fe5f07733bc6 e3b5e78bc78843418398fe5f07733bc6] 199.204.45.30 "GET /v2.0/ports?tenant_id=6b9097c14aad481cbf2d082596e73c04&device_id=9c94bc9f-7435-47eb-9c4a-73e336c8e21f HTTP/1.1" status: 200 len: 1452 time: 0.0410166
2026-05-26 07:05:39.509 8 INFO neutron.api.wsgi [req-be9271c2-093d-458e-ae3c-ed1f091072b7 req-e897a8be-4ba2-4ba8-9bca-8e47ae0222a6 4abea671090947dca74b0e3db09dbaca 93ccbecc954c43b79f2e6467f122235e - - e3b5e78bc78843418398fe5f07733bc6 e3b5e78bc78843418398fe5f07733bc6] 199.204.45.30 "GET /v2.0/networks?id=837f3e19-f411-4001-808e-8d22ff46ef80 HTTP/1.1" status: 200 len: 971 time: 0.0515049
2026-05-26 07:05:39.561 8 INFO neutron.api.wsgi [req-be9271c2-093d-458e-ae3c-ed1f091072b7 req-4f2bd3ac-c40c-4411-a824-33378003b54d 4abea671090947dca74b0e3db09dbaca 93ccbecc954c43b79f2e6467f122235e - - e3b5e78bc78843418398fe5f07733bc6 e3b5e78bc78843418398fe5f07733bc6] 199.204.45.30 "GET /v2.0/floatingips?fixed_ip_address=10.100.0.13&port_id=3e54025c-3d5f-4b44-be62-27ded81b149d HTTP/1.1" status: 200 len: 1060 time: 0.0466797
2026-05-26 07:05:39.584 9 INFO neutron.db.ovn_revision_numbers_db [None req-9ecde672-8f29-45fd-a752-a671b9d3bb9d 4198f21dad9e423d8d83ea002e7e1a7b e93b6830466c4a89a61c3adbe10e3cc8 - - default default] Successfully bumped revision number for resource 901dc566-2ac2-4707-9570-8e74b62a224d (type: networks) to 1
2026-05-26 07:05:39.600 8 INFO neutron.api.wsgi [req-be9271c2-093d-458e-ae3c-ed1f091072b7 req-8825616a-9810-40a5-9327-26903bcb77b5 4abea671090947dca74b0e3db09dbaca 93ccbecc954c43b79f2e6467f122235e - - e3b5e78bc78843418398fe5f07733bc6 e3b5e78bc78843418398fe5f07733bc6] 199.204.45.30 "GET /v2.0/subnets?id=8339bbec-fa8a-4fa2-8628-1aa605f77333 HTTP/1.1" status: 200 len: 890 time: 0.0340223
2026-05-26 07:05:39.632 9 WARNING neutron_lib.context [None req-c9072337-4e7d-41bc-bb39-cc84e0dbcbca 569aa69938d443f7b9411b8a0915a931 8b02084e3f06451ca4bff1dda1527c9b - - default default] Method 'is_advsvc' is deprecated since 2023.2 release (neutron-lib 3.8.0) and will be removed once support for the old RBAC API policies will be removed from Neutron. Please use method 'is_service_role' instead.
2026-05-26 07:05:39.632 8 INFO neutron.api.wsgi [req-be9271c2-093d-458e-ae3c-ed1f091072b7 req-aec14a5a-8ab8-4d5c-b249-327415f95164 4abea671090947dca74b0e3db09dbaca 93ccbecc954c43b79f2e6467f122235e - - e3b5e78bc78843418398fe5f07733bc6 e3b5e78bc78843418398fe5f07733bc6] 199.204.45.30 "GET /v2.0/ports?network_id=837f3e19-f411-4001-808e-8d22ff46ef80&device_owner=network%3Adhcp HTTP/1.1" status: 200 len: 210 time: 0.0267174
2026-05-26 07:05:39.690 8 INFO neutron.api.wsgi [req-be9271c2-093d-458e-ae3c-ed1f091072b7 req-aef447fc-a058-4715-a237-20c11c211b81 4abea671090947dca74b0e3db09dbaca 93ccbecc954c43b79f2e6467f122235e - - e3b5e78bc78843418398fe5f07733bc6 e3b5e78bc78843418398fe5f07733bc6] 199.204.45.30 "GET /v2.0/networks/837f3e19-f411-4001-808e-8d22ff46ef80?fields=segments HTTP/1.1" status: 200 len: 212 time: 0.0502665
2026-05-26 07:05:39.757 8 INFO neutron.api.wsgi [req-be9271c2-093d-458e-ae3c-ed1f091072b7 req-bf292cd9-07dc-4d20-9c8a-31d1aadea872 4abea671090947dca74b0e3db09dbaca 93ccbecc954c43b79f2e6467f122235e - - e3b5e78bc78843418398fe5f07733bc6 e3b5e78bc78843418398fe5f07733bc6] 199.204.45.30 "GET /v2.0/networks/837f3e19-f411-4001-808e-8d22ff46ef80?fields=provider%3Aphysical_network&fields=provider%3Anetwork_type HTTP/1.1" status: 200 len: 277 time: 0.0602934
2026-05-26 07:05:39.815 9 WARNING neutron.scheduler.dhcp_agent_scheduler [None req-9ecde672-8f29-45fd-a752-a671b9d3bb9d 4198f21dad9e423d8d83ea002e7e1a7b e93b6830466c4a89a61c3adbe10e3cc8 - - default default] No more DHCP agents
2026-05-26 07:05:39.816 9 WARNING neutron.api.rpc.agentnotifiers.dhcp_rpc_agent_api [None req-9ecde672-8f29-45fd-a752-a671b9d3bb9d 4198f21dad9e423d8d83ea002e7e1a7b e93b6830466c4a89a61c3adbe10e3cc8 - - default default] Unable to schedule network 901dc566-2ac2-4707-9570-8e74b62a224d: no agents available; will retry on subsequent port and subnet creation events.
2026-05-26 07:05:39.892 9 INFO neutron.db.ovn_revision_numbers_db [None req-9ecde672-8f29-45fd-a752-a671b9d3bb9d 4198f21dad9e423d8d83ea002e7e1a7b e93b6830466c4a89a61c3adbe10e3cc8 - - default default] Successfully bumped revision number for resource b68e518c-dc74-490c-82d8-52b1ea53d97d (type: ports) to 1
2026-05-26 07:05:39.910 9 WARNING neutron.scheduler.dhcp_agent_scheduler [None req-c9072337-4e7d-41bc-bb39-cc84e0dbcbca 569aa69938d443f7b9411b8a0915a931 8b02084e3f06451ca4bff1dda1527c9b - - default default] No more DHCP agents
2026-05-26 07:05:39.911 9 WARNING neutron.api.rpc.agentnotifiers.dhcp_rpc_agent_api [None req-c9072337-4e7d-41bc-bb39-cc84e0dbcbca 569aa69938d443f7b9411b8a0915a931 8b02084e3f06451ca4bff1dda1527c9b - - default default] Unable to schedule network 7031e453-34e1-4abb-9b9c-f16770a7073a: no agents available; will retry on subsequent port and subnet creation events.
2026-05-26 07:05:39.916 9 INFO neutron.api.wsgi [None req-9ecde672-8f29-45fd-a752-a671b9d3bb9d 4198f21dad9e423d8d83ea002e7e1a7b e93b6830466c4a89a61c3adbe10e3cc8 - - default default] 10.0.0.207 "POST /v2.0/networks HTTP/1.1" status: 201 len: 831 time: 0.9620440
2026-05-26 07:05:39.933 8 WARNING neutron_lib.context [None req-f3d9e6ac-7cc5-4779-adc3-ae485a4928d2 4198f21dad9e423d8d83ea002e7e1a7b e93b6830466c4a89a61c3adbe10e3cc8 - - default default] Method 'is_advsvc' is deprecated since 2023.2 release (neutron-lib 3.8.0) and will be removed once support for the old RBAC API policies will be removed from Neutron. Please use method 'is_service_role' instead.
2026-05-26 07:05:40.187 8 WARNING neutron.scheduler.dhcp_agent_scheduler [None req-f3d9e6ac-7cc5-4779-adc3-ae485a4928d2 4198f21dad9e423d8d83ea002e7e1a7b e93b6830466c4a89a61c3adbe10e3cc8 - - default default] No more DHCP agents
2026-05-26 07:05:40.188 8 WARNING neutron.api.rpc.agentnotifiers.dhcp_rpc_agent_api [None req-f3d9e6ac-7cc5-4779-adc3-ae485a4928d2 4198f21dad9e423d8d83ea002e7e1a7b e93b6830466c4a89a61c3adbe10e3cc8 - - default default] Unable to schedule network 901dc566-2ac2-4707-9570-8e74b62a224d: no agents available; will retry on subsequent port and subnet creation events.
2026-05-26 07:05:40.222 9 INFO neutron.api.wsgi [None req-c9072337-4e7d-41bc-bb39-cc84e0dbcbca 569aa69938d443f7b9411b8a0915a931 8b02084e3f06451ca4bff1dda1527c9b - - default default] 10.0.0.207 "POST /v2.0/floatingips HTTP/1.1" status: 201 len: 751 time: 0.6426783
2026-05-26 07:05:40.233 9 WARNING neutron_lib.context [None req-3d8bedc2-3603-4e2d-a364-f7ae23d7e815 569aa69938d443f7b9411b8a0915a931 8b02084e3f06451ca4bff1dda1527c9b - - default default] Method 'is_advsvc' is deprecated since 2023.2 release (neutron-lib 3.8.0) and will be removed once support for the old RBAC API policies will be removed from Neutron. Please use method 'is_service_role' instead.
2026-05-26 07:05:40.277 8 INFO neutron.db.ovn_revision_numbers_db [None req-f3d9e6ac-7cc5-4779-adc3-ae485a4928d2 4198f21dad9e423d8d83ea002e7e1a7b e93b6830466c4a89a61c3adbe10e3cc8 - - default default] Successfully bumped revision number for resource 4cc3b265-568a-4d8e-b6c1-35d1080c0c05 (type: ports) to 1
2026-05-26 07:05:40.296 8 INFO neutron.api.wsgi [None req-f3d9e6ac-7cc5-4779-adc3-ae485a4928d2 4198f21dad9e423d8d83ea002e7e1a7b e93b6830466c4a89a61c3adbe10e3cc8 - - default default] 10.0.0.207 "POST /v2.0/ports HTTP/1.1" status: 201 len: 942 time: 0.3712709 /var/lib/openstack/lib/python3.12/site-packages/pycadf/identifier.py:71: UserWarning: Invalid uuid: neutron. To ensure interoperability, identifiers should be a valid uuid. warnings.warn(('Invalid uuid: %s. To ensure interoperability, '
2026-05-26 07:05:40.304 8 WARNING neutron_lib.context [None req-a1939d2b-04ed-4442-8dca-1bee111bb4c4 4198f21dad9e423d8d83ea002e7e1a7b e93b6830466c4a89a61c3adbe10e3cc8 - - default default] Method 'is_advsvc' is deprecated since 2023.2 release (neutron-lib 3.8.0) and will be removed once support for the old RBAC API policies will be removed from Neutron. Please use method 'is_service_role' instead.
2026-05-26 07:05:40.390 8 INFO neutron.db.segments_db [None req-a1939d2b-04ed-4442-8dca-1bee111bb4c4 4198f21dad9e423d8d83ea002e7e1a7b e93b6830466c4a89a61c3adbe10e3cc8 - - default default] Added segment a9afebcb-c6d0-4d0d-9af1-4d8fd02e6abc of type geneve for network 844ebe5a-2ae8-4c4c-91ca-165b6bbb80b9
2026-05-26 07:05:40.434 9 WARNING neutron.scheduler.dhcp_agent_scheduler [None req-3d8bedc2-3603-4e2d-a364-f7ae23d7e815 569aa69938d443f7b9411b8a0915a931 8b02084e3f06451ca4bff1dda1527c9b - - default default] No more DHCP agents
2026-05-26 07:05:40.435 9 WARNING neutron.api.rpc.agentnotifiers.dhcp_rpc_agent_api [None req-3d8bedc2-3603-4e2d-a364-f7ae23d7e815 569aa69938d443f7b9411b8a0915a931 8b02084e3f06451ca4bff1dda1527c9b - - default default] Unable to schedule network 7031e453-34e1-4abb-9b9c-f16770a7073a: no agents available; will retry on subsequent port and subnet creation events.
2026-05-26 07:05:40.503 8 INFO neutron.db.ovn_revision_numbers_db [None req-a1939d2b-04ed-4442-8dca-1bee111bb4c4 4198f21dad9e423d8d83ea002e7e1a7b e93b6830466c4a89a61c3adbe10e3cc8 - - default default] Successfully bumped revision number for resource 844ebe5a-2ae8-4c4c-91ca-165b6bbb80b9 (type: networks) to 1
2026-05-26 07:05:40.707 8 INFO neutron.db.ovn_revision_numbers_db [None req-e8d358eb-d722-4343-8879-b610abe5bc98 e160c8d2e7734e6eaf7cf3c34533c8aa 89a95844525041ccab7632485cc48e4a - - default default] Successfully bumped revision number for resource 14b1a11b-3405-4af3-9bf7-ce6378f64562 (type: security_groups) to 1
2026-05-26 07:05:40.714 8 WARNING neutron.scheduler.dhcp_agent_scheduler [None req-a1939d2b-04ed-4442-8dca-1bee111bb4c4 4198f21dad9e423d8d83ea002e7e1a7b e93b6830466c4a89a61c3adbe10e3cc8 - - default default] No more DHCP agents
2026-05-26 07:05:40.716 8 WARNING neutron.api.rpc.agentnotifiers.dhcp_rpc_agent_api [None req-a1939d2b-04ed-4442-8dca-1bee111bb4c4 4198f21dad9e423d8d83ea002e7e1a7b e93b6830466c4a89a61c3adbe10e3cc8 - - default default] Unable to schedule network 844ebe5a-2ae8-4c4c-91ca-165b6bbb80b9: no agents available; will retry on subsequent port and subnet creation events.
2026-05-26 07:05:40.721 8 INFO neutron.db.ovn_revision_numbers_db [None req-e8d358eb-d722-4343-8879-b610abe5bc98 e160c8d2e7734e6eaf7cf3c34533c8aa 89a95844525041ccab7632485cc48e4a - - default default] Successfully bumped revision number for resource 1ee85c1f-a011-4d4f-a5d3-b52fcbe5c47e (type: security_group_rules) to 0
2026-05-26 07:05:40.737 8 INFO neutron.db.ovn_revision_numbers_db [None req-e8d358eb-d722-4343-8879-b610abe5bc98 e160c8d2e7734e6eaf7cf3c34533c8aa 89a95844525041ccab7632485cc48e4a - - default default] Successfully bumped revision number for resource 95b8a476-0b0d-4f7e-8235-5fbe36d1a67d (type: security_group_rules) to 0
2026-05-26 07:05:40.755 8 INFO neutron.db.ovn_revision_numbers_db [None req-e8d358eb-d722-4343-8879-b610abe5bc98 e160c8d2e7734e6eaf7cf3c34533c8aa 89a95844525041ccab7632485cc48e4a - - default default] Successfully bumped revision number for resource b9499c6b-beec-42a4-a78a-12a39c49030b (type: security_group_rules) to 0
2026-05-26 07:05:40.772 8 INFO neutron.db.ovn_revision_numbers_db [None req-e8d358eb-d722-4343-8879-b610abe5bc98 e160c8d2e7734e6eaf7cf3c34533c8aa 89a95844525041ccab7632485cc48e4a - - default default] Successfully bumped revision number for resource e5984688-4949-4b75-9dc0-1a6867695d58 (type: security_group_rules) to 0
2026-05-26 07:05:40.777 9 INFO neutron.api.wsgi [None req-3d8bedc2-3603-4e2d-a364-f7ae23d7e815 569aa69938d443f7b9411b8a0915a931 8b02084e3f06451ca4bff1dda1527c9b - - default default] 10.0.0.207 "POST /v2.0/floatingips HTTP/1.1" status: 201 len: 751 time: 0.5488565
2026-05-26 07:05:40.787 9 WARNING neutron_lib.context [None req-ef6b0225-f92f-4267-8703-449a33b299bf 569aa69938d443f7b9411b8a0915a931 8b02084e3f06451ca4bff1dda1527c9b - - default default] Method 'is_advsvc' is deprecated since 2023.2 release (neutron-lib 3.8.0) and will be removed once support for the old RBAC API policies will be removed from Neutron. Please use method 'is_service_role' instead.
2026-05-26 07:05:40.791 8 INFO neutron.db.ovn_revision_numbers_db [None req-a1939d2b-04ed-4442-8dca-1bee111bb4c4 4198f21dad9e423d8d83ea002e7e1a7b e93b6830466c4a89a61c3adbe10e3cc8 - - default default] Successfully bumped revision number for resource 7a6a55e6-b59b-4182-ac59-ca37851c5a17 (type: ports) to 1
2026-05-26 07:05:40.813 8 INFO neutron.api.wsgi [None req-e8d358eb-d722-4343-8879-b610abe5bc98 e160c8d2e7734e6eaf7cf3c34533c8aa 89a95844525041ccab7632485cc48e4a - - default default] 10.0.0.207 "GET /v2.0/security-groups?tenant_id=968e92a911324d2390f31df87a5dda79&name=default HTTP/1.1" status: 200 len: 3120 time: 0.3551390
2026-05-26 07:05:40.816 8 INFO neutron.api.wsgi [None req-a1939d2b-04ed-4442-8dca-1bee111bb4c4 4198f21dad9e423d8d83ea002e7e1a7b e93b6830466c4a89a61c3adbe10e3cc8 - - default default] 10.0.0.207 "POST /v2.0/networks HTTP/1.1" status: 201 len: 830 time: 0.5154593
2026-05-26 07:05:40.827 8 WARNING neutron_lib.context [None req-267245a2-1e4f-4de0-ae61-c7b74c23191a 4198f21dad9e423d8d83ea002e7e1a7b e93b6830466c4a89a61c3adbe10e3cc8 - - default default] Method 'is_advsvc' is deprecated since 2023.2 release (neutron-lib 3.8.0) and will be removed once support for the old RBAC API policies will be removed from Neutron. Please use method 'is_service_role' instead.
2026-05-26 07:05:40.991 9 WARNING neutron.scheduler.dhcp_agent_scheduler [None req-ef6b0225-f92f-4267-8703-449a33b299bf 569aa69938d443f7b9411b8a0915a931 8b02084e3f06451ca4bff1dda1527c9b - - default default] No more DHCP agents
2026-05-26 07:05:40.993 9 WARNING neutron.api.rpc.agentnotifiers.dhcp_rpc_agent_api [None req-ef6b0225-f92f-4267-8703-449a33b299bf 569aa69938d443f7b9411b8a0915a931 8b02084e3f06451ca4bff1dda1527c9b - - default default] Unable to schedule network 7031e453-34e1-4abb-9b9c-f16770a7073a: no agents available; will retry on subsequent port and subnet creation events.
2026-05-26 07:05:41.071 8 INFO neutron.api.wsgi [None req-364146b9-ec76-4a47-8c8a-b4c2f4153bbc e160c8d2e7734e6eaf7cf3c34533c8aa 89a95844525041ccab7632485cc48e4a - - default default] 10.0.0.207 "DELETE /v2.0/security-groups/14b1a11b-3405-4af3-9bf7-ce6378f64562 HTTP/1.1" status: 204 len: 168 time: 0.2518640
2026-05-26 07:05:41.080 8 WARNING neutron.scheduler.dhcp_agent_scheduler [None req-267245a2-1e4f-4de0-ae61-c7b74c23191a 4198f21dad9e423d8d83ea002e7e1a7b e93b6830466c4a89a61c3adbe10e3cc8 - - default default] No more DHCP agents
