2026-05-26 07:06:52.030 8 INFO neutron.db.ovn_revision_numbers_db [None req-b5911a22-b155-49fb-9777-b50e9c50cbf2 - - - - - -] Successfully bumped revision number for resource c94787c9-a632-4b75-9d43-0d8660b59119 (type: ports) to 5
2026-05-26 07:06:52.091 8 WARNING neutron.scheduler.dhcp_agent_scheduler [None req-b525bc9a-cd28-4d61-bfec-71dc7ee2b669 a33934a612704b31b3cafa268b4b222a b46e523687e447cbae672fe87dcd988a - - default default] No more DHCP agents
2026-05-26 07:06:52.094 8 WARNING neutron.api.rpc.agentnotifiers.dhcp_rpc_agent_api [None req-b525bc9a-cd28-4d61-bfec-71dc7ee2b669 a33934a612704b31b3cafa268b4b222a b46e523687e447cbae672fe87dcd988a - - default default] Unable to schedule network 0a716d45-a1a8-4aaa-8e4f-16c76b4d582a: no agents available; will retry on subsequent port and subnet creation events.
2026-05-26 07:06:52.106 9 INFO neutron.api.wsgi [None req-7186db60-af18-491e-9202-788307ea1c0a e160c8d2e7734e6eaf7cf3c34533c8aa 89a95844525041ccab7632485cc48e4a - - default default] 10.0.0.207 "DELETE /v2.0/security-groups/55833fc4-a137-4705-ac66-825e517006a8 HTTP/1.1" status: 204 len: 168 time: 0.2016158
2026-05-26 07:06:52.158 8 INFO neutron.db.ovn_revision_numbers_db [None req-b525bc9a-cd28-4d61-bfec-71dc7ee2b669 a33934a612704b31b3cafa268b4b222a b46e523687e447cbae672fe87dcd988a - - default default] Successfully bumped revision number for resource 8f4764ed-9476-464a-8e2d-ace4fe89da61 (type: ports) to 1
2026-05-26 07:06:52.178 8 INFO neutron.api.wsgi [None req-b525bc9a-cd28-4d61-bfec-71dc7ee2b669 a33934a612704b31b3cafa268b4b222a b46e523687e447cbae672fe87dcd988a - - default default] 10.0.0.207 "POST /v2.0/networks HTTP/1.1" status: 201 len: 830 time: 0.5091462 /var/lib/openstack/lib/python3.12/site-packages/pycadf/identifier.py:71: UserWarning: Invalid uuid: neutron. To ensure interoperability, identifiers should be a valid uuid. warnings.warn(('Invalid uuid: %s. To ensure interoperability, '
2026-05-26 07:06:52.187 8 WARNING neutron_lib.context [None req-01a375c6-d434-4d18-abe9-bf480c73dd6c a33934a612704b31b3cafa268b4b222a b46e523687e447cbae672fe87dcd988a - - default default] Method 'is_advsvc' is deprecated since 2023.2 release (neutron-lib 3.8.0) and will be removed once support for the old RBAC API policies will be removed from Neutron. Please use method 'is_service_role' instead.
2026-05-26 07:06:52.362 8 WARNING neutron.scheduler.dhcp_agent_scheduler [None req-01a375c6-d434-4d18-abe9-bf480c73dd6c a33934a612704b31b3cafa268b4b222a b46e523687e447cbae672fe87dcd988a - - default default] No more DHCP agents
2026-05-26 07:06:52.363 8 WARNING neutron.api.rpc.agentnotifiers.dhcp_rpc_agent_api [None req-01a375c6-d434-4d18-abe9-bf480c73dd6c a33934a612704b31b3cafa268b4b222a b46e523687e447cbae672fe87dcd988a - - default default] Unable to schedule network 0a716d45-a1a8-4aaa-8e4f-16c76b4d582a: no agents available; will retry on subsequent port and subnet creation events.
2026-05-26 07:06:52.751 8 INFO neutron.api.wsgi [req-ff74ee42-781c-4b40-bede-0599371890b3 req-c84c9301-ee1d-4c48-af76-80c594919076 5cc28ca88589484ebeb3a1edd6cfa991 ef27d32609024d7db4196a6426b0fe1e - - default default] 10.0.0.108 "GET /v2.0/ports?device_id=a9847579-03e2-4df8-b3ff-5117a6b34f4f HTTP/1.1" status: 200 len: 1400 time: 0.0788939
2026-05-26 07:06:52.782 8 INFO neutron.db.ovn_revision_numbers_db [None req-4596d6ba-6a63-4fb8-8463-e29f0e46d606 - - - - - -] Successfully bumped revision number for resource 8f4764ed-9476-464a-8e2d-ace4fe89da61 (type: ports) to 2
2026-05-26 07:06:52.796 8 INFO neutron.api.wsgi [req-ff74ee42-781c-4b40-bede-0599371890b3 req-0c199a5d-211c-47c1-b775-ba00384e9e10 5cc28ca88589484ebeb3a1edd6cfa991 ef27d32609024d7db4196a6426b0fe1e - - default default] 10.0.0.108 "GET /v2.0/security-groups?id=b4ea91a2-2e63-4230-81ff-a49a5ecc90a6&fields=id&fields=name HTTP/1.1" status: 200 len: 310 time: 0.0386636
2026-05-26 07:06:52.822 8 INFO neutron.db.ovn_revision_numbers_db [None req-4596d6ba-6a63-4fb8-8463-e29f0e46d606 - - - - - -] Successfully bumped revision number for resource aa09b8af-94db-4088-8c4b-762a29d3f802 (type: subnets) to 0
2026-05-26 07:06:52.839 8 INFO neutron.api.wsgi [None req-01a375c6-d434-4d18-abe9-bf480c73dd6c a33934a612704b31b3cafa268b4b222a b46e523687e447cbae672fe87dcd988a - - default default] 10.0.0.207 "POST /v2.0/subnets HTTP/1.1" status: 201 len: 828 time: 0.6561463
2026-05-26 07:06:52.847 8 WARNING neutron_lib.context [None req-156037b4-5d62-436b-af34-5c730bad529a a33934a612704b31b3cafa268b4b222a b46e523687e447cbae672fe87dcd988a - - default default] Method 'is_advsvc' is deprecated since 2023.2 release (neutron-lib 3.8.0) and will be removed once support for the old RBAC API policies will be removed from Neutron. Please use method 'is_service_role' instead.
2026-05-26 07:06:53.226 8 WARNING neutron.scheduler.dhcp_agent_scheduler [None req-156037b4-5d62-436b-af34-5c730bad529a a33934a612704b31b3cafa268b4b222a b46e523687e447cbae672fe87dcd988a - - default default] No more DHCP agents
2026-05-26 07:06:53.227 8 WARNING neutron.api.rpc.agentnotifiers.dhcp_rpc_agent_api [None req-156037b4-5d62-436b-af34-5c730bad529a a33934a612704b31b3cafa268b4b222a b46e523687e447cbae672fe87dcd988a - - default default] Unable to schedule network 7031e453-34e1-4abb-9b9c-f16770a7073a: no agents available; will retry on subsequent port and subnet creation events.
2026-05-26 07:06:53.346 8 INFO neutron.db.ovn_revision_numbers_db [None req-156037b4-5d62-436b-af34-5c730bad529a a33934a612704b31b3cafa268b4b222a b46e523687e447cbae672fe87dcd988a - - default default] Successfully bumped revision number for resource 14d8aa62-a743-4500-8369-27185fc7f710 (type: ports) to 1
2026-05-26 07:06:53.662 9 INFO neutron.api.wsgi [-] 10.0.0.99 "GET / HTTP/1.1" status: 200 len: 245 time: 0.0015507
2026-05-26 07:06:53.663 9 INFO neutron.api.wsgi [-] 10.0.0.99 "GET / HTTP/1.1" status: 200 len: 245 time: 0.0009563
2026-05-26 07:06:53.881 8 INFO neutron.plugins.ml2.drivers.ovn.mech_driver.ovsdb.commands [None req-531da4aa-4277-4761-99a0-0826e2dda125 - - - - - -] Schedule LRP lrp-14d8aa62-a743-4500-8369-27185fc7f710 on gateway a60296aa-e6b1-4257-8506-a684d55a8ce6 with priority 1
2026-05-26 07:06:53.894 8 INFO neutron.plugins.ml2.drivers.ovn.mech_driver.mech_driver [None req-fba37c43-7280-4cd3-aa02-5117c089b76e - - - - - -] OVN reports status up for port: 14d8aa62-a743-4500-8369-27185fc7f710
2026-05-26 07:06:53.909 8 INFO neutron.plugins.ml2.plugin [None req-fba37c43-7280-4cd3-aa02-5117c089b76e - - - - - -] Attempt 1 to provision port 14d8aa62-a743-4500-8369-27185fc7f710
2026-05-26 07:06:53.919 8 INFO neutron.notifiers.nova [-] Nova event matching ['req-60e7b63b-dec9-458b-ac4d-8538199354b4'] response: {'server_uuid': 'a9847579-03e2-4df8-b3ff-5117a6b34f4f', 'name': 'network-vif-plugged', 'status': 'completed', 'tag': 'c94787c9-a632-4b75-9d43-0d8660b59119', 'code': 200}
2026-05-26 07:06:53.929 8 INFO neutron.db.ovn_revision_numbers_db [None req-156037b4-5d62-436b-af34-5c730bad529a a33934a612704b31b3cafa268b4b222a b46e523687e447cbae672fe87dcd988a - - default default] Successfully bumped revision number for resource 14d8aa62-a743-4500-8369-27185fc7f710 (type: router_ports) to 1
2026-05-26 07:06:53.999 8 INFO neutron.db.ovn_revision_numbers_db [None req-156037b4-5d62-436b-af34-5c730bad529a a33934a612704b31b3cafa268b4b222a b46e523687e447cbae672fe87dcd988a - - default default] Successfully bumped revision number for resource 93916bc5-eeec-4af7-a4f3-28ad2a0733c5 (type: routers) to 2
2026-05-26 07:06:54.013 8 INFO neutron.api.wsgi [None req-156037b4-5d62-436b-af34-5c730bad529a a33934a612704b31b3cafa268b4b222a b46e523687e447cbae672fe87dcd988a - - default default] 10.0.0.207 "POST /v2.0/routers HTTP/1.1" status: 201 len: 1136 time: 1.1698928
2026-05-26 07:06:54.120 8 INFO neutron.api.v2.resource [None req-145b4439-6fe6-496e-93c4-9d42e6133563 7a54fba1b9124567954befda6b5a3a1a 65a9484334e243ca9eaa350522353a98 - - default default] create failed (client error): The server could not comply with the request since it is either malformed or otherwise incorrect.
2026-05-26 07:06:54.122 8 INFO neutron.api.wsgi [None req-145b4439-6fe6-496e-93c4-9d42e6133563 7a54fba1b9124567954befda6b5a3a1a 65a9484334e243ca9eaa350522353a98 - - default default] 10.0.0.207 "POST /v2.0/vpn/vpnservices HTTP/1.1" status: 400 len: 397 time: 0.1036179
2026-05-26 07:06:54.520 8 INFO neutron.services.segments.plugin [-] Segment 1384565a-67b3-43b5-a044-6a46bbfecfcc resource provider aggregate not found
2026-05-26 07:06:54.525 8 INFO neutron.services.segments.plugin [-] Segment 1384565a-67b3-43b5-a044-6a46bbfecfcc resource provider aggregate not found
2026-05-26 07:06:54.538 8 INFO neutron.services.segments.plugin [-] Segment 1384565a-67b3-43b5-a044-6a46bbfecfcc resource provider not found; error: Placement Client Error (4xx): {"errors": [{"status": 404, "title": "Not Found", "detail": "The resource could not be found.\n\n No resource provider with uuid 1384565a-67b3-43b5-a044-6a46bbfecfcc found for delete ", "request_id": "req-86f8bbab-594d-4dc5-ad70-98bf49843357"}]}
2026-05-26 07:06:54.540 8 INFO neutron.services.segments.plugin [-] Segment 1384565a-67b3-43b5-a044-6a46bbfecfcc resource provider not found; error: Placement Client Error (4xx): {"errors": [{"status": 404, "title": "Not Found", "detail": "The resource could not be found.\n\n No resource provider with uuid 1384565a-67b3-43b5-a044-6a46bbfecfcc found for delete ", "request_id": "req-14ad55d1-5b25-4dfa-b822-50ff30059457"}]}
2026-05-26 07:06:54.551 8 INFO neutron.api.wsgi [None req-924ed012-988b-4b57-905d-485b2a827549 7a54fba1b9124567954befda6b5a3a1a 65a9484334e243ca9eaa350522353a98 - - default default] 10.0.0.207 "DELETE /v2.0/networks/0a716d45-a1a8-4aaa-8e4f-16c76b4d582a HTTP/1.1" status: 204 len: 168 time: 0.4233999
2026-05-26 07:06:54.897 8 INFO neutron.api.wsgi [req-cd6a09f1-dadd-43a7-807e-40dbc6657f36 req-d22e20c2-20e9-4e01-99dd-7730cf104636 4abea671090947dca74b0e3db09dbaca 93ccbecc954c43b79f2e6467f122235e - - e3b5e78bc78843418398fe5f07733bc6 e3b5e78bc78843418398fe5f07733bc6] 199.204.45.30 "GET /v2.0/ports?device_id=a9847579-03e2-4df8-b3ff-5117a6b34f4f&fields=binding%3Ahost_id&fields=binding%3Avif_type HTTP/1.1" status: 200 len: 265 time: 0.0512888
2026-05-26 07:06:55.088 8 WARNING neutron_lib.context [None req-80354d12-f983-4775-9127-f32f7997fec5 933e0cd188bb44b8b64f7908f54c1877 9b130ff48ff8486aa3200ba755302745 - - default default] Method 'is_advsvc' is deprecated since 2023.2 release (neutron-lib 3.8.0) and will be removed once support for the old RBAC API policies will be removed from Neutron. Please use method 'is_service_role' instead.
2026-05-26 07:06:55.149 9 INFO neutron.api.wsgi [None req-0e00fe09-b7bf-4b5f-8951-ca1afdde1ee9 7a54fba1b9124567954befda6b5a3a1a 65a9484334e243ca9eaa350522353a98 - - default default] 10.0.0.207 "DELETE /v2.0/routers/93916bc5-eeec-4af7-a4f3-28ad2a0733c5 HTTP/1.1" status: 204 len: 168 time: 0.5944200
2026-05-26 07:06:55.158 9 WARNING neutron.api.v2.base [None req-336009e1-989a-4688-917c-11781c190142 a33934a612704b31b3cafa268b4b222a b46e523687e447cbae672fe87dcd988a - - default default] An exception happened while processing the request body. The exception message is [Invalid input for description. Reason: 'yyyyyyyyyyyyyyyyyyyyyyyyyyyyyyyyyyyyyyyyyyyyyyyyyyyyyyyyyyyyyyyyyyyyyyyyyyyyyyyyyyyyyyyyyyyyyyyyyyyyyyyyyyyyyyyyyyyyyyyyyyyyyyyyyyyyyyyyyyyyyyyyyyyyyyyyyyyyyyyyyyyyyyyyyyyyyyyyyyyyyyyyyyyyyyyyyyyyyyyyyyyyyyyyyyyyyyyyyyyyyyyyyyyyyyyyyyyyyyyyyyyyyyyyyyyyyyyy' exceeds maximum length of 255.].: webob.exc.HTTPBadRequest: Invalid input for description. Reason: 'yyyyyyyyyyyyyyyyyyyyyyyyyyyyyyyyyyyyyyyyyyyyyyyyyyyyyyyyyyyyyyyyyyyyyyyyyyyyyyyyyyyyyyyyyyyyyyyyyyyyyyyyyyyyyyyyyyyyyyyyyyyyyyyyyyyyyyyyyyyyyyyyyyyyyyyyyyyyyyyyyyyyyyyyyyyyyyyyyyyyyyyyyyyyyyyyyyyyyyyyyyyyyyyyyyyyyyyyyyyyyyyyyyyyyyyyyyyyyyyyyyyyyyyyyyyyyyyy' exceeds maximum length of 255.
2026-05-26 07:06:55.158 9 INFO neutron.api.v2.resource [None req-336009e1-989a-4688-917c-11781c190142 a33934a612704b31b3cafa268b4b222a b46e523687e447cbae672fe87dcd988a - - default default] create failed (client error): Invalid input for description. Reason: 'yyyyyyyyyyyyyyyyyyyyyyyyyyyyyyyyyyyyyyyyyyyyyyyyyyyyyyyyyyyyyyyyyyyyyyyyyyyyyyyyyyyyyyyyyyyyyyyyyyyyyyyyyyyyyyyyyyyyyyyyyyyyyyyyyyyyyyyyyyyyyyyyyyyyyyyyyyyyyyyyyyyyyyyyyyyyyyyyyyyyyyyyyyyyyyyyyyyyyyyyyyyyyyyyyyyyyyyyyyyyyyyyyyyyyyyyyyyyyyyyyyyyyyyyyyyyyyyy' exceeds maximum length of 255.
2026-05-26 07:06:55.159 9 INFO neutron.api.wsgi [None req-336009e1-989a-4688-917c-11781c190142 a33934a612704b31b3cafa268b4b222a b46e523687e447cbae672fe87dcd988a - - default default] 10.0.0.207 "POST /v2.0/vpn/vpnservices HTTP/1.1" status: 400 len: 604 time: 0.0062673
2026-05-26 07:06:55.167 9 WARNING neutron.api.v2.base [None req-fb80c628-db05-4b21-bee1-743c734d5107 a33934a612704b31b3cafa268b4b222a b46e523687e447cbae672fe87dcd988a - - default default] An exception happened while processing the request body. The exception message is [Invalid input for name. Reason: 'xxxxxxxxxxxxxxxxxxxxxxxxxxxxxxxxxxxxxxxxxxxxxxxxxxxxxxxxxxxxxxxxxxxxxxxxxxxxxxxxxxxxxxxxxxxxxxxxxxxxxxxxxxxxxxxxxxxxxxxxxxxxxxxxxxxxxxxxxxxxxxxxxxxxxxxxxxxxxxxxxxxxxxxxxxxxxxxxxxxxxxxxxxxxxxxxxxxxxxxxxxxxxxxxxxxxxxxxxxxxxxxxxxxxxxxxxxxxxxxxxxxxxxxxxxxxxxxx' exceeds maximum length of 255.].: webob.exc.HTTPBadRequest: Invalid input for name. Reason: 'xxxxxxxxxxxxxxxxxxxxxxxxxxxxxxxxxxxxxxxxxxxxxxxxxxxxxxxxxxxxxxxxxxxxxxxxxxxxxxxxxxxxxxxxxxxxxxxxxxxxxxxxxxxxxxxxxxxxxxxxxxxxxxxxxxxxxxxxxxxxxxxxxxxxxxxxxxxxxxxxxxxxxxxxxxxxxxxxxxxxxxxxxxxxxxxxxxxxxxxxxxxxxxxxxxxxxxxxxxxxxxxxxxxxxxxxxxxxxxxxxxxxxxxxxxxxxxxx' exceeds maximum length of 255.
2026-05-26 07:06:55.168 9 INFO neutron.api.v2.resource [None req-fb80c628-db05-4b21-bee1-743c734d5107 a33934a612704b31b3cafa268b4b222a b46e523687e447cbae672fe87dcd988a - - default default] create failed (client error): Invalid input for name. Reason: 'xxxxxxxxxxxxxxxxxxxxxxxxxxxxxxxxxxxxxxxxxxxxxxxxxxxxxxxxxxxxxxxxxxxxxxxxxxxxxxxxxxxxxxxxxxxxxxxxxxxxxxxxxxxxxxxxxxxxxxxxxxxxxxxxxxxxxxxxxxxxxxxxxxxxxxxxxxxxxxxxxxxxxxxxxxxxxxxxxxxxxxxxxxxxxxxxxxxxxxxxxxxxxxxxxxxxxxxxxxxxxxxxxxxxxxxxxxxxxxxxxxxxxxxxxxxxxxxx' exceeds maximum length of 255.
2026-05-26 07:06:55.170 9 INFO neutron.api.wsgi [None req-fb80c628-db05-4b21-bee1-743c734d5107 a33934a612704b31b3cafa268b4b222a b46e523687e447cbae672fe87dcd988a - - default default] 10.0.0.207 "POST /v2.0/vpn/vpnservices HTTP/1.1" status: 400 len: 597 time: 0.0056040
2026-05-26 07:06:55.177 9 WARNING neutron_lib.context [None req-ffa141c6-3a37-4c5d-85b1-110e309101d0 a33934a612704b31b3cafa268b4b222a b46e523687e447cbae672fe87dcd988a - - default default] Method 'is_advsvc' is deprecated since 2023.2 release (neutron-lib 3.8.0) and will be removed once support for the old RBAC API policies will be removed from Neutron. Please use method 'is_service_role' instead.
2026-05-26 07:06:55.206 9 INFO neutron.api.v2.resource [None req-ffa141c6-3a37-4c5d-85b1-110e309101d0 a33934a612704b31b3cafa268b4b222a b46e523687e447cbae672fe87dcd988a - - default default] create failed (client error): The server could not comply with the request since it is either malformed or otherwise incorrect.
2026-05-26 07:06:55.207 9 INFO neutron.api.wsgi [None req-ffa141c6-3a37-4c5d-85b1-110e309101d0 a33934a612704b31b3cafa268b4b222a b46e523687e447cbae672fe87dcd988a - - default default] 10.0.0.207 "POST /v2.0/vpn/endpoint-groups HTTP/1.1" status: 400 len: 386 time: 0.0328081
2026-05-26 07:06:55.220 9 WARNING neutron_lib.context [None req-8c32dc13-ce7c-4cc6-89cf-75811009a5c7 a33934a612704b31b3cafa268b4b222a b46e523687e447cbae672fe87dcd988a - - default default] Method 'is_advsvc' is deprecated since 2023.2 release (neutron-lib 3.8.0) and will be removed once support for the old RBAC API policies will be removed from Neutron. Please use method 'is_service_role' instead.
2026-05-26 07:06:55.234 8 INFO neutron.db.ovn_revision_numbers_db [None req-80354d12-f983-4775-9127-f32f7997fec5 933e0cd188bb44b8b64f7908f54c1877 9b130ff48ff8486aa3200ba755302745 - - default default] Successfully bumped revision number for resource 76701b0a-f427-449a-8da5-907ea1158bb8 (type: security_groups) to 1
2026-05-26 07:06:55.245 9 INFO neutron.api.v2.resource [None req-8c32dc13-ce7c-4cc6-89cf-75811009a5c7 a33934a612704b31b3cafa268b4b222a b46e523687e447cbae672fe87dcd988a - - default default] create failed (client error): The server could not comply with the request since it is either malformed or otherwise incorrect.
2026-05-26 07:06:55.246 8 INFO neutron.db.ovn_revision_numbers_db [None req-80354d12-f983-4775-9127-f32f7997fec5 933e0cd188bb44b8b64f7908f54c1877 9b130ff48ff8486aa3200ba755302745 - - default default] Successfully bumped revision number for resource 30213cab-cd4c-4469-958f-d6bd15719834 (type: security_group_rules) to 0
2026-05-26 07:06:55.246 9 INFO neutron.api.wsgi [None req-8c32dc13-ce7c-4cc6-89cf-75811009a5c7 a33934a612704b31b3cafa268b4b222a b46e523687e447cbae672fe87dcd988a - - default default] 10.0.0.207 "POST /v2.0/vpn/endpoint-groups HTTP/1.1" status: 400 len: 363 time: 0.0309048
2026-05-26 07:06:55.259 9 WARNING neutron_lib.context [None req-a8d2f922-c251-40b0-9885-9fdc75e9364a a33934a612704b31b3cafa268b4b222a b46e523687e447cbae672fe87dcd988a - - default default] Method 'is_advsvc' is deprecated since 2023.2 release (neutron-lib 3.8.0) and will be removed once support for the old RBAC API policies will be removed from Neutron. Please use method 'is_service_role' instead.
2026-05-26 07:06:55.260 8 INFO neutron.db.ovn_revision_numbers_db [None req-80354d12-f983-4775-9127-f32f7997fec5 933e0cd188bb44b8b64f7908f54c1877 9b130ff48ff8486aa3200ba755302745 - - default default] Successfully bumped revision number for resource 8fa00228-6cd6-46f7-9630-679396378ac2 (type: security_group_rules) to 0
2026-05-26 07:06:55.274 8 INFO neutron.db.ovn_revision_numbers_db [None req-80354d12-f983-4775-9127-f32f7997fec5 933e0cd188bb44b8b64f7908f54c1877 9b130ff48ff8486aa3200ba755302745 - - default default] Successfully bumped revision number for resource db1515d6-6bd2-4fe8-982e-85127719bc14 (type: security_group_rules) to 0
2026-05-26 07:06:55.281 9 INFO neutron.api.v2.resource [None req-a8d2f922-c251-40b0-9885-9fdc75e9364a a33934a612704b31b3cafa268b4b222a b46e523687e447cbae672fe87dcd988a - - default default] create failed (client error): The server could not comply with the request since it is either malformed or otherwise incorrect.
2026-05-26 07:06:55.282 9 INFO neutron.api.wsgi [None req-a8d2f922-c251-40b0-9885-9fdc75e9364a a33934a612704b31b3cafa268b4b222a b46e523687e447cbae672fe87dcd988a - - default default] 10.0.0.207 "POST /v2.0/vpn/endpoint-groups HTTP/1.1" status: 400 len: 357 time: 0.0287182
2026-05-26 07:06:55.285 8 INFO neutron.db.ovn_revision_numbers_db [None req-80354d12-f983-4775-9127-f32f7997fec5 933e0cd188bb44b8b64f7908f54c1877 9b130ff48ff8486aa3200ba755302745 - - default default] Successfully bumped revision number for resource fc1fbd17-6a0d-41a9-a3a4-638df3ffbd4a (type: security_group_rules) to 0
2026-05-26 07:06:55.299 8 INFO neutron.api.wsgi [None req-837445ab-5fe2-4418-a465-4cbae7f6ef5c a33934a612704b31b3cafa268b4b222a b46e523687e447cbae672fe87dcd988a - - default default] 10.0.0.207 "GET /v2.0/vpn/ikepolicies HTTP/1.1" status: 200 len: 602 time: 0.0110784
2026-05-26 07:06:55.315 8 INFO neutron.api.wsgi [None req-7e4a954d-a564-4fdf-b671-a01ec5e6dee3 a33934a612704b31b3cafa268b4b222a b46e523687e447cbae672fe87dcd988a - - default default] 10.0.0.207 "GET /v2.0/vpn/ipsecpolicies HTTP/1.1" status: 200 len: 610 time: 0.0077467
2026-05-26 07:06:55.335 8 INFO neutron.api.wsgi [None req-389ebb5d-e0a1-4082-be71-feccf8a92913 a33934a612704b31b3cafa268b4b222a b46e523687e447cbae672fe87dcd988a - - default default] 10.0.0.207 "GET /v2.0/vpn/ipsec-site-connections HTTP/1.1" status: 200 len: 989 time: 0.0162957
2026-05-26 07:06:55.346 8 INFO neutron.api.wsgi [None req-3dfbd5b9-4ce8-484a-8153-958e1cb6f2a7 a33934a612704b31b3cafa268b4b222a b46e523687e447cbae672fe87dcd988a - - default default] 10.0.0.207 "GET /v2.0/vpn/vpnservices HTTP/1.1" status: 200 len: 1057 time: 0.0072074
2026-05-26 07:06:55.368 9 INFO neutron.api.wsgi [None req-99851a35-46a8-4e59-9fcb-971257ad98eb a33934a612704b31b3cafa268b4b222a b46e523687e447cbae672fe87dcd988a - - default default] 10.0.0.207 "GET /v2.0/vpn/endpoint-groups/04fb895b-f918-4782-92df-996b11ba3658 HTTP/1.1" status: 200 len: 523 time: 0.0133402
2026-05-26 07:06:55.371 8 INFO neutron.db.segments_db [None req-80354d12-f983-4775-9127-f32f7997fec5 933e0cd188bb44b8b64f7908f54c1877 9b130ff48ff8486aa3200ba755302745 - - default default] Added segment 5a575258-3e3c-42aa-b5ee-a6d56394f478 of type geneve for network f00226b1-8b02-4f69-a142-120ec0f712ad
2026-05-26 07:06:55.384 9 INFO neutron.api.wsgi [None req-6523ac30-60e3-4990-baa1-76c121ca0381 a33934a612704b31b3cafa268b4b222a b46e523687e447cbae672fe87dcd988a - - default default] 10.0.0.207 "GET /v2.0/vpn/endpoint-groups/a235b865-0623-4055-b823-1cd27d39c44f HTTP/1.1" status: 200 len: 513 time: 0.0122972
2026-05-26 07:06:55.401 8 INFO neutron.api.wsgi [None req-994d5983-0c04-4249-9198-165cf3846ac2 a33934a612704b31b3cafa268b4b222a b46e523687e447cbae672fe87dcd988a - - default default] 10.0.0.207 "GET /v2.0/vpn/ikepolicies/775f0ef7-59c0-44c5-93ca-ff63a26e4b6b HTTP/1.1" status: 200 len: 598 time: 0.0127702
2026-05-26 07:06:55.416 8 INFO neutron.api.wsgi [None req-2ffd490a-dee7-4c6b-aff6-4af96c4fd081 a33934a612704b31b3cafa268b4b222a b46e523687e447cbae672fe87dcd988a - - default default] 10.0.0.207 "GET /v2.0/vpn/ipsecpolicies/3b0b9bae-3adf-411a-8e35-3c0bd5175ff9 HTTP/1.1" status: 200 len: 606 time: 0.0074778
2026-05-26 07:06:55.438 8 INFO neutron.api.wsgi [None req-8956b63a-14b2-45b5-9994-a09161f2aa5e a33934a612704b31b3cafa268b4b222a b46e523687e447cbae672fe87dcd988a - - default default] 10.0.0.207 "GET /v2.0/vpn/vpnservices/1e3327fb-e53f-4524-b604-1380ef732558 HTTP/1.1" status: 200 len: 644 time: 0.0156853
2026-05-26 07:06:55.478 8 INFO neutron.db.ovn_revision_numbers_db [None req-80354d12-f983-4775-9127-f32f7997fec5 933e0cd188bb44b8b64f7908f54c1877 9b130ff48ff8486aa3200ba755302745 - - default default] Successfully bumped revision number for resource f00226b1-8b02-4f69-a142-120ec0f712ad (type: networks) to 1
2026-05-26 07:06:55.626 8 WARNING neutron.scheduler.dhcp_agent_scheduler [None req-80354d12-f983-4775-9127-f32f7997fec5 933e0cd188bb44b8b64f7908f54c1877 9b130ff48ff8486aa3200ba755302745 - - default default] No more DHCP agents
2026-05-26 07:06:55.627 8 WARNING neutron.api.rpc.agentnotifiers.dhcp_rpc_agent_api [None req-80354d12-f983-4775-9127-f32f7997fec5 933e0cd188bb44b8b64f7908f54c1877 9b130ff48ff8486aa3200ba755302745 - - default default] Unable to schedule network f00226b1-8b02-4f69-a142-120ec0f712ad: no agents available; will retry on subsequent port and subnet creation events.
2026-05-26 07:06:55.683 8 INFO neutron.db.ovn_revision_numbers_db [None req-80354d12-f983-4775-9127-f32f7997fec5 933e0cd188bb44b8b64f7908f54c1877 9b130ff48ff8486aa3200ba755302745 - - default default] Successfully bumped revision number for resource 4996f30c-d7d6-45b1-ab4a-26a2b2097fc0 (type: ports) to 1
2026-05-26 07:06:55.701 8 INFO neutron.api.wsgi [None req-80354d12-f983-4775-9127-f32f7997fec5 933e0cd188bb44b8b64f7908f54c1877 9b130ff48ff8486aa3200ba755302745 - - default default] 10.0.0.207 "POST /v2.0/networks HTTP/1.1" status: 201 len: 829 time: 0.7649524
2026-05-26 07:06:55.711 8 WARNING neutron_lib.context [None req-286c7001-fc8b-4068-85fd-6920f6847cd9 933e0cd188bb44b8b64f7908f54c1877 9b130ff48ff8486aa3200ba755302745 - - default default] Method 'is_advsvc' is deprecated since 2023.2 release (neutron-lib 3.8.0) and will be removed once support for the old RBAC API policies will be removed from Neutron. Please use method 'is_service_role' instead.
2026-05-26 07:06:55.881 8 WARNING neutron.scheduler.dhcp_agent_scheduler [None req-286c7001-fc8b-4068-85fd-6920f6847cd9 933e0cd188bb44b8b64f7908f54c1877 9b130ff48ff8486aa3200ba755302745 - - default default] No more DHCP agents
2026-05-26 07:06:55.884 8 WARNING neutron.api.rpc.agentnotifiers.dhcp_rpc_agent_api [None req-286c7001-fc8b-4068-85fd-6920f6847cd9 933e0cd188bb44b8b64f7908f54c1877 9b130ff48ff8486aa3200ba755302745 - - default default] Unable to schedule network f00226b1-8b02-4f69-a142-120ec0f712ad: no agents available; will retry on subsequent port and subnet creation events.
2026-05-26 07:06:55.954 8 INFO neutron.api.wsgi [req-cd6a09f1-dadd-43a7-807e-40dbc6657f36 req-f6fefeeb-537d-4ed6-8dc2-3371b759d068 4abea671090947dca74b0e3db09dbaca 93ccbecc954c43b79f2e6467f122235e - - e3b5e78bc78843418398fe5f07733bc6 e3b5e78bc78843418398fe5f07733bc6] 199.204.45.30 "GET /v2.0/ports?tenant_id=ef27d32609024d7db4196a6426b0fe1e&device_id=a9847579-03e2-4df8-b3ff-5117a6b34f4f HTTP/1.1" status: 200 len: 1638 time: 0.0403230
2026-05-26 07:06:56.245 9 WARNING neutron_lib.context [None req-c353ff38-6012-45cc-828c-57f3a341bc40 63eed01b4009476cb712635284b4e9ff 592591d0f69846d5811226f57bcfa1a3 - - default default] Method 'is_advsvc' is deprecated since 2023.2 release (neutron-lib 3.8.0) and will be removed once support for the old RBAC API policies will be removed from Neutron. Please use method 'is_service_role' instead.
2026-05-26 07:06:56.294 8 INFO neutron.db.ovn_revision_numbers_db [None req-4a49f750-95fa-4303-99b9-5286278d0c7e - - - - - -] Successfully bumped revision number for resource 4996f30c-d7d6-45b1-ab4a-26a2b2097fc0 (type: ports) to 2
2026-05-26 07:06:56.319 9 INFO neutron.api.wsgi [None req-c353ff38-6012-45cc-828c-57f3a341bc40 63eed01b4009476cb712635284b4e9ff 592591d0f69846d5811226f57bcfa1a3 - - default default] 10.0.0.207 "POST /v2.0/subnetpools HTTP/1.1" status: 201 len: 715 time: 0.2069948
2026-05-26 07:06:56.330 8 WARNING neutron_lib.context [None req-9ef26646-802e-45ea-b7f8-38d000303bad 63eed01b4009476cb712635284b4e9ff 592591d0f69846d5811226f57bcfa1a3 - - default default] Method 'is_advsvc' is deprecated since 2023.2 release (neutron-lib 3.8.0) and will be removed once support for the old RBAC API policies will be removed from Neutron. Please use method 'is_service_role' instead.
2026-05-26 07:06:56.333 8 INFO neutron.db.ovn_revision_numbers_db [None req-4a49f750-95fa-4303-99b9-5286278d0c7e - - - - - -] Successfully bumped revision number for resource 9f364ad1-8b0d-43c4-b3b1-c0c79c9b9b50 (type: subnets) to 0
2026-05-26 07:06:56.347 8 INFO neutron.api.wsgi [None req-286c7001-fc8b-4068-85fd-6920f6847cd9 933e0cd188bb44b8b64f7908f54c1877 9b130ff48ff8486aa3200ba755302745 - - default default] 10.0.0.207 "POST /v2.0/subnets HTTP/1.1" status: 201 len: 825 time: 0.6403880
2026-05-26 07:06:56.382 8 INFO neutron.api.wsgi [None req-9ef26646-802e-45ea-b7f8-38d000303bad 63eed01b4009476cb712635284b4e9ff 592591d0f69846d5811226f57bcfa1a3 - - default default] 10.0.0.207 "POST /v2.0/subnetpools HTTP/1.1" status: 201 len: 715 time: 0.0580218
2026-05-26 07:06:56.391 8 WARNING neutron_lib.context [None req-f3f88493-7094-4fbc-bab7-4dd24e8dce8c 63eed01b4009476cb712635284b4e9ff 592591d0f69846d5811226f57bcfa1a3 - - default default] Method 'is_advsvc' is deprecated since 2023.2 release (neutron-lib 3.8.0) and will be removed once support for the old RBAC API policies will be removed from Neutron. Please use method 'is_service_role' instead.
2026-05-26 07:06:56.414 9 INFO neutron.api.wsgi [None req-4baecf4f-2915-44ba-8516-3294d13fc120 933e0cd188bb44b8b64f7908f54c1877 9b130ff48ff8486aa3200ba755302745 - - default default] 10.0.0.207 "PUT /v2.0/subnets/9f364ad1-8b0d-43c4-b3b1-c0c79c9b9b50/tags HTTP/1.1" status: 200 len: 218 time: 0.0604501
2026-05-26 07:06:56.435 9 INFO neutron.db.ovn_revision_numbers_db [None req-5637b5b6-6f2a-4d5d-a322-4c2267f70185 a33934a612704b31b3cafa268b4b222a b46e523687e447cbae672fe87dcd988a - - default default] Successfully bumped revision number for resource 463973b8-0085-488c-af51-5e929bdc2fd3 (type: routers) to 10
2026-05-26 07:06:56.437 8 INFO neutron.api.wsgi [None req-f3f88493-7094-4fbc-bab7-4dd24e8dce8c 63eed01b4009476cb712635284b4e9ff 592591d0f69846d5811226f57bcfa1a3 - - default default] 10.0.0.207 "POST /v2.0/subnetpools HTTP/1.1" status: 201 len: 715 time: 0.0508168
2026-05-26 07:06:56.446 8 WARNING neutron_lib.context [None req-5e26009e-1777-4bbd-b6ae-3407de54c7b2 63eed01b4009476cb712635284b4e9ff 592591d0f69846d5811226f57bcfa1a3 - - default default] Method 'is_advsvc' is deprecated since 2023.2 release (neutron-lib 3.8.0) and will be removed once support for the old RBAC API policies will be removed from Neutron. Please use method 'is_service_role' instead.
2026-05-26 07:06:56.456 9 INFO neutron.api.wsgi [None req-5637b5b6-6f2a-4d5d-a322-4c2267f70185 a33934a612704b31b3cafa268b4b222a b46e523687e447cbae672fe87dcd988a - - default default] 10.0.0.207 "DELETE /v2.0/vpn/ipsec-site-connections/f7945f96-0439-4801-9513-9cfb4fb7b665 HTTP/1.1" status: 204 len: 168 time: 0.9984944
2026-05-26 07:06:56.503 8 INFO neutron.api.wsgi [None req-0bbc0ac9-31f2-4423-9976-7fabe6aa3ecc 933e0cd188bb44b8b64f7908f54c1877 9b130ff48ff8486aa3200ba755302745 - - default default] 10.0.0.207 "GET /v2.0/subnets/9f364ad1-8b0d-43c4-b3b1-c0c79c9b9b50/tags HTTP/1.1" status: 200 len: 218 time: 0.0856712
2026-05-26 07:06:56.518 9 INFO neutron.api.wsgi [None req-578b964a-3b43-4bb6-aa5a-cc3dd4e44a8b a33934a612704b31b3cafa268b4b222a b46e523687e447cbae672fe87dcd988a - - default default] 10.0.0.207 "DELETE /v2.0/vpn/endpoint-groups/04fb895b-f918-4782-92df-996b11ba3658 HTTP/1.1" status: 204 len: 168 time: 0.0483272
2026-05-26 07:06:56.550 9 INFO neutron.api.wsgi [None req-09b52b12-dea3-445e-bbff-dbd62b0b0da6 933e0cd188bb44b8b64f7908f54c1877 9b130ff48ff8486aa3200ba755302745 - - default default] 10.0.0.207 "PUT /v2.0/subnets/9f364ad1-8b0d-43c4-b3b1-c0c79c9b9b50/tags/green HTTP/1.1" status: 201 len: 201 time: 0.0418758
2026-05-26 07:06:56.552 8 INFO neutron.api.wsgi [req-cd6a09f1-dadd-43a7-807e-40dbc6657f36 req-7e4cb6a0-c770-4f0a-9c57-753a1725214d 4abea671090947dca74b0e3db09dbaca 93ccbecc954c43b79f2e6467f122235e - - e3b5e78bc78843418398fe5f07733bc6 e3b5e78bc78843418398fe5f07733bc6] 199.204.45.30 "GET /v2.0/networks?id=ac035b72-d6da-4f95-94c5-dd14c6291f49 HTTP/1.1" status: 200 len: 1002 time: 0.0863526
2026-05-26 07:06:56.557 8 INFO neutron.api.wsgi [None req-5e26009e-1777-4bbd-b6ae-3407de54c7b2 63eed01b4009476cb712635284b4e9ff 592591d0f69846d5811226f57bcfa1a3 - - default default] 10.0.0.207 "POST /v2.0/subnetpools HTTP/1.1" status: 201 len: 715 time: 0.1153932
2026-05-26 07:06:56.567 9 WARNING neutron_lib.context [None req-3fa177fd-c35e-4e00-ac03-6d12c96c4ff1 63eed01b4009476cb712635284b4e9ff 592591d0f69846d5811226f57bcfa1a3 - - default default] Method 'is_advsvc' is deprecated since 2023.2 release (neutron-lib 3.8.0) and will be removed once support for the old RBAC API policies will be removed from Neutron. Please use method 'is_service_role' instead.
2026-05-26 07:06:56.574 8 INFO neutron.api.wsgi [None req-078a3b77-e3e4-4b82-8274-fef5f99bad72 a33934a612704b31b3cafa268b4b222a b46e523687e447cbae672fe87dcd988a - - default default] 10.0.0.207 "DELETE /v2.0/vpn/endpoint-groups/a235b865-0623-4055-b823-1cd27d39c44f HTTP/1.1" status: 204 len: 168 time: 0.0458248
2026-05-26 07:06:56.575 8 INFO neutron.api.wsgi [req-cd6a09f1-dadd-43a7-807e-40dbc6657f36 req-12c2c02a-78e0-4581-b881-7c95fc4c5a61 4abea671090947dca74b0e3db09dbaca 93ccbecc954c43b79f2e6467f122235e - - e3b5e78bc78843418398fe5f07733bc6 e3b5e78bc78843418398fe5f07733bc6] 199.204.45.30 "GET /v2.0/floatingips?fixed_ip_address=10.2.1.111&port_id=c94787c9-a632-4b75-9d43-0d8660b59119 HTTP/1.1" status: 200 len: 217 time: 0.0175619
2026-05-26 07:06:56.592 9 INFO neutron.api.wsgi [None req-7b1b1582-99ed-45b0-b222-7c5380cb88a4 933e0cd188bb44b8b64f7908f54c1877 9b130ff48ff8486aa3200ba755302745 - - default default] 10.0.0.207 "GET /v2.0/subnets/9f364ad1-8b0d-43c4-b3b1-c0c79c9b9b50/tags HTTP/1.1" status: 200 len: 227 time: 0.0370510
2026-05-26 07:06:56.599 8 INFO neutron.api.wsgi [req-cd6a09f1-dadd-43a7-807e-40dbc6657f36 req-f19daffe-4447-46ab-a536-1ae64e6ccdd7 4abea671090947dca74b0e3db09dbaca 93ccbecc954c43b79f2e6467f122235e - - e3b5e78bc78843418398fe5f07733bc6 e3b5e78bc78843418398fe5f07733bc6] 199.204.45.30 "GET /v2.0/floatingips?fixed_ip_address=fd7b%3Af9f7%3Afff%3A4eca%3A%3A393&port_id=c94787c9-a632-4b75-9d43-0d8660b59119 HTTP/1.1" status: 200 len: 217 time: 0.0155654
2026-05-26 07:06:56.613 8 INFO neutron.api.wsgi [None req-9ddf7ad0-50e6-40fe-8f75-3498dd82a1f0 a33934a612704b31b3cafa268b4b222a b46e523687e447cbae672fe87dcd988a - - default default] 10.0.0.207 "DELETE /v2.0/vpn/ipsecpolicies/3b0b9bae-3adf-411a-8e35-3c0bd5175ff9 HTTP/1.1" status: 204 len: 168 time: 0.0343194
2026-05-26 07:06:56.622 9 INFO neutron.api.wsgi [None req-3fa177fd-c35e-4e00-ac03-6d12c96c4ff1 63eed01b4009476cb712635284b4e9ff 592591d0f69846d5811226f57bcfa1a3 - - default default] 10.0.0.207 "POST /v2.0/subnetpools HTTP/1.1" status: 201 len: 715 time: 0.0593235
2026-05-26 07:06:56.641 8 INFO neutron.api.wsgi [req-cd6a09f1-dadd-43a7-807e-40dbc6657f36 req-281a8932-68bc-4e9c-93f2-f2f27d8a3a48 4abea671090947dca74b0e3db09dbaca 93ccbecc954c43b79f2e6467f122235e - - e3b5e78bc78843418398fe5f07733bc6 e3b5e78bc78843418398fe5f07733bc6] 199.204.45.30 "GET /v2.0/subnets?id=4603ffca-f5c3-4492-acae-e1cdc177d126&id=36ea17e5-21b1-40e8-a04d-6a80e6eb73b3 HTTP/1.1" status: 200 len: 1611 time: 0.0365074
2026-05-26 07:06:56.660 8 INFO neutron.api.wsgi [None req-12d7b422-f18d-4e2d-b4f7-a82cf5eab877 933e0cd188bb44b8b64f7908f54c1877 9b130ff48ff8486aa3200ba755302745 - - default default] 10.0.0.207 "PUT /v2.0/subnets/9f364ad1-8b0d-43c4-b3b1-c0c79c9b9b50/tags/red HTTP/1.1" status: 201 len: 201 time: 0.0628231
2026-05-26 07:06:56.660 9 INFO neutron.api.wsgi [None req-1f3d1232-cda5-47ad-974c-cb73978b68c4 63eed01b4009476cb712635284b4e9ff 592591d0f69846d5811226f57bcfa1a3 - - default default] 10.0.0.207 "PUT /v2.0/subnetpools/c6db65f8-687c-4dc2-afd1-2bec967f63f1/tags HTTP/1.1" status: 200 len: 210 time: 0.0333533
2026-05-26 07:06:56.663 8 INFO neutron.api.wsgi [None req-10f66766-512a-4506-8e87-9d357bee7e0f a33934a612704b31b3cafa268b4b222a b46e523687e447cbae672fe87dcd988a - - default default] 10.0.0.207 "DELETE /v2.0/vpn/ikepolicies/775f0ef7-59c0-44c5-93ca-ff63a26e4b6b HTTP/1.1" status: 204 len: 168 time: 0.0438952
2026-05-26 07:06:56.694 9 INFO neutron.api.wsgi [None req-7ba5e467-d01a-4ecc-9633-7525a33f41a6 933e0cd188bb44b8b64f7908f54c1877 9b130ff48ff8486aa3200ba755302745 - - default default] 10.0.0.207 "GET /v2.0/subnets/9f364ad1-8b0d-43c4-b3b1-c0c79c9b9b50/tags HTTP/1.1" status: 200 len: 227 time: 0.0266430
2026-05-26 07:06:56.742 9 INFO neutron.api.wsgi [None req-3e939bd9-2058-4ba6-b8ab-792f9e7d59ed 933e0cd188bb44b8b64f7908f54c1877 9b130ff48ff8486aa3200ba755302745 - - default default] 10.0.0.207 "PUT /v2.0/subnets/9f364ad1-8b0d-43c4-b3b1-c0c79c9b9b50/tags/black.or.white HTTP/1.1" status: 201 len: 201 time: 0.0421958
2026-05-26 07:06:56.776 9 INFO neutron.api.wsgi [None req-f5d0ceb7-cb6f-41cb-867e-2c7ba46405b0 933e0cd188bb44b8b64f7908f54c1877 9b130ff48ff8486aa3200ba755302745 - - default default] 10.0.0.207 "GET /v2.0/subnets/9f364ad1-8b0d-43c4-b3b1-c0c79c9b9b50/tags HTTP/1.1" status: 200 len: 245 time: 0.0281079
2026-05-26 07:06:56.821 9 INFO neutron.api.wsgi [None req-cffc5aeb-2daa-42fe-8a2d-7cc7aa0af463 933e0cd188bb44b8b64f7908f54c1877 9b130ff48ff8486aa3200ba755302745 - - default default] 10.0.0.207 "PUT /v2.0/subnets/9f364ad1-8b0d-43c4-b3b1-c0c79c9b9b50/tags HTTP/1.1" status: 200 len: 230 time: 0.0399792
2026-05-26 07:06:56.852 9 INFO neutron.api.wsgi [None req-a92fe4ca-e904-4eaa-88e2-20cd1760b55e 933e0cd188bb44b8b64f7908f54c1877 9b130ff48ff8486aa3200ba755302745 - - default default] 10.0.0.207 "GET /v2.0/subnets/9f364ad1-8b0d-43c4-b3b1-c0c79c9b9b50/tags HTTP/1.1" status: 200 len: 230 time: 0.0243652
2026-05-26 07:06:56.885 9 INFO neutron.api.wsgi [None req-2dc27f81-3718-4f26-aaad-406af5675228 933e0cd188bb44b8b64f7908f54c1877 9b130ff48ff8486aa3200ba755302745 - - default default] 10.0.0.207 "GET /v2.0/subnets/9f364ad1-8b0d-43c4-b3b1-c0c79c9b9b50/tags/red HTTP/1.1" status: 204 len: 168 time: 0.0259998
2026-05-26 07:06:56.912 9 INFO neutron.api.v2.resource [None req-0b4bea49-3842-423b-b122-4fdb5ca4d498 933e0cd188bb44b8b64f7908f54c1877 9b130ff48ff8486aa3200ba755302745 - - default default] show failed (client error): The resource could not be found.
2026-05-26 07:06:56.914 9 INFO neutron.api.wsgi [None req-0b4bea49-3842-423b-b122-4fdb5ca4d498 933e0cd188bb44b8b64f7908f54c1877 9b130ff48ff8486aa3200ba755302745 - - default default] 10.0.0.207 "GET /v2.0/subnets/9f364ad1-8b0d-43c4-b3b1-c0c79c9b9b50/tags/green HTTP/1.1" status: 404 len: 299 time: 0.0236592
2026-05-26 07:06:56.956 9 INFO neutron.api.wsgi [None req-8012c6c2-c54e-4df2-8c38-193169b7abd2 933e0cd188bb44b8b64f7908f54c1877 9b130ff48ff8486aa3200ba755302745 - - default default] 10.0.0.207 "DELETE /v2.0/subnets/9f364ad1-8b0d-43c4-b3b1-c0c79c9b9b50/tags/red HTTP/1.1" status: 204 len: 168 time: 0.0375574
2026-05-26 07:06:56.970 8 INFO neutron.api.wsgi [req-cd6a09f1-dadd-43a7-807e-40dbc6657f36 req-095bccc5-5ee7-4cb2-a01f-4386cd9762b8 4abea671090947dca74b0e3db09dbaca 93ccbecc954c43b79f2e6467f122235e - - e3b5e78bc78843418398fe5f07733bc6 e3b5e78bc78843418398fe5f07733bc6] 199.204.45.30 "GET /v2.0/ports?network_id=ac035b72-d6da-4f95-94c5-dd14c6291f49&device_owner=network%3Adhcp HTTP/1.1" status: 200 len: 210 time: 0.3210788
2026-05-26 07:06:56.986 9 INFO neutron.api.wsgi [None req-0509951d-3d05-4d32-8940-625c06662935 933e0cd188bb44b8b64f7908f54c1877 9b130ff48ff8486aa3200ba755302745 - - default default] 10.0.0.207 "GET /v2.0/subnets/9f364ad1-8b0d-43c4-b3b1-c0c79c9b9b50/tags HTTP/1.1" status: 200 len: 223 time: 0.0261881
2026-05-26 07:06:57.003 8 INFO neutron.api.wsgi [req-cd6a09f1-dadd-43a7-807e-40dbc6657f36 req-6bd0a97f-c45a-434e-b022-433889c82a1d 4abea671090947dca74b0e3db09dbaca 93ccbecc954c43b79f2e6467f122235e - - e3b5e78bc78843418398fe5f07733bc6 e3b5e78bc78843418398fe5f07733bc6] 199.204.45.30 "GET /v2.0/ports?network_id=ac035b72-d6da-4f95-94c5-dd14c6291f49&device_owner=network%3Adhcp HTTP/1.1" status: 200 len: 210 time: 0.0278158
2026-05-26 07:06:57.021 8 INFO neutron.api.wsgi [None req-cc448c69-0825-42c2-8a15-f3c7001fc26c 63eed01b4009476cb712635284b4e9ff 592591d0f69846d5811226f57bcfa1a3 - - default default] 10.0.0.207 "PUT /v2.0/subnetpools/c11e30fe-e276-4905-8eb7-6275d8e01975/tags HTTP/1.1" status: 200 len: 218 time: 0.3503354
2026-05-26 07:06:57.047 8 INFO neutron.api.v2.resource [None req-956d2398-72a4-467f-8436-71334fecbd44 933e0cd188bb44b8b64f7908f54c1877 9b130ff48ff8486aa3200ba755302745 - - default default] delete failed (client error): The resource could not be found.
2026-05-26 07:06:57.048 8 INFO neutron.api.wsgi [None req-956d2398-72a4-467f-8436-71334fecbd44 933e0cd188bb44b8b64f7908f54c1877 9b130ff48ff8486aa3200ba755302745 - - default default] 10.0.0.207 "DELETE /v2.0/subnets/9f364ad1-8b0d-43c4-b3b1-c0c79c9b9b50/tags/green HTTP/1.1" status: 404 len: 299 time: 0.0561433
2026-05-26 07:06:57.057 8 INFO neutron.api.wsgi [None req-e7474b13-194c-4743-87ea-8ba857fe3001 a33934a612704b31b3cafa268b4b222a b46e523687e447cbae672fe87dcd988a - - default default] 10.0.0.207 "DELETE /v2.0/vpn/vpnservices/1e3327fb-e53f-4524-b604-1380ef732558 HTTP/1.1" status: 204 len: 168 time: 0.3865349
2026-05-26 07:06:57.068 9 INFO neutron.api.wsgi [None req-aa6c2b76-8d29-407a-b4cb-1933c9e90ed5 63eed01b4009476cb712635284b4e9ff 592591d0f69846d5811226f57bcfa1a3 - - default default] 10.0.0.207 "PUT /v2.0/subnetpools/8b0ab244-f3ba-4459-acae-d54a15108d5e/tags HTTP/1.1" status: 200 len: 227 time: 0.0377238
2026-05-26 07:06:57.070 8 INFO neutron.api.wsgi [req-cd6a09f1-dadd-43a7-807e-40dbc6657f36 req-7db2b5d7-1956-4006-bbdd-447992b0da73 4abea671090947dca74b0e3db09dbaca 93ccbecc954c43b79f2e6467f122235e - - e3b5e78bc78843418398fe5f07733bc6 e3b5e78bc78843418398fe5f07733bc6] 199.204.45.30 "GET /v2.0/networks/ac035b72-d6da-4f95-94c5-dd14c6291f49?fields=segments HTTP/1.1" status: 200 len: 212 time: 0.0599678
2026-05-26 07:06:57.097 9 INFO neutron.api.wsgi [None req-f0c37774-011b-4be9-8fd7-aa69362410cb 933e0cd188bb44b8b64f7908f54c1877 9b130ff48ff8486aa3200ba755302745 - - default default] 10.0.0.207 "DELETE /v2.0/subnets/9f364ad1-8b0d-43c4-b3b1-c0c79c9b9b50/tags HTTP/1.1" status: 204 len: 168 time: 0.0439837
2026-05-26 07:06:57.108 8 INFO neutron.api.wsgi [None req-98e6035f-6962-491d-8aa2-441c22804069 63eed01b4009476cb712635284b4e9ff 592591d0f69846d5811226f57bcfa1a3 - - default default] 10.0.0.207 "PUT /v2.0/subnetpools/fbacf049-9437-4ebb-8585-733492bf55a5/tags HTTP/1.1" status: 200 len: 212 time: 0.0339198
2026-05-26 07:06:57.124 8 INFO neutron.api.wsgi [req-cd6a09f1-dadd-43a7-807e-40dbc6657f36 req-6819a7b0-d9c2-4049-a0d9-647dcedcbf82 4abea671090947dca74b0e3db09dbaca 93ccbecc954c43b79f2e6467f122235e - - e3b5e78bc78843418398fe5f07733bc6 e3b5e78bc78843418398fe5f07733bc6] 199.204.45.30 "GET /v2.0/networks/ac035b72-d6da-4f95-94c5-dd14c6291f49?fields=provider%3Aphysical_network&fields=provider%3Anetwork_type HTTP/1.1" status: 200 len: 277 time: 0.0457950
2026-05-26 07:06:57.135 9 INFO neutron.api.wsgi [None req-d0152ed3-f305-4c62-a152-31e989e8fd49 63eed01b4009476cb712635284b4e9ff 592591d0f69846d5811226f57bcfa1a3 - - default default] 10.0.0.207 "GET /v2.0/subnetpools?tags=red HTTP/1.1" status: 200 len: 1758 time: 0.0204918
2026-05-26 07:06:57.154 9 INFO neutron.api.wsgi [None req-8475cc03-d97d-4334-9d9a-642793903770 933e0cd188bb44b8b64f7908f54c1877 9b130ff48ff8486aa3200ba755302745 - - default default] 10.0.0.207 "GET /v2.0/subnets/9f364ad1-8b0d-43c4-b3b1-c0c79c9b9b50/tags HTTP/1.1" status: 200 len: 205 time: 0.0501719
2026-05-26 07:06:57.170 8 INFO neutron.api.wsgi [None req-fec1bc9a-6871-4033-8747-24f3228a2f39 63eed01b4009476cb712635284b4e9ff 592591d0f69846d5811226f57bcfa1a3 - - default default] 10.0.0.207 "GET /v2.0/subnetpools?tags=red%2Cblue HTTP/1.1" status: 200 len: 1251 time: 0.0291281
2026-05-26 07:06:57.192 8 INFO neutron.api.wsgi [None req-9ab16f2b-b4dd-4956-bd7b-cd8faf940f47 63eed01b4009476cb712635284b4e9ff 592591d0f69846d5811226f57bcfa1a3 - - default default] 10.0.0.207 "GET /v2.0/subnetpools?tags-any=blue HTTP/1.1" status: 200 len: 1251 time: 0.0172887
2026-05-26 07:06:57.245 9 INFO neutron.api.wsgi [None req-4ab38a32-bd8f-432d-872b-7a80b5024d30 63eed01b4009476cb712635284b4e9ff 592591d0f69846d5811226f57bcfa1a3 - - default default] 10.0.0.207 "GET /v2.0/subnetpools?tags-any=red%2Cblue HTTP/1.1" status: 200 len: 1758 time: 0.0476990
2026-05-26 07:06:57.276 8 INFO neutron.api.wsgi [None req-5ad94e15-fb7c-461e-b8ff-1e60eb9c58b0 63eed01b4009476cb712635284b4e9ff 592591d0f69846d5811226f57bcfa1a3 - - default default] 10.0.0.207 "GET /v2.0/subnetpools?not-tags=red HTTP/1.1" status: 200 len: 1223 time: 0.0250013
2026-05-26 07:06:57.304 8 INFO neutron.api.wsgi [None req-c6f29b43-a8bb-48af-b7e0-8de3742c6a4c 63eed01b4009476cb712635284b4e9ff 592591d0f69846d5811226f57bcfa1a3 - - default default] 10.0.0.207 "GET /v2.0/subnetpools?not-tags=red%2Cblue HTTP/1.1" status: 200 len: 1730 time: 0.0231428
2026-05-26 07:06:57.334 8 INFO neutron.api.wsgi [None req-ac40c877-9858-4996-af98-91b628a6b9bd 63eed01b4009476cb712635284b4e9ff 592591d0f69846d5811226f57bcfa1a3 - - default default] 10.0.0.207 "GET /v2.0/subnetpools?not-tags-any=blue HTTP/1.1" status: 200 len: 1730 time: 0.0250015
2026-05-26 07:06:57.343 8 INFO neutron.api.wsgi [None req-775945cd-29c6-4918-9bf2-442561f5da03 933e0cd188bb44b8b64f7908f54c1877 9b130ff48ff8486aa3200ba755302745 - - default default] 10.0.0.207 "DELETE /v2.0/subnets/9f364ad1-8b0d-43c4-b3b1-c0c79c9b9b50 HTTP/1.1" status: 204 len: 168 time: 0.1842804
2026-05-26 07:06:57.361 9 INFO neutron.api.wsgi [None req-d91bb640-ddef-4992-a0ea-cd95b8afdb58 63eed01b4009476cb712635284b4e9ff 592591d0f69846d5811226f57bcfa1a3 - - default default] 10.0.0.207 "GET /v2.0/subnetpools?not-tags-any=red%2Cblue HTTP/1.1" status: 200 len: 1223 time: 0.0223949
2026-05-26 07:06:57.426 8 INFO neutron.api.wsgi [None req-fe49b3b4-a0e9-4299-bb83-e35bf557b089 63eed01b4009476cb712635284b4e9ff 592591d0f69846d5811226f57bcfa1a3 - - default default] 10.0.0.207 "DELETE /v2.0/subnetpools/c6db65f8-687c-4dc2-afd1-2bec967f63f1 HTTP/1.1" status: 204 len: 168 time: 0.0599890
2026-05-26 07:06:57.483 8 INFO neutron.api.wsgi [None req-21fdfd30-5f4e-4dbc-897f-ca8e1a055c92 63eed01b4009476cb712635284b4e9ff 592591d0f69846d5811226f57bcfa1a3 - - default default] 10.0.0.207 "DELETE /v2.0/subnetpools/c11e30fe-e276-4905-8eb7-6275d8e01975 HTTP/1.1" status: 204 len: 168 time: 0.0515320
2026-05-26 07:06:57.553 8 INFO neutron.api.wsgi [None req-3b346f4e-915b-4f7d-ad9a-3d5b2abca022 63eed01b4009476cb712635284b4e9ff 592591d0f69846d5811226f57bcfa1a3 - - default default] 10.0.0.207 "DELETE /v2.0/subnetpools/8b0ab244-f3ba-4459-acae-d54a15108d5e HTTP/1.1" status: 204 len: 168 time: 0.0666835
2026-05-26 07:06:57.635 9 INFO neutron.api.wsgi [None req-3871edf4-796d-492a-b384-02e20ecbde9f 63eed01b4009476cb712635284b4e9ff 592591d0f69846d5811226f57bcfa1a3 - - default default] 10.0.0.207 "DELETE /v2.0/subnetpools/fbacf049-9437-4ebb-8585-733492bf55a5 HTTP/1.1" status: 204 len: 168 time: 0.0767424
2026-05-26 07:06:57.705 8 INFO neutron.api.wsgi [None req-407eae81-06b2-4610-929f-1b9f9c3d848f 63eed01b4009476cb712635284b4e9ff 592591d0f69846d5811226f57bcfa1a3 - - default default] 10.0.0.207 "DELETE /v2.0/subnetpools/32c3e8e0-0654-41df-9d2c-449b44938860 HTTP/1.1" status: 204 len: 168 time: 0.0627060
2026-05-26 07:06:57.725 8 INFO neutron.services.segments.plugin [-] Segment 5a575258-3e3c-42aa-b5ee-a6d56394f478 resource provider aggregate not found
2026-05-26 07:06:57.729 8 INFO neutron.services.segments.plugin [-] Segment 5a575258-3e3c-42aa-b5ee-a6d56394f478 resource provider aggregate not found
2026-05-26 07:06:57.742 8 INFO neutron.services.segments.plugin [-] Segment 5a575258-3e3c-42aa-b5ee-a6d56394f478 resource provider not found; error: Placement Client Error (4xx): {"errors": [{"status": 404, "title": "Not Found", "detail": "The resource could not be found.\n\n No resource provider with uuid 5a575258-3e3c-42aa-b5ee-a6d56394f478 found for delete ", "request_id": "req-e03e856e-37a5-4e65-a15e-014a1cf300cd"}]}
2026-05-26 07:06:57.744 8 INFO neutron.services.segments.plugin [-] Segment 5a575258-3e3c-42aa-b5ee-a6d56394f478 resource provider not found; error: Placement Client Error (4xx): {"errors": [{"status": 404, "title": "Not Found", "detail": "The resource could not be found.\n\n No resource provider with uuid 5a575258-3e3c-42aa-b5ee-a6d56394f478 found for delete ", "request_id": "req-f3054e6b-8a94-4abc-bd0e-8ba4ed2c542e"}]}
2026-05-26 07:06:57.760 8 INFO neutron.api.wsgi [None req-22d9b2d7-45ee-4908-877e-b21906a263e2 933e0cd188bb44b8b64f7908f54c1877 9b130ff48ff8486aa3200ba755302745 - - default default] 10.0.0.207 "DELETE /v2.0/networks/f00226b1-8b02-4f69-a142-120ec0f712ad HTTP/1.1" status: 204 len: 168 time: 0.4124956
2026-05-26 07:06:57.963 9 INFO neutron.api.wsgi [req-bf175dae-c468-4dfe-a6b8-bd95138f6f95 req-f777581d-4bf8-4547-9a6d-867d90b3ebb7 5cc28ca88589484ebeb3a1edd6cfa991 ef27d32609024d7db4196a6426b0fe1e - - default default] 10.0.0.108 "GET /v2.0/ports?device_id=a9847579-03e2-4df8-b3ff-5117a6b34f4f HTTP/1.1" status: 200 len: 1400 time: 0.0971756
2026-05-26 07:06:58.008 9 INFO neutron.api.wsgi [req-bf175dae-c468-4dfe-a6b8-bd95138f6f95 req-e6376587-1a49-4ba1-b54f-1c970b5e2605 5cc28ca88589484ebeb3a1edd6cfa991 ef27d32609024d7db4196a6426b0fe1e - - default default] 10.0.0.108 "GET /v2.0/security-groups?id=b4ea91a2-2e63-4230-81ff-a49a5ecc90a6&fields=id&fields=name HTTP/1.1" status: 200 len: 310 time: 0.0369189
2026-05-26 07:06:58.086 9 INFO neutron.api.wsgi [None req-055b3b64-6b23-4a41-87ff-c2fb44cfd731 5cc28ca88589484ebeb3a1edd6cfa991 ef27d32609024d7db4196a6426b0fe1e - - default default] 10.0.0.207 "GET /v2.0/ports?network_id=ac035b72-d6da-4f95-94c5-dd14c6291f49&mac_address=fa%3A16%3A3e%3Aaf%3Ac6%3A8e HTTP/1.1" status: 200 len: 1395 time: 0.0504107
2026-05-26 07:06:58.095 9 WARNING neutron_lib.context [None req-5e02e5de-84ab-44a4-b65c-342ad581caa1 5cc28ca88589484ebeb3a1edd6cfa991 ef27d32609024d7db4196a6426b0fe1e - - default default] Method 'is_advsvc' is deprecated since 2023.2 release (neutron-lib 3.8.0) and will be removed once support for the old RBAC API policies will be removed from Neutron. Please use method 'is_service_role' instead.
2026-05-26 07:06:58.340 9 WARNING neutron.scheduler.dhcp_agent_scheduler [None req-5e02e5de-84ab-44a4-b65c-342ad581caa1 5cc28ca88589484ebeb3a1edd6cfa991 ef27d32609024d7db4196a6426b0fe1e - - default default] No more DHCP agents
2026-05-26 07:06:58.341 9 WARNING neutron.api.rpc.agentnotifiers.dhcp_rpc_agent_api [None req-5e02e5de-84ab-44a4-b65c-342ad581caa1 5cc28ca88589484ebeb3a1edd6cfa991 ef27d32609024d7db4196a6426b0fe1e - - default default] Unable to schedule network 7031e453-34e1-4abb-9b9c-f16770a7073a: no agents available; will retry on subsequent port and subnet creation events.
2026-05-26 07:06:58.710 8 INFO neutron.db.ovn_revision_numbers_db [None req-fd9fff01-f215-4625-930f-4359b6ff4237 e160c8d2e7734e6eaf7cf3c34533c8aa 89a95844525041ccab7632485cc48e4a - - default default] Successfully bumped revision number for resource b6fbf5e6-c12e-4bed-863e-38d9caf6e3b1 (type: security_groups) to 1
2026-05-26 07:06:58.729 8 INFO neutron.db.ovn_revision_numbers_db [None req-fd9fff01-f215-4625-930f-4359b6ff4237 e160c8d2e7734e6eaf7cf3c34533c8aa 89a95844525041ccab7632485cc48e4a - - default default] Successfully bumped revision number for resource 5b683589-4378-4033-a6cd-c5e5078b3f84 (type: security_group_rules) to 0
2026-05-26 07:06:58.732 8 INFO neutron.db.ovn_revision_numbers_db [None req-099c5b10-c62e-4698-9b50-72f8ac387072 e160c8d2e7734e6eaf7cf3c34533c8aa 89a95844525041ccab7632485cc48e4a - - default default] Successfully bumped revision number for resource 047a3255-802e-4dbc-87ff-76c4c56261e1 (type: security_groups) to 1
