2026-05-26 07:05:49.542 9 INFO neutron.services.segments.plugin [-] Segment 73895221-9e65-4420-960a-df143ef31255 resource provider not found; error: Placement Client Error (4xx): {"errors": [{"status": 404, "title": "Not Found", "detail": "The resource could not be found.\n\n No resource provider with uuid 73895221-9e65-4420-960a-df143ef31255 found for delete ", "request_id": "req-c0542e62-64b3-4d1e-ae9e-f67a034152f5"}]}
2026-05-26 07:05:49.616 8 INFO neutron.db.ovn_revision_numbers_db [None req-6a75d595-6a9e-408c-8edd-819377b95c55 e160c8d2e7734e6eaf7cf3c34533c8aa 89a95844525041ccab7632485cc48e4a - - default default] Successfully bumped revision number for resource bfe9c857-c005-4031-b8d2-f2a6bf476375 (type: security_groups) to 1
2026-05-26 07:05:49.632 8 INFO neutron.api.wsgi [None req-ce5b1e0d-75f7-4d97-b436-20f168e34ca8 e160c8d2e7734e6eaf7cf3c34533c8aa 89a95844525041ccab7632485cc48e4a - - default default] 10.0.0.207 "DELETE /v2.0/security-groups/5ba5f8a4-926c-456f-83cb-1a726df90702 HTTP/1.1" status: 204 len: 168 time: 0.2776563
2026-05-26 07:05:49.633 8 INFO neutron.db.ovn_revision_numbers_db [None req-6a75d595-6a9e-408c-8edd-819377b95c55 e160c8d2e7734e6eaf7cf3c34533c8aa 89a95844525041ccab7632485cc48e4a - - default default] Successfully bumped revision number for resource 229d7273-1a76-4efe-9931-3d2590e00e6e (type: security_group_rules) to 0
2026-05-26 07:05:49.648 8 INFO neutron.db.ovn_revision_numbers_db [None req-6a75d595-6a9e-408c-8edd-819377b95c55 e160c8d2e7734e6eaf7cf3c34533c8aa 89a95844525041ccab7632485cc48e4a - - default default] Successfully bumped revision number for resource 4ddd8710-6429-4f4b-b2be-f65920f0a229 (type: security_group_rules) to 0
2026-05-26 07:05:49.658 8 INFO neutron.db.ovn_revision_numbers_db [None req-6a75d595-6a9e-408c-8edd-819377b95c55 e160c8d2e7734e6eaf7cf3c34533c8aa 89a95844525041ccab7632485cc48e4a - - default default] Successfully bumped revision number for resource 8a19f222-cbe5-4362-8f60-e2fe191d1ae8 (type: security_group_rules) to 0
2026-05-26 07:05:49.671 8 INFO neutron.db.ovn_revision_numbers_db [None req-6a75d595-6a9e-408c-8edd-819377b95c55 e160c8d2e7734e6eaf7cf3c34533c8aa 89a95844525041ccab7632485cc48e4a - - default default] Successfully bumped revision number for resource f72dfe64-0176-451e-ba09-daa73b127656 (type: security_group_rules) to 0
2026-05-26 07:05:49.706 8 INFO neutron.api.wsgi [None req-6a75d595-6a9e-408c-8edd-819377b95c55 e160c8d2e7734e6eaf7cf3c34533c8aa 89a95844525041ccab7632485cc48e4a - - default default] 10.0.0.207 "GET /v2.0/security-groups?tenant_id=0835c0211fc74ba9a02de9f8fd80c0da&name=default HTTP/1.1" status: 200 len: 3120 time: 0.2271152
2026-05-26 07:05:49.916 8 INFO neutron.api.wsgi [None req-2e236709-858f-443b-a8b9-3936ebc472bf e160c8d2e7734e6eaf7cf3c34533c8aa 89a95844525041ccab7632485cc48e4a - - default default] 10.0.0.207 "DELETE /v2.0/security-groups/bfe9c857-c005-4031-b8d2-f2a6bf476375 HTTP/1.1" status: 204 len: 168 time: 0.2045455
2026-05-26 07:05:50.131 9 INFO neutron.db.ovn_revision_numbers_db [None req-0517616a-5092-4e22-b63b-167e7c15aa05 e160c8d2e7734e6eaf7cf3c34533c8aa 89a95844525041ccab7632485cc48e4a - - default default] Successfully bumped revision number for resource 73d08cbe-c00d-43bf-9589-80a2ed0a437c (type: security_groups) to 1
2026-05-26 07:05:50.144 9 INFO neutron.db.ovn_revision_numbers_db [None req-0517616a-5092-4e22-b63b-167e7c15aa05 e160c8d2e7734e6eaf7cf3c34533c8aa 89a95844525041ccab7632485cc48e4a - - default default] Successfully bumped revision number for resource 04b956f9-6880-4c5c-91ff-0ce3206ec16e (type: security_group_rules) to 0
2026-05-26 07:05:50.156 9 INFO neutron.db.ovn_revision_numbers_db [None req-0517616a-5092-4e22-b63b-167e7c15aa05 e160c8d2e7734e6eaf7cf3c34533c8aa 89a95844525041ccab7632485cc48e4a - - default default] Successfully bumped revision number for resource 55d1fd29-ffac-479e-a0ab-890a85015dbb (type: security_group_rules) to 0
2026-05-26 07:05:50.168 9 INFO neutron.db.ovn_revision_numbers_db [None req-0517616a-5092-4e22-b63b-167e7c15aa05 e160c8d2e7734e6eaf7cf3c34533c8aa 89a95844525041ccab7632485cc48e4a - - default default] Successfully bumped revision number for resource 8f5e5dd6-fe7a-4821-a049-092cd6f762db (type: security_group_rules) to 0
2026-05-26 07:05:50.180 9 INFO neutron.db.ovn_revision_numbers_db [None req-0517616a-5092-4e22-b63b-167e7c15aa05 e160c8d2e7734e6eaf7cf3c34533c8aa 89a95844525041ccab7632485cc48e4a - - default default] Successfully bumped revision number for resource e1654c84-bc45-469c-bab5-31fb8042cad2 (type: security_group_rules) to 0
2026-05-26 07:05:50.217 9 INFO neutron.api.wsgi [None req-0517616a-5092-4e22-b63b-167e7c15aa05 e160c8d2e7734e6eaf7cf3c34533c8aa 89a95844525041ccab7632485cc48e4a - - default default] 10.0.0.207 "GET /v2.0/security-groups?tenant_id=86d6729f33ae44c7873ed6a6953cf702&name=default HTTP/1.1" status: 200 len: 3120 time: 0.2066131
2026-05-26 07:05:50.476 9 INFO neutron.api.wsgi [None req-8a759efe-7ad0-43f5-8b10-cc4aa3c63c91 e160c8d2e7734e6eaf7cf3c34533c8aa 89a95844525041ccab7632485cc48e4a - - default default] 10.0.0.207 "DELETE /v2.0/security-groups/73d08cbe-c00d-43bf-9589-80a2ed0a437c HTTP/1.1" status: 204 len: 168 time: 0.2543211
2026-05-26 07:05:50.492 8 INFO neutron.api.wsgi [req-0ac14021-97dd-4459-8243-af781c297ee6 req-18d0661c-a90a-4f91-89f0-eea0f8612863 4abea671090947dca74b0e3db09dbaca 93ccbecc954c43b79f2e6467f122235e - - e3b5e78bc78843418398fe5f07733bc6 e3b5e78bc78843418398fe5f07733bc6] 199.204.45.30 "GET /v2.0/ports?tenant_id=6b9097c14aad481cbf2d082596e73c04&device_id=9c94bc9f-7435-47eb-9c4a-73e336c8e21f HTTP/1.1" status: 200 len: 1452 time: 0.0406330
2026-05-26 07:05:50.938 9 WARNING neutron_lib.context [None req-7b4dedaa-5e1a-41fc-a332-5dc4bd089a32 4fa2f658b8be431a8f2adb979288655f 169eca59a1554ff4950daf6cee7b2dce - - default default] Method 'is_advsvc' is deprecated since 2023.2 release (neutron-lib 3.8.0) and will be removed once support for the old RBAC API policies will be removed from Neutron. Please use method 'is_service_role' instead.
2026-05-26 07:05:51.045 8 INFO neutron.api.wsgi [req-0ac14021-97dd-4459-8243-af781c297ee6 req-8845569b-62d6-4d76-9eed-bd53a4bf08fb 4abea671090947dca74b0e3db09dbaca 93ccbecc954c43b79f2e6467f122235e - - e3b5e78bc78843418398fe5f07733bc6 e3b5e78bc78843418398fe5f07733bc6] 199.204.45.30 "GET /v2.0/networks?id=837f3e19-f411-4001-808e-8d22ff46ef80 HTTP/1.1" status: 200 len: 971 time: 0.0432925
2026-05-26 07:05:51.089 8 INFO neutron.api.wsgi [req-0ac14021-97dd-4459-8243-af781c297ee6 req-c759432e-6b65-4896-86f9-d9057c75f4ea 4abea671090947dca74b0e3db09dbaca 93ccbecc954c43b79f2e6467f122235e - - e3b5e78bc78843418398fe5f07733bc6 e3b5e78bc78843418398fe5f07733bc6] 199.204.45.30 "GET /v2.0/floatingips?fixed_ip_address=10.100.0.13&port_id=3e54025c-3d5f-4b44-be62-27ded81b149d HTTP/1.1" status: 200 len: 1060 time: 0.0377698
2026-05-26 07:05:51.122 8 INFO neutron.api.wsgi [req-0ac14021-97dd-4459-8243-af781c297ee6 req-e4f42b2c-51f3-4cf2-80f2-0937aaacf992 4abea671090947dca74b0e3db09dbaca 93ccbecc954c43b79f2e6467f122235e - - e3b5e78bc78843418398fe5f07733bc6 e3b5e78bc78843418398fe5f07733bc6] 199.204.45.30 "GET /v2.0/subnets?id=8339bbec-fa8a-4fa2-8628-1aa605f77333 HTTP/1.1" status: 200 len: 890 time: 0.0262809
2026-05-26 07:05:51.147 8 INFO neutron.api.wsgi [req-0ac14021-97dd-4459-8243-af781c297ee6 req-4fab010d-c1d3-4a37-87ae-924a040e7703 4abea671090947dca74b0e3db09dbaca 93ccbecc954c43b79f2e6467f122235e - - e3b5e78bc78843418398fe5f07733bc6 e3b5e78bc78843418398fe5f07733bc6] 199.204.45.30 "GET /v2.0/ports?network_id=837f3e19-f411-4001-808e-8d22ff46ef80&device_owner=network%3Adhcp HTTP/1.1" status: 200 len: 210 time: 0.0210156
2026-05-26 07:05:51.156 9 WARNING neutron.scheduler.dhcp_agent_scheduler [None req-7b4dedaa-5e1a-41fc-a332-5dc4bd089a32 4fa2f658b8be431a8f2adb979288655f 169eca59a1554ff4950daf6cee7b2dce - - default default] No more DHCP agents
2026-05-26 07:05:51.157 9 WARNING neutron.api.rpc.agentnotifiers.dhcp_rpc_agent_api [None req-7b4dedaa-5e1a-41fc-a332-5dc4bd089a32 4fa2f658b8be431a8f2adb979288655f 169eca59a1554ff4950daf6cee7b2dce - - default default] Unable to schedule network 7031e453-34e1-4abb-9b9c-f16770a7073a: no agents available; will retry on subsequent port and subnet creation events.
2026-05-26 07:05:51.187 8 INFO neutron.api.wsgi [req-0ac14021-97dd-4459-8243-af781c297ee6 req-519cb49b-8ce0-4b5f-9c10-e6f78d7c964f 4abea671090947dca74b0e3db09dbaca 93ccbecc954c43b79f2e6467f122235e - - e3b5e78bc78843418398fe5f07733bc6 e3b5e78bc78843418398fe5f07733bc6] 199.204.45.30 "GET /v2.0/networks/837f3e19-f411-4001-808e-8d22ff46ef80?fields=segments HTTP/1.1" status: 200 len: 212 time: 0.0351651
2026-05-26 07:05:51.227 8 INFO neutron.api.wsgi [req-0ac14021-97dd-4459-8243-af781c297ee6 req-b197ba91-c59c-44aa-8180-008658104c4a 4abea671090947dca74b0e3db09dbaca 93ccbecc954c43b79f2e6467f122235e - - e3b5e78bc78843418398fe5f07733bc6 e3b5e78bc78843418398fe5f07733bc6] 199.204.45.30 "GET /v2.0/networks/837f3e19-f411-4001-808e-8d22ff46ef80?fields=provider%3Aphysical_network&fields=provider%3Anetwork_type HTTP/1.1" status: 200 len: 277 time: 0.0371292
2026-05-26 07:05:51.427 9 INFO neutron.api.wsgi [None req-7b4dedaa-5e1a-41fc-a332-5dc4bd089a32 4fa2f658b8be431a8f2adb979288655f 169eca59a1554ff4950daf6cee7b2dce - - default default] 10.0.0.207 "POST /v2.0/floatingips HTTP/1.1" status: 201 len: 751 time: 0.5736902
2026-05-26 07:05:51.466 9 INFO neutron.api.wsgi [None req-7e493b1c-a196-4e2d-9d4c-20d93c6864dd 4fa2f658b8be431a8f2adb979288655f 169eca59a1554ff4950daf6cee7b2dce - - default default] 10.0.0.207 "PUT /v2.0/floatingips/4d452fa7-7a1d-4042-b352-0e5bf1036c7c/tags HTTP/1.1" status: 200 len: 218 time: 0.0331676
2026-05-26 07:05:51.493 9 INFO neutron.api.wsgi [None req-0029285a-d203-4263-9ae1-9061a9ed3eba 4fa2f658b8be431a8f2adb979288655f 169eca59a1554ff4950daf6cee7b2dce - - default default] 10.0.0.207 "GET /v2.0/floatingips/4d452fa7-7a1d-4042-b352-0e5bf1036c7c/tags HTTP/1.1" status: 200 len: 218 time: 0.0238500
2026-05-26 07:05:51.529 9 INFO neutron.api.wsgi [None req-adf0e867-a280-4400-9351-24e8c61eec1c 4fa2f658b8be431a8f2adb979288655f 169eca59a1554ff4950daf6cee7b2dce - - default default] 10.0.0.207 "PUT /v2.0/floatingips/4d452fa7-7a1d-4042-b352-0e5bf1036c7c/tags/green HTTP/1.1" status: 201 len: 201 time: 0.0304816
2026-05-26 07:05:51.556 9 INFO neutron.api.wsgi [None req-e9452a86-e47a-463f-a930-4e470787c38f 4fa2f658b8be431a8f2adb979288655f 169eca59a1554ff4950daf6cee7b2dce - - default default] 10.0.0.207 "GET /v2.0/floatingips/4d452fa7-7a1d-4042-b352-0e5bf1036c7c/tags HTTP/1.1" status: 200 len: 227 time: 0.0221822
2026-05-26 07:05:51.582 9 INFO neutron.api.wsgi [None req-e3d49d09-e334-4263-a552-aeee2056f818 4fa2f658b8be431a8f2adb979288655f 169eca59a1554ff4950daf6cee7b2dce - - default default] 10.0.0.207 "PUT /v2.0/floatingips/4d452fa7-7a1d-4042-b352-0e5bf1036c7c/tags/red HTTP/1.1" status: 201 len: 201 time: 0.0216725
2026-05-26 07:05:51.607 9 INFO neutron.api.wsgi [None req-56389684-d53b-49b0-9967-b286c67d5ca8 4fa2f658b8be431a8f2adb979288655f 169eca59a1554ff4950daf6cee7b2dce - - default default] 10.0.0.207 "GET /v2.0/floatingips/4d452fa7-7a1d-4042-b352-0e5bf1036c7c/tags HTTP/1.1" status: 200 len: 227 time: 0.0196803
2026-05-26 07:05:51.653 9 INFO neutron.api.wsgi [None req-64430f2f-ae13-4390-8f99-41a683f1071d 4fa2f658b8be431a8f2adb979288655f 169eca59a1554ff4950daf6cee7b2dce - - default default] 10.0.0.207 "PUT /v2.0/floatingips/4d452fa7-7a1d-4042-b352-0e5bf1036c7c/tags/black.or.white HTTP/1.1" status: 201 len: 201 time: 0.0414741
2026-05-26 07:05:51.682 9 INFO neutron.api.wsgi [None req-d4d6a8aa-f617-4726-a62e-166ade42f331 4fa2f658b8be431a8f2adb979288655f 169eca59a1554ff4950daf6cee7b2dce - - default default] 10.0.0.207 "GET /v2.0/floatingips/4d452fa7-7a1d-4042-b352-0e5bf1036c7c/tags HTTP/1.1" status: 200 len: 245 time: 0.0242150
2026-05-26 07:05:51.721 9 INFO neutron.api.wsgi [None req-c79ebb99-58fb-4ea2-af50-72f810e9ca5d 4fa2f658b8be431a8f2adb979288655f 169eca59a1554ff4950daf6cee7b2dce - - default default] 10.0.0.207 "PUT /v2.0/floatingips/4d452fa7-7a1d-4042-b352-0e5bf1036c7c/tags HTTP/1.1" status: 200 len: 230 time: 0.0332994
2026-05-26 07:05:51.747 9 INFO neutron.api.wsgi [None req-616e0757-69ac-4871-9d44-3d85fe76fac8 4fa2f658b8be431a8f2adb979288655f 169eca59a1554ff4950daf6cee7b2dce - - default default] 10.0.0.207 "GET /v2.0/floatingips/4d452fa7-7a1d-4042-b352-0e5bf1036c7c/tags HTTP/1.1" status: 200 len: 230 time: 0.0218856
2026-05-26 07:05:51.777 9 INFO neutron.api.wsgi [None req-025675e9-20de-4b56-b0db-23327fb1f0d5 4fa2f658b8be431a8f2adb979288655f 169eca59a1554ff4950daf6cee7b2dce - - default default] 10.0.0.207 "GET /v2.0/floatingips/4d452fa7-7a1d-4042-b352-0e5bf1036c7c/tags/red HTTP/1.1" status: 204 len: 168 time: 0.0249028
2026-05-26 07:05:51.912 9 INFO neutron.api.v2.resource [None req-a91dbf31-43b0-4db7-af3e-8a0cf6cd1807 4fa2f658b8be431a8f2adb979288655f 169eca59a1554ff4950daf6cee7b2dce - - default default] show failed (client error): The resource could not be found.
2026-05-26 07:05:51.913 9 INFO neutron.api.wsgi [None req-a91dbf31-43b0-4db7-af3e-8a0cf6cd1807 4fa2f658b8be431a8f2adb979288655f 169eca59a1554ff4950daf6cee7b2dce - - default default] 10.0.0.207 "GET /v2.0/floatingips/4d452fa7-7a1d-4042-b352-0e5bf1036c7c/tags/green HTTP/1.1" status: 404 len: 299 time: 0.1317658
2026-05-26 07:05:51.956 9 INFO neutron.api.wsgi [None req-9fe32131-f74c-4cd2-9135-799e181732ab 4fa2f658b8be431a8f2adb979288655f 169eca59a1554ff4950daf6cee7b2dce - - default default] 10.0.0.207 "DELETE /v2.0/floatingips/4d452fa7-7a1d-4042-b352-0e5bf1036c7c/tags/red HTTP/1.1" status: 204 len: 168 time: 0.0379329
2026-05-26 07:05:51.985 9 INFO neutron.api.wsgi [None req-fefb43bd-2e43-4dfa-9d8b-5a63fa7331e1 4fa2f658b8be431a8f2adb979288655f 169eca59a1554ff4950daf6cee7b2dce - - default default] 10.0.0.207 "GET /v2.0/floatingips/4d452fa7-7a1d-4042-b352-0e5bf1036c7c/tags HTTP/1.1" status: 200 len: 223 time: 0.0250118
2026-05-26 07:05:52.013 9 INFO neutron.api.v2.resource [None req-cf07cb46-f468-462f-b502-9ee6b549ecaa 4fa2f658b8be431a8f2adb979288655f 169eca59a1554ff4950daf6cee7b2dce - - default default] delete failed (client error): The resource could not be found.
2026-05-26 07:05:52.014 9 INFO neutron.api.wsgi [None req-cf07cb46-f468-462f-b502-9ee6b549ecaa 4fa2f658b8be431a8f2adb979288655f 169eca59a1554ff4950daf6cee7b2dce - - default default] 10.0.0.207 "DELETE /v2.0/floatingips/4d452fa7-7a1d-4042-b352-0e5bf1036c7c/tags/green HTTP/1.1" status: 404 len: 299 time: 0.0235620
2026-05-26 07:05:52.057 9 INFO neutron.api.wsgi [None req-f34f340f-e8c2-4b1c-9116-74dbbbec9823 4fa2f658b8be431a8f2adb979288655f 169eca59a1554ff4950daf6cee7b2dce - - default default] 10.0.0.207 "DELETE /v2.0/floatingips/4d452fa7-7a1d-4042-b352-0e5bf1036c7c/tags HTTP/1.1" status: 204 len: 168 time: 0.0364239
2026-05-26 07:05:52.086 8 INFO neutron.api.wsgi [None req-ffc65104-e2ac-47c0-81bf-10e75a246012 4fa2f658b8be431a8f2adb979288655f 169eca59a1554ff4950daf6cee7b2dce - - default default] 10.0.0.207 "GET /v2.0/floatingips/4d452fa7-7a1d-4042-b352-0e5bf1036c7c/tags HTTP/1.1" status: 200 len: 205 time: 0.0238903
2026-05-26 07:05:52.357 8 INFO neutron.api.wsgi [None req-7614a64b-488e-4514-adea-6b2acc4d9999 4fa2f658b8be431a8f2adb979288655f 169eca59a1554ff4950daf6cee7b2dce - - default default] 10.0.0.207 "DELETE /v2.0/floatingips/4d452fa7-7a1d-4042-b352-0e5bf1036c7c HTTP/1.1" status: 204 len: 168 time: 0.2615497
2026-05-26 07:05:53.135 8 INFO neutron.api.wsgi [req-17677e24-591e-48c1-b152-0e2f637305d3 req-d4de27a0-72b6-4129-b741-1c1b94da6e05 13faa2a346d14bed813f625ec485ae3b 6b9097c14aad481cbf2d082596e73c04 - - default default] 10.0.0.108 "GET /v2.0/ports?device_id=9c94bc9f-7435-47eb-9c4a-73e336c8e21f HTTP/1.1" status: 200 len: 1214 time: 0.0772538
2026-05-26 07:05:53.190 8 INFO neutron.api.wsgi [req-17677e24-591e-48c1-b152-0e2f637305d3 req-4a89a300-5e3f-4be3-af88-0155410d1b6e 13faa2a346d14bed813f625ec485ae3b 6b9097c14aad481cbf2d082596e73c04 - - default default] 10.0.0.108 "GET /v2.0/security-groups?id=ef58cf43-5a2d-4266-98cb-b04e7d7d64d6&id=df12a071-da63-4861-9cec-4a9183c7efd4&fields=id&fields=name HTTP/1.1" status: 200 len: 406 time: 0.0471859
2026-05-26 07:05:53.244 8 INFO neutron.db.ovn_revision_numbers_db [None req-94307b70-a703-4e0d-8002-e994c2cc136a e160c8d2e7734e6eaf7cf3c34533c8aa 89a95844525041ccab7632485cc48e4a - - default default] Successfully bumped revision number for resource b137c422-999e-40e4-a8c5-74d277682c97 (type: security_groups) to 1
2026-05-26 07:05:53.256 8 INFO neutron.db.ovn_revision_numbers_db [None req-94307b70-a703-4e0d-8002-e994c2cc136a e160c8d2e7734e6eaf7cf3c34533c8aa 89a95844525041ccab7632485cc48e4a - - default default] Successfully bumped revision number for resource 077facd2-06a2-479b-9658-4c186d913a18 (type: security_group_rules) to 0
2026-05-26 07:05:53.271 8 INFO neutron.db.ovn_revision_numbers_db [None req-94307b70-a703-4e0d-8002-e994c2cc136a e160c8d2e7734e6eaf7cf3c34533c8aa 89a95844525041ccab7632485cc48e4a - - default default] Successfully bumped revision number for resource 5b3be352-3cc8-47c0-80c4-ca3222c56a5f (type: security_group_rules) to 0
2026-05-26 07:05:53.284 8 INFO neutron.db.ovn_revision_numbers_db [None req-94307b70-a703-4e0d-8002-e994c2cc136a e160c8d2e7734e6eaf7cf3c34533c8aa 89a95844525041ccab7632485cc48e4a - - default default] Successfully bumped revision number for resource 74d74b3c-d6a4-4476-9a7a-377ee757b069 (type: security_group_rules) to 0
2026-05-26 07:05:53.298 8 INFO neutron.db.ovn_revision_numbers_db [None req-94307b70-a703-4e0d-8002-e994c2cc136a e160c8d2e7734e6eaf7cf3c34533c8aa 89a95844525041ccab7632485cc48e4a - - default default] Successfully bumped revision number for resource dd53446a-3e07-4c08-b4ea-ac6c36f33d1e (type: security_group_rules) to 0
2026-05-26 07:05:53.333 8 INFO neutron.api.wsgi [None req-94307b70-a703-4e0d-8002-e994c2cc136a e160c8d2e7734e6eaf7cf3c34533c8aa 89a95844525041ccab7632485cc48e4a - - default default] 10.0.0.207 "GET /v2.0/security-groups?tenant_id=169eca59a1554ff4950daf6cee7b2dce&name=default HTTP/1.1" status: 200 len: 3120 time: 0.4588931
2026-05-26 07:05:53.453 9 INFO neutron.api.wsgi [None req-6ec36482-0768-4d19-aed9-c28f25b8ca35 576ab1eb8965456eac68bcf687dc6d69 810b3c64b9e24e74aeaf171f374c9223 - - default default] 10.0.0.207 "GET /v2.0/ports?device_id=9c94bc9f-7435-47eb-9c4a-73e336c8e21f HTTP/1.1" status: 200 len: 1447 time: 0.2350836
2026-05-26 07:05:53.533 9 INFO neutron.api.wsgi [None req-31ee5689-e70f-4d73-806f-bfd5f7fdf8bd 13faa2a346d14bed813f625ec485ae3b 6b9097c14aad481cbf2d082596e73c04 - - default default] 10.0.0.207 "GET /v2.0/floatingips?floating_network_id=7031e453-34e1-4abb-9b9c-f16770a7073a&port_id=3e54025c-3d5f-4b44-be62-27ded81b149d HTTP/1.1" status: 200 len: 1055 time: 0.0581315
2026-05-26 07:05:53.554 8 INFO neutron.api.wsgi [None req-e3a2b95b-397d-4ae6-8b12-b18abc59b1f5 e160c8d2e7734e6eaf7cf3c34533c8aa 89a95844525041ccab7632485cc48e4a - - default default] 10.0.0.207 "DELETE /v2.0/security-groups/b137c422-999e-40e4-a8c5-74d277682c97 HTTP/1.1" status: 204 len: 168 time: 0.2165031
2026-05-26 07:05:53.662 8 INFO neutron.api.wsgi [-] 10.0.0.99 "GET / HTTP/1.1" status: 200 len: 245 time: 0.0017724
2026-05-26 07:05:53.665 8 INFO neutron.api.wsgi [-] 10.0.0.99 "GET / HTTP/1.1" status: 200 len: 245 time: 0.0019186
2026-05-26 07:05:53.760 8 INFO neutron.db.ovn_revision_numbers_db [None req-c81698dd-5e9e-4e92-8760-bc672d1a6f1c e160c8d2e7734e6eaf7cf3c34533c8aa 89a95844525041ccab7632485cc48e4a - - default default] Successfully bumped revision number for resource d88d8714-8a8e-4208-a59d-87f848ac6123 (type: security_groups) to 1
2026-05-26 07:05:53.779 8 INFO neutron.db.ovn_revision_numbers_db [None req-c81698dd-5e9e-4e92-8760-bc672d1a6f1c e160c8d2e7734e6eaf7cf3c34533c8aa 89a95844525041ccab7632485cc48e4a - - default default] Successfully bumped revision number for resource 0cca427f-e212-4ee0-9ea7-d85165a1c90c (type: security_group_rules) to 0
2026-05-26 07:05:53.792 8 INFO neutron.db.ovn_revision_numbers_db [None req-c81698dd-5e9e-4e92-8760-bc672d1a6f1c e160c8d2e7734e6eaf7cf3c34533c8aa 89a95844525041ccab7632485cc48e4a - - default default] Successfully bumped revision number for resource 494d3d2d-edab-4ce1-b408-c17ac15b8c27 (type: security_group_rules) to 0
2026-05-26 07:05:53.805 8 INFO neutron.db.ovn_revision_numbers_db [None req-c81698dd-5e9e-4e92-8760-bc672d1a6f1c e160c8d2e7734e6eaf7cf3c34533c8aa 89a95844525041ccab7632485cc48e4a - - default default] Successfully bumped revision number for resource a12bc402-ddd1-432a-a150-f1421cce14a4 (type: security_group_rules) to 0
2026-05-26 07:05:53.820 8 INFO neutron.db.ovn_revision_numbers_db [None req-c81698dd-5e9e-4e92-8760-bc672d1a6f1c e160c8d2e7734e6eaf7cf3c34533c8aa 89a95844525041ccab7632485cc48e4a - - default default] Successfully bumped revision number for resource c0e232a0-3482-493a-9960-804281ab3b3e (type: security_group_rules) to 0
2026-05-26 07:05:53.821 9 INFO neutron.api.wsgi [req-8d1007f5-93f2-4a3d-841f-afb8e1a17586 req-77b11838-c873-4fc0-8e6c-3f47fc95519b 4abea671090947dca74b0e3db09dbaca 93ccbecc954c43b79f2e6467f122235e - - e3b5e78bc78843418398fe5f07733bc6 e3b5e78bc78843418398fe5f07733bc6] 10.0.0.132 "GET /v2.0/ports?device_id=9c94bc9f-7435-47eb-9c4a-73e336c8e21f HTTP/1.1" status: 200 len: 1452 time: 0.0351443
2026-05-26 07:05:53.855 8 INFO neutron.api.wsgi [None req-c81698dd-5e9e-4e92-8760-bc672d1a6f1c e160c8d2e7734e6eaf7cf3c34533c8aa 89a95844525041ccab7632485cc48e4a - - default default] 10.0.0.207 "GET /v2.0/security-groups?tenant_id=6626e2440a844702884649a30464127e&name=default HTTP/1.1" status: 200 len: 3120 time: 0.2214353
2026-05-26 07:05:53.856 9 INFO neutron.api.wsgi [req-8d1007f5-93f2-4a3d-841f-afb8e1a17586 req-c77cd48c-b623-4c0d-acc0-6746c1108e3d 4abea671090947dca74b0e3db09dbaca 93ccbecc954c43b79f2e6467f122235e - - e3b5e78bc78843418398fe5f07733bc6 e3b5e78bc78843418398fe5f07733bc6] 10.0.0.132 "GET /v2.0/security-groups?id=df12a071-da63-4861-9cec-4a9183c7efd4&id=ef58cf43-5a2d-4266-98cb-b04e7d7d64d6&fields=id&fields=name HTTP/1.1" status: 200 len: 406 time: 0.0276833
2026-05-26 07:05:54.039 9 INFO neutron.api.wsgi [None req-c2eea7ad-fc99-4ecb-9e24-49ed98c4a3f8 e160c8d2e7734e6eaf7cf3c34533c8aa 89a95844525041ccab7632485cc48e4a - - default default] 10.0.0.207 "DELETE /v2.0/security-groups/d88d8714-8a8e-4208-a59d-87f848ac6123 HTTP/1.1" status: 204 len: 168 time: 0.1787148
2026-05-26 07:05:54.765 9 WARNING neutron_lib.context [None req-075816ca-7d46-4c38-84aa-3003f5238062 bdc57cc289ff4af597ad83f15f333f32 2311cee92ccf42af81e57fe8944b7b66 - - default default] Method 'is_advsvc' is deprecated since 2023.2 release (neutron-lib 3.8.0) and will be removed once support for the old RBAC API policies will be removed from Neutron. Please use method 'is_service_role' instead.
2026-05-26 07:05:54.904 9 INFO neutron.db.ovn_revision_numbers_db [None req-075816ca-7d46-4c38-84aa-3003f5238062 bdc57cc289ff4af597ad83f15f333f32 2311cee92ccf42af81e57fe8944b7b66 - - default default] Successfully bumped revision number for resource a33b7b11-86d2-4a14-b500-dfbb97ca91d6 (type: security_groups) to 1
2026-05-26 07:05:54.919 9 INFO neutron.db.ovn_revision_numbers_db [None req-075816ca-7d46-4c38-84aa-3003f5238062 bdc57cc289ff4af597ad83f15f333f32 2311cee92ccf42af81e57fe8944b7b66 - - default default] Successfully bumped revision number for resource 58637fb4-951f-4898-b2d4-2196b41c0549 (type: security_group_rules) to 0
2026-05-26 07:05:54.935 9 INFO neutron.db.ovn_revision_numbers_db [None req-075816ca-7d46-4c38-84aa-3003f5238062 bdc57cc289ff4af597ad83f15f333f32 2311cee92ccf42af81e57fe8944b7b66 - - default default] Successfully bumped revision number for resource ca881699-226c-4ac5-a70c-1df8cc7d9cbc (type: security_group_rules) to 0
2026-05-26 07:05:54.948 9 INFO neutron.db.ovn_revision_numbers_db [None req-075816ca-7d46-4c38-84aa-3003f5238062 bdc57cc289ff4af597ad83f15f333f32 2311cee92ccf42af81e57fe8944b7b66 - - default default] Successfully bumped revision number for resource daf69e5a-3eab-4fe2-8804-1bcb99c157b8 (type: security_group_rules) to 0
2026-05-26 07:05:54.962 9 INFO neutron.db.ovn_revision_numbers_db [None req-075816ca-7d46-4c38-84aa-3003f5238062 bdc57cc289ff4af597ad83f15f333f32 2311cee92ccf42af81e57fe8944b7b66 - - default default] Successfully bumped revision number for resource e5c27102-3454-4247-885c-4ccc335ea960 (type: security_group_rules) to 0
2026-05-26 07:05:55.071 9 INFO neutron.db.ovn_revision_numbers_db [None req-075816ca-7d46-4c38-84aa-3003f5238062 bdc57cc289ff4af597ad83f15f333f32 2311cee92ccf42af81e57fe8944b7b66 - - default default] Successfully bumped revision number for resource e6c09a98-9271-44dd-b837-7d3db6bf089d (type: security_groups) to 1
2026-05-26 07:05:55.088 9 INFO neutron.db.ovn_revision_numbers_db [None req-075816ca-7d46-4c38-84aa-3003f5238062 bdc57cc289ff4af597ad83f15f333f32 2311cee92ccf42af81e57fe8944b7b66 - - default default] Successfully bumped revision number for resource 8e2d8eff-699b-4be1-a73e-c67bfa0d4122 (type: security_group_rules) to 0
2026-05-26 07:05:55.103 9 INFO neutron.db.ovn_revision_numbers_db [None req-075816ca-7d46-4c38-84aa-3003f5238062 bdc57cc289ff4af597ad83f15f333f32 2311cee92ccf42af81e57fe8944b7b66 - - default default] Successfully bumped revision number for resource c8db8a90-1e0d-4e68-b65f-6b8a04986a53 (type: security_group_rules) to 0
2026-05-26 07:05:55.139 9 INFO neutron.api.wsgi [None req-075816ca-7d46-4c38-84aa-3003f5238062 bdc57cc289ff4af597ad83f15f333f32 2311cee92ccf42af81e57fe8944b7b66 - - default default] 10.0.0.207 "POST /v2.0/security-groups HTTP/1.1" status: 201 len: 1801 time: 0.4656129
2026-05-26 07:05:55.152 8 WARNING neutron_lib.context [None req-4733d3fb-f1bc-408b-b445-25f2d22a41b1 bdc57cc289ff4af597ad83f15f333f32 2311cee92ccf42af81e57fe8944b7b66 - - default default] Method 'is_advsvc' is deprecated since 2023.2 release (neutron-lib 3.8.0) and will be removed once support for the old RBAC API policies will be removed from Neutron. Please use method 'is_service_role' instead.
2026-05-26 07:05:55.280 8 INFO neutron.db.ovn_revision_numbers_db [None req-4733d3fb-f1bc-408b-b445-25f2d22a41b1 bdc57cc289ff4af597ad83f15f333f32 2311cee92ccf42af81e57fe8944b7b66 - - default default] Successfully bumped revision number for resource 242fd790-ce6f-43f0-97ef-21c3fb970063 (type: security_groups) to 1
2026-05-26 07:05:55.292 8 INFO neutron.db.ovn_revision_numbers_db [None req-4733d3fb-f1bc-408b-b445-25f2d22a41b1 bdc57cc289ff4af597ad83f15f333f32 2311cee92ccf42af81e57fe8944b7b66 - - default default] Successfully bumped revision number for resource 9434705e-ad1a-426b-a32e-68395189395a (type: security_group_rules) to 0
2026-05-26 07:05:55.305 8 INFO neutron.db.ovn_revision_numbers_db [None req-4733d3fb-f1bc-408b-b445-25f2d22a41b1 bdc57cc289ff4af597ad83f15f333f32 2311cee92ccf42af81e57fe8944b7b66 - - default default] Successfully bumped revision number for resource be492356-b294-496f-8c38-487c46ba99d7 (type: security_group_rules) to 0
2026-05-26 07:05:55.347 8 INFO neutron.api.wsgi [None req-4733d3fb-f1bc-408b-b445-25f2d22a41b1 bdc57cc289ff4af597ad83f15f333f32 2311cee92ccf42af81e57fe8944b7b66 - - default default] 10.0.0.207 "POST /v2.0/security-groups HTTP/1.1" status: 201 len: 1801 time: 0.2009828
2026-05-26 07:05:55.359 9 WARNING neutron_lib.context [None req-0a324830-9e98-4b28-b51a-f7e180a0149e bdc57cc289ff4af597ad83f15f333f32 2311cee92ccf42af81e57fe8944b7b66 - - default default] Method 'is_advsvc' is deprecated since 2023.2 release (neutron-lib 3.8.0) and will be removed once support for the old RBAC API policies will be removed from Neutron. Please use method 'is_service_role' instead.
2026-05-26 07:05:55.494 9 INFO neutron.db.ovn_revision_numbers_db [None req-0a324830-9e98-4b28-b51a-f7e180a0149e bdc57cc289ff4af597ad83f15f333f32 2311cee92ccf42af81e57fe8944b7b66 - - default default] Successfully bumped revision number for resource 3e73c4ab-ee43-49dd-8ed3-a358b2ede346 (type: security_groups) to 1
2026-05-26 07:05:55.510 9 INFO neutron.db.ovn_revision_numbers_db [None req-0a324830-9e98-4b28-b51a-f7e180a0149e bdc57cc289ff4af597ad83f15f333f32 2311cee92ccf42af81e57fe8944b7b66 - - default default] Successfully bumped revision number for resource 268fdcd7-f6c8-469f-b03f-91d840ee8310 (type: security_group_rules) to 0
2026-05-26 07:05:55.521 9 INFO neutron.db.ovn_revision_numbers_db [None req-0a324830-9e98-4b28-b51a-f7e180a0149e bdc57cc289ff4af597ad83f15f333f32 2311cee92ccf42af81e57fe8944b7b66 - - default default] Successfully bumped revision number for resource 6131f87f-15c2-4a07-8df5-494223cc8f92 (type: security_group_rules) to 0
2026-05-26 07:05:55.586 9 INFO neutron.api.wsgi [None req-0a324830-9e98-4b28-b51a-f7e180a0149e bdc57cc289ff4af597ad83f15f333f32 2311cee92ccf42af81e57fe8944b7b66 - - default default] 10.0.0.207 "POST /v2.0/security-groups HTTP/1.1" status: 201 len: 1801 time: 0.2331665
2026-05-26 07:05:55.596 9 WARNING neutron_lib.context [None req-1a378b7e-9ebc-47fe-8ecf-c44c031e3ffc bdc57cc289ff4af597ad83f15f333f32 2311cee92ccf42af81e57fe8944b7b66 - - default default] Method 'is_advsvc' is deprecated since 2023.2 release (neutron-lib 3.8.0) and will be removed once support for the old RBAC API policies will be removed from Neutron. Please use method 'is_service_role' instead.
2026-05-26 07:05:55.722 9 INFO neutron.db.ovn_revision_numbers_db [None req-1a378b7e-9ebc-47fe-8ecf-c44c031e3ffc bdc57cc289ff4af597ad83f15f333f32 2311cee92ccf42af81e57fe8944b7b66 - - default default] Successfully bumped revision number for resource f3c6a7e6-231c-416a-8440-e987d9ef5d5c (type: security_groups) to 1
2026-05-26 07:05:55.735 9 INFO neutron.db.ovn_revision_numbers_db [None req-1a378b7e-9ebc-47fe-8ecf-c44c031e3ffc bdc57cc289ff4af597ad83f15f333f32 2311cee92ccf42af81e57fe8944b7b66 - - default default] Successfully bumped revision number for resource 35b1e934-12ad-4b78-ae54-a400c94a1fd7 (type: security_group_rules) to 0
2026-05-26 07:05:55.749 9 INFO neutron.db.ovn_revision_numbers_db [None req-1a378b7e-9ebc-47fe-8ecf-c44c031e3ffc bdc57cc289ff4af597ad83f15f333f32 2311cee92ccf42af81e57fe8944b7b66 - - default default] Successfully bumped revision number for resource b84d10a5-ee0e-4900-9dbe-1079691b8e76 (type: security_group_rules) to 0
2026-05-26 07:05:55.787 9 INFO neutron.api.wsgi [None req-1a378b7e-9ebc-47fe-8ecf-c44c031e3ffc bdc57cc289ff4af597ad83f15f333f32 2311cee92ccf42af81e57fe8944b7b66 - - default default] 10.0.0.207 "POST /v2.0/security-groups HTTP/1.1" status: 201 len: 1801 time: 0.1948717
2026-05-26 07:05:55.797 9 WARNING neutron_lib.context [None req-3d877521-6f2e-476b-a10f-d3e87422f0e7 bdc57cc289ff4af597ad83f15f333f32 2311cee92ccf42af81e57fe8944b7b66 - - default default] Method 'is_advsvc' is deprecated since 2023.2 release (neutron-lib 3.8.0) and will be removed once support for the old RBAC API policies will be removed from Neutron. Please use method 'is_service_role' instead.
2026-05-26 07:05:55.908 9 INFO neutron.db.ovn_revision_numbers_db [None req-3d877521-6f2e-476b-a10f-d3e87422f0e7 bdc57cc289ff4af597ad83f15f333f32 2311cee92ccf42af81e57fe8944b7b66 - - default default] Successfully bumped revision number for resource 7fef5cec-58f1-4a14-96de-da96ee196551 (type: security_groups) to 1
2026-05-26 07:05:55.923 9 INFO neutron.db.ovn_revision_numbers_db [None req-3d877521-6f2e-476b-a10f-d3e87422f0e7 bdc57cc289ff4af597ad83f15f333f32 2311cee92ccf42af81e57fe8944b7b66 - - default default] Successfully bumped revision number for resource 5c5751b1-a558-45dd-b790-09a5de2d924f (type: security_group_rules) to 0
2026-05-26 07:05:55.933 9 INFO neutron.db.ovn_revision_numbers_db [None req-3d877521-6f2e-476b-a10f-d3e87422f0e7 bdc57cc289ff4af597ad83f15f333f32 2311cee92ccf42af81e57fe8944b7b66 - - default default] Successfully bumped revision number for resource b7137194-0529-4912-9756-f790354466e6 (type: security_group_rules) to 0
2026-05-26 07:05:55.973 9 INFO neutron.api.wsgi [None req-3d877521-6f2e-476b-a10f-d3e87422f0e7 bdc57cc289ff4af597ad83f15f333f32 2311cee92ccf42af81e57fe8944b7b66 - - default default] 10.0.0.207 "POST /v2.0/security-groups HTTP/1.1" status: 201 len: 1801 time: 0.1803501
2026-05-26 07:05:56.016 9 INFO neutron.api.wsgi [None req-4b0341ce-00ca-436d-86eb-6c281e3a6396 bdc57cc289ff4af597ad83f15f333f32 2311cee92ccf42af81e57fe8944b7b66 - - default default] 10.0.0.207 "PUT /v2.0/security-groups/e6c09a98-9271-44dd-b837-7d3db6bf089d/tags HTTP/1.1" status: 200 len: 210 time: 0.0386968
2026-05-26 07:05:56.024 9 INFO neutron.api.wsgi [req-3bcf020d-c01f-44e7-931b-1a561ffa4ffd req-1c8754c5-5be0-4c78-be43-c5a794b9bab5 13faa2a346d14bed813f625ec485ae3b 6b9097c14aad481cbf2d082596e73c04 - - default default] 10.0.0.108 "GET /v2.0/ports?device_id=9c94bc9f-7435-47eb-9c4a-73e336c8e21f HTTP/1.1" status: 200 len: 1214 time: 0.0763168
2026-05-26 07:05:56.080 9 INFO neutron.api.wsgi [req-3bcf020d-c01f-44e7-931b-1a561ffa4ffd req-27aa7999-0172-4613-87e4-d2f0c4a9614f 13faa2a346d14bed813f625ec485ae3b 6b9097c14aad481cbf2d082596e73c04 - - default default] 10.0.0.108 "GET /v2.0/security-groups?id=ef58cf43-5a2d-4266-98cb-b04e7d7d64d6&id=df12a071-da63-4861-9cec-4a9183c7efd4&fields=id&fields=name HTTP/1.1" status: 200 len: 406 time: 0.0473318
2026-05-26 07:05:56.081 8 INFO neutron.api.wsgi [None req-dcd091e2-0f19-4c74-bcdf-cc7ff9a37670 bdc57cc289ff4af597ad83f15f333f32 2311cee92ccf42af81e57fe8944b7b66 - - default default] 10.0.0.207 "PUT /v2.0/security-groups/242fd790-ce6f-43f0-97ef-21c3fb970063/tags HTTP/1.1" status: 200 len: 218 time: 0.0586994
2026-05-26 07:05:56.131 9 INFO neutron.api.wsgi [None req-4d6ca6c8-60e6-4c12-a9a3-e614d8ea3fed bdc57cc289ff4af597ad83f15f333f32 2311cee92ccf42af81e57fe8944b7b66 - - default default] 10.0.0.207 "PUT /v2.0/security-groups/3e73c4ab-ee43-49dd-8ed3-a358b2ede346/tags HTTP/1.1" status: 200 len: 227 time: 0.0405436
2026-05-26 07:05:56.164 9 INFO neutron.api.wsgi [None req-13bd5381-1ca6-47f8-b90e-0ddc8a14c827 bdc57cc289ff4af597ad83f15f333f32 2311cee92ccf42af81e57fe8944b7b66 - - default default] 10.0.0.207 "PUT /v2.0/security-groups/f3c6a7e6-231c-416a-8440-e987d9ef5d5c/tags HTTP/1.1" status: 200 len: 212 time: 0.0286603
2026-05-26 07:05:56.209 9 INFO neutron.api.wsgi [None req-2a39b9f1-2120-4117-b831-618073b2a149 bdc57cc289ff4af597ad83f15f333f32 2311cee92ccf42af81e57fe8944b7b66 - - default default] 10.0.0.207 "GET /v2.0/security-groups?tags=red HTTP/1.1" status: 200 len: 4999 time: 0.0391498
2026-05-26 07:05:56.249 9 INFO neutron.api.wsgi [None req-06ddaf6c-2178-4114-aab5-09a362668177 bdc57cc289ff4af597ad83f15f333f32 2311cee92ccf42af81e57fe8944b7b66 - - default default] 10.0.0.207 "GET /v2.0/security-groups?tags=red%2Cblue HTTP/1.1" status: 200 len: 3413 time: 0.0344417
2026-05-26 07:05:56.290 9 INFO neutron.api.wsgi [None req-fceb57fc-d421-4e57-bdbb-de40581dd22d bdc57cc289ff4af597ad83f15f333f32 2311cee92ccf42af81e57fe8944b7b66 - - default default] 10.0.0.207 "GET /v2.0/security-groups?tags-any=blue HTTP/1.1" status: 200 len: 3413 time: 0.0360813
2026-05-26 07:05:56.336 9 INFO neutron.api.wsgi [None req-468ad906-c995-4ce9-b70b-6b30826f1c79 bdc57cc289ff4af597ad83f15f333f32 2311cee92ccf42af81e57fe8944b7b66 - - default default] 10.0.0.207 "GET /v2.0/security-groups?tags-any=red%2Cblue HTTP/1.1" status: 200 len: 4999 time: 0.0425146
2026-05-26 07:05:56.396 8 INFO neutron.api.wsgi [None req-cd7cf1bc-1d7c-4ff1-9ab0-ead8a160fe38 bdc57cc289ff4af597ad83f15f333f32 2311cee92ccf42af81e57fe8944b7b66 - - default default] 10.0.0.207 "GET /v2.0/security-groups?not-tags=red HTTP/1.1" status: 200 len: 6289 time: 0.0555184
2026-05-26 07:05:56.444 8 INFO neutron.api.wsgi [None req-ef8135c9-7d42-4a20-9423-a52e4a1b050b bdc57cc289ff4af597ad83f15f333f32 2311cee92ccf42af81e57fe8944b7b66 - - default default] 10.0.0.207 "GET /v2.0/security-groups?not-tags=red%2Cblue HTTP/1.1" status: 200 len: 7875 time: 0.0431805
2026-05-26 07:05:56.496 8 INFO neutron.api.wsgi [None req-fa4ed52a-bba0-44f2-b335-91139eef8d60 bdc57cc289ff4af597ad83f15f333f32 2311cee92ccf42af81e57fe8944b7b66 - - default default] 10.0.0.207 "GET /v2.0/security-groups?not-tags-any=blue HTTP/1.1" status: 200 len: 7875 time: 0.0470119
2026-05-26 07:05:56.520 9 INFO neutron.plugins.ml2.drivers.ovn.mech_driver.mech_driver [None req-0948f005-5f6a-4233-9428-fc4dd9868455 - - - - - -] OVN reports status down for port: 3e54025c-3d5f-4b44-be62-27ded81b149d
2026-05-26 07:05:56.548 8 INFO neutron.api.wsgi [None req-582097a6-5bc6-4704-a29c-9677e05bec4b bdc57cc289ff4af597ad83f15f333f32 2311cee92ccf42af81e57fe8944b7b66 - - default default] 10.0.0.207 "GET /v2.0/security-groups?not-tags-any=red%2Cblue HTTP/1.1" status: 200 len: 6289 time: 0.0474665
2026-05-26 07:05:56.656 9 INFO neutron.notifiers.nova [-] Nova event matching ['req-e2f96453-3cbd-42e7-9134-36b1cf7662c7'] response: {'server_uuid': '9c94bc9f-7435-47eb-9c4a-73e336c8e21f', 'name': 'network-vif-unplugged', 'status': 'completed', 'tag': '3e54025c-3d5f-4b44-be62-27ded81b149d', 'code': 200}
2026-05-26 07:05:56.699 8 INFO neutron.api.wsgi [None req-e7514957-6297-4b6e-8d6b-b7bf7195b9f8 bdc57cc289ff4af597ad83f15f333f32 2311cee92ccf42af81e57fe8944b7b66 - - default default] 10.0.0.207 "DELETE /v2.0/security-groups/e6c09a98-9271-44dd-b837-7d3db6bf089d HTTP/1.1" status: 204 len: 168 time: 0.1430240
2026-05-26 07:05:56.790 9 INFO neutron.db.ovn_revision_numbers_db [None req-0948f005-5f6a-4233-9428-fc4dd9868455 - - - - - -] Successfully bumped revision number for resource 3e54025c-3d5f-4b44-be62-27ded81b149d (type: ports) to 6
2026-05-26 07:05:56.829 8 INFO neutron.api.wsgi [None req-f90d2271-05c0-48b4-a783-ad7275d12556 bdc57cc289ff4af597ad83f15f333f32 2311cee92ccf42af81e57fe8944b7b66 - - default default] 10.0.0.207 "DELETE /v2.0/security-groups/242fd790-ce6f-43f0-97ef-21c3fb970063 HTTP/1.1" status: 204 len: 168 time: 0.1237352
2026-05-26 07:05:56.934 8 INFO neutron.api.wsgi [None req-ea8ebb57-a051-4012-b81d-3e3ed0600e46 bdc57cc289ff4af597ad83f15f333f32 2311cee92ccf42af81e57fe8944b7b66 - - default default] 10.0.0.207 "DELETE /v2.0/security-groups/3e73c4ab-ee43-49dd-8ed3-a358b2ede346 HTTP/1.1" status: 204 len: 168 time: 0.0995669
2026-05-26 07:05:57.034 8 INFO neutron.api.wsgi [None req-210cb50a-30ae-4ede-8953-03972d72eb10 bdc57cc289ff4af597ad83f15f333f32 2311cee92ccf42af81e57fe8944b7b66 - - default default] 10.0.0.207 "DELETE /v2.0/security-groups/f3c6a7e6-231c-416a-8440-e987d9ef5d5c HTTP/1.1" status: 204 len: 168 time: 0.0944808 /var/lib/openstack/lib/python3.12/site-packages/pycadf/identifier.py:71: UserWarning: Invalid uuid: neutron. To ensure interoperability, identifiers should be a valid uuid. warnings.warn(('Invalid uuid: %s. To ensure interoperability, '
2026-05-26 07:05:57.157 8 INFO neutron.api.wsgi [None req-684d97fb-231b-46a8-a31f-7e1688e604b6 bdc57cc289ff4af597ad83f15f333f32 2311cee92ccf42af81e57fe8944b7b66 - - default default] 10.0.0.207 "DELETE /v2.0/security-groups/7fef5cec-58f1-4a14-96de-da96ee196551 HTTP/1.1" status: 204 len: 168 time: 0.1186299
2026-05-26 07:05:57.180 9 INFO neutron.api.wsgi [req-e4e0811e-d0b4-4529-9bb3-884151bd9241 req-0facfaa7-3da7-46df-8c2a-1341eb4166e4 13faa2a346d14bed813f625ec485ae3b 6b9097c14aad481cbf2d082596e73c04 - - default default] 10.0.0.108 "GET /v2.0/ports?device_id=9c94bc9f-7435-47eb-9c4a-73e336c8e21f HTTP/1.1" status: 200 len: 1212 time: 0.0439413
2026-05-26 07:05:57.217 9 INFO neutron.api.wsgi [req-e4e0811e-d0b4-4529-9bb3-884151bd9241 req-d45f94b3-a999-44c9-8e95-b5c58eaba23f 13faa2a346d14bed813f625ec485ae3b 6b9097c14aad481cbf2d082596e73c04 - - default default] 10.0.0.108 "GET /v2.0/security-groups?id=ef58cf43-5a2d-4266-98cb-b04e7d7d64d6&id=df12a071-da63-4861-9cec-4a9183c7efd4&fields=id&fields=name HTTP/1.1" status: 200 len: 406 time: 0.0320721
2026-05-26 07:05:57.312 8 INFO neutron.api.wsgi [None req-38910b6c-5c03-4d44-a9d7-37d011df610c f15d2cd5c45f4f5d8f37d102c3e8a765 c56b6ac1fcc44a29bdf618ea45853f1e - - default default] 10.0.0.207 "POST /v2.0/qos/policies HTTP/1.1" status: 201 len: 558 time: 0.1460493
2026-05-26 07:05:57.343 8 INFO neutron.api.wsgi [None req-7045498c-168b-404a-9c68-602d6529d646 f15d2cd5c45f4f5d8f37d102c3e8a765 c56b6ac1fcc44a29bdf618ea45853f1e - - default default] 10.0.0.207 "PUT /v2.0/policies/a4396c94-072a-43b9-adef-d3629047477f/tags HTTP/1.1" status: 200 len: 218 time: 0.0248868
2026-05-26 07:05:57.364 8 INFO neutron.api.wsgi [None req-518035f9-bc65-4a78-9fc4-4639f1b7f504 f15d2cd5c45f4f5d8f37d102c3e8a765 c56b6ac1fcc44a29bdf618ea45853f1e - - default default] 10.0.0.207 "GET /v2.0/policies/a4396c94-072a-43b9-adef-d3629047477f/tags HTTP/1.1" status: 200 len: 218 time: 0.0162854
2026-05-26 07:05:57.400 8 INFO neutron.api.wsgi [None req-986b9f14-b4c2-495b-9ba8-64eec76dbf10 f15d2cd5c45f4f5d8f37d102c3e8a765 c56b6ac1fcc44a29bdf618ea45853f1e - - default default] 10.0.0.207 "PUT /v2.0/policies/a4396c94-072a-43b9-adef-d3629047477f/tags/green HTTP/1.1" status: 201 len: 201 time: 0.0301673
2026-05-26 07:05:57.419 8 INFO neutron.api.wsgi [None req-6d6ca5e6-5dde-4c28-9149-87b5144d8458 f15d2cd5c45f4f5d8f37d102c3e8a765 c56b6ac1fcc44a29bdf618ea45853f1e - - default default] 10.0.0.207 "GET /v2.0/policies/a4396c94-072a-43b9-adef-d3629047477f/tags HTTP/1.1" status: 200 len: 227 time: 0.0138555
2026-05-26 07:05:57.443 8 INFO neutron.api.wsgi [None req-ab0f2bf7-fafe-4ba3-8da6-0f453360e20d f15d2cd5c45f4f5d8f37d102c3e8a765 c56b6ac1fcc44a29bdf618ea45853f1e - - default default] 10.0.0.207 "PUT /v2.0/policies/a4396c94-072a-43b9-adef-d3629047477f/tags/red HTTP/1.1" status: 201 len: 201 time: 0.0184834
2026-05-26 07:05:57.461 8 INFO neutron.api.wsgi [None req-a372ab9c-28b9-438c-a8bc-3728ff16817f f15d2cd5c45f4f5d8f37d102c3e8a765 c56b6ac1fcc44a29bdf618ea45853f1e - - default default] 10.0.0.207 "GET /v2.0/policies/a4396c94-072a-43b9-adef-d3629047477f/tags HTTP/1.1" status: 200 len: 227 time: 0.0128562
2026-05-26 07:05:57.505 8 INFO neutron.api.wsgi [None req-61f37fe1-900a-4837-8b09-6835f3cbf702 f15d2cd5c45f4f5d8f37d102c3e8a765 c56b6ac1fcc44a29bdf618ea45853f1e - - default default] 10.0.0.207 "PUT /v2.0/policies/a4396c94-072a-43b9-adef-d3629047477f/tags/black.or.white HTTP/1.1" status: 201 len: 201 time: 0.0403309
2026-05-26 07:05:57.525 8 INFO neutron.api.wsgi [None req-b4dfd1df-ca00-47df-a88e-5fe60705146f f15d2cd5c45f4f5d8f37d102c3e8a765 c56b6ac1fcc44a29bdf618ea45853f1e - - default default] 10.0.0.207 "GET /v2.0/policies/a4396c94-072a-43b9-adef-d3629047477f/tags HTTP/1.1" status: 200 len: 245 time: 0.0155587
2026-05-26 07:05:57.555 8 INFO neutron.api.wsgi [None req-e1556a02-e524-49ac-8828-f5fb2f237544 f15d2cd5c45f4f5d8f37d102c3e8a765 c56b6ac1fcc44a29bdf618ea45853f1e - - default default] 10.0.0.207 "PUT /v2.0/policies/a4396c94-072a-43b9-adef-d3629047477f/tags HTTP/1.1" status: 200 len: 230 time: 0.0264156
2026-05-26 07:05:57.573 8 INFO neutron.api.wsgi [None req-04e758a3-1de9-4721-b472-8b8a7cef9708 f15d2cd5c45f4f5d8f37d102c3e8a765 c56b6ac1fcc44a29bdf618ea45853f1e - - default default] 10.0.0.207 "GET /v2.0/policies/a4396c94-072a-43b9-adef-d3629047477f/tags HTTP/1.1" status: 200 len: 230 time: 0.0133958
2026-05-26 07:05:57.590 8 INFO neutron.api.wsgi [None req-c9e6e88b-9df0-4ba3-983f-cf0cd82e9935 f15d2cd5c45f4f5d8f37d102c3e8a765 c56b6ac1fcc44a29bdf618ea45853f1e - - default default] 10.0.0.207 "GET /v2.0/policies/a4396c94-072a-43b9-adef-d3629047477f/tags/red HTTP/1.1" status: 204 len: 168 time: 0.0129793
2026-05-26 07:05:57.610 8 INFO neutron.api.v2.resource [None req-6710297d-2607-4d4c-9789-0f637665279b f15d2cd5c45f4f5d8f37d102c3e8a765 c56b6ac1fcc44a29bdf618ea45853f1e - - default default] show failed (client error): The resource could not be found.
2026-05-26 07:05:57.611 8 INFO neutron.api.wsgi [None req-6710297d-2607-4d4c-9789-0f637665279b f15d2cd5c45f4f5d8f37d102c3e8a765 c56b6ac1fcc44a29bdf618ea45853f1e - - default default] 10.0.0.207 "GET /v2.0/policies/a4396c94-072a-43b9-adef-d3629047477f/tags/green HTTP/1.1" status: 404 len: 299 time: 0.0169683
2026-05-26 07:05:57.646 8 INFO neutron.api.wsgi [None req-1e884421-c67e-4b52-9af0-8e62b7410666 f15d2cd5c45f4f5d8f37d102c3e8a765 c56b6ac1fcc44a29bdf618ea45853f1e - - default default] 10.0.0.207 "DELETE /v2.0/policies/a4396c94-072a-43b9-adef-d3629047477f/tags/red HTTP/1.1" status: 204 len: 168 time: 0.0275085
2026-05-26 07:05:57.666 8 INFO neutron.api.wsgi [None req-93ea226b-db60-408b-a357-8ed7fbcd7f7c f15d2cd5c45f4f5d8f37d102c3e8a765 c56b6ac1fcc44a29bdf618ea45853f1e - - default default] 10.0.0.207 "GET /v2.0/policies/a4396c94-072a-43b9-adef-d3629047477f/tags HTTP/1.1" status: 200 len: 223 time: 0.0152223
2026-05-26 07:05:57.690 8 INFO neutron.api.v2.resource [None req-c81caede-6d3b-40f9-b31c-1efeccb67cbf f15d2cd5c45f4f5d8f37d102c3e8a765 c56b6ac1fcc44a29bdf618ea45853f1e - - default default] delete failed (client error): The resource could not be found.
2026-05-26 07:05:57.692 8 INFO neutron.api.wsgi [None req-c81caede-6d3b-40f9-b31c-1efeccb67cbf f15d2cd5c45f4f5d8f37d102c3e8a765 c56b6ac1fcc44a29bdf618ea45853f1e - - default default] 10.0.0.207 "DELETE /v2.0/policies/a4396c94-072a-43b9-adef-d3629047477f/tags/green HTTP/1.1" status: 404 len: 299 time: 0.0208881
2026-05-26 07:05:57.727 8 INFO neutron.api.wsgi [req-2976967b-5118-46ca-a5d3-608e9763db39 req-a2633e8b-8364-4059-92e0-1635f552990f 13faa2a346d14bed813f625ec485ae3b 6b9097c14aad481cbf2d082596e73c04 - - default default] 199.204.45.30 "GET /v2.0/ports?device_id=9c94bc9f-7435-47eb-9c4a-73e336c8e21f HTTP/1.1" status: 200 len: 1212 time: 0.0338087
2026-05-26 07:05:57.753 9 INFO neutron.api.wsgi [None req-342a1189-48f8-4a1a-bfd1-d75c9b37bc12 f15d2cd5c45f4f5d8f37d102c3e8a765 c56b6ac1fcc44a29bdf618ea45853f1e - - default default] 10.0.0.207 "DELETE /v2.0/policies/a4396c94-072a-43b9-adef-d3629047477f/tags HTTP/1.1" status: 204 len: 168 time: 0.0576091
2026-05-26 07:05:57.772 9 INFO neutron.api.wsgi [None req-63a57bd3-0ca3-4db3-9349-2e2eb19c64df f15d2cd5c45f4f5d8f37d102c3e8a765 c56b6ac1fcc44a29bdf618ea45853f1e - - default default] 10.0.0.207 "GET /v2.0/policies/a4396c94-072a-43b9-adef-d3629047477f/tags HTTP/1.1" status: 200 len: 205 time: 0.0137310
2026-05-26 07:05:57.847 9 INFO neutron.api.wsgi [None req-091783c0-6d38-431f-bda3-4665c05c09fc f15d2cd5c45f4f5d8f37d102c3e8a765 c56b6ac1fcc44a29bdf618ea45853f1e - - default default] 10.0.0.207 "DELETE /v2.0/qos/policies/a4396c94-072a-43b9-adef-d3629047477f HTTP/1.1" status: 204 len: 168 time: 0.0646570
2026-05-26 07:05:58.115 8 INFO neutron.db.l3_db [req-2976967b-5118-46ca-a5d3-608e9763db39 req-8c269019-3a83-4c88-8730-5ebc71ff6948 13faa2a346d14bed813f625ec485ae3b 6b9097c14aad481cbf2d082596e73c04 - - default default] Floating IP 00d6be42-8af1-446b-819f-96d2a289d964 disassociated. External IP: 10.96.250.214, port: 3e54025c-3d5f-4b44-be62-27ded81b149d.
2026-05-26 07:05:58.242 8 INFO neutron.api.wsgi [req-2976967b-5118-46ca-a5d3-608e9763db39 req-8c269019-3a83-4c88-8730-5ebc71ff6948 13faa2a346d14bed813f625ec485ae3b 6b9097c14aad481cbf2d082596e73c04 - - default default] 199.204.45.30 "DELETE /v2.0/ports/3e54025c-3d5f-4b44-be62-27ded81b149d HTTP/1.1" status: 204 len: 173 time: 0.5117517
2026-05-26 07:05:58.261 9 INFO neutron.db.ovn_revision_numbers_db [None req-fb9baeb6-a249-4a11-a275-a59eb6b63788 e160c8d2e7734e6eaf7cf3c34533c8aa 89a95844525041ccab7632485cc48e4a - - default default] Successfully bumped revision number for resource e52bb8ed-d634-46d4-bb44-202e86df6cb5 (type: security_groups) to 1 /var/lib/openstack/lib/python3.12/site-packages/pycadf/identifier.py:71: UserWarning: Invalid uuid: neutron. To ensure interoperability, identifiers should be a valid uuid. warnings.warn(('Invalid uuid: %s. To ensure interoperability, '
2026-05-26 07:05:58.283 9 INFO neutron.db.ovn_revision_numbers_db [None req-fb9baeb6-a249-4a11-a275-a59eb6b63788 e160c8d2e7734e6eaf7cf3c34533c8aa 89a95844525041ccab7632485cc48e4a - - default default] Successfully bumped revision number for resource 14d6950b-5e47-47dc-98b9-80103c255752 (type: security_group_rules) to 0
2026-05-26 07:05:58.296 8 INFO neutron.api.wsgi [req-1780fb9b-9eb0-40fb-870a-590aaea28652 req-116376e9-3317-47ce-96be-e83602da964a 13faa2a346d14bed813f625ec485ae3b 6b9097c14aad481cbf2d082596e73c04 - - default default] 10.0.0.108 "GET /v2.0/ports?device_id=9c94bc9f-7435-47eb-9c4a-73e336c8e21f HTTP/1.1" status: 200 len: 210 time: 0.0222571
2026-05-26 07:05:58.295 9 INFO neutron.db.ovn_revision_numbers_db [None req-fb9baeb6-a249-4a11-a275-a59eb6b63788 e160c8d2e7734e6eaf7cf3c34533c8aa 89a95844525041ccab7632485cc48e4a - - default default] Successfully bumped revision number for resource 56e182e6-d798-4626-a721-b03e21f34c82 (type: security_group_rules) to 0
2026-05-26 07:05:58.305 8 INFO neutron.notifiers.nova [-] Nova event matching ['req-454f4a02-c8ee-40c5-ace0-d59067e0c23c'] response: {'server_uuid': '9c94bc9f-7435-47eb-9c4a-73e336c8e21f', 'name': 'network-vif-deleted', 'tag': '3e54025c-3d5f-4b44-be62-27ded81b149d', 'status': 'completed', 'code': 200}
2026-05-26 07:05:58.315 9 INFO neutron.db.ovn_revision_numbers_db [None req-fb9baeb6-a249-4a11-a275-a59eb6b63788 e160c8d2e7734e6eaf7cf3c34533c8aa 89a95844525041ccab7632485cc48e4a - - default default] Successfully bumped revision number for resource 78d56ce4-b30b-4f64-bd4a-dc8095e75c6e (type: security_group_rules) to 0
2026-05-26 07:05:58.327 9 INFO neutron.db.ovn_revision_numbers_db [None req-fb9baeb6-a249-4a11-a275-a59eb6b63788 e160c8d2e7734e6eaf7cf3c34533c8aa 89a95844525041ccab7632485cc48e4a - - default default] Successfully bumped revision number for resource c74fa700-62f0-4f50-b8be-aa4e39393800 (type: security_group_rules) to 0
2026-05-26 07:05:58.361 9 INFO neutron.api.wsgi [None req-fb9baeb6-a249-4a11-a275-a59eb6b63788 e160c8d2e7734e6eaf7cf3c34533c8aa 89a95844525041ccab7632485cc48e4a - - default default] 10.0.0.207 "GET /v2.0/security-groups?tenant_id=c1729ea6221f479aaa5c747830d4a226&name=default HTTP/1.1" status: 200 len: 3120 time: 0.3850009
2026-05-26 07:05:58.551 9 INFO neutron.api.wsgi [None req-0ffd9dc4-3e8c-42e2-a93d-727a38e82eee e160c8d2e7734e6eaf7cf3c34533c8aa 89a95844525041ccab7632485cc48e4a - - default default] 10.0.0.207 "DELETE /v2.0/security-groups/e52bb8ed-d634-46d4-bb44-202e86df6cb5 HTTP/1.1" status: 204 len: 168 time: 0.1852038
