2026-05-26 07:06:47.233 9 INFO neutron.api.wsgi [None req-2b468c11-d07c-460c-ad41-8d3531b9ea46 810d5aef94af49e99401a92b1ba5b51f 0757cf678ffb401e897333fe6dd8a057 - - default default] 10.0.0.207 "DELETE /v2.0/subnets/5921d7b6-3c0f-4e07-a607-5ee87d291af9 HTTP/1.1" status: 204 len: 168 time: 0.2382319
2026-05-26 07:06:47.325 8 INFO neutron.api.wsgi [None req-24cff2b2-0225-4f30-af29-7def1d15374f e160c8d2e7734e6eaf7cf3c34533c8aa 89a95844525041ccab7632485cc48e4a - - default default] 10.0.0.240 "GET /v2.0/networks HTTP/1.1" status: 200 len: 12039 time: 0.0932086
2026-05-26 07:06:47.418 8 INFO neutron.api.wsgi [None req-562cfc14-43ab-4433-a1a6-0579526396bd e160c8d2e7734e6eaf7cf3c34533c8aa 89a95844525041ccab7632485cc48e4a - - default default] 10.0.0.240 "GET /v2.0/security-groups HTTP/1.1" status: 200 len: 34636 time: 0.0794950
2026-05-26 07:06:47.424 8 INFO neutron.api.wsgi [req-2b4cdbfb-dba3-4367-bcb2-aced701a1da4 req-912065f7-2115-42e7-8c40-361409fe4eb7 5cc28ca88589484ebeb3a1edd6cfa991 ef27d32609024d7db4196a6426b0fe1e - - default default] 10.0.0.108 "GET /v2.0/ports?device_id=a9847579-03e2-4df8-b3ff-5117a6b34f4f HTTP/1.1" status: 200 len: 1398 time: 0.0970252
2026-05-26 07:06:47.435 9 INFO neutron.api.wsgi [None req-455438a2-f54e-422b-a647-c085f7dc5f76 810d5aef94af49e99401a92b1ba5b51f 0757cf678ffb401e897333fe6dd8a057 - - default default] 10.0.0.207 "DELETE /v2.0/subnets/73f209b1-e10a-42bf-abb2-8b4a00388e5b HTTP/1.1" status: 204 len: 168 time: 0.1980808
2026-05-26 07:06:47.598 8 INFO neutron.api.wsgi [None req-ce93c0b2-871d-4985-b1e5-64bba9dce72d e160c8d2e7734e6eaf7cf3c34533c8aa 89a95844525041ccab7632485cc48e4a - - default default] 10.0.0.240 "GET /v2.0/ports HTTP/1.1" status: 200 len: 35639 time: 0.1596379
2026-05-26 07:06:47.610 8 INFO neutron.api.wsgi [req-2b4cdbfb-dba3-4367-bcb2-aced701a1da4 req-dc40f90a-eab3-4973-bc0c-45f6f2cc797c 5cc28ca88589484ebeb3a1edd6cfa991 ef27d32609024d7db4196a6426b0fe1e - - default default] 10.0.0.108 "GET /v2.0/security-groups?id=b4ea91a2-2e63-4230-81ff-a49a5ecc90a6&fields=id&fields=name HTTP/1.1" status: 200 len: 310 time: 0.1782579
2026-05-26 07:06:47.649 8 INFO neutron.api.wsgi [None req-59112a43-1f0d-438f-b110-f4e2a896d1bb e160c8d2e7734e6eaf7cf3c34533c8aa 89a95844525041ccab7632485cc48e4a - - default default] 10.0.0.240 "GET /v2.0/network-ip-availabilities HTTP/1.1" status: 200 len: 7095 time: 0.0271122
2026-05-26 07:06:47.664 9 INFO neutron.api.wsgi [None req-808f847b-8059-42c0-be3e-524dd5585595 810d5aef94af49e99401a92b1ba5b51f 0757cf678ffb401e897333fe6dd8a057 - - default default] 10.0.0.207 "DELETE /v2.0/subnets/96437c34-fed4-437b-9f61-cbf96684200f HTTP/1.1" status: 204 len: 168 time: 0.2186449
2026-05-26 07:06:47.713 8 INFO neutron.api.wsgi [None req-742b5cdc-18ee-4da5-9bd6-0aa6fb5e26cc e160c8d2e7734e6eaf7cf3c34533c8aa 89a95844525041ccab7632485cc48e4a - - default default] 10.0.0.240 "GET /v2.0/subnets HTTP/1.1" status: 200 len: 10265 time: 0.0622487
2026-05-26 07:06:47.724 8 INFO neutron.api.wsgi [None req-824f6f77-87a7-4c7e-a72e-0c92536d88da e160c8d2e7734e6eaf7cf3c34533c8aa 89a95844525041ccab7632485cc48e4a - - default default] 10.0.0.240 "GET /v2.0/subnetpools HTTP/1.1" status: 200 len: 193 time: 0.0088003
2026-05-26 07:06:47.773 8 INFO neutron.api.wsgi [None req-99a4404e-cf43-42c9-8d88-d7b2c89a0e40 e160c8d2e7734e6eaf7cf3c34533c8aa 89a95844525041ccab7632485cc48e4a - - default default] 10.0.0.240 "GET /v2.0/subnets HTTP/1.1" status: 200 len: 10265 time: 0.0481002
2026-05-26 07:06:47.837 9 INFO neutron.api.wsgi [None req-34ce6f21-899f-4097-ac87-c8475a82ddec 810d5aef94af49e99401a92b1ba5b51f 0757cf678ffb401e897333fe6dd8a057 - - default default] 10.0.0.207 "DELETE /v2.0/subnets/3513c18c-dd1f-46b0-90b4-ec70521ca14a HTTP/1.1" status: 204 len: 168 time: 0.1633427
2026-05-26 07:06:47.883 8 INFO neutron.api.wsgi [None req-0ff5b697-c456-4122-b555-e0160be86ce6 e160c8d2e7734e6eaf7cf3c34533c8aa 89a95844525041ccab7632485cc48e4a - - default default] 10.0.0.240 "GET /v2.0/routers HTTP/1.1" status: 200 len: 4086 time: 0.1061451
2026-05-26 07:06:47.900 8 INFO neutron.api.wsgi [None req-d20dbe55-ef2d-4368-802f-4376826a3b86 e160c8d2e7734e6eaf7cf3c34533c8aa 89a95844525041ccab7632485cc48e4a - - default default] 10.0.0.240 "GET /v2.0/agents?binary=ovn-controller HTTP/1.1" status: 200 len: 591 time: 0.0108206
2026-05-26 07:06:47.915 8 INFO neutron.db.ovn_revision_numbers_db [None req-78e2e60a-4567-47fe-a793-b73974af1e85 - - - - - -] Successfully bumped revision number for resource d1815a64-a901-4630-a895-495f82022be4 (type: router_ports) to 1
2026-05-26 07:06:48.003 9 INFO neutron.api.wsgi [None req-c750b323-a1a0-4acc-ade6-cbac29145a39 810d5aef94af49e99401a92b1ba5b51f 0757cf678ffb401e897333fe6dd8a057 - - default default] 10.0.0.207 "DELETE /v2.0/subnets/83dca4cf-5f79-4939-a6a0-c23f2243c6ac HTTP/1.1" status: 204 len: 168 time: 0.1619260
2026-05-26 07:06:48.165 8 WARNING neutron.scheduler.dhcp_agent_scheduler [None req-78e2e60a-4567-47fe-a793-b73974af1e85 - - - - - -] No more DHCP agents
2026-05-26 07:06:48.170 8 WARNING neutron.api.rpc.agentnotifiers.dhcp_rpc_agent_api [None req-78e2e60a-4567-47fe-a793-b73974af1e85 - - - - - -] Unable to schedule network db9b6dc2-9aa0-4b80-8e1b-47f64dce6e88: no agents available; will retry on subsequent port and subnet creation events.
2026-05-26 07:06:48.289 9 INFO neutron.services.segments.plugin [-] Segment e7690dc8-cd67-4a58-9e3c-2d8ff8ab983b resource provider aggregate not found
2026-05-26 07:06:48.295 9 INFO neutron.services.segments.plugin [-] Segment e7690dc8-cd67-4a58-9e3c-2d8ff8ab983b resource provider aggregate not found
2026-05-26 07:06:48.309 9 INFO neutron.services.segments.plugin [-] Segment e7690dc8-cd67-4a58-9e3c-2d8ff8ab983b resource provider not found; error: Placement Client Error (4xx): {"errors": [{"status": 404, "title": "Not Found", "detail": "The resource could not be found.\n\n No resource provider with uuid e7690dc8-cd67-4a58-9e3c-2d8ff8ab983b found for delete ", "request_id": "req-ac20d0e3-7298-47fc-a71b-e1eca929d2b5"}]}
2026-05-26 07:06:48.317 9 INFO neutron.services.segments.plugin [-] Segment e7690dc8-cd67-4a58-9e3c-2d8ff8ab983b resource provider not found; error: Placement Client Error (4xx): {"errors": [{"status": 404, "title": "Not Found", "detail": "The resource could not be found.\n\n No resource provider with uuid e7690dc8-cd67-4a58-9e3c-2d8ff8ab983b found for delete ", "request_id": "req-a238a524-fc95-4073-9c2e-8e3c68dabd44"}]}
2026-05-26 07:06:48.335 8 INFO neutron.db.ovn_revision_numbers_db [None req-78e2e60a-4567-47fe-a793-b73974af1e85 - - - - - -] Successfully bumped revision number for resource 0db4c68a-6eeb-4b96-b993-3256f276737a (type: ports) to 1
2026-05-26 07:06:48.339 9 INFO neutron.api.wsgi [None req-741dcbab-1e09-4873-8160-bed1eda9eae8 810d5aef94af49e99401a92b1ba5b51f 0757cf678ffb401e897333fe6dd8a057 - - default default] 10.0.0.207 "DELETE /v2.0/networks/b2f1489b-b5a7-409c-b736-9ca7094bd187 HTTP/1.1" status: 204 len: 168 time: 0.3287299
2026-05-26 07:06:48.547 8 INFO neutron.db.ovn_revision_numbers_db [None req-78e2e60a-4567-47fe-a793-b73974af1e85 - - - - - -] Successfully bumped revision number for resource 0db4c68a-6eeb-4b96-b993-3256f276737a (type: ports) to 3
2026-05-26 07:06:48.597 12 ERROR oslo_messaging.rpc.server [None req-5a28d3fb-1af7-4f44-826f-208ddde7729a a33934a612704b31b3cafa268b4b222a b46e523687e447cbae672fe87dcd988a - - default default] Exception during message handling: sqlalchemy.exc.PendingRollbackError: This Session's transaction has been rolled back due to a previous exception during flush. To begin a new transaction with this Session, first issue Session.rollback(). Original exception was: (pymysql.err.IntegrityError) (1062, "Duplicate entry 'b687d913-b581-4a4a-9522-fcadca3d2286-36a335bd-5141-5659-b150-71f' for key 'routervpnagentbindings.PRIMARY'") [SQL: INSERT INTO routervpnagentbindings (router_id, vpn_agent_id) VALUES (%(router_id)s, %(vpn_agent_id)s)] [parameters: {'router_id': 'b687d913-b581-4a4a-9522-fcadca3d2286', 'vpn_agent_id': '36a335bd-5141-5659-b150-71f5a70fbd88'}] (Background on this error at: https://sqlalche.me/e/20/gkpj) (Background on this error at: https://sqlalche.me/e/20/7s2a)
2026-05-26 07:06:48.597 12 ERROR oslo_messaging.rpc.server
Traceback (most recent call last):
2026-05-26 07:06:48.597 12 ERROR oslo_messaging.rpc.server
File "/var/lib/openstack/lib/python3.12/site-packages/oslo_messaging/rpc/server.py", line 172, in _process_incoming
2026-05-26 07:06:48.597 12 ERROR oslo_messaging.rpc.server res = self.dispatcher.dispatch(message)
2026-05-26 07:06:48.597 12 ERROR oslo_messaging.rpc.server ^^^^^^^^^^^^^^^^^^^^^^^^^^^^^^^^^
2026-05-26 07:06:48.597 12 ERROR oslo_messaging.rpc.server
File "/var/lib/openstack/lib/python3.12/site-packages/oslo_messaging/rpc/dispatcher.py", line 309, in dispatch
2026-05-26 07:06:48.597 12 ERROR oslo_messaging.rpc.server return self._do_dispatch(endpoint, method, ctxt, args)
2026-05-26 07:06:48.597 12 ERROR oslo_messaging.rpc.server ^^^^^^^^^^^^^^^^^^^^^^^^^^^^^^^^^^^^^^^^^^^^^^^
2026-05-26 07:06:48.597 12 ERROR oslo_messaging.rpc.server
File "/var/lib/openstack/lib/python3.12/site-packages/oslo_messaging/rpc/dispatcher.py", line 229, in _do_dispatch
2026-05-26 07:06:48.597 12 ERROR oslo_messaging.rpc.server result = func(ctxt, **new_args)
2026-05-26 07:06:48.597 12 ERROR oslo_messaging.rpc.server ^^^^^^^^^^^^^^^^^^^^^^
2026-05-26 07:06:48.597 12 ERROR oslo_messaging.rpc.server
File "/var/lib/openstack/lib/python3.12/site-packages/oslo_db/sqlalchemy/enginefacade.py", line 998, in wrapper
2026-05-26 07:06:48.597 12 ERROR oslo_messaging.rpc.server return fn(*args, **kwargs)
2026-05-26 07:06:48.597 12 ERROR oslo_messaging.rpc.server ^^^^^^^^^^^^^^^^^^^
2026-05-26 07:06:48.597 12 ERROR oslo_messaging.rpc.server
File "/var/lib/openstack/lib/python3.12/site-packages/neutron_vpnaas/services/vpn/service_drivers/base_ipsec.py", line 80, in get_vpn_services_on_host
2026-05-26 07:06:48.597 12 ERROR oslo_messaging.rpc.server local_cidr_map = plugin._build_local_subnet_cidr_map(context)
2026-05-26 07:06:48.597 12 ERROR oslo_messaging.rpc.server ^^^^^^^^^^^^^^^^^^^^^^^^^^^^^^^^^^^^^^^^^^^^
2026-05-26 07:06:48.597 12 ERROR oslo_messaging.rpc.server
File "/var/lib/openstack/lib/python3.12/site-packages/neutron_vpnaas/db/vpn/vpn_db.py", line 731, in _build_local_subnet_cidr_map
2026-05-26 07:06:48.597 12 ERROR oslo_messaging.rpc.server return {sn.id: sn.cidr for sn in query.all()}
2026-05-26 07:06:48.597 12 ERROR oslo_messaging.rpc.server ^^^^^^^^^^^
2026-05-26 07:06:48.597 12 ERROR oslo_messaging.rpc.server
File "/var/lib/openstack/lib/python3.12/site-packages/sqlalchemy/orm/query.py", line 2673, in all
2026-05-26 07:06:48.597 12 ERROR oslo_messaging.rpc.server return self._iter().all() # type: ignore
2026-05-26 07:06:48.597 12 ERROR oslo_messaging.rpc.server ^^^^^^^^^^^^
2026-05-26 07:06:48.597 12 ERROR oslo_messaging.rpc.server
File "/var/lib/openstack/lib/python3.12/site-packages/sqlalchemy/orm/query.py", line 2827, in _iter
2026-05-26 07:06:48.597 12 ERROR oslo_messaging.rpc.server result: Union[ScalarResult[_T], Result[_T]] = self.session.execute(
2026-05-26 07:06:48.597 12 ERROR oslo_messaging.rpc.server ^^^^^^^^^^^^^^^^^^^^^
2026-05-26 07:06:48.597 12 ERROR oslo_messaging.rpc.server
File "/var/lib/openstack/lib/python3.12/site-packages/sqlalchemy/orm/session.py", line 2362, in execute
2026-05-26 07:06:48.597 12 ERROR oslo_messaging.rpc.server return self._execute_internal(
2026-05-26 07:06:48.597 12 ERROR oslo_messaging.rpc.server ^^^^^^^^^^^^^^^^^^^^^^^
2026-05-26 07:06:48.597 12 ERROR oslo_messaging.rpc.server
File "/var/lib/openstack/lib/python3.12/site-packages/sqlalchemy/orm/session.py", line 2237, in _execute_internal
2026-05-26 07:06:48.597 12 ERROR oslo_messaging.rpc.server conn = self._connection_for_bind(bind)
2026-05-26 07:06:48.597 12 ERROR oslo_messaging.rpc.server ^^^^^^^^^^^^^^^^^^^^^^^^^^^^^^^
2026-05-26 07:06:48.597 12 ERROR oslo_messaging.rpc.server
File "/var/lib/openstack/lib/python3.12/site-packages/sqlalchemy/orm/session.py", line 2106, in _connection_for_bind
2026-05-26 07:06:48.597 12 ERROR oslo_messaging.rpc.server return trans._connection_for_bind(engine, execution_options)
2026-05-26 07:06:48.597 12 ERROR oslo_messaging.rpc.server ^^^^^^^^^^^^^^^^^^^^^^^^^^^^^^^^^^^^^^^^^^^^^^^^^^^^^
2026-05-26 07:06:48.597 12 ERROR oslo_messaging.rpc.server File "", line 2, in _connection_for_bind
2026-05-26 07:06:48.597 12 ERROR oslo_messaging.rpc.server
File "/var/lib/openstack/lib/python3.12/site-packages/sqlalchemy/orm/state_changes.py", line 103, in _go
2026-05-26 07:06:48.597 12 ERROR oslo_messaging.rpc.server self._raise_for_prerequisite_state(fn.__name__, current_state)
2026-05-26 07:06:48.597 12 ERROR oslo_messaging.rpc.server
File "/var/lib/openstack/lib/python3.12/site-packages/sqlalchemy/orm/session.py", line 973, in _raise_for_prerequisite_state
2026-05-26 07:06:48.597 12 ERROR oslo_messaging.rpc.server raise sa_exc.PendingRollbackError(
2026-05-26 07:06:48.597 12 ERROR oslo_messaging.rpc.server sqlalchemy.exc.PendingRollbackError: This Session's transaction has been rolled back due to a previous exception during flush. To begin a new transaction with this Session, first issue Session.rollback(). Original exception was: (pymysql.err.IntegrityError) (1062, "Duplicate entry 'b687d913-b581-4a4a-9522-fcadca3d2286-36a335bd-5141-5659-b150-71f' for key 'routervpnagentbindings.PRIMARY'")
2026-05-26 07:06:48.597 12 ERROR oslo_messaging.rpc.server [SQL: INSERT INTO routervpnagentbindings (router_id, vpn_agent_id) VALUES (%(router_id)s, %(vpn_agent_id)s)]
2026-05-26 07:06:48.597 12 ERROR oslo_messaging.rpc.server [parameters: {'router_id': 'b687d913-b581-4a4a-9522-fcadca3d2286', 'vpn_agent_id': '36a335bd-5141-5659-b150-71f5a70fbd88'}]
2026-05-26 07:06:48.597 12 ERROR oslo_messaging.rpc.server (Background on this error at: https://sqlalche.me/e/20/gkpj) (Background on this error at: https://sqlalche.me/e/20/7s2a)
2026-05-26 07:06:48.597 12 ERROR oslo_messaging.rpc.server
2026-05-26 07:06:48.640 9 INFO neutron.api.wsgi [None req-16e9ffca-2f06-449a-be4c-5df6b8359811 810d5aef94af49e99401a92b1ba5b51f 0757cf678ffb401e897333fe6dd8a057 - - default default] 10.0.0.207 "DELETE /v2.0/networks/6f660871-9124-44cc-aa22-1c5d2882c3cc HTTP/1.1" status: 204 len: 168 time: 0.2937930
2026-05-26 07:06:48.704 8 INFO neutron.api.wsgi [None req-87012e75-cc35-4678-b54d-8380fe395318 a33934a612704b31b3cafa268b4b222a b46e523687e447cbae672fe87dcd988a - - default default] 10.0.0.207 "POST /v2.0/vpn/vpnservices HTTP/1.1" status: 201 len: 658 time: 5.4890459
2026-05-26 07:06:48.717 8 INFO neutron.api.wsgi [None req-896cb37a-b41d-48fc-b221-50bc807714ad a33934a612704b31b3cafa268b4b222a b46e523687e447cbae672fe87dcd988a - - default default] 10.0.0.207 "GET /v2.0/vpn/vpnservices HTTP/1.1" status: 200 len: 1503 time: 0.0080442
2026-05-26 07:06:48.844 9 WARNING neutron.plugins.ml2.drivers.ovn.mech_driver.ovsdb.ovn_client [None req-6b946724-b92b-44c0-843f-4e13cfdc1406 - - - - - -] No hosting information found for port a2e27642-43ab-4d3e-a188-86b9835bc2ad: RuntimeError: No hosting information found for port a2e27642-43ab-4d3e-a188-86b9835bc2ad
2026-05-26 07:06:48.930 9 INFO neutron.api.wsgi [None req-4a225435-578f-400e-90a3-aae59786d0e1 810d5aef94af49e99401a92b1ba5b51f 0757cf678ffb401e897333fe6dd8a057 - - default default] 10.0.0.207 "DELETE /v2.0/networks/939f4095-a704-408d-b60d-2440f66a964a HTTP/1.1" status: 204 len: 168 time: 0.2841053
2026-05-26 07:06:48.931 9 INFO neutron.db.ovn_revision_numbers_db [None req-6b946724-b92b-44c0-843f-4e13cfdc1406 - - - - - -] Successfully bumped revision number for resource a2e27642-43ab-4d3e-a188-86b9835bc2ad (type: router_ports) to 2
2026-05-26 07:06:49.289 9 INFO neutron.api.wsgi [None req-600e7c1c-d6fb-433b-abe6-837038548bbe 810d5aef94af49e99401a92b1ba5b51f 0757cf678ffb401e897333fe6dd8a057 - - default default] 10.0.0.207 "DELETE /v2.0/networks/18f7975f-cb77-42e3-8f10-ad3f6c0d4520 HTTP/1.1" status: 204 len: 168 time: 0.3530972
2026-05-26 07:06:49.340 9 WARNING neutron_lib.context [None req-ed0afa2e-f815-4566-a218-fede1650b3c2 d2e76f11d4264a4da945329d8d996f55 4a8b009273a2489bbe3266520e75e294 - - default default] Method 'is_advsvc' is deprecated since 2023.2 release (neutron-lib 3.8.0) and will be removed once support for the old RBAC API policies will be removed from Neutron. Please use method 'is_service_role' instead.
2026-05-26 07:06:49.411 9 INFO neutron.api.wsgi [None req-ed0afa2e-f815-4566-a218-fede1650b3c2 d2e76f11d4264a4da945329d8d996f55 4a8b009273a2489bbe3266520e75e294 - - default default] 10.0.0.207 "POST /v2.0/subnetpools HTTP/1.1" status: 201 len: 715 time: 0.2479925
2026-05-26 07:06:49.464 8 INFO neutron.api.wsgi [None req-2a78f7e6-c220-41b4-bad0-913122ca9137 d2e76f11d4264a4da945329d8d996f55 4a8b009273a2489bbe3266520e75e294 - - default default] 10.0.0.207 "PUT /v2.0/subnetpools/137760f1-29a2-419f-9ac7-a2e5aa3eac94/tags HTTP/1.1" status: 200 len: 218 time: 0.0462973
2026-05-26 07:06:49.496 9 INFO neutron.api.wsgi [None req-9d3f6169-4750-4516-b616-1e017873b635 d2e76f11d4264a4da945329d8d996f55 4a8b009273a2489bbe3266520e75e294 - - default default] 10.0.0.207 "GET /v2.0/subnetpools/137760f1-29a2-419f-9ac7-a2e5aa3eac94/tags HTTP/1.1" status: 200 len: 218 time: 0.0256164
2026-05-26 07:06:49.539 9 INFO neutron.api.wsgi [None req-d2ea8d62-d0aa-4a98-9e94-eadd43611181 d2e76f11d4264a4da945329d8d996f55 4a8b009273a2489bbe3266520e75e294 - - default default] 10.0.0.207 "PUT /v2.0/subnetpools/137760f1-29a2-419f-9ac7-a2e5aa3eac94/tags/green HTTP/1.1" status: 201 len: 201 time: 0.0367999
2026-05-26 07:06:49.567 9 INFO neutron.api.wsgi [None req-8e0921ef-177f-4f98-a487-1472254efce3 d2e76f11d4264a4da945329d8d996f55 4a8b009273a2489bbe3266520e75e294 - - default default] 10.0.0.207 "GET /v2.0/subnetpools/137760f1-29a2-419f-9ac7-a2e5aa3eac94/tags HTTP/1.1" status: 200 len: 227 time: 0.0225205
2026-05-26 07:06:49.614 9 INFO neutron.api.wsgi [None req-25f0daad-3be9-4cb2-8480-8b179b77f238 810d5aef94af49e99401a92b1ba5b51f 0757cf678ffb401e897333fe6dd8a057 - - default default] 10.0.0.207 "DELETE /v2.0/networks/0382f71d-30ee-4f7d-9dc6-105f071251d0 HTTP/1.1" status: 204 len: 168 time: 0.3190398
2026-05-26 07:06:49.616 8 INFO neutron.api.wsgi [None req-41f8a716-9f29-4f71-b158-090ee9109bdd d2e76f11d4264a4da945329d8d996f55 4a8b009273a2489bbe3266520e75e294 - - default default] 10.0.0.207 "PUT /v2.0/subnetpools/137760f1-29a2-419f-9ac7-a2e5aa3eac94/tags/red HTTP/1.1" status: 201 len: 201 time: 0.0440590
2026-05-26 07:06:49.644 9 INFO neutron.api.wsgi [None req-e8d3b0d8-0efb-458b-8322-16c98aa32908 d2e76f11d4264a4da945329d8d996f55 4a8b009273a2489bbe3266520e75e294 - - default default] 10.0.0.207 "GET /v2.0/subnetpools/137760f1-29a2-419f-9ac7-a2e5aa3eac94/tags HTTP/1.1" status: 200 len: 227 time: 0.0217361
2026-05-26 07:06:49.683 8 INFO neutron.api.wsgi [None req-6ef83718-c682-414e-8014-bb5e75d4f61f d2e76f11d4264a4da945329d8d996f55 4a8b009273a2489bbe3266520e75e294 - - default default] 10.0.0.207 "PUT /v2.0/subnetpools/137760f1-29a2-419f-9ac7-a2e5aa3eac94/tags/black.or.white HTTP/1.1" status: 201 len: 201 time: 0.0344977
2026-05-26 07:06:49.713 8 INFO neutron.api.wsgi [None req-e72d0fac-f64f-40ca-aa71-313f3708bb12 d2e76f11d4264a4da945329d8d996f55 4a8b009273a2489bbe3266520e75e294 - - default default] 10.0.0.207 "GET /v2.0/subnetpools/137760f1-29a2-419f-9ac7-a2e5aa3eac94/tags HTTP/1.1" status: 200 len: 245 time: 0.0243096
2026-05-26 07:06:49.754 8 INFO neutron.api.wsgi [None req-e5746ada-8047-4b49-a23e-225174b16ce6 d2e76f11d4264a4da945329d8d996f55 4a8b009273a2489bbe3266520e75e294 - - default default] 10.0.0.207 "PUT /v2.0/subnetpools/137760f1-29a2-419f-9ac7-a2e5aa3eac94/tags HTTP/1.1" status: 200 len: 230 time: 0.0366268
2026-05-26 07:06:49.778 9 INFO neutron.api.wsgi [None req-346de70b-441a-42ba-87ea-a615f7246b24 d2e76f11d4264a4da945329d8d996f55 4a8b009273a2489bbe3266520e75e294 - - default default] 10.0.0.207 "GET /v2.0/subnetpools/137760f1-29a2-419f-9ac7-a2e5aa3eac94/tags HTTP/1.1" status: 200 len: 230 time: 0.0179813
2026-05-26 07:06:49.797 9 INFO neutron.api.wsgi [None req-152e25ce-a402-4532-b7c8-77e55f87ed0a d2e76f11d4264a4da945329d8d996f55 4a8b009273a2489bbe3266520e75e294 - - default default] 10.0.0.207 "GET /v2.0/subnetpools/137760f1-29a2-419f-9ac7-a2e5aa3eac94/tags/red HTTP/1.1" status: 204 len: 168 time: 0.0134165
2026-05-26 07:06:49.817 9 INFO neutron.api.v2.resource [None req-fb452f6c-9090-4dc1-9980-65012535c70b d2e76f11d4264a4da945329d8d996f55 4a8b009273a2489bbe3266520e75e294 - - default default] show failed (client error): The resource could not be found.
2026-05-26 07:06:49.818 9 INFO neutron.api.wsgi [None req-fb452f6c-9090-4dc1-9980-65012535c70b d2e76f11d4264a4da945329d8d996f55 4a8b009273a2489bbe3266520e75e294 - - default default] 10.0.0.207 "GET /v2.0/subnetpools/137760f1-29a2-419f-9ac7-a2e5aa3eac94/tags/green HTTP/1.1" status: 404 len: 299 time: 0.0146379
2026-05-26 07:06:49.850 9 INFO neutron.api.wsgi [None req-107dab80-3b13-424d-96b7-fc8458db1c38 d2e76f11d4264a4da945329d8d996f55 4a8b009273a2489bbe3266520e75e294 - - default default] 10.0.0.207 "DELETE /v2.0/subnetpools/137760f1-29a2-419f-9ac7-a2e5aa3eac94/tags/red HTTP/1.1" status: 204 len: 168 time: 0.0264385
2026-05-26 07:06:49.871 9 INFO neutron.api.wsgi [None req-10b2a3d9-309c-447c-ab8b-4a1811721c94 d2e76f11d4264a4da945329d8d996f55 4a8b009273a2489bbe3266520e75e294 - - default default] 10.0.0.207 "GET /v2.0/subnetpools/137760f1-29a2-419f-9ac7-a2e5aa3eac94/tags HTTP/1.1" status: 200 len: 223 time: 0.0159149
2026-05-26 07:06:49.895 9 INFO neutron.api.v2.resource [None req-e4354e96-fc5a-4c85-adbb-06793f84867b d2e76f11d4264a4da945329d8d996f55 4a8b009273a2489bbe3266520e75e294 - - default default] delete failed (client error): The resource could not be found.
2026-05-26 07:06:49.896 9 INFO neutron.api.wsgi [None req-e4354e96-fc5a-4c85-adbb-06793f84867b d2e76f11d4264a4da945329d8d996f55 4a8b009273a2489bbe3266520e75e294 - - default default] 10.0.0.207 "DELETE /v2.0/subnetpools/137760f1-29a2-419f-9ac7-a2e5aa3eac94/tags/green HTTP/1.1" status: 404 len: 299 time: 0.0196662
2026-05-26 07:06:49.930 9 INFO neutron.api.wsgi [None req-b6dd005e-3d4b-4e68-9526-e15ed77b0c1f d2e76f11d4264a4da945329d8d996f55 4a8b009273a2489bbe3266520e75e294 - - default default] 10.0.0.207 "DELETE /v2.0/subnetpools/137760f1-29a2-419f-9ac7-a2e5aa3eac94/tags HTTP/1.1" status: 204 len: 168 time: 0.0295131
2026-05-26 07:06:49.950 9 INFO neutron.api.wsgi [None req-180e151b-5ebe-4a5c-8fca-b589f8d1b438 d2e76f11d4264a4da945329d8d996f55 4a8b009273a2489bbe3266520e75e294 - - default default] 10.0.0.207 "GET /v2.0/subnetpools/137760f1-29a2-419f-9ac7-a2e5aa3eac94/tags HTTP/1.1" status: 200 len: 205 time: 0.0151808
2026-05-26 07:06:50.018 9 INFO neutron.api.wsgi [None req-e658299f-7b84-4b66-890e-f88499e04c3e d2e76f11d4264a4da945329d8d996f55 4a8b009273a2489bbe3266520e75e294 - - default default] 10.0.0.207 "DELETE /v2.0/subnetpools/137760f1-29a2-419f-9ac7-a2e5aa3eac94 HTTP/1.1" status: 204 len: 168 time: 0.0609052
2026-05-26 07:06:50.326 9 INFO neutron.services.segments.plugin [-] Segment c7e25e7c-b5f6-4a6c-877d-45f5be74657b resource provider aggregate not found
2026-05-26 07:06:50.336 9 INFO neutron.services.segments.plugin [-] Segment c7e25e7c-b5f6-4a6c-877d-45f5be74657b resource provider not found; error: Placement Client Error (4xx): {"errors": [{"status": 404, "title": "Not Found", "detail": "The resource could not be found.\n\n No resource provider with uuid c7e25e7c-b5f6-4a6c-877d-45f5be74657b found for delete ", "request_id": "req-64585456-562c-4f41-8c83-4682ac76f3ae"}]}
2026-05-26 07:06:50.340 9 INFO neutron.services.segments.plugin [-] Segment c7e25e7c-b5f6-4a6c-877d-45f5be74657b resource provider aggregate not found
2026-05-26 07:06:50.350 9 INFO neutron.services.segments.plugin [-] Segment 17caf3a8-2537-4a6d-a552-253e4059f26c resource provider aggregate not found
2026-05-26 07:06:50.356 9 INFO neutron.services.segments.plugin [-] Segment c7e25e7c-b5f6-4a6c-877d-45f5be74657b resource provider not found; error: Placement Client Error (4xx): {"errors": [{"status": 404, "title": "Not Found", "detail": "The resource could not be found.\n\n No resource provider with uuid c7e25e7c-b5f6-4a6c-877d-45f5be74657b found for delete ", "request_id": "req-f3fba785-7a7c-4ea1-9a1b-488e940e8238"}]}
2026-05-26 07:06:50.377 9 INFO neutron.services.segments.plugin [-] Segment 17caf3a8-2537-4a6d-a552-253e4059f26c resource provider not found; error: Placement Client Error (4xx): {"errors": [{"status": 404, "title": "Not Found", "detail": "The resource could not be found.\n\n No resource provider with uuid 17caf3a8-2537-4a6d-a552-253e4059f26c found for delete ", "request_id": "req-99da41fb-c93a-4135-a56c-0fd43197890b"}]}
2026-05-26 07:06:50.382 9 INFO neutron.services.segments.plugin [-] Segment 17caf3a8-2537-4a6d-a552-253e4059f26c resource provider aggregate not found
2026-05-26 07:06:50.396 9 INFO neutron.services.segments.plugin [-] Segment 17caf3a8-2537-4a6d-a552-253e4059f26c resource provider not found; error: Placement Client Error (4xx): {"errors": [{"status": 404, "title": "Not Found", "detail": "The resource could not be found.\n\n No resource provider with uuid 17caf3a8-2537-4a6d-a552-253e4059f26c found for delete ", "request_id": "req-ee60d178-244d-4abe-89cf-51c008dc755d"}]}
2026-05-26 07:06:50.399 9 INFO neutron.services.segments.plugin [-] Segment 40f32ee9-cc63-4b7a-8bae-f267c4966754 resource provider aggregate not found
2026-05-26 07:06:50.408 9 INFO neutron.services.segments.plugin [-] Segment 40f32ee9-cc63-4b7a-8bae-f267c4966754 resource provider aggregate not found
2026-05-26 07:06:50.415 9 INFO neutron.services.segments.plugin [-] Segment 40f32ee9-cc63-4b7a-8bae-f267c4966754 resource provider not found; error: Placement Client Error (4xx): {"errors": [{"status": 404, "title": "Not Found", "detail": "The resource could not be found.\n\n No resource provider with uuid 40f32ee9-cc63-4b7a-8bae-f267c4966754 found for delete ", "request_id": "req-40580b18-ac31-400e-970f-b73a94ca0f8e"}]}
2026-05-26 07:06:50.421 9 INFO neutron.services.segments.plugin [-] Segment 40f32ee9-cc63-4b7a-8bae-f267c4966754 resource provider not found; error: Placement Client Error (4xx): {"errors": [{"status": 404, "title": "Not Found", "detail": "The resource could not be found.\n\n No resource provider with uuid 40f32ee9-cc63-4b7a-8bae-f267c4966754 found for delete ", "request_id": "req-c1778f51-27eb-455a-ada1-50aed9b585b4"}]}
2026-05-26 07:06:50.430 9 INFO neutron.services.segments.plugin [-] Segment 266eaa4f-14dc-4652-bb17-bc38f2846e34 resource provider aggregate not found
2026-05-26 07:06:50.435 9 INFO neutron.services.segments.plugin [-] Segment 266eaa4f-14dc-4652-bb17-bc38f2846e34 resource provider aggregate not found
2026-05-26 07:06:50.441 9 INFO neutron.services.segments.plugin [-] Segment 266eaa4f-14dc-4652-bb17-bc38f2846e34 resource provider not found; error: Placement Client Error (4xx): {"errors": [{"status": 404, "title": "Not Found", "detail": "The resource could not be found.\n\n No resource provider with uuid 266eaa4f-14dc-4652-bb17-bc38f2846e34 found for delete ", "request_id": "req-7f890cfa-0953-490b-8eca-3f2c90760040"}]}
2026-05-26 07:06:50.454 9 INFO neutron.services.segments.plugin [-] Segment 266eaa4f-14dc-4652-bb17-bc38f2846e34 resource provider not found; error: Placement Client Error (4xx): {"errors": [{"status": 404, "title": "Not Found", "detail": "The resource could not be found.\n\n No resource provider with uuid 266eaa4f-14dc-4652-bb17-bc38f2846e34 found for delete ", "request_id": "req-2940f8ab-8a7a-4565-b02d-a1051076c7e4"}]}
2026-05-26 07:06:50.664 9 INFO neutron.api.wsgi [None req-42909463-450e-40ad-99e9-dd877baf23d6 e160c8d2e7734e6eaf7cf3c34533c8aa 89a95844525041ccab7632485cc48e4a - - default default] 10.0.0.207 "GET /v2.0/security-groups?tenant_id=0757cf678ffb401e897333fe6dd8a057&name=default HTTP/1.1" status: 200 len: 3124 time: 0.1961377 /var/lib/openstack/lib/python3.12/site-packages/pycadf/identifier.py:71: UserWarning: Invalid uuid: neutron. To ensure interoperability, identifiers should be a valid uuid. warnings.warn(('Invalid uuid: %s. To ensure interoperability, '
2026-05-26 07:06:50.847 8 INFO neutron.db.ovn_revision_numbers_db [None req-d9f61fb7-52da-4a58-8be0-d7758494a798 e160c8d2e7734e6eaf7cf3c34533c8aa 89a95844525041ccab7632485cc48e4a - - default default] Successfully bumped revision number for resource 251d7f8e-8d2f-47a6-a2cb-b82406f3eeca (type: security_groups) to 1
2026-05-26 07:06:50.871 8 INFO neutron.db.ovn_revision_numbers_db [None req-d9f61fb7-52da-4a58-8be0-d7758494a798 e160c8d2e7734e6eaf7cf3c34533c8aa 89a95844525041ccab7632485cc48e4a - - default default] Successfully bumped revision number for resource 1763deb2-c3e1-401c-b9be-933fdf58cbff (type: security_group_rules) to 0
2026-05-26 07:06:50.878 9 INFO neutron.api.wsgi [None req-93a182b9-d641-4412-b99d-1417576720c8 e160c8d2e7734e6eaf7cf3c34533c8aa 89a95844525041ccab7632485cc48e4a - - default default] 10.0.0.207 "DELETE /v2.0/security-groups/0da9a255-dfe8-4e17-b75d-c20770727a2c HTTP/1.1" status: 204 len: 168 time: 0.2085214
2026-05-26 07:06:50.882 8 INFO neutron.db.ovn_revision_numbers_db [None req-d9f61fb7-52da-4a58-8be0-d7758494a798 e160c8d2e7734e6eaf7cf3c34533c8aa 89a95844525041ccab7632485cc48e4a - - default default] Successfully bumped revision number for resource 245deb73-6e68-432d-8621-bebc076fbef5 (type: security_group_rules) to 0
2026-05-26 07:06:50.901 8 INFO neutron.db.ovn_revision_numbers_db [None req-d9f61fb7-52da-4a58-8be0-d7758494a798 e160c8d2e7734e6eaf7cf3c34533c8aa 89a95844525041ccab7632485cc48e4a - - default default] Successfully bumped revision number for resource 9898e37d-76da-4243-b6e1-b35b57d668da (type: security_group_rules) to 0
2026-05-26 07:06:50.919 8 INFO neutron.db.ovn_revision_numbers_db [None req-d9f61fb7-52da-4a58-8be0-d7758494a798 e160c8d2e7734e6eaf7cf3c34533c8aa 89a95844525041ccab7632485cc48e4a - - default default] Successfully bumped revision number for resource dbe65e07-a991-483d-9792-1cbd741df556 (type: security_group_rules) to 0
2026-05-26 07:06:50.959 8 INFO neutron.api.wsgi [None req-d9f61fb7-52da-4a58-8be0-d7758494a798 e160c8d2e7734e6eaf7cf3c34533c8aa 89a95844525041ccab7632485cc48e4a - - default default] 10.0.0.207 "GET /v2.0/security-groups?tenant_id=b58cffba5d764917872f1c23f0645218&name=default HTTP/1.1" status: 200 len: 3124 time: 0.2939291
2026-05-26 07:06:51.035 8 INFO neutron.services.segments.plugin [-] Segment 6a6a2ffc-1eca-446c-a4aa-f12cb7385124 resource provider aggregate not found
2026-05-26 07:06:51.039 8 INFO neutron.services.segments.plugin [-] Segment 6a6a2ffc-1eca-446c-a4aa-f12cb7385124 resource provider aggregate not found
2026-05-26 07:06:51.058 8 INFO neutron.services.segments.plugin [-] Segment 6a6a2ffc-1eca-446c-a4aa-f12cb7385124 resource provider not found; error: Placement Client Error (4xx): {"errors": [{"status": 404, "title": "Not Found", "detail": "The resource could not be found.\n\n No resource provider with uuid 6a6a2ffc-1eca-446c-a4aa-f12cb7385124 found for delete ", "request_id": "req-6f9c6a0e-b905-4797-87ef-8b0512688fee"}]}
2026-05-26 07:06:51.058 8 INFO neutron.services.segments.plugin [-] Segment 6a6a2ffc-1eca-446c-a4aa-f12cb7385124 resource provider not found; error: Placement Client Error (4xx): {"errors": [{"status": 404, "title": "Not Found", "detail": "The resource could not be found.\n\n No resource provider with uuid 6a6a2ffc-1eca-446c-a4aa-f12cb7385124 found for delete ", "request_id": "req-56fb0c33-48ae-4052-a5a5-6f7892f97803"}]}
2026-05-26 07:06:51.081 8 INFO neutron.api.wsgi [None req-f59c75b8-6cf9-4041-b1b3-d95c8cff6bf0 a33934a612704b31b3cafa268b4b222a b46e523687e447cbae672fe87dcd988a - - default default] 10.0.0.207 "DELETE /v2.0/vpn/vpnservices/f24db829-c81c-4c37-b3c7-d9448b468460 HTTP/1.1" status: 204 len: 168 time: 2.3602629
2026-05-26 07:06:51.102 8 INFO neutron.api.wsgi [None req-ce21f1ec-5d79-40fc-908d-63662ae942de a33934a612704b31b3cafa268b4b222a b46e523687e447cbae672fe87dcd988a - - default default] 10.0.0.207 "GET /v2.0/vpn/vpnservices HTTP/1.1" status: 200 len: 1057 time: 0.0154274
2026-05-26 07:06:51.114 9 WARNING neutron_lib.context [None req-0645126a-2504-4cd2-ab91-84e57d5b87ab a33934a612704b31b3cafa268b4b222a b46e523687e447cbae672fe87dcd988a - - default default] Method 'is_advsvc' is deprecated since 2023.2 release (neutron-lib 3.8.0) and will be removed once support for the old RBAC API policies will be removed from Neutron. Please use method 'is_service_role' instead.
2026-05-26 07:06:51.122 8 INFO neutron.db.ovn_revision_numbers_db [None req-9c16ec9d-3c5f-45a7-8537-6d2ea34e9a5b e160c8d2e7734e6eaf7cf3c34533c8aa 89a95844525041ccab7632485cc48e4a - - default default] Successfully bumped revision number for resource 46f35f6e-2f3a-4410-b161-673b3f8912f9 (type: security_groups) to 1
2026-05-26 07:06:51.136 8 INFO neutron.db.ovn_revision_numbers_db [None req-9c16ec9d-3c5f-45a7-8537-6d2ea34e9a5b e160c8d2e7734e6eaf7cf3c34533c8aa 89a95844525041ccab7632485cc48e4a - - default default] Successfully bumped revision number for resource 9a767c90-3cf1-4b3b-bd20-96f348c1adab (type: security_group_rules) to 0
2026-05-26 07:06:51.149 8 INFO neutron.db.ovn_revision_numbers_db [None req-9c16ec9d-3c5f-45a7-8537-6d2ea34e9a5b e160c8d2e7734e6eaf7cf3c34533c8aa 89a95844525041ccab7632485cc48e4a - - default default] Successfully bumped revision number for resource d8da2779-cb9c-402b-9117-5d9e1940aee5 (type: security_group_rules) to 0
2026-05-26 07:06:51.164 9 INFO neutron.api.v2.resource [None req-0645126a-2504-4cd2-ab91-84e57d5b87ab a33934a612704b31b3cafa268b4b222a b46e523687e447cbae672fe87dcd988a - - default default] create failed (client error): The server could not comply with the request since it is either malformed or otherwise incorrect.
2026-05-26 07:06:51.165 9 INFO neutron.api.wsgi [None req-0645126a-2504-4cd2-ab91-84e57d5b87ab a33934a612704b31b3cafa268b4b222a b46e523687e447cbae672fe87dcd988a - - default default] 10.0.0.207 "POST /v2.0/vpn/ipsec-site-connections HTTP/1.1" status: 400 len: 330 time: 0.0582483
2026-05-26 07:06:51.168 8 INFO neutron.db.ovn_revision_numbers_db [None req-9c16ec9d-3c5f-45a7-8537-6d2ea34e9a5b e160c8d2e7734e6eaf7cf3c34533c8aa 89a95844525041ccab7632485cc48e4a - - default default] Successfully bumped revision number for resource da13e99d-675f-470d-b8e9-93ea3d8827dd (type: security_group_rules) to 0
2026-05-26 07:06:51.181 8 WARNING neutron_lib.context [None req-edca5731-5fae-46e6-b8c0-6bfad9d899aa a33934a612704b31b3cafa268b4b222a b46e523687e447cbae672fe87dcd988a - - default default] Method 'is_advsvc' is deprecated since 2023.2 release (neutron-lib 3.8.0) and will be removed once support for the old RBAC API policies will be removed from Neutron. Please use method 'is_service_role' instead.
2026-05-26 07:06:51.196 8 INFO neutron.db.ovn_revision_numbers_db [None req-9c16ec9d-3c5f-45a7-8537-6d2ea34e9a5b e160c8d2e7734e6eaf7cf3c34533c8aa 89a95844525041ccab7632485cc48e4a - - default default] Successfully bumped revision number for resource dab707ed-d65a-4182-b9cf-5d94184be087 (type: security_group_rules) to 0
2026-05-26 07:06:51.196 9 INFO neutron.api.wsgi [None req-873bca7b-b556-47b6-a7b6-6332ef69ac4a e160c8d2e7734e6eaf7cf3c34533c8aa 89a95844525041ccab7632485cc48e4a - - default default] 10.0.0.207 "DELETE /v2.0/security-groups/251d7f8e-8d2f-47a6-a2cb-b82406f3eeca HTTP/1.1" status: 204 len: 168 time: 0.2288656
2026-05-26 07:06:51.256 8 INFO neutron.api.wsgi [None req-9c16ec9d-3c5f-45a7-8537-6d2ea34e9a5b e160c8d2e7734e6eaf7cf3c34533c8aa 89a95844525041ccab7632485cc48e4a - - default default] 10.0.0.207 "GET /v2.0/security-groups?tenant_id=b99eec06efc643a7bf75806a6fd3e1e3&name=default HTTP/1.1" status: 200 len: 3124 time: 0.2835200
2026-05-26 07:06:51.272 8 INFO neutron.api.v2.resource [None req-edca5731-5fae-46e6-b8c0-6bfad9d899aa a33934a612704b31b3cafa268b4b222a b46e523687e447cbae672fe87dcd988a - - default default] create failed (client error): The server could not comply with the request since it is either malformed or otherwise incorrect.
2026-05-26 07:06:51.274 8 INFO neutron.api.wsgi [None req-edca5731-5fae-46e6-b8c0-6bfad9d899aa a33934a612704b31b3cafa268b4b222a b46e523687e447cbae672fe87dcd988a - - default default] 10.0.0.207 "POST /v2.0/vpn/ipsec-site-connections HTTP/1.1" status: 400 len: 339 time: 0.1001391
2026-05-26 07:06:51.293 8 WARNING neutron.api.v2.base [None req-ddc80bc4-b619-4f28-90b2-344d80d30db8 a33934a612704b31b3cafa268b4b222a b46e523687e447cbae672fe87dcd988a - - default default] An exception happened while processing the request body. The exception message is [Invalid input for dpd. Reason: '59' is not a dictionary.].: webob.exc.HTTPBadRequest: Invalid input for dpd. Reason: '59' is not a dictionary.
2026-05-26 07:06:51.294 8 INFO neutron.api.v2.resource [None req-ddc80bc4-b619-4f28-90b2-344d80d30db8 a33934a612704b31b3cafa268b4b222a b46e523687e447cbae672fe87dcd988a - - default default] create failed (client error): Invalid input for dpd. Reason: '59' is not a dictionary.
2026-05-26 07:06:51.295 8 INFO neutron.api.wsgi [None req-ddc80bc4-b619-4f28-90b2-344d80d30db8 a33934a612704b31b3cafa268b4b222a b46e523687e447cbae672fe87dcd988a - - default default] 10.0.0.207 "POST /v2.0/vpn/ipsec-site-connections HTTP/1.1" status: 400 len: 332 time: 0.0054026
2026-05-26 07:06:51.303 8 WARNING neutron_lib.context [None req-c13058b9-0637-4cb2-a868-0d6c67ae2b70 a33934a612704b31b3cafa268b4b222a b46e523687e447cbae672fe87dcd988a - - default default] Method 'is_advsvc' is deprecated since 2023.2 release (neutron-lib 3.8.0) and will be removed once support for the old RBAC API policies will be removed from Neutron. Please use method 'is_service_role' instead.
2026-05-26 07:06:51.343 8 INFO neutron.api.wsgi [None req-c13058b9-0637-4cb2-a868-0d6c67ae2b70 a33934a612704b31b3cafa268b4b222a b46e523687e447cbae672fe87dcd988a - - default default] 10.0.0.207 "POST /v2.0/vpn/endpoint-groups HTTP/1.1" status: 201 len: 491 time: 0.0428519
2026-05-26 07:06:51.352 8 WARNING neutron_lib.context [None req-52caa6de-8297-419a-8e5d-016be5b69b85 a33934a612704b31b3cafa268b4b222a b46e523687e447cbae672fe87dcd988a - - default default] Method 'is_advsvc' is deprecated since 2023.2 release (neutron-lib 3.8.0) and will be removed once support for the old RBAC API policies will be removed from Neutron. Please use method 'is_service_role' instead.
2026-05-26 07:06:51.386 8 INFO neutron.api.v2.resource [None req-52caa6de-8297-419a-8e5d-016be5b69b85 a33934a612704b31b3cafa268b4b222a b46e523687e447cbae672fe87dcd988a - - default default] create failed (client error): The server could not comply with the request since it is either malformed or otherwise incorrect.
2026-05-26 07:06:51.387 8 INFO neutron.api.wsgi [None req-52caa6de-8297-419a-8e5d-016be5b69b85 a33934a612704b31b3cafa268b4b222a b46e523687e447cbae672fe87dcd988a - - default default] 10.0.0.207 "POST /v2.0/vpn/ipsec-site-connections HTTP/1.1" status: 400 len: 352 time: 0.0400381
2026-05-26 07:06:51.407 9 INFO neutron.api.wsgi [None req-9a298c12-3bbf-4cbe-8e2b-6cdf4585eacd a33934a612704b31b3cafa268b4b222a b46e523687e447cbae672fe87dcd988a - - default default] 10.0.0.207 "GET /v2.0/vpn/endpoint-groups HTTP/1.1" status: 200 len: 1101 time: 0.0132473
2026-05-26 07:06:51.441 9 INFO neutron.api.wsgi [None req-b89042b5-995e-47f6-877f-4f1fc2a84817 a33934a612704b31b3cafa268b4b222a b46e523687e447cbae672fe87dcd988a - - default default] 10.0.0.207 "DELETE /v2.0/vpn/endpoint-groups/5c38afac-9cbe-4304-918e-815f65f7795f HTTP/1.1" status: 204 len: 168 time: 0.0275609
2026-05-26 07:06:51.460 8 INFO neutron.api.wsgi [None req-eb7c825d-ac08-42ac-94cf-22368455ce27 a33934a612704b31b3cafa268b4b222a b46e523687e447cbae672fe87dcd988a - - default default] 10.0.0.207 "GET /v2.0/vpn/endpoint-groups HTTP/1.1" status: 200 len: 827 time: 0.0123365
2026-05-26 07:06:51.478 8 WARNING neutron_lib.context [None req-343fde3f-d825-40b3-a731-94702ed55069 a33934a612704b31b3cafa268b4b222a b46e523687e447cbae672fe87dcd988a - - default default] Method 'is_advsvc' is deprecated since 2023.2 release (neutron-lib 3.8.0) and will be removed once support for the old RBAC API policies will be removed from Neutron. Please use method 'is_service_role' instead.
2026-05-26 07:06:51.517 9 INFO neutron.api.wsgi [None req-56605ac8-0b46-47d3-861e-9dd5679a42bf e160c8d2e7734e6eaf7cf3c34533c8aa 89a95844525041ccab7632485cc48e4a - - default default] 10.0.0.207 "DELETE /v2.0/security-groups/46f35f6e-2f3a-4410-b161-673b3f8912f9 HTTP/1.1" status: 204 len: 168 time: 0.2522492
2026-05-26 07:06:51.528 9 INFO neutron.db.ovn_revision_numbers_db [None req-beb71f03-3966-42c9-ab40-c89c1ebb3efb e160c8d2e7734e6eaf7cf3c34533c8aa 89a95844525041ccab7632485cc48e4a - - default default] Successfully bumped revision number for resource a117500a-0b3f-41a1-9d5b-28bda26c50fd (type: security_groups) to 1
2026-05-26 07:06:51.541 8 INFO neutron.api.wsgi [None req-343fde3f-d825-40b3-a731-94702ed55069 a33934a612704b31b3cafa268b4b222a b46e523687e447cbae672fe87dcd988a - - default default] 10.0.0.207 "POST /v2.0/vpn/endpoint-groups HTTP/1.1" status: 201 len: 500 time: 0.0700285
2026-05-26 07:06:51.542 9 INFO neutron.db.ovn_revision_numbers_db [None req-beb71f03-3966-42c9-ab40-c89c1ebb3efb e160c8d2e7734e6eaf7cf3c34533c8aa 89a95844525041ccab7632485cc48e4a - - default default] Successfully bumped revision number for resource 2f8d6918-0715-4cd0-a1ea-fa9ed64364fb (type: security_group_rules) to 0
2026-05-26 07:06:51.552 8 WARNING neutron_lib.context [None req-689beb52-27ff-49f3-bea8-e20ed2de5419 a33934a612704b31b3cafa268b4b222a b46e523687e447cbae672fe87dcd988a - - default default] Method 'is_advsvc' is deprecated since 2023.2 release (neutron-lib 3.8.0) and will be removed once support for the old RBAC API policies will be removed from Neutron. Please use method 'is_service_role' instead.
2026-05-26 07:06:51.559 9 INFO neutron.db.ovn_revision_numbers_db [None req-beb71f03-3966-42c9-ab40-c89c1ebb3efb e160c8d2e7734e6eaf7cf3c34533c8aa 89a95844525041ccab7632485cc48e4a - - default default] Successfully bumped revision number for resource 45fba644-923d-4818-aee8-107bf4e31f29 (type: security_group_rules) to 0
2026-05-26 07:06:51.571 9 INFO neutron.db.ovn_revision_numbers_db [None req-beb71f03-3966-42c9-ab40-c89c1ebb3efb e160c8d2e7734e6eaf7cf3c34533c8aa 89a95844525041ccab7632485cc48e4a - - default default] Successfully bumped revision number for resource 899ed73f-2f79-4c22-9a0a-9784e87ecc4a (type: security_group_rules) to 0
2026-05-26 07:06:51.583 9 INFO neutron.db.ovn_revision_numbers_db [None req-beb71f03-3966-42c9-ab40-c89c1ebb3efb e160c8d2e7734e6eaf7cf3c34533c8aa 89a95844525041ccab7632485cc48e4a - - default default] Successfully bumped revision number for resource 8e898707-7476-46ca-be3f-7bf70dd4350a (type: security_group_rules) to 0
2026-05-26 07:06:51.587 8 INFO neutron.api.v2.resource [None req-689beb52-27ff-49f3-bea8-e20ed2de5419 a33934a612704b31b3cafa268b4b222a b46e523687e447cbae672fe87dcd988a - - default default] create failed (client error): The server could not comply with the request since it is either malformed or otherwise incorrect.
2026-05-26 07:06:51.588 8 INFO neutron.api.wsgi [None req-689beb52-27ff-49f3-bea8-e20ed2de5419 a33934a612704b31b3cafa268b4b222a b46e523687e447cbae672fe87dcd988a - - default default] 10.0.0.207 "POST /v2.0/vpn/ipsec-site-connections HTTP/1.1" status: 400 len: 351 time: 0.0409055
2026-05-26 07:06:51.610 9 INFO neutron.api.wsgi [None req-31a71329-fddd-4b0f-8dbd-0af0c8d975e5 a33934a612704b31b3cafa268b4b222a b46e523687e447cbae672fe87dcd988a - - default default] 10.0.0.207 "GET /v2.0/vpn/endpoint-groups HTTP/1.1" status: 200 len: 1110 time: 0.0122175
2026-05-26 07:06:51.627 9 INFO neutron.api.wsgi [None req-beb71f03-3966-42c9-ab40-c89c1ebb3efb e160c8d2e7734e6eaf7cf3c34533c8aa 89a95844525041ccab7632485cc48e4a - - default default] 10.0.0.207 "GET /v2.0/security-groups?tenant_id=4a8b009273a2489bbe3266520e75e294&name=default HTTP/1.1" status: 200 len: 3124 time: 0.2610102
2026-05-26 07:06:51.640 9 INFO neutron.api.wsgi [None req-45561a85-4b9b-4857-be38-059a5ff58096 a33934a612704b31b3cafa268b4b222a b46e523687e447cbae672fe87dcd988a - - default default] 10.0.0.207 "DELETE /v2.0/vpn/endpoint-groups/1559744f-43f5-4be9-a3d5-6a26becffbf1 HTTP/1.1" status: 204 len: 168 time: 0.0256696
2026-05-26 07:06:51.653 8 INFO neutron.api.wsgi [None req-feca24d0-aefc-4b96-95d2-e519174319c9 a33934a612704b31b3cafa268b4b222a b46e523687e447cbae672fe87dcd988a - - default default] 10.0.0.207 "GET /v2.0/vpn/endpoint-groups HTTP/1.1" status: 200 len: 827 time: 0.0099056
2026-05-26 07:06:51.663 8 WARNING neutron.api.v2.base [None req-7110c93a-0d87-4c63-be6c-1c4544887297 a33934a612704b31b3cafa268b4b222a b46e523687e447cbae672fe87dcd988a - - default default] An exception happened while processing the request body. The exception message is [Invalid input for peer_cidrs. Reason: '1.0.0.0/33' is not a valid IP subnet.].: webob.exc.HTTPBadRequest: Invalid input for peer_cidrs. Reason: '1.0.0.0/33' is not a valid IP subnet.
2026-05-26 07:06:51.664 8 INFO neutron.api.v2.resource [None req-7110c93a-0d87-4c63-be6c-1c4544887297 a33934a612704b31b3cafa268b4b222a b46e523687e447cbae672fe87dcd988a - - default default] create failed (client error): Invalid input for peer_cidrs. Reason: '1.0.0.0/33' is not a valid IP subnet.
2026-05-26 07:06:51.665 8 INFO neutron.api.wsgi [None req-7110c93a-0d87-4c63-be6c-1c4544887297 a33934a612704b31b3cafa268b4b222a b46e523687e447cbae672fe87dcd988a - - default default] 10.0.0.207 "POST /v2.0/vpn/ipsec-site-connections HTTP/1.1" status: 400 len: 352 time: 0.0055006
2026-05-26 07:06:51.673 8 WARNING neutron_lib.context [None req-b525bc9a-cd28-4d61-bfec-71dc7ee2b669 a33934a612704b31b3cafa268b4b222a b46e523687e447cbae672fe87dcd988a - - default default] Method 'is_advsvc' is deprecated since 2023.2 release (neutron-lib 3.8.0) and will be removed once support for the old RBAC API policies will be removed from Neutron. Please use method 'is_service_role' instead.
2026-05-26 07:06:51.736 8 WARNING neutron.plugins.ml2.drivers.ovn.mech_driver.ovsdb.ovn_client [None req-b5911a22-b155-49fb-9777-b50e9c50cbf2 - - - - - -] No port found with ID d1815a64-a901-4630-a895-495f82022be4: RuntimeError: No port found with ID d1815a64-a901-4630-a895-495f82022be4
2026-05-26 07:06:51.736 8 INFO neutron.plugins.ml2.drivers.ovn.mech_driver.mech_driver [None req-b5911a22-b155-49fb-9777-b50e9c50cbf2 - - - - - -] OVN reports status up for port: c94787c9-a632-4b75-9d43-0d8660b59119
2026-05-26 07:06:51.749 8 INFO neutron.plugins.ml2.plugin [None req-b5911a22-b155-49fb-9777-b50e9c50cbf2 - - - - - -] Attempt 1 to provision port c94787c9-a632-4b75-9d43-0d8660b59119
2026-05-26 07:06:51.758 8 INFO neutron.db.segments_db [None req-b525bc9a-cd28-4d61-bfec-71dc7ee2b669 a33934a612704b31b3cafa268b4b222a b46e523687e447cbae672fe87dcd988a - - default default] Added segment 1384565a-67b3-43b5-a044-6a46bbfecfcc of type geneve for network 0a716d45-a1a8-4aaa-8e4f-16c76b4d582a
2026-05-26 07:06:51.794 9 INFO neutron.db.ovn_revision_numbers_db [None req-3c481196-fd55-446e-b398-3e6dbe0bae35 e160c8d2e7734e6eaf7cf3c34533c8aa 89a95844525041ccab7632485cc48e4a - - default default] Successfully bumped revision number for resource 55833fc4-a137-4705-ac66-825e517006a8 (type: security_groups) to 1
2026-05-26 07:06:51.809 9 INFO neutron.db.ovn_revision_numbers_db [None req-3c481196-fd55-446e-b398-3e6dbe0bae35 e160c8d2e7734e6eaf7cf3c34533c8aa 89a95844525041ccab7632485cc48e4a - - default default] Successfully bumped revision number for resource 3590b2b5-fe11-40c8-832d-1c079afcf683 (type: security_group_rules) to 0
2026-05-26 07:06:51.822 9 INFO neutron.db.ovn_revision_numbers_db [None req-3c481196-fd55-446e-b398-3e6dbe0bae35 e160c8d2e7734e6eaf7cf3c34533c8aa 89a95844525041ccab7632485cc48e4a - - default default] Successfully bumped revision number for resource 3f9d417c-15b3-4e4f-b5e7-738901a9dfeb (type: security_group_rules) to 0
2026-05-26 07:06:51.837 9 INFO neutron.db.ovn_revision_numbers_db [None req-3c481196-fd55-446e-b398-3e6dbe0bae35 e160c8d2e7734e6eaf7cf3c34533c8aa 89a95844525041ccab7632485cc48e4a - - default default] Successfully bumped revision number for resource ccfcd8b0-7c4d-4ddf-b77c-c6362cae81d9 (type: security_group_rules) to 0
2026-05-26 07:06:51.854 9 INFO neutron.db.ovn_revision_numbers_db [None req-3c481196-fd55-446e-b398-3e6dbe0bae35 e160c8d2e7734e6eaf7cf3c34533c8aa 89a95844525041ccab7632485cc48e4a - - default default] Successfully bumped revision number for resource e04f1f22-09fc-4f14-9c4c-9eda57112ea8 (type: security_group_rules) to 0
2026-05-26 07:06:51.867 9 INFO neutron.api.wsgi [None req-72a9b06f-95e0-4172-9248-191a5a278067 e160c8d2e7734e6eaf7cf3c34533c8aa 89a95844525041ccab7632485cc48e4a - - default default] 10.0.0.207 "DELETE /v2.0/security-groups/a117500a-0b3f-41a1-9d5b-28bda26c50fd HTTP/1.1" status: 204 len: 168 time: 0.2348673
2026-05-26 07:06:51.886 8 INFO neutron.notifiers.nova [-] Nova event matching ['req-6f268499-a2f9-47db-a24e-eddb215a3dcc'] response: {'server_uuid': 'a9847579-03e2-4df8-b3ff-5117a6b34f4f', 'name': 'network-vif-plugged', 'status': 'completed', 'tag': 'c94787c9-a632-4b75-9d43-0d8660b59119', 'code': 200}
2026-05-26 07:06:51.891 8 INFO neutron.db.ovn_revision_numbers_db [None req-b525bc9a-cd28-4d61-bfec-71dc7ee2b669 a33934a612704b31b3cafa268b4b222a b46e523687e447cbae672fe87dcd988a - - default default] Successfully bumped revision number for resource 0a716d45-a1a8-4aaa-8e4f-16c76b4d582a (type: networks) to 1
2026-05-26 07:06:51.897 9 INFO neutron.api.wsgi [None req-3c481196-fd55-446e-b398-3e6dbe0bae35 e160c8d2e7734e6eaf7cf3c34533c8aa 89a95844525041ccab7632485cc48e4a - - default default] 10.0.0.207 "GET /v2.0/security-groups?tenant_id=e76b8ff366d5417ba726ca9805261890&name=default HTTP/1.1" status: 200 len: 3124 time: 0.2358408
