2026-05-26 07:06:27.041 8 INFO neutron.api.wsgi [None req-fe63e7ad-c44e-4622-8017-f8f85fbe56b9 0abd30d1335c42a5bf1c5cef1bb5d241 7b390641a7e84a598b007657393db6ff - - default default] 10.0.0.207 "POST /v2.0/qos/policies HTTP/1.1" status: 201 len: 558 time: 0.0529115
2026-05-26 07:06:27.099 9 INFO neutron.api.wsgi [None req-8e867bdc-2dec-404d-ab8d-d03990404b0c 0abd30d1335c42a5bf1c5cef1bb5d241 7b390641a7e84a598b007657393db6ff - - default default] 10.0.0.207 "POST /v2.0/qos/policies HTTP/1.1" status: 201 len: 558 time: 0.0542722
2026-05-26 07:06:27.156 8 INFO neutron.db.ovn_revision_numbers_db [None req-03a340af-be18-4291-8f61-8aa84c9b60c5 e160c8d2e7734e6eaf7cf3c34533c8aa 89a95844525041ccab7632485cc48e4a - - default default] Successfully bumped revision number for resource 29e9565a-4e49-40cf-8441-80d73b3e9098 (type: security_groups) to 1
2026-05-26 07:06:27.160 8 INFO neutron.api.wsgi [None req-4ded833d-3bd6-4f50-863f-a4c69b4779f0 0abd30d1335c42a5bf1c5cef1bb5d241 7b390641a7e84a598b007657393db6ff - - default default] 10.0.0.207 "POST /v2.0/qos/policies HTTP/1.1" status: 201 len: 558 time: 0.0563097
2026-05-26 07:06:27.162 8 INFO neutron.db.ovn_revision_numbers_db [None req-4943e87a-0099-418e-b6e3-2a21216118c8 - - - - - -] Successfully bumped revision number for resource 16e1fe9c-1484-4077-9a9e-a00914c2a013 (type: router_ports) to 1
2026-05-26 07:06:27.186 8 INFO neutron.db.ovn_revision_numbers_db [None req-03a340af-be18-4291-8f61-8aa84c9b60c5 e160c8d2e7734e6eaf7cf3c34533c8aa 89a95844525041ccab7632485cc48e4a - - default default] Successfully bumped revision number for resource 6047d6f0-4fae-4b34-af92-f928498d99b7 (type: security_group_rules) to 0
2026-05-26 07:06:27.208 8 INFO neutron.api.wsgi [None req-8c01dc92-89e6-4581-b96c-1161c35c8539 0abd30d1335c42a5bf1c5cef1bb5d241 7b390641a7e84a598b007657393db6ff - - default default] 10.0.0.207 "PUT /v2.0/policies/26c64efc-ec85-49c1-aaac-5c25817ba464/tags HTTP/1.1" status: 200 len: 210 time: 0.0422685
2026-05-26 07:06:27.210 8 INFO neutron.db.ovn_revision_numbers_db [None req-03a340af-be18-4291-8f61-8aa84c9b60c5 e160c8d2e7734e6eaf7cf3c34533c8aa 89a95844525041ccab7632485cc48e4a - - default default] Successfully bumped revision number for resource 85b04eaf-47b5-420b-bb40-072d0e68e75c (type: security_group_rules) to 0
2026-05-26 07:06:27.234 8 INFO neutron.db.ovn_revision_numbers_db [None req-03a340af-be18-4291-8f61-8aa84c9b60c5 e160c8d2e7734e6eaf7cf3c34533c8aa 89a95844525041ccab7632485cc48e4a - - default default] Successfully bumped revision number for resource a25c78c3-b9a9-4810-9acd-285002c9d76b (type: security_group_rules) to 0
2026-05-26 07:06:27.253 8 INFO neutron.api.wsgi [None req-98a6d7d6-6caa-4952-b45b-edcb5a07b600 0abd30d1335c42a5bf1c5cef1bb5d241 7b390641a7e84a598b007657393db6ff - - default default] 10.0.0.207 "PUT /v2.0/policies/4a0c8e86-2347-4888-a4fd-510a710d2bc2/tags HTTP/1.1" status: 200 len: 218 time: 0.0401630
2026-05-26 07:06:27.259 8 INFO neutron.db.ovn_revision_numbers_db [None req-03a340af-be18-4291-8f61-8aa84c9b60c5 e160c8d2e7734e6eaf7cf3c34533c8aa 89a95844525041ccab7632485cc48e4a - - default default] Successfully bumped revision number for resource ccfddcbf-1c71-4060-9715-e8e5c219d905 (type: security_group_rules) to 0
2026-05-26 07:06:27.293 9 INFO neutron.api.wsgi [None req-885d02a3-90e7-46d9-8e0f-bff951bfb4d6 0abd30d1335c42a5bf1c5cef1bb5d241 7b390641a7e84a598b007657393db6ff - - default default] 10.0.0.207 "PUT /v2.0/policies/b5ef900d-46e0-4154-b4fe-0ece6f58d09f/tags HTTP/1.1" status: 200 len: 227 time: 0.0330725
2026-05-26 07:06:27.310 8 INFO neutron.api.wsgi [None req-03a340af-be18-4291-8f61-8aa84c9b60c5 e160c8d2e7734e6eaf7cf3c34533c8aa 89a95844525041ccab7632485cc48e4a - - default default] 10.0.0.207 "GET /v2.0/security-groups?tenant_id=0a98528358fb4c0086652fed94c97493&name=default HTTP/1.1" status: 200 len: 3120 time: 0.3911569
2026-05-26 07:06:27.341 8 INFO neutron.api.wsgi [None req-ef74f582-2431-4d42-a1f8-59d9acb8e0b1 0abd30d1335c42a5bf1c5cef1bb5d241 7b390641a7e84a598b007657393db6ff - - default default] 10.0.0.207 "PUT /v2.0/policies/cb3a3e48-d458-4c3c-a794-b344e83d78b3/tags HTTP/1.1" status: 200 len: 212 time: 0.0424044
2026-05-26 07:06:27.443 8 WARNING neutron.scheduler.dhcp_agent_scheduler [None req-4943e87a-0099-418e-b6e3-2a21216118c8 - - - - - -] No more DHCP agents
2026-05-26 07:06:27.445 8 WARNING neutron.api.rpc.agentnotifiers.dhcp_rpc_agent_api [None req-4943e87a-0099-418e-b6e3-2a21216118c8 - - - - - -] Unable to schedule network 6edec9d3-da6d-4203-ba0c-6abc7e3b95c7: no agents available; will retry on subsequent port and subnet creation events.
2026-05-26 07:06:27.589 8 INFO neutron.db.ovn_revision_numbers_db [None req-4943e87a-0099-418e-b6e3-2a21216118c8 - - - - - -] Successfully bumped revision number for resource 011be591-bd32-4895-8004-bffb031e5f3e (type: ports) to 1
2026-05-26 07:06:27.604 9 INFO neutron.api.wsgi [None req-aaf6eb52-9e3e-4db2-9859-d74ea7f72aa9 e160c8d2e7734e6eaf7cf3c34533c8aa 89a95844525041ccab7632485cc48e4a - - default default] 10.0.0.207 "DELETE /v2.0/security-groups/29e9565a-4e49-40cf-8441-80d73b3e9098 HTTP/1.1" status: 204 len: 168 time: 0.2849112
2026-05-26 07:06:27.608 9 INFO neutron.plugins.ml2.drivers.ovn.mech_driver.mech_driver [None req-1af8d136-2f8c-452c-af28-001e68220246 - - - - - -] OVN reports status up for port: e79ff6fb-0713-4f88-8eeb-d00f393b1820
2026-05-26 07:06:27.620 9 INFO neutron.plugins.ml2.plugin [None req-1af8d136-2f8c-452c-af28-001e68220246 - - - - - -] Attempt 1 to provision port e79ff6fb-0713-4f88-8eeb-d00f393b1820
2026-05-26 07:06:27.632 9 INFO neutron.db.ovn_revision_numbers_db [None req-364b12ff-5aa4-4939-8eec-1f66fcb12882 5cc28ca88589484ebeb3a1edd6cfa991 ef27d32609024d7db4196a6426b0fe1e - - default default] Successfully bumped revision number for resource e79ff6fb-0713-4f88-8eeb-d00f393b1820 (type: ports) to 1
2026-05-26 07:06:27.683 9 WARNING neutron.scheduler.dhcp_agent_scheduler [None req-364b12ff-5aa4-4939-8eec-1f66fcb12882 5cc28ca88589484ebeb3a1edd6cfa991 ef27d32609024d7db4196a6426b0fe1e - - default default] No more DHCP agents
2026-05-26 07:06:27.684 9 WARNING neutron.api.rpc.agentnotifiers.dhcp_rpc_agent_api [None req-364b12ff-5aa4-4939-8eec-1f66fcb12882 5cc28ca88589484ebeb3a1edd6cfa991 ef27d32609024d7db4196a6426b0fe1e - - default default] Unable to schedule network ac035b72-d6da-4f95-94c5-dd14c6291f49: no agents available; will retry on subsequent port and subnet creation events.
2026-05-26 07:06:27.818 8 INFO neutron.db.ovn_revision_numbers_db [None req-4943e87a-0099-418e-b6e3-2a21216118c8 - - - - - -] Successfully bumped revision number for resource 011be591-bd32-4895-8004-bffb031e5f3e (type: ports) to 3
2026-05-26 07:06:28.023 8 INFO neutron.api.wsgi [None req-7b9f8a20-3644-4760-94fc-15e431b11748 7a54fba1b9124567954befda6b5a3a1a 65a9484334e243ca9eaa350522353a98 - - default default] 10.0.0.207 "POST /v2.0/vpn/vpnservices HTTP/1.1" status: 201 len: 656 time: 5.7154553
2026-05-26 07:06:28.028 8 INFO neutron.api.wsgi [None req-8cad2fe5-5faa-445c-9b52-1f6b72578597 038795e17a3a466782a6f7f5fc3d6a27 85f13ae7b27a4250a36d3dacc00536f6 - - default default] 10.0.0.207 "GET /v2.0/qos/policies?tags=red HTTP/1.1" status: 200 len: 1296 time: 0.3034585
2026-05-26 07:06:28.045 9 INFO neutron.api.wsgi [None req-3680a7d6-3663-4926-b6b2-c2ec58168f61 a33934a612704b31b3cafa268b4b222a b46e523687e447cbae672fe87dcd988a - - default default] 10.0.0.207 "GET /v2.0/vpn/vpnservices HTTP/1.1" status: 200 len: 1509 time: 0.0163834
2026-05-26 07:06:28.076 9 INFO neutron.db.ovn_revision_numbers_db [None req-1af8d136-2f8c-452c-af28-001e68220246 - - - - - -] Successfully bumped revision number for resource e79ff6fb-0713-4f88-8eeb-d00f393b1820 (type: ports) to 2
2026-05-26 07:06:28.083 8 INFO neutron.api.wsgi [None req-f2597cf8-42c2-46df-a2f5-91ecb411b85e 038795e17a3a466782a6f7f5fc3d6a27 85f13ae7b27a4250a36d3dacc00536f6 - - default default] 10.0.0.207 "GET /v2.0/qos/policies?tags=red%2Cblue HTTP/1.1" status: 200 len: 941 time: 0.0517175
2026-05-26 07:06:28.143 8 INFO neutron.api.wsgi [None req-8f2696f7-2a12-44d6-af95-a3a961e10544 038795e17a3a466782a6f7f5fc3d6a27 85f13ae7b27a4250a36d3dacc00536f6 - - default default] 10.0.0.207 "GET /v2.0/qos/policies?tags-any=blue HTTP/1.1" status: 200 len: 941 time: 0.0501692
2026-05-26 07:06:28.207 8 INFO neutron.api.wsgi [None req-4e6294d3-d244-4b2a-825e-d2902de2efd3 038795e17a3a466782a6f7f5fc3d6a27 85f13ae7b27a4250a36d3dacc00536f6 - - default default] 10.0.0.207 "GET /v2.0/qos/policies?tags-any=red%2Cblue HTTP/1.1" status: 200 len: 1296 time: 0.0574474
2026-05-26 07:06:28.261 8 INFO neutron.api.wsgi [None req-cec0e259-c30f-406f-b06c-b4c496091f8f 038795e17a3a466782a6f7f5fc3d6a27 85f13ae7b27a4250a36d3dacc00536f6 - - default default] 10.0.0.207 "GET /v2.0/qos/policies?not-tags=red HTTP/1.1" status: 200 len: 913 time: 0.0499396
2026-05-26 07:06:28.344 8 INFO neutron.api.wsgi [None req-8b70bfb8-c478-4e87-afb7-9917031dc1cd 038795e17a3a466782a6f7f5fc3d6a27 85f13ae7b27a4250a36d3dacc00536f6 - - default default] 10.0.0.207 "GET /v2.0/qos/policies?not-tags=red%2Cblue HTTP/1.1" status: 200 len: 1268 time: 0.0782812
2026-05-26 07:06:28.412 8 INFO neutron.api.wsgi [None req-a0f0a444-dd1a-41be-862e-370b3c0d74d9 038795e17a3a466782a6f7f5fc3d6a27 85f13ae7b27a4250a36d3dacc00536f6 - - default default] 10.0.0.207 "GET /v2.0/qos/policies?not-tags-any=blue HTTP/1.1" status: 200 len: 1268 time: 0.0634496
2026-05-26 07:06:28.483 8 INFO neutron.api.wsgi [None req-4a7fc0e0-28d1-46c6-8b32-381167db826b 038795e17a3a466782a6f7f5fc3d6a27 85f13ae7b27a4250a36d3dacc00536f6 - - default default] 10.0.0.207 "GET /v2.0/qos/policies?not-tags-any=red%2Cblue HTTP/1.1" status: 200 len: 913 time: 0.0574362
2026-05-26 07:06:28.485 9 INFO neutron.db.ovn_revision_numbers_db [None req-364b12ff-5aa4-4939-8eec-1f66fcb12882 5cc28ca88589484ebeb3a1edd6cfa991 ef27d32609024d7db4196a6426b0fe1e - - default default] Successfully bumped revision number for resource e79ff6fb-0713-4f88-8eeb-d00f393b1820 (type: router_ports) to 1
2026-05-26 07:06:28.501 9 INFO neutron.api.wsgi [None req-364b12ff-5aa4-4939-8eec-1f66fcb12882 5cc28ca88589484ebeb3a1edd6cfa991 ef27d32609024d7db4196a6426b0fe1e - - default default] 10.0.0.207 "PUT /v2.0/routers/fc75d99c-ad4b-4dd3-b758-d35228364770/add_router_interface HTTP/1.1" status: 200 len: 503 time: 2.3050342
2026-05-26 07:06:28.623 8 INFO neutron.api.wsgi [None req-a31227c5-6d03-44c5-aead-28c16de6bef5 0abd30d1335c42a5bf1c5cef1bb5d241 7b390641a7e84a598b007657393db6ff - - default default] 10.0.0.207 "DELETE /v2.0/qos/policies/26c64efc-ec85-49c1-aaac-5c25817ba464 HTTP/1.1" status: 204 len: 168 time: 0.1088972
2026-05-26 07:06:28.695 8 INFO neutron.api.wsgi [None req-5f1735ae-7d2d-46a5-9385-310fd49ad67d 0abd30d1335c42a5bf1c5cef1bb5d241 7b390641a7e84a598b007657393db6ff - - default default] 10.0.0.207 "DELETE /v2.0/qos/policies/4a0c8e86-2347-4888-a4fd-510a710d2bc2 HTTP/1.1" status: 204 len: 168 time: 0.0628462
2026-05-26 07:06:28.793 9 INFO neutron.api.wsgi [None req-256fb8b5-ef82-48ad-84f5-21d0f541827e 0abd30d1335c42a5bf1c5cef1bb5d241 7b390641a7e84a598b007657393db6ff - - default default] 10.0.0.207 "DELETE /v2.0/qos/policies/b5ef900d-46e0-4154-b4fe-0ece6f58d09f HTTP/1.1" status: 204 len: 168 time: 0.0893357
2026-05-26 07:06:28.868 9 INFO neutron.api.wsgi [None req-54c061e7-9c5d-4e58-ada5-547a22e4bcbf 0abd30d1335c42a5bf1c5cef1bb5d241 7b390641a7e84a598b007657393db6ff - - default default] 10.0.0.207 "DELETE /v2.0/qos/policies/cb3a3e48-d458-4c3c-a794-b344e83d78b3 HTTP/1.1" status: 204 len: 168 time: 0.0693910
2026-05-26 07:06:28.929 9 INFO neutron.api.wsgi [None req-2d83b86a-1b64-4759-83cd-036e442e1389 0abd30d1335c42a5bf1c5cef1bb5d241 7b390641a7e84a598b007657393db6ff - - default default] 10.0.0.207 "DELETE /v2.0/qos/policies/80cd158e-52e8-4fe1-9a01-51006164396d HTTP/1.1" status: 204 len: 168 time: 0.0568535
2026-05-26 07:06:29.039 8 WARNING neutron.scheduler.dhcp_agent_scheduler [None req-f3b56ed1-8648-40cc-9755-e9dafc88ff09 5cc28ca88589484ebeb3a1edd6cfa991 ef27d32609024d7db4196a6426b0fe1e - - default default] No more DHCP agents
2026-05-26 07:06:29.040 8 WARNING neutron.api.rpc.agentnotifiers.dhcp_rpc_agent_api [None req-f3b56ed1-8648-40cc-9755-e9dafc88ff09 5cc28ca88589484ebeb3a1edd6cfa991 ef27d32609024d7db4196a6426b0fe1e - - default default] Unable to schedule network adcd054f-9326-4b64-9535-f02b3e755220: no agents available; will retry on subsequent port and subnet creation events.
2026-05-26 07:06:29.161 8 INFO neutron.db.ovn_revision_numbers_db [None req-f3b56ed1-8648-40cc-9755-e9dafc88ff09 5cc28ca88589484ebeb3a1edd6cfa991 ef27d32609024d7db4196a6426b0fe1e - - default default] Successfully bumped revision number for resource b8d02d44-ee23-4833-a685-6d90af82dc8a (type: ports) to 1
2026-05-26 07:06:30.041 9 INFO neutron.db.ovn_revision_numbers_db [None req-2617ec84-8b1c-47ac-86e9-0d77bd0a9df8 e160c8d2e7734e6eaf7cf3c34533c8aa 89a95844525041ccab7632485cc48e4a - - default default] Successfully bumped revision number for resource 34053e39-186e-426c-9255-166f8d200e03 (type: security_groups) to 1
2026-05-26 07:06:30.062 9 INFO neutron.db.ovn_revision_numbers_db [None req-2617ec84-8b1c-47ac-86e9-0d77bd0a9df8 e160c8d2e7734e6eaf7cf3c34533c8aa 89a95844525041ccab7632485cc48e4a - - default default] Successfully bumped revision number for resource 27205bd3-517d-4fa1-a514-0b35831611df (type: security_group_rules) to 0
2026-05-26 07:06:30.076 9 INFO neutron.db.ovn_revision_numbers_db [None req-2617ec84-8b1c-47ac-86e9-0d77bd0a9df8 e160c8d2e7734e6eaf7cf3c34533c8aa 89a95844525041ccab7632485cc48e4a - - default default] Successfully bumped revision number for resource 9a1c20be-8ede-4210-a2d6-7fff1f5e07b7 (type: security_group_rules) to 0
2026-05-26 07:06:30.097 9 INFO neutron.db.ovn_revision_numbers_db [None req-2617ec84-8b1c-47ac-86e9-0d77bd0a9df8 e160c8d2e7734e6eaf7cf3c34533c8aa 89a95844525041ccab7632485cc48e4a - - default default] Successfully bumped revision number for resource d27c440d-4f3c-4d65-900a-9d1d37d8cfd6 (type: security_group_rules) to 0
2026-05-26 07:06:30.119 9 INFO neutron.db.ovn_revision_numbers_db [None req-2617ec84-8b1c-47ac-86e9-0d77bd0a9df8 e160c8d2e7734e6eaf7cf3c34533c8aa 89a95844525041ccab7632485cc48e4a - - default default] Successfully bumped revision number for resource eee58959-be2d-4da1-a112-dfa8571a1fcc (type: security_group_rules) to 0
2026-05-26 07:06:30.120 8 INFO neutron.db.ovn_revision_numbers_db [None req-f3b56ed1-8648-40cc-9755-e9dafc88ff09 5cc28ca88589484ebeb3a1edd6cfa991 ef27d32609024d7db4196a6426b0fe1e - - default default] Successfully bumped revision number for resource b8d02d44-ee23-4833-a685-6d90af82dc8a (type: ports) to 1
2026-05-26 07:06:30.166 9 INFO neutron.api.wsgi [None req-2617ec84-8b1c-47ac-86e9-0d77bd0a9df8 e160c8d2e7734e6eaf7cf3c34533c8aa 89a95844525041ccab7632485cc48e4a - - default default] 10.0.0.207 "GET /v2.0/security-groups?tenant_id=809957a4371a45f08ea92bb536ed60ae&name=default HTTP/1.1" status: 200 len: 3120 time: 0.3446615
2026-05-26 07:06:30.183 8 WARNING neutron.scheduler.dhcp_agent_scheduler [None req-f3b56ed1-8648-40cc-9755-e9dafc88ff09 5cc28ca88589484ebeb3a1edd6cfa991 ef27d32609024d7db4196a6426b0fe1e - - default default] No more DHCP agents
2026-05-26 07:06:30.186 8 WARNING neutron.api.rpc.agentnotifiers.dhcp_rpc_agent_api [None req-f3b56ed1-8648-40cc-9755-e9dafc88ff09 5cc28ca88589484ebeb3a1edd6cfa991 ef27d32609024d7db4196a6426b0fe1e - - default default] Unable to schedule network adcd054f-9326-4b64-9535-f02b3e755220: no agents available; will retry on subsequent port and subnet creation events.
2026-05-26 07:06:30.439 8 INFO neutron.api.wsgi [None req-a609c928-c9c4-4e11-b6c7-1922fa1069e6 e160c8d2e7734e6eaf7cf3c34533c8aa 89a95844525041ccab7632485cc48e4a - - default default] 10.0.0.207 "DELETE /v2.0/security-groups/34053e39-186e-426c-9255-166f8d200e03 HTTP/1.1" status: 204 len: 168 time: 0.2666130
2026-05-26 07:06:30.563 8 INFO neutron.db.ovn_revision_numbers_db [None req-f3b56ed1-8648-40cc-9755-e9dafc88ff09 5cc28ca88589484ebeb3a1edd6cfa991 ef27d32609024d7db4196a6426b0fe1e - - default default] Successfully bumped revision number for resource b8d02d44-ee23-4833-a685-6d90af82dc8a (type: router_ports) to 1
2026-05-26 07:06:30.569 8 INFO neutron.api.wsgi [None req-f3b56ed1-8648-40cc-9755-e9dafc88ff09 5cc28ca88589484ebeb3a1edd6cfa991 ef27d32609024d7db4196a6426b0fe1e - - default default] 10.0.0.207 "PUT /v2.0/routers/fc75d99c-ad4b-4dd3-b758-d35228364770/add_router_interface HTTP/1.1" status: 200 len: 503 time: 2.0562701 /var/lib/openstack/lib/python3.12/site-packages/pycadf/identifier.py:71: UserWarning: Invalid uuid: neutron. To ensure interoperability, identifiers should be a valid uuid. warnings.warn(('Invalid uuid: %s. To ensure interoperability, '
2026-05-26 07:06:30.638 9 WARNING neutron_lib.context [None req-c6e50c52-4db3-418d-a832-9850709fd29c 5cc28ca88589484ebeb3a1edd6cfa991 ef27d32609024d7db4196a6426b0fe1e - - default default] Method 'is_advsvc' is deprecated since 2023.2 release (neutron-lib 3.8.0) and will be removed once support for the old RBAC API policies will be removed from Neutron. Please use method 'is_service_role' instead.
2026-05-26 07:06:30.749 8 INFO neutron.db.ovn_revision_numbers_db [None req-645ae700-c6b4-46ee-9c8a-76ef0d85ab25 e160c8d2e7734e6eaf7cf3c34533c8aa 89a95844525041ccab7632485cc48e4a - - default default] Successfully bumped revision number for resource 8dddbcfa-828d-4f72-b689-852de05a9bb1 (type: security_groups) to 1
2026-05-26 07:06:30.765 8 INFO neutron.db.ovn_revision_numbers_db [None req-645ae700-c6b4-46ee-9c8a-76ef0d85ab25 e160c8d2e7734e6eaf7cf3c34533c8aa 89a95844525041ccab7632485cc48e4a - - default default] Successfully bumped revision number for resource 0a81aef9-69d0-47b9-aa0d-ef24a6affafa (type: security_group_rules) to 0
2026-05-26 07:06:30.781 8 INFO neutron.db.ovn_revision_numbers_db [None req-645ae700-c6b4-46ee-9c8a-76ef0d85ab25 e160c8d2e7734e6eaf7cf3c34533c8aa 89a95844525041ccab7632485cc48e4a - - default default] Successfully bumped revision number for resource 2051935e-0d40-4256-a1c5-105ab9535049 (type: security_group_rules) to 0
2026-05-26 07:06:30.784 9 INFO neutron.db.ovn_revision_numbers_db [None req-c6e50c52-4db3-418d-a832-9850709fd29c 5cc28ca88589484ebeb3a1edd6cfa991 ef27d32609024d7db4196a6426b0fe1e - - default default] Successfully bumped revision number for resource b4ea91a2-2e63-4230-81ff-a49a5ecc90a6 (type: security_groups) to 1
2026-05-26 07:06:30.800 9 INFO neutron.services.segments.plugin [-] Segment 4847fecf-f2c8-41c3-8ea2-7261184a9b78 resource provider aggregate not found
2026-05-26 07:06:30.802 8 INFO neutron.db.ovn_revision_numbers_db [None req-645ae700-c6b4-46ee-9c8a-76ef0d85ab25 e160c8d2e7734e6eaf7cf3c34533c8aa 89a95844525041ccab7632485cc48e4a - - default default] Successfully bumped revision number for resource 65f7ac0e-eecb-4bd9-a7ed-b2f58b3abc69 (type: security_group_rules) to 0
2026-05-26 07:06:30.803 9 INFO neutron.services.segments.plugin [-] Segment 4847fecf-f2c8-41c3-8ea2-7261184a9b78 resource provider aggregate not found
2026-05-26 07:06:30.807 9 INFO neutron.db.ovn_revision_numbers_db [None req-c6e50c52-4db3-418d-a832-9850709fd29c 5cc28ca88589484ebeb3a1edd6cfa991 ef27d32609024d7db4196a6426b0fe1e - - default default] Successfully bumped revision number for resource 1278ba5b-2ba8-41cb-aaf0-56ac930c1199 (type: security_group_rules) to 0
2026-05-26 07:06:30.811 9 INFO neutron.services.segments.plugin [-] Segment 4847fecf-f2c8-41c3-8ea2-7261184a9b78 resource provider not found; error: Placement Client Error (4xx): {"errors": [{"status": 404, "title": "Not Found", "detail": "The resource could not be found.\n\n No resource provider with uuid 4847fecf-f2c8-41c3-8ea2-7261184a9b78 found for delete ", "request_id": "req-f3e84710-b37c-4954-85d7-b6193842bd6f"}]}
2026-05-26 07:06:30.817 8 INFO neutron.db.ovn_revision_numbers_db [None req-645ae700-c6b4-46ee-9c8a-76ef0d85ab25 e160c8d2e7734e6eaf7cf3c34533c8aa 89a95844525041ccab7632485cc48e4a - - default default] Successfully bumped revision number for resource d9651085-3d7b-4c08-b75c-4ae60a789523 (type: security_group_rules) to 0
2026-05-26 07:06:30.817 9 INFO neutron.services.segments.plugin [-] Segment 4847fecf-f2c8-41c3-8ea2-7261184a9b78 resource provider not found; error: Placement Client Error (4xx): {"errors": [{"status": 404, "title": "Not Found", "detail": "The resource could not be found.\n\n No resource provider with uuid 4847fecf-f2c8-41c3-8ea2-7261184a9b78 found for delete ", "request_id": "req-f2801304-a4e3-4ce7-b47a-aab36991d76f"}]}
2026-05-26 07:06:30.822 9 INFO neutron.db.ovn_revision_numbers_db [None req-c6e50c52-4db3-418d-a832-9850709fd29c 5cc28ca88589484ebeb3a1edd6cfa991 ef27d32609024d7db4196a6426b0fe1e - - default default] Successfully bumped revision number for resource dc67b99c-39d3-4f2b-abe3-7725f9050c89 (type: security_group_rules) to 0
2026-05-26 07:06:30.848 9 INFO neutron.api.wsgi [None req-54c106ca-c4b5-4c1c-860e-6a8440f8b825 7a54fba1b9124567954befda6b5a3a1a 65a9484334e243ca9eaa350522353a98 - - default default] 10.0.0.207 "DELETE /v2.0/vpn/vpnservices/925dd627-e897-4b46-a839-4674067e4d76 HTTP/1.1" status: 204 len: 168 time: 2.7987344
2026-05-26 07:06:30.859 9 WARNING neutron_lib.context [None req-dcd96209-b541-4b81-b202-9bea3629b25e a33934a612704b31b3cafa268b4b222a b46e523687e447cbae672fe87dcd988a - - default default] Method 'is_advsvc' is deprecated since 2023.2 release (neutron-lib 3.8.0) and will be removed once support for the old RBAC API policies will be removed from Neutron. Please use method 'is_service_role' instead.
2026-05-26 07:06:30.864 8 INFO neutron.api.wsgi [None req-645ae700-c6b4-46ee-9c8a-76ef0d85ab25 e160c8d2e7734e6eaf7cf3c34533c8aa 89a95844525041ccab7632485cc48e4a - - default default] 10.0.0.207 "GET /v2.0/security-groups?tenant_id=7b390641a7e84a598b007657393db6ff&name=default HTTP/1.1" status: 200 len: 3120 time: 0.2332540
2026-05-26 07:06:30.866 9 INFO neutron.api.wsgi [None req-c6e50c52-4db3-418d-a832-9850709fd29c 5cc28ca88589484ebeb3a1edd6cfa991 ef27d32609024d7db4196a6426b0fe1e - - default default] 10.0.0.207 "POST /v2.0/security-groups HTTP/1.1" status: 201 len: 1827 time: 0.2326486
2026-05-26 07:06:30.876 9 WARNING neutron_lib.context [None req-67ca707b-7c02-45a7-bb03-6646f8c9fd95 5cc28ca88589484ebeb3a1edd6cfa991 ef27d32609024d7db4196a6426b0fe1e - - default default] Method 'is_advsvc' is deprecated since 2023.2 release (neutron-lib 3.8.0) and will be removed once support for the old RBAC API policies will be removed from Neutron. Please use method 'is_service_role' instead.
2026-05-26 07:06:30.917 8 WARNING neutron_lib.context [None req-1c29ed77-8171-40c8-ac7f-2ebac9d3b781 a6df268c565f4cf5ad65b8b0a0f4e8e2 e4180dc14de547208e9cbce2dc3ba0b0 - - default default] Method 'is_advsvc' is deprecated since 2023.2 release (neutron-lib 3.8.0) and will be removed once support for the old RBAC API policies will be removed from Neutron. Please use method 'is_service_role' instead.
2026-05-26 07:06:30.923 9 INFO neutron.api.wsgi [None req-dcd96209-b541-4b81-b202-9bea3629b25e a33934a612704b31b3cafa268b4b222a b46e523687e447cbae672fe87dcd988a - - default default] 10.0.0.207 "POST /v2.0/vpn/endpoint-groups HTTP/1.1" status: 201 len: 501 time: 0.0678988
2026-05-26 07:06:30.934 9 WARNING neutron_lib.context [None req-31be0521-4c88-4315-bb02-a43da55a757c a33934a612704b31b3cafa268b4b222a b46e523687e447cbae672fe87dcd988a - - default default] Method 'is_advsvc' is deprecated since 2023.2 release (neutron-lib 3.8.0) and will be removed once support for the old RBAC API policies will be removed from Neutron. Please use method 'is_service_role' instead.
2026-05-26 07:06:30.988 9 INFO neutron.api.wsgi [None req-31be0521-4c88-4315-bb02-a43da55a757c a33934a612704b31b3cafa268b4b222a b46e523687e447cbae672fe87dcd988a - - default default] 10.0.0.207 "POST /v2.0/vpn/endpoint-groups HTTP/1.1" status: 201 len: 492 time: 0.0582743
2026-05-26 07:06:30.998 9 WARNING neutron.api.v2.base [None req-bf6a7b32-b7cd-4c6d-aca9-65d1de98cccd a33934a612704b31b3cafa268b4b222a b46e523687e447cbae672fe87dcd988a - - default default] An exception happened while processing the request body. The exception message is [Unrecognized attribute(s) 'peer_cidr'].: webob.exc.HTTPBadRequest: Unrecognized attribute(s) 'peer_cidr'
2026-05-26 07:06:30.999 9 INFO neutron.api.v2.resource [None req-bf6a7b32-b7cd-4c6d-aca9-65d1de98cccd a33934a612704b31b3cafa268b4b222a b46e523687e447cbae672fe87dcd988a - - default default] create failed (client error): Unrecognized attribute(s) 'peer_cidr'
2026-05-26 07:06:31.000 9 INFO neutron.api.wsgi [None req-bf6a7b32-b7cd-4c6d-aca9-65d1de98cccd a33934a612704b31b3cafa268b4b222a b46e523687e447cbae672fe87dcd988a - - default default] 10.0.0.207 "POST /v2.0/vpn/ipsec-site-connections HTTP/1.1" status: 400 len: 313 time: 0.0048392
2026-05-26 07:06:31.013 9 INFO neutron.api.wsgi [None req-a168d58e-980b-4832-8935-d0c3ee44a64f a33934a612704b31b3cafa268b4b222a b46e523687e447cbae672fe87dcd988a - - default default] 10.0.0.207 "GET /v2.0/vpn/endpoint-groups HTTP/1.1" status: 200 len: 1387 time: 0.0096085
2026-05-26 07:06:31.053 9 INFO neutron.db.ovn_revision_numbers_db [None req-67ca707b-7c02-45a7-bb03-6646f8c9fd95 5cc28ca88589484ebeb3a1edd6cfa991 ef27d32609024d7db4196a6426b0fe1e - - default default] Successfully bumped revision number for resource f1b38cec-8092-418a-af38-f4c00d8610e8 (type: security_group_rules) to 0
2026-05-26 07:06:31.063 8 INFO neutron.api.wsgi [None req-5b3f6f04-7373-4658-b4a5-b8d1e5852ff9 a33934a612704b31b3cafa268b4b222a b46e523687e447cbae672fe87dcd988a - - default default] 10.0.0.207 "DELETE /v2.0/vpn/endpoint-groups/07d53940-41e7-4cfe-a3ec-eaee01063d6a HTTP/1.1" status: 204 len: 168 time: 0.0438721
2026-05-26 07:06:31.082 9 INFO neutron.api.wsgi [None req-3e0f1301-f583-4182-ad90-f19128a38587 a33934a612704b31b3cafa268b4b222a b46e523687e447cbae672fe87dcd988a - - default default] 10.0.0.207 "GET /v2.0/vpn/endpoint-groups HTTP/1.1" status: 200 len: 1111 time: 0.0118055
2026-05-26 07:06:31.106 8 INFO neutron.api.wsgi [None req-ba0bfca2-4afe-4d0d-b5bd-704daa1c70fc a33934a612704b31b3cafa268b4b222a b46e523687e447cbae672fe87dcd988a - - default default] 10.0.0.207 "GET /v2.0/vpn/endpoint-groups HTTP/1.1" status: 200 len: 1111 time: 0.0174782
2026-05-26 07:06:31.113 9 INFO neutron.api.wsgi [None req-67ca707b-7c02-45a7-bb03-6646f8c9fd95 5cc28ca88589484ebeb3a1edd6cfa991 ef27d32609024d7db4196a6426b0fe1e - - default default] 10.0.0.207 "POST /v2.0/security-group-rules HTTP/1.1" status: 201 len: 796 time: 0.2419477
2026-05-26 07:06:31.121 9 WARNING neutron_lib.context [None req-b645a26c-a9ad-4416-aa6e-3a313943bee7 5cc28ca88589484ebeb3a1edd6cfa991 ef27d32609024d7db4196a6426b0fe1e - - default default] Method 'is_advsvc' is deprecated since 2023.2 release (neutron-lib 3.8.0) and will be removed once support for the old RBAC API policies will be removed from Neutron. Please use method 'is_service_role' instead.
2026-05-26 07:06:31.122 8 INFO neutron.db.ovn_revision_numbers_db [None req-1c29ed77-8171-40c8-ac7f-2ebac9d3b781 a6df268c565f4cf5ad65b8b0a0f4e8e2 e4180dc14de547208e9cbce2dc3ba0b0 - - default default] Successfully bumped revision number for resource 28783ab5-aac1-42cc-97b2-325099e53c49 (type: security_groups) to 1
2026-05-26 07:06:31.135 8 INFO neutron.api.wsgi [None req-58e1b2f7-3c12-47a9-9831-191d2b3a4585 a33934a612704b31b3cafa268b4b222a b46e523687e447cbae672fe87dcd988a - - default default] 10.0.0.207 "DELETE /v2.0/vpn/endpoint-groups/5355bd0f-a2a7-46dd-bd82-a08d15c4fc3e HTTP/1.1" status: 204 len: 168 time: 0.0218503
2026-05-26 07:06:31.144 8 INFO neutron.db.ovn_revision_numbers_db [None req-1c29ed77-8171-40c8-ac7f-2ebac9d3b781 a6df268c565f4cf5ad65b8b0a0f4e8e2 e4180dc14de547208e9cbce2dc3ba0b0 - - default default] Successfully bumped revision number for resource 2dc5a905-56d1-4f8b-bad7-f27d272738e5 (type: security_group_rules) to 0
2026-05-26 07:06:31.151 8 INFO neutron.api.wsgi [None req-37dfddcb-a15c-4349-afef-115e4af867fa a33934a612704b31b3cafa268b4b222a b46e523687e447cbae672fe87dcd988a - - default default] 10.0.0.207 "GET /v2.0/vpn/endpoint-groups HTTP/1.1" status: 200 len: 827 time: 0.0108674
2026-05-26 07:06:31.161 8 INFO neutron.api.wsgi [None req-2d189f35-38e4-4587-9a40-f24912809cf4 e160c8d2e7734e6eaf7cf3c34533c8aa 89a95844525041ccab7632485cc48e4a - - default default] 10.0.0.207 "DELETE /v2.0/security-groups/8dddbcfa-828d-4f72-b689-852de05a9bb1 HTTP/1.1" status: 204 len: 168 time: 0.2928607
2026-05-26 07:06:31.164 8 WARNING neutron_lib.context [None req-030a4ca3-0908-4f4f-9687-f26a764d4754 a33934a612704b31b3cafa268b4b222a b46e523687e447cbae672fe87dcd988a - - default default] Method 'is_advsvc' is deprecated since 2023.2 release (neutron-lib 3.8.0) and will be removed once support for the old RBAC API policies will be removed from Neutron. Please use method 'is_service_role' instead.
2026-05-26 07:06:31.169 8 INFO neutron.db.ovn_revision_numbers_db [None req-1c29ed77-8171-40c8-ac7f-2ebac9d3b781 a6df268c565f4cf5ad65b8b0a0f4e8e2 e4180dc14de547208e9cbce2dc3ba0b0 - - default default] Successfully bumped revision number for resource 88473254-493f-4818-8fe2-7026557843ea (type: security_group_rules) to 0
2026-05-26 07:06:31.182 8 INFO neutron.db.ovn_revision_numbers_db [None req-1c29ed77-8171-40c8-ac7f-2ebac9d3b781 a6df268c565f4cf5ad65b8b0a0f4e8e2 e4180dc14de547208e9cbce2dc3ba0b0 - - default default] Successfully bumped revision number for resource a3876468-017a-4362-bae8-40da9a163502 (type: security_group_rules) to 0
2026-05-26 07:06:31.196 8 INFO neutron.db.ovn_revision_numbers_db [None req-1c29ed77-8171-40c8-ac7f-2ebac9d3b781 a6df268c565f4cf5ad65b8b0a0f4e8e2 e4180dc14de547208e9cbce2dc3ba0b0 - - default default] Successfully bumped revision number for resource bbb6988c-0a27-43e4-b2b7-442ed2f47e2a (type: security_group_rules) to 0
2026-05-26 07:06:31.220 8 INFO neutron.api.wsgi [None req-030a4ca3-0908-4f4f-9687-f26a764d4754 a33934a612704b31b3cafa268b4b222a b46e523687e447cbae672fe87dcd988a - - default default] 10.0.0.207 "POST /v2.0/vpn/endpoint-groups HTTP/1.1" status: 201 len: 501 time: 0.0610206
2026-05-26 07:06:31.230 9 WARNING neutron_lib.context [None req-78b11bbf-9dd1-4a74-9d08-952945608737 a33934a612704b31b3cafa268b4b222a b46e523687e447cbae672fe87dcd988a - - default default] Method 'is_advsvc' is deprecated since 2023.2 release (neutron-lib 3.8.0) and will be removed once support for the old RBAC API policies will be removed from Neutron. Please use method 'is_service_role' instead.
2026-05-26 07:06:31.239 9 INFO neutron.db.ovn_revision_numbers_db [None req-b645a26c-a9ad-4416-aa6e-3a313943bee7 5cc28ca88589484ebeb3a1edd6cfa991 ef27d32609024d7db4196a6426b0fe1e - - default default] Successfully bumped revision number for resource 6b504b1c-db3a-42e2-8d34-23a095189080 (type: security_group_rules) to 0
2026-05-26 07:06:31.241 8 WARNING neutron.plugins.ml2.drivers.ovn.mech_driver.ovsdb.ovn_client [None req-60fe350f-12a3-4789-93fe-98f6afaa201f - - - - - -] No hosting information found for port 12c49cb8-73c1-41be-9319-d19e9d402d90: RuntimeError: No hosting information found for port 12c49cb8-73c1-41be-9319-d19e9d402d90
2026-05-26 07:06:31.267 9 INFO neutron.api.wsgi [None req-b645a26c-a9ad-4416-aa6e-3a313943bee7 5cc28ca88589484ebeb3a1edd6cfa991 ef27d32609024d7db4196a6426b0fe1e - - default default] 10.0.0.207 "POST /v2.0/security-group-rules HTTP/1.1" status: 201 len: 796 time: 0.1501379
2026-05-26 07:06:31.270 9 INFO neutron.api.wsgi [None req-78b11bbf-9dd1-4a74-9d08-952945608737 a33934a612704b31b3cafa268b4b222a b46e523687e447cbae672fe87dcd988a - - default default] 10.0.0.207 "POST /v2.0/vpn/endpoint-groups HTTP/1.1" status: 201 len: 493 time: 0.0450296
2026-05-26 07:06:31.275 9 WARNING neutron_lib.context [None req-e04ccea0-ad4a-4d56-ab63-42a2ce1cfd5b 5cc28ca88589484ebeb3a1edd6cfa991 ef27d32609024d7db4196a6426b0fe1e - - default default] Method 'is_advsvc' is deprecated since 2023.2 release (neutron-lib 3.8.0) and will be removed once support for the old RBAC API policies will be removed from Neutron. Please use method 'is_service_role' instead.
2026-05-26 07:06:31.279 8 INFO neutron.db.segments_db [None req-1c29ed77-8171-40c8-ac7f-2ebac9d3b781 a6df268c565f4cf5ad65b8b0a0f4e8e2 e4180dc14de547208e9cbce2dc3ba0b0 - - default default] Added segment 503335f5-eac8-421c-b6dc-e64b91c0c205 of type geneve for network 18727437-5399-4196-8412-e847fc186c6e
2026-05-26 07:06:31.280 9 WARNING neutron_lib.context [None req-a921e7f5-993c-4a4a-b4ea-b16059d98abd a33934a612704b31b3cafa268b4b222a b46e523687e447cbae672fe87dcd988a - - default default] Method 'is_advsvc' is deprecated since 2023.2 release (neutron-lib 3.8.0) and will be removed once support for the old RBAC API policies will be removed from Neutron. Please use method 'is_service_role' instead.
2026-05-26 07:06:31.329 9 INFO neutron.api.v2.resource [None req-a921e7f5-993c-4a4a-b4ea-b16059d98abd a33934a612704b31b3cafa268b4b222a b46e523687e447cbae672fe87dcd988a - - default default] create failed (client error): The server could not comply with the request since it is either malformed or otherwise incorrect.
2026-05-26 07:06:31.330 9 INFO neutron.api.wsgi [None req-a921e7f5-993c-4a4a-b4ea-b16059d98abd a33934a612704b31b3cafa268b4b222a b46e523687e447cbae672fe87dcd988a - - default default] 10.0.0.207 "POST /v2.0/vpn/ipsec-site-connections HTTP/1.1" status: 400 len: 373 time: 0.0537486
2026-05-26 07:06:31.338 8 INFO neutron.db.ovn_revision_numbers_db [None req-60fe350f-12a3-4789-93fe-98f6afaa201f - - - - - -] Successfully bumped revision number for resource 12c49cb8-73c1-41be-9319-d19e9d402d90 (type: router_ports) to 2
2026-05-26 07:06:31.338 8 INFO neutron.plugins.ml2.drivers.ovn.mech_driver.mech_driver [None req-60fe350f-12a3-4789-93fe-98f6afaa201f - - - - - -] OVN reports status up for port: 4c2d3b88-951e-4d21-a281-ec6140ce1e18
2026-05-26 07:06:31.349 8 INFO neutron.plugins.ml2.plugin [None req-60fe350f-12a3-4789-93fe-98f6afaa201f - - - - - -] Attempt 1 to provision port 4c2d3b88-951e-4d21-a281-ec6140ce1e18
2026-05-26 07:06:31.410 9 INFO neutron.db.ovn_revision_numbers_db [None req-e04ccea0-ad4a-4d56-ab63-42a2ce1cfd5b 5cc28ca88589484ebeb3a1edd6cfa991 ef27d32609024d7db4196a6426b0fe1e - - default default] Successfully bumped revision number for resource 2ca40f9e-3e60-4ebb-8365-e68a074d479f (type: security_group_rules) to 0
2026-05-26 07:06:31.443 9 INFO neutron.api.wsgi [None req-e04ccea0-ad4a-4d56-ab63-42a2ce1cfd5b 5cc28ca88589484ebeb3a1edd6cfa991 ef27d32609024d7db4196a6426b0fe1e - - default default] 10.0.0.207 "POST /v2.0/security-group-rules HTTP/1.1" status: 201 len: 798 time: 0.1719809
2026-05-26 07:06:31.449 8 INFO neutron.db.ovn_revision_numbers_db [None req-1c29ed77-8171-40c8-ac7f-2ebac9d3b781 a6df268c565f4cf5ad65b8b0a0f4e8e2 e4180dc14de547208e9cbce2dc3ba0b0 - - default default] Successfully bumped revision number for resource 18727437-5399-4196-8412-e847fc186c6e (type: networks) to 1
2026-05-26 07:06:31.453 9 WARNING neutron_lib.context [None req-bec42cd5-f080-446c-a070-0c240833f71c 5cc28ca88589484ebeb3a1edd6cfa991 ef27d32609024d7db4196a6426b0fe1e - - default default] Method 'is_advsvc' is deprecated since 2023.2 release (neutron-lib 3.8.0) and will be removed once support for the old RBAC API policies will be removed from Neutron. Please use method 'is_service_role' instead.
2026-05-26 07:06:31.497 8 INFO neutron.db.ovn_revision_numbers_db [None req-c49a9043-f1d0-4806-9bb8-d2c8a37352d7 e160c8d2e7734e6eaf7cf3c34533c8aa 89a95844525041ccab7632485cc48e4a - - default default] Successfully bumped revision number for resource 3a4ba671-226e-42fd-b101-96218da9ec64 (type: security_groups) to 1
2026-05-26 07:06:31.517 8 INFO neutron.plugins.ml2.drivers.ovn.mech_driver.mech_driver [None req-60fe350f-12a3-4789-93fe-98f6afaa201f - - - - - -] OVN reports status up for port: f618fbf9-629e-435a-a021-0cfd4a7597b7
2026-05-26 07:06:31.518 8 INFO neutron.db.ovn_revision_numbers_db [None req-c49a9043-f1d0-4806-9bb8-d2c8a37352d7 e160c8d2e7734e6eaf7cf3c34533c8aa 89a95844525041ccab7632485cc48e4a - - default default] Successfully bumped revision number for resource 0ca568a4-bbf4-4262-82d7-a072e33ae59d (type: security_group_rules) to 0
2026-05-26 07:06:31.533 8 INFO neutron.plugins.ml2.plugin [None req-60fe350f-12a3-4789-93fe-98f6afaa201f - - - - - -] Attempt 1 to provision port f618fbf9-629e-435a-a021-0cfd4a7597b7
2026-05-26 07:06:31.536 8 INFO neutron.db.ovn_revision_numbers_db [None req-c49a9043-f1d0-4806-9bb8-d2c8a37352d7 e160c8d2e7734e6eaf7cf3c34533c8aa 89a95844525041ccab7632485cc48e4a - - default default] Successfully bumped revision number for resource a11775a4-63d2-4977-96bb-e7b0ff9187a7 (type: security_group_rules) to 0
2026-05-26 07:06:31.812 9 INFO neutron.api.wsgi [None req-0746b88e-2a4f-4122-bff9-7e3f05dc5910 a33934a612704b31b3cafa268b4b222a b46e523687e447cbae672fe87dcd988a - - default default] 10.0.0.207 "GET /v2.0/vpn/endpoint-groups HTTP/1.1" status: 200 len: 1388 time: 0.0125711
2026-05-26 07:06:33.246 9 WARNING neutron.plugins.ml2.drivers.ovn.mech_driver.ovsdb.ovn_client [None req-e141714f-8493-4005-bc7b-1135c7cec1b0 - - - - - -] No hosting information found for port e79ff6fb-0713-4f88-8eeb-d00f393b1820: RuntimeError: No hosting information found for port e79ff6fb-0713-4f88-8eeb-d00f393b1820
2026-05-26 07:06:33.962 8 INFO neutron.db.ovn_revision_numbers_db [None req-c49a9043-f1d0-4806-9bb8-d2c8a37352d7 e160c8d2e7734e6eaf7cf3c34533c8aa 89a95844525041ccab7632485cc48e4a - - default default] Successfully bumped revision number for resource a7a59f48-f56b-4f0d-8544-c98c8649c666 (type: security_group_rules) to 0
2026-05-26 07:06:33.983 9 INFO neutron.api.wsgi [None req-daeb8497-8808-4247-8c1b-39a4ca573a24 a33934a612704b31b3cafa268b4b222a b46e523687e447cbae672fe87dcd988a - - default default] 10.0.0.207 "DELETE /v2.0/vpn/endpoint-groups/3c1a5314-6916-4daf-961b-3513c7af684f HTTP/1.1" status: 204 len: 168 time: 2.1666033
2026-05-26 07:06:34.002 9 INFO neutron.api.wsgi [None req-94e530f3-4d4f-4361-bdc8-397ad873f5e7 a33934a612704b31b3cafa268b4b222a b46e523687e447cbae672fe87dcd988a - - default default] 10.0.0.207 "GET /v2.0/vpn/endpoint-groups HTTP/1.1" status: 200 len: 1111 time: 0.0140018
2026-05-26 07:06:34.010 8 INFO neutron.db.ovn_revision_numbers_db [None req-c49a9043-f1d0-4806-9bb8-d2c8a37352d7 e160c8d2e7734e6eaf7cf3c34533c8aa 89a95844525041ccab7632485cc48e4a - - default default] Successfully bumped revision number for resource bb315f8d-147b-44f5-9fc2-9a27a13b3030 (type: security_group_rules) to 0
2026-05-26 07:06:34.018 9 INFO neutron.api.wsgi [None req-fe759012-739d-40d7-a377-3003a22eb52e a33934a612704b31b3cafa268b4b222a b46e523687e447cbae672fe87dcd988a - - default default] 10.0.0.207 "GET /v2.0/vpn/endpoint-groups HTTP/1.1" status: 200 len: 1111 time: 0.0113480
2026-05-26 07:06:34.019 9 INFO neutron.db.ovn_revision_numbers_db [None req-bec42cd5-f080-446c-a070-0c240833f71c 5cc28ca88589484ebeb3a1edd6cfa991 ef27d32609024d7db4196a6426b0fe1e - - default default] Successfully bumped revision number for resource db0266f2-689d-4548-9ac6-101dec6f621b (type: security_group_rules) to 0
2026-05-26 07:06:34.039 8 WARNING neutron.scheduler.dhcp_agent_scheduler [None req-1c29ed77-8171-40c8-ac7f-2ebac9d3b781 a6df268c565f4cf5ad65b8b0a0f4e8e2 e4180dc14de547208e9cbce2dc3ba0b0 - - default default] No more DHCP agents
2026-05-26 07:06:34.042 8 WARNING neutron.api.rpc.agentnotifiers.dhcp_rpc_agent_api [None req-1c29ed77-8171-40c8-ac7f-2ebac9d3b781 a6df268c565f4cf5ad65b8b0a0f4e8e2 e4180dc14de547208e9cbce2dc3ba0b0 - - default default] Unable to schedule network 18727437-5399-4196-8412-e847fc186c6e: no agents available; will retry on subsequent port and subnet creation events.
2026-05-26 07:06:34.054 9 INFO neutron.api.wsgi [None req-bdd27c68-f2fb-45b7-85eb-7929bad33219 a33934a612704b31b3cafa268b4b222a b46e523687e447cbae672fe87dcd988a - - default default] 10.0.0.207 "DELETE /v2.0/vpn/endpoint-groups/2a2b1c80-3a8b-4370-8e3d-f25414441434 HTTP/1.1" status: 204 len: 168 time: 0.0324857
2026-05-26 07:06:34.065 8 INFO neutron.api.wsgi [None req-c49a9043-f1d0-4806-9bb8-d2c8a37352d7 e160c8d2e7734e6eaf7cf3c34533c8aa 89a95844525041ccab7632485cc48e4a - - default default] 10.0.0.207 "GET /v2.0/security-groups?tenant_id=85f13ae7b27a4250a36d3dacc00536f6&name=default HTTP/1.1" status: 200 len: 3124 time: 2.7594881
2026-05-26 07:06:34.071 9 INFO neutron.api.wsgi [None req-bec42cd5-f080-446c-a070-0c240833f71c 5cc28ca88589484ebeb3a1edd6cfa991 ef27d32609024d7db4196a6426b0fe1e - - default default] 10.0.0.207 "POST /v2.0/security-group-rules HTTP/1.1" status: 201 len: 800 time: 2.6222615
2026-05-26 07:06:34.081 9 WARNING neutron_lib.context [None req-31a7a58e-723f-4981-be73-6ea04bd25260 5cc28ca88589484ebeb3a1edd6cfa991 ef27d32609024d7db4196a6426b0fe1e - - default default] Method 'is_advsvc' is deprecated since 2023.2 release (neutron-lib 3.8.0) and will be removed once support for the old RBAC API policies will be removed from Neutron. Please use method 'is_service_role' instead.
2026-05-26 07:06:34.089 8 INFO neutron.api.wsgi [None req-098b690d-8a42-4f5d-bc72-9c3636e0ee9a a33934a612704b31b3cafa268b4b222a b46e523687e447cbae672fe87dcd988a - - default default] 10.0.0.207 "GET /v2.0/vpn/endpoint-groups HTTP/1.1" status: 200 len: 827 time: 0.0286787
2026-05-26 07:06:34.101 9 WARNING neutron_lib.context [None req-7fd1f697-ce37-4517-ba05-c119d31ca1b1 a33934a612704b31b3cafa268b4b222a b46e523687e447cbae672fe87dcd988a - - default default] Method 'is_advsvc' is deprecated since 2023.2 release (neutron-lib 3.8.0) and will be removed once support for the old RBAC API policies will be removed from Neutron. Please use method 'is_service_role' instead.
2026-05-26 07:06:34.106 9 INFO neutron.db.ovn_revision_numbers_db [None req-e141714f-8493-4005-bc7b-1135c7cec1b0 - - - - - -] Successfully bumped revision number for resource e79ff6fb-0713-4f88-8eeb-d00f393b1820 (type: router_ports) to 2
2026-05-26 07:06:34.106 9 INFO neutron.plugins.ml2.drivers.ovn.mech_driver.mech_driver [None req-e141714f-8493-4005-bc7b-1135c7cec1b0 - - - - - -] OVN reports status up for port: b8d02d44-ee23-4833-a685-6d90af82dc8a
2026-05-26 07:06:34.118 9 INFO neutron.plugins.ml2.plugin [None req-e141714f-8493-4005-bc7b-1135c7cec1b0 - - - - - -] Attempt 1 to provision port b8d02d44-ee23-4833-a685-6d90af82dc8a
2026-05-26 07:06:34.164 8 INFO neutron.db.ovn_revision_numbers_db [None req-1c29ed77-8171-40c8-ac7f-2ebac9d3b781 a6df268c565f4cf5ad65b8b0a0f4e8e2 e4180dc14de547208e9cbce2dc3ba0b0 - - default default] Successfully bumped revision number for resource 86737740-6c32-497f-bf55-ab262a00accb (type: ports) to 1
2026-05-26 07:06:34.176 9 INFO neutron.api.wsgi [None req-7fd1f697-ce37-4517-ba05-c119d31ca1b1 a33934a612704b31b3cafa268b4b222a b46e523687e447cbae672fe87dcd988a - - default default] 10.0.0.207 "POST /v2.0/vpn/endpoint-groups HTTP/1.1" status: 201 len: 500 time: 0.0796885
2026-05-26 07:06:34.184 9 WARNING neutron.api.v2.base [None req-31e033e0-6d23-4155-b3c6-0d0e3ac5e035 a33934a612704b31b3cafa268b4b222a b46e523687e447cbae672fe87dcd988a - - default default] An exception happened while processing the request body. The exception message is [Failed to parse request. Required attribute 'peer_id' not specified].: webob.exc.HTTPBadRequest: Failed to parse request. Required attribute 'peer_id' not specified
2026-05-26 07:06:34.185 9 INFO neutron.api.v2.resource [None req-31e033e0-6d23-4155-b3c6-0d0e3ac5e035 a33934a612704b31b3cafa268b4b222a b46e523687e447cbae672fe87dcd988a - - default default] create failed (client error): Failed to parse request. Required attribute 'peer_id' not specified
2026-05-26 07:06:34.186 9 INFO neutron.api.wsgi [None req-31e033e0-6d23-4155-b3c6-0d0e3ac5e035 a33934a612704b31b3cafa268b4b222a b46e523687e447cbae672fe87dcd988a - - default default] 10.0.0.207 "POST /v2.0/vpn/ipsec-site-connections HTTP/1.1" status: 400 len: 343 time: 0.0044611
2026-05-26 07:06:34.206 8 INFO neutron.api.wsgi [None req-1c29ed77-8171-40c8-ac7f-2ebac9d3b781 a6df268c565f4cf5ad65b8b0a0f4e8e2 e4180dc14de547208e9cbce2dc3ba0b0 - - default default] 10.0.0.207 "POST /v2.0/networks HTTP/1.1" status: 201 len: 831 time: 3.4604309
2026-05-26 07:06:34.218 8 INFO neutron.api.wsgi [None req-505b3936-5731-41b8-b155-e295b33ac222 a33934a612704b31b3cafa268b4b222a b46e523687e447cbae672fe87dcd988a - - default default] 10.0.0.207 "GET /v2.0/vpn/endpoint-groups HTTP/1.1" status: 200 len: 1110 time: 0.0241249
2026-05-26 07:06:34.261 8 INFO neutron.api.wsgi [None req-62e17743-167c-42c8-8cfe-fa370d37c235 a33934a612704b31b3cafa268b4b222a b46e523687e447cbae672fe87dcd988a - - default default] 10.0.0.207 "DELETE /v2.0/vpn/endpoint-groups/6993dcf6-9688-4b66-a29f-b98be9934309 HTTP/1.1" status: 204 len: 168 time: 0.0366118
2026-05-26 07:06:34.265 9 INFO neutron.db.ovn_revision_numbers_db [None req-31a7a58e-723f-4981-be73-6ea04bd25260 5cc28ca88589484ebeb3a1edd6cfa991 ef27d32609024d7db4196a6426b0fe1e - - default default] Successfully bumped revision number for resource a2d956e8-cd3f-48dc-8cfc-57d5c4fe446f (type: security_group_rules) to 0
2026-05-26 07:06:34.270 9 INFO neutron.api.wsgi [None req-f9250e2a-0174-4ea7-815b-5823821745d3 a6df268c565f4cf5ad65b8b0a0f4e8e2 e4180dc14de547208e9cbce2dc3ba0b0 - - default default] 10.0.0.207 "PUT /v2.0/networks/18727437-5399-4196-8412-e847fc186c6e/tags HTTP/1.1" status: 200 len: 218 time: 0.0590677
2026-05-26 07:06:34.287 8 INFO neutron.api.wsgi [None req-5a616d3a-0b52-40e6-8ad6-7c46a121cfc8 a33934a612704b31b3cafa268b4b222a b46e523687e447cbae672fe87dcd988a - - default default] 10.0.0.207 "GET /v2.0/vpn/endpoint-groups HTTP/1.1" status: 200 len: 827 time: 0.0213923
2026-05-26 07:06:34.297 9 WARNING neutron_lib.context [None req-6bb1caeb-e075-4940-a345-a291676e3d5f a33934a612704b31b3cafa268b4b222a b46e523687e447cbae672fe87dcd988a - - default default] Method 'is_advsvc' is deprecated since 2023.2 release (neutron-lib 3.8.0) and will be removed once support for the old RBAC API policies will be removed from Neutron. Please use method 'is_service_role' instead.
2026-05-26 07:06:34.316 9 INFO neutron.api.wsgi [None req-31a7a58e-723f-4981-be73-6ea04bd25260 5cc28ca88589484ebeb3a1edd6cfa991 ef27d32609024d7db4196a6426b0fe1e - - default default] 10.0.0.207 "POST /v2.0/security-group-rules HTTP/1.1" status: 201 len: 800 time: 0.2397966
2026-05-26 07:06:34.325 9 WARNING neutron_lib.context [None req-a3e73f21-98c4-4b36-9a31-5457ae8f4e1e 5cc28ca88589484ebeb3a1edd6cfa991 ef27d32609024d7db4196a6426b0fe1e - - default default] Method 'is_advsvc' is deprecated since 2023.2 release (neutron-lib 3.8.0) and will be removed once support for the old RBAC API policies will be removed from Neutron. Please use method 'is_service_role' instead.
2026-05-26 07:06:34.333 8 INFO neutron.api.wsgi [None req-0f796003-dd18-4e87-9e9b-094855466d9e a6df268c565f4cf5ad65b8b0a0f4e8e2 e4180dc14de547208e9cbce2dc3ba0b0 - - default default] 10.0.0.207 "GET /v2.0/networks/18727437-5399-4196-8412-e847fc186c6e/tags HTTP/1.1" status: 200 len: 218 time: 0.0574605
2026-05-26 07:06:34.348 9 INFO neutron.api.wsgi [None req-6bb1caeb-e075-4940-a345-a291676e3d5f a33934a612704b31b3cafa268b4b222a b46e523687e447cbae672fe87dcd988a - - default default] 10.0.0.207 "POST /v2.0/vpn/endpoint-groups HTTP/1.1" status: 201 len: 493 time: 0.0558252
2026-05-26 07:06:34.373 8 INFO neutron.db.ovn_revision_numbers_db [None req-60fe350f-12a3-4789-93fe-98f6afaa201f - - - - - -] Successfully bumped revision number for resource f618fbf9-629e-435a-a021-0cfd4a7597b7 (type: ports) to 2
2026-05-26 07:06:34.383 9 INFO neutron.api.wsgi [None req-18c9188e-1418-4909-a24b-1c43814ffa39 a6df268c565f4cf5ad65b8b0a0f4e8e2 e4180dc14de547208e9cbce2dc3ba0b0 - - default default] 10.0.0.207 "PUT /v2.0/networks/18727437-5399-4196-8412-e847fc186c6e/tags/green HTTP/1.1" status: 201 len: 201 time: 0.0435810
2026-05-26 07:06:34.544 9 WARNING neutron.api.v2.base [None req-bfbe782d-5933-49cd-8292-bb0b12d3d457 a33934a612704b31b3cafa268b4b222a b46e523687e447cbae672fe87dcd988a - - default default] An exception happened while processing the request body. The exception message is [Failed to parse request. Required attribute 'peer_id' not specified].: webob.exc.HTTPBadRequest: Failed to parse request. Required attribute 'peer_id' not specified
2026-05-26 07:06:34.545 9 INFO neutron.api.v2.resource [None req-bfbe782d-5933-49cd-8292-bb0b12d3d457 a33934a612704b31b3cafa268b4b222a b46e523687e447cbae672fe87dcd988a - - default default] create failed (client error): Failed to parse request. Required attribute 'peer_id' not specified
2026-05-26 07:06:34.546 9 INFO neutron.api.wsgi [None req-bfbe782d-5933-49cd-8292-bb0b12d3d457 a33934a612704b31b3cafa268b4b222a b46e523687e447cbae672fe87dcd988a - - default default] 10.0.0.207 "POST /v2.0/vpn/ipsec-site-connections HTTP/1.1" status: 400 len: 343 time: 0.0121896
2026-05-26 07:06:34.568 8 INFO neutron.api.wsgi [None req-9254cd2b-7d43-48b4-b7b4-319e3282d987 a33934a612704b31b3cafa268b4b222a b46e523687e447cbae672fe87dcd988a - - default default] 10.0.0.207 "GET /v2.0/vpn/endpoint-groups HTTP/1.1" status: 200 len: 1103 time: 0.0110073
2026-05-26 07:06:34.583 9 INFO neutron.api.wsgi [None req-85b0636f-7842-464e-a70a-daa9ef2f17bb a6df268c565f4cf5ad65b8b0a0f4e8e2 e4180dc14de547208e9cbce2dc3ba0b0 - - default default] 10.0.0.207 "GET /v2.0/networks/18727437-5399-4196-8412-e847fc186c6e/tags HTTP/1.1" status: 200 len: 227 time: 0.0501661
2026-05-26 07:06:34.599 8 INFO neutron.api.wsgi [None req-f660fab4-7d71-4a3a-abc6-2220c8531e9e a33934a612704b31b3cafa268b4b222a b46e523687e447cbae672fe87dcd988a - - default default] 10.0.0.207 "DELETE /v2.0/vpn/endpoint-groups/e99e6c3d-eb72-4c9e-becb-be7d0c1f2c46 HTTP/1.1" status: 204 len: 168 time: 0.0263731
2026-05-26 07:06:34.613 9 INFO neutron.db.ovn_revision_numbers_db [None req-e141714f-8493-4005-bc7b-1135c7cec1b0 - - - - - -] Successfully bumped revision number for resource b8d02d44-ee23-4833-a685-6d90af82dc8a (type: ports) to 2
