2026-05-26 07:05:41.081 8 WARNING neutron.api.rpc.agentnotifiers.dhcp_rpc_agent_api [None req-267245a2-1e4f-4de0-ae61-c7b74c23191a 4198f21dad9e423d8d83ea002e7e1a7b e93b6830466c4a89a61c3adbe10e3cc8 - - default default] Unable to schedule network 844ebe5a-2ae8-4c4c-91ca-165b6bbb80b9: no agents available; will retry on subsequent port and subnet creation events.
2026-05-26 07:05:41.155 8 INFO neutron.db.ovn_revision_numbers_db [None req-267245a2-1e4f-4de0-ae61-c7b74c23191a 4198f21dad9e423d8d83ea002e7e1a7b e93b6830466c4a89a61c3adbe10e3cc8 - - default default] Successfully bumped revision number for resource 26a878fa-ef62-4c54-85a9-d83f6302af1c (type: ports) to 1 /var/lib/openstack/lib/python3.12/site-packages/pycadf/identifier.py:71: UserWarning: Invalid uuid: neutron. To ensure interoperability, identifiers should be a valid uuid. warnings.warn(('Invalid uuid: %s. To ensure interoperability, '
2026-05-26 07:05:41.190 8 INFO neutron.api.wsgi [None req-267245a2-1e4f-4de0-ae61-c7b74c23191a 4198f21dad9e423d8d83ea002e7e1a7b e93b6830466c4a89a61c3adbe10e3cc8 - - default default] 10.0.0.207 "POST /v2.0/ports HTTP/1.1" status: 201 len: 942 time: 0.3698480
2026-05-26 07:05:41.202 8 WARNING neutron_lib.context [None req-63a0b397-6cbc-4f39-91b3-c51d6ebf4606 4198f21dad9e423d8d83ea002e7e1a7b e93b6830466c4a89a61c3adbe10e3cc8 - - default default] Method 'is_advsvc' is deprecated since 2023.2 release (neutron-lib 3.8.0) and will be removed once support for the old RBAC API policies will be removed from Neutron. Please use method 'is_service_role' instead.
2026-05-26 07:05:41.283 9 INFO neutron.api.wsgi [None req-ef6b0225-f92f-4267-8703-449a33b299bf 569aa69938d443f7b9411b8a0915a931 8b02084e3f06451ca4bff1dda1527c9b - - default default] 10.0.0.207 "POST /v2.0/floatingips HTTP/1.1" status: 201 len: 751 time: 0.5004549
2026-05-26 07:05:41.292 9 WARNING neutron_lib.context [None req-69e64242-54a1-49de-b7c4-e0f1f13bbace 569aa69938d443f7b9411b8a0915a931 8b02084e3f06451ca4bff1dda1527c9b - - default default] Method 'is_advsvc' is deprecated since 2023.2 release (neutron-lib 3.8.0) and will be removed once support for the old RBAC API policies will be removed from Neutron. Please use method 'is_service_role' instead.
2026-05-26 07:05:41.292 8 INFO neutron.db.segments_db [None req-63a0b397-6cbc-4f39-91b3-c51d6ebf4606 4198f21dad9e423d8d83ea002e7e1a7b e93b6830466c4a89a61c3adbe10e3cc8 - - default default] Added segment a8004e50-ceff-43d6-a289-fd30dab1298e of type geneve for network 495751a0-8d43-4cc8-871f-69a2f52837d2
2026-05-26 07:05:41.298 8 INFO neutron.db.ovn_revision_numbers_db [None req-15cd241b-2c99-49f5-82df-23e01097e68b e160c8d2e7734e6eaf7cf3c34533c8aa 89a95844525041ccab7632485cc48e4a - - default default] Successfully bumped revision number for resource efadde28-0f55-4a9b-a049-bfdc371ef7d4 (type: security_groups) to 1
2026-05-26 07:05:41.316 8 INFO neutron.db.ovn_revision_numbers_db [None req-15cd241b-2c99-49f5-82df-23e01097e68b e160c8d2e7734e6eaf7cf3c34533c8aa 89a95844525041ccab7632485cc48e4a - - default default] Successfully bumped revision number for resource 6b9f77db-67db-4f49-b939-253a497e95a9 (type: security_group_rules) to 0
2026-05-26 07:05:41.332 8 INFO neutron.db.ovn_revision_numbers_db [None req-15cd241b-2c99-49f5-82df-23e01097e68b e160c8d2e7734e6eaf7cf3c34533c8aa 89a95844525041ccab7632485cc48e4a - - default default] Successfully bumped revision number for resource b31712e5-a6ce-4066-9165-a1a6377c9e4e (type: security_group_rules) to 0
2026-05-26 07:05:41.346 8 INFO neutron.db.ovn_revision_numbers_db [None req-15cd241b-2c99-49f5-82df-23e01097e68b e160c8d2e7734e6eaf7cf3c34533c8aa 89a95844525041ccab7632485cc48e4a - - default default] Successfully bumped revision number for resource c24dea9e-8225-4e41-b0e5-794e029a640f (type: security_group_rules) to 0
2026-05-26 07:05:41.364 8 INFO neutron.db.ovn_revision_numbers_db [None req-15cd241b-2c99-49f5-82df-23e01097e68b e160c8d2e7734e6eaf7cf3c34533c8aa 89a95844525041ccab7632485cc48e4a - - default default] Successfully bumped revision number for resource c2c06873-f1c7-4c55-915c-a7e09ef2a083 (type: security_group_rules) to 0
2026-05-26 07:05:41.399 8 INFO neutron.api.wsgi [None req-15cd241b-2c99-49f5-82df-23e01097e68b e160c8d2e7734e6eaf7cf3c34533c8aa 89a95844525041ccab7632485cc48e4a - - default default] 10.0.0.207 "GET /v2.0/security-groups?tenant_id=eab037c890a141a58f6fe9710dc7cec2&name=default HTTP/1.1" status: 200 len: 3120 time: 0.2196982
2026-05-26 07:05:41.415 8 INFO neutron.db.ovn_revision_numbers_db [None req-63a0b397-6cbc-4f39-91b3-c51d6ebf4606 4198f21dad9e423d8d83ea002e7e1a7b e93b6830466c4a89a61c3adbe10e3cc8 - - default default] Successfully bumped revision number for resource 495751a0-8d43-4cc8-871f-69a2f52837d2 (type: networks) to 1
2026-05-26 07:05:41.545 9 WARNING neutron.scheduler.dhcp_agent_scheduler [None req-69e64242-54a1-49de-b7c4-e0f1f13bbace 569aa69938d443f7b9411b8a0915a931 8b02084e3f06451ca4bff1dda1527c9b - - default default] No more DHCP agents
2026-05-26 07:05:41.548 9 WARNING neutron.api.rpc.agentnotifiers.dhcp_rpc_agent_api [None req-69e64242-54a1-49de-b7c4-e0f1f13bbace 569aa69938d443f7b9411b8a0915a931 8b02084e3f06451ca4bff1dda1527c9b - - default default] Unable to schedule network 7031e453-34e1-4abb-9b9c-f16770a7073a: no agents available; will retry on subsequent port and subnet creation events.
2026-05-26 07:05:41.571 8 WARNING neutron.scheduler.dhcp_agent_scheduler [None req-63a0b397-6cbc-4f39-91b3-c51d6ebf4606 4198f21dad9e423d8d83ea002e7e1a7b e93b6830466c4a89a61c3adbe10e3cc8 - - default default] No more DHCP agents
2026-05-26 07:05:41.572 8 WARNING neutron.api.rpc.agentnotifiers.dhcp_rpc_agent_api [None req-63a0b397-6cbc-4f39-91b3-c51d6ebf4606 4198f21dad9e423d8d83ea002e7e1a7b e93b6830466c4a89a61c3adbe10e3cc8 - - default default] Unable to schedule network 495751a0-8d43-4cc8-871f-69a2f52837d2: no agents available; will retry on subsequent port and subnet creation events.
2026-05-26 07:05:41.639 8 INFO neutron.db.ovn_revision_numbers_db [None req-63a0b397-6cbc-4f39-91b3-c51d6ebf4606 4198f21dad9e423d8d83ea002e7e1a7b e93b6830466c4a89a61c3adbe10e3cc8 - - default default] Successfully bumped revision number for resource 309d325e-aad7-49e4-acb3-8a432d24b1de (type: ports) to 1
2026-05-26 07:05:41.643 9 INFO neutron.api.wsgi [None req-54c02288-e73b-402d-a7e2-cb162aa763dc e160c8d2e7734e6eaf7cf3c34533c8aa 89a95844525041ccab7632485cc48e4a - - default default] 10.0.0.207 "DELETE /v2.0/security-groups/efadde28-0f55-4a9b-a049-bfdc371ef7d4 HTTP/1.1" status: 204 len: 168 time: 0.2397604
2026-05-26 07:05:41.658 8 INFO neutron.api.wsgi [None req-63a0b397-6cbc-4f39-91b3-c51d6ebf4606 4198f21dad9e423d8d83ea002e7e1a7b e93b6830466c4a89a61c3adbe10e3cc8 - - default default] 10.0.0.207 "POST /v2.0/networks HTTP/1.1" status: 201 len: 831 time: 0.4597161
2026-05-26 07:05:41.669 8 WARNING neutron_lib.context [None req-112202be-1eab-4fa8-8187-2e12a9b2872b 4198f21dad9e423d8d83ea002e7e1a7b e93b6830466c4a89a61c3adbe10e3cc8 - - default default] Method 'is_advsvc' is deprecated since 2023.2 release (neutron-lib 3.8.0) and will be removed once support for the old RBAC API policies will be removed from Neutron. Please use method 'is_service_role' instead.
2026-05-26 07:05:41.835 9 INFO neutron.api.wsgi [None req-69e64242-54a1-49de-b7c4-e0f1f13bbace 569aa69938d443f7b9411b8a0915a931 8b02084e3f06451ca4bff1dda1527c9b - - default default] 10.0.0.207 "POST /v2.0/floatingips HTTP/1.1" status: 201 len: 751 time: 0.5475328
2026-05-26 07:05:41.844 9 WARNING neutron_lib.context [None req-b43cf88f-9d11-4f39-bfa6-618f1c5f1fdb 569aa69938d443f7b9411b8a0915a931 8b02084e3f06451ca4bff1dda1527c9b - - default default] Method 'is_advsvc' is deprecated since 2023.2 release (neutron-lib 3.8.0) and will be removed once support for the old RBAC API policies will be removed from Neutron. Please use method 'is_service_role' instead.
2026-05-26 07:05:41.917 8 WARNING neutron.scheduler.dhcp_agent_scheduler [None req-112202be-1eab-4fa8-8187-2e12a9b2872b 4198f21dad9e423d8d83ea002e7e1a7b e93b6830466c4a89a61c3adbe10e3cc8 - - default default] No more DHCP agents
2026-05-26 07:05:41.919 8 WARNING neutron.api.rpc.agentnotifiers.dhcp_rpc_agent_api [None req-112202be-1eab-4fa8-8187-2e12a9b2872b 4198f21dad9e423d8d83ea002e7e1a7b e93b6830466c4a89a61c3adbe10e3cc8 - - default default] Unable to schedule network 495751a0-8d43-4cc8-871f-69a2f52837d2: no agents available; will retry on subsequent port and subnet creation events.
2026-05-26 07:05:41.981 8 INFO neutron.db.ovn_revision_numbers_db [None req-112202be-1eab-4fa8-8187-2e12a9b2872b 4198f21dad9e423d8d83ea002e7e1a7b e93b6830466c4a89a61c3adbe10e3cc8 - - default default] Successfully bumped revision number for resource cb756056-b1c4-4ac2-9055-865ea7fbba8b (type: ports) to 1
2026-05-26 07:05:42.003 8 INFO neutron.api.wsgi [None req-112202be-1eab-4fa8-8187-2e12a9b2872b 4198f21dad9e423d8d83ea002e7e1a7b e93b6830466c4a89a61c3adbe10e3cc8 - - default default] 10.0.0.207 "POST /v2.0/ports HTTP/1.1" status: 201 len: 942 time: 0.3381493 /var/lib/openstack/lib/python3.12/site-packages/pycadf/identifier.py:71: UserWarning: Invalid uuid: neutron. To ensure interoperability, identifiers should be a valid uuid. warnings.warn(('Invalid uuid: %s. To ensure interoperability, '
2026-05-26 07:05:42.012 8 WARNING neutron_lib.context [None req-d644b7d7-c1d6-47c0-962a-5d975aa1eac3 4198f21dad9e423d8d83ea002e7e1a7b e93b6830466c4a89a61c3adbe10e3cc8 - - default default] Method 'is_advsvc' is deprecated since 2023.2 release (neutron-lib 3.8.0) and will be removed once support for the old RBAC API policies will be removed from Neutron. Please use method 'is_service_role' instead.
2026-05-26 07:05:42.042 9 WARNING neutron.scheduler.dhcp_agent_scheduler [None req-b43cf88f-9d11-4f39-bfa6-618f1c5f1fdb 569aa69938d443f7b9411b8a0915a931 8b02084e3f06451ca4bff1dda1527c9b - - default default] No more DHCP agents
2026-05-26 07:05:42.043 9 WARNING neutron.api.rpc.agentnotifiers.dhcp_rpc_agent_api [None req-b43cf88f-9d11-4f39-bfa6-618f1c5f1fdb 569aa69938d443f7b9411b8a0915a931 8b02084e3f06451ca4bff1dda1527c9b - - default default] Unable to schedule network 7031e453-34e1-4abb-9b9c-f16770a7073a: no agents available; will retry on subsequent port and subnet creation events.
2026-05-26 07:05:42.100 8 INFO neutron.db.segments_db [None req-d644b7d7-c1d6-47c0-962a-5d975aa1eac3 4198f21dad9e423d8d83ea002e7e1a7b e93b6830466c4a89a61c3adbe10e3cc8 - - default default] Added segment a8f69c37-6176-46b6-9e33-a0b459710654 of type geneve for network 93a92a12-63f0-4445-863f-1c7b1da759b0
2026-05-26 07:05:42.208 8 INFO neutron.db.ovn_revision_numbers_db [None req-d644b7d7-c1d6-47c0-962a-5d975aa1eac3 4198f21dad9e423d8d83ea002e7e1a7b e93b6830466c4a89a61c3adbe10e3cc8 - - default default] Successfully bumped revision number for resource 93a92a12-63f0-4445-863f-1c7b1da759b0 (type: networks) to 1
2026-05-26 07:05:42.309 9 INFO neutron.api.wsgi [None req-b43cf88f-9d11-4f39-bfa6-618f1c5f1fdb 569aa69938d443f7b9411b8a0915a931 8b02084e3f06451ca4bff1dda1527c9b - - default default] 10.0.0.207 "POST /v2.0/floatingips HTTP/1.1" status: 201 len: 751 time: 0.4691107
2026-05-26 07:05:42.358 8 WARNING neutron.scheduler.dhcp_agent_scheduler [None req-d644b7d7-c1d6-47c0-962a-5d975aa1eac3 4198f21dad9e423d8d83ea002e7e1a7b e93b6830466c4a89a61c3adbe10e3cc8 - - default default] No more DHCP agents
2026-05-26 07:05:42.360 8 WARNING neutron.api.rpc.agentnotifiers.dhcp_rpc_agent_api [None req-d644b7d7-c1d6-47c0-962a-5d975aa1eac3 4198f21dad9e423d8d83ea002e7e1a7b e93b6830466c4a89a61c3adbe10e3cc8 - - default default] Unable to schedule network 93a92a12-63f0-4445-863f-1c7b1da759b0: no agents available; will retry on subsequent port and subnet creation events.
2026-05-26 07:05:42.360 9 INFO neutron.api.wsgi [None req-4f6c9479-6791-4110-a222-9c55d37ce121 569aa69938d443f7b9411b8a0915a931 8b02084e3f06451ca4bff1dda1527c9b - - default default] 10.0.0.207 "PUT /v2.0/floatingips/811d0e92-3615-48b2-a715-0ccab117ffdf/tags HTTP/1.1" status: 200 len: 210 time: 0.0455055
2026-05-26 07:05:42.395 9 INFO neutron.api.wsgi [None req-67411c10-bef6-42f0-b601-c41aac296af2 569aa69938d443f7b9411b8a0915a931 8b02084e3f06451ca4bff1dda1527c9b - - default default] 10.0.0.207 "PUT /v2.0/floatingips/9c935443-3de5-4b63-98bd-e27f490fd91f/tags HTTP/1.1" status: 200 len: 218 time: 0.0315979
2026-05-26 07:05:42.424 8 INFO neutron.db.ovn_revision_numbers_db [None req-d644b7d7-c1d6-47c0-962a-5d975aa1eac3 4198f21dad9e423d8d83ea002e7e1a7b e93b6830466c4a89a61c3adbe10e3cc8 - - default default] Successfully bumped revision number for resource 69d1f571-0b3d-446d-ae6a-c559e4785b6c (type: ports) to 1
2026-05-26 07:05:42.433 9 INFO neutron.api.wsgi [None req-41652236-6556-43b3-9d78-6cb88f1265b6 569aa69938d443f7b9411b8a0915a931 8b02084e3f06451ca4bff1dda1527c9b - - default default] 10.0.0.207 "PUT /v2.0/floatingips/9acf33dc-41df-46c4-a5c1-f1e82c9dc9e9/tags HTTP/1.1" status: 200 len: 227 time: 0.0308261
2026-05-26 07:05:42.446 8 INFO neutron.api.wsgi [None req-d644b7d7-c1d6-47c0-962a-5d975aa1eac3 4198f21dad9e423d8d83ea002e7e1a7b e93b6830466c4a89a61c3adbe10e3cc8 - - default default] 10.0.0.207 "POST /v2.0/networks HTTP/1.1" status: 201 len: 831 time: 0.4378319
2026-05-26 07:05:42.457 9 WARNING neutron_lib.context [None req-9ecc4e37-0ac5-401d-b3f9-decdda525278 4198f21dad9e423d8d83ea002e7e1a7b e93b6830466c4a89a61c3adbe10e3cc8 - - default default] Method 'is_advsvc' is deprecated since 2023.2 release (neutron-lib 3.8.0) and will be removed once support for the old RBAC API policies will be removed from Neutron. Please use method 'is_service_role' instead.
2026-05-26 07:05:42.487 8 INFO neutron.api.wsgi [None req-d8db0b5c-00db-4d8f-b10b-0096aece6fe3 569aa69938d443f7b9411b8a0915a931 8b02084e3f06451ca4bff1dda1527c9b - - default default] 10.0.0.207 "PUT /v2.0/floatingips/8dfa20ef-d6bf-4d6c-b890-b59d1c2e7d7c/tags HTTP/1.1" status: 200 len: 212 time: 0.0488758
2026-05-26 07:05:42.534 8 INFO neutron.api.wsgi [None req-b8613248-caa5-44fa-bc98-4174533f7a7b 569aa69938d443f7b9411b8a0915a931 8b02084e3f06451ca4bff1dda1527c9b - - default default] 10.0.0.207 "GET /v2.0/floatingips?tags=red HTTP/1.1" status: 200 len: 1866 time: 0.0423849
2026-05-26 07:05:42.582 8 INFO neutron.api.wsgi [None req-2f65d334-81c9-4f36-9fe6-10c0f2dffac7 569aa69938d443f7b9411b8a0915a931 8b02084e3f06451ca4bff1dda1527c9b - - default default] 10.0.0.207 "GET /v2.0/floatingips?tags=red%2Cblue HTTP/1.1" status: 200 len: 1323 time: 0.0435395
2026-05-26 07:05:42.634 8 INFO neutron.api.wsgi [None req-7847b226-4bfb-4b24-87f0-f6de72004371 569aa69938d443f7b9411b8a0915a931 8b02084e3f06451ca4bff1dda1527c9b - - default default] 10.0.0.207 "GET /v2.0/floatingips?tags-any=blue HTTP/1.1" status: 200 len: 1323 time: 0.0457585 /var/lib/openstack/lib/python3.12/site-packages/pycadf/identifier.py:71: UserWarning: Invalid uuid: neutron. To ensure interoperability, identifiers should be a valid uuid. warnings.warn(('Invalid uuid: %s. To ensure interoperability, '
2026-05-26 07:05:42.682 9 INFO neutron.api.wsgi [None req-d6db3a3f-32af-4509-87fc-70532ebbe824 569aa69938d443f7b9411b8a0915a931 8b02084e3f06451ca4bff1dda1527c9b - - default default] 10.0.0.207 "GET /v2.0/floatingips?tags-any=red%2Cblue HTTP/1.1" status: 200 len: 1866 time: 0.0421376
2026-05-26 07:05:42.721 9 WARNING neutron.scheduler.dhcp_agent_scheduler [None req-9ecc4e37-0ac5-401d-b3f9-decdda525278 4198f21dad9e423d8d83ea002e7e1a7b e93b6830466c4a89a61c3adbe10e3cc8 - - default default] No more DHCP agents
2026-05-26 07:05:42.722 9 WARNING neutron.api.rpc.agentnotifiers.dhcp_rpc_agent_api [None req-9ecc4e37-0ac5-401d-b3f9-decdda525278 4198f21dad9e423d8d83ea002e7e1a7b e93b6830466c4a89a61c3adbe10e3cc8 - - default default] Unable to schedule network 93a92a12-63f0-4445-863f-1c7b1da759b0: no agents available; will retry on subsequent port and subnet creation events.
2026-05-26 07:05:42.730 8 INFO neutron.api.wsgi [None req-c4f85b59-8fb8-4771-a7c9-8f652d297210 569aa69938d443f7b9411b8a0915a931 8b02084e3f06451ca4bff1dda1527c9b - - default default] 10.0.0.207 "GET /v2.0/floatingips?not-tags=red HTTP/1.1" status: 200 len: 1295 time: 0.0412116
2026-05-26 07:05:42.782 8 INFO neutron.api.wsgi [None req-2f79d2eb-1b2f-4d18-8a3b-31a8a3c8cd08 569aa69938d443f7b9411b8a0915a931 8b02084e3f06451ca4bff1dda1527c9b - - default default] 10.0.0.207 "GET /v2.0/floatingips?not-tags=red%2Cblue HTTP/1.1" status: 200 len: 1838 time: 0.0461709
2026-05-26 07:05:42.785 9 INFO neutron.db.ovn_revision_numbers_db [None req-9ecc4e37-0ac5-401d-b3f9-decdda525278 4198f21dad9e423d8d83ea002e7e1a7b e93b6830466c4a89a61c3adbe10e3cc8 - - default default] Successfully bumped revision number for resource a36db795-52ba-49b0-8d00-6ba1233fa04d (type: ports) to 1 /var/lib/openstack/lib/python3.12/site-packages/pycadf/identifier.py:71: UserWarning: Invalid uuid: neutron. To ensure interoperability, identifiers should be a valid uuid. warnings.warn(('Invalid uuid: %s. To ensure interoperability, '
2026-05-26 07:05:42.827 9 INFO neutron.api.wsgi [None req-80c9dee4-eedb-44b6-9290-0a931cb1225a 569aa69938d443f7b9411b8a0915a931 8b02084e3f06451ca4bff1dda1527c9b - - default default] 10.0.0.207 "GET /v2.0/floatingips?not-tags-any=blue HTTP/1.1" status: 200 len: 1838 time: 0.0404704
2026-05-26 07:05:42.838 9 INFO neutron.api.wsgi [None req-9ecc4e37-0ac5-401d-b3f9-decdda525278 4198f21dad9e423d8d83ea002e7e1a7b e93b6830466c4a89a61c3adbe10e3cc8 - - default default] 10.0.0.207 "POST /v2.0/ports HTTP/1.1" status: 201 len: 942 time: 0.3864079
2026-05-26 07:05:42.851 8 WARNING neutron_lib.context [None req-cb1a4943-4364-45f0-b06b-3f587d871a80 4198f21dad9e423d8d83ea002e7e1a7b e93b6830466c4a89a61c3adbe10e3cc8 - - default default] Method 'is_advsvc' is deprecated since 2023.2 release (neutron-lib 3.8.0) and will be removed once support for the old RBAC API policies will be removed from Neutron. Please use method 'is_service_role' instead.
2026-05-26 07:05:42.860 9 INFO neutron.api.wsgi [None req-4563bf68-2b3a-49b7-ba77-2ed25d9605f6 569aa69938d443f7b9411b8a0915a931 8b02084e3f06451ca4bff1dda1527c9b - - default default] 10.0.0.207 "GET /v2.0/floatingips?not-tags-any=red%2Cblue HTTP/1.1" status: 200 len: 1295 time: 0.0272799
2026-05-26 07:05:42.964 8 INFO neutron.db.segments_db [None req-cb1a4943-4364-45f0-b06b-3f587d871a80 4198f21dad9e423d8d83ea002e7e1a7b e93b6830466c4a89a61c3adbe10e3cc8 - - default default] Added segment 73895221-9e65-4420-960a-df143ef31255 of type geneve for network c19a7e26-9eb1-408e-b15a-2ab5dec6abbb
2026-05-26 07:05:43.112 8 INFO neutron.db.ovn_revision_numbers_db [None req-cb1a4943-4364-45f0-b06b-3f587d871a80 4198f21dad9e423d8d83ea002e7e1a7b e93b6830466c4a89a61c3adbe10e3cc8 - - default default] Successfully bumped revision number for resource c19a7e26-9eb1-408e-b15a-2ab5dec6abbb (type: networks) to 1
2026-05-26 07:05:43.247 8 INFO neutron.api.wsgi [None req-9aae1077-1c78-4830-b5eb-396182fd2c26 569aa69938d443f7b9411b8a0915a931 8b02084e3f06451ca4bff1dda1527c9b - - default default] 10.0.0.207 "DELETE /v2.0/floatingips/811d0e92-3615-48b2-a715-0ccab117ffdf HTTP/1.1" status: 204 len: 168 time: 0.3809834
2026-05-26 07:05:43.331 8 WARNING neutron.scheduler.dhcp_agent_scheduler [None req-cb1a4943-4364-45f0-b06b-3f587d871a80 4198f21dad9e423d8d83ea002e7e1a7b e93b6830466c4a89a61c3adbe10e3cc8 - - default default] No more DHCP agents
2026-05-26 07:05:43.333 8 WARNING neutron.api.rpc.agentnotifiers.dhcp_rpc_agent_api [None req-cb1a4943-4364-45f0-b06b-3f587d871a80 4198f21dad9e423d8d83ea002e7e1a7b e93b6830466c4a89a61c3adbe10e3cc8 - - default default] Unable to schedule network c19a7e26-9eb1-408e-b15a-2ab5dec6abbb: no agents available; will retry on subsequent port and subnet creation events.
2026-05-26 07:05:43.418 8 INFO neutron.db.ovn_revision_numbers_db [None req-cb1a4943-4364-45f0-b06b-3f587d871a80 4198f21dad9e423d8d83ea002e7e1a7b e93b6830466c4a89a61c3adbe10e3cc8 - - default default] Successfully bumped revision number for resource 9a40cf2c-e31d-4da3-bbd9-9274a4131067 (type: ports) to 1
2026-05-26 07:05:43.450 8 INFO neutron.api.wsgi [None req-cb1a4943-4364-45f0-b06b-3f587d871a80 4198f21dad9e423d8d83ea002e7e1a7b e93b6830466c4a89a61c3adbe10e3cc8 - - default default] 10.0.0.207 "POST /v2.0/networks HTTP/1.1" status: 201 len: 830 time: 0.6063879
2026-05-26 07:05:43.463 9 WARNING neutron_lib.context [None req-7895f037-d35d-4d77-b836-901a09ac032e 4198f21dad9e423d8d83ea002e7e1a7b e93b6830466c4a89a61c3adbe10e3cc8 - - default default] Method 'is_advsvc' is deprecated since 2023.2 release (neutron-lib 3.8.0) and will be removed once support for the old RBAC API policies will be removed from Neutron. Please use method 'is_service_role' instead.
2026-05-26 07:05:43.588 8 INFO neutron.api.wsgi [None req-2e131909-3e19-4cc1-acb0-c38338035102 569aa69938d443f7b9411b8a0915a931 8b02084e3f06451ca4bff1dda1527c9b - - default default] 10.0.0.207 "DELETE /v2.0/floatingips/9c935443-3de5-4b63-98bd-e27f490fd91f HTTP/1.1" status: 204 len: 168 time: 0.3349650
2026-05-26 07:05:43.972 9 WARNING neutron.scheduler.dhcp_agent_scheduler [None req-7895f037-d35d-4d77-b836-901a09ac032e 4198f21dad9e423d8d83ea002e7e1a7b e93b6830466c4a89a61c3adbe10e3cc8 - - default default] No more DHCP agents
2026-05-26 07:05:43.973 9 WARNING neutron.api.rpc.agentnotifiers.dhcp_rpc_agent_api [None req-7895f037-d35d-4d77-b836-901a09ac032e 4198f21dad9e423d8d83ea002e7e1a7b e93b6830466c4a89a61c3adbe10e3cc8 - - default default] Unable to schedule network c19a7e26-9eb1-408e-b15a-2ab5dec6abbb: no agents available; will retry on subsequent port and subnet creation events.
2026-05-26 07:05:44.052 9 INFO neutron.db.ovn_revision_numbers_db [None req-7895f037-d35d-4d77-b836-901a09ac032e 4198f21dad9e423d8d83ea002e7e1a7b e93b6830466c4a89a61c3adbe10e3cc8 - - default default] Successfully bumped revision number for resource aef6a0b4-b696-4ff0-9f5f-d763bd73750f (type: ports) to 1
2026-05-26 07:05:44.077 9 INFO neutron.api.wsgi [None req-7895f037-d35d-4d77-b836-901a09ac032e 4198f21dad9e423d8d83ea002e7e1a7b e93b6830466c4a89a61c3adbe10e3cc8 - - default default] 10.0.0.207 "POST /v2.0/ports HTTP/1.1" status: 201 len: 942 time: 0.6201863 /var/lib/openstack/lib/python3.12/site-packages/pycadf/identifier.py:71: UserWarning: Invalid uuid: neutron. To ensure interoperability, identifiers should be a valid uuid. warnings.warn(('Invalid uuid: %s. To ensure interoperability, '
2026-05-26 07:05:44.118 9 INFO neutron.api.wsgi [None req-1cdd13f8-5b19-43e8-ab4d-a01063469bed 4198f21dad9e423d8d83ea002e7e1a7b e93b6830466c4a89a61c3adbe10e3cc8 - - default default] 10.0.0.207 "PUT /v2.0/ports/4cc3b265-568a-4d8e-b6c1-35d1080c0c05/tags HTTP/1.1" status: 200 len: 210 time: 0.0367272
2026-05-26 07:05:44.164 9 INFO neutron.api.wsgi [None req-a8980af3-7935-48d6-8f37-33c051226cbe 4198f21dad9e423d8d83ea002e7e1a7b e93b6830466c4a89a61c3adbe10e3cc8 - - default default] 10.0.0.207 "PUT /v2.0/ports/26a878fa-ef62-4c54-85a9-d83f6302af1c/tags HTTP/1.1" status: 200 len: 218 time: 0.0400801
2026-05-26 07:05:44.188 8 INFO neutron.api.wsgi [None req-1efcae76-f227-4d71-9300-8be435f9dc43 569aa69938d443f7b9411b8a0915a931 8b02084e3f06451ca4bff1dda1527c9b - - default default] 10.0.0.207 "DELETE /v2.0/floatingips/9acf33dc-41df-46c4-a5c1-f1e82c9dc9e9 HTTP/1.1" status: 204 len: 168 time: 0.5960546
2026-05-26 07:05:44.218 9 INFO neutron.api.wsgi [None req-4084d4cf-a3b3-4d57-9dc4-4c256be61385 4198f21dad9e423d8d83ea002e7e1a7b e93b6830466c4a89a61c3adbe10e3cc8 - - default default] 10.0.0.207 "PUT /v2.0/ports/cb756056-b1c4-4ac2-9055-865ea7fbba8b/tags HTTP/1.1" status: 200 len: 227 time: 0.0495343
2026-05-26 07:05:44.278 8 INFO neutron.api.wsgi [None req-635dd22b-a2bf-4f59-99d8-9ecce99392c2 4198f21dad9e423d8d83ea002e7e1a7b e93b6830466c4a89a61c3adbe10e3cc8 - - default default] 10.0.0.207 "PUT /v2.0/ports/a36db795-52ba-49b0-8d00-6ba1233fa04d/tags HTTP/1.1" status: 200 len: 212 time: 0.0546439
2026-05-26 07:05:44.430 9 INFO neutron.api.wsgi [None req-4b9939fa-e15c-4b24-a086-faf4f4b4d663 4198f21dad9e423d8d83ea002e7e1a7b e93b6830466c4a89a61c3adbe10e3cc8 - - default default] 10.0.0.207 "GET /v2.0/ports?tags=red HTTP/1.1" status: 200 len: 2448 time: 0.1441407
2026-05-26 07:05:44.553 8 INFO neutron.api.wsgi [None req-e09cf775-f78c-4a1b-a4da-fd2aa4b1259f 4198f21dad9e423d8d83ea002e7e1a7b e93b6830466c4a89a61c3adbe10e3cc8 - - default default] 10.0.0.207 "GET /v2.0/ports?tags=red%2Cblue HTTP/1.1" status: 200 len: 1708 time: 0.1182950
2026-05-26 07:05:44.559 8 INFO neutron.api.wsgi [None req-a24d6f44-3010-40fd-88b7-49fef42b9e8d 569aa69938d443f7b9411b8a0915a931 8b02084e3f06451ca4bff1dda1527c9b - - default default] 10.0.0.207 "DELETE /v2.0/floatingips/8dfa20ef-d6bf-4d6c-b890-b59d1c2e7d7c HTTP/1.1" status: 204 len: 168 time: 0.3666344
2026-05-26 07:05:44.612 9 INFO neutron.api.wsgi [None req-4cbdb4cb-0cbf-4290-8719-76ced63f7711 4198f21dad9e423d8d83ea002e7e1a7b e93b6830466c4a89a61c3adbe10e3cc8 - - default default] 10.0.0.207 "GET /v2.0/ports?tags-any=blue HTTP/1.1" status: 200 len: 1708 time: 0.0533066
2026-05-26 07:05:44.650 9 INFO neutron.api.wsgi [None req-d1add905-9733-4cc0-9162-67d288149784 4198f21dad9e423d8d83ea002e7e1a7b e93b6830466c4a89a61c3adbe10e3cc8 - - default default] 10.0.0.207 "GET /v2.0/ports?tags-any=red%2Cblue HTTP/1.1" status: 200 len: 2448 time: 0.0311968
2026-05-26 07:05:44.761 9 INFO neutron.api.wsgi [None req-51332d30-5e55-429a-8d3d-6eda1205f2cf 4198f21dad9e423d8d83ea002e7e1a7b e93b6830466c4a89a61c3adbe10e3cc8 - - default default] 10.0.0.207 "GET /v2.0/ports?not-tags=red HTTP/1.1" status: 200 len: 5463 time: 0.1066380
2026-05-26 07:05:44.848 9 INFO neutron.api.wsgi [None req-b963b293-6272-4501-bda9-bf9d07d6cd64 4198f21dad9e423d8d83ea002e7e1a7b e93b6830466c4a89a61c3adbe10e3cc8 - - default default] 10.0.0.207 "GET /v2.0/ports?not-tags=red%2Cblue HTTP/1.1" status: 200 len: 6203 time: 0.0813904
2026-05-26 07:05:44.853 8 INFO neutron.api.wsgi [None req-f288aca2-00f3-4757-a61a-632dc786f084 569aa69938d443f7b9411b8a0915a931 8b02084e3f06451ca4bff1dda1527c9b - - default default] 10.0.0.207 "DELETE /v2.0/floatingips/3f080806-1299-4ee9-88bb-f1fc9ed8c958 HTTP/1.1" status: 204 len: 168 time: 0.2903161
2026-05-26 07:05:44.937 9 INFO neutron.api.wsgi [None req-4b680dec-1a47-42fa-8b2b-7eb8fc7f9e30 4198f21dad9e423d8d83ea002e7e1a7b e93b6830466c4a89a61c3adbe10e3cc8 - - default default] 10.0.0.207 "GET /v2.0/ports?not-tags-any=blue HTTP/1.1" status: 200 len: 6203 time: 0.0833514
2026-05-26 07:05:44.987 9 INFO neutron.api.wsgi [None req-3e9e3d6c-43f9-496e-abed-c1101022fa6c 4198f21dad9e423d8d83ea002e7e1a7b e93b6830466c4a89a61c3adbe10e3cc8 - - default default] 10.0.0.207 "GET /v2.0/ports?not-tags-any=red%2Cblue HTTP/1.1" status: 200 len: 5463 time: 0.0464571
2026-05-26 07:05:45.208 9 INFO neutron.api.wsgi [None req-ff173576-a0d2-4018-a65a-c99dbd689b16 4198f21dad9e423d8d83ea002e7e1a7b e93b6830466c4a89a61c3adbe10e3cc8 - - default default] 10.0.0.207 "DELETE /v2.0/ports/4cc3b265-568a-4d8e-b6c1-35d1080c0c05 HTTP/1.1" status: 204 len: 168 time: 0.2155612
2026-05-26 07:05:45.277 8 INFO neutron.db.ovn_revision_numbers_db [None req-4d991eb8-cfc1-4fe9-96e3-5a71b0d1c1db e160c8d2e7734e6eaf7cf3c34533c8aa 89a95844525041ccab7632485cc48e4a - - default default] Successfully bumped revision number for resource 371ec374-81a3-4d19-8f33-e34e8e2a21f2 (type: security_groups) to 1
2026-05-26 07:05:45.293 8 INFO neutron.db.ovn_revision_numbers_db [None req-4d991eb8-cfc1-4fe9-96e3-5a71b0d1c1db e160c8d2e7734e6eaf7cf3c34533c8aa 89a95844525041ccab7632485cc48e4a - - default default] Successfully bumped revision number for resource 19a42e10-57d6-4cd5-addf-7345490a0a4d (type: security_group_rules) to 0
2026-05-26 07:05:45.306 8 INFO neutron.db.ovn_revision_numbers_db [None req-4d991eb8-cfc1-4fe9-96e3-5a71b0d1c1db e160c8d2e7734e6eaf7cf3c34533c8aa 89a95844525041ccab7632485cc48e4a - - default default] Successfully bumped revision number for resource 6c33a830-476a-4815-9bb3-115855f73233 (type: security_group_rules) to 0
2026-05-26 07:05:45.318 8 INFO neutron.db.ovn_revision_numbers_db [None req-4d991eb8-cfc1-4fe9-96e3-5a71b0d1c1db e160c8d2e7734e6eaf7cf3c34533c8aa 89a95844525041ccab7632485cc48e4a - - default default] Successfully bumped revision number for resource 80be2e7b-0233-4e38-9ea9-76438c30136b (type: security_group_rules) to 0
2026-05-26 07:05:45.331 8 INFO neutron.db.ovn_revision_numbers_db [None req-4d991eb8-cfc1-4fe9-96e3-5a71b0d1c1db e160c8d2e7734e6eaf7cf3c34533c8aa 89a95844525041ccab7632485cc48e4a - - default default] Successfully bumped revision number for resource bba60499-9452-42b0-b5e3-d7be0a67ce1f (type: security_group_rules) to 0
2026-05-26 07:05:45.393 8 INFO neutron.api.wsgi [None req-4d991eb8-cfc1-4fe9-96e3-5a71b0d1c1db e160c8d2e7734e6eaf7cf3c34533c8aa 89a95844525041ccab7632485cc48e4a - - default default] 10.0.0.207 "GET /v2.0/security-groups?tenant_id=66c327cd66024dbbba15ee41c8fb0c1f&name=default HTTP/1.1" status: 200 len: 3120 time: 0.3907921
2026-05-26 07:05:45.436 9 INFO neutron.api.wsgi [None req-b557c4a5-4802-469e-a040-a05c2b718720 4198f21dad9e423d8d83ea002e7e1a7b e93b6830466c4a89a61c3adbe10e3cc8 - - default default] 10.0.0.207 "DELETE /v2.0/ports/26a878fa-ef62-4c54-85a9-d83f6302af1c HTTP/1.1" status: 204 len: 168 time: 0.2218869
2026-05-26 07:05:45.687 8 INFO neutron.api.wsgi [None req-e95d0594-2d43-417b-82d9-98afb0d478fe e160c8d2e7734e6eaf7cf3c34533c8aa 89a95844525041ccab7632485cc48e4a - - default default] 10.0.0.207 "DELETE /v2.0/security-groups/371ec374-81a3-4d19-8f33-e34e8e2a21f2 HTTP/1.1" status: 204 len: 168 time: 0.2886708
2026-05-26 07:05:45.702 8 INFO neutron.api.wsgi [None req-b3e7bc89-3ed9-4829-8c29-7581470dfeef 4198f21dad9e423d8d83ea002e7e1a7b e93b6830466c4a89a61c3adbe10e3cc8 - - default default] 10.0.0.207 "DELETE /v2.0/ports/cb756056-b1c4-4ac2-9055-865ea7fbba8b HTTP/1.1" status: 204 len: 168 time: 0.2616460
2026-05-26 07:05:45.925 9 INFO neutron.db.ovn_revision_numbers_db [None req-7f3b807d-b4da-4c7a-b8df-da1142f5e440 e160c8d2e7734e6eaf7cf3c34533c8aa 89a95844525041ccab7632485cc48e4a - - default default] Successfully bumped revision number for resource b11a8df7-8d24-4072-940b-a67b5516ee1b (type: security_groups) to 1
2026-05-26 07:05:45.984 9 INFO neutron.db.ovn_revision_numbers_db [None req-7f3b807d-b4da-4c7a-b8df-da1142f5e440 e160c8d2e7734e6eaf7cf3c34533c8aa 89a95844525041ccab7632485cc48e4a - - default default] Successfully bumped revision number for resource 3ed5a977-9f35-4673-a5e6-f8a51e432c0b (type: security_group_rules) to 0
2026-05-26 07:05:45.992 8 INFO neutron.api.wsgi [None req-7000eda7-a0da-46e7-9d03-1d66d73534d0 4198f21dad9e423d8d83ea002e7e1a7b e93b6830466c4a89a61c3adbe10e3cc8 - - default default] 10.0.0.207 "DELETE /v2.0/ports/a36db795-52ba-49b0-8d00-6ba1233fa04d HTTP/1.1" status: 204 len: 168 time: 0.2840505
2026-05-26 07:05:46.008 9 INFO neutron.db.ovn_revision_numbers_db [None req-7f3b807d-b4da-4c7a-b8df-da1142f5e440 e160c8d2e7734e6eaf7cf3c34533c8aa 89a95844525041ccab7632485cc48e4a - - default default] Successfully bumped revision number for resource 72db65eb-ec7d-409a-8b8d-d6cce39fb673 (type: security_group_rules) to 0
2026-05-26 07:05:46.027 9 INFO neutron.db.ovn_revision_numbers_db [None req-7f3b807d-b4da-4c7a-b8df-da1142f5e440 e160c8d2e7734e6eaf7cf3c34533c8aa 89a95844525041ccab7632485cc48e4a - - default default] Successfully bumped revision number for resource a7c8942a-87dc-4554-a6cd-da1ba6057981 (type: security_group_rules) to 0
2026-05-26 07:05:46.049 9 INFO neutron.db.ovn_revision_numbers_db [None req-7f3b807d-b4da-4c7a-b8df-da1142f5e440 e160c8d2e7734e6eaf7cf3c34533c8aa 89a95844525041ccab7632485cc48e4a - - default default] Successfully bumped revision number for resource e02ddf5e-8dd6-4e40-90a1-aa3fc2949edd (type: security_group_rules) to 0
2026-05-26 07:05:46.097 9 INFO neutron.api.wsgi [None req-7f3b807d-b4da-4c7a-b8df-da1142f5e440 e160c8d2e7734e6eaf7cf3c34533c8aa 89a95844525041ccab7632485cc48e4a - - default default] 10.0.0.207 "GET /v2.0/security-groups?tenant_id=120ab557be58471fab3cf4cb2a88c8c9&name=default HTTP/1.1" status: 200 len: 3120 time: 0.4453397
2026-05-26 07:05:46.307 8 INFO neutron.api.wsgi [None req-7532e704-219a-4b73-9011-8437295b4c06 4198f21dad9e423d8d83ea002e7e1a7b e93b6830466c4a89a61c3adbe10e3cc8 - - default default] 10.0.0.207 "DELETE /v2.0/ports/aef6a0b4-b696-4ff0-9f5f-d763bd73750f HTTP/1.1" status: 204 len: 168 time: 0.3086076
2026-05-26 07:05:46.357 9 INFO neutron.api.wsgi [None req-cd2dbaf0-cade-4919-b9b8-e62bb2906d69 e160c8d2e7734e6eaf7cf3c34533c8aa 89a95844525041ccab7632485cc48e4a - - default default] 10.0.0.207 "DELETE /v2.0/security-groups/b11a8df7-8d24-4072-940b-a67b5516ee1b HTTP/1.1" status: 204 len: 168 time: 0.2550061
2026-05-26 07:05:46.582 9 INFO neutron.db.ovn_revision_numbers_db [None req-861ff088-b35f-4df0-916a-e88fb456d821 e160c8d2e7734e6eaf7cf3c34533c8aa 89a95844525041ccab7632485cc48e4a - - default default] Successfully bumped revision number for resource 765cf886-6c63-49a0-b0f8-d836a2f8a29c (type: security_groups) to 1
2026-05-26 07:05:46.594 9 INFO neutron.db.ovn_revision_numbers_db [None req-861ff088-b35f-4df0-916a-e88fb456d821 e160c8d2e7734e6eaf7cf3c34533c8aa 89a95844525041ccab7632485cc48e4a - - default default] Successfully bumped revision number for resource 366079be-883e-4487-9130-5e50c2114e8e (type: security_group_rules) to 0
2026-05-26 07:05:46.609 9 INFO neutron.db.ovn_revision_numbers_db [None req-861ff088-b35f-4df0-916a-e88fb456d821 e160c8d2e7734e6eaf7cf3c34533c8aa 89a95844525041ccab7632485cc48e4a - - default default] Successfully bumped revision number for resource 4bdbda08-9c4e-4049-82fe-caa2b22e607d (type: security_group_rules) to 0
2026-05-26 07:05:46.620 8 INFO neutron.services.segments.plugin [-] Segment ed515020-d388-415e-9f14-aa0a2069bd18 resource provider aggregate not found
2026-05-26 07:05:46.625 8 INFO neutron.services.segments.plugin [-] Segment ed515020-d388-415e-9f14-aa0a2069bd18 resource provider aggregate not found
2026-05-26 07:05:46.632 9 INFO neutron.db.ovn_revision_numbers_db [None req-861ff088-b35f-4df0-916a-e88fb456d821 e160c8d2e7734e6eaf7cf3c34533c8aa 89a95844525041ccab7632485cc48e4a - - default default] Successfully bumped revision number for resource 68fd64b1-3c1f-4843-b6a5-a8fa6d98f79a (type: security_group_rules) to 0
2026-05-26 07:05:46.637 8 INFO neutron.services.segments.plugin [-] Segment ed515020-d388-415e-9f14-aa0a2069bd18 resource provider not found; error: Placement Client Error (4xx): {"errors": [{"status": 404, "title": "Not Found", "detail": "The resource could not be found.\n\n No resource provider with uuid ed515020-d388-415e-9f14-aa0a2069bd18 found for delete ", "request_id": "req-52cbbf0b-29da-4434-81c8-5a5100b4bdf2"}]}
2026-05-26 07:05:46.642 8 INFO neutron.services.segments.plugin [-] Segment ed515020-d388-415e-9f14-aa0a2069bd18 resource provider not found; error: Placement Client Error (4xx): {"errors": [{"status": 404, "title": "Not Found", "detail": "The resource could not be found.\n\n No resource provider with uuid ed515020-d388-415e-9f14-aa0a2069bd18 found for delete ", "request_id": "req-9240b2ae-0207-4a9f-860c-e2160670dd43"}]}
2026-05-26 07:05:46.649 9 INFO neutron.db.ovn_revision_numbers_db [None req-861ff088-b35f-4df0-916a-e88fb456d821 e160c8d2e7734e6eaf7cf3c34533c8aa 89a95844525041ccab7632485cc48e4a - - default default] Successfully bumped revision number for resource b15b43f6-b271-468c-896b-a97706379995 (type: security_group_rules) to 0
2026-05-26 07:05:46.664 8 INFO neutron.api.wsgi [None req-ecd38f49-c025-4704-9d3e-6b73291061c0 4198f21dad9e423d8d83ea002e7e1a7b e93b6830466c4a89a61c3adbe10e3cc8 - - default default] 10.0.0.207 "DELETE /v2.0/networks/901dc566-2ac2-4707-9570-8e74b62a224d HTTP/1.1" status: 204 len: 168 time: 0.3507366
2026-05-26 07:05:46.691 9 INFO neutron.api.wsgi [None req-861ff088-b35f-4df0-916a-e88fb456d821 e160c8d2e7734e6eaf7cf3c34533c8aa 89a95844525041ccab7632485cc48e4a - - default default] 10.0.0.207 "GET /v2.0/security-groups?tenant_id=2800f8954e0242f4b603b2f126b4c131&name=default HTTP/1.1" status: 200 len: 3120 time: 0.2396069
2026-05-26 07:05:46.819 8 INFO neutron.api.wsgi [None req-b189694e-10aa-486c-83b5-6766e53bc927 e160c8d2e7734e6eaf7cf3c34533c8aa 89a95844525041ccab7632485cc48e4a - - default default] 10.0.0.240 "GET /v2.0/subnets HTTP/1.1" status: 200 len: 2839 time: 0.1714661
2026-05-26 07:05:46.890 8 INFO neutron.api.wsgi [None req-d2fb7976-c02b-424b-9368-5ebf8eb08306 e160c8d2e7734e6eaf7cf3c34533c8aa 89a95844525041ccab7632485cc48e4a - - default default] 10.0.0.240 "GET /v2.0/ports HTTP/1.1" status: 200 len: 17541 time: 0.0686913
2026-05-26 07:05:46.915 9 INFO neutron.api.wsgi [None req-90860156-cb44-4f2a-a974-cd9d951b7c28 e160c8d2e7734e6eaf7cf3c34533c8aa 89a95844525041ccab7632485cc48e4a - - default default] 10.0.0.207 "DELETE /v2.0/security-groups/765cf886-6c63-49a0-b0f8-d836a2f8a29c HTTP/1.1" status: 204 len: 168 time: 0.2203000
2026-05-26 07:05:46.918 8 INFO neutron.api.wsgi [None req-09986825-54a9-4107-9ce5-13308b5ad030 e160c8d2e7734e6eaf7cf3c34533c8aa 89a95844525041ccab7632485cc48e4a - - default default] 10.0.0.240 "GET /v2.0/agents HTTP/1.1" status: 200 len: 1390 time: 0.0131695
2026-05-26 07:05:46.956 8 INFO neutron.api.wsgi [None req-e1fd34b4-61bf-4ddb-9c16-ce08adb24945 e160c8d2e7734e6eaf7cf3c34533c8aa 89a95844525041ccab7632485cc48e4a - - default default] 10.0.0.240 "GET /v2.0/floatingips HTTP/1.1" status: 200 len: 1036 time: 0.0363045
2026-05-26 07:05:46.971 8 INFO neutron.api.wsgi [None req-e48e7f8b-31ab-4a41-ba41-c2536be1130a e160c8d2e7734e6eaf7cf3c34533c8aa 89a95844525041ccab7632485cc48e4a - - default default] 10.0.0.240 "GET /v2.0/network-ip-availabilities HTTP/1.1" status: 200 len: 3292 time: 0.0138359
2026-05-26 07:05:47.030 8 INFO neutron.api.wsgi [None req-01d55f26-99e5-4ff8-99b9-160ba81d146f e160c8d2e7734e6eaf7cf3c34533c8aa 89a95844525041ccab7632485cc48e4a - - default default] 10.0.0.240 "GET /v2.0/networks HTTP/1.1" status: 200 len: 6691 time: 0.0577381
2026-05-26 07:05:47.071 8 INFO neutron.api.wsgi [None req-f7d1c540-f8c5-4a38-9983-e826ea2a0658 4198f21dad9e423d8d83ea002e7e1a7b e93b6830466c4a89a61c3adbe10e3cc8 - - default default] 10.0.0.207 "DELETE /v2.0/networks/844ebe5a-2ae8-4c4c-91ca-165b6bbb80b9 HTTP/1.1" status: 204 len: 168 time: 0.4031327
2026-05-26 07:05:47.084 8 INFO neutron.api.wsgi [None req-4725a876-cc27-4ab8-85b9-b5d0acc4da89 e160c8d2e7734e6eaf7cf3c34533c8aa 89a95844525041ccab7632485cc48e4a - - default default] 10.0.0.240 "GET /v2.0/security-groups HTTP/1.1" status: 200 len: 34495 time: 0.0483291
2026-05-26 07:05:47.125 9 INFO neutron.db.ovn_revision_numbers_db [None req-51492cff-b04a-4089-9e01-5597b537d708 e160c8d2e7734e6eaf7cf3c34533c8aa 89a95844525041ccab7632485cc48e4a - - default default] Successfully bumped revision number for resource f04b9f2f-d47b-492c-a432-87500c36ba23 (type: security_groups) to 1
2026-05-26 07:05:47.149 9 INFO neutron.db.ovn_revision_numbers_db [None req-51492cff-b04a-4089-9e01-5597b537d708 e160c8d2e7734e6eaf7cf3c34533c8aa 89a95844525041ccab7632485cc48e4a - - default default] Successfully bumped revision number for resource 172d5b60-9b49-4f92-8f77-6b56833f24e4 (type: security_group_rules) to 0
2026-05-26 07:05:47.150 8 INFO neutron.api.wsgi [None req-eff32f7c-0f36-4c8e-a3fe-4c7cea0787ef e160c8d2e7734e6eaf7cf3c34533c8aa 89a95844525041ccab7632485cc48e4a - - default default] 10.0.0.240 "GET /v2.0/routers HTTP/1.1" status: 200 len: 2112 time: 0.0595615
2026-05-26 07:05:47.161 8 INFO neutron.api.wsgi [None req-c8090596-dc61-41de-ac61-23c481424741 e160c8d2e7734e6eaf7cf3c34533c8aa 89a95844525041ccab7632485cc48e4a - - default default] 10.0.0.240 "GET /v2.0/agents?binary=ovn-controller HTTP/1.1" status: 200 len: 591 time: 0.0080922
2026-05-26 07:05:47.166 9 INFO neutron.db.ovn_revision_numbers_db [None req-51492cff-b04a-4089-9e01-5597b537d708 e160c8d2e7734e6eaf7cf3c34533c8aa 89a95844525041ccab7632485cc48e4a - - default default] Successfully bumped revision number for resource 31c85998-db31-4eaf-85d5-acf3bd79363a (type: security_group_rules) to 0
2026-05-26 07:05:47.183 9 INFO neutron.db.ovn_revision_numbers_db [None req-51492cff-b04a-4089-9e01-5597b537d708 e160c8d2e7734e6eaf7cf3c34533c8aa 89a95844525041ccab7632485cc48e4a - - default default] Successfully bumped revision number for resource 3a69e81f-53ae-488e-9bd3-5967c76df142 (type: security_group_rules) to 0
2026-05-26 07:05:47.188 8 INFO neutron.api.wsgi [None req-af978e27-1631-4e91-afd2-29f4c0cdaf20 e160c8d2e7734e6eaf7cf3c34533c8aa 89a95844525041ccab7632485cc48e4a - - default default] 10.0.0.240 "GET /v2.0/subnets HTTP/1.1" status: 200 len: 2839 time: 0.0258956
2026-05-26 07:05:47.199 8 INFO neutron.api.wsgi [None req-50e4ba3b-1918-4b11-9191-eddd14121f67 e160c8d2e7734e6eaf7cf3c34533c8aa 89a95844525041ccab7632485cc48e4a - - default default] 10.0.0.240 "GET /v2.0/subnetpools HTTP/1.1" status: 200 len: 193 time: 0.0102069
2026-05-26 07:05:47.201 9 INFO neutron.db.ovn_revision_numbers_db [None req-51492cff-b04a-4089-9e01-5597b537d708 e160c8d2e7734e6eaf7cf3c34533c8aa 89a95844525041ccab7632485cc48e4a - - default default] Successfully bumped revision number for resource b5f18548-cf56-4869-9276-5b783eff1994 (type: security_group_rules) to 0
2026-05-26 07:05:47.243 9 INFO neutron.api.wsgi [None req-51492cff-b04a-4089-9e01-5597b537d708 e160c8d2e7734e6eaf7cf3c34533c8aa 89a95844525041ccab7632485cc48e4a - - default default] 10.0.0.207 "GET /v2.0/security-groups?tenant_id=8b02084e3f06451ca4bff1dda1527c9b&name=default HTTP/1.1" status: 200 len: 3120 time: 0.2222064
2026-05-26 07:05:47.454 9 INFO neutron.services.segments.plugin [-] Segment a8004e50-ceff-43d6-a289-fd30dab1298e resource provider aggregate not found
2026-05-26 07:05:47.458 9 INFO neutron.services.segments.plugin [-] Segment a8004e50-ceff-43d6-a289-fd30dab1298e resource provider aggregate not found
2026-05-26 07:05:47.472 9 INFO neutron.services.segments.plugin [-] Segment a8004e50-ceff-43d6-a289-fd30dab1298e resource provider not found; error: Placement Client Error (4xx): {"errors": [{"status": 404, "title": "Not Found", "detail": "The resource could not be found.\n\n No resource provider with uuid a8004e50-ceff-43d6-a289-fd30dab1298e found for delete ", "request_id": "req-88587baa-0950-4328-8314-177d92e27a8e"}]}
2026-05-26 07:05:47.475 9 INFO neutron.services.segments.plugin [-] Segment a8004e50-ceff-43d6-a289-fd30dab1298e resource provider not found; error: Placement Client Error (4xx): {"errors": [{"status": 404, "title": "Not Found", "detail": "The resource could not be found.\n\n No resource provider with uuid a8004e50-ceff-43d6-a289-fd30dab1298e found for delete ", "request_id": "req-1cb9c83f-c8fc-4644-be7a-9632cbc797ab"}]}
2026-05-26 07:05:47.478 8 INFO neutron.api.wsgi [None req-0e5d9df7-640c-42d6-b294-e12224a966e7 e160c8d2e7734e6eaf7cf3c34533c8aa 89a95844525041ccab7632485cc48e4a - - default default] 10.0.0.207 "DELETE /v2.0/security-groups/f04b9f2f-d47b-492c-a432-87500c36ba23 HTTP/1.1" status: 204 len: 168 time: 0.2297714
2026-05-26 07:05:47.500 9 INFO neutron.api.wsgi [None req-17120a9a-d14e-4ce8-918b-fbd474bf2d65 4198f21dad9e423d8d83ea002e7e1a7b e93b6830466c4a89a61c3adbe10e3cc8 - - default default] 10.0.0.207 "DELETE /v2.0/networks/495751a0-8d43-4cc8-871f-69a2f52837d2 HTTP/1.1" status: 204 len: 168 time: 0.4231451
2026-05-26 07:05:47.805 9 INFO neutron.api.wsgi [None req-e4eaf546-d88d-4c58-95e0-76b30d2aa794 4198f21dad9e423d8d83ea002e7e1a7b e93b6830466c4a89a61c3adbe10e3cc8 - - default default] 10.0.0.207 "DELETE /v2.0/networks/93a92a12-63f0-4445-863f-1c7b1da759b0 HTTP/1.1" status: 204 len: 168 time: 0.3024848
2026-05-26 07:05:48.111 9 INFO neutron.api.wsgi [None req-a7e5debe-dc27-42a2-81ed-135efb7b10c2 4198f21dad9e423d8d83ea002e7e1a7b e93b6830466c4a89a61c3adbe10e3cc8 - - default default] 10.0.0.207 "DELETE /v2.0/networks/c19a7e26-9eb1-408e-b15a-2ab5dec6abbb HTTP/1.1" status: 204 len: 168 time: 0.3009560
2026-05-26 07:05:48.661 8 INFO neutron.services.segments.plugin [-] Segment a9afebcb-c6d0-4d0d-9af1-4d8fd02e6abc resource provider aggregate not found
2026-05-26 07:05:48.668 8 INFO neutron.services.segments.plugin [-] Segment a9afebcb-c6d0-4d0d-9af1-4d8fd02e6abc resource provider aggregate not found
2026-05-26 07:05:48.678 8 INFO neutron.services.segments.plugin [-] Segment a9afebcb-c6d0-4d0d-9af1-4d8fd02e6abc resource provider not found; error: Placement Client Error (4xx): {"errors": [{"status": 404, "title": "Not Found", "detail": "The resource could not be found.\n\n No resource provider with uuid a9afebcb-c6d0-4d0d-9af1-4d8fd02e6abc found for delete ", "request_id": "req-ad782537-522e-4886-9f80-8658cd27eb0f"}]}
2026-05-26 07:05:48.679 8 INFO neutron.services.segments.plugin [-] Segment a9afebcb-c6d0-4d0d-9af1-4d8fd02e6abc resource provider not found; error: Placement Client Error (4xx): {"errors": [{"status": 404, "title": "Not Found", "detail": "The resource could not be found.\n\n No resource provider with uuid a9afebcb-c6d0-4d0d-9af1-4d8fd02e6abc found for delete ", "request_id": "req-5c73a278-0c71-4598-9b41-8750c81590f4"}]}
2026-05-26 07:05:49.125 9 INFO neutron.api.wsgi [None req-74f78154-bb8e-42a8-8442-1985df1ec759 e160c8d2e7734e6eaf7cf3c34533c8aa 89a95844525041ccab7632485cc48e4a - - default default] 10.0.0.207 "GET /v2.0/security-groups?tenant_id=e93b6830466c4a89a61c3adbe10e3cc8&name=default HTTP/1.1" status: 200 len: 3120 time: 0.2171373
2026-05-26 07:05:49.235 8 INFO neutron.db.ovn_revision_numbers_db [None req-b84261b2-c998-41d1-9835-afc8047c3dec e160c8d2e7734e6eaf7cf3c34533c8aa 89a95844525041ccab7632485cc48e4a - - default default] Successfully bumped revision number for resource 5ba5f8a4-926c-456f-83cb-1a726df90702 (type: security_groups) to 1
2026-05-26 07:05:49.248 8 INFO neutron.db.ovn_revision_numbers_db [None req-b84261b2-c998-41d1-9835-afc8047c3dec e160c8d2e7734e6eaf7cf3c34533c8aa 89a95844525041ccab7632485cc48e4a - - default default] Successfully bumped revision number for resource 32540eb7-1435-4f83-a4ce-82b7ec9efdd0 (type: security_group_rules) to 0
2026-05-26 07:05:49.270 8 INFO neutron.db.ovn_revision_numbers_db [None req-b84261b2-c998-41d1-9835-afc8047c3dec e160c8d2e7734e6eaf7cf3c34533c8aa 89a95844525041ccab7632485cc48e4a - - default default] Successfully bumped revision number for resource 64c9da74-3ada-4388-a5cf-51f55a28d7f6 (type: security_group_rules) to 0
2026-05-26 07:05:49.285 8 INFO neutron.db.ovn_revision_numbers_db [None req-b84261b2-c998-41d1-9835-afc8047c3dec e160c8d2e7734e6eaf7cf3c34533c8aa 89a95844525041ccab7632485cc48e4a - - default default] Successfully bumped revision number for resource 67944ff2-05de-46a8-8412-b34813387495 (type: security_group_rules) to 0
2026-05-26 07:05:49.299 8 INFO neutron.db.ovn_revision_numbers_db [None req-b84261b2-c998-41d1-9835-afc8047c3dec e160c8d2e7734e6eaf7cf3c34533c8aa 89a95844525041ccab7632485cc48e4a - - default default] Successfully bumped revision number for resource fd328319-52fb-4061-a11e-cf1f8ae98d6f (type: security_group_rules) to 0
2026-05-26 07:05:49.349 8 INFO neutron.api.wsgi [None req-b84261b2-c998-41d1-9835-afc8047c3dec e160c8d2e7734e6eaf7cf3c34533c8aa 89a95844525041ccab7632485cc48e4a - - default default] 10.0.0.207 "GET /v2.0/security-groups?tenant_id=f7a7108034e044928f879f881ffd6fa4&name=default HTTP/1.1" status: 200 len: 3120 time: 0.3741748
2026-05-26 07:05:49.373 9 INFO neutron.api.wsgi [None req-e1b11840-63cb-4390-8c23-00aa189171b8 e160c8d2e7734e6eaf7cf3c34533c8aa 89a95844525041ccab7632485cc48e4a - - default default] 10.0.0.207 "DELETE /v2.0/security-groups/93868c62-a42f-45a0-8fb4-8deb51b34f96 HTTP/1.1" status: 204 len: 168 time: 0.2423668
2026-05-26 07:05:49.440 8 INFO neutron.api.wsgi [req-0ac14021-97dd-4459-8243-af781c297ee6 req-bc0e39af-eeb7-42b1-93dd-d3243333f825 4abea671090947dca74b0e3db09dbaca 93ccbecc954c43b79f2e6467f122235e - - e3b5e78bc78843418398fe5f07733bc6 e3b5e78bc78843418398fe5f07733bc6] 199.204.45.30 "GET /v2.0/ports?device_id=9c94bc9f-7435-47eb-9c4a-73e336c8e21f&fields=binding%3Ahost_id&fields=binding%3Avif_type HTTP/1.1" status: 200 len: 265 time: 0.0389125
2026-05-26 07:05:49.493 9 INFO neutron.services.segments.plugin [-] Segment a8f69c37-6176-46b6-9e33-a0b459710654 resource provider aggregate not found
2026-05-26 07:05:49.497 9 INFO neutron.services.segments.plugin [-] Segment a8f69c37-6176-46b6-9e33-a0b459710654 resource provider aggregate not found
2026-05-26 07:05:49.505 9 INFO neutron.services.segments.plugin [-] Segment a8f69c37-6176-46b6-9e33-a0b459710654 resource provider not found; error: Placement Client Error (4xx): {"errors": [{"status": 404, "title": "Not Found", "detail": "The resource could not be found.\n\n No resource provider with uuid a8f69c37-6176-46b6-9e33-a0b459710654 found for delete ", "request_id": "req-c4f25c37-95eb-49ba-8ec4-133bd33b284b"}]}
2026-05-26 07:05:49.512 9 INFO neutron.services.segments.plugin [-] Segment a8f69c37-6176-46b6-9e33-a0b459710654 resource provider not found; error: Placement Client Error (4xx): {"errors": [{"status": 404, "title": "Not Found", "detail": "The resource could not be found.\n\n No resource provider with uuid a8f69c37-6176-46b6-9e33-a0b459710654 found for delete ", "request_id": "req-d26bcde6-1ea8-4903-b749-11a6a14b5b30"}]}
2026-05-26 07:05:49.521 9 INFO neutron.services.segments.plugin [-] Segment 73895221-9e65-4420-960a-df143ef31255 resource provider aggregate not found
2026-05-26 07:05:49.527 9 INFO neutron.services.segments.plugin [-] Segment 73895221-9e65-4420-960a-df143ef31255 resource provider aggregate not found
2026-05-26 07:05:49.536 9 INFO neutron.services.segments.plugin [-] Segment 73895221-9e65-4420-960a-df143ef31255 resource provider not found; error: Placement Client Error (4xx): {"errors": [{"status": 404, "title": "Not Found", "detail": "The resource could not be found.\n\n No resource provider with uuid 73895221-9e65-4420-960a-df143ef31255 found for delete ", "request_id": "req-f128c5f4-3d63-4c10-af50-580a6368ec7a"}]}
