2026-05-26 07:06:58.740 8 INFO neutron.db.ovn_revision_numbers_db [None req-fd9fff01-f215-4625-930f-4359b6ff4237 e160c8d2e7734e6eaf7cf3c34533c8aa 89a95844525041ccab7632485cc48e4a - - default default] Successfully bumped revision number for resource 96cfd140-2482-4377-9cb8-0c86e21e62ed (type: security_group_rules) to 0
2026-05-26 07:06:58.745 8 INFO neutron.db.ovn_revision_numbers_db [None req-099c5b10-c62e-4698-9b50-72f8ac387072 e160c8d2e7734e6eaf7cf3c34533c8aa 89a95844525041ccab7632485cc48e4a - - default default] Successfully bumped revision number for resource 4292656d-29c9-480e-b70c-1f1a511b3625 (type: security_group_rules) to 0
2026-05-26 07:06:58.754 8 INFO neutron.db.ovn_revision_numbers_db [None req-fd9fff01-f215-4625-930f-4359b6ff4237 e160c8d2e7734e6eaf7cf3c34533c8aa 89a95844525041ccab7632485cc48e4a - - default default] Successfully bumped revision number for resource ad76b5ab-b58e-493b-9131-1b0451e98af1 (type: security_group_rules) to 0
2026-05-26 07:06:58.763 8 INFO neutron.db.ovn_revision_numbers_db [None req-099c5b10-c62e-4698-9b50-72f8ac387072 e160c8d2e7734e6eaf7cf3c34533c8aa 89a95844525041ccab7632485cc48e4a - - default default] Successfully bumped revision number for resource 84cd6c99-42d1-41e5-926c-1499699b35ff (type: security_group_rules) to 0
2026-05-26 07:06:58.769 8 INFO neutron.db.ovn_revision_numbers_db [None req-fd9fff01-f215-4625-930f-4359b6ff4237 e160c8d2e7734e6eaf7cf3c34533c8aa 89a95844525041ccab7632485cc48e4a - - default default] Successfully bumped revision number for resource f8e975ae-c28a-4ce4-9aa3-52123fe01379 (type: security_group_rules) to 0
2026-05-26 07:06:58.774 8 INFO neutron.db.ovn_revision_numbers_db [None req-099c5b10-c62e-4698-9b50-72f8ac387072 e160c8d2e7734e6eaf7cf3c34533c8aa 89a95844525041ccab7632485cc48e4a - - default default] Successfully bumped revision number for resource b56ea2ca-39e3-45e0-83b9-8cdaf9b47fc0 (type: security_group_rules) to 0
2026-05-26 07:06:58.789 8 INFO neutron.db.ovn_revision_numbers_db [None req-099c5b10-c62e-4698-9b50-72f8ac387072 e160c8d2e7734e6eaf7cf3c34533c8aa 89a95844525041ccab7632485cc48e4a - - default default] Successfully bumped revision number for resource fed16555-bc78-4d12-9c94-3f8c419f900d (type: security_group_rules) to 0
2026-05-26 07:06:58.810 8 INFO neutron.api.wsgi [None req-fd9fff01-f215-4625-930f-4359b6ff4237 e160c8d2e7734e6eaf7cf3c34533c8aa 89a95844525041ccab7632485cc48e4a - - default default] 10.0.0.207 "GET /v2.0/security-groups?tenant_id=592591d0f69846d5811226f57bcfa1a3&name=default HTTP/1.1" status: 200 len: 3124 time: 0.3100202
2026-05-26 07:06:58.858 8 INFO neutron.api.wsgi [None req-099c5b10-c62e-4698-9b50-72f8ac387072 e160c8d2e7734e6eaf7cf3c34533c8aa 89a95844525041ccab7632485cc48e4a - - default default] 10.0.0.207 "GET /v2.0/security-groups?tenant_id=a189da4c5c4e4b3dbbe38af966fd0e7c&name=default HTTP/1.1" status: 200 len: 3124 time: 0.3773923
2026-05-26 07:06:59.012 8 WARNING neutron.plugins.ml2.drivers.ovn.mech_driver.ovsdb.ovn_client [None req-fba37c43-7280-4cd3-aa02-5117c089b76e - - - - - -] No port found with ID 14d8aa62-a743-4500-8369-27185fc7f710: RuntimeError: No port found with ID 14d8aa62-a743-4500-8369-27185fc7f710
2026-05-26 07:06:59.047 8 INFO neutron.api.wsgi [None req-3d4f6c52-98fc-4a40-8a4d-f2425f4605d4 e160c8d2e7734e6eaf7cf3c34533c8aa 89a95844525041ccab7632485cc48e4a - - default default] 10.0.0.207 "DELETE /v2.0/security-groups/b6fbf5e6-c12e-4bed-863e-38d9caf6e3b1 HTTP/1.1" status: 204 len: 168 time: 0.2312844
2026-05-26 07:06:59.074 8 INFO neutron.api.wsgi [None req-5e93cc8a-e8d3-496b-b036-432c47f2c482 e160c8d2e7734e6eaf7cf3c34533c8aa 89a95844525041ccab7632485cc48e4a - - default default] 10.0.0.207 "DELETE /v2.0/security-groups/047a3255-802e-4dbc-87ff-76c4c56261e1 HTTP/1.1" status: 204 len: 168 time: 0.2109451
2026-05-26 07:06:59.221 8 INFO neutron.api.wsgi [None req-b0ce5125-5177-43e2-8e22-19d8242bb01f e160c8d2e7734e6eaf7cf3c34533c8aa 89a95844525041ccab7632485cc48e4a - - default default] 10.0.0.207 "GET /v2.0/security-groups?tenant_id=9b130ff48ff8486aa3200ba755302745&name=default HTTP/1.1" status: 200 len: 3124 time: 0.0401111
2026-05-26 07:06:59.292 8 INFO neutron.db.ovn_revision_numbers_db [None req-9b961643-a45c-4e84-8d03-a7439701c30d e160c8d2e7734e6eaf7cf3c34533c8aa 89a95844525041ccab7632485cc48e4a - - default default] Successfully bumped revision number for resource 7b33579d-b539-45c7-ae5e-bf791a4709c8 (type: security_groups) to 1
2026-05-26 07:06:59.309 8 INFO neutron.db.ovn_revision_numbers_db [None req-9b961643-a45c-4e84-8d03-a7439701c30d e160c8d2e7734e6eaf7cf3c34533c8aa 89a95844525041ccab7632485cc48e4a - - default default] Successfully bumped revision number for resource 0f4cc1c7-c6c3-4bf9-aabb-17f577d36a77 (type: security_group_rules) to 0
2026-05-26 07:06:59.324 8 INFO neutron.db.ovn_revision_numbers_db [None req-9b961643-a45c-4e84-8d03-a7439701c30d e160c8d2e7734e6eaf7cf3c34533c8aa 89a95844525041ccab7632485cc48e4a - - default default] Successfully bumped revision number for resource 8844bae9-2707-48fe-a7e1-5d266821ec9b (type: security_group_rules) to 0
2026-05-26 07:06:59.338 8 INFO neutron.db.ovn_revision_numbers_db [None req-9b961643-a45c-4e84-8d03-a7439701c30d e160c8d2e7734e6eaf7cf3c34533c8aa 89a95844525041ccab7632485cc48e4a - - default default] Successfully bumped revision number for resource 8bc74daa-294b-40fe-9bcf-62fc4402d052 (type: security_group_rules) to 0
2026-05-26 07:06:59.351 8 INFO neutron.db.ovn_revision_numbers_db [None req-9b961643-a45c-4e84-8d03-a7439701c30d e160c8d2e7734e6eaf7cf3c34533c8aa 89a95844525041ccab7632485cc48e4a - - default default] Successfully bumped revision number for resource ff0e5bce-194c-4bee-8d9a-00fc4f5b2b35 (type: security_group_rules) to 0
2026-05-26 07:06:59.385 8 INFO neutron.api.wsgi [None req-9b961643-a45c-4e84-8d03-a7439701c30d e160c8d2e7734e6eaf7cf3c34533c8aa 89a95844525041ccab7632485cc48e4a - - default default] 10.0.0.207 "GET /v2.0/security-groups?tenant_id=f73b93321c2f4cd09f7911392162b4f4&name=default HTTP/1.1" status: 200 len: 3124 time: 0.2263024
2026-05-26 07:06:59.451 8 INFO neutron.api.wsgi [None req-3f72dac3-ccd6-48a3-9f16-c6e575e3daec e160c8d2e7734e6eaf7cf3c34533c8aa 89a95844525041ccab7632485cc48e4a - - default default] 10.0.0.207 "DELETE /v2.0/security-groups/76701b0a-f427-449a-8da5-907ea1158bb8 HTTP/1.1" status: 204 len: 168 time: 0.2233856
2026-05-26 07:06:59.601 9 INFO neutron.db.ovn_revision_numbers_db [None req-5e02e5de-84ab-44a4-b65c-342ad581caa1 5cc28ca88589484ebeb3a1edd6cfa991 ef27d32609024d7db4196a6426b0fe1e - - default default] Successfully bumped revision number for resource b54d2359-1f8f-46e4-9728-9cfd588325d4 (type: floatingips) to -1
2026-05-26 07:06:59.645 8 INFO neutron.api.wsgi [None req-47cc0bbe-01c9-4880-911c-c22146d60a87 e160c8d2e7734e6eaf7cf3c34533c8aa 89a95844525041ccab7632485cc48e4a - - default default] 10.0.0.207 "DELETE /v2.0/security-groups/7b33579d-b539-45c7-ae5e-bf791a4709c8 HTTP/1.1" status: 204 len: 168 time: 0.2534988
2026-05-26 07:06:59.742 9 INFO neutron.db.ovn_revision_numbers_db [None req-5e02e5de-84ab-44a4-b65c-342ad581caa1 5cc28ca88589484ebeb3a1edd6cfa991 ef27d32609024d7db4196a6426b0fe1e - - default default] Successfully bumped revision number for resource b54d2359-1f8f-46e4-9728-9cfd588325d4 (type: floatingips) to 1
2026-05-26 07:06:59.743 9 INFO neutron.db.l3_db [None req-5e02e5de-84ab-44a4-b65c-342ad581caa1 5cc28ca88589484ebeb3a1edd6cfa991 ef27d32609024d7db4196a6426b0fe1e - - default default] Floating IP b54d2359-1f8f-46e4-9728-9cfd588325d4 associated. External IP: 10.96.250.216, port: c94787c9-a632-4b75-9d43-0d8660b59119.
2026-05-26 07:06:59.802 9 INFO neutron.api.wsgi [None req-5e02e5de-84ab-44a4-b65c-342ad581caa1 5cc28ca88589484ebeb3a1edd6cfa991 ef27d32609024d7db4196a6426b0fe1e - - default default] 10.0.0.207 "POST /v2.0/floatingips HTTP/1.1" status: 201 len: 1054 time: 1.7108676
2026-05-26 07:06:59.844 9 INFO neutron.notifiers.nova [-] Nova event matching ['req-b08eff97-2962-4594-91dc-816bd7a4b24e'] response: {'name': 'network-changed', 'server_uuid': 'a9847579-03e2-4df8-b3ff-5117a6b34f4f', 'tag': 'c94787c9-a632-4b75-9d43-0d8660b59119', 'status': 'completed', 'code': 200} /var/lib/openstack/lib/python3.12/site-packages/pycadf/identifier.py:71: UserWarning: Invalid uuid: neutron. To ensure interoperability, identifiers should be a valid uuid. warnings.warn(('Invalid uuid: %s. To ensure interoperability, '
2026-05-26 07:06:59.930 8 INFO neutron.api.wsgi [req-1057a9b4-bfb6-4692-94be-67764024839f req-c7b8ed26-3533-4931-9ddf-6ee02b9dd1b1 5cc28ca88589484ebeb3a1edd6cfa991 ef27d32609024d7db4196a6426b0fe1e - - default default] 10.0.0.108 "GET /v2.0/security-groups?name=tempest-lb_member_SG-828837544&fields=id&tenant_id=ef27d32609024d7db4196a6426b0fe1e HTTP/1.1" status: 200 len: 267 time: 0.0420079
2026-05-26 07:07:00.002 8 INFO neutron.api.wsgi [req-1057a9b4-bfb6-4692-94be-67764024839f req-2cda7c6b-e196-46e4-8fc6-b71267f648dd 5cc28ca88589484ebeb3a1edd6cfa991 ef27d32609024d7db4196a6426b0fe1e - - default default] 10.0.0.108 "GET /v2.0/networks?id=adcd054f-9326-4b64-9535-f02b3e755220 HTTP/1.1" status: 200 len: 902 time: 0.0657978
2026-05-26 07:07:00.017 8 INFO neutron.api.wsgi [req-1057a9b4-bfb6-4692-94be-67764024839f req-ecf1ca9e-1812-4d2f-9fae-aa687a0f8bde 5cc28ca88589484ebeb3a1edd6cfa991 ef27d32609024d7db4196a6426b0fe1e - - default default] 10.0.0.108 "GET /v2.0/quotas/ef27d32609024d7db4196a6426b0fe1e HTTP/1.1" status: 200 len: 491 time: 0.0097201
2026-05-26 07:07:00.030 8 INFO neutron.db.ovn_revision_numbers_db [None req-2b8ddb2e-6fe4-4f91-8811-a4fe3696d828 e160c8d2e7734e6eaf7cf3c34533c8aa 89a95844525041ccab7632485cc48e4a - - default default] Successfully bumped revision number for resource 162ff4e5-e15d-4151-aa32-051dcdc3e283 (type: security_groups) to 1
2026-05-26 07:07:00.046 8 INFO neutron.db.ovn_revision_numbers_db [None req-2b8ddb2e-6fe4-4f91-8811-a4fe3696d828 e160c8d2e7734e6eaf7cf3c34533c8aa 89a95844525041ccab7632485cc48e4a - - default default] Successfully bumped revision number for resource 24683b02-2c2e-4151-a180-07df76efb40e (type: security_group_rules) to 0
2026-05-26 07:07:00.061 8 INFO neutron.db.ovn_revision_numbers_db [None req-2b8ddb2e-6fe4-4f91-8811-a4fe3696d828 e160c8d2e7734e6eaf7cf3c34533c8aa 89a95844525041ccab7632485cc48e4a - - default default] Successfully bumped revision number for resource 5c0e7d26-0cec-40ba-ba64-c930f879f8b6 (type: security_group_rules) to 0
2026-05-26 07:07:00.086 8 INFO neutron.db.ovn_revision_numbers_db [None req-2b8ddb2e-6fe4-4f91-8811-a4fe3696d828 e160c8d2e7734e6eaf7cf3c34533c8aa 89a95844525041ccab7632485cc48e4a - - default default] Successfully bumped revision number for resource 8007484f-8150-4a69-848e-52c00b235d5c (type: security_group_rules) to 0
2026-05-26 07:07:00.103 8 INFO neutron.db.ovn_revision_numbers_db [None req-2b8ddb2e-6fe4-4f91-8811-a4fe3696d828 e160c8d2e7734e6eaf7cf3c34533c8aa 89a95844525041ccab7632485cc48e4a - - default default] Successfully bumped revision number for resource e7515cc6-f84f-493b-a5fa-8397ee475e11 (type: security_group_rules) to 0
2026-05-26 07:07:00.106 9 INFO neutron.services.segments.plugin [-] Segment e76a2a77-9de2-4c9c-85ba-d5cf57db4c2c resource provider aggregate not found
2026-05-26 07:07:00.109 9 INFO neutron.services.segments.plugin [-] Segment e76a2a77-9de2-4c9c-85ba-d5cf57db4c2c resource provider aggregate not found
2026-05-26 07:07:00.128 9 INFO neutron.services.segments.plugin [-] Segment e76a2a77-9de2-4c9c-85ba-d5cf57db4c2c resource provider not found; error: Placement Client Error (4xx): {"errors": [{"status": 404, "title": "Not Found", "detail": "The resource could not be found.\n\n No resource provider with uuid e76a2a77-9de2-4c9c-85ba-d5cf57db4c2c found for delete ", "request_id": "req-e243df3a-64e7-4ee2-a6a3-c452a564db4d"}]}
2026-05-26 07:07:00.134 9 INFO neutron.services.segments.plugin [-] Segment e76a2a77-9de2-4c9c-85ba-d5cf57db4c2c resource provider not found; error: Placement Client Error (4xx): {"errors": [{"status": 404, "title": "Not Found", "detail": "The resource could not be found.\n\n No resource provider with uuid e76a2a77-9de2-4c9c-85ba-d5cf57db4c2c found for delete ", "request_id": "req-3a20244c-c7fe-4136-8b13-22cb05a6e117"}]}
2026-05-26 07:07:00.149 9 INFO neutron.api.wsgi [None req-8eaeb5f2-683d-4951-833f-63bde6648e77 a33934a612704b31b3cafa268b4b222a b46e523687e447cbae672fe87dcd988a - - default default] 10.0.0.207 "DELETE /v2.0/vpn/vpnservices/936098f4-c711-42c9-8d7f-56d7fe567dbc HTTP/1.1" status: 204 len: 168 time: 3.0869792
2026-05-26 07:07:00.153 8 INFO neutron.api.wsgi [None req-2b8ddb2e-6fe4-4f91-8811-a4fe3696d828 e160c8d2e7734e6eaf7cf3c34533c8aa 89a95844525041ccab7632485cc48e4a - - default default] 10.0.0.207 "GET /v2.0/security-groups?tenant_id=a3de77b70ac84135affa1187e6fa7332&name=default HTTP/1.1" status: 200 len: 3124 time: 0.2811141
2026-05-26 07:07:00.228 8 INFO neutron.api.wsgi [req-1057a9b4-bfb6-4692-94be-67764024839f req-6b366003-5029-4e87-9f88-3bb078fdcc52 5cc28ca88589484ebeb3a1edd6cfa991 ef27d32609024d7db4196a6426b0fe1e - - default default] 10.0.0.108 "GET /v2.0/ports?tenant_id=ef27d32609024d7db4196a6426b0fe1e&fields=id HTTP/1.1" status: 200 len: 532 time: 0.2040031
2026-05-26 07:07:00.243 8 INFO neutron.api.wsgi [None req-e762108b-a4e1-4682-aefb-24aef025c899 a33934a612704b31b3cafa268b4b222a b46e523687e447cbae672fe87dcd988a - - default default] 10.0.0.207 "GET /v2.0/routers/463973b8-0085-488c-af51-5e929bdc2fd3 HTTP/1.1" status: 200 len: 1137 time: 0.0890346 /var/lib/openstack/lib/python3.12/site-packages/pycadf/identifier.py:71: UserWarning: Invalid uuid: neutron. To ensure interoperability, identifiers should be a valid uuid. warnings.warn(('Invalid uuid: %s. To ensure interoperability, '
2026-05-26 07:07:00.291 8 INFO neutron.api.wsgi [req-1057a9b4-bfb6-4692-94be-67764024839f req-825ab2bf-fc65-437b-b28b-d0656dc73c6d 4abea671090947dca74b0e3db09dbaca 93ccbecc954c43b79f2e6467f122235e - - e3b5e78bc78843418398fe5f07733bc6 e3b5e78bc78843418398fe5f07733bc6] 10.0.0.108 "GET /v2.0/networks/adcd054f-9326-4b64-9535-f02b3e755220?fields=segments HTTP/1.1" status: 200 len: 212 time: 0.0523396
2026-05-26 07:07:00.344 8 INFO neutron.api.wsgi [req-1057a9b4-bfb6-4692-94be-67764024839f req-dd018635-1f75-443c-ae93-a35f012d18ed 4abea671090947dca74b0e3db09dbaca 93ccbecc954c43b79f2e6467f122235e - - e3b5e78bc78843418398fe5f07733bc6 e3b5e78bc78843418398fe5f07733bc6] 10.0.0.108 "GET /v2.0/networks/adcd054f-9326-4b64-9535-f02b3e755220?fields=provider%3Aphysical_network&fields=provider%3Anetwork_type HTTP/1.1" status: 200 len: 277 time: 0.0473316
2026-05-26 07:07:00.397 8 INFO neutron.api.wsgi [req-50ee945e-c20f-48f8-973c-50bab9e8311f req-a2e6f550-adfa-4a8b-8b8d-39dd574d2b59 4abea671090947dca74b0e3db09dbaca 93ccbecc954c43b79f2e6467f122235e - - e3b5e78bc78843418398fe5f07733bc6 e3b5e78bc78843418398fe5f07733bc6] 199.204.45.30 "GET /v2.0/ports?tenant_id=ef27d32609024d7db4196a6426b0fe1e&device_id=a9847579-03e2-4df8-b3ff-5117a6b34f4f HTTP/1.1" status: 200 len: 1638 time: 0.0420213
2026-05-26 07:07:00.449 8 INFO neutron.api.wsgi [req-50ee945e-c20f-48f8-973c-50bab9e8311f req-fca9a676-8590-4a01-85cd-017a8b80d7b0 4abea671090947dca74b0e3db09dbaca 93ccbecc954c43b79f2e6467f122235e - - e3b5e78bc78843418398fe5f07733bc6 e3b5e78bc78843418398fe5f07733bc6] 199.204.45.30 "GET /v2.0/networks?id=ac035b72-d6da-4f95-94c5-dd14c6291f49 HTTP/1.1" status: 200 len: 1002 time: 0.0472705
2026-05-26 07:07:00.460 8 INFO neutron.api.wsgi [None req-aa30e89d-4acd-4661-ad55-0a25e8429002 e160c8d2e7734e6eaf7cf3c34533c8aa 89a95844525041ccab7632485cc48e4a - - default default] 10.0.0.207 "DELETE /v2.0/security-groups/162ff4e5-e15d-4151-aa32-051dcdc3e283 HTTP/1.1" status: 204 len: 168 time: 0.3001809
2026-05-26 07:07:00.499 9 INFO neutron.api.wsgi [req-edf677ba-c7d1-4f55-8abb-b2f5bb2f947f req-32dc4e09-120d-4187-8909-8e01a9bf90ed 5cc28ca88589484ebeb3a1edd6cfa991 ef27d32609024d7db4196a6426b0fe1e - - default default] 10.0.0.108 "GET /v2.0/ports?device_id=5c9d76bd-1db7-4aea-a02b-a7f61b14a43b HTTP/1.1" status: 200 len: 210 time: 0.0220032
2026-05-26 07:07:00.508 8 INFO neutron.api.wsgi [req-50ee945e-c20f-48f8-973c-50bab9e8311f req-98769444-4e8b-4031-8f84-8a3fcd41c9c0 4abea671090947dca74b0e3db09dbaca 93ccbecc954c43b79f2e6467f122235e - - e3b5e78bc78843418398fe5f07733bc6 e3b5e78bc78843418398fe5f07733bc6] 199.204.45.30 "GET /v2.0/floatingips?fixed_ip_address=10.2.1.111&port_id=c94787c9-a632-4b75-9d43-0d8660b59119 HTTP/1.1" status: 200 len: 1059 time: 0.0529158
2026-05-26 07:07:00.530 8 INFO neutron.api.wsgi [req-50ee945e-c20f-48f8-973c-50bab9e8311f req-02b18d1b-e8d1-4971-8b80-cbbc53cde98c 4abea671090947dca74b0e3db09dbaca 93ccbecc954c43b79f2e6467f122235e - - e3b5e78bc78843418398fe5f07733bc6 e3b5e78bc78843418398fe5f07733bc6] 199.204.45.30 "GET /v2.0/floatingips?fixed_ip_address=fd7b%3Af9f7%3Afff%3A4eca%3A%3A393&port_id=c94787c9-a632-4b75-9d43-0d8660b59119 HTTP/1.1" status: 200 len: 217 time: 0.0159450
2026-05-26 07:07:00.565 8 INFO neutron.api.wsgi [req-50ee945e-c20f-48f8-973c-50bab9e8311f req-14fcfd14-5c12-4a8f-b1ed-2d8000ffb938 4abea671090947dca74b0e3db09dbaca 93ccbecc954c43b79f2e6467f122235e - - e3b5e78bc78843418398fe5f07733bc6 e3b5e78bc78843418398fe5f07733bc6] 199.204.45.30 "GET /v2.0/subnets?id=4603ffca-f5c3-4492-acae-e1cdc177d126&id=36ea17e5-21b1-40e8-a04d-6a80e6eb73b3 HTTP/1.1" status: 200 len: 1611 time: 0.0304453
2026-05-26 07:07:00.586 8 INFO neutron.api.wsgi [req-50ee945e-c20f-48f8-973c-50bab9e8311f req-464753f0-f174-42af-8419-95bc45bdd339 4abea671090947dca74b0e3db09dbaca 93ccbecc954c43b79f2e6467f122235e - - e3b5e78bc78843418398fe5f07733bc6 e3b5e78bc78843418398fe5f07733bc6] 199.204.45.30 "GET /v2.0/ports?network_id=ac035b72-d6da-4f95-94c5-dd14c6291f49&device_owner=network%3Adhcp HTTP/1.1" status: 200 len: 210 time: 0.0166152
2026-05-26 07:07:00.608 8 INFO neutron.api.wsgi [req-50ee945e-c20f-48f8-973c-50bab9e8311f req-9b88283e-a095-4b05-a103-6d4a6d2bc61d 4abea671090947dca74b0e3db09dbaca 93ccbecc954c43b79f2e6467f122235e - - e3b5e78bc78843418398fe5f07733bc6 e3b5e78bc78843418398fe5f07733bc6] 199.204.45.30 "GET /v2.0/ports?network_id=ac035b72-d6da-4f95-94c5-dd14c6291f49&device_owner=network%3Adhcp HTTP/1.1" status: 200 len: 210 time: 0.0166633
2026-05-26 07:07:00.657 8 INFO neutron.api.wsgi [req-50ee945e-c20f-48f8-973c-50bab9e8311f req-3b379176-c484-413c-aea7-ed20d339dcac 4abea671090947dca74b0e3db09dbaca 93ccbecc954c43b79f2e6467f122235e - - e3b5e78bc78843418398fe5f07733bc6 e3b5e78bc78843418398fe5f07733bc6] 199.204.45.30 "GET /v2.0/networks/ac035b72-d6da-4f95-94c5-dd14c6291f49?fields=segments HTTP/1.1" status: 200 len: 212 time: 0.0428553
2026-05-26 07:07:00.703 8 INFO neutron.api.wsgi [req-50ee945e-c20f-48f8-973c-50bab9e8311f req-9dd0dad4-e333-4adb-9ba3-278ebfd4ae2c 4abea671090947dca74b0e3db09dbaca 93ccbecc954c43b79f2e6467f122235e - - e3b5e78bc78843418398fe5f07733bc6 e3b5e78bc78843418398fe5f07733bc6] 199.204.45.30 "GET /v2.0/networks/ac035b72-d6da-4f95-94c5-dd14c6291f49?fields=provider%3Aphysical_network&fields=provider%3Anetwork_type HTTP/1.1" status: 200 len: 277 time: 0.0413773
2026-05-26 07:07:00.951 9 INFO neutron.db.ovn_revision_numbers_db [None req-3274f448-71c7-40d6-8442-86bb5b64aafe a33934a612704b31b3cafa268b4b222a b46e523687e447cbae672fe87dcd988a - - default default] Successfully bumped revision number for resource 463973b8-0085-488c-af51-5e929bdc2fd3 (type: routers) to 11
2026-05-26 07:07:00.955 9 INFO neutron.api.wsgi [None req-3274f448-71c7-40d6-8442-86bb5b64aafe a33934a612704b31b3cafa268b4b222a b46e523687e447cbae672fe87dcd988a - - default default] 10.0.0.207 "PUT /v2.0/routers/463973b8-0085-488c-af51-5e929bdc2fd3 HTTP/1.1" status: 200 len: 1137 time: 0.7070508
2026-05-26 07:07:01.031 9 INFO neutron.api.wsgi [None req-e5e8ae06-96f1-4479-9211-6503bc58a93d a33934a612704b31b3cafa268b4b222a b46e523687e447cbae672fe87dcd988a - - default default] 10.0.0.207 "GET /v2.0/ports?device_id=463973b8-0085-488c-af51-5e929bdc2fd3 HTTP/1.1" status: 200 len: 1140 time: 0.0690849
2026-05-26 07:07:01.833 9 INFO neutron.api.wsgi [None req-99757379-66b8-4eb9-9d82-08f33bd05982 a33934a612704b31b3cafa268b4b222a b46e523687e447cbae672fe87dcd988a - - default default] 10.0.0.207 "PUT /v2.0/routers/463973b8-0085-488c-af51-5e929bdc2fd3/remove_router_interface HTTP/1.1" status: 200 len: 503 time: 0.7956114
2026-05-26 07:07:02.496 8 INFO neutron.api.wsgi [None req-c06e5c0d-38c4-4f10-87b7-ecdcce73d475 a33934a612704b31b3cafa268b4b222a b46e523687e447cbae672fe87dcd988a - - default default] 10.0.0.207 "DELETE /v2.0/routers/463973b8-0085-488c-af51-5e929bdc2fd3 HTTP/1.1" status: 204 len: 168 time: 0.6578891
2026-05-26 07:07:02.578 8 INFO neutron.api.wsgi [None req-52846d4f-8a5e-430e-9222-d21d459069f6 a33934a612704b31b3cafa268b4b222a b46e523687e447cbae672fe87dcd988a - - default default] 10.0.0.207 "GET /v2.0/routers/2563bfdd-ee96-4fae-9b0c-d03807f9cef4 HTTP/1.1" status: 200 len: 1136 time: 0.0761633 /var/lib/openstack/lib/python3.12/site-packages/pycadf/identifier.py:71: UserWarning: Invalid uuid: neutron. To ensure interoperability, identifiers should be a valid uuid. warnings.warn(('Invalid uuid: %s. To ensure interoperability, '
2026-05-26 07:07:02.811 9 WARNING neutron_lib.context [None req-4643c04c-33c7-4f41-8d44-d40be845ce55 91fff47668a24f6480f8071b6ba9885b ce39ce9d57e54ad4bb3103efd216e29a - - default default] Method 'is_advsvc' is deprecated since 2023.2 release (neutron-lib 3.8.0) and will be removed once support for the old RBAC API policies will be removed from Neutron. Please use method 'is_service_role' instead.
2026-05-26 07:07:02.952 9 INFO neutron.db.ovn_revision_numbers_db [None req-4643c04c-33c7-4f41-8d44-d40be845ce55 91fff47668a24f6480f8071b6ba9885b ce39ce9d57e54ad4bb3103efd216e29a - - default default] Successfully bumped revision number for resource c3e50505-c5b0-48e3-bf1b-4e2d84f39131 (type: security_groups) to 1
2026-05-26 07:07:02.964 9 INFO neutron.db.ovn_revision_numbers_db [None req-4643c04c-33c7-4f41-8d44-d40be845ce55 91fff47668a24f6480f8071b6ba9885b ce39ce9d57e54ad4bb3103efd216e29a - - default default] Successfully bumped revision number for resource 66b14b7d-ef25-4704-b28f-d620774ab659 (type: security_group_rules) to 0
2026-05-26 07:07:02.976 9 INFO neutron.db.ovn_revision_numbers_db [None req-4643c04c-33c7-4f41-8d44-d40be845ce55 91fff47668a24f6480f8071b6ba9885b ce39ce9d57e54ad4bb3103efd216e29a - - default default] Successfully bumped revision number for resource 685d9501-71b0-4fb9-9c87-fa04c91451cc (type: security_group_rules) to 0
2026-05-26 07:07:02.988 9 INFO neutron.db.ovn_revision_numbers_db [None req-4643c04c-33c7-4f41-8d44-d40be845ce55 91fff47668a24f6480f8071b6ba9885b ce39ce9d57e54ad4bb3103efd216e29a - - default default] Successfully bumped revision number for resource d7934124-3357-42c1-913a-56e3fd1e28a1 (type: security_group_rules) to 0
2026-05-26 07:07:03.001 9 INFO neutron.db.ovn_revision_numbers_db [None req-4643c04c-33c7-4f41-8d44-d40be845ce55 91fff47668a24f6480f8071b6ba9885b ce39ce9d57e54ad4bb3103efd216e29a - - default default] Successfully bumped revision number for resource d801a3d5-aea7-4639-82a8-1afed7d36008 (type: security_group_rules) to 0
2026-05-26 07:07:03.063 9 INFO neutron.db.segments_db [None req-4643c04c-33c7-4f41-8d44-d40be845ce55 91fff47668a24f6480f8071b6ba9885b ce39ce9d57e54ad4bb3103efd216e29a - - default default] Added segment 37bee6f3-a50e-4b96-9cba-e70c26992a78 of type geneve for network f661762e-70ab-45cb-a27a-2d24618d5f22
2026-05-26 07:07:03.171 9 INFO neutron.db.ovn_revision_numbers_db [None req-4643c04c-33c7-4f41-8d44-d40be845ce55 91fff47668a24f6480f8071b6ba9885b ce39ce9d57e54ad4bb3103efd216e29a - - default default] Successfully bumped revision number for resource f661762e-70ab-45cb-a27a-2d24618d5f22 (type: networks) to 1
2026-05-26 07:07:03.229 8 INFO neutron.db.ovn_revision_numbers_db [None req-a01d6c45-1697-4f38-890b-aaff25286b63 a33934a612704b31b3cafa268b4b222a b46e523687e447cbae672fe87dcd988a - - default default] Successfully bumped revision number for resource 2563bfdd-ee96-4fae-9b0c-d03807f9cef4 (type: routers) to 5
2026-05-26 07:07:03.235 8 INFO neutron.api.wsgi [None req-a01d6c45-1697-4f38-890b-aaff25286b63 a33934a612704b31b3cafa268b4b222a b46e523687e447cbae672fe87dcd988a - - default default] 10.0.0.207 "PUT /v2.0/routers/2563bfdd-ee96-4fae-9b0c-d03807f9cef4 HTTP/1.1" status: 200 len: 1136 time: 0.6517515
2026-05-26 07:07:03.311 8 INFO neutron.api.wsgi [None req-8a8fc081-2371-4e24-bf73-f264a43513d5 a33934a612704b31b3cafa268b4b222a b46e523687e447cbae672fe87dcd988a - - default default] 10.0.0.207 "GET /v2.0/ports?device_id=2563bfdd-ee96-4fae-9b0c-d03807f9cef4 HTTP/1.1" status: 200 len: 1144 time: 0.0710676
2026-05-26 07:07:03.317 9 WARNING neutron.scheduler.dhcp_agent_scheduler [None req-4643c04c-33c7-4f41-8d44-d40be845ce55 91fff47668a24f6480f8071b6ba9885b ce39ce9d57e54ad4bb3103efd216e29a - - default default] No more DHCP agents
2026-05-26 07:07:03.318 9 WARNING neutron.api.rpc.agentnotifiers.dhcp_rpc_agent_api [None req-4643c04c-33c7-4f41-8d44-d40be845ce55 91fff47668a24f6480f8071b6ba9885b ce39ce9d57e54ad4bb3103efd216e29a - - default default] Unable to schedule network f661762e-70ab-45cb-a27a-2d24618d5f22: no agents available; will retry on subsequent port and subnet creation events.
2026-05-26 07:07:03.367 9 INFO neutron.db.ovn_revision_numbers_db [None req-4643c04c-33c7-4f41-8d44-d40be845ce55 91fff47668a24f6480f8071b6ba9885b ce39ce9d57e54ad4bb3103efd216e29a - - default default] Successfully bumped revision number for resource d6d5f49b-e99f-46f5-8273-2a64878667ab (type: ports) to 1
2026-05-26 07:07:03.384 9 INFO neutron.api.wsgi [None req-4643c04c-33c7-4f41-8d44-d40be845ce55 91fff47668a24f6480f8071b6ba9885b ce39ce9d57e54ad4bb3103efd216e29a - - default default] 10.0.0.207 "POST /v2.0/networks HTTP/1.1" status: 201 len: 831 time: 0.7133915
2026-05-26 07:07:03.393 9 WARNING neutron_lib.context [None req-b433ed52-6c43-4e4a-a2b1-faa8863e732d 91fff47668a24f6480f8071b6ba9885b ce39ce9d57e54ad4bb3103efd216e29a - - default default] Method 'is_advsvc' is deprecated since 2023.2 release (neutron-lib 3.8.0) and will be removed once support for the old RBAC API policies will be removed from Neutron. Please use method 'is_service_role' instead.
2026-05-26 07:07:03.465 9 INFO neutron.db.segments_db [None req-b433ed52-6c43-4e4a-a2b1-faa8863e732d 91fff47668a24f6480f8071b6ba9885b ce39ce9d57e54ad4bb3103efd216e29a - - default default] Added segment 0969dfdc-9db6-452d-8112-8593a9177684 of type geneve for network a18c042e-756f-4563-b321-f0cc8b404bad
2026-05-26 07:07:03.595 9 INFO neutron.db.ovn_revision_numbers_db [None req-b433ed52-6c43-4e4a-a2b1-faa8863e732d 91fff47668a24f6480f8071b6ba9885b ce39ce9d57e54ad4bb3103efd216e29a - - default default] Successfully bumped revision number for resource a18c042e-756f-4563-b321-f0cc8b404bad (type: networks) to 1
2026-05-26 07:07:03.752 9 WARNING neutron.scheduler.dhcp_agent_scheduler [None req-b433ed52-6c43-4e4a-a2b1-faa8863e732d 91fff47668a24f6480f8071b6ba9885b ce39ce9d57e54ad4bb3103efd216e29a - - default default] No more DHCP agents
2026-05-26 07:07:03.753 9 WARNING neutron.api.rpc.agentnotifiers.dhcp_rpc_agent_api [None req-b433ed52-6c43-4e4a-a2b1-faa8863e732d 91fff47668a24f6480f8071b6ba9885b ce39ce9d57e54ad4bb3103efd216e29a - - default default] Unable to schedule network a18c042e-756f-4563-b321-f0cc8b404bad: no agents available; will retry on subsequent port and subnet creation events.
2026-05-26 07:07:03.820 9 INFO neutron.db.ovn_revision_numbers_db [None req-b433ed52-6c43-4e4a-a2b1-faa8863e732d 91fff47668a24f6480f8071b6ba9885b ce39ce9d57e54ad4bb3103efd216e29a - - default default] Successfully bumped revision number for resource b3d4bb8e-f5d2-4b54-ad8d-5e67ee1ee183 (type: ports) to 1
2026-05-26 07:07:03.840 9 INFO neutron.api.wsgi [None req-b433ed52-6c43-4e4a-a2b1-faa8863e732d 91fff47668a24f6480f8071b6ba9885b ce39ce9d57e54ad4bb3103efd216e29a - - default default] 10.0.0.207 "POST /v2.0/networks HTTP/1.1" status: 201 len: 830 time: 0.4512362
2026-05-26 07:07:03.892 9 INFO neutron.api.wsgi [None req-33b2b3ef-8b2d-42fa-804a-87eaf8d3a96f 91fff47668a24f6480f8071b6ba9885b ce39ce9d57e54ad4bb3103efd216e29a - - default default] 10.0.0.207 "PUT /v2.0/networks/f661762e-70ab-45cb-a27a-2d24618d5f22/tags HTTP/1.1" status: 200 len: 218 time: 0.0439699
2026-05-26 07:07:03.931 9 INFO neutron.api.wsgi [None req-6fea3cd7-8db9-4d20-81fc-372f346da505 91fff47668a24f6480f8071b6ba9885b ce39ce9d57e54ad4bb3103efd216e29a - - default default] 10.0.0.207 "GET /v2.0/networks/f661762e-70ab-45cb-a27a-2d24618d5f22/tags HTTP/1.1" status: 200 len: 218 time: 0.0294292
2026-05-26 07:07:03.972 9 INFO neutron.api.wsgi [None req-a884f6a8-f1ee-4d65-9a74-f0e6e8291901 91fff47668a24f6480f8071b6ba9885b ce39ce9d57e54ad4bb3103efd216e29a - - default default] 10.0.0.207 "PUT /v2.0/networks/a18c042e-756f-4563-b321-f0cc8b404bad/tags HTTP/1.1" status: 200 len: 210 time: 0.0361171
2026-05-26 07:07:04.020 9 INFO neutron.api.wsgi [None req-98e84743-7bb5-4cd0-82c0-624da5166e8a 91fff47668a24f6480f8071b6ba9885b ce39ce9d57e54ad4bb3103efd216e29a - - default default] 10.0.0.207 "GET /v2.0/networks/a18c042e-756f-4563-b321-f0cc8b404bad/tags HTTP/1.1" status: 200 len: 210 time: 0.0425758
2026-05-26 07:07:04.062 9 INFO neutron.api.wsgi [None req-40a624c3-2e5c-4d6b-8e70-a5607853b9c2 91fff47668a24f6480f8071b6ba9885b ce39ce9d57e54ad4bb3103efd216e29a - - default default] 10.0.0.207 "PUT /v2.0/networks/a18c042e-756f-4563-b321-f0cc8b404bad/tags HTTP/1.1" status: 200 len: 205 time: 0.0365238
2026-05-26 07:07:04.094 9 INFO neutron.api.wsgi [None req-5e209070-c645-44f7-8ca3-0fdbfcaa4d47 91fff47668a24f6480f8071b6ba9885b ce39ce9d57e54ad4bb3103efd216e29a - - default default] 10.0.0.207 "GET /v2.0/networks/a18c042e-756f-4563-b321-f0cc8b404bad/tags HTTP/1.1" status: 200 len: 205 time: 0.0268807
2026-05-26 07:07:04.127 8 INFO neutron.api.wsgi [None req-17e0505b-6920-4961-ba42-e3b62a2417fb a33934a612704b31b3cafa268b4b222a b46e523687e447cbae672fe87dcd988a - - default default] 10.0.0.207 "PUT /v2.0/routers/2563bfdd-ee96-4fae-9b0c-d03807f9cef4/remove_router_interface HTTP/1.1" status: 200 len: 503 time: 0.8112960
2026-05-26 07:07:04.132 9 INFO neutron.api.wsgi [None req-90ae4669-73cb-47f0-b033-ea503c5fe5bf 91fff47668a24f6480f8071b6ba9885b ce39ce9d57e54ad4bb3103efd216e29a - - default default] 10.0.0.207 "GET /v2.0/networks/f661762e-70ab-45cb-a27a-2d24618d5f22/tags HTTP/1.1" status: 200 len: 218 time: 0.0336144 /var/lib/openstack/lib/python3.12/site-packages/pycadf/identifier.py:71: UserWarning: Invalid uuid: neutron. To ensure interoperability, identifiers should be a valid uuid. warnings.warn(('Invalid uuid: %s. To ensure interoperability, '
2026-05-26 07:07:04.402 8 INFO neutron.api.wsgi [req-89b773b4-e569-4456-9903-d0789039c908 req-54dc052b-102a-48aa-80a2-98d54b42ec72 4abea671090947dca74b0e3db09dbaca 93ccbecc954c43b79f2e6467f122235e - - e3b5e78bc78843418398fe5f07733bc6 e3b5e78bc78843418398fe5f07733bc6] 10.0.0.132 "GET /v2.0/ports?device_id=a9847579-03e2-4df8-b3ff-5117a6b34f4f HTTP/1.1" status: 200 len: 1638 time: 0.0413046
2026-05-26 07:07:04.447 8 INFO neutron.api.wsgi [req-89b773b4-e569-4456-9903-d0789039c908 req-5501ffdd-dab4-4d96-994e-a007959f25e2 4abea671090947dca74b0e3db09dbaca 93ccbecc954c43b79f2e6467f122235e - - e3b5e78bc78843418398fe5f07733bc6 e3b5e78bc78843418398fe5f07733bc6] 10.0.0.132 "GET /v2.0/security-groups?id=b4ea91a2-2e63-4230-81ff-a49a5ecc90a6&fields=id&fields=name HTTP/1.1" status: 200 len: 310 time: 0.0385079
2026-05-26 07:07:04.527 8 INFO neutron.services.segments.plugin [-] Segment 37bee6f3-a50e-4b96-9cba-e70c26992a78 resource provider aggregate not found
2026-05-26 07:07:04.530 8 INFO neutron.services.segments.plugin [-] Segment 37bee6f3-a50e-4b96-9cba-e70c26992a78 resource provider aggregate not found
2026-05-26 07:07:04.535 9 WARNING neutron_lib.context [None req-2a5c219c-5bea-4142-86fa-3ff051c0690c 70783fe23e404d90b59a91f2a0c42891 0c0809561c444ee3af6619446a7b2e43 - - default default] Method 'is_advsvc' is deprecated since 2023.2 release (neutron-lib 3.8.0) and will be removed once support for the old RBAC API policies will be removed from Neutron. Please use method 'is_service_role' instead.
2026-05-26 07:07:04.538 8 INFO neutron.services.segments.plugin [-] Segment 37bee6f3-a50e-4b96-9cba-e70c26992a78 resource provider not found; error: Placement Client Error (4xx): {"errors": [{"status": 404, "title": "Not Found", "detail": "The resource could not be found.\n\n No resource provider with uuid 37bee6f3-a50e-4b96-9cba-e70c26992a78 found for delete ", "request_id": "req-e73c8710-5f38-489b-96d8-900e579bee09"}]}
2026-05-26 07:07:04.542 8 INFO neutron.services.segments.plugin [-] Segment 37bee6f3-a50e-4b96-9cba-e70c26992a78 resource provider not found; error: Placement Client Error (4xx): {"errors": [{"status": 404, "title": "Not Found", "detail": "The resource could not be found.\n\n No resource provider with uuid 37bee6f3-a50e-4b96-9cba-e70c26992a78 found for delete ", "request_id": "req-4ca7b2c1-9b4c-4fe0-afb7-f13de52f1910"}]}
2026-05-26 07:07:04.557 8 INFO neutron.api.wsgi [None req-4376380d-d4d3-4af9-aad8-c7c29e729a6d 91fff47668a24f6480f8071b6ba9885b ce39ce9d57e54ad4bb3103efd216e29a - - default default] 10.0.0.207 "DELETE /v2.0/networks/f661762e-70ab-45cb-a27a-2d24618d5f22 HTTP/1.1" status: 204 len: 168 time: 0.4017284
2026-05-26 07:07:04.694 9 INFO neutron.db.ovn_revision_numbers_db [None req-2a5c219c-5bea-4142-86fa-3ff051c0690c 70783fe23e404d90b59a91f2a0c42891 0c0809561c444ee3af6619446a7b2e43 - - default default] Successfully bumped revision number for resource dbad813a-9a04-4cc2-8430-dd802dda1b6d (type: security_groups) to 1
2026-05-26 07:07:04.712 9 INFO neutron.db.ovn_revision_numbers_db [None req-2a5c219c-5bea-4142-86fa-3ff051c0690c 70783fe23e404d90b59a91f2a0c42891 0c0809561c444ee3af6619446a7b2e43 - - default default] Successfully bumped revision number for resource 1cc5964e-7f9a-41ae-848b-b962029d67fc (type: security_group_rules) to 0
2026-05-26 07:07:04.749 9 INFO neutron.db.ovn_revision_numbers_db [None req-2a5c219c-5bea-4142-86fa-3ff051c0690c 70783fe23e404d90b59a91f2a0c42891 0c0809561c444ee3af6619446a7b2e43 - - default default] Successfully bumped revision number for resource b35d2e40-ae53-4d1f-9e39-54b2ab75d7e2 (type: security_group_rules) to 0
2026-05-26 07:07:04.782 9 INFO neutron.db.ovn_revision_numbers_db [None req-2a5c219c-5bea-4142-86fa-3ff051c0690c 70783fe23e404d90b59a91f2a0c42891 0c0809561c444ee3af6619446a7b2e43 - - default default] Successfully bumped revision number for resource c8b06ad0-6cfc-45bb-a7e6-793c887f8112 (type: security_group_rules) to 0
2026-05-26 07:07:04.805 9 INFO neutron.db.ovn_revision_numbers_db [None req-2a5c219c-5bea-4142-86fa-3ff051c0690c 70783fe23e404d90b59a91f2a0c42891 0c0809561c444ee3af6619446a7b2e43 - - default default] Successfully bumped revision number for resource d82490b8-362a-4411-87c0-a586ceb84b66 (type: security_group_rules) to 0
2026-05-26 07:07:04.814 8 INFO neutron.api.wsgi [req-1057a9b4-bfb6-4692-94be-67764024839f req-f1abb257-ba9e-4f1d-863a-27d031a7bfc0 5cc28ca88589484ebeb3a1edd6cfa991 ef27d32609024d7db4196a6426b0fe1e - - default default] 199.204.45.30 "GET /v2.0/networks?id=adcd054f-9326-4b64-9535-f02b3e755220 HTTP/1.1" status: 200 len: 902 time: 0.0511217
2026-05-26 07:07:04.857 8 INFO neutron.api.wsgi [req-1057a9b4-bfb6-4692-94be-67764024839f req-f1f98394-0cf9-4d35-a86d-3698bf6b95db 5cc28ca88589484ebeb3a1edd6cfa991 ef27d32609024d7db4196a6426b0fe1e - - default default] 199.204.45.30 "GET /v2.0/security-groups?fields=id&fields=name&tenant_id=ef27d32609024d7db4196a6426b0fe1e HTTP/1.1" status: 200 len: 377 time: 0.0367708
2026-05-26 07:07:04.867 8 WARNING neutron_lib.context [req-1057a9b4-bfb6-4692-94be-67764024839f req-52fec157-7476-48b6-8617-861be4580353 5cc28ca88589484ebeb3a1edd6cfa991 ef27d32609024d7db4196a6426b0fe1e - - default default] Method 'is_advsvc' is deprecated since 2023.2 release (neutron-lib 3.8.0) and will be removed once support for the old RBAC API policies will be removed from Neutron. Please use method 'is_service_role' instead.
2026-05-26 07:07:04.880 9 INFO neutron.api.wsgi [None req-e9b10d32-0d0a-490f-98ea-dc801a55212c a33934a612704b31b3cafa268b4b222a b46e523687e447cbae672fe87dcd988a - - default default] 10.0.0.207 "DELETE /v2.0/routers/2563bfdd-ee96-4fae-9b0c-d03807f9cef4 HTTP/1.1" status: 204 len: 168 time: 0.7458265
2026-05-26 07:07:04.915 9 INFO neutron.db.segments_db [None req-2a5c219c-5bea-4142-86fa-3ff051c0690c 70783fe23e404d90b59a91f2a0c42891 0c0809561c444ee3af6619446a7b2e43 - - default default] Added segment 8491d822-fa32-4662-a79a-471b187fe6f5 of type geneve for network d1e9ad24-6212-4e42-9bcb-32dc9bd12d28
2026-05-26 07:07:04.942 8 INFO neutron.api.wsgi [None req-ae9001be-5421-4681-b84d-613ad0d7a54b 91fff47668a24f6480f8071b6ba9885b ce39ce9d57e54ad4bb3103efd216e29a - - default default] 10.0.0.207 "DELETE /v2.0/networks/a18c042e-756f-4563-b321-f0cc8b404bad HTTP/1.1" status: 204 len: 168 time: 0.3769331
2026-05-26 07:07:04.961 9 INFO neutron.api.wsgi [None req-5500fb74-de9c-4d75-aa98-dbb9db511827 a33934a612704b31b3cafa268b4b222a b46e523687e447cbae672fe87dcd988a - - default default] 10.0.0.207 "GET /v2.0/routers/b687d913-b581-4a4a-9522-fcadca3d2286 HTTP/1.1" status: 200 len: 1137 time: 0.0713151
2026-05-26 07:07:05.043 9 INFO neutron.db.ovn_revision_numbers_db [None req-2a5c219c-5bea-4142-86fa-3ff051c0690c 70783fe23e404d90b59a91f2a0c42891 0c0809561c444ee3af6619446a7b2e43 - - default default] Successfully bumped revision number for resource d1e9ad24-6212-4e42-9bcb-32dc9bd12d28 (type: networks) to 1
2026-05-26 07:07:05.194 9 WARNING neutron.scheduler.dhcp_agent_scheduler [None req-2a5c219c-5bea-4142-86fa-3ff051c0690c 70783fe23e404d90b59a91f2a0c42891 0c0809561c444ee3af6619446a7b2e43 - - default default] No more DHCP agents
2026-05-26 07:07:05.196 9 WARNING neutron.api.rpc.agentnotifiers.dhcp_rpc_agent_api [None req-2a5c219c-5bea-4142-86fa-3ff051c0690c 70783fe23e404d90b59a91f2a0c42891 0c0809561c444ee3af6619446a7b2e43 - - default default] Unable to schedule network d1e9ad24-6212-4e42-9bcb-32dc9bd12d28: no agents available; will retry on subsequent port and subnet creation events.
2026-05-26 07:07:05.246 8 WARNING neutron.scheduler.dhcp_agent_scheduler [req-1057a9b4-bfb6-4692-94be-67764024839f req-52fec157-7476-48b6-8617-861be4580353 5cc28ca88589484ebeb3a1edd6cfa991 ef27d32609024d7db4196a6426b0fe1e - - default default] No more DHCP agents
2026-05-26 07:07:05.248 8 WARNING neutron.api.rpc.agentnotifiers.dhcp_rpc_agent_api [req-1057a9b4-bfb6-4692-94be-67764024839f req-52fec157-7476-48b6-8617-861be4580353 5cc28ca88589484ebeb3a1edd6cfa991 ef27d32609024d7db4196a6426b0fe1e - - default default] Unable to schedule network adcd054f-9326-4b64-9535-f02b3e755220: no agents available; will retry on subsequent port and subnet creation events.
2026-05-26 07:07:05.252 9 INFO neutron.db.ovn_revision_numbers_db [None req-2a5c219c-5bea-4142-86fa-3ff051c0690c 70783fe23e404d90b59a91f2a0c42891 0c0809561c444ee3af6619446a7b2e43 - - default default] Successfully bumped revision number for resource b0b835fc-cb1f-419e-abeb-bce666301077 (type: ports) to 1
2026-05-26 07:07:05.273 9 INFO neutron.api.wsgi [None req-2a5c219c-5bea-4142-86fa-3ff051c0690c 70783fe23e404d90b59a91f2a0c42891 0c0809561c444ee3af6619446a7b2e43 - - default default] 10.0.0.207 "POST /v2.0/networks HTTP/1.1" status: 201 len: 831 time: 0.9068601
2026-05-26 07:07:05.283 9 WARNING neutron_lib.context [None req-57198036-ae7e-44cb-afb2-5cc281b90448 70783fe23e404d90b59a91f2a0c42891 0c0809561c444ee3af6619446a7b2e43 - - default default] Method 'is_advsvc' is deprecated since 2023.2 release (neutron-lib 3.8.0) and will be removed once support for the old RBAC API policies will be removed from Neutron. Please use method 'is_service_role' instead.
2026-05-26 07:07:05.417 8 INFO neutron.db.ovn_revision_numbers_db [req-1057a9b4-bfb6-4692-94be-67764024839f req-52fec157-7476-48b6-8617-861be4580353 5cc28ca88589484ebeb3a1edd6cfa991 ef27d32609024d7db4196a6426b0fe1e - - default default] Successfully bumped revision number for resource bd615e46-c3ef-41ec-9934-954d6202da34 (type: ports) to 1
2026-05-26 07:07:05.454 8 INFO neutron.api.wsgi [req-1057a9b4-bfb6-4692-94be-67764024839f req-52fec157-7476-48b6-8617-861be4580353 5cc28ca88589484ebeb3a1edd6cfa991 ef27d32609024d7db4196a6426b0fe1e - - default default] 199.204.45.30 "POST /v2.0/ports HTTP/1.1" status: 201 len: 1392 time: 0.5921412 /var/lib/openstack/lib/python3.12/site-packages/pycadf/identifier.py:71: UserWarning: Invalid uuid: neutron. To ensure interoperability, identifiers should be a valid uuid. warnings.warn(('Invalid uuid: %s. To ensure interoperability, '
2026-05-26 07:07:05.505 9 WARNING neutron.scheduler.dhcp_agent_scheduler [None req-57198036-ae7e-44cb-afb2-5cc281b90448 70783fe23e404d90b59a91f2a0c42891 0c0809561c444ee3af6619446a7b2e43 - - default default] No more DHCP agents
2026-05-26 07:07:05.506 9 WARNING neutron.api.rpc.agentnotifiers.dhcp_rpc_agent_api [None req-57198036-ae7e-44cb-afb2-5cc281b90448 70783fe23e404d90b59a91f2a0c42891 0c0809561c444ee3af6619446a7b2e43 - - default default] Unable to schedule network d1e9ad24-6212-4e42-9bcb-32dc9bd12d28: no agents available; will retry on subsequent port and subnet creation events.
2026-05-26 07:07:05.574 9 INFO neutron.db.ovn_revision_numbers_db [None req-57198036-ae7e-44cb-afb2-5cc281b90448 70783fe23e404d90b59a91f2a0c42891 0c0809561c444ee3af6619446a7b2e43 - - default default] Successfully bumped revision number for resource aa50829b-f3e9-4063-aaff-dca15a87f768 (type: ports) to 1
2026-05-26 07:07:05.601 9 INFO neutron.api.wsgi [None req-57198036-ae7e-44cb-afb2-5cc281b90448 70783fe23e404d90b59a91f2a0c42891 0c0809561c444ee3af6619446a7b2e43 - - default default] 10.0.0.207 "POST /v2.0/ports HTTP/1.1" status: 201 len: 942 time: 0.3224599 /var/lib/openstack/lib/python3.12/site-packages/pycadf/identifier.py:71: UserWarning: Invalid uuid: neutron. To ensure interoperability, identifiers should be a valid uuid. warnings.warn(('Invalid uuid: %s. To ensure interoperability, '
2026-05-26 07:07:05.614 9 WARNING neutron_lib.context [None req-13378b10-b852-4fba-89e0-9c5dbb92056f 70783fe23e404d90b59a91f2a0c42891 0c0809561c444ee3af6619446a7b2e43 - - default default] Method 'is_advsvc' is deprecated since 2023.2 release (neutron-lib 3.8.0) and will be removed once support for the old RBAC API policies will be removed from Neutron. Please use method 'is_service_role' instead.
2026-05-26 07:07:05.721 8 INFO neutron.api.wsgi [req-bba3c7a9-320b-466e-beb0-7908cfd89d62 req-c46e17ed-58f4-491b-af0e-390ab4428bae 5cc28ca88589484ebeb3a1edd6cfa991 ef27d32609024d7db4196a6426b0fe1e - - default default] 10.0.0.108 "GET /v2.0/ports?device_id=5c9d76bd-1db7-4aea-a02b-a7f61b14a43b HTTP/1.1" status: 200 len: 1390 time: 0.1548381
2026-05-26 07:07:05.773 9 INFO neutron.api.wsgi [None req-de86849e-0195-4d49-8634-3a0eb93a9bc0 e160c8d2e7734e6eaf7cf3c34533c8aa 89a95844525041ccab7632485cc48e4a - - default default] 10.0.0.207 "GET /v2.0/security-groups?tenant_id=ce39ce9d57e54ad4bb3103efd216e29a&name=default HTTP/1.1" status: 200 len: 3124 time: 0.1791739
2026-05-26 07:07:05.787 8 INFO neutron.api.wsgi [req-bba3c7a9-320b-466e-beb0-7908cfd89d62 req-a8024f86-d3fc-4db9-ab67-5a6ebe5c4605 5cc28ca88589484ebeb3a1edd6cfa991 ef27d32609024d7db4196a6426b0fe1e - - default default] 10.0.0.108 "GET /v2.0/security-groups?id=b4ea91a2-2e63-4230-81ff-a49a5ecc90a6&fields=id&fields=name HTTP/1.1" status: 200 len: 310 time: 0.0613158
2026-05-26 07:07:05.813 9 INFO neutron.api.wsgi [None req-13378b10-b852-4fba-89e0-9c5dbb92056f 70783fe23e404d90b59a91f2a0c42891 0c0809561c444ee3af6619446a7b2e43 - - default default] 10.0.0.207 "POST /v2.0/trunks HTTP/1.1" status: 201 len: 608 time: 0.2055519
2026-05-26 07:07:05.833 9 WARNING neutron_lib.context [None req-17c4dc95-7204-4fcb-91a9-7544f815ea22 70783fe23e404d90b59a91f2a0c42891 0c0809561c444ee3af6619446a7b2e43 - - default default] Method 'is_advsvc' is deprecated since 2023.2 release (neutron-lib 3.8.0) and will be removed once support for the old RBAC API policies will be removed from Neutron. Please use method 'is_service_role' instead.
2026-05-26 07:07:05.903 8 INFO neutron.db.ovn_revision_numbers_db [None req-81e99172-ae92-46c3-80c8-e682191ba4bc a33934a612704b31b3cafa268b4b222a b46e523687e447cbae672fe87dcd988a - - default default] Successfully bumped revision number for resource b687d913-b581-4a4a-9522-fcadca3d2286 (type: routers) to 5
2026-05-26 07:07:05.908 8 INFO neutron.api.wsgi [None req-81e99172-ae92-46c3-80c8-e682191ba4bc a33934a612704b31b3cafa268b4b222a b46e523687e447cbae672fe87dcd988a - - default default] 10.0.0.207 "PUT /v2.0/routers/b687d913-b581-4a4a-9522-fcadca3d2286 HTTP/1.1" status: 200 len: 1137 time: 0.9412866 /var/lib/openstack/lib/python3.12/site-packages/pycadf/identifier.py:71: UserWarning: Invalid uuid: neutron. To ensure interoperability, identifiers should be a valid uuid. warnings.warn(('Invalid uuid: %s. To ensure interoperability, '
2026-05-26 07:07:05.920 9 INFO neutron.db.segments_db [None req-17c4dc95-7204-4fcb-91a9-7544f815ea22 70783fe23e404d90b59a91f2a0c42891 0c0809561c444ee3af6619446a7b2e43 - - default default] Added segment f34fd122-a08b-439d-95d8-5568e78bdfac of type geneve for network 3036437f-9382-4da4-9afe-26573475d980
2026-05-26 07:07:06.014 8 INFO neutron.api.wsgi [None req-ef367841-c95d-4176-a786-12b1704d95f2 a33934a612704b31b3cafa268b4b222a b46e523687e447cbae672fe87dcd988a - - default default] 10.0.0.207 "GET /v2.0/ports?device_id=b687d913-b581-4a4a-9522-fcadca3d2286 HTTP/1.1" status: 200 len: 1144 time: 0.1024177
2026-05-26 07:07:06.080 8 INFO neutron.db.ovn_revision_numbers_db [req-1057a9b4-bfb6-4692-94be-67764024839f req-9bfe6e17-9b0b-48ad-8e49-be71c8858063 4abea671090947dca74b0e3db09dbaca 93ccbecc954c43b79f2e6467f122235e - - e3b5e78bc78843418398fe5f07733bc6 e3b5e78bc78843418398fe5f07733bc6] Successfully bumped revision number for resource bd615e46-c3ef-41ec-9934-954d6202da34 (type: ports) to 2
2026-05-26 07:07:06.135 9 INFO neutron.db.ovn_revision_numbers_db [None req-17c4dc95-7204-4fcb-91a9-7544f815ea22 70783fe23e404d90b59a91f2a0c42891 0c0809561c444ee3af6619446a7b2e43 - - default default] Successfully bumped revision number for resource 3036437f-9382-4da4-9afe-26573475d980 (type: networks) to 1
2026-05-26 07:07:06.143 8 INFO neutron.api.wsgi [None req-d90587cf-dcb6-46ea-999e-8e3f55f0b6f1 e160c8d2e7734e6eaf7cf3c34533c8aa 89a95844525041ccab7632485cc48e4a - - default default] 10.0.0.207 "DELETE /v2.0/security-groups/c3e50505-c5b0-48e3-bf1b-4e2d84f39131 HTTP/1.1" status: 204 len: 168 time: 0.3529813 /var/lib/openstack/lib/python3.12/site-packages/pycadf/identifier.py:71: UserWarning: Invalid uuid: neutron. To ensure interoperability, identifiers should be a valid uuid. warnings.warn(('Invalid uuid: %s. To ensure interoperability, '
2026-05-26 07:07:06.310 9 WARNING neutron.scheduler.dhcp_agent_scheduler [None req-17c4dc95-7204-4fcb-91a9-7544f815ea22 70783fe23e404d90b59a91f2a0c42891 0c0809561c444ee3af6619446a7b2e43 - - default default] No more DHCP agents
2026-05-26 07:07:06.311 9 WARNING neutron.api.rpc.agentnotifiers.dhcp_rpc_agent_api [None req-17c4dc95-7204-4fcb-91a9-7544f815ea22 70783fe23e404d90b59a91f2a0c42891 0c0809561c444ee3af6619446a7b2e43 - - default default] Unable to schedule network 3036437f-9382-4da4-9afe-26573475d980: no agents available; will retry on subsequent port and subnet creation events.
2026-05-26 07:07:06.340 8 INFO neutron.db.ovn_revision_numbers_db [req-1057a9b4-bfb6-4692-94be-67764024839f req-9bfe6e17-9b0b-48ad-8e49-be71c8858063 4abea671090947dca74b0e3db09dbaca 93ccbecc954c43b79f2e6467f122235e - - e3b5e78bc78843418398fe5f07733bc6 e3b5e78bc78843418398fe5f07733bc6] Successfully bumped revision number for resource bd615e46-c3ef-41ec-9934-954d6202da34 (type: ports) to 4
2026-05-26 07:07:06.364 8 INFO neutron.api.wsgi [req-1057a9b4-bfb6-4692-94be-67764024839f req-9bfe6e17-9b0b-48ad-8e49-be71c8858063 4abea671090947dca74b0e3db09dbaca 93ccbecc954c43b79f2e6467f122235e - - e3b5e78bc78843418398fe5f07733bc6 e3b5e78bc78843418398fe5f07733bc6] 199.204.45.30 "PUT /v2.0/ports/bd615e46-c3ef-41ec-9934-954d6202da34 HTTP/1.1" status: 200 len: 1637 time: 0.9052045
2026-05-26 07:07:06.369 8 INFO neutron.db.ovn_revision_numbers_db [None req-543ee52b-8201-48db-b60a-bceee7eb8b65 e160c8d2e7734e6eaf7cf3c34533c8aa 89a95844525041ccab7632485cc48e4a - - default default] Successfully bumped revision number for resource ffd17403-986e-477d-84e7-9e6b68cc0df2 (type: security_groups) to 1
2026-05-26 07:07:06.380 8 INFO neutron.db.ovn_revision_numbers_db [None req-543ee52b-8201-48db-b60a-bceee7eb8b65 e160c8d2e7734e6eaf7cf3c34533c8aa 89a95844525041ccab7632485cc48e4a - - default default] Successfully bumped revision number for resource 0ec345e7-e5c5-4c47-a12b-9cd763f6e978 (type: security_group_rules) to 0
2026-05-26 07:07:06.383 9 INFO neutron.db.ovn_revision_numbers_db [None req-17c4dc95-7204-4fcb-91a9-7544f815ea22 70783fe23e404d90b59a91f2a0c42891 0c0809561c444ee3af6619446a7b2e43 - - default default] Successfully bumped revision number for resource 03dfc7a8-10df-413a-b767-fb8e4a236895 (type: ports) to 1
2026-05-26 07:07:06.390 8 INFO neutron.db.ovn_revision_numbers_db [None req-543ee52b-8201-48db-b60a-bceee7eb8b65 e160c8d2e7734e6eaf7cf3c34533c8aa 89a95844525041ccab7632485cc48e4a - - default default] Successfully bumped revision number for resource 31ad25c1-bc55-4302-bbac-6872ac309b40 (type: security_group_rules) to 0
2026-05-26 07:07:06.401 8 INFO neutron.db.ovn_revision_numbers_db [None req-543ee52b-8201-48db-b60a-bceee7eb8b65 e160c8d2e7734e6eaf7cf3c34533c8aa 89a95844525041ccab7632485cc48e4a - - default default] Successfully bumped revision number for resource 7e75e43c-422c-4a29-9004-74647b91a7c6 (type: security_group_rules) to 0
