2026-06-02 22:42:47.750 8 INFO placement.requestlog [None req-a93fad54-99d1-4059-a081-cd6dcbc71a6a 11b15c30169f48439e7598cdac8d2fca 7334dce2598b4df583fe649cf13ae46a - - 7654b6ead834420283d6e937b868a378 7654b6ead834420283d6e937b868a378] 10.0.0.172 "GET /resource_providers/88558594-4679-4274-aa56-62e76ab312a7/aggregates" status: 404 len: 235 microversion: 1.1 [pid: 8|app: 0|req: 385/770] 10.0.0.172 () {32 vars in 816 bytes} [Tue Jun 2 22:42:47 2026] GET /resource_providers/88558594-4679-4274-aa56-62e76ab312a7/aggregates => generated 235 bytes in 12 msecs (HTTP/1.1 404) 5 headers in 202 bytes (1 switches on core 0)
2026-06-02 22:42:47.771 7 INFO placement.requestlog [None req-70d28906-5fe5-4718-84ac-db64d7eed5d5 11b15c30169f48439e7598cdac8d2fca 7334dce2598b4df583fe649cf13ae46a - - 7654b6ead834420283d6e937b868a378 7654b6ead834420283d6e937b868a378] 10.0.0.172 "DELETE /resource_providers/88558594-4679-4274-aa56-62e76ab312a7" status: 404 len: 246 microversion: 1.1 [pid: 7|app: 0|req: 386/771] 10.0.0.172 () {34 vars in 816 bytes} [Tue Jun 2 22:42:47 2026] DELETE /resource_providers/88558594-4679-4274-aa56-62e76ab312a7 => generated 246 bytes in 10 msecs (HTTP/1.1 404) 6 headers in 231 bytes (1 switches on core 0)
2026-06-02 22:42:47.776 8 INFO placement.requestlog [None req-86cd6b95-5ac8-4786-ac21-515f6caaba65 11b15c30169f48439e7598cdac8d2fca 7334dce2598b4df583fe649cf13ae46a - - 7654b6ead834420283d6e937b868a378 7654b6ead834420283d6e937b868a378] 10.0.0.172 "DELETE /resource_providers/88558594-4679-4274-aa56-62e76ab312a7" status: 404 len: 246 microversion: 1.1 [pid: 8|app: 0|req: 386/772] 10.0.0.172 () {34 vars in 816 bytes} [Tue Jun 2 22:42:47 2026] DELETE /resource_providers/88558594-4679-4274-aa56-62e76ab312a7 => generated 246 bytes in 14 msecs (HTTP/1.1 404) 6 headers in 231 bytes (1 switches on core 0)
2026-06-02 22:42:48.694 7 INFO placement.requestlog [None req-5c969a9c-99e2-4cc8-ba54-7403ea22a86c - - - - - -] 10.0.0.206 "GET /" status: 200 len: 136 microversion: 1.0
2026-06-02 22:42:48.695 8 INFO placement.requestlog [None req-821dfb94-7e3f-4192-8f73-4eef0c85e349 - - - - - -] 10.0.0.206 "GET /" status: 200 len: 136 microversion: 1.0
2026-06-02 22:42:55.121 7 INFO placement.requestlog [req-5bb093e8-b04a-4100-99fd-20e9f0ab7645 req-b38cd477-0bf9-48de-bc10-dd7b52338d82 793a38b6b2404a0ea2db5eca508a34c9 7334dce2598b4df583fe649cf13ae46a - - 7654b6ead834420283d6e937b868a378 7654b6ead834420283d6e937b868a378] 199.204.45.246 "GET /resource_providers/8b8ecb60-5028-4316-8eee-365d5af49115/allocations" status: 200 len: 152 microversion: 1.0 [pid: 7|app: 0|req: 388/775] 199.204.45.246 () {32 vars in 857 bytes} [Tue Jun 2 22:42:55 2026] GET /resource_providers/8b8ecb60-5028-4316-8eee-365d5af49115/allocations => generated 152 bytes in 18 msecs (HTTP/1.1 200) 6 headers in 224 bytes (1 switches on core 0)
2026-06-02 22:42:55.145 8 INFO placement.requestlog [req-5bb093e8-b04a-4100-99fd-20e9f0ab7645 req-dec0f993-01ae-4422-96ea-c3072dac2315 793a38b6b2404a0ea2db5eca508a34c9 7334dce2598b4df583fe649cf13ae46a - - 7654b6ead834420283d6e937b868a378 7654b6ead834420283d6e937b868a378] 199.204.45.246 "GET /allocations/926a9271-c364-4017-947e-d2eed47e609e" status: 200 len: 257 microversion: 1.28 [pid: 8|app: 0|req: 388/776] 199.204.45.246 () {34 vars in 863 bytes} [Tue Jun 2 22:42:55 2026] GET /allocations/926a9271-c364-4017-947e-d2eed47e609e => generated 257 bytes in 17 msecs (HTTP/1.1 200) 8 headers in 296 bytes (1 switches on core 0)
2026-06-02 22:42:56.204 7 INFO placement.requestlog [req-5bb093e8-b04a-4100-99fd-20e9f0ab7645 req-9c8c05a9-1c73-4029-90ef-40839b6ada04 793a38b6b2404a0ea2db5eca508a34c9 7334dce2598b4df583fe649cf13ae46a - - 7654b6ead834420283d6e937b868a378 7654b6ead834420283d6e937b868a378] 199.204.45.246 "DELETE /allocations/926a9271-c364-4017-947e-d2eed47e609e" status: 204 len: 0 microversion: 1.0 [pid: 7|app: 0|req: 389/777] 199.204.45.246 () {34 vars in 841 bytes} [Tue Jun 2 22:42:56 2026] DELETE /allocations/926a9271-c364-4017-947e-d2eed47e609e => generated 0 bytes in 27 msecs (HTTP/1.1 204) 5 headers in 198 bytes (1 switches on core 0)
2026-06-02 22:42:58.693 7 INFO placement.requestlog [None req-6f05987e-4bb9-49c5-b89f-15ea514cebd5 - - - - - -] 10.0.0.206 "GET /" status: 200 len: 136 microversion: 1.0
2026-06-02 22:42:58.693 8 INFO placement.requestlog [None req-0318c680-b06d-4e09-a877-0e3d50b82cf4 - - - - - -] 10.0.0.206 "GET /" status: 200 len: 136 microversion: 1.0
2026-06-02 22:43:00.431 8 INFO placement.requestlog [None req-b88afff7-85e7-413d-b4c4-865de9ab9198 11b15c30169f48439e7598cdac8d2fca 7334dce2598b4df583fe649cf13ae46a - - 7654b6ead834420283d6e937b868a378 7654b6ead834420283d6e937b868a378] 10.0.0.172 "GET /resource_providers/5fc17fc4-b2de-4491-9661-24a9653f849d/aggregates" status: 404 len: 235 microversion: 1.1 [pid: 8|app: 0|req: 390/780] 10.0.0.172 () {32 vars in 816 bytes} [Tue Jun 2 22:43:00 2026] GET /resource_providers/5fc17fc4-b2de-4491-9661-24a9653f849d/aggregates => generated 235 bytes in 12 msecs (HTTP/1.1 404) 5 headers in 202 bytes (1 switches on core 0)
2026-06-02 22:43:00.433 7 INFO placement.requestlog [None req-d6a0a851-45e5-4ecb-bbf3-55d4bf2a928c 11b15c30169f48439e7598cdac8d2fca 7334dce2598b4df583fe649cf13ae46a - - 7654b6ead834420283d6e937b868a378 7654b6ead834420283d6e937b868a378] 10.0.0.172 "GET /resource_providers/5fc17fc4-b2de-4491-9661-24a9653f849d/aggregates" status: 404 len: 235 microversion: 1.1 [pid: 7|app: 0|req: 391/781] 10.0.0.172 () {32 vars in 816 bytes} [Tue Jun 2 22:43:00 2026] GET /resource_providers/5fc17fc4-b2de-4491-9661-24a9653f849d/aggregates => generated 235 bytes in 11 msecs (HTTP/1.1 404) 5 headers in 202 bytes (1 switches on core 0)
2026-06-02 22:43:00.451 8 INFO placement.requestlog [None req-bc142432-169a-4d33-b66a-27e2fea029f9 11b15c30169f48439e7598cdac8d2fca 7334dce2598b4df583fe649cf13ae46a - - 7654b6ead834420283d6e937b868a378 7654b6ead834420283d6e937b868a378] 10.0.0.172 "DELETE /resource_providers/5fc17fc4-b2de-4491-9661-24a9653f849d" status: 404 len: 246 microversion: 1.1 [pid: 8|app: 0|req: 391/782] 10.0.0.172 () {34 vars in 816 bytes} [Tue Jun 2 22:43:00 2026] DELETE /resource_providers/5fc17fc4-b2de-4491-9661-24a9653f849d => generated 246 bytes in 10 msecs (HTTP/1.1 404) 6 headers in 231 bytes (1 switches on core 0)
2026-06-02 22:43:00.463 7 INFO placement.requestlog [None req-d3d27fee-4944-4bb9-acb1-4828a9f921d0 11b15c30169f48439e7598cdac8d2fca 7334dce2598b4df583fe649cf13ae46a - - 7654b6ead834420283d6e937b868a378 7654b6ead834420283d6e937b868a378] 10.0.0.172 "DELETE /resource_providers/5fc17fc4-b2de-4491-9661-24a9653f849d" status: 404 len: 246 microversion: 1.1 [pid: 7|app: 0|req: 392/783] 10.0.0.172 () {34 vars in 816 bytes} [Tue Jun 2 22:43:00 2026] DELETE /resource_providers/5fc17fc4-b2de-4491-9661-24a9653f849d => generated 246 bytes in 13 msecs (HTTP/1.1 404) 6 headers in 231 bytes (1 switches on core 0)
2026-06-02 22:43:06.913 8 INFO placement.requestlog [req-5528ae60-1d37-4074-8e48-ac6805ffef5f req-4dac15cf-4c1d-4586-aa84-d69366f73a12 793a38b6b2404a0ea2db5eca508a34c9 7334dce2598b4df583fe649cf13ae46a - - 7654b6ead834420283d6e937b868a378 7654b6ead834420283d6e937b868a378] 199.204.45.246 "GET /resource_providers/8b8ecb60-5028-4316-8eee-365d5af49115/allocations" status: 200 len: 54 microversion: 1.0 [pid: 8|app: 0|req: 392/784] 199.204.45.246 () {32 vars in 857 bytes} [Tue Jun 2 22:43:06 2026] GET /resource_providers/8b8ecb60-5028-4316-8eee-365d5af49115/allocations => generated 54 bytes in 15 msecs (HTTP/1.1 200) 6 headers in 223 bytes (1 switches on core 0)
2026-06-02 22:43:06.932 7 INFO placement.requestlog [req-5528ae60-1d37-4074-8e48-ac6805ffef5f req-9b3d3b22-ddec-4480-a382-8291ed892e61 793a38b6b2404a0ea2db5eca508a34c9 7334dce2598b4df583fe649cf13ae46a - - 7654b6ead834420283d6e937b868a378 7654b6ead834420283d6e937b868a378] 199.204.45.246 "GET /resource_providers/8b8ecb60-5028-4316-8eee-365d5af49115/allocations" status: 200 len: 54 microversion: 1.0 [pid: 7|app: 0|req: 393/785] 199.204.45.246 () {32 vars in 857 bytes} [Tue Jun 2 22:43:06 2026] GET /resource_providers/8b8ecb60-5028-4316-8eee-365d5af49115/allocations => generated 54 bytes in 12 msecs (HTTP/1.1 200) 6 headers in 223 bytes (1 switches on core 0)
2026-06-02 22:43:06.942 7 INFO placement.requestlog [None req-f486461d-c038-44ba-86a7-60dc0ef6ba13 11b15c30169f48439e7598cdac8d2fca 7334dce2598b4df583fe649cf13ae46a - - 7654b6ead834420283d6e937b868a378 7654b6ead834420283d6e937b868a378] 10.0.0.172 "GET /resource_providers/5698d031-637b-4291-bcc8-3fda28f7aa16/aggregates" status: 404 len: 235 microversion: 1.1 [pid: 7|app: 0|req: 394/786] 10.0.0.172 () {32 vars in 816 bytes} [Tue Jun 2 22:43:06 2026] GET /resource_providers/5698d031-637b-4291-bcc8-3fda28f7aa16/aggregates => generated 235 bytes in 8 msecs (HTTP/1.1 404) 5 headers in 202 bytes (1 switches on core 0)
2026-06-02 22:43:06.944 8 INFO placement.requestlog [None req-a97b7b84-e1d3-4f12-bfde-e5f00cffa04d 11b15c30169f48439e7598cdac8d2fca 7334dce2598b4df583fe649cf13ae46a - - 7654b6ead834420283d6e937b868a378 7654b6ead834420283d6e937b868a378] 10.0.0.172 "GET /resource_providers/5698d031-637b-4291-bcc8-3fda28f7aa16/aggregates" status: 404 len: 235 microversion: 1.1 [pid: 8|app: 0|req: 393/787] 10.0.0.172 () {32 vars in 816 bytes} [Tue Jun 2 22:43:06 2026] GET /resource_providers/5698d031-637b-4291-bcc8-3fda28f7aa16/aggregates => generated 235 bytes in 10 msecs (HTTP/1.1 404) 5 headers in 202 bytes (1 switches on core 0)
2026-06-02 22:43:06.968 8 INFO placement.requestlog [None req-0b57b8f0-4bcb-4c11-8c92-a9687333c273 11b15c30169f48439e7598cdac8d2fca 7334dce2598b4df583fe649cf13ae46a - - 7654b6ead834420283d6e937b868a378 7654b6ead834420283d6e937b868a378] 10.0.0.172 "DELETE /resource_providers/5698d031-637b-4291-bcc8-3fda28f7aa16" status: 404 len: 246 microversion: 1.1 [pid: 8|app: 0|req: 394/788] 10.0.0.172 () {34 vars in 816 bytes} [Tue Jun 2 22:43:06 2026] DELETE /resource_providers/5698d031-637b-4291-bcc8-3fda28f7aa16 => generated 246 bytes in 7 msecs (HTTP/1.1 404) 6 headers in 231 bytes (1 switches on core 0)
2026-06-02 22:43:06.970 7 INFO placement.requestlog [None req-7b0b5339-cd1d-42d0-a014-f85cbeb7bb6c 11b15c30169f48439e7598cdac8d2fca 7334dce2598b4df583fe649cf13ae46a - - 7654b6ead834420283d6e937b868a378 7654b6ead834420283d6e937b868a378] 10.0.0.172 "DELETE /resource_providers/5698d031-637b-4291-bcc8-3fda28f7aa16" status: 404 len: 246 microversion: 1.1 [pid: 7|app: 0|req: 395/789] 10.0.0.172 () {34 vars in 816 bytes} [Tue Jun 2 22:43:06 2026] DELETE /resource_providers/5698d031-637b-4291-bcc8-3fda28f7aa16 => generated 246 bytes in 13 msecs (HTTP/1.1 404) 6 headers in 231 bytes (1 switches on core 0)
2026-06-02 22:43:08.693 7 INFO placement.requestlog [None req-8d524d7f-6d00-4b50-b2d1-cc9e25886cc5 - - - - - -] 10.0.0.206 "GET /" status: 200 len: 136 microversion: 1.0
2026-06-02 22:43:08.693 8 INFO placement.requestlog [None req-1a056548-7db2-41a1-ba19-1a7965c96edf - - - - - -] 10.0.0.206 "GET /" status: 200 len: 136 microversion: 1.0
2026-06-02 22:43:08.987 7 INFO placement.requestlog [None req-99da9777-e0a6-48a2-b406-5b680745b5d4 11b15c30169f48439e7598cdac8d2fca 7334dce2598b4df583fe649cf13ae46a - - 7654b6ead834420283d6e937b868a378 7654b6ead834420283d6e937b868a378] 10.0.0.172 "GET /resource_providers/d0618d97-cdf9-4ae6-b0d6-13c2de2a6104/aggregates" status: 404 len: 235 microversion: 1.1 [pid: 7|app: 0|req: 397/792] 10.0.0.172 () {32 vars in 816 bytes} [Tue Jun 2 22:43:08 2026] GET /resource_providers/d0618d97-cdf9-4ae6-b0d6-13c2de2a6104/aggregates => generated 235 bytes in 8 msecs (HTTP/1.1 404) 5 headers in 202 bytes (1 switches on core 0)
2026-06-02 22:43:08.992 8 INFO placement.requestlog [None req-59c9878e-ba29-4766-bb48-85ec5a15b10a 11b15c30169f48439e7598cdac8d2fca 7334dce2598b4df583fe649cf13ae46a - - 7654b6ead834420283d6e937b868a378 7654b6ead834420283d6e937b868a378] 10.0.0.172 "GET /resource_providers/d0618d97-cdf9-4ae6-b0d6-13c2de2a6104/aggregates" status: 404 len: 235 microversion: 1.1 [pid: 8|app: 0|req: 396/793] 10.0.0.172 () {32 vars in 816 bytes} [Tue Jun 2 22:43:08 2026] GET /resource_providers/d0618d97-cdf9-4ae6-b0d6-13c2de2a6104/aggregates => generated 235 bytes in 10 msecs (HTTP/1.1 404) 5 headers in 202 bytes (1 switches on core 0)
2026-06-02 22:43:09.011 7 INFO placement.requestlog [None req-afb532d8-18a1-4266-abf2-dc855881b2b0 11b15c30169f48439e7598cdac8d2fca 7334dce2598b4df583fe649cf13ae46a - - 7654b6ead834420283d6e937b868a378 7654b6ead834420283d6e937b868a378] 10.0.0.172 "DELETE /resource_providers/d0618d97-cdf9-4ae6-b0d6-13c2de2a6104" status: 404 len: 246 microversion: 1.1 [pid: 7|app: 0|req: 398/794] 10.0.0.172 () {34 vars in 816 bytes} [Tue Jun 2 22:43:09 2026] DELETE /resource_providers/d0618d97-cdf9-4ae6-b0d6-13c2de2a6104 => generated 246 bytes in 7 msecs (HTTP/1.1 404) 6 headers in 231 bytes (1 switches on core 0)
2026-06-02 22:43:09.022 8 INFO placement.requestlog [None req-ddd21e87-7247-40ab-b3ee-7ef28257e69e 11b15c30169f48439e7598cdac8d2fca 7334dce2598b4df583fe649cf13ae46a - - 7654b6ead834420283d6e937b868a378 7654b6ead834420283d6e937b868a378] 10.0.0.172 "DELETE /resource_providers/d0618d97-cdf9-4ae6-b0d6-13c2de2a6104" status: 404 len: 246 microversion: 1.1 [pid: 8|app: 0|req: 397/795] 10.0.0.172 () {34 vars in 816 bytes} [Tue Jun 2 22:43:09 2026] DELETE /resource_providers/d0618d97-cdf9-4ae6-b0d6-13c2de2a6104 => generated 246 bytes in 14 msecs (HTTP/1.1 404) 6 headers in 231 bytes (1 switches on core 0)
2026-06-02 22:43:13.109 7 INFO placement.requestlog [req-eb4b2ee2-177d-4bb9-a1dd-6f1c095f0566 req-075dd07e-37d7-4fde-87ee-534dce7bca4e 793a38b6b2404a0ea2db5eca508a34c9 7334dce2598b4df583fe649cf13ae46a - - 7654b6ead834420283d6e937b868a378 7654b6ead834420283d6e937b868a378] 10.0.0.19 "GET /allocation_candidates?limit=1000&resources=DISK_GB%3A1%2CMEMORY_MB%3A512%2CVCPU%3A1&root_required=%21COMPUTE_STATUS_DISABLED" status: 200 len: 2640 microversion: 1.36 [pid: 7|app: 0|req: 399/796] 10.0.0.19 () {34 vars in 1011 bytes} [Tue Jun 2 22:43:13 2026] GET /allocation_candidates?limit=1000&resources=DISK_GB%3A1%2CMEMORY_MB%3A512%2CVCPU%3A1&root_required=%21COMPUTE_STATUS_DISABLED => generated 2640 bytes in 45 msecs (HTTP/1.1 200) 8 headers in 297 bytes (1 switches on core 0)
2026-06-02 22:43:13.145 8 INFO placement.requestlog [req-eb4b2ee2-177d-4bb9-a1dd-6f1c095f0566 req-f679a5c0-b237-423a-942e-f5c29533920c 793a38b6b2404a0ea2db5eca508a34c9 7334dce2598b4df583fe649cf13ae46a - - 7654b6ead834420283d6e937b868a378 7654b6ead834420283d6e937b868a378] 10.0.0.19 "GET /allocations/ef8c485b-3636-4ca9-88e2-170948001dc8" status: 200 len: 19 microversion: 1.28 [pid: 8|app: 0|req: 398/797] 10.0.0.19 () {34 vars in 860 bytes} [Tue Jun 2 22:43:13 2026] GET /allocations/ef8c485b-3636-4ca9-88e2-170948001dc8 => generated 19 bytes in 13 msecs (HTTP/1.1 200) 8 headers in 295 bytes (1 switches on core 0)
2026-06-02 22:43:13.212 7 INFO placement.requestlog [req-eb4b2ee2-177d-4bb9-a1dd-6f1c095f0566 req-6b3aa87a-81b4-4fd9-abf6-af5273065d97 793a38b6b2404a0ea2db5eca508a34c9 7334dce2598b4df583fe649cf13ae46a - - 7654b6ead834420283d6e937b868a378 7654b6ead834420283d6e937b868a378] 10.0.0.19 "PUT /allocations/ef8c485b-3636-4ca9-88e2-170948001dc8" status: 204 len: 0 microversion: 1.36 [pid: 7|app: 0|req: 400/798] 10.0.0.19 () {38 vars in 913 bytes} [Tue Jun 2 22:43:13 2026] PUT /allocations/ef8c485b-3636-4ca9-88e2-170948001dc8 => generated 0 bytes in 61 msecs (HTTP/1.1 204) 5 headers in 199 bytes (1 switches on core 0)
2026-06-02 22:43:14.507 7 INFO placement.requestlog [None req-9b159416-b116-40a3-adaf-2908ed7188b5 11b15c30169f48439e7598cdac8d2fca 7334dce2598b4df583fe649cf13ae46a - - 7654b6ead834420283d6e937b868a378 7654b6ead834420283d6e937b868a378] 10.0.0.172 "GET /resource_providers/35160f11-7c82-4ade-b22e-198686e9f995/aggregates" status: 404 len: 235 microversion: 1.1
2026-06-02 22:43:14.508 8 INFO placement.requestlog [None req-9f2a10b4-ea46-4ea5-b3d2-5e4ce688c18b 11b15c30169f48439e7598cdac8d2fca 7334dce2598b4df583fe649cf13ae46a - - 7654b6ead834420283d6e937b868a378 7654b6ead834420283d6e937b868a378] 10.0.0.172 "GET /resource_providers/35160f11-7c82-4ade-b22e-198686e9f995/aggregates" status: 404 len: 235 microversion: 1.1 [pid: 7|app: 0|req: 401/799] 10.0.0.172 () {32 vars in 816 bytes} [Tue Jun 2 22:43:14 2026] GET /resource_providers/35160f11-7c82-4ade-b22e-198686e9f995/aggregates => generated 235 bytes in 12 msecs (HTTP/1.1 404) 5 headers in 202 bytes (1 switches on core 0) [pid: 8|app: 0|req: 399/800] 10.0.0.172 () {32 vars in 816 bytes} [Tue Jun 2 22:43:14 2026] GET /resource_providers/35160f11-7c82-4ade-b22e-198686e9f995/aggregates => generated 235 bytes in 12 msecs (HTTP/1.1 404) 5 headers in 202 bytes (1 switches on core 0)
2026-06-02 22:43:14.529 8 INFO placement.requestlog [None req-71de5cf1-c940-4d74-b4e3-8b1312532e14 11b15c30169f48439e7598cdac8d2fca 7334dce2598b4df583fe649cf13ae46a - - 7654b6ead834420283d6e937b868a378 7654b6ead834420283d6e937b868a378] 10.0.0.172 "DELETE /resource_providers/35160f11-7c82-4ade-b22e-198686e9f995" status: 404 len: 246 microversion: 1.1 [pid: 8|app: 0|req: 400/801] 10.0.0.172 () {34 vars in 816 bytes} [Tue Jun 2 22:43:14 2026] DELETE /resource_providers/35160f11-7c82-4ade-b22e-198686e9f995 => generated 246 bytes in 7 msecs (HTTP/1.1 404) 6 headers in 231 bytes (1 switches on core 0)
2026-06-02 22:43:14.540 7 INFO placement.requestlog [None req-cede498f-0efd-4350-ad48-7ea1e85425f7 11b15c30169f48439e7598cdac8d2fca 7334dce2598b4df583fe649cf13ae46a - - 7654b6ead834420283d6e937b868a378 7654b6ead834420283d6e937b868a378] 10.0.0.172 "DELETE /resource_providers/35160f11-7c82-4ade-b22e-198686e9f995" status: 404 len: 246 microversion: 1.1 [pid: 7|app: 0|req: 402/802] 10.0.0.172 () {34 vars in 816 bytes} [Tue Jun 2 22:43:14 2026] DELETE /resource_providers/35160f11-7c82-4ade-b22e-198686e9f995 => generated 246 bytes in 19 msecs (HTTP/1.1 404) 6 headers in 231 bytes (1 switches on core 0)
2026-06-02 22:43:14.751 8 INFO placement.requestlog [req-eb4b2ee2-177d-4bb9-a1dd-6f1c095f0566 req-e64d715e-4c22-4fd5-9149-415171b3fbed 793a38b6b2404a0ea2db5eca508a34c9 7334dce2598b4df583fe649cf13ae46a - - 7654b6ead834420283d6e937b868a378 7654b6ead834420283d6e937b868a378] 199.204.45.246 "GET /allocations/ef8c485b-3636-4ca9-88e2-170948001dc8" status: 200 len: 257 microversion: 1.28 [pid: 8|app: 0|req: 401/803] 199.204.45.246 () {34 vars in 863 bytes} [Tue Jun 2 22:43:14 2026] GET /allocations/ef8c485b-3636-4ca9-88e2-170948001dc8 => generated 257 bytes in 19 msecs (HTTP/1.1 200) 8 headers in 296 bytes (1 switches on core 0)
2026-06-02 22:43:14.904 7 INFO placement.requestlog [None req-98547055-1626-4651-abee-07e973b61bed 11b15c30169f48439e7598cdac8d2fca 7334dce2598b4df583fe649cf13ae46a - - 7654b6ead834420283d6e937b868a378 7654b6ead834420283d6e937b868a378] 10.0.0.172 "GET /resource_providers/1efb98d0-6801-435b-9987-4915a593344d/aggregates" status: 404 len: 235 microversion: 1.1 [pid: 7|app: 0|req: 403/804] 10.0.0.172 () {32 vars in 816 bytes} [Tue Jun 2 22:43:14 2026] GET /resource_providers/1efb98d0-6801-435b-9987-4915a593344d/aggregates => generated 235 bytes in 12 msecs (HTTP/1.1 404) 5 headers in 202 bytes (1 switches on core 0)
2026-06-02 22:43:14.906 8 INFO placement.requestlog [None req-389a4d81-fc79-4354-b5e1-a7878ec0e8ab 11b15c30169f48439e7598cdac8d2fca 7334dce2598b4df583fe649cf13ae46a - - 7654b6ead834420283d6e937b868a378 7654b6ead834420283d6e937b868a378] 10.0.0.172 "GET /resource_providers/1efb98d0-6801-435b-9987-4915a593344d/aggregates" status: 404 len: 235 microversion: 1.1 [pid: 8|app: 0|req: 402/805] 10.0.0.172 () {32 vars in 816 bytes} [Tue Jun 2 22:43:14 2026] GET /resource_providers/1efb98d0-6801-435b-9987-4915a593344d/aggregates => generated 235 bytes in 10 msecs (HTTP/1.1 404) 5 headers in 202 bytes (1 switches on core 0)
2026-06-02 22:43:14.933 7 INFO placement.requestlog [None req-39c7c419-a335-45cc-ab45-7353a54f294f 11b15c30169f48439e7598cdac8d2fca 7334dce2598b4df583fe649cf13ae46a - - 7654b6ead834420283d6e937b868a378 7654b6ead834420283d6e937b868a378] 10.0.0.172 "DELETE /resource_providers/1efb98d0-6801-435b-9987-4915a593344d" status: 404 len: 246 microversion: 1.1 [pid: 7|app: 0|req: 404/806] 10.0.0.172 () {34 vars in 816 bytes} [Tue Jun 2 22:43:14 2026] DELETE /resource_providers/1efb98d0-6801-435b-9987-4915a593344d => generated 246 bytes in 19 msecs (HTTP/1.1 404) 6 headers in 231 bytes (1 switches on core 0)
2026-06-02 22:43:14.934 8 INFO placement.requestlog [None req-e5b4d214-cdfc-4f91-b7db-cc1410fe4b34 11b15c30169f48439e7598cdac8d2fca 7334dce2598b4df583fe649cf13ae46a - - 7654b6ead834420283d6e937b868a378 7654b6ead834420283d6e937b868a378] 10.0.0.172 "DELETE /resource_providers/1efb98d0-6801-435b-9987-4915a593344d" status: 404 len: 246 microversion: 1.1 [pid: 8|app: 0|req: 403/807] 10.0.0.172 () {34 vars in 816 bytes} [Tue Jun 2 22:43:14 2026] DELETE /resource_providers/1efb98d0-6801-435b-9987-4915a593344d => generated 246 bytes in 12 msecs (HTTP/1.1 404) 6 headers in 231 bytes (1 switches on core 0)
2026-06-02 22:43:15.791 7 INFO placement.requestlog [req-eb4b2ee2-177d-4bb9-a1dd-6f1c095f0566 req-709094bb-7b8e-4da6-8972-8540cafb8492 793a38b6b2404a0ea2db5eca508a34c9 7334dce2598b4df583fe649cf13ae46a - - 7654b6ead834420283d6e937b868a378 7654b6ead834420283d6e937b868a378] 199.204.45.246 "GET /resource_providers/8b8ecb60-5028-4316-8eee-365d5af49115/allocations" status: 200 len: 152 microversion: 1.0 [pid: 7|app: 0|req: 405/808] 199.204.45.246 () {32 vars in 857 bytes} [Tue Jun 2 22:43:15 2026] GET /resource_providers/8b8ecb60-5028-4316-8eee-365d5af49115/allocations => generated 152 bytes in 14 msecs (HTTP/1.1 200) 6 headers in 224 bytes (1 switches on core 0)
2026-06-02 22:43:15.811 8 INFO placement.requestlog [req-eb4b2ee2-177d-4bb9-a1dd-6f1c095f0566 req-fe2c592d-f3f7-45df-b718-0f1c8c498324 793a38b6b2404a0ea2db5eca508a34c9 7334dce2598b4df583fe649cf13ae46a - - 7654b6ead834420283d6e937b868a378 7654b6ead834420283d6e937b868a378] 199.204.45.246 "GET /allocations/ef8c485b-3636-4ca9-88e2-170948001dc8" status: 200 len: 257 microversion: 1.28 [pid: 8|app: 0|req: 404/809] 199.204.45.246 () {34 vars in 863 bytes} [Tue Jun 2 22:43:15 2026] GET /allocations/ef8c485b-3636-4ca9-88e2-170948001dc8 => generated 257 bytes in 13 msecs (HTTP/1.1 200) 8 headers in 296 bytes (1 switches on core 0)
2026-06-02 22:43:16.559 7 INFO placement.requestlog [None req-5925f3f3-ffeb-4bae-9f5c-82c1c8fd92e0 11b15c30169f48439e7598cdac8d2fca 7334dce2598b4df583fe649cf13ae46a - - 7654b6ead834420283d6e937b868a378 7654b6ead834420283d6e937b868a378] 10.0.0.172 "GET /resource_providers/f87c7eef-57d4-4727-a8e7-a175cc459c79/aggregates" status: 404 len: 235 microversion: 1.1 [pid: 7|app: 0|req: 406/810] 10.0.0.172 () {32 vars in 816 bytes} [Tue Jun 2 22:43:16 2026] GET /resource_providers/f87c7eef-57d4-4727-a8e7-a175cc459c79/aggregates => generated 235 bytes in 19 msecs (HTTP/1.1 404) 5 headers in 202 bytes (1 switches on core 0)
2026-06-02 22:43:16.572 8 INFO placement.requestlog [None req-4d07ad8b-309b-4d23-b806-513c7496d9f1 11b15c30169f48439e7598cdac8d2fca 7334dce2598b4df583fe649cf13ae46a - - 7654b6ead834420283d6e937b868a378 7654b6ead834420283d6e937b868a378] 10.0.0.172 "GET /resource_providers/f87c7eef-57d4-4727-a8e7-a175cc459c79/aggregates" status: 404 len: 235 microversion: 1.1 [pid: 8|app: 0|req: 405/811] 10.0.0.172 () {32 vars in 816 bytes} [Tue Jun 2 22:43:16 2026] GET /resource_providers/f87c7eef-57d4-4727-a8e7-a175cc459c79/aggregates => generated 235 bytes in 23 msecs (HTTP/1.1 404) 5 headers in 202 bytes (1 switches on core 0)
2026-06-02 22:43:16.593 7 INFO placement.requestlog [None req-5f2145ec-e778-4690-a30c-fe9bf84a5d29 11b15c30169f48439e7598cdac8d2fca 7334dce2598b4df583fe649cf13ae46a - - 7654b6ead834420283d6e937b868a378 7654b6ead834420283d6e937b868a378] 10.0.0.172 "DELETE /resource_providers/f87c7eef-57d4-4727-a8e7-a175cc459c79" status: 404 len: 246 microversion: 1.1 [pid: 7|app: 0|req: 407/812] 10.0.0.172 () {34 vars in 816 bytes} [Tue Jun 2 22:43:16 2026] DELETE /resource_providers/f87c7eef-57d4-4727-a8e7-a175cc459c79 => generated 246 bytes in 12 msecs (HTTP/1.1 404) 6 headers in 231 bytes (1 switches on core 0)
2026-06-02 22:43:16.599 8 INFO placement.requestlog [None req-1aa5167d-e248-4ebc-8408-960f2c9ebc92 11b15c30169f48439e7598cdac8d2fca 7334dce2598b4df583fe649cf13ae46a - - 7654b6ead834420283d6e937b868a378 7654b6ead834420283d6e937b868a378] 10.0.0.172 "DELETE /resource_providers/f87c7eef-57d4-4727-a8e7-a175cc459c79" status: 404 len: 246 microversion: 1.1 [pid: 8|app: 0|req: 406/813] 10.0.0.172 () {34 vars in 816 bytes} [Tue Jun 2 22:43:16 2026] DELETE /resource_providers/f87c7eef-57d4-4727-a8e7-a175cc459c79 => generated 246 bytes in 16 msecs (HTTP/1.1 404) 6 headers in 231 bytes (1 switches on core 0)
2026-06-02 22:43:16.964 8 INFO placement.requestlog [None req-be9f1484-1398-44d8-9198-cf8850ee8bb3 11b15c30169f48439e7598cdac8d2fca 7334dce2598b4df583fe649cf13ae46a - - 7654b6ead834420283d6e937b868a378 7654b6ead834420283d6e937b868a378] 10.0.0.172 "GET /resource_providers/1a9ce1a7-c219-43eb-8032-40b8316d6bdf/aggregates" status: 404 len: 235 microversion: 1.1 [pid: 8|app: 0|req: 407/814] 10.0.0.172 () {32 vars in 816 bytes} [Tue Jun 2 22:43:16 2026] GET /resource_providers/1a9ce1a7-c219-43eb-8032-40b8316d6bdf/aggregates => generated 235 bytes in 11 msecs (HTTP/1.1 404) 5 headers in 202 bytes (1 switches on core 0)
2026-06-02 22:43:16.966 7 INFO placement.requestlog [None req-f41414ab-bfda-4273-8ff5-4a0730275cd8 11b15c30169f48439e7598cdac8d2fca 7334dce2598b4df583fe649cf13ae46a - - 7654b6ead834420283d6e937b868a378 7654b6ead834420283d6e937b868a378] 10.0.0.172 "GET /resource_providers/1a9ce1a7-c219-43eb-8032-40b8316d6bdf/aggregates" status: 404 len: 235 microversion: 1.1 [pid: 7|app: 0|req: 408/815] 10.0.0.172 () {32 vars in 816 bytes} [Tue Jun 2 22:43:16 2026] GET /resource_providers/1a9ce1a7-c219-43eb-8032-40b8316d6bdf/aggregates => generated 235 bytes in 13 msecs (HTTP/1.1 404) 5 headers in 202 bytes (1 switches on core 0)
2026-06-02 22:43:16.990 8 INFO placement.requestlog [None req-1952e8c5-5d7f-4ce7-9e87-f809898e9e52 11b15c30169f48439e7598cdac8d2fca 7334dce2598b4df583fe649cf13ae46a - - 7654b6ead834420283d6e937b868a378 7654b6ead834420283d6e937b868a378] 10.0.0.172 "DELETE /resource_providers/1a9ce1a7-c219-43eb-8032-40b8316d6bdf" status: 404 len: 246 microversion: 1.1 [pid: 8|app: 0|req: 408/816] 10.0.0.172 () {34 vars in 816 bytes} [Tue Jun 2 22:43:16 2026] DELETE /resource_providers/1a9ce1a7-c219-43eb-8032-40b8316d6bdf => generated 246 bytes in 8 msecs (HTTP/1.1 404) 6 headers in 231 bytes (1 switches on core 0)
2026-06-02 22:43:16.993 7 INFO placement.requestlog [None req-ed41dcb5-563f-406c-86b0-a8b8c7138e8c 11b15c30169f48439e7598cdac8d2fca 7334dce2598b4df583fe649cf13ae46a - - 7654b6ead834420283d6e937b868a378 7654b6ead834420283d6e937b868a378] 10.0.0.172 "DELETE /resource_providers/1a9ce1a7-c219-43eb-8032-40b8316d6bdf" status: 404 len: 246 microversion: 1.1 [pid: 7|app: 0|req: 409/817] 10.0.0.172 () {34 vars in 816 bytes} [Tue Jun 2 22:43:16 2026] DELETE /resource_providers/1a9ce1a7-c219-43eb-8032-40b8316d6bdf => generated 246 bytes in 10 msecs (HTTP/1.1 404) 6 headers in 231 bytes (1 switches on core 0)
2026-06-02 22:43:18.693 8 INFO placement.requestlog [None req-314b403c-237c-44bb-b054-6707b02efb46 - - - - - -] 10.0.0.206 "GET /" status: 200 len: 136 microversion: 1.0
2026-06-02 22:43:18.694 7 INFO placement.requestlog [None req-7d5f416d-02aa-44cf-ace9-29831c13d79b - - - - - -] 10.0.0.206 "GET /" status: 200 len: 136 microversion: 1.0
2026-06-02 22:43:28.693 7 INFO placement.requestlog [None req-6f1bd5c8-98cc-4bd7-b160-7346d5cf3776 - - - - - -] 10.0.0.206 "GET /" status: 200 len: 136 microversion: 1.0
2026-06-02 22:43:28.693 8 INFO placement.requestlog [None req-86cad3f9-f145-487d-b72a-db416541196d - - - - - -] 10.0.0.206 "GET /" status: 200 len: 136 microversion: 1.0
2026-06-02 22:43:30.884 7 INFO placement.requestlog [req-611ff8b8-132f-4272-8308-79d7ed4e3726 req-bc6cea99-fe4a-4295-976e-9aa685b3fa64 793a38b6b2404a0ea2db5eca508a34c9 7334dce2598b4df583fe649cf13ae46a - - 7654b6ead834420283d6e937b868a378 7654b6ead834420283d6e937b868a378] 10.0.0.19 "GET /allocation_candidates?limit=1000&resources=DISK_GB%3A1%2CMEMORY_MB%3A512%2CVCPU%3A1&root_required=%21COMPUTE_STATUS_DISABLED" status: 200 len: 2642 microversion: 1.36 [pid: 7|app: 0|req: 412/822] 10.0.0.19 () {34 vars in 1011 bytes} [Tue Jun 2 22:43:30 2026] GET /allocation_candidates?limit=1000&resources=DISK_GB%3A1%2CMEMORY_MB%3A512%2CVCPU%3A1&root_required=%21COMPUTE_STATUS_DISABLED => generated 2642 bytes in 43 msecs (HTTP/1.1 200) 8 headers in 297 bytes (1 switches on core 0)
2026-06-02 22:43:30.910 8 INFO placement.requestlog [req-611ff8b8-132f-4272-8308-79d7ed4e3726 req-e54d74be-d4f4-4b07-b4cf-9b65e385bfb0 793a38b6b2404a0ea2db5eca508a34c9 7334dce2598b4df583fe649cf13ae46a - - 7654b6ead834420283d6e937b868a378 7654b6ead834420283d6e937b868a378] 10.0.0.19 "GET /allocations/958ce9f4-de6b-4883-b0f6-316026bb6104" status: 200 len: 19 microversion: 1.28 [pid: 8|app: 0|req: 411/823] 10.0.0.19 () {34 vars in 860 bytes} [Tue Jun 2 22:43:30 2026] GET /allocations/958ce9f4-de6b-4883-b0f6-316026bb6104 => generated 19 bytes in 11 msecs (HTTP/1.1 200) 8 headers in 295 bytes (1 switches on core 0)
2026-06-02 22:43:30.978 7 INFO placement.requestlog [req-611ff8b8-132f-4272-8308-79d7ed4e3726 req-c52cbb6a-97cc-4b1c-a24d-4a79c1b01d01 793a38b6b2404a0ea2db5eca508a34c9 7334dce2598b4df583fe649cf13ae46a - - 7654b6ead834420283d6e937b868a378 7654b6ead834420283d6e937b868a378] 10.0.0.19 "PUT /allocations/958ce9f4-de6b-4883-b0f6-316026bb6104" status: 204 len: 0 microversion: 1.36 [pid: 7|app: 0|req: 413/824] 10.0.0.19 () {38 vars in 913 bytes} [Tue Jun 2 22:43:30 2026] PUT /allocations/958ce9f4-de6b-4883-b0f6-316026bb6104 => generated 0 bytes in 65 msecs (HTTP/1.1 204) 5 headers in 199 bytes (1 switches on core 0)
2026-06-02 22:43:32.464 8 INFO placement.requestlog [req-611ff8b8-132f-4272-8308-79d7ed4e3726 req-bae30b54-ccee-4013-bdea-3ef564b0e63f 793a38b6b2404a0ea2db5eca508a34c9 7334dce2598b4df583fe649cf13ae46a - - 7654b6ead834420283d6e937b868a378 7654b6ead834420283d6e937b868a378] 199.204.45.246 "GET /allocations/958ce9f4-de6b-4883-b0f6-316026bb6104" status: 200 len: 257 microversion: 1.28 [pid: 8|app: 0|req: 412/825] 199.204.45.246 () {34 vars in 863 bytes} [Tue Jun 2 22:43:32 2026] GET /allocations/958ce9f4-de6b-4883-b0f6-316026bb6104 => generated 257 bytes in 14 msecs (HTTP/1.1 200) 8 headers in 296 bytes (1 switches on core 0)
2026-06-02 22:43:33.504 7 INFO placement.requestlog [req-611ff8b8-132f-4272-8308-79d7ed4e3726 req-ffc32813-1b45-4c4f-a714-3b3e3f86a720 793a38b6b2404a0ea2db5eca508a34c9 7334dce2598b4df583fe649cf13ae46a - - 7654b6ead834420283d6e937b868a378 7654b6ead834420283d6e937b868a378] 199.204.45.246 "GET /resource_providers/8b8ecb60-5028-4316-8eee-365d5af49115/allocations" status: 200 len: 252 microversion: 1.0 [pid: 7|app: 0|req: 414/826] 199.204.45.246 () {32 vars in 857 bytes} [Tue Jun 2 22:43:33 2026] GET /resource_providers/8b8ecb60-5028-4316-8eee-365d5af49115/allocations => generated 252 bytes in 17 msecs (HTTP/1.1 200) 6 headers in 224 bytes (1 switches on core 0)
2026-06-02 22:43:33.523 8 INFO placement.requestlog [req-611ff8b8-132f-4272-8308-79d7ed4e3726 req-ce6e03df-1ffe-49cf-ae83-d1cda5d4c212 793a38b6b2404a0ea2db5eca508a34c9 7334dce2598b4df583fe649cf13ae46a - - 7654b6ead834420283d6e937b868a378 7654b6ead834420283d6e937b868a378] 199.204.45.246 "GET /allocations/958ce9f4-de6b-4883-b0f6-316026bb6104" status: 200 len: 257 microversion: 1.28 [pid: 8|app: 0|req: 413/827] 199.204.45.246 () {34 vars in 863 bytes} [Tue Jun 2 22:43:33 2026] GET /allocations/958ce9f4-de6b-4883-b0f6-316026bb6104 => generated 257 bytes in 14 msecs (HTTP/1.1 200) 8 headers in 296 bytes (1 switches on core 0)
2026-06-02 22:43:33.540 7 INFO placement.requestlog [req-611ff8b8-132f-4272-8308-79d7ed4e3726 req-964e906c-7ef4-4973-8aa6-5ff0551e1291 793a38b6b2404a0ea2db5eca508a34c9 7334dce2598b4df583fe649cf13ae46a - - 7654b6ead834420283d6e937b868a378 7654b6ead834420283d6e937b868a378] 199.204.45.246 "GET /allocations/ef8c485b-3636-4ca9-88e2-170948001dc8" status: 200 len: 257 microversion: 1.28 [pid: 7|app: 0|req: 415/828] 199.204.45.246 () {34 vars in 863 bytes} [Tue Jun 2 22:43:33 2026] GET /allocations/ef8c485b-3636-4ca9-88e2-170948001dc8 => generated 257 bytes in 12 msecs (HTTP/1.1 200) 8 headers in 296 bytes (1 switches on core 0)
2026-06-02 22:43:37.915 8 INFO placement.requestlog [req-67f4909b-da67-48ee-89ef-6c175f05dd14 req-fac84b25-d10a-4b55-bc31-037f42598ff4 793a38b6b2404a0ea2db5eca508a34c9 7334dce2598b4df583fe649cf13ae46a - - 7654b6ead834420283d6e937b868a378 7654b6ead834420283d6e937b868a378] 10.0.0.19 "GET /allocation_candidates?limit=1000&resources=DISK_GB%3A1%2CMEMORY_MB%3A512%2CVCPU%3A1&root_required=%21COMPUTE_STATUS_DISABLED" status: 200 len: 2643 microversion: 1.36 [pid: 8|app: 0|req: 414/829] 10.0.0.19 () {34 vars in 1011 bytes} [Tue Jun 2 22:43:37 2026] GET /allocation_candidates?limit=1000&resources=DISK_GB%3A1%2CMEMORY_MB%3A512%2CVCPU%3A1&root_required=%21COMPUTE_STATUS_DISABLED => generated 2643 bytes in 42 msecs (HTTP/1.1 200) 8 headers in 297 bytes (1 switches on core 0)
2026-06-02 22:43:37.946 7 INFO placement.requestlog [req-67f4909b-da67-48ee-89ef-6c175f05dd14 req-928f5a75-1847-42cd-b764-7a43e98fa8f2 793a38b6b2404a0ea2db5eca508a34c9 7334dce2598b4df583fe649cf13ae46a - - 7654b6ead834420283d6e937b868a378 7654b6ead834420283d6e937b868a378] 10.0.0.19 "GET /allocations/01fb9431-16ce-4e05-8710-fc4adc7f496f" status: 200 len: 19 microversion: 1.28 [pid: 7|app: 0|req: 416/830] 10.0.0.19 () {34 vars in 860 bytes} [Tue Jun 2 22:43:37 2026] GET /allocations/01fb9431-16ce-4e05-8710-fc4adc7f496f => generated 19 bytes in 12 msecs (HTTP/1.1 200) 8 headers in 295 bytes (1 switches on core 0)
2026-06-02 22:43:38.020 8 INFO placement.requestlog [req-67f4909b-da67-48ee-89ef-6c175f05dd14 req-4df85dde-4c20-436e-b65a-fea2c833a34b 793a38b6b2404a0ea2db5eca508a34c9 7334dce2598b4df583fe649cf13ae46a - - 7654b6ead834420283d6e937b868a378 7654b6ead834420283d6e937b868a378] 10.0.0.19 "PUT /allocations/01fb9431-16ce-4e05-8710-fc4adc7f496f" status: 204 len: 0 microversion: 1.36 [pid: 8|app: 0|req: 415/831] 10.0.0.19 () {38 vars in 913 bytes} [Tue Jun 2 22:43:37 2026] PUT /allocations/01fb9431-16ce-4e05-8710-fc4adc7f496f => generated 0 bytes in 68 msecs (HTTP/1.1 204) 5 headers in 199 bytes (1 switches on core 0)
2026-06-02 22:43:38.694 7 INFO placement.requestlog [None req-37bfe67e-0be5-4e93-a26c-f863ea637ad0 - - - - - -] 10.0.0.206 "GET /" status: 200 len: 136 microversion: 1.0
2026-06-02 22:43:38.694 8 INFO placement.requestlog [None req-6cc5d52c-8d78-4f0d-9ba6-6238adbdbddf - - - - - -] 10.0.0.206 "GET /" status: 200 len: 136 microversion: 1.0
2026-06-02 22:43:39.533 8 INFO placement.requestlog [req-67f4909b-da67-48ee-89ef-6c175f05dd14 req-0115e6ee-117f-4939-a301-e2f980884a71 793a38b6b2404a0ea2db5eca508a34c9 7334dce2598b4df583fe649cf13ae46a - - 7654b6ead834420283d6e937b868a378 7654b6ead834420283d6e937b868a378] 199.204.45.246 "GET /allocations/01fb9431-16ce-4e05-8710-fc4adc7f496f" status: 200 len: 258 microversion: 1.28 [pid: 8|app: 0|req: 417/834] 199.204.45.246 () {34 vars in 863 bytes} [Tue Jun 2 22:43:39 2026] GET /allocations/01fb9431-16ce-4e05-8710-fc4adc7f496f => generated 258 bytes in 13 msecs (HTTP/1.1 200) 8 headers in 296 bytes (1 switches on core 0)
2026-06-02 22:43:40.574 7 INFO placement.requestlog [req-67f4909b-da67-48ee-89ef-6c175f05dd14 req-894455f5-0bbe-4b68-acba-0f884145f4a1 793a38b6b2404a0ea2db5eca508a34c9 7334dce2598b4df583fe649cf13ae46a - - 7654b6ead834420283d6e937b868a378 7654b6ead834420283d6e937b868a378] 199.204.45.246 "GET /resource_providers/8b8ecb60-5028-4316-8eee-365d5af49115/allocations" status: 200 len: 353 microversion: 1.0 [pid: 7|app: 0|req: 418/835] 199.204.45.246 () {32 vars in 857 bytes} [Tue Jun 2 22:43:40 2026] GET /resource_providers/8b8ecb60-5028-4316-8eee-365d5af49115/allocations => generated 353 bytes in 15 msecs (HTTP/1.1 200) 6 headers in 224 bytes (1 switches on core 0)
2026-06-02 22:43:40.597 8 INFO placement.requestlog [req-67f4909b-da67-48ee-89ef-6c175f05dd14 req-a21965c1-92cc-4aeb-b343-071d6f3244d4 793a38b6b2404a0ea2db5eca508a34c9 7334dce2598b4df583fe649cf13ae46a - - 7654b6ead834420283d6e937b868a378 7654b6ead834420283d6e937b868a378] 199.204.45.246 "GET /allocations/958ce9f4-de6b-4883-b0f6-316026bb6104" status: 200 len: 258 microversion: 1.28 [pid: 8|app: 0|req: 418/836] 199.204.45.246 () {34 vars in 863 bytes} [Tue Jun 2 22:43:40 2026] GET /allocations/958ce9f4-de6b-4883-b0f6-316026bb6104 => generated 258 bytes in 15 msecs (HTTP/1.1 200) 8 headers in 296 bytes (1 switches on core 0)
2026-06-02 22:43:40.615 7 INFO placement.requestlog [req-67f4909b-da67-48ee-89ef-6c175f05dd14 req-41a07271-3b2f-49f4-9704-1c8e64b4fe09 793a38b6b2404a0ea2db5eca508a34c9 7334dce2598b4df583fe649cf13ae46a - - 7654b6ead834420283d6e937b868a378 7654b6ead834420283d6e937b868a378] 199.204.45.246 "GET /allocations/ef8c485b-3636-4ca9-88e2-170948001dc8" status: 200 len: 258 microversion: 1.28 [pid: 7|app: 0|req: 419/837] 199.204.45.246 () {34 vars in 863 bytes} [Tue Jun 2 22:43:40 2026] GET /allocations/ef8c485b-3636-4ca9-88e2-170948001dc8 => generated 258 bytes in 13 msecs (HTTP/1.1 200) 8 headers in 296 bytes (1 switches on core 0)
2026-06-02 22:43:40.638 8 INFO placement.requestlog [req-67f4909b-da67-48ee-89ef-6c175f05dd14 req-0672afd2-7f9b-4600-ac44-bfac17bc2af8 793a38b6b2404a0ea2db5eca508a34c9 7334dce2598b4df583fe649cf13ae46a - - 7654b6ead834420283d6e937b868a378 7654b6ead834420283d6e937b868a378] 199.204.45.246 "GET /allocations/01fb9431-16ce-4e05-8710-fc4adc7f496f" status: 200 len: 258 microversion: 1.28 [pid: 8|app: 0|req: 419/838] 199.204.45.246 () {34 vars in 863 bytes} [Tue Jun 2 22:43:40 2026] GET /allocations/01fb9431-16ce-4e05-8710-fc4adc7f496f => generated 258 bytes in 17 msecs (HTTP/1.1 200) 8 headers in 296 bytes (1 switches on core 0)
2026-06-02 22:43:43.962 7 INFO placement.requestlog [None req-478e14cd-d8bd-46d6-9386-364f78b2be47 11b15c30169f48439e7598cdac8d2fca 7334dce2598b4df583fe649cf13ae46a - - 7654b6ead834420283d6e937b868a378 7654b6ead834420283d6e937b868a378] 10.0.0.172 "GET /resource_providers/3261d20c-e191-4f88-9ba9-4715ee8756cf/aggregates" status: 404 len: 235 microversion: 1.1 [pid: 7|app: 0|req: 420/839] 10.0.0.172 () {32 vars in 816 bytes} [Tue Jun 2 22:43:43 2026] GET /resource_providers/3261d20c-e191-4f88-9ba9-4715ee8756cf/aggregates => generated 235 bytes in 12 msecs (HTTP/1.1 404) 5 headers in 202 bytes (1 switches on core 0)
2026-06-02 22:43:43.964 8 INFO placement.requestlog [None req-f6f7c92f-1cc7-45e5-9ebd-38a1aaedc50b 11b15c30169f48439e7598cdac8d2fca 7334dce2598b4df583fe649cf13ae46a - - 7654b6ead834420283d6e937b868a378 7654b6ead834420283d6e937b868a378] 10.0.0.172 "GET /resource_providers/3261d20c-e191-4f88-9ba9-4715ee8756cf/aggregates" status: 404 len: 235 microversion: 1.1 [pid: 8|app: 0|req: 420/840] 10.0.0.172 () {32 vars in 816 bytes} [Tue Jun 2 22:43:43 2026] GET /resource_providers/3261d20c-e191-4f88-9ba9-4715ee8756cf/aggregates => generated 235 bytes in 10 msecs (HTTP/1.1 404) 5 headers in 202 bytes (1 switches on core 0)
2026-06-02 22:43:43.990 8 INFO placement.requestlog [None req-3bd341f1-0fcf-480d-af95-755393425e5f 11b15c30169f48439e7598cdac8d2fca 7334dce2598b4df583fe649cf13ae46a - - 7654b6ead834420283d6e937b868a378 7654b6ead834420283d6e937b868a378] 10.0.0.172 "DELETE /resource_providers/3261d20c-e191-4f88-9ba9-4715ee8756cf" status: 404 len: 246 microversion: 1.1 [pid: 8|app: 0|req: 421/841] 10.0.0.172 () {34 vars in 816 bytes} [Tue Jun 2 22:43:43 2026] DELETE /resource_providers/3261d20c-e191-4f88-9ba9-4715ee8756cf => generated 246 bytes in 15 msecs (HTTP/1.1 404) 6 headers in 231 bytes (1 switches on core 0)
2026-06-02 22:43:43.992 7 INFO placement.requestlog [None req-ffe6bfab-b38c-4bdf-aa1d-a06068c4677f 11b15c30169f48439e7598cdac8d2fca 7334dce2598b4df583fe649cf13ae46a - - 7654b6ead834420283d6e937b868a378 7654b6ead834420283d6e937b868a378] 10.0.0.172 "DELETE /resource_providers/3261d20c-e191-4f88-9ba9-4715ee8756cf" status: 404 len: 246 microversion: 1.1 [pid: 7|app: 0|req: 421/842] 10.0.0.172 () {34 vars in 816 bytes} [Tue Jun 2 22:43:43 2026] DELETE /resource_providers/3261d20c-e191-4f88-9ba9-4715ee8756cf => generated 246 bytes in 18 msecs (HTTP/1.1 404) 6 headers in 231 bytes (1 switches on core 0)
2026-06-02 22:43:44.342 8 INFO placement.requestlog [None req-a7508ff5-c021-4589-b3b1-123cdaa07fdf 11b15c30169f48439e7598cdac8d2fca 7334dce2598b4df583fe649cf13ae46a - - 7654b6ead834420283d6e937b868a378 7654b6ead834420283d6e937b868a378] 10.0.0.172 "GET /resource_providers/01040552-9fe5-4fb1-9ee6-b917e733af58/aggregates" status: 404 len: 235 microversion: 1.1 [pid: 8|app: 0|req: 422/843] 10.0.0.172 () {32 vars in 816 bytes} [Tue Jun 2 22:43:44 2026] GET /resource_providers/01040552-9fe5-4fb1-9ee6-b917e733af58/aggregates => generated 235 bytes in 16 msecs (HTTP/1.1 404) 5 headers in 202 bytes (1 switches on core 0)
2026-06-02 22:43:44.343 7 INFO placement.requestlog [None req-e413d3d3-dc80-4f6a-b391-061fd4e2b30c 11b15c30169f48439e7598cdac8d2fca 7334dce2598b4df583fe649cf13ae46a - - 7654b6ead834420283d6e937b868a378 7654b6ead834420283d6e937b868a378] 10.0.0.172 "GET /resource_providers/01040552-9fe5-4fb1-9ee6-b917e733af58/aggregates" status: 404 len: 235 microversion: 1.1 [pid: 7|app: 0|req: 422/844] 10.0.0.172 () {32 vars in 816 bytes} [Tue Jun 2 22:43:44 2026] GET /resource_providers/01040552-9fe5-4fb1-9ee6-b917e733af58/aggregates => generated 235 bytes in 17 msecs (HTTP/1.1 404) 5 headers in 202 bytes (1 switches on core 0)
2026-06-02 22:43:44.367 8 INFO placement.requestlog [None req-91e64510-478b-4fee-8344-7270b2a62e40 11b15c30169f48439e7598cdac8d2fca 7334dce2598b4df583fe649cf13ae46a - - 7654b6ead834420283d6e937b868a378 7654b6ead834420283d6e937b868a378] 10.0.0.172 "DELETE /resource_providers/01040552-9fe5-4fb1-9ee6-b917e733af58" status: 404 len: 246 microversion: 1.1 [pid: 8|app: 0|req: 423/845] 10.0.0.172 () {34 vars in 816 bytes} [Tue Jun 2 22:43:44 2026] DELETE /resource_providers/01040552-9fe5-4fb1-9ee6-b917e733af58 => generated 246 bytes in 11 msecs (HTTP/1.1 404) 6 headers in 231 bytes (1 switches on core 0)
2026-06-02 22:43:44.369 7 INFO placement.requestlog [None req-46ba18cd-f3cc-45d2-8256-3cc2f6cf994d 11b15c30169f48439e7598cdac8d2fca 7334dce2598b4df583fe649cf13ae46a - - 7654b6ead834420283d6e937b868a378 7654b6ead834420283d6e937b868a378] 10.0.0.172 "DELETE /resource_providers/01040552-9fe5-4fb1-9ee6-b917e733af58" status: 404 len: 246 microversion: 1.1 [pid: 7|app: 0|req: 423/846] 10.0.0.172 () {34 vars in 816 bytes} [Tue Jun 2 22:43:44 2026] DELETE /resource_providers/01040552-9fe5-4fb1-9ee6-b917e733af58 => generated 246 bytes in 10 msecs (HTTP/1.1 404) 6 headers in 231 bytes (1 switches on core 0)
2026-06-02 22:43:48.694 7 INFO placement.requestlog [None req-15a23d69-2e45-4ca1-b310-709913fbc1ea - - - - - -] 10.0.0.206 "GET /" status: 200 len: 136 microversion: 1.0
2026-06-02 22:43:48.694 8 INFO placement.requestlog [None req-d094682a-cc2e-4d01-95e6-43fc941072dd - - - - - -] 10.0.0.206 "GET /" status: 200 len: 136 microversion: 1.0
2026-06-02 22:43:49.176 7 INFO placement.requestlog [None req-8f3f3090-dc0e-44d2-b31e-e0f61c4f3623 11b15c30169f48439e7598cdac8d2fca 7334dce2598b4df583fe649cf13ae46a - - 7654b6ead834420283d6e937b868a378 7654b6ead834420283d6e937b868a378] 10.0.0.172 "GET /resource_providers/942ee45f-e9e9-4681-b9f6-7f0d804c0e3c/aggregates" status: 404 len: 235 microversion: 1.1 [pid: 7|app: 0|req: 425/849] 10.0.0.172 () {32 vars in 816 bytes} [Tue Jun 2 22:43:49 2026] GET /resource_providers/942ee45f-e9e9-4681-b9f6-7f0d804c0e3c/aggregates => generated 235 bytes in 11 msecs (HTTP/1.1 404) 5 headers in 202 bytes (1 switches on core 0)
2026-06-02 22:43:49.183 8 INFO placement.requestlog [None req-5223f97b-a6e3-4f3a-925e-1c418882c178 11b15c30169f48439e7598cdac8d2fca 7334dce2598b4df583fe649cf13ae46a - - 7654b6ead834420283d6e937b868a378 7654b6ead834420283d6e937b868a378] 10.0.0.172 "GET /resource_providers/942ee45f-e9e9-4681-b9f6-7f0d804c0e3c/aggregates" status: 404 len: 235 microversion: 1.1 [pid: 8|app: 0|req: 425/850] 10.0.0.172 () {32 vars in 816 bytes} [Tue Jun 2 22:43:49 2026] GET /resource_providers/942ee45f-e9e9-4681-b9f6-7f0d804c0e3c/aggregates => generated 235 bytes in 15 msecs (HTTP/1.1 404) 5 headers in 202 bytes (1 switches on core 0)
2026-06-02 22:43:49.195 7 INFO placement.requestlog [None req-644019b9-44da-4307-98f8-7cb38663d243 11b15c30169f48439e7598cdac8d2fca 7334dce2598b4df583fe649cf13ae46a - - 7654b6ead834420283d6e937b868a378 7654b6ead834420283d6e937b868a378] 10.0.0.172 "DELETE /resource_providers/942ee45f-e9e9-4681-b9f6-7f0d804c0e3c" status: 404 len: 246 microversion: 1.1 [pid: 7|app: 0|req: 426/851] 10.0.0.172 () {34 vars in 816 bytes} [Tue Jun 2 22:43:49 2026] DELETE /resource_providers/942ee45f-e9e9-4681-b9f6-7f0d804c0e3c => generated 246 bytes in 10 msecs (HTTP/1.1 404) 6 headers in 231 bytes (1 switches on core 0)
2026-06-02 22:43:49.200 8 INFO placement.requestlog [None req-22466e70-ba1d-4937-88db-e8dab7b3ddba 11b15c30169f48439e7598cdac8d2fca 7334dce2598b4df583fe649cf13ae46a - - 7654b6ead834420283d6e937b868a378 7654b6ead834420283d6e937b868a378] 10.0.0.172 "DELETE /resource_providers/942ee45f-e9e9-4681-b9f6-7f0d804c0e3c" status: 404 len: 246 microversion: 1.1 [pid: 8|app: 0|req: 426/852] 10.0.0.172 () {34 vars in 816 bytes} [Tue Jun 2 22:43:49 2026] DELETE /resource_providers/942ee45f-e9e9-4681-b9f6-7f0d804c0e3c => generated 246 bytes in 8 msecs (HTTP/1.1 404) 6 headers in 231 bytes (1 switches on core 0)
2026-06-02 22:43:53.795 8 INFO placement.requestlog [None req-6daf6dfa-74cd-4d00-96c0-bd4721e57caa 11b15c30169f48439e7598cdac8d2fca 7334dce2598b4df583fe649cf13ae46a - - 7654b6ead834420283d6e937b868a378 7654b6ead834420283d6e937b868a378] 10.0.0.172 "GET /resource_providers/d31a9fc5-bd6b-4247-8ef9-a0f4e8a0e1c2/aggregates" status: 404 len: 235 microversion: 1.1
2026-06-02 22:43:53.795 7 INFO placement.requestlog [None req-1cb03b10-a9f4-4e23-ade3-2e74d7d63279 11b15c30169f48439e7598cdac8d2fca 7334dce2598b4df583fe649cf13ae46a - - 7654b6ead834420283d6e937b868a378 7654b6ead834420283d6e937b868a378] 10.0.0.172 "GET /resource_providers/d31a9fc5-bd6b-4247-8ef9-a0f4e8a0e1c2/aggregates" status: 404 len: 235 microversion: 1.1 [pid: 8|app: 0|req: 427/853] 10.0.0.172 () {32 vars in 816 bytes} [Tue Jun 2 22:43:53 2026] GET /resource_providers/d31a9fc5-bd6b-4247-8ef9-a0f4e8a0e1c2/aggregates => generated 235 bytes in 12 msecs (HTTP/1.1 404) 5 headers in 202 bytes (1 switches on core 0) [pid: 7|app: 0|req: 427/854] 10.0.0.172 () {32 vars in 816 bytes} [Tue Jun 2 22:43:53 2026] GET /resource_providers/d31a9fc5-bd6b-4247-8ef9-a0f4e8a0e1c2/aggregates => generated 235 bytes in 13 msecs (HTTP/1.1 404) 5 headers in 202 bytes (1 switches on core 0)
2026-06-02 22:43:53.824 7 INFO placement.requestlog [None req-a062f1de-ef12-4918-ac25-96cd2005ff38 11b15c30169f48439e7598cdac8d2fca 7334dce2598b4df583fe649cf13ae46a - - 7654b6ead834420283d6e937b868a378 7654b6ead834420283d6e937b868a378] 10.0.0.172 "DELETE /resource_providers/d31a9fc5-bd6b-4247-8ef9-a0f4e8a0e1c2" status: 404 len: 246 microversion: 1.1 [pid: 7|app: 0|req: 428/855] 10.0.0.172 () {34 vars in 816 bytes} [Tue Jun 2 22:43:53 2026] DELETE /resource_providers/d31a9fc5-bd6b-4247-8ef9-a0f4e8a0e1c2 => generated 246 bytes in 10 msecs (HTTP/1.1 404) 6 headers in 231 bytes (1 switches on core 0)
2026-06-02 22:43:53.827 8 INFO placement.requestlog [None req-6336d5e9-6dc9-40eb-92b5-feac8aba127c 11b15c30169f48439e7598cdac8d2fca 7334dce2598b4df583fe649cf13ae46a - - 7654b6ead834420283d6e937b868a378 7654b6ead834420283d6e937b868a378] 10.0.0.172 "DELETE /resource_providers/d31a9fc5-bd6b-4247-8ef9-a0f4e8a0e1c2" status: 404 len: 246 microversion: 1.1 [pid: 8|app: 0|req: 428/856] 10.0.0.172 () {34 vars in 816 bytes} [Tue Jun 2 22:43:53 2026] DELETE /resource_providers/d31a9fc5-bd6b-4247-8ef9-a0f4e8a0e1c2 => generated 246 bytes in 13 msecs (HTTP/1.1 404) 6 headers in 231 bytes (1 switches on core 0)
2026-06-02 22:43:58.693 7 INFO placement.requestlog [None req-2f6aa088-395f-40b0-95b4-8fc948f1b9c3 - - - - - -] 10.0.0.206 "GET /" status: 200 len: 136 microversion: 1.0
2026-06-02 22:43:58.694 8 INFO placement.requestlog [None req-ab542eda-bea0-423d-a0a7-a2ccb16657af - - - - - -] 10.0.0.206 "GET /" status: 200 len: 136 microversion: 1.0
2026-06-02 22:44:01.806 7 INFO placement.requestlog [req-8711a271-b624-4bd7-89c2-b7149d467587 req-3314dc54-6bb7-4464-8ea5-7f90860fb4ce 793a38b6b2404a0ea2db5eca508a34c9 7334dce2598b4df583fe649cf13ae46a - - 7654b6ead834420283d6e937b868a378 7654b6ead834420283d6e937b868a378] 10.0.0.19 "GET /allocation_candidates?limit=1000&resources=DISK_GB%3A1%2CMEMORY_MB%3A512%2CVCPU%3A1&root_required=%21COMPUTE_STATUS_DISABLED" status: 200 len: 2643 microversion: 1.36 [pid: 7|app: 0|req: 430/859] 10.0.0.19 () {34 vars in 1011 bytes} [Tue Jun 2 22:44:01 2026] GET /allocation_candidates?limit=1000&resources=DISK_GB%3A1%2CMEMORY_MB%3A512%2CVCPU%3A1&root_required=%21COMPUTE_STATUS_DISABLED => generated 2643 bytes in 48 msecs (HTTP/1.1 200) 8 headers in 297 bytes (1 switches on core 0)
2026-06-02 22:44:01.834 8 INFO placement.requestlog [req-8711a271-b624-4bd7-89c2-b7149d467587 req-f87eb1a5-82d1-4b37-a41d-7243d48943cd 793a38b6b2404a0ea2db5eca508a34c9 7334dce2598b4df583fe649cf13ae46a - - 7654b6ead834420283d6e937b868a378 7654b6ead834420283d6e937b868a378] 10.0.0.19 "GET /allocations/6e3e08d6-e3bd-4d68-be9a-cbce37632c1e" status: 200 len: 19 microversion: 1.28 [pid: 8|app: 0|req: 430/860] 10.0.0.19 () {34 vars in 860 bytes} [Tue Jun 2 22:44:01 2026] GET /allocations/6e3e08d6-e3bd-4d68-be9a-cbce37632c1e => generated 19 bytes in 10 msecs (HTTP/1.1 200) 8 headers in 295 bytes (1 switches on core 0)
