+ COMMAND=start + start + exec neutron-rpc-server --config-file /etc/neutron/neutron.conf --config-file /etc/neutron/plugins/ml2/ml2_conf.ini 2 RLock(s) were not greened, to fix this error make sure you run eventlet.monkey_patch() before importing any other modules. /var/lib/openstack/lib/python3.12/site-packages/pecan/core.py:320: SyntaxWarning: invalid escape sequence '\*' ''' /var/lib/openstack/lib/python3.12/site-packages/pecan/routing.py:48: SyntaxWarning: invalid escape sequence '\(' '^[0-9a-zA-Z-_$\(\)\.~!,;:*+@=]+$', route
2026-05-19 13:57:22.376 1 INFO neutron.common.config [-] Logging enabled!
2026-05-19 13:57:22.376 1 INFO neutron.common.config [-] /var/lib/openstack/bin/neutron-rpc-server version 25.2.4.dev2
2026-05-19 13:57:22.376 1 INFO neutron.server.rpc_eventlet [-] Eventlet based AMQP RPC server starting...
2026-05-19 13:57:22.377 1 INFO neutron.manager [-] Loading core plugin: ml2
2026-05-19 13:57:23.448 1 INFO neutron.plugins.ml2.managers [-] Configured type driver names: ['flat', 'gre', 'vlan', 'vxlan']
2026-05-19 13:57:23.526 1 INFO neutron.plugins.ml2.drivers.type_flat [-] Arbitrary flat physical_network names allowed
2026-05-19 13:57:23.530 1 INFO neutron.plugins.ml2.drivers.type_vlan [-] Network VLAN ranges: OrderedDict({'external': [(1, 4094)]})
2026-05-19 13:57:23.531 1 INFO neutron.plugins.ml2.managers [-] Loaded type driver names: ['flat', 'gre', 'vlan', 'vxlan']
2026-05-19 13:57:23.531 1 INFO neutron.plugins.ml2.managers [-] Registered types: dict_keys(['flat', 'gre', 'vlan', 'vxlan'])
2026-05-19 13:57:23.531 1 INFO neutron.plugins.ml2.managers [-] Tenant network_types: ['vxlan']
2026-05-19 13:57:23.531 1 INFO neutron.plugins.ml2.managers [-] Configured extension driver names: ['dns_domain_ports', 'port_security', 'qos']
2026-05-19 13:57:23.538 1 INFO neutron.plugins.ml2.managers [-] Loaded extension driver names: ['dns_domain_ports', 'port_security', 'qos']
2026-05-19 13:57:23.538 1 INFO neutron.plugins.ml2.managers [-] Registered extension drivers: ['dns_domain_ports', 'port_security', 'qos']
2026-05-19 13:57:23.538 1 INFO neutron.plugins.ml2.managers [-] Configured mechanism driver names: ['openvswitch', 'l2population']
2026-05-19 13:57:23.563 1 INFO neutron.plugins.ml2.drivers.mech_agent [-] Open vSwitch agent's supported_vnic_types: ['normal', 'direct', 'smart-nic', 'vdpa']
2026-05-19 13:57:23.564 1 INFO neutron.plugins.ml2.managers [-] Loaded mechanism driver names: ['openvswitch', 'l2population']
2026-05-19 13:57:23.564 1 INFO neutron.plugins.ml2.managers [-] Registered mechanism drivers: ['openvswitch', 'l2population']
2026-05-19 13:57:23.595 1 INFO neutron.plugins.ml2.managers [-] Initializing driver for type 'flat'
2026-05-19 13:57:23.595 1 INFO neutron.plugins.ml2.drivers.type_flat [-] ML2 FlatTypeDriver initialization complete
2026-05-19 13:57:23.596 1 INFO neutron.plugins.ml2.managers [-] Initializing driver for type 'gre'
2026-05-19 13:57:23.596 1 INFO neutron.plugins.ml2.drivers.type_tunnel [-] gre ID ranges: [(1, 1000)]
2026-05-19 13:57:23.987 1 INFO neutron.plugins.ml2.managers [None req-c0a4413b-8793-41b7-bc78-b1b6694a865b - - - - - -] Initializing driver for type 'vlan'
2026-05-19 13:57:24.440 1 INFO neutron.plugins.ml2.drivers.type_vlan [None req-c0a4413b-8793-41b7-bc78-b1b6694a865b - - - - - -] VlanTypeDriver initialization complete
2026-05-19 13:57:24.440 1 INFO neutron.plugins.ml2.managers [None req-c0a4413b-8793-41b7-bc78-b1b6694a865b - - - - - -] Initializing driver for type 'vxlan'
2026-05-19 13:57:24.441 1 INFO neutron.plugins.ml2.drivers.type_tunnel [None req-c0a4413b-8793-41b7-bc78-b1b6694a865b - - - - - -] vxlan ID ranges: [(1, 1000)]
2026-05-19 13:57:24.493 1 INFO neutron.plugins.ml2.managers [None req-c0a4413b-8793-41b7-bc78-b1b6694a865b - - - - - -] Initializing extension driver 'dns_domain_ports'
2026-05-19 13:57:24.493 1 INFO neutron.plugins.ml2.extensions.dns_integration [None req-c0a4413b-8793-41b7-bc78-b1b6694a865b - - - - - -] DNSDomainPortsExtensionDriver initialization complete
2026-05-19 13:57:24.493 1 INFO neutron.plugins.ml2.managers [None req-c0a4413b-8793-41b7-bc78-b1b6694a865b - - - - - -] Initializing extension driver 'port_security'
2026-05-19 13:57:24.494 1 INFO neutron.plugins.ml2.extensions.port_security [None req-c0a4413b-8793-41b7-bc78-b1b6694a865b - - - - - -] PortSecurityExtensionDriver initialization complete
2026-05-19 13:57:24.494 1 INFO neutron.plugins.ml2.managers [None req-c0a4413b-8793-41b7-bc78-b1b6694a865b - - - - - -] Initializing extension driver 'qos'
2026-05-19 13:57:24.494 1 INFO neutron.plugins.ml2.managers [None req-c0a4413b-8793-41b7-bc78-b1b6694a865b - - - - - -] Initializing mechanism driver 'openvswitch'
2026-05-19 13:57:24.495 1 INFO neutron.plugins.ml2.managers [None req-c0a4413b-8793-41b7-bc78-b1b6694a865b - - - - - -] Initializing mechanism driver 'l2population'
2026-05-19 13:57:24.510 1 INFO neutron.quota [None req-ba42a33f-ddc0-47be-bc89-e1d9dc2a595e - - - - - -] Loaded quota_driver: .
2026-05-19 13:57:24.510 1 INFO neutron.plugins.ml2.plugin [None req-ba42a33f-ddc0-47be-bc89-e1d9dc2a595e - - - - - -] Modular L2 Plugin initialization complete
2026-05-19 13:57:24.510 1 INFO neutron.plugins.ml2.managers [None req-ba42a33f-ddc0-47be-bc89-e1d9dc2a595e - - - - - -] Got dns-integration extension from driver 'dns_domain_ports'
2026-05-19 13:57:24.510 1 INFO neutron.plugins.ml2.managers [None req-ba42a33f-ddc0-47be-bc89-e1d9dc2a595e - - - - - -] Got dns-domain-ports extension from driver 'dns_domain_ports'
2026-05-19 13:57:24.510 1 INFO neutron.plugins.ml2.managers [None req-ba42a33f-ddc0-47be-bc89-e1d9dc2a595e - - - - - -] Got port-security extension from driver 'port_security'
2026-05-19 13:57:24.511 1 INFO neutron.extensions.vlantransparent [None req-ba42a33f-ddc0-47be-bc89-e1d9dc2a595e - - - - - -] Disabled vlantransparent extension.
2026-05-19 13:57:24.511 1 INFO neutron.manager [None req-ba42a33f-ddc0-47be-bc89-e1d9dc2a595e - - - - - -] Loading Plugin: qos
2026-05-19 13:57:24.522 1 INFO neutron.manager [None req-ba42a33f-ddc0-47be-bc89-e1d9dc2a595e - - - - - -] Loading Plugin: router
2026-05-19 13:57:24.560 1 INFO neutron.services.service_base [None req-ba42a33f-ddc0-47be-bc89-e1d9dc2a595e - - - - - -] Default provider is not specified for service type L3_ROUTER_NAT
2026-05-19 13:57:24.561 1 INFO neutron.manager [None req-ba42a33f-ddc0-47be-bc89-e1d9dc2a595e - - - - - -] Loading Plugin: segments
2026-05-19 13:57:24.629 1 INFO neutron.manager [None req-ba42a33f-ddc0-47be-bc89-e1d9dc2a595e - - - - - -] Loading Plugin: trunk
2026-05-19 13:57:24.643 1 INFO neutron.manager [None req-ba42a33f-ddc0-47be-bc89-e1d9dc2a595e - - - - - -] Loading Plugin: vpnaas
2026-05-19 13:57:24.675 1 WARNING stevedore.named [None req-ba42a33f-ddc0-47be-bc89-e1d9dc2a595e - - - - - -] Could not load neutron_vpnaas.services.vpn.service_drivers.ipsec.IPsecVPNDriver
2026-05-19 13:57:24.770 1 INFO neutron_vpnaas.services.vpn.plugin [None req-ba42a33f-ddc0-47be-bc89-e1d9dc2a595e - - - - - -] VPN plugin using service drivers: dict_keys(['strongswan']), default: strongswan
2026-05-19 13:57:24.770 1 INFO neutron.common.utils [None req-ba42a33f-ddc0-47be-bc89-e1d9dc2a595e - - - - - -] Disable filter validation extension by service plugin VPNDriverPlugin.
2026-05-19 13:57:24.770 1 INFO neutron.manager [None req-ba42a33f-ddc0-47be-bc89-e1d9dc2a595e - - - - - -] Loading Plugin: auto_allocate
2026-05-19 13:57:24.776 1 INFO neutron.manager [None req-ba42a33f-ddc0-47be-bc89-e1d9dc2a595e - - - - - -] Loading Plugin: tag
2026-05-19 13:57:24.782 1 INFO neutron.manager [None req-ba42a33f-ddc0-47be-bc89-e1d9dc2a595e - - - - - -] Loading Plugin: timestamp
2026-05-19 13:57:24.784 1 INFO neutron.manager [None req-ba42a33f-ddc0-47be-bc89-e1d9dc2a595e - - - - - -] Loading Plugin: network_ip_availability
2026-05-19 13:57:24.788 1 INFO neutron.manager [None req-ba42a33f-ddc0-47be-bc89-e1d9dc2a595e - - - - - -] Loading Plugin: flavors
2026-05-19 13:57:24.791 1 INFO neutron.manager [None req-ba42a33f-ddc0-47be-bc89-e1d9dc2a595e - - - - - -] Loading Plugin: revisions
2026-05-19 13:57:24.794 1 INFO neutron.api.extensions [None req-ba42a33f-ddc0-47be-bc89-e1d9dc2a595e - - - - - -] Initializing extension manager.
2026-05-19 13:57:24.795 1 INFO neutron.api.extensions [None req-ba42a33f-ddc0-47be-bc89-e1d9dc2a595e - - - - - -] Loaded extension: address-group
2026-05-19 13:57:24.796 1 INFO neutron.api.extensions [None req-ba42a33f-ddc0-47be-bc89-e1d9dc2a595e - - - - - -] Loaded extension: address-scope
2026-05-19 13:57:24.796 1 INFO neutron.api.extensions [None req-ba42a33f-ddc0-47be-bc89-e1d9dc2a595e - - - - - -] Loaded extension: router-admin-state-down-before-update
2026-05-19 13:57:24.797 1 INFO neutron.api.extensions [None req-ba42a33f-ddc0-47be-bc89-e1d9dc2a595e - - - - - -] Loaded extension: agent
2026-05-19 13:57:24.798 1 INFO neutron.api.extensions [None req-ba42a33f-ddc0-47be-bc89-e1d9dc2a595e - - - - - -] Loaded extension: agent-resources-synced
2026-05-19 13:57:24.799 1 INFO neutron.api.extensions [None req-ba42a33f-ddc0-47be-bc89-e1d9dc2a595e - - - - - -] Loaded extension: allowed-address-pairs
2026-05-19 13:57:24.799 1 INFO neutron.api.extensions [None req-ba42a33f-ddc0-47be-bc89-e1d9dc2a595e - - - - - -] Loaded extension: auto-allocated-topology
2026-05-19 13:57:24.800 1 INFO neutron.api.extensions [None req-ba42a33f-ddc0-47be-bc89-e1d9dc2a595e - - - - - -] Loaded extension: availability_zone
2026-05-19 13:57:24.800 1 INFO neutron.api.extensions [None req-ba42a33f-ddc0-47be-bc89-e1d9dc2a595e - - - - - -] Loaded extension: availability_zone_filter
2026-05-19 13:57:24.801 1 INFO neutron.api.extensions [None req-ba42a33f-ddc0-47be-bc89-e1d9dc2a595e - - - - - -] Extension data-plane-status not supported by any of loaded plugins
2026-05-19 13:57:24.801 1 INFO neutron.api.extensions [None req-ba42a33f-ddc0-47be-bc89-e1d9dc2a595e - - - - - -] Loaded extension: default-subnetpools
2026-05-19 13:57:24.803 1 INFO neutron.api.extensions [None req-ba42a33f-ddc0-47be-bc89-e1d9dc2a595e - - - - - -] Loaded extension: dhcp_agent_scheduler
2026-05-19 13:57:24.803 1 INFO neutron.api.extensions [None req-ba42a33f-ddc0-47be-bc89-e1d9dc2a595e - - - - - -] Loaded extension: dns-integration
2026-05-19 13:57:24.804 1 INFO neutron.api.extensions [None req-ba42a33f-ddc0-47be-bc89-e1d9dc2a595e - - - - - -] Loaded extension: dns-domain-ports
2026-05-19 13:57:24.804 1 INFO neutron.api.extensions [None req-ba42a33f-ddc0-47be-bc89-e1d9dc2a595e - - - - - -] Extension dns-integration-domain-keywords not supported by any of loaded plugins
2026-05-19 13:57:24.805 1 INFO neutron.api.extensions [None req-ba42a33f-ddc0-47be-bc89-e1d9dc2a595e - - - - - -] Loaded extension: dvr
2026-05-19 13:57:24.805 1 INFO neutron.api.extensions [None req-ba42a33f-ddc0-47be-bc89-e1d9dc2a595e - - - - - -] Extension ecmp_routes not supported by any of loaded plugins
2026-05-19 13:57:24.805 1 INFO neutron.api.extensions [None req-ba42a33f-ddc0-47be-bc89-e1d9dc2a595e - - - - - -] Loaded extension: empty-string-filtering
2026-05-19 13:57:24.806 1 INFO neutron.api.extensions [None req-ba42a33f-ddc0-47be-bc89-e1d9dc2a595e - - - - - -] Extension expose-l3-conntrack-helper not supported by any of loaded plugins
2026-05-19 13:57:24.806 1 INFO neutron.api.extensions [None req-ba42a33f-ddc0-47be-bc89-e1d9dc2a595e - - - - - -] Extension expose-port-forwarding-in-fip not supported by any of loaded plugins
2026-05-19 13:57:24.807 1 INFO neutron.api.extensions [None req-ba42a33f-ddc0-47be-bc89-e1d9dc2a595e - - - - - -] Loaded extension: external-net
2026-05-19 13:57:24.807 1 INFO neutron.api.extensions [None req-ba42a33f-ddc0-47be-bc89-e1d9dc2a595e - - - - - -] Loaded extension: extra_dhcp_opt
2026-05-19 13:57:24.808 1 INFO neutron.api.extensions [None req-ba42a33f-ddc0-47be-bc89-e1d9dc2a595e - - - - - -] Loaded extension: extraroute
2026-05-19 13:57:24.808 1 INFO neutron.api.extensions [None req-ba42a33f-ddc0-47be-bc89-e1d9dc2a595e - - - - - -] Loaded extension: extraroute-atomic
2026-05-19 13:57:24.809 1 INFO neutron.api.extensions [None req-ba42a33f-ddc0-47be-bc89-e1d9dc2a595e - - - - - -] Extension filter-validation not supported by any of loaded plugins
2026-05-19 13:57:24.809 1 INFO neutron.api.extensions [None req-ba42a33f-ddc0-47be-bc89-e1d9dc2a595e - - - - - -] Extension floating-ip-port-forwarding-description not supported by any of loaded plugins
2026-05-19 13:57:24.810 1 INFO neutron.api.extensions [None req-ba42a33f-ddc0-47be-bc89-e1d9dc2a595e - - - - - -] Loaded extension: floating-ip-port-forwarding-detail
2026-05-19 13:57:24.810 1 INFO neutron.api.extensions [None req-ba42a33f-ddc0-47be-bc89-e1d9dc2a595e - - - - - -] Extension floating-ip-port-forwarding-port-ranges not supported by any of loaded plugins
2026-05-19 13:57:24.811 1 INFO neutron.api.extensions [None req-ba42a33f-ddc0-47be-bc89-e1d9dc2a595e - - - - - -] Loaded extension: fip-port-details
2026-05-19 13:57:24.811 1 INFO neutron.api.extensions [None req-ba42a33f-ddc0-47be-bc89-e1d9dc2a595e - - - - - -] Loaded extension: flavors
2026-05-19 13:57:24.812 1 INFO neutron.api.extensions [None req-ba42a33f-ddc0-47be-bc89-e1d9dc2a595e - - - - - -] Extension floating-ip-port-forwarding not supported by any of loaded plugins
2026-05-19 13:57:24.813 1 INFO neutron.api.extensions [None req-ba42a33f-ddc0-47be-bc89-e1d9dc2a595e - - - - - -] Loaded extension: floatingip-pools
2026-05-19 13:57:24.814 1 INFO neutron.api.extensions [None req-ba42a33f-ddc0-47be-bc89-e1d9dc2a595e - - - - - -] Loaded extension: ip_allocation
2026-05-19 13:57:24.814 1 INFO neutron.api.extensions [None req-ba42a33f-ddc0-47be-bc89-e1d9dc2a595e - - - - - -] Loaded extension: ip-substring-filtering
2026-05-19 13:57:24.815 1 INFO neutron.api.extensions [None req-ba42a33f-ddc0-47be-bc89-e1d9dc2a595e - - - - - -] Loaded extension: l2_adjacency
2026-05-19 13:57:24.816 1 INFO neutron.api.extensions [None req-ba42a33f-ddc0-47be-bc89-e1d9dc2a595e - - - - - -] Loaded extension: router
2026-05-19 13:57:24.819 1 INFO neutron.api.extensions [None req-ba42a33f-ddc0-47be-bc89-e1d9dc2a595e - - - - - -] Extension l3-conntrack-helper not supported by any of loaded plugins
2026-05-19 13:57:24.820 1 INFO neutron.api.extensions [None req-ba42a33f-ddc0-47be-bc89-e1d9dc2a595e - - - - - -] Extension enable-default-route-bfd not supported by any of loaded plugins
2026-05-19 13:57:24.820 1 INFO neutron.api.extensions [None req-ba42a33f-ddc0-47be-bc89-e1d9dc2a595e - - - - - -] Extension enable-default-route-ecmp not supported by any of loaded plugins
2026-05-19 13:57:24.821 1 INFO neutron.api.extensions [None req-ba42a33f-ddc0-47be-bc89-e1d9dc2a595e - - - - - -] Loaded extension: ext-gw-mode
2026-05-19 13:57:24.821 1 INFO neutron.api.extensions [None req-ba42a33f-ddc0-47be-bc89-e1d9dc2a595e - - - - - -] Loaded extension: l3-ha
2026-05-19 13:57:24.821 1 INFO neutron.api.extensions [None req-ba42a33f-ddc0-47be-bc89-e1d9dc2a595e - - - - - -] Extension l3-ext-ndp-proxy not supported by any of loaded plugins
2026-05-19 13:57:24.822 1 INFO neutron.api.extensions [None req-ba42a33f-ddc0-47be-bc89-e1d9dc2a595e - - - - - -] Extension external-gateway-multihoming not supported by any of loaded plugins
2026-05-19 13:57:24.822 1 INFO neutron.api.extensions [None req-ba42a33f-ddc0-47be-bc89-e1d9dc2a595e - - - - - -] Loaded extension: l3-flavors
2026-05-19 13:57:24.823 1 INFO neutron.api.extensions [None req-ba42a33f-ddc0-47be-bc89-e1d9dc2a595e - - - - - -] Extension l3-ndp-proxy not supported by any of loaded plugins
2026-05-19 13:57:24.824 1 INFO neutron.api.extensions [None req-ba42a33f-ddc0-47be-bc89-e1d9dc2a595e - - - - - -] Loaded extension: l3-port-ip-change-not-allowed
2026-05-19 13:57:24.825 1 INFO neutron.api.extensions [None req-ba42a33f-ddc0-47be-bc89-e1d9dc2a595e - - - - - -] Loaded extension: l3_agent_scheduler
2026-05-19 13:57:24.826 1 INFO neutron.api.extensions [None req-ba42a33f-ddc0-47be-bc89-e1d9dc2a595e - - - - - -] Extension local_ip not supported by any of loaded plugins
2026-05-19 13:57:24.827 1 INFO neutron.api.extensions [None req-ba42a33f-ddc0-47be-bc89-e1d9dc2a595e - - - - - -] Extension logging not supported by any of loaded plugins
2026-05-19 13:57:24.828 1 INFO neutron.api.extensions [None req-ba42a33f-ddc0-47be-bc89-e1d9dc2a595e - - - - - -] Extension metering not supported by any of loaded plugins
2026-05-19 13:57:24.829 1 INFO neutron.api.extensions [None req-ba42a33f-ddc0-47be-bc89-e1d9dc2a595e - - - - - -] Extension metering_source_and_destination_fields not supported by any of loaded plugins
2026-05-19 13:57:24.829 1 INFO neutron.api.extensions [None req-ba42a33f-ddc0-47be-bc89-e1d9dc2a595e - - - - - -] Loaded extension: multi-provider
2026-05-19 13:57:24.830 1 INFO neutron.api.extensions [None req-ba42a33f-ddc0-47be-bc89-e1d9dc2a595e - - - - - -] Loaded extension: net-mtu
2026-05-19 13:57:24.830 1 INFO neutron.api.extensions [None req-ba42a33f-ddc0-47be-bc89-e1d9dc2a595e - - - - - -] Loaded extension: net-mtu-writable
2026-05-19 13:57:24.831 1 INFO neutron.api.extensions [None req-ba42a33f-ddc0-47be-bc89-e1d9dc2a595e - - - - - -] Loaded extension: network_availability_zone
2026-05-19 13:57:24.831 1 INFO neutron.api.extensions [None req-ba42a33f-ddc0-47be-bc89-e1d9dc2a595e - - - - - -] Loaded extension: network_ha
2026-05-19 13:57:24.832 1 INFO neutron.api.extensions [None req-ba42a33f-ddc0-47be-bc89-e1d9dc2a595e - - - - - -] Loaded extension: network-ip-availability
2026-05-19 13:57:24.833 1 INFO neutron.api.extensions [None req-ba42a33f-ddc0-47be-bc89-e1d9dc2a595e - - - - - -] Extension network-segment-range not supported by any of loaded plugins
2026-05-19 13:57:24.833 1 INFO neutron.api.extensions [None req-ba42a33f-ddc0-47be-bc89-e1d9dc2a595e - - - - - -] Loaded extension: pagination
2026-05-19 13:57:24.833 1 INFO neutron.api.extensions [None req-ba42a33f-ddc0-47be-bc89-e1d9dc2a595e - - - - - -] Loaded extension: port-device-profile
2026-05-19 13:57:24.834 1 INFO neutron.api.extensions [None req-ba42a33f-ddc0-47be-bc89-e1d9dc2a595e - - - - - -] Extension port-hardware-offload-type not supported by any of loaded plugins
2026-05-19 13:57:24.834 1 INFO neutron.api.extensions [None req-ba42a33f-ddc0-47be-bc89-e1d9dc2a595e - - - - - -] Extension port-hint-ovs-tx-steering not supported by any of loaded plugins
2026-05-19 13:57:24.835 1 INFO neutron.api.extensions [None req-ba42a33f-ddc0-47be-bc89-e1d9dc2a595e - - - - - -] Extension port-hints not supported by any of loaded plugins
2026-05-19 13:57:24.835 1 INFO neutron.api.extensions [None req-ba42a33f-ddc0-47be-bc89-e1d9dc2a595e - - - - - -] Loaded extension: port-mac-override
2026-05-19 13:57:24.836 1 INFO neutron.api.extensions [None req-ba42a33f-ddc0-47be-bc89-e1d9dc2a595e - - - - - -] Loaded extension: port-mac-address-regenerate
2026-05-19 13:57:24.836 1 INFO neutron.api.extensions [None req-ba42a33f-ddc0-47be-bc89-e1d9dc2a595e - - - - - -] Loaded extension: port-numa-affinity-policy
2026-05-19 13:57:24.836 1 INFO neutron.api.extensions [None req-ba42a33f-ddc0-47be-bc89-e1d9dc2a595e - - - - - -] Loaded extension: port-numa-affinity-policy-socket
2026-05-19 13:57:24.837 1 INFO neutron.api.extensions [None req-ba42a33f-ddc0-47be-bc89-e1d9dc2a595e - - - - - -] Loaded extension: port-resource-request
2026-05-19 13:57:24.837 1 INFO neutron.api.extensions [None req-ba42a33f-ddc0-47be-bc89-e1d9dc2a595e - - - - - -] Loaded extension: port-resource-request-groups
2026-05-19 13:57:24.838 1 INFO neutron.api.extensions [None req-ba42a33f-ddc0-47be-bc89-e1d9dc2a595e - - - - - -] Extension port-trusted-vif not supported by any of loaded plugins
2026-05-19 13:57:24.839 1 INFO neutron.api.extensions [None req-ba42a33f-ddc0-47be-bc89-e1d9dc2a595e - - - - - -] Loaded extension: binding
2026-05-19 13:57:24.839 1 INFO neutron.api.extensions [None req-ba42a33f-ddc0-47be-bc89-e1d9dc2a595e - - - - - -] Loaded extension: binding-extended
2026-05-19 13:57:24.840 1 INFO neutron.api.extensions [None req-ba42a33f-ddc0-47be-bc89-e1d9dc2a595e - - - - - -] Loaded extension: port-security
2026-05-19 13:57:24.840 1 INFO neutron.api.extensions [None req-ba42a33f-ddc0-47be-bc89-e1d9dc2a595e - - - - - -] Loaded extension: project-id
2026-05-19 13:57:24.841 1 INFO neutron.api.extensions [None req-ba42a33f-ddc0-47be-bc89-e1d9dc2a595e - - - - - -] Loaded extension: provider
2026-05-19 13:57:24.842 1 INFO neutron.api.extensions [None req-ba42a33f-ddc0-47be-bc89-e1d9dc2a595e - - - - - -] Loaded extension: qos
2026-05-19 13:57:24.843 1 INFO neutron.api.extensions [None req-ba42a33f-ddc0-47be-bc89-e1d9dc2a595e - - - - - -] Loaded extension: qos-bw-limit-direction
2026-05-19 13:57:24.843 1 INFO neutron.api.extensions [None req-ba42a33f-ddc0-47be-bc89-e1d9dc2a595e - - - - - -] Loaded extension: qos-bw-minimum-ingress
2026-05-19 13:57:24.844 1 INFO neutron.api.extensions [None req-ba42a33f-ddc0-47be-bc89-e1d9dc2a595e - - - - - -] Loaded extension: qos-default
2026-05-19 13:57:24.844 1 INFO neutron.api.extensions [None req-ba42a33f-ddc0-47be-bc89-e1d9dc2a595e - - - - - -] Loaded extension: qos-fip
2026-05-19 13:57:24.845 1 INFO neutron.api.extensions [None req-ba42a33f-ddc0-47be-bc89-e1d9dc2a595e - - - - - -] Extension qos-fip-network-policy not supported by any of loaded plugins
2026-05-19 13:57:24.845 1 INFO neutron.api.extensions [None req-ba42a33f-ddc0-47be-bc89-e1d9dc2a595e - - - - - -] Loaded extension: qos-gateway-ip
2026-05-19 13:57:24.846 1 INFO neutron.api.extensions [None req-ba42a33f-ddc0-47be-bc89-e1d9dc2a595e - - - - - -] Loaded extension: qos-port-network-policy
2026-05-19 13:57:24.846 1 INFO neutron.api.extensions [None req-ba42a33f-ddc0-47be-bc89-e1d9dc2a595e - - - - - -] Loaded extension: qos-pps-minimum
2026-05-19 13:57:24.847 1 INFO neutron.api.extensions [None req-ba42a33f-ddc0-47be-bc89-e1d9dc2a595e - - - - - -] Loaded extension: qos-pps-minimum-rule-alias
2026-05-19 13:57:24.847 1 INFO neutron.api.extensions [None req-ba42a33f-ddc0-47be-bc89-e1d9dc2a595e - - - - - -] Loaded extension: qos-pps
2026-05-19 13:57:24.848 1 INFO neutron.api.extensions [None req-ba42a33f-ddc0-47be-bc89-e1d9dc2a595e - - - - - -] Loaded extension: qos-rule-type-details
2026-05-19 13:57:24.848 1 INFO neutron.api.extensions [None req-ba42a33f-ddc0-47be-bc89-e1d9dc2a595e - - - - - -] Loaded extension: qos-rule-type-filter
2026-05-19 13:57:24.849 1 INFO neutron.api.extensions [None req-ba42a33f-ddc0-47be-bc89-e1d9dc2a595e - - - - - -] Loaded extension: qos-rules-alias
2026-05-19 13:57:24.850 1 INFO neutron.api.extensions [None req-ba42a33f-ddc0-47be-bc89-e1d9dc2a595e - - - - - -] Loaded extension: quota-check-limit
2026-05-19 13:57:24.852 1 INFO neutron.api.extensions [None req-ba42a33f-ddc0-47be-bc89-e1d9dc2a595e - - - - - -] Loaded extension: quotas
2026-05-19 13:57:24.854 1 INFO neutron.api.extensions [None req-ba42a33f-ddc0-47be-bc89-e1d9dc2a595e - - - - - -] Loaded extension: quota_details
2026-05-19 13:57:24.856 1 INFO neutron.api.extensions [None req-ba42a33f-ddc0-47be-bc89-e1d9dc2a595e - - - - - -] Loaded extension: rbac-policies
2026-05-19 13:57:24.856 1 INFO neutron.api.extensions [None req-ba42a33f-ddc0-47be-bc89-e1d9dc2a595e - - - - - -] Loaded extension: rbac-address-group
2026-05-19 13:57:24.857 1 INFO neutron.api.extensions [None req-ba42a33f-ddc0-47be-bc89-e1d9dc2a595e - - - - - -] Loaded extension: rbac-address-scope
2026-05-19 13:57:24.857 1 INFO neutron.api.extensions [None req-ba42a33f-ddc0-47be-bc89-e1d9dc2a595e - - - - - -] Loaded extension: rbac-security-groups
2026-05-19 13:57:24.857 1 INFO neutron.api.extensions [None req-ba42a33f-ddc0-47be-bc89-e1d9dc2a595e - - - - - -] Loaded extension: rbac-subnetpool
2026-05-19 13:57:24.858 1 INFO neutron.api.extensions [None req-ba42a33f-ddc0-47be-bc89-e1d9dc2a595e - - - - - -] Loaded extension: revision-if-match
2026-05-19 13:57:24.859 1 INFO neutron.api.extensions [None req-ba42a33f-ddc0-47be-bc89-e1d9dc2a595e - - - - - -] Loaded extension: standard-attr-revisions
2026-05-19 13:57:24.859 1 INFO neutron.api.extensions [None req-ba42a33f-ddc0-47be-bc89-e1d9dc2a595e - - - - - -] Loaded extension: router_availability_zone
2026-05-19 13:57:24.859 1 INFO neutron.api.extensions [None req-ba42a33f-ddc0-47be-bc89-e1d9dc2a595e - - - - - -] Extension router-service-type not supported by any of loaded plugins
2026-05-19 13:57:24.861 1 INFO neutron.api.extensions [None req-ba42a33f-ddc0-47be-bc89-e1d9dc2a595e - - - - - -] Loaded extension: security-groups-default-rules
2026-05-19 13:57:24.861 1 INFO neutron.api.extensions [None req-ba42a33f-ddc0-47be-bc89-e1d9dc2a595e - - - - - -] Loaded extension: security-groups-normalized-cidr
2026-05-19 13:57:24.862 1 INFO neutron.api.extensions [None req-ba42a33f-ddc0-47be-bc89-e1d9dc2a595e - - - - - -] Loaded extension: port-security-groups-filtering
2026-05-19 13:57:24.862 1 INFO neutron.api.extensions [None req-ba42a33f-ddc0-47be-bc89-e1d9dc2a595e - - - - - -] Loaded extension: security-groups-remote-address-group
2026-05-19 13:57:24.863 1 INFO neutron.api.extensions [None req-ba42a33f-ddc0-47be-bc89-e1d9dc2a595e - - - - - -] Loaded extension: security-groups-rules-belongs-to-default-sg
2026-05-19 13:57:24.863 1 INFO neutron.api.extensions [None req-ba42a33f-ddc0-47be-bc89-e1d9dc2a595e - - - - - -] Loaded extension: security-groups-shared-filtering
2026-05-19 13:57:24.867 1 INFO neutron.api.extensions [None req-ba42a33f-ddc0-47be-bc89-e1d9dc2a595e - - - - - -] Loaded extension: security-group
2026-05-19 13:57:24.868 1 INFO neutron.api.extensions [None req-ba42a33f-ddc0-47be-bc89-e1d9dc2a595e - - - - - -] Loaded extension: segment
2026-05-19 13:57:24.868 1 INFO neutron.api.extensions [None req-ba42a33f-ddc0-47be-bc89-e1d9dc2a595e - - - - - -] Loaded extension: segments-peer-subnet-host-routes
2026-05-19 13:57:24.869 1 INFO neutron.api.extensions [None req-ba42a33f-ddc0-47be-bc89-e1d9dc2a595e - - - - - -] Loaded extension: service-type
2026-05-19 13:57:24.869 1 INFO neutron.api.extensions [None req-ba42a33f-ddc0-47be-bc89-e1d9dc2a595e - - - - - -] Loaded extension: sorting
2026-05-19 13:57:24.870 1 INFO neutron.api.extensions [None req-ba42a33f-ddc0-47be-bc89-e1d9dc2a595e - - - - - -] Loaded extension: standard-attr-segment
2026-05-19 13:57:24.870 1 INFO neutron.api.extensions [None req-ba42a33f-ddc0-47be-bc89-e1d9dc2a595e - - - - - -] Loaded extension: standard-attr-description
2026-05-19 13:57:24.871 1 INFO neutron.api.extensions [None req-ba42a33f-ddc0-47be-bc89-e1d9dc2a595e - - - - - -] Loaded extension: stateful-security-group
2026-05-19 13:57:24.871 1 WARNING neutron.api.extensions [None req-ba42a33f-ddc0-47be-bc89-e1d9dc2a595e - - - - - -] Did not find expected name "Stdattrs_common" in /var/lib/openstack/lib/python3.12/site-packages/neutron/extensions/stdattrs_common.py
2026-05-19 13:57:24.871 1 INFO neutron.api.extensions [None req-ba42a33f-ddc0-47be-bc89-e1d9dc2a595e - - - - - -] Extension subnet-dns-publish-fixed-ip not supported by any of loaded plugins
2026-05-19 13:57:24.872 1 INFO neutron.api.extensions [None req-ba42a33f-ddc0-47be-bc89-e1d9dc2a595e - - - - - -] Loaded extension: subnet-external-network
2026-05-19 13:57:24.873 1 INFO neutron.api.extensions [None req-ba42a33f-ddc0-47be-bc89-e1d9dc2a595e - - - - - -] Loaded extension: subnet_onboard
2026-05-19 13:57:24.873 1 INFO neutron.api.extensions [None req-ba42a33f-ddc0-47be-bc89-e1d9dc2a595e - - - - - -] Loaded extension: subnet-segmentid-writable
2026-05-19 13:57:24.873 1 INFO neutron.api.extensions [None req-ba42a33f-ddc0-47be-bc89-e1d9dc2a595e - - - - - -] Loaded extension: subnet-service-types
2026-05-19 13:57:24.874 1 INFO neutron.api.extensions [None req-ba42a33f-ddc0-47be-bc89-e1d9dc2a595e - - - - - -] Loaded extension: subnet_allocation
2026-05-19 13:57:24.875 1 INFO neutron.api.extensions [None req-ba42a33f-ddc0-47be-bc89-e1d9dc2a595e - - - - - -] Loaded extension: subnetpool-prefix-ops
2026-05-19 13:57:24.875 1 INFO neutron.api.extensions [None req-ba42a33f-ddc0-47be-bc89-e1d9dc2a595e - - - - - -] Loaded extension: tag-creation
2026-05-19 13:57:24.876 1 INFO neutron.api.extensions [None req-ba42a33f-ddc0-47be-bc89-e1d9dc2a595e - - - - - -] Extension tag-ports-during-bulk-creation not supported by any of loaded plugins
2026-05-19 13:57:24.879 1 INFO neutron.api.extensions [None req-ba42a33f-ddc0-47be-bc89-e1d9dc2a595e - - - - - -] Loaded extension: standard-attr-tag
2026-05-19 13:57:24.879 1 INFO neutron.api.extensions [None req-ba42a33f-ddc0-47be-bc89-e1d9dc2a595e - - - - - -] Loaded extension: standard-attr-timestamp
2026-05-19 13:57:24.880 1 INFO neutron.api.extensions [None req-ba42a33f-ddc0-47be-bc89-e1d9dc2a595e - - - - - -] Loaded extension: trunk
2026-05-19 13:57:24.880 1 INFO neutron.api.extensions [None req-ba42a33f-ddc0-47be-bc89-e1d9dc2a595e - - - - - -] Loaded extension: trunk-details
2026-05-19 13:57:24.881 1 INFO neutron.api.extensions [None req-ba42a33f-ddc0-47be-bc89-e1d9dc2a595e - - - - - -] Extension uplink-status-propagation not supported by any of loaded plugins
2026-05-19 13:57:24.881 1 INFO neutron.api.extensions [None req-ba42a33f-ddc0-47be-bc89-e1d9dc2a595e - - - - - -] Extension vlan-transparent not supported by any of loaded plugins
2026-05-19 13:57:24.883 1 INFO neutron.api.extensions [None req-ba42a33f-ddc0-47be-bc89-e1d9dc2a595e - - - - - -] Extension vpn-agent-scheduler not supported by any of loaded plugins
2026-05-19 13:57:24.884 1 INFO neutron.api.extensions [None req-ba42a33f-ddc0-47be-bc89-e1d9dc2a595e - - - - - -] Loaded extension: vpn-endpoint-groups
2026-05-19 13:57:24.884 1 INFO neutron.api.extensions [None req-ba42a33f-ddc0-47be-bc89-e1d9dc2a595e - - - - - -] Loaded extension: vpn-flavors
2026-05-19 13:57:24.886 1 INFO neutron.api.extensions [None req-ba42a33f-ddc0-47be-bc89-e1d9dc2a595e - - - - - -] Loaded extension: vpnaas
2026-05-19 13:57:24.888 1 INFO oslo_service.service [None req-ba42a33f-ddc0-47be-bc89-e1d9dc2a595e - - - - - -] Starting 2 workers
2026-05-19 13:57:24.893 1 INFO oslo_service.service [None req-ba42a33f-ddc0-47be-bc89-e1d9dc2a595e - - - - - -] Starting 1 workers
2026-05-19 13:58:17.720 9 INFO neutron.db.l3_hamode_db [None req-f2f74614-ce50-4941-bad5-d7f687b6916d - - - - - -] Number of active agents lower than max_l3_agents_per_router. L3 agents available: 1
2026-05-19 13:58:27.877 9 INFO neutron.plugins.ml2.plugin [None req-6e58af97-b76d-42b2-8beb-5f7bc2c4167b - - - - - -] Attempt 1 to provision port 5b8f16bf-eda0-42aa-a127-d240ef15a0e2
2026-05-19 13:58:28.592 9 INFO neutron.plugins.ml2.plugin [None req-3b885aef-8143-469c-aa25-20ed2928f5b2 - - - - - -] Attempt 1 to provision port 5b8f16bf-eda0-42aa-a127-d240ef15a0e2
2026-05-19 13:58:29.804 9 INFO neutron.plugins.ml2.plugin [None req-6e58af97-b76d-42b2-8beb-5f7bc2c4167b - - - - - -] Attempt 1 to provision port 5b8f16bf-eda0-42aa-a127-d240ef15a0e2
2026-05-19 13:58:29.910 10 INFO neutron.plugins.ml2.plugin [None req-3f7fbd34-d220-4eca-a50b-24860e28df7b - - - - - -] Attempt 1 to provision port 5b8f16bf-eda0-42aa-a127-d240ef15a0e2
2026-05-19 14:03:02.209 10 INFO neutron.plugins.ml2.plugin [None req-6e58af97-b76d-42b2-8beb-5f7bc2c4167b - - - - - -] Attempt 1 to provision port cfc51947-fa48-404a-9f82-807cb051eab3
2026-05-19 14:03:03.586 9 INFO neutron.plugins.ml2.plugin [None req-8a574787-aec2-4396-80bd-a333bef42afc - - - - - -] Attempt 1 to provision port cfc51947-fa48-404a-9f82-807cb051eab3
2026-05-19 14:03:04.192 9 INFO neutron.plugins.ml2.plugin [None req-6e58af97-b76d-42b2-8beb-5f7bc2c4167b - - - - - -] Attempt 1 to provision port cfc51947-fa48-404a-9f82-807cb051eab3
2026-05-19 14:03:04.892 10 INFO neutron.plugins.ml2.plugin [None req-2e0f0de5-b001-4ec8-9c6c-bedcdbfea429 - - - - - -] Attempt 1 to provision port cfc51947-fa48-404a-9f82-807cb051eab3
2026-05-19 14:03:11.224 10 INFO neutron.plugins.ml2.plugin [None req-cd186b91-98aa-45a8-b752-2dccad93e688 - - - - - -] Attempt 1 to provision port 66453c27-ac4b-4c84-8b1f-a11761c2384b
2026-05-19 14:07:14.947 10 INFO neutron.plugins.ml2.plugin [None req-6e58af97-b76d-42b2-8beb-5f7bc2c4167b - - - - - -] Attempt 1 to provision port 66453c27-ac4b-4c84-8b1f-a11761c2384b
2026-05-19 14:07:16.398 9 INFO neutron.plugins.ml2.plugin [None req-6e58af97-b76d-42b2-8beb-5f7bc2c4167b - - - - - -] Attempt 1 to provision port 66453c27-ac4b-4c84-8b1f-a11761c2384b
2026-05-19 14:18:42.866 10 INFO neutron.plugins.ml2.plugin [None req-6e58af97-b76d-42b2-8beb-5f7bc2c4167b - - - - - -] Attempt 1 to provision port 08e8a902-f638-4194-9d96-b07a1209aa1b
2026-05-19 14:18:44.866 9 INFO neutron.plugins.ml2.plugin [None req-6e58af97-b76d-42b2-8beb-5f7bc2c4167b - - - - - -] Attempt 1 to provision port 08e8a902-f638-4194-9d96-b07a1209aa1b
2026-05-19 14:34:59.521 9 INFO neutron.plugins.ml2.plugin [None req-6e58af97-b76d-42b2-8beb-5f7bc2c4167b - - - - - -] Attempt 1 to provision port 3dc468f2-32aa-453c-80fd-7b58e49e5c4c
2026-05-19 14:34:59.702 9 INFO neutron.plugins.ml2.plugin [None req-91f5c816-cec3-4746-ad34-d9a011e0afc1 - - - - - -] Attempt 1 to provision port 60c35465-6154-46ae-ac2e-011215b55cb0
2026-05-19 14:34:59.889 9 INFO neutron.plugins.ml2.plugin [None req-6e58af97-b76d-42b2-8beb-5f7bc2c4167b - - - - - -] Attempt 1 to provision port 6c89cb69-fd7c-4180-a362-5dc6115ad93d
2026-05-19 14:35:00.417 10 INFO neutron.plugins.ml2.plugin [None req-ba8f521e-2b5c-4738-a20f-1e5cde7c0ccc - - - - - -] Attempt 1 to provision port f0629636-4229-4281-bd1f-65e5616fab60
2026-05-19 14:35:01.260 10 INFO neutron.plugins.ml2.plugin [None req-9adae87a-bf0a-44aa-b769-f4fd56b7a234 - - - - - -] Attempt 1 to provision port 6c89cb69-fd7c-4180-a362-5dc6115ad93d
2026-05-19 14:35:01.322 10 INFO neutron.plugins.ml2.plugin [None req-9adae87a-bf0a-44aa-b769-f4fd56b7a234 - - - - - -] Attempt 1 to provision port 3dc468f2-32aa-453c-80fd-7b58e49e5c4c
2026-05-19 14:35:01.478 9 INFO neutron.plugins.ml2.plugin [None req-6e58af97-b76d-42b2-8beb-5f7bc2c4167b - - - - - -] Attempt 1 to provision port 3dc468f2-32aa-453c-80fd-7b58e49e5c4c
2026-05-19 14:35:01.826 9 INFO neutron.plugins.ml2.plugin [None req-19daf599-dcf3-47f5-b3d1-9d49469e6bd0 - - - - - -] Attempt 1 to provision port 3dc468f2-32aa-453c-80fd-7b58e49e5c4c
2026-05-19 14:35:01.931 9 INFO neutron.plugins.ml2.plugin [None req-6e58af97-b76d-42b2-8beb-5f7bc2c4167b - - - - - -] Attempt 1 to provision port 6c89cb69-fd7c-4180-a362-5dc6115ad93d
2026-05-19 14:35:02.526 10 INFO neutron.plugins.ml2.plugin [None req-807a0440-b9ca-4f79-a0cd-c8036547379a - - - - - -] Attempt 1 to provision port 6c89cb69-fd7c-4180-a362-5dc6115ad93d
2026-05-19 14:35:02.585 10 INFO neutron.plugins.ml2.plugin [None req-807a0440-b9ca-4f79-a0cd-c8036547379a - - - - - -] Attempt 1 to provision port 41313dd2-6178-402b-85ae-e9b57ccf849c
2026-05-19 14:35:03.241 10 INFO neutron.plugins.ml2.plugin [None req-509a6eee-c22d-45e0-a14e-ef27a7cd2ab8 - - - - - -] Attempt 1 to provision port 67db1386-909d-4237-aa34-110c0d81761a
2026-05-19 14:35:03.314 10 INFO neutron.plugins.ml2.plugin [None req-509a6eee-c22d-45e0-a14e-ef27a7cd2ab8 - - - - - -] Attempt 1 to provision port 41313dd2-6178-402b-85ae-e9b57ccf849c
2026-05-19 14:35:03.943 9 INFO neutron.plugins.ml2.plugin [None req-0d692a8d-ba51-4154-a476-1fb48d71697f - - - - - -] Attempt 1 to provision port 67db1386-909d-4237-aa34-110c0d81761a
2026-05-19 14:35:03.966 9 INFO neutron.plugins.ml2.plugin [None req-0d692a8d-ba51-4154-a476-1fb48d71697f - - - - - -] Attempt 1 to provision port 41313dd2-6178-402b-85ae-e9b57ccf849c
2026-05-19 14:35:05.054 10 INFO neutron.plugins.ml2.plugin [None req-0f1a2b27-fa44-4b43-87c5-1154f0811c3f - - - - - -] Attempt 1 to provision port 5ad1adab-6063-4146-8678-ac425549239e
2026-05-19 14:35:05.496 9 INFO neutron.plugins.ml2.plugin [None req-6e58af97-b76d-42b2-8beb-5f7bc2c4167b - - - - - -] Attempt 1 to provision port 2edabb4b-a77a-4f25-a643-d4a19b1574b9
2026-05-19 14:35:06.159 10 INFO neutron.plugins.ml2.plugin [None req-8d601593-548a-4daf-8d8c-dc9f003719f2 - - - - - -] Attempt 1 to provision port 2edabb4b-a77a-4f25-a643-d4a19b1574b9
2026-05-19 14:35:07.478 10 INFO neutron.plugins.ml2.plugin [None req-4b9e9b16-4946-4926-991b-89272a4f2aae - - - - - -] Attempt 1 to provision port 2edabb4b-a77a-4f25-a643-d4a19b1574b9
2026-05-19 14:35:07.498 10 INFO neutron.plugins.ml2.plugin [None req-6e58af97-b76d-42b2-8beb-5f7bc2c4167b - - - - - -] Attempt 1 to provision port 2edabb4b-a77a-4f25-a643-d4a19b1574b9
2026-05-19 14:35:08.177 9 INFO neutron.plugins.ml2.plugin [None req-bdb26b38-ae06-4b20-9d31-1dc5443f133d - - - - - -] Attempt 1 to provision port b9741dde-63fe-4a45-bb95-1468b7b3f707
2026-05-19 14:35:09.079 9 INFO neutron.plugins.ml2.plugin [None req-98e42267-c4f9-415e-8df0-852df8841625 - - - - - -] Attempt 1 to provision port b9741dde-63fe-4a45-bb95-1468b7b3f707
2026-05-19 14:35:13.534 10 INFO neutron.plugins.ml2.plugin [None req-6e58af97-b76d-42b2-8beb-5f7bc2c4167b - - - - - -] Attempt 1 to provision port 63d8a528-9c21-4c8a-a83d-e1d170e78a77
2026-05-19 14:35:14.117 10 INFO neutron.plugins.ml2.plugin [None req-6e58af97-b76d-42b2-8beb-5f7bc2c4167b - - - - - -] Attempt 1 to provision port 0a36c509-9f96-4723-bb66-3ba12e347f3f
2026-05-19 14:35:15.831 9 INFO neutron.plugins.ml2.plugin [None req-6e58af97-b76d-42b2-8beb-5f7bc2c4167b - - - - - -] Attempt 1 to provision port 63d8a528-9c21-4c8a-a83d-e1d170e78a77
2026-05-19 14:35:16.130 9 INFO neutron.plugins.ml2.plugin [None req-6e58af97-b76d-42b2-8beb-5f7bc2c4167b - - - - - -] Attempt 1 to provision port 0a36c509-9f96-4723-bb66-3ba12e347f3f
2026-05-19 14:35:17.432 10 INFO neutron.plugins.ml2.plugin [None req-a7b9df86-5a60-4fa4-b796-9106e5d560d6 - - - - - -] Attempt 1 to provision port 57693ce3-7d4d-4b6f-a2ee-722124d0ccd8
2026-05-19 14:35:17.895 9 INFO neutron.plugins.ml2.plugin [None req-6e58af97-b76d-42b2-8beb-5f7bc2c4167b - - - - - -] Attempt 1 to provision port 9515ec59-9a8d-473c-b0db-2515e745531d
2026-05-19 14:35:19.133 10 INFO neutron.plugins.ml2.plugin [None req-ef037f33-6d72-440c-92c8-260347fd4598 - - - - - -] Attempt 1 to provision port 9515ec59-9a8d-473c-b0db-2515e745531d
2026-05-19 14:35:19.895 9 INFO neutron.plugins.ml2.plugin [None req-6e58af97-b76d-42b2-8beb-5f7bc2c4167b - - - - - -] Attempt 1 to provision port 9515ec59-9a8d-473c-b0db-2515e745531d
2026-05-19 14:35:20.456 9 INFO neutron.plugins.ml2.plugin [None req-694f9b3f-6b95-4d6c-9cff-32b991669c77 - - - - - -] Attempt 1 to provision port 9515ec59-9a8d-473c-b0db-2515e745531d
2026-05-19 14:35:21.159 10 INFO neutron.plugins.ml2.plugin [None req-eec6685d-23df-49df-8541-e98aefbcf8f9 - - - - - -] Attempt 1 to provision port a06d1339-f2cc-4f1f-b58a-1332f86a3c2d
2026-05-19 14:35:22.069 9 INFO neutron.plugins.ml2.plugin [None req-2ec34ebc-15dd-495c-b895-b06370f0ac0c - - - - - -] Attempt 1 to provision port 3e50f7f9-5862-43f9-8c4b-503beb687665
2026-05-19 14:35:22.096 9 INFO neutron.plugins.ml2.plugin [None req-2ec34ebc-15dd-495c-b895-b06370f0ac0c - - - - - -] Attempt 1 to provision port a06d1339-f2cc-4f1f-b58a-1332f86a3c2d
2026-05-19 14:35:22.909 9 INFO neutron.plugins.ml2.plugin [None req-6e58af97-b76d-42b2-8beb-5f7bc2c4167b - - - - - -] Attempt 1 to provision port 376f1da3-ef31-4ca2-a413-0d000ee68e73
2026-05-19 14:35:23.413 9 INFO neutron.plugins.ml2.plugin [None req-6e58af97-b76d-42b2-8beb-5f7bc2c4167b - - - - - -] Attempt 1 to provision port b2446dd3-6999-403f-b51f-bae5555e7304
2026-05-19 14:35:23.463 9 INFO neutron.notifiers.nova [-] Nova event matching ['req-42fe5496-6e3e-4d25-891b-efbcd317df3d'] response: {'server_uuid': '21ad2e54-6e0c-4b03-a77b-28af8b718895', 'name': 'network-vif-plugged', 'status': 'completed', 'tag': '376f1da3-ef31-4ca2-a413-0d000ee68e73', 'code': 200}
2026-05-19 14:35:24.069 9 INFO neutron.plugins.ml2.plugin [None req-6e58af97-b76d-42b2-8beb-5f7bc2c4167b - - - - - -] Attempt 1 to provision port f147ccf3-e7cd-49b4-b76b-6751cc9b7727
2026-05-19 14:35:25.175 10 INFO neutron.plugins.ml2.plugin [None req-6e58af97-b76d-42b2-8beb-5f7bc2c4167b - - - - - -] Attempt 1 to provision port 376f1da3-ef31-4ca2-a413-0d000ee68e73
2026-05-19 14:35:25.416 10 INFO neutron.plugins.ml2.plugin [None req-6e58af97-b76d-42b2-8beb-5f7bc2c4167b - - - - - -] Attempt 1 to provision port b2446dd3-6999-403f-b51f-bae5555e7304
2026-05-19 14:35:25.525 9 INFO neutron.notifiers.nova [-] Nova event matching ['req-cf3f77b4-099a-4355-8610-839a1e15494d'] response: {'server_uuid': 'f85f1ba7-e8b0-4e2d-9292-caba9dc054bc', 'name': 'network-vif-plugged', 'status': 'completed', 'tag': 'b2446dd3-6999-403f-b51f-bae5555e7304', 'code': 200}
2026-05-19 14:35:31.103 9 INFO neutron.plugins.ml2.plugin [None req-6e58af97-b76d-42b2-8beb-5f7bc2c4167b - - - - - -] Attempt 1 to provision port b831d3aa-922a-4cc7-92b7-26e8571155ad
2026-05-19 14:35:31.213 10 INFO neutron.plugins.ml2.plugin [None req-8345a22f-0569-4e4c-9747-ddf5bfad9155 - - - - - -] Attempt 1 to provision port 99e818ec-f161-4e97-8cb4-aa28533170a0
2026-05-19 14:35:32.115 10 INFO neutron.plugins.ml2.plugin [None req-104243f8-214f-4abd-8f7f-991773e1467d - - - - - -] Attempt 1 to provision port b831d3aa-922a-4cc7-92b7-26e8571155ad
2026-05-19 14:35:33.220 9 INFO neutron.plugins.ml2.plugin [None req-6e58af97-b76d-42b2-8beb-5f7bc2c4167b - - - - - -] Attempt 1 to provision port b831d3aa-922a-4cc7-92b7-26e8571155ad
2026-05-19 14:35:33.450 9 INFO neutron.plugins.ml2.plugin [None req-adf4bba6-dc8a-4860-a4d4-893198700929 - - - - - -] Attempt 1 to provision port b831d3aa-922a-4cc7-92b7-26e8571155ad
2026-05-19 14:35:34.139 10 INFO neutron.plugins.ml2.plugin [None req-066884eb-21e3-47d2-968e-ebc6eb12ae30 - - - - - -] Attempt 1 to provision port 3aa82360-348b-40d5-90e5-fb6037750b07
2026-05-19 14:35:35.049 9 INFO neutron.plugins.ml2.plugin [None req-a5d13cd6-cbd0-4517-b5a0-01cd504f7ab3 - - - - - -] Attempt 1 to provision port 3aa82360-348b-40d5-90e5-fb6037750b07
2026-05-19 14:35:35.062 10 INFO neutron.plugins.ml2.plugin [None req-6e58af97-b76d-42b2-8beb-5f7bc2c4167b - - - - - -] Attempt 1 to provision port 6b58d2b7-e8aa-4de3-a8c8-76e79296851a
2026-05-19 14:35:37.208 10 INFO neutron.plugins.ml2.plugin [None req-6e58af97-b76d-42b2-8beb-5f7bc2c4167b - - - - - -] Attempt 1 to provision port 6b58d2b7-e8aa-4de3-a8c8-76e79296851a
2026-05-19 14:35:43.677 9 INFO neutron.plugins.ml2.plugin [None req-22bb0be8-5224-4efc-be1b-57756c377d21 - - - - - -] Attempt 1 to provision port da4c1bf5-4b0e-436e-95a9-7f93ea748021
2026-05-19 14:35:45.131 10 INFO neutron.plugins.ml2.plugin [None req-6e58af97-b76d-42b2-8beb-5f7bc2c4167b - - - - - -] Attempt 1 to provision port 71aa8b10-6148-43fb-9e1b-be3124164ea8
2026-05-19 14:35:45.998 9 INFO neutron.plugins.ml2.plugin [None req-ba3d6d0d-116b-419e-8b68-3563e2112ac6 - - - - - -] Attempt 1 to provision port 71aa8b10-6148-43fb-9e1b-be3124164ea8
2026-05-19 14:35:46.938 9 INFO neutron.plugins.ml2.plugin [None req-018ef131-d15a-4283-8d0e-d9aff8701e04 - - - - - -] Attempt 1 to provision port e9895dc8-bc39-423d-b011-44c5eb033c06
2026-05-19 14:35:46.975 9 INFO neutron.plugins.ml2.plugin [None req-018ef131-d15a-4283-8d0e-d9aff8701e04 - - - - - -] Attempt 1 to provision port 71aa8b10-6148-43fb-9e1b-be3124164ea8
2026-05-19 14:35:47.119 9 INFO neutron.plugins.ml2.plugin [None req-6e58af97-b76d-42b2-8beb-5f7bc2c4167b - - - - - -] Attempt 1 to provision port 41313dd2-6178-402b-85ae-e9b57ccf849c
2026-05-19 14:35:47.431 9 INFO neutron.plugins.ml2.plugin [None req-6e58af97-b76d-42b2-8beb-5f7bc2c4167b - - - - - -] Attempt 1 to provision port 71aa8b10-6148-43fb-9e1b-be3124164ea8
2026-05-19 14:35:47.607 10 INFO neutron.plugins.ml2.plugin [None req-8a59ddb9-384d-450b-9e3c-e3a4444c9d81 - - - - - -] Attempt 1 to provision port e9895dc8-bc39-423d-b011-44c5eb033c06
2026-05-19 14:35:47.724 9 INFO neutron.plugins.ml2.plugin [None req-6e58af97-b76d-42b2-8beb-5f7bc2c4167b - - - - - -] Attempt 1 to provision port 6e7c79c1-c5ea-4201-a8cf-7c692c36a04f
2026-05-19 14:35:48.201 9 INFO neutron.plugins.ml2.plugin [None req-6e58af97-b76d-42b2-8beb-5f7bc2c4167b - - - - - -] Attempt 1 to provision port 60c35465-6154-46ae-ac2e-011215b55cb0
2026-05-19 14:35:48.325 9 INFO neutron.plugins.ml2.plugin [None req-fd0f22bb-13c3-416a-8b5a-412ce6319f6e - - - - - -] Attempt 1 to provision port e9895dc8-bc39-423d-b011-44c5eb033c06
2026-05-19 14:35:49.570 10 INFO neutron.plugins.ml2.plugin [None req-6e58af97-b76d-42b2-8beb-5f7bc2c4167b - - - - - -] Attempt 1 to provision port 6e7c79c1-c5ea-4201-a8cf-7c692c36a04f
2026-05-19 14:35:49.820 10 INFO neutron.plugins.ml2.plugin [None req-6e58af97-b76d-42b2-8beb-5f7bc2c4167b - - - - - -] Attempt 1 to provision port 60c35465-6154-46ae-ac2e-011215b55cb0
2026-05-19 14:35:49.987 10 INFO neutron.plugins.ml2.plugin [None req-6e58af97-b76d-42b2-8beb-5f7bc2c4167b - - - - - -] Attempt 1 to provision port 41313dd2-6178-402b-85ae-e9b57ccf849c
2026-05-19 14:35:52.635 9 INFO neutron.plugins.ml2.plugin [None req-796641ad-1625-4e99-a6d3-2f8e5b487da0 - - - - - -] Attempt 1 to provision port b2446dd3-6999-403f-b51f-bae5555e7304
2026-05-19 14:35:54.056 10 INFO neutron.plugins.ml2.plugin [None req-6e58af97-b76d-42b2-8beb-5f7bc2c4167b - - - - - -] Attempt 1 to provision port c14e2367-5f9e-4794-86b2-4388bb6a913f
2026-05-19 14:35:54.822 10 INFO neutron.notifiers.nova [-] Nova event matching ['req-d954b4b7-81de-4e34-8904-7714c2690622'] response: {'server_uuid': 'f03d7e46-7419-4313-99f6-eeafb7957b3d', 'name': 'network-vif-plugged', 'status': 'completed', 'tag': 'c14e2367-5f9e-4794-86b2-4388bb6a913f', 'code': 200}
2026-05-19 14:35:55.463 9 INFO neutron.plugins.ml2.plugin [None req-d2720da6-7ffb-40eb-9a90-bc714db8bc88 - - - - - -] Attempt 1 to provision port b2446dd3-6999-403f-b51f-bae5555e7304
2026-05-19 14:35:55.514 10 INFO neutron.plugins.ml2.plugin [None req-6e58af97-b76d-42b2-8beb-5f7bc2c4167b - - - - - -] Attempt 1 to provision port c14e2367-5f9e-4794-86b2-4388bb6a913f
2026-05-19 14:35:55.717 10 INFO neutron.plugins.ml2.plugin [None req-6e58af97-b76d-42b2-8beb-5f7bc2c4167b - - - - - -] Attempt 1 to provision port 99e818ec-f161-4e97-8cb4-aa28533170a0
2026-05-19 14:35:56.016 10 INFO neutron.plugins.ml2.plugin [None req-6e58af97-b76d-42b2-8beb-5f7bc2c4167b - - - - - -] Attempt 1 to provision port 3aa82360-348b-40d5-90e5-fb6037750b07
2026-05-19 14:35:56.292 10 INFO neutron.plugins.ml2.plugin [None req-6e58af97-b76d-42b2-8beb-5f7bc2c4167b - - - - - -] Attempt 1 to provision port b2446dd3-6999-403f-b51f-bae5555e7304
2026-05-19 14:35:57.421 9 INFO neutron.plugins.ml2.plugin [None req-6e58af97-b76d-42b2-8beb-5f7bc2c4167b - - - - - -] Attempt 1 to provision port 3aa82360-348b-40d5-90e5-fb6037750b07
2026-05-19 14:35:57.654 9 INFO neutron.plugins.ml2.plugin [None req-6e58af97-b76d-42b2-8beb-5f7bc2c4167b - - - - - -] Attempt 1 to provision port 99e818ec-f161-4e97-8cb4-aa28533170a0
2026-05-19 14:36:00.033 9 INFO neutron.plugins.ml2.plugin [None req-6e58af97-b76d-42b2-8beb-5f7bc2c4167b - - - - - -] Attempt 1 to provision port cf808076-fe5e-415c-a842-188da31fb763
2026-05-19 14:36:00.209 9 INFO neutron.notifiers.nova [-] Nova event matching ['req-f1be3ef4-b5d1-45ac-ad67-fd5132625429'] response: {'server_uuid': '71f9d8a2-ce16-491f-b39c-65511941b23a', 'name': 'network-vif-plugged', 'status': 'completed', 'tag': 'cf808076-fe5e-415c-a842-188da31fb763', 'code': 200}
2026-05-19 14:36:01.847 10 INFO neutron.plugins.ml2.plugin [None req-6e58af97-b76d-42b2-8beb-5f7bc2c4167b - - - - - -] Attempt 1 to provision port cf808076-fe5e-415c-a842-188da31fb763
2026-05-19 14:36:04.073 9 INFO neutron.plugins.ml2.plugin [None req-6e58af97-b76d-42b2-8beb-5f7bc2c4167b - - - - - -] Attempt 1 to provision port da4c1bf5-4b0e-436e-95a9-7f93ea748021
2026-05-19 14:36:05.870 9 INFO neutron.plugins.ml2.plugin [None req-6e58af97-b76d-42b2-8beb-5f7bc2c4167b - - - - - -] Attempt 1 to provision port e9895dc8-bc39-423d-b011-44c5eb033c06
2026-05-19 14:36:06.249 9 INFO neutron.plugins.ml2.plugin [None req-6e58af97-b76d-42b2-8beb-5f7bc2c4167b - - - - - -] Attempt 1 to provision port da4c1bf5-4b0e-436e-95a9-7f93ea748021
2026-05-19 14:36:07.914 10 INFO neutron.plugins.ml2.plugin [None req-6e58af97-b76d-42b2-8beb-5f7bc2c4167b - - - - - -] Attempt 1 to provision port e9895dc8-bc39-423d-b011-44c5eb033c06
2026-05-19 14:36:10.836 9 INFO neutron.plugins.ml2.plugin [None req-3411172e-662c-4a4d-a7e7-8be05c70fd87 - - - - - -] Attempt 1 to provision port b59916af-bc1e-420b-a517-2342bf8fb831
2026-05-19 14:36:11.728 10 INFO neutron.plugins.ml2.plugin [None req-189f90a0-4c48-46e2-9b84-6da369ce5809 - - - - - -] Attempt 1 to provision port 147bc73a-1064-4d5c-9f05-cb098a52abbe
2026-05-19 14:36:11.874 9 INFO neutron.plugins.ml2.plugin [None req-6e58af97-b76d-42b2-8beb-5f7bc2c4167b - - - - - -] Attempt 1 to provision port 147bc73a-1064-4d5c-9f05-cb098a52abbe
2026-05-19 14:36:13.037 9 INFO neutron.plugins.ml2.plugin [None req-59d8b437-1fd9-4678-966c-8802b8e8eaec - - - - - -] Attempt 1 to provision port 147bc73a-1064-4d5c-9f05-cb098a52abbe
2026-05-19 14:36:13.934 9 INFO neutron.plugins.ml2.plugin [None req-6e58af97-b76d-42b2-8beb-5f7bc2c4167b - - - - - -] Attempt 1 to provision port 460527d1-18da-45aa-9024-f4f2ae12cd4a
2026-05-19 14:36:13.957 9 INFO neutron.plugins.ml2.plugin [None req-1c44743e-0aa3-46c9-9294-0853e734ac37 - - - - - -] Attempt 1 to provision port dcd749a0-c13c-46f1-8a61-401b682b3450
2026-05-19 14:36:14.440 9 INFO neutron.plugins.ml2.plugin [None req-6e58af97-b76d-42b2-8beb-5f7bc2c4167b - - - - - -] Attempt 1 to provision port 147bc73a-1064-4d5c-9f05-cb098a52abbe
2026-05-19 14:36:14.662 10 INFO neutron.plugins.ml2.plugin [None req-971ddcef-77c2-4ce9-9817-ecc7fa4f177d - - - - - -] Attempt 1 to provision port 757f4c7a-0a1a-4fd5-a7ad-0317d2c3a2a6
2026-05-19 14:36:15.362 10 INFO neutron.plugins.ml2.plugin [None req-595b6580-a5bc-40e8-9c3d-f6cbfdbf2a15 - - - - - -] Attempt 1 to provision port dcd749a0-c13c-46f1-8a61-401b682b3450
2026-05-19 14:36:15.938 10 INFO neutron.plugins.ml2.plugin [None req-6e58af97-b76d-42b2-8beb-5f7bc2c4167b - - - - - -] Attempt 1 to provision port 0df11612-c87d-42a7-bcf9-149cf6a7bb55
2026-05-19 14:36:16.075 10 INFO neutron.plugins.ml2.plugin [None req-38ad5acd-a008-407a-9352-4aa65ade5337 - - - - - -] Attempt 1 to provision port 0df11612-c87d-42a7-bcf9-149cf6a7bb55
