Mar 20 00:40:47.344576 np0000160180 neutron-periodic-workers[103975]: DEBUG cotyledon.oslo_config_glue [-] ml2.path_mtu = 0 {{(pid=103975) log_opt_values /opt/stack/data/venv/lib/python3.12/site-packages/oslo_config/cfg.py:3006}}
Mar 20 00:40:47.344576 np0000160180 neutron-periodic-workers[103975]: DEBUG cotyledon.oslo_config_glue [-] ml2.physical_network_mtus = {} {{(pid=103975) log_opt_values /opt/stack/data/venv/lib/python3.12/site-packages/oslo_config/cfg.py:3006}}
Mar 20 00:40:47.344688 np0000160180 neutron-periodic-workers[103975]: DEBUG cotyledon.oslo_config_glue [-] ml2.project_network_types = ['geneve'] {{(pid=103975) log_opt_values /opt/stack/data/venv/lib/python3.12/site-packages/oslo_config/cfg.py:3006}}
Mar 20 00:40:47.344688 np0000160180 neutron-periodic-workers[103975]: DEBUG cotyledon.oslo_config_glue [-] ml2.tunnelled_network_rp_name = rp_tunnelled {{(pid=103975) log_opt_values /opt/stack/data/venv/lib/python3.12/site-packages/oslo_config/cfg.py:3006}}
Mar 20 00:40:47.344769 np0000160180 neutron-periodic-workers[103975]: DEBUG cotyledon.oslo_config_glue [-] ml2.type_drivers = ['local', 'flat', 'vlan', 'geneve'] {{(pid=103975) log_opt_values /opt/stack/data/venv/lib/python3.12/site-packages/oslo_config/cfg.py:3006}}
Mar 20 00:40:47.344769 np0000160180 neutron-periodic-workers[103975]: DEBUG cotyledon.oslo_config_glue [-] ml2_type_flat.flat_networks = ['public'] {{(pid=103975) log_opt_values /opt/stack/data/venv/lib/python3.12/site-packages/oslo_config/cfg.py:3006}}
Mar 20 00:40:47.344851 np0000160180 neutron-periodic-workers[103975]: DEBUG cotyledon.oslo_config_glue [-] ml2_type_geneve.max_header_size = 38 {{(pid=103975) log_opt_values /opt/stack/data/venv/lib/python3.12/site-packages/oslo_config/cfg.py:3006}}
Mar 20 00:40:47.344909 np0000160180 neutron-periodic-workers[103975]: DEBUG cotyledon.oslo_config_glue [-] ml2_type_geneve.vni_ranges = ['1:65536'] {{(pid=103975) log_opt_values /opt/stack/data/venv/lib/python3.12/site-packages/oslo_config/cfg.py:3006}}
Mar 20 00:40:47.344909 np0000160180 neutron-periodic-workers[103975]: DEBUG cotyledon.oslo_config_glue [-] ml2_type_vlan.network_vlan_ranges = ['public'] {{(pid=103975) log_opt_values /opt/stack/data/venv/lib/python3.12/site-packages/oslo_config/cfg.py:3006}}
Mar 20 00:40:47.345048 np0000160180 neutron-periodic-workers[103975]: DEBUG cotyledon.oslo_config_glue [-] network_log.burst_limit = 25 {{(pid=103975) log_opt_values /opt/stack/data/venv/lib/python3.12/site-packages/oslo_config/cfg.py:3006}}
Mar 20 00:40:47.345048 np0000160180 neutron-periodic-workers[103975]: DEBUG cotyledon.oslo_config_glue [-] network_log.local_output_log_base = None {{(pid=103975) log_opt_values /opt/stack/data/venv/lib/python3.12/site-packages/oslo_config/cfg.py:3006}}
Mar 20 00:40:47.345131 np0000160180 neutron-periodic-workers[103975]: DEBUG cotyledon.oslo_config_glue [-] network_log.rate_limit = 100 {{(pid=103975) log_opt_values /opt/stack/data/venv/lib/python3.12/site-packages/oslo_config/cfg.py:3006}}
Mar 20 00:40:47.345235 np0000160180 neutron-periodic-workers[103975]: DEBUG cotyledon.oslo_config_glue [-] database.asyncio_connection = **** {{(pid=103975) log_opt_values /opt/stack/data/venv/lib/python3.12/site-packages/oslo_config/cfg.py:3006}}
Mar 20 00:40:47.345235 np0000160180 neutron-periodic-workers[103975]: DEBUG cotyledon.oslo_config_glue [-] database.asyncio_slave_connection = **** {{(pid=103975) log_opt_values /opt/stack/data/venv/lib/python3.12/site-packages/oslo_config/cfg.py:3006}}
Mar 20 00:40:47.345235 np0000160180 neutron-periodic-workers[103975]: DEBUG cotyledon.oslo_config_glue [-] database.backend = sqlalchemy {{(pid=103975) log_opt_values /opt/stack/data/venv/lib/python3.12/site-packages/oslo_config/cfg.py:3006}}
Mar 20 00:40:47.345404 np0000160180 neutron-periodic-workers[103975]: DEBUG cotyledon.oslo_config_glue [-] database.connection = **** {{(pid=103975) log_opt_values /opt/stack/data/venv/lib/python3.12/site-packages/oslo_config/cfg.py:3006}}
Mar 20 00:40:47.345404 np0000160180 neutron-periodic-workers[103975]: DEBUG cotyledon.oslo_config_glue [-] database.connection_debug = 0 {{(pid=103975) log_opt_values /opt/stack/data/venv/lib/python3.12/site-packages/oslo_config/cfg.py:3006}}
Mar 20 00:40:47.345404 np0000160180 neutron-periodic-workers[103975]: DEBUG cotyledon.oslo_config_glue [-] database.connection_parameters = {{(pid=103975) log_opt_values /opt/stack/data/venv/lib/python3.12/site-packages/oslo_config/cfg.py:3006}}
Mar 20 00:40:47.345404 np0000160180 neutron-periodic-workers[103975]: DEBUG cotyledon.oslo_config_glue [-] database.connection_recycle_time = 3600 {{(pid=103975) log_opt_values /opt/stack/data/venv/lib/python3.12/site-packages/oslo_config/cfg.py:3006}}
Mar 20 00:40:47.345601 np0000160180 neutron-periodic-workers[103975]: DEBUG cotyledon.oslo_config_glue [-] database.connection_trace = False {{(pid=103975) log_opt_values /opt/stack/data/venv/lib/python3.12/site-packages/oslo_config/cfg.py:3006}}
Mar 20 00:40:47.345601 np0000160180 neutron-periodic-workers[103975]: DEBUG cotyledon.oslo_config_glue [-] database.db_inc_retry_interval = True {{(pid=103975) log_opt_values /opt/stack/data/venv/lib/python3.12/site-packages/oslo_config/cfg.py:3006}}
Mar 20 00:40:47.345601 np0000160180 neutron-periodic-workers[103975]: DEBUG cotyledon.oslo_config_glue [-] database.db_max_retries = 20 {{(pid=103975) log_opt_values /opt/stack/data/venv/lib/python3.12/site-packages/oslo_config/cfg.py:3006}}
Mar 20 00:40:47.345601 np0000160180 neutron-periodic-workers[103975]: DEBUG cotyledon.oslo_config_glue [-] database.db_max_retry_interval = 10 {{(pid=103975) log_opt_values /opt/stack/data/venv/lib/python3.12/site-packages/oslo_config/cfg.py:3006}}
Mar 20 00:40:47.345740 np0000160180 neutron-periodic-workers[103975]: DEBUG cotyledon.oslo_config_glue [-] database.db_retry_interval = 1 {{(pid=103975) log_opt_values /opt/stack/data/venv/lib/python3.12/site-packages/oslo_config/cfg.py:3006}}
Mar 20 00:40:47.345740 np0000160180 neutron-periodic-workers[103975]: DEBUG cotyledon.oslo_config_glue [-] database.max_overflow = 50 {{(pid=103975) log_opt_values /opt/stack/data/venv/lib/python3.12/site-packages/oslo_config/cfg.py:3006}}
Mar 20 00:40:47.345740 np0000160180 neutron-periodic-workers[103975]: DEBUG cotyledon.oslo_config_glue [-] database.max_pool_size = 5 {{(pid=103975) log_opt_values /opt/stack/data/venv/lib/python3.12/site-packages/oslo_config/cfg.py:3006}}
Mar 20 00:40:47.345740 np0000160180 neutron-periodic-workers[103975]: DEBUG cotyledon.oslo_config_glue [-] database.max_retries = 10 {{(pid=103975) log_opt_values /opt/stack/data/venv/lib/python3.12/site-packages/oslo_config/cfg.py:3006}}
Mar 20 00:40:47.345877 np0000160180 neutron-periodic-workers[103975]: DEBUG cotyledon.oslo_config_glue [-] database.mysql_sql_mode = TRADITIONAL {{(pid=103975) log_opt_values /opt/stack/data/venv/lib/python3.12/site-packages/oslo_config/cfg.py:3006}}
Mar 20 00:40:47.345877 np0000160180 neutron-periodic-workers[103975]: DEBUG cotyledon.oslo_config_glue [-] database.mysql_wsrep_sync_wait = None {{(pid=103975) log_opt_values /opt/stack/data/venv/lib/python3.12/site-packages/oslo_config/cfg.py:3006}}
Mar 20 00:40:47.345877 np0000160180 neutron-periodic-workers[103975]: DEBUG cotyledon.oslo_config_glue [-] database.pool_timeout = None {{(pid=103975) log_opt_values /opt/stack/data/venv/lib/python3.12/site-packages/oslo_config/cfg.py:3006}}
Mar 20 00:40:47.346004 np0000160180 neutron-periodic-workers[103975]: DEBUG cotyledon.oslo_config_glue [-] database.retry_interval = 10 {{(pid=103975) log_opt_values /opt/stack/data/venv/lib/python3.12/site-packages/oslo_config/cfg.py:3006}}
Mar 20 00:40:47.346004 np0000160180 neutron-periodic-workers[103975]: DEBUG cotyledon.oslo_config_glue [-] database.slave_connection = **** {{(pid=103975) log_opt_values /opt/stack/data/venv/lib/python3.12/site-packages/oslo_config/cfg.py:3006}}
Mar 20 00:40:47.346004 np0000160180 neutron-periodic-workers[103975]: DEBUG cotyledon.oslo_config_glue [-] database.sqlite_synchronous = True {{(pid=103975) log_opt_values /opt/stack/data/venv/lib/python3.12/site-packages/oslo_config/cfg.py:3006}}
Mar 20 00:40:47.346111 np0000160180 neutron-periodic-workers[103975]: DEBUG cotyledon.oslo_config_glue [-] database.synchronous_reader = True {{(pid=103975) log_opt_values /opt/stack/data/venv/lib/python3.12/site-packages/oslo_config/cfg.py:3006}}
Mar 20 00:40:47.346111 np0000160180 neutron-periodic-workers[103975]: DEBUG cotyledon.oslo_config_glue [-] database.use_db_reconnect = False {{(pid=103975) log_opt_values /opt/stack/data/venv/lib/python3.12/site-packages/oslo_config/cfg.py:3006}}
Mar 20 00:40:47.346206 np0000160180 neutron-periodic-workers[103975]: DEBUG cotyledon.oslo_config_glue [-] ovn.bfd_min_rx = 1000 {{(pid=103975) log_opt_values /opt/stack/data/venv/lib/python3.12/site-packages/oslo_config/cfg.py:3006}}
Mar 20 00:40:47.346206 np0000160180 neutron-periodic-workers[103975]: DEBUG cotyledon.oslo_config_glue [-] ovn.bfd_min_tx = 100 {{(pid=103975) log_opt_values /opt/stack/data/venv/lib/python3.12/site-packages/oslo_config/cfg.py:3006}}
Mar 20 00:40:47.346284 np0000160180 neutron-periodic-workers[103975]: DEBUG cotyledon.oslo_config_glue [-] ovn.bfd_mult = 3 {{(pid=103975) log_opt_values /opt/stack/data/venv/lib/python3.12/site-packages/oslo_config/cfg.py:3006}}
Mar 20 00:40:47.346284 np0000160180 neutron-periodic-workers[103975]: DEBUG cotyledon.oslo_config_glue [-] ovn.broadcast_arps_to_all_routers = True {{(pid=103975) log_opt_values /opt/stack/data/venv/lib/python3.12/site-packages/oslo_config/cfg.py:3006}}
Mar 20 00:40:47.346381 np0000160180 neutron-periodic-workers[103975]: DEBUG cotyledon.oslo_config_glue [-] ovn.dhcp_default_lease_time = 43200 {{(pid=103975) log_opt_values /opt/stack/data/venv/lib/python3.12/site-packages/oslo_config/cfg.py:3006}}
Mar 20 00:40:47.346381 np0000160180 neutron-periodic-workers[103975]: DEBUG cotyledon.oslo_config_glue [-] ovn.disable_ovn_dhcp_for_baremetal_ports = False {{(pid=103975) log_opt_values /opt/stack/data/venv/lib/python3.12/site-packages/oslo_config/cfg.py:3006}}
Mar 20 00:40:47.346381 np0000160180 neutron-periodic-workers[103975]: DEBUG cotyledon.oslo_config_glue [-] ovn.dns_records_ovn_owned = False {{(pid=103975) log_opt_values /opt/stack/data/venv/lib/python3.12/site-packages/oslo_config/cfg.py:3006}}
Mar 20 00:40:47.346493 np0000160180 neutron-periodic-workers[103975]: DEBUG cotyledon.oslo_config_glue [-] ovn.dns_servers = [] {{(pid=103975) log_opt_values /opt/stack/data/venv/lib/python3.12/site-packages/oslo_config/cfg.py:3006}}
Mar 20 00:40:47.346493 np0000160180 neutron-periodic-workers[103975]: DEBUG cotyledon.oslo_config_glue [-] ovn.enable_distributed_floating_ip = False {{(pid=103975) log_opt_values /opt/stack/data/venv/lib/python3.12/site-packages/oslo_config/cfg.py:3006}}
Mar 20 00:40:47.346583 np0000160180 neutron-periodic-workers[103975]: DEBUG cotyledon.oslo_config_glue [-] ovn.fdb_age_threshold = 300 {{(pid=103975) log_opt_values /opt/stack/data/venv/lib/python3.12/site-packages/oslo_config/cfg.py:3006}}
Mar 20 00:40:47.346583 np0000160180 neutron-periodic-workers[103975]: DEBUG cotyledon.oslo_config_glue [-] ovn.ha_failover_strategy = normal {{(pid=103975) log_opt_values /opt/stack/data/venv/lib/python3.12/site-packages/oslo_config/cfg.py:3006}}
Mar 20 00:40:47.346682 np0000160180 neutron-periodic-workers[103975]: DEBUG cotyledon.oslo_config_glue [-] ovn.live_migration_activation_strategy = rarp {{(pid=103975) log_opt_values /opt/stack/data/venv/lib/python3.12/site-packages/oslo_config/cfg.py:3006}}
Mar 20 00:40:47.346682 np0000160180 neutron-periodic-workers[103975]: DEBUG cotyledon.oslo_config_glue [-] ovn.localnet_learn_fdb = False {{(pid=103975) log_opt_values /opt/stack/data/venv/lib/python3.12/site-packages/oslo_config/cfg.py:3006}}
Mar 20 00:40:47.346779 np0000160180 neutron-periodic-workers[103975]: DEBUG cotyledon.oslo_config_glue [-] ovn.mac_binding_age_threshold = 300 {{(pid=103975) log_opt_values /opt/stack/data/venv/lib/python3.12/site-packages/oslo_config/cfg.py:3006}}
Mar 20 00:40:47.346779 np0000160180 neutron-periodic-workers[103975]: DEBUG cotyledon.oslo_config_glue [-] ovn.neutron_sync_mode = log {{(pid=103975) log_opt_values /opt/stack/data/venv/lib/python3.12/site-packages/oslo_config/cfg.py:3006}}
Mar 20 00:40:47.346896 np0000160180 neutron-periodic-workers[103975]: DEBUG cotyledon.oslo_config_glue [-] ovn.ovn_dhcp4_global_options = {} {{(pid=103975) log_opt_values /opt/stack/data/venv/lib/python3.12/site-packages/oslo_config/cfg.py:3006}}
Mar 20 00:40:47.346896 np0000160180 neutron-periodic-workers[103975]: DEBUG cotyledon.oslo_config_glue [-] ovn.ovn_dhcp6_global_options = {} {{(pid=103975) log_opt_values /opt/stack/data/venv/lib/python3.12/site-packages/oslo_config/cfg.py:3006}}
Mar 20 00:40:47.346896 np0000160180 neutron-periodic-workers[103975]: DEBUG cotyledon.oslo_config_glue [-] ovn.ovn_l3_scheduler = leastloaded {{(pid=103975) log_opt_values /opt/stack/data/venv/lib/python3.12/site-packages/oslo_config/cfg.py:3006}}
Mar 20 00:40:47.347051 np0000160180 neutron-periodic-workers[103975]: DEBUG cotyledon.oslo_config_glue [-] ovn.ovn_metadata_enabled = True {{(pid=103975) log_opt_values /opt/stack/data/venv/lib/python3.12/site-packages/oslo_config/cfg.py:3006}}
Mar 20 00:40:47.347051 np0000160180 neutron-periodic-workers[103975]: DEBUG cotyledon.oslo_config_glue [-] ovn.ovn_nb_ca_cert = /opt/stack/data/CA/int-ca/ca-chain.pem {{(pid=103975) log_opt_values /opt/stack/data/venv/lib/python3.12/site-packages/oslo_config/cfg.py:3006}}
Mar 20 00:40:47.347051 np0000160180 neutron-periodic-workers[103975]: DEBUG cotyledon.oslo_config_glue [-] ovn.ovn_nb_certificate = /opt/stack/data/CA/int-ca/devstack-cert.crt {{(pid=103975) log_opt_values /opt/stack/data/venv/lib/python3.12/site-packages/oslo_config/cfg.py:3006}}
Mar 20 00:40:47.347280 np0000160180 neutron-periodic-workers[103975]: DEBUG cotyledon.oslo_config_glue [-] ovn.ovn_nb_connection = ['ssl:199.204.45.74:6641'] {{(pid=103975) log_opt_values /opt/stack/data/venv/lib/python3.12/site-packages/oslo_config/cfg.py:3006}}
Mar 20 00:40:47.347280 np0000160180 neutron-periodic-workers[103975]: DEBUG cotyledon.oslo_config_glue [-] ovn.ovn_nb_private_key = /opt/stack/data/CA/int-ca/private/devstack-cert.key {{(pid=103975) log_opt_values /opt/stack/data/venv/lib/python3.12/site-packages/oslo_config/cfg.py:3006}}
Mar 20 00:40:47.347280 np0000160180 neutron-periodic-workers[103975]: DEBUG cotyledon.oslo_config_glue [-] ovn.ovn_router_indirect_snat = False {{(pid=103975) log_opt_values /opt/stack/data/venv/lib/python3.12/site-packages/oslo_config/cfg.py:3006}}
Mar 20 00:40:47.347280 np0000160180 neutron-periodic-workers[103975]: DEBUG cotyledon.oslo_config_glue [-] ovn.ovn_sb_ca_cert = /opt/stack/data/CA/int-ca/ca-chain.pem {{(pid=103975) log_opt_values /opt/stack/data/venv/lib/python3.12/site-packages/oslo_config/cfg.py:3006}}
Mar 20 00:40:47.347280 np0000160180 neutron-periodic-workers[103975]: DEBUG cotyledon.oslo_config_glue [-] ovn.ovn_sb_certificate = /opt/stack/data/CA/int-ca/devstack-cert.crt {{(pid=103975) log_opt_values /opt/stack/data/venv/lib/python3.12/site-packages/oslo_config/cfg.py:3006}}
Mar 20 00:40:47.347280 np0000160180 neutron-periodic-workers[103975]: DEBUG cotyledon.oslo_config_glue [-] ovn.ovn_sb_connection = ['ssl:199.204.45.74:6642'] {{(pid=103975) log_opt_values /opt/stack/data/venv/lib/python3.12/site-packages/oslo_config/cfg.py:3006}}
Mar 20 00:40:47.347509 np0000160180 neutron-periodic-workers[103975]: DEBUG cotyledon.oslo_config_glue [-] ovn.ovn_sb_private_key = /opt/stack/data/CA/int-ca/private/devstack-cert.key {{(pid=103975) log_opt_values /opt/stack/data/venv/lib/python3.12/site-packages/oslo_config/cfg.py:3006}}
Mar 20 00:40:47.347509 np0000160180 neutron-periodic-workers[103975]: DEBUG cotyledon.oslo_config_glue [-] ovn.ovs_create_tap = False {{(pid=103975) log_opt_values /opt/stack/data/venv/lib/python3.12/site-packages/oslo_config/cfg.py:3006}}
Mar 20 00:40:47.347509 np0000160180 neutron-periodic-workers[103975]: DEBUG cotyledon.oslo_config_glue [-] ovn.ovsdb_connection_timeout = 180 {{(pid=103975) log_opt_values /opt/stack/data/venv/lib/python3.12/site-packages/oslo_config/cfg.py:3006}}
Mar 20 00:40:47.347509 np0000160180 neutron-periodic-workers[103975]: DEBUG cotyledon.oslo_config_glue [-] ovn.ovsdb_log_level = INFO {{(pid=103975) log_opt_values /opt/stack/data/venv/lib/python3.12/site-packages/oslo_config/cfg.py:3006}}
Mar 20 00:40:47.347509 np0000160180 neutron-periodic-workers[103975]: DEBUG cotyledon.oslo_config_glue [-] ovn.ovsdb_probe_interval = 60000 {{(pid=103975) log_opt_values /opt/stack/data/venv/lib/python3.12/site-packages/oslo_config/cfg.py:3006}}
Mar 20 00:40:47.347509 np0000160180 neutron-periodic-workers[103975]: DEBUG cotyledon.oslo_config_glue [-] ovn.ovsdb_retry_max_interval = 180 {{(pid=103975) log_opt_values /opt/stack/data/venv/lib/python3.12/site-packages/oslo_config/cfg.py:3006}}
Mar 20 00:40:47.347721 np0000160180 neutron-periodic-workers[103975]: DEBUG cotyledon.oslo_config_glue [-] ovn.stateless_nat_enabled = False {{(pid=103975) log_opt_values /opt/stack/data/venv/lib/python3.12/site-packages/oslo_config/cfg.py:3006}}
Mar 20 00:40:47.347721 np0000160180 neutron-periodic-workers[103975]: DEBUG cotyledon.oslo_config_glue [-] ovn.vhost_sock_dir = /var/run/openvswitch {{(pid=103975) log_opt_values /opt/stack/data/venv/lib/python3.12/site-packages/oslo_config/cfg.py:3006}}
Mar 20 00:40:47.347721 np0000160180 neutron-periodic-workers[103975]: DEBUG cotyledon.oslo_config_glue [-] OVS.bridge_mac_table_size = 50000 {{(pid=103975) log_opt_values /opt/stack/data/venv/lib/python3.12/site-packages/oslo_config/cfg.py:3006}}
Mar 20 00:40:47.347721 np0000160180 neutron-periodic-workers[103975]: DEBUG cotyledon.oslo_config_glue [-] OVS.igmp_flood = False {{(pid=103975) log_opt_values /opt/stack/data/venv/lib/python3.12/site-packages/oslo_config/cfg.py:3006}}
Mar 20 00:40:47.348076 np0000160180 neutron-periodic-workers[103975]: DEBUG cotyledon.oslo_config_glue [-] OVS.igmp_flood_reports = True {{(pid=103975) log_opt_values /opt/stack/data/venv/lib/python3.12/site-packages/oslo_config/cfg.py:3006}}
Mar 20 00:40:47.348076 np0000160180 neutron-periodic-workers[103975]: DEBUG cotyledon.oslo_config_glue [-] OVS.igmp_flood_unregistered = False {{(pid=103975) log_opt_values /opt/stack/data/venv/lib/python3.12/site-packages/oslo_config/cfg.py:3006}}
Mar 20 00:40:47.348076 np0000160180 neutron-periodic-workers[103975]: DEBUG cotyledon.oslo_config_glue [-] OVS.igmp_snooping_enable = False {{(pid=103975) log_opt_values /opt/stack/data/venv/lib/python3.12/site-packages/oslo_config/cfg.py:3006}}
Mar 20 00:40:47.348076 np0000160180 neutron-periodic-workers[103975]: DEBUG cotyledon.oslo_config_glue [-] OVS.ovsdb_timeout = 10 {{(pid=103975) log_opt_values /opt/stack/data/venv/lib/python3.12/site-packages/oslo_config/cfg.py:3006}}
Mar 20 00:40:47.348076 np0000160180 neutron-periodic-workers[103975]: DEBUG cotyledon.oslo_config_glue [-] ovn_nb_global.fdb_removal_limit = 0 {{(pid=103975) log_opt_values /opt/stack/data/venv/lib/python3.12/site-packages/oslo_config/cfg.py:3006}}
Mar 20 00:40:47.348076 np0000160180 neutron-periodic-workers[103975]: DEBUG cotyledon.oslo_config_glue [-] ovn_nb_global.ignore_lsp_down = False {{(pid=103975) log_opt_values /opt/stack/data/venv/lib/python3.12/site-packages/oslo_config/cfg.py:3006}}
Mar 20 00:40:47.348076 np0000160180 neutron-periodic-workers[103975]: DEBUG cotyledon.oslo_config_glue [-] ovn_nb_global.mac_binding_removal_limit = 0 {{(pid=103975) log_opt_values /opt/stack/data/venv/lib/python3.12/site-packages/oslo_config/cfg.py:3006}}
Mar 20 00:40:47.348076 np0000160180 neutron-periodic-workers[103975]: DEBUG cotyledon.oslo_config_glue [-] ******************************************************************************** {{(pid=103975) log_opt_values /opt/stack/data/venv/lib/python3.12/site-packages/oslo_config/cfg.py:3013}}
Mar 20 00:40:47.348395 np0000160180 neutron-periodic-workers[103975]: DEBUG cotyledon._service_worker [-] Run service ServiceWrapper(0) [103975] {{(pid=103975) wait_forever /opt/stack/data/venv/lib/python3.12/site-packages/cotyledon/_service_worker.py:218}}
Mar 20 00:40:56.929611 np0000160180 neutron-periodic-workers[103097]: DEBUG dbcounter [-] [103097] Writing DB stats neutron:SELECT=4 {{(pid=103097) stat_writer /opt/stack/data/venv/lib/python3.12/site-packages/dbcounter.py:115}}
Mar 20 00:41:44.307097 np0000160180 neutron-periodic-workers[103954]: DEBUG oslo_db.sqlalchemy.engines [None req-63d8180b-c0a5-4840-88f1-df3508eca588 None None] Parent process 103097 forked (103954) with an open database connection, which is being discarded and recreated. {{(pid=103954) checkout /opt/stack/data/venv/lib/python3.12/site-packages/oslo_db/sqlalchemy/engines.py:402}}
Mar 20 00:41:44.315495 np0000160180 neutron-periodic-workers[103954]: DEBUG dbcounter [-] [103954] Writer thread running {{(pid=103954) stat_writer /opt/stack/data/venv/lib/python3.12/site-packages/dbcounter.py:102}}
Mar 20 00:41:44.318640 np0000160180 neutron-periodic-workers[103954]: DEBUG neutron.db.agents_db [None req-63d8180b-c0a5-4840-88f1-df3508eca588 None None] Agent healthcheck: found 0 active agents {{(pid=103954) agent_health_check /opt/stack/neutron/neutron/db/agents_db.py:317}}
Mar 20 00:41:44.318810 np0000160180 neutron-periodic-workers[103954]: DEBUG oslo.service.backend._threading.loopingcall [None req-63d8180b-c0a5-4840-88f1-df3508eca588 None None] Fixed interval looping call 'neutron.plugins.ml2.plugin.AgentDbMixin.agent_health_check' sleeping for 36.98 seconds {{(pid=103954) _run_loop /opt/stack/data/venv/lib/python3.12/site-packages/oslo_service/backend/_threading/loopingcall.py:125}}
Mar 20 00:41:49.293043 np0000160180 neutron-periodic-workers[103948]: DEBUG dbcounter [-] [103948] Writer thread running {{(pid=103948) stat_writer /opt/stack/data/venv/lib/python3.12/site-packages/dbcounter.py:102}}
Mar 20 00:41:49.304828 np0000160180 neutron-periodic-workers[103948]: DEBUG oslo.service.backend._threading.loopingcall [None req-8adddfda-cbab-40b7-ac38-522bc349140d None None] Fixed interval looping call 'neutron.plugins.ml2.plugin.DhcpAgentSchedulerDbMixin.remove_networks_from_down_agents' sleeping for 36.97 seconds {{(pid=103948) _run_loop /opt/stack/data/venv/lib/python3.12/site-packages/oslo_service/backend/_threading/loopingcall.py:125}}
Mar 20 00:41:54.316670 np0000160180 neutron-periodic-workers[103954]: DEBUG dbcounter [-] [103954] Writing DB stats neutron:SELECT=1 {{(pid=103954) stat_writer /opt/stack/data/venv/lib/python3.12/site-packages/dbcounter.py:115}}
Mar 20 00:41:59.303741 np0000160180 neutron-periodic-workers[103948]: DEBUG dbcounter [-] [103948] Writing DB stats neutron:SELECT=3 {{(pid=103948) stat_writer /opt/stack/data/venv/lib/python3.12/site-packages/dbcounter.py:115}}
Mar 20 00:42:21.304735 np0000160180 neutron-periodic-workers[103954]: DEBUG neutron.db.agents_db [None req-63d8180b-c0a5-4840-88f1-df3508eca588 None None] Agent healthcheck: found 0 active agents {{(pid=103954) agent_health_check /opt/stack/neutron/neutron/db/agents_db.py:317}}
Mar 20 00:42:21.304735 np0000160180 neutron-periodic-workers[103954]: DEBUG oslo.service.backend._threading.loopingcall [None req-63d8180b-c0a5-4840-88f1-df3508eca588 None None] Fixed interval looping call 'neutron.plugins.ml2.plugin.AgentDbMixin.agent_health_check' sleeping for 36.99 seconds {{(pid=103954) _run_loop /opt/stack/data/venv/lib/python3.12/site-packages/oslo_service/backend/_threading/loopingcall.py:125}}
Mar 20 00:42:26.283329 np0000160180 neutron-periodic-workers[103948]: DEBUG oslo.service.backend._threading.loopingcall [None req-8adddfda-cbab-40b7-ac38-522bc349140d None None] Fixed interval looping call 'neutron.plugins.ml2.plugin.DhcpAgentSchedulerDbMixin.remove_networks_from_down_agents' sleeping for 36.99 seconds {{(pid=103948) _run_loop /opt/stack/data/venv/lib/python3.12/site-packages/oslo_service/backend/_threading/loopingcall.py:125}}
Mar 20 00:42:31.302764 np0000160180 neutron-periodic-workers[103954]: DEBUG dbcounter [-] [103954] Writing DB stats neutron:SELECT=1 {{(pid=103954) stat_writer /opt/stack/data/venv/lib/python3.12/site-packages/dbcounter.py:115}}
Mar 20 00:42:36.282782 np0000160180 neutron-periodic-workers[103948]: DEBUG dbcounter [-] [103948] Writing DB stats neutron:SELECT=3 {{(pid=103948) stat_writer /opt/stack/data/venv/lib/python3.12/site-packages/dbcounter.py:115}}
Mar 20 00:42:47.334250 np0000160180 neutron-periodic-workers[103964]: DEBUG dbcounter [-] [103964] Writer thread running {{(pid=103964) stat_writer /opt/stack/data/venv/lib/python3.12/site-packages/dbcounter.py:102}}
Mar 20 00:42:47.336066 np0000160180 neutron-periodic-workers[103964]: DEBUG oslo.service.backend._threading.loopingcall [None req-3c856bdd-66ea-4738-9d25-cfde5fd632b4 None None] Fixed interval looping call 'neutron.db.quota.driver_nolock.DbQuotaNoLockDriver._remove_expired_reservations' sleeping for 119.98 seconds {{(pid=103964) _run_loop /opt/stack/data/venv/lib/python3.12/site-packages/oslo_service/backend/_threading/loopingcall.py:125}}
Mar 20 00:42:57.334967 np0000160180 neutron-periodic-workers[103964]: DEBUG dbcounter [-] [103964] Writing DB stats neutron:DELETE=1 {{(pid=103964) stat_writer /opt/stack/data/venv/lib/python3.12/site-packages/dbcounter.py:115}}
Mar 20 00:42:58.301083 np0000160180 neutron-periodic-workers[103954]: DEBUG neutron.db.agents_db [None req-63d8180b-c0a5-4840-88f1-df3508eca588 None None] Agent healthcheck: found 0 active agents {{(pid=103954) agent_health_check /opt/stack/neutron/neutron/db/agents_db.py:317}}
Mar 20 00:42:58.301672 np0000160180 neutron-periodic-workers[103954]: DEBUG oslo.service.backend._threading.loopingcall [None req-63d8180b-c0a5-4840-88f1-df3508eca588 None None] Fixed interval looping call 'neutron.plugins.ml2.plugin.AgentDbMixin.agent_health_check' sleeping for 36.99 seconds {{(pid=103954) _run_loop /opt/stack/data/venv/lib/python3.12/site-packages/oslo_service/backend/_threading/loopingcall.py:125}}
Mar 20 00:43:03.284396 np0000160180 neutron-periodic-workers[103948]: DEBUG oslo.service.backend._threading.loopingcall [None req-8adddfda-cbab-40b7-ac38-522bc349140d None None] Fixed interval looping call 'neutron.plugins.ml2.plugin.DhcpAgentSchedulerDbMixin.remove_networks_from_down_agents' sleeping for 36.99 seconds {{(pid=103948) _run_loop /opt/stack/data/venv/lib/python3.12/site-packages/oslo_service/backend/_threading/loopingcall.py:125}}
Mar 20 00:43:08.299874 np0000160180 neutron-periodic-workers[103954]: DEBUG dbcounter [-] [103954] Writing DB stats neutron:SELECT=1 {{(pid=103954) stat_writer /opt/stack/data/venv/lib/python3.12/site-packages/dbcounter.py:115}}
Mar 20 00:43:13.283301 np0000160180 neutron-periodic-workers[103948]: DEBUG dbcounter [-] [103948] Writing DB stats neutron:SELECT=3 {{(pid=103948) stat_writer /opt/stack/data/venv/lib/python3.12/site-packages/dbcounter.py:115}}
Mar 20 00:43:35.296811 np0000160180 neutron-periodic-workers[103954]: DEBUG neutron.db.agents_db [None req-63d8180b-c0a5-4840-88f1-df3508eca588 None None] Agent healthcheck: found 0 active agents {{(pid=103954) agent_health_check /opt/stack/neutron/neutron/db/agents_db.py:317}}
Mar 20 00:43:35.296811 np0000160180 neutron-periodic-workers[103954]: DEBUG oslo.service.backend._threading.loopingcall [None req-63d8180b-c0a5-4840-88f1-df3508eca588 None None] Fixed interval looping call 'neutron.plugins.ml2.plugin.AgentDbMixin.agent_health_check' sleeping for 36.99 seconds {{(pid=103954) _run_loop /opt/stack/data/venv/lib/python3.12/site-packages/oslo_service/backend/_threading/loopingcall.py:125}}
Mar 20 00:43:40.282593 np0000160180 neutron-periodic-workers[103948]: DEBUG oslo.service.backend._threading.loopingcall [None req-8adddfda-cbab-40b7-ac38-522bc349140d None None] Fixed interval looping call 'neutron.plugins.ml2.plugin.DhcpAgentSchedulerDbMixin.remove_networks_from_down_agents' sleeping for 36.99 seconds {{(pid=103948) _run_loop /opt/stack/data/venv/lib/python3.12/site-packages/oslo_service/backend/_threading/loopingcall.py:125}}
Mar 20 00:43:45.295194 np0000160180 neutron-periodic-workers[103954]: DEBUG dbcounter [-] [103954] Writing DB stats neutron:SELECT=1 {{(pid=103954) stat_writer /opt/stack/data/venv/lib/python3.12/site-packages/dbcounter.py:115}}
Mar 20 00:43:50.282044 np0000160180 neutron-periodic-workers[103948]: DEBUG dbcounter [-] [103948] Writing DB stats neutron:SELECT=3 {{(pid=103948) stat_writer /opt/stack/data/venv/lib/python3.12/site-packages/dbcounter.py:115}}
Mar 20 00:44:12.292552 np0000160180 neutron-periodic-workers[103954]: DEBUG neutron.db.agents_db [None req-63d8180b-c0a5-4840-88f1-df3508eca588 None None] Agent healthcheck: found 0 active agents {{(pid=103954) agent_health_check /opt/stack/neutron/neutron/db/agents_db.py:317}}
Mar 20 00:44:12.293217 np0000160180 neutron-periodic-workers[103954]: DEBUG oslo.service.backend._threading.loopingcall [None req-63d8180b-c0a5-4840-88f1-df3508eca588 None None] Fixed interval looping call 'neutron.plugins.ml2.plugin.AgentDbMixin.agent_health_check' sleeping for 36.99 seconds {{(pid=103954) _run_loop /opt/stack/data/venv/lib/python3.12/site-packages/oslo_service/backend/_threading/loopingcall.py:125}}
Mar 20 00:44:17.281142 np0000160180 neutron-periodic-workers[103948]: DEBUG oslo.service.backend._threading.loopingcall [None req-8adddfda-cbab-40b7-ac38-522bc349140d None None] Fixed interval looping call 'neutron.plugins.ml2.plugin.DhcpAgentSchedulerDbMixin.remove_networks_from_down_agents' sleeping for 36.99 seconds {{(pid=103948) _run_loop /opt/stack/data/venv/lib/python3.12/site-packages/oslo_service/backend/_threading/loopingcall.py:125}}
Mar 20 00:44:22.290891 np0000160180 neutron-periodic-workers[103954]: DEBUG dbcounter [-] [103954] Writing DB stats neutron:SELECT=1 {{(pid=103954) stat_writer /opt/stack/data/venv/lib/python3.12/site-packages/dbcounter.py:115}}
Mar 20 00:44:27.280129 np0000160180 neutron-periodic-workers[103948]: DEBUG dbcounter [-] [103948] Writing DB stats neutron:SELECT=3 {{(pid=103948) stat_writer /opt/stack/data/venv/lib/python3.12/site-packages/dbcounter.py:115}}
Mar 20 00:44:47.321912 np0000160180 neutron-periodic-workers[103964]: DEBUG oslo.service.backend._threading.loopingcall [None req-3c856bdd-66ea-4738-9d25-cfde5fd632b4 None None] Fixed interval looping call 'neutron.db.quota.driver_nolock.DbQuotaNoLockDriver._remove_expired_reservations' sleeping for 119.99 seconds {{(pid=103964) _run_loop /opt/stack/data/venv/lib/python3.12/site-packages/oslo_service/backend/_threading/loopingcall.py:125}}
Mar 20 00:44:49.288241 np0000160180 neutron-periodic-workers[103954]: DEBUG neutron.db.agents_db [None req-63d8180b-c0a5-4840-88f1-df3508eca588 None None] Agent healthcheck: found 0 active agents {{(pid=103954) agent_health_check /opt/stack/neutron/neutron/db/agents_db.py:317}}
Mar 20 00:44:49.288800 np0000160180 neutron-periodic-workers[103954]: DEBUG oslo.service.backend._threading.loopingcall [None req-63d8180b-c0a5-4840-88f1-df3508eca588 None None] Fixed interval looping call 'neutron.plugins.ml2.plugin.AgentDbMixin.agent_health_check' sleeping for 36.99 seconds {{(pid=103954) _run_loop /opt/stack/data/venv/lib/python3.12/site-packages/oslo_service/backend/_threading/loopingcall.py:125}}
Mar 20 00:44:54.282077 np0000160180 neutron-periodic-workers[103948]: DEBUG oslo.service.backend._threading.loopingcall [None req-8adddfda-cbab-40b7-ac38-522bc349140d None None] Fixed interval looping call 'neutron.plugins.ml2.plugin.DhcpAgentSchedulerDbMixin.remove_networks_from_down_agents' sleeping for 36.99 seconds {{(pid=103948) _run_loop /opt/stack/data/venv/lib/python3.12/site-packages/oslo_service/backend/_threading/loopingcall.py:125}}
Mar 20 00:44:57.320483 np0000160180 neutron-periodic-workers[103964]: DEBUG dbcounter [-] [103964] Writing DB stats neutron:DELETE=1 {{(pid=103964) stat_writer /opt/stack/data/venv/lib/python3.12/site-packages/dbcounter.py:115}}
Mar 20 00:44:59.286211 np0000160180 neutron-periodic-workers[103954]: DEBUG dbcounter [-] [103954] Writing DB stats neutron:SELECT=1 {{(pid=103954) stat_writer /opt/stack/data/venv/lib/python3.12/site-packages/dbcounter.py:115}}
Mar 20 00:45:04.281462 np0000160180 neutron-periodic-workers[103948]: DEBUG dbcounter [-] [103948] Writing DB stats neutron:SELECT=3 {{(pid=103948) stat_writer /opt/stack/data/venv/lib/python3.12/site-packages/dbcounter.py:115}}
Mar 20 00:45:26.283894 np0000160180 neutron-periodic-workers[103954]: DEBUG neutron.db.agents_db [None req-63d8180b-c0a5-4840-88f1-df3508eca588 None None] Agent healthcheck: found 0 active agents {{(pid=103954) agent_health_check /opt/stack/neutron/neutron/db/agents_db.py:317}}
Mar 20 00:45:26.284614 np0000160180 neutron-periodic-workers[103954]: DEBUG oslo.service.backend._threading.loopingcall [None req-63d8180b-c0a5-4840-88f1-df3508eca588 None None] Fixed interval looping call 'neutron.plugins.ml2.plugin.AgentDbMixin.agent_health_check' sleeping for 36.99 seconds {{(pid=103954) _run_loop /opt/stack/data/venv/lib/python3.12/site-packages/oslo_service/backend/_threading/loopingcall.py:125}}
Mar 20 00:45:31.280560 np0000160180 neutron-periodic-workers[103948]: DEBUG oslo.service.backend._threading.loopingcall [None req-8adddfda-cbab-40b7-ac38-522bc349140d None None] Fixed interval looping call 'neutron.plugins.ml2.plugin.DhcpAgentSchedulerDbMixin.remove_networks_from_down_agents' sleeping for 36.99 seconds {{(pid=103948) _run_loop /opt/stack/data/venv/lib/python3.12/site-packages/oslo_service/backend/_threading/loopingcall.py:125}}
Mar 20 00:45:32.387382 np0000160180 neutron-periodic-workers[103975]: DEBUG dbcounter [-] [103975] Writer thread running {{(pid=103975) stat_writer /opt/stack/data/venv/lib/python3.12/site-packages/dbcounter.py:102}}
Mar 20 00:45:32.398171 np0000160180 neutron-periodic-workers[103975]: DEBUG oslo.service.backend._threading.loopingcall [None req-1ad98b6a-f0fc-4165-a426-c232a014ec77 None None] Fixed interval looping call 'neutron.services.ovn_l3.plugin.L3_NAT_dbonly_mixin._clean_garbage' sleeping for 299.95 seconds {{(pid=103975) _run_loop /opt/stack/data/venv/lib/python3.12/site-packages/oslo_service/backend/_threading/loopingcall.py:125}}
Mar 20 00:45:36.282443 np0000160180 neutron-periodic-workers[103954]: DEBUG dbcounter [-] [103954] Writing DB stats neutron:SELECT=1 {{(pid=103954) stat_writer /opt/stack/data/venv/lib/python3.12/site-packages/dbcounter.py:115}}
Mar 20 00:45:41.279800 np0000160180 neutron-periodic-workers[103948]: DEBUG dbcounter [-] [103948] Writing DB stats neutron:SELECT=3 {{(pid=103948) stat_writer /opt/stack/data/venv/lib/python3.12/site-packages/dbcounter.py:115}}
Mar 20 00:45:42.388086 np0000160180 neutron-periodic-workers[103975]: DEBUG dbcounter [-] [103975] Writing DB stats neutron:SELECT=1 {{(pid=103975) stat_writer /opt/stack/data/venv/lib/python3.12/site-packages/dbcounter.py:115}}
Mar 20 00:46:03.279138 np0000160180 neutron-periodic-workers[103954]: DEBUG neutron.db.agents_db [None req-63d8180b-c0a5-4840-88f1-df3508eca588 None None] Agent healthcheck: found 0 active agents {{(pid=103954) agent_health_check /opt/stack/neutron/neutron/db/agents_db.py:317}}
Mar 20 00:46:03.279443 np0000160180 neutron-periodic-workers[103954]: DEBUG oslo.service.backend._threading.loopingcall [None req-63d8180b-c0a5-4840-88f1-df3508eca588 None None] Fixed interval looping call 'neutron.plugins.ml2.plugin.AgentDbMixin.agent_health_check' sleeping for 37.00 seconds {{(pid=103954) _run_loop /opt/stack/data/venv/lib/python3.12/site-packages/oslo_service/backend/_threading/loopingcall.py:125}}
Mar 20 00:46:08.279899 np0000160180 neutron-periodic-workers[103948]: DEBUG oslo.service.backend._threading.loopingcall [None req-8adddfda-cbab-40b7-ac38-522bc349140d None None] Fixed interval looping call 'neutron.plugins.ml2.plugin.DhcpAgentSchedulerDbMixin.remove_networks_from_down_agents' sleeping for 36.99 seconds {{(pid=103948) _run_loop /opt/stack/data/venv/lib/python3.12/site-packages/oslo_service/backend/_threading/loopingcall.py:125}}
Mar 20 00:46:13.277494 np0000160180 neutron-periodic-workers[103954]: DEBUG dbcounter [-] [103954] Writing DB stats neutron:SELECT=1 {{(pid=103954) stat_writer /opt/stack/data/venv/lib/python3.12/site-packages/dbcounter.py:115}}
Mar 20 00:46:18.279129 np0000160180 neutron-periodic-workers[103948]: DEBUG dbcounter [-] [103948] Writing DB stats neutron:SELECT=3 {{(pid=103948) stat_writer /opt/stack/data/venv/lib/python3.12/site-packages/dbcounter.py:115}}
Mar 20 00:46:40.283437 np0000160180 neutron-periodic-workers[103954]: DEBUG neutron.db.agents_db [None req-63d8180b-c0a5-4840-88f1-df3508eca588 None None] Agent healthcheck: found 0 active agents {{(pid=103954) agent_health_check /opt/stack/neutron/neutron/db/agents_db.py:317}}
Mar 20 00:46:40.284018 np0000160180 neutron-periodic-workers[103954]: DEBUG oslo.service.backend._threading.loopingcall [None req-63d8180b-c0a5-4840-88f1-df3508eca588 None None] Fixed interval looping call 'neutron.plugins.ml2.plugin.AgentDbMixin.agent_health_check' sleeping for 37.00 seconds {{(pid=103954) _run_loop /opt/stack/data/venv/lib/python3.12/site-packages/oslo_service/backend/_threading/loopingcall.py:125}}
Mar 20 00:46:45.281217 np0000160180 neutron-periodic-workers[103948]: DEBUG oslo.service.backend._threading.loopingcall [None req-8adddfda-cbab-40b7-ac38-522bc349140d None None] Fixed interval looping call 'neutron.plugins.ml2.plugin.DhcpAgentSchedulerDbMixin.remove_networks_from_down_agents' sleeping for 36.99 seconds {{(pid=103948) _run_loop /opt/stack/data/venv/lib/python3.12/site-packages/oslo_service/backend/_threading/loopingcall.py:125}}
Mar 20 00:46:47.315633 np0000160180 neutron-periodic-workers[103964]: DEBUG oslo.service.backend._threading.loopingcall [None req-3c856bdd-66ea-4738-9d25-cfde5fd632b4 None None] Fixed interval looping call 'neutron.db.quota.driver_nolock.DbQuotaNoLockDriver._remove_expired_reservations' sleeping for 120.00 seconds {{(pid=103964) _run_loop /opt/stack/data/venv/lib/python3.12/site-packages/oslo_service/backend/_threading/loopingcall.py:125}}
Mar 20 00:46:50.282348 np0000160180 neutron-periodic-workers[103954]: DEBUG dbcounter [-] [103954] Writing DB stats neutron:SELECT=1 {{(pid=103954) stat_writer /opt/stack/data/venv/lib/python3.12/site-packages/dbcounter.py:115}}
Mar 20 00:46:55.279497 np0000160180 neutron-periodic-workers[103948]: DEBUG dbcounter [-] [103948] Writing DB stats neutron:SELECT=3 {{(pid=103948) stat_writer /opt/stack/data/venv/lib/python3.12/site-packages/dbcounter.py:115}}
Mar 20 00:46:57.314689 np0000160180 neutron-periodic-workers[103964]: DEBUG dbcounter [-] [103964] Writing DB stats neutron:DELETE=1 {{(pid=103964) stat_writer /opt/stack/data/venv/lib/python3.12/site-packages/dbcounter.py:115}}
Mar 20 00:47:17.287572 np0000160180 neutron-periodic-workers[103954]: DEBUG neutron.db.agents_db [None req-63d8180b-c0a5-4840-88f1-df3508eca588 None None] Agent healthcheck: found 0 active agents {{(pid=103954) agent_health_check /opt/stack/neutron/neutron/db/agents_db.py:317}}
Mar 20 00:47:17.287827 np0000160180 neutron-periodic-workers[103954]: DEBUG oslo.service.backend._threading.loopingcall [None req-63d8180b-c0a5-4840-88f1-df3508eca588 None None] Fixed interval looping call 'neutron.plugins.ml2.plugin.AgentDbMixin.agent_health_check' sleeping for 37.00 seconds {{(pid=103954) _run_loop /opt/stack/data/venv/lib/python3.12/site-packages/oslo_service/backend/_threading/loopingcall.py:125}}
Mar 20 00:47:22.277862 np0000160180 neutron-periodic-workers[103948]: DEBUG oslo.service.backend._threading.loopingcall [None req-8adddfda-cbab-40b7-ac38-522bc349140d None None] Fixed interval looping call 'neutron.plugins.ml2.plugin.DhcpAgentSchedulerDbMixin.remove_networks_from_down_agents' sleeping for 36.99 seconds {{(pid=103948) _run_loop /opt/stack/data/venv/lib/python3.12/site-packages/oslo_service/backend/_threading/loopingcall.py:125}}
Mar 20 00:47:27.286324 np0000160180 neutron-periodic-workers[103954]: DEBUG dbcounter [-] [103954] Writing DB stats neutron:SELECT=1 {{(pid=103954) stat_writer /opt/stack/data/venv/lib/python3.12/site-packages/dbcounter.py:115}}
Mar 20 00:47:32.277167 np0000160180 neutron-periodic-workers[103948]: DEBUG dbcounter [-] [103948] Writing DB stats neutron:SELECT=3 {{(pid=103948) stat_writer /opt/stack/data/venv/lib/python3.12/site-packages/dbcounter.py:115}}
Mar 20 00:47:54.293951 np0000160180 neutron-periodic-workers[103954]: DEBUG neutron.db.agents_db [None req-63d8180b-c0a5-4840-88f1-df3508eca588 None None] Agent healthcheck: found 0 active agents {{(pid=103954) agent_health_check /opt/stack/neutron/neutron/db/agents_db.py:317}}
Mar 20 00:47:54.294894 np0000160180 neutron-periodic-workers[103954]: DEBUG oslo.service.backend._threading.loopingcall [None req-63d8180b-c0a5-4840-88f1-df3508eca588 None None] Fixed interval looping call 'neutron.plugins.ml2.plugin.AgentDbMixin.agent_health_check' sleeping for 36.99 seconds {{(pid=103954) _run_loop /opt/stack/data/venv/lib/python3.12/site-packages/oslo_service/backend/_threading/loopingcall.py:125}}
Mar 20 00:47:59.278131 np0000160180 neutron-periodic-workers[103948]: DEBUG oslo.service.backend._threading.loopingcall [None req-8adddfda-cbab-40b7-ac38-522bc349140d None None] Fixed interval looping call 'neutron.plugins.ml2.plugin.DhcpAgentSchedulerDbMixin.remove_networks_from_down_agents' sleeping for 36.99 seconds {{(pid=103948) _run_loop /opt/stack/data/venv/lib/python3.12/site-packages/oslo_service/backend/_threading/loopingcall.py:125}}
Mar 20 00:48:04.291798 np0000160180 neutron-periodic-workers[103954]: DEBUG dbcounter [-] [103954] Writing DB stats neutron:SELECT=1 {{(pid=103954) stat_writer /opt/stack/data/venv/lib/python3.12/site-packages/dbcounter.py:115}}
Mar 20 00:48:09.276865 np0000160180 neutron-periodic-workers[103948]: DEBUG dbcounter [-] [103948] Writing DB stats neutron:SELECT=3 {{(pid=103948) stat_writer /opt/stack/data/venv/lib/python3.12/site-packages/dbcounter.py:115}}
Mar 20 00:48:31.290695 np0000160180 neutron-periodic-workers[103954]: DEBUG neutron.db.agents_db [None req-63d8180b-c0a5-4840-88f1-df3508eca588 None None] Agent healthcheck: found 0 active agents {{(pid=103954) agent_health_check /opt/stack/neutron/neutron/db/agents_db.py:317}}
Mar 20 00:48:31.291484 np0000160180 neutron-periodic-workers[103954]: DEBUG oslo.service.backend._threading.loopingcall [None req-63d8180b-c0a5-4840-88f1-df3508eca588 None None] Fixed interval looping call 'neutron.plugins.ml2.plugin.AgentDbMixin.agent_health_check' sleeping for 36.99 seconds {{(pid=103954) _run_loop /opt/stack/data/venv/lib/python3.12/site-packages/oslo_service/backend/_threading/loopingcall.py:125}}
Mar 20 00:48:36.276836 np0000160180 neutron-periodic-workers[103948]: DEBUG oslo.service.backend._threading.loopingcall [None req-8adddfda-cbab-40b7-ac38-522bc349140d None None] Fixed interval looping call 'neutron.plugins.ml2.plugin.DhcpAgentSchedulerDbMixin.remove_networks_from_down_agents' sleeping for 36.99 seconds {{(pid=103948) _run_loop /opt/stack/data/venv/lib/python3.12/site-packages/oslo_service/backend/_threading/loopingcall.py:125}}
Mar 20 00:48:41.288646 np0000160180 neutron-periodic-workers[103954]: DEBUG dbcounter [-] [103954] Writing DB stats neutron:SELECT=1 {{(pid=103954) stat_writer /opt/stack/data/venv/lib/python3.12/site-packages/dbcounter.py:115}}
Mar 20 00:48:46.276641 np0000160180 neutron-periodic-workers[103948]: DEBUG dbcounter [-] [103948] Writing DB stats neutron:SELECT=3 {{(pid=103948) stat_writer /opt/stack/data/venv/lib/python3.12/site-packages/dbcounter.py:115}}
Mar 20 00:48:47.321226 np0000160180 neutron-periodic-workers[103964]: DEBUG oslo.service.backend._threading.loopingcall [None req-3c856bdd-66ea-4738-9d25-cfde5fd632b4 None None] Fixed interval looping call 'neutron.db.quota.driver_nolock.DbQuotaNoLockDriver._remove_expired_reservations' sleeping for 120.00 seconds {{(pid=103964) _run_loop /opt/stack/data/venv/lib/python3.12/site-packages/oslo_service/backend/_threading/loopingcall.py:125}}
Mar 20 00:48:57.319434 np0000160180 neutron-periodic-workers[103964]: DEBUG dbcounter [-] [103964] Writing DB stats neutron:DELETE=1 {{(pid=103964) stat_writer /opt/stack/data/venv/lib/python3.12/site-packages/dbcounter.py:115}}
Mar 20 00:49:08.286760 np0000160180 neutron-periodic-workers[103954]: DEBUG neutron.db.agents_db [None req-63d8180b-c0a5-4840-88f1-df3508eca588 None None] Agent healthcheck: found 0 active agents {{(pid=103954) agent_health_check /opt/stack/neutron/neutron/db/agents_db.py:317}}
Mar 20 00:49:08.287580 np0000160180 neutron-periodic-workers[103954]: DEBUG oslo.service.backend._threading.loopingcall [None req-63d8180b-c0a5-4840-88f1-df3508eca588 None None] Fixed interval looping call 'neutron.plugins.ml2.plugin.AgentDbMixin.agent_health_check' sleeping for 36.99 seconds {{(pid=103954) _run_loop /opt/stack/data/venv/lib/python3.12/site-packages/oslo_service/backend/_threading/loopingcall.py:125}}
Mar 20 00:49:13.275200 np0000160180 neutron-periodic-workers[103948]: DEBUG oslo.service.backend._threading.loopingcall [None req-8adddfda-cbab-40b7-ac38-522bc349140d None None] Fixed interval looping call 'neutron.plugins.ml2.plugin.DhcpAgentSchedulerDbMixin.remove_networks_from_down_agents' sleeping for 36.99 seconds {{(pid=103948) _run_loop /opt/stack/data/venv/lib/python3.12/site-packages/oslo_service/backend/_threading/loopingcall.py:125}}
Mar 20 00:49:18.284953 np0000160180 neutron-periodic-workers[103954]: DEBUG dbcounter [-] [103954] Writing DB stats neutron:SELECT=1 {{(pid=103954) stat_writer /opt/stack/data/venv/lib/python3.12/site-packages/dbcounter.py:115}}
Mar 20 00:49:23.274947 np0000160180 neutron-periodic-workers[103948]: DEBUG dbcounter [-] [103948] Writing DB stats neutron:SELECT=3 {{(pid=103948) stat_writer /opt/stack/data/venv/lib/python3.12/site-packages/dbcounter.py:115}}
Mar 20 00:49:45.281321 np0000160180 neutron-periodic-workers[103954]: DEBUG neutron.db.agents_db [None req-63d8180b-c0a5-4840-88f1-df3508eca588 None None] Agent healthcheck: found 0 active agents {{(pid=103954) agent_health_check /opt/stack/neutron/neutron/db/agents_db.py:317}}
Mar 20 00:49:45.281847 np0000160180 neutron-periodic-workers[103954]: DEBUG oslo.service.backend._threading.loopingcall [None req-63d8180b-c0a5-4840-88f1-df3508eca588 None None] Fixed interval looping call 'neutron.plugins.ml2.plugin.AgentDbMixin.agent_health_check' sleeping for 37.00 seconds {{(pid=103954) _run_loop /opt/stack/data/venv/lib/python3.12/site-packages/oslo_service/backend/_threading/loopingcall.py:125}}
Mar 20 00:49:50.274728 np0000160180 neutron-periodic-workers[103948]: DEBUG oslo.service.backend._threading.loopingcall [None req-8adddfda-cbab-40b7-ac38-522bc349140d None None] Fixed interval looping call 'neutron.plugins.ml2.plugin.DhcpAgentSchedulerDbMixin.remove_networks_from_down_agents' sleeping for 36.99 seconds {{(pid=103948) _run_loop /opt/stack/data/venv/lib/python3.12/site-packages/oslo_service/backend/_threading/loopingcall.py:125}}
Mar 20 00:49:55.280272 np0000160180 neutron-periodic-workers[103954]: DEBUG dbcounter [-] [103954] Writing DB stats neutron:SELECT=1 {{(pid=103954) stat_writer /opt/stack/data/venv/lib/python3.12/site-packages/dbcounter.py:115}}
Mar 20 00:50:00.274140 np0000160180 neutron-periodic-workers[103948]: DEBUG dbcounter [-] [103948] Writing DB stats neutron:SELECT=3 {{(pid=103948) stat_writer /opt/stack/data/venv/lib/python3.12/site-packages/dbcounter.py:115}}
Mar 20 00:50:22.286240 np0000160180 neutron-periodic-workers[103954]: DEBUG neutron.db.agents_db [None req-63d8180b-c0a5-4840-88f1-df3508eca588 None None] Agent healthcheck: found 0 active agents {{(pid=103954) agent_health_check /opt/stack/neutron/neutron/db/agents_db.py:317}}
Mar 20 00:50:22.287161 np0000160180 neutron-periodic-workers[103954]: DEBUG oslo.service.backend._threading.loopingcall [None req-63d8180b-c0a5-4840-88f1-df3508eca588 None None] Fixed interval looping call 'neutron.plugins.ml2.plugin.AgentDbMixin.agent_health_check' sleeping for 37.00 seconds {{(pid=103954) _run_loop /opt/stack/data/venv/lib/python3.12/site-packages/oslo_service/backend/_threading/loopingcall.py:125}}
Mar 20 00:50:27.272700 np0000160180 neutron-periodic-workers[103948]: DEBUG oslo.service.backend._threading.loopingcall [None req-8adddfda-cbab-40b7-ac38-522bc349140d None None] Fixed interval looping call 'neutron.plugins.ml2.plugin.DhcpAgentSchedulerDbMixin.remove_networks_from_down_agents' sleeping for 36.99 seconds {{(pid=103948) _run_loop /opt/stack/data/venv/lib/python3.12/site-packages/oslo_service/backend/_threading/loopingcall.py:125}}
Mar 20 00:50:32.287108 np0000160180 neutron-periodic-workers[103954]: DEBUG dbcounter [-] [103954] Writing DB stats neutron:SELECT=1 {{(pid=103954) stat_writer /opt/stack/data/venv/lib/python3.12/site-packages/dbcounter.py:115}}
Mar 20 00:50:32.361176 np0000160180 neutron-periodic-workers[103975]: DEBUG oslo.service.backend._threading.loopingcall [None req-1ad98b6a-f0fc-4165-a426-c232a014ec77 None None] Fixed interval looping call 'neutron.services.ovn_l3.plugin.L3_NAT_dbonly_mixin._clean_garbage' sleeping for 299.99 seconds {{(pid=103975) _run_loop /opt/stack/data/venv/lib/python3.12/site-packages/oslo_service/backend/_threading/loopingcall.py:125}}
Mar 20 00:50:37.274155 np0000160180 neutron-periodic-workers[103948]: DEBUG dbcounter [-] [103948] Writing DB stats neutron:SELECT=3 {{(pid=103948) stat_writer /opt/stack/data/venv/lib/python3.12/site-packages/dbcounter.py:115}}
Mar 20 00:50:42.353849 np0000160180 neutron-periodic-workers[103975]: DEBUG dbcounter [-] [103975] Writing DB stats neutron:SELECT=1 {{(pid=103975) stat_writer /opt/stack/data/venv/lib/python3.12/site-packages/dbcounter.py:115}}
