2026-05-06 02:31:44.482 8 INFO cinder.api.openstack.wsgi [None req-9cc94826-6aa3-4e4e-8264-34fc82b57234 5ecf5baaa55f41f9b0608e328fa86ec8 889f20fceca44424aa48de5c1eb4dab3 - - default default] GET http://cinder-api.openstack.svc.cluster.local:8776/v3/889f20fceca44424aa48de5c1eb4dab3/os-quota-sets/889f20fceca44424aa48de5c1eb4dab3?usage=true
2026-05-06 02:31:44.503 8 INFO cinder.api.openstack.wsgi [None req-9cc94826-6aa3-4e4e-8264-34fc82b57234 5ecf5baaa55f41f9b0608e328fa86ec8 889f20fceca44424aa48de5c1eb4dab3 - - default default] http://cinder-api.openstack.svc.cluster.local:8776/v3/889f20fceca44424aa48de5c1eb4dab3/os-quota-sets/889f20fceca44424aa48de5c1eb4dab3?usage=true returned with HTTP 200 [pid: 8|app: 0|req: 349/695] 10.0.0.108 () {28 vars in 736 bytes} [Wed May 6 02:31:44 2026] GET /v3/889f20fceca44424aa48de5c1eb4dab3/os-quota-sets/889f20fceca44424aa48de5c1eb4dab3?usage=true => generated 845 bytes in 29 msecs (HTTP/1.1 200) 7 headers in 285 bytes (1 switches on core 0)
2026-05-06 02:31:44.515 7 INFO cinder.api.openstack.wsgi [None req-15e26e42-8fae-4380-a49f-a6fcf173ef1d 5ecf5baaa55f41f9b0608e328fa86ec8 889f20fceca44424aa48de5c1eb4dab3 - - default default] GET http://cinder-api.openstack.svc.cluster.local:8776/v3/889f20fceca44424aa48de5c1eb4dab3/os-quota-sets/ac233c8ed2bb48509223b7e533963bbf?usage=true
2026-05-06 02:31:44.533 7 INFO cinder.api.openstack.wsgi [None req-15e26e42-8fae-4380-a49f-a6fcf173ef1d 5ecf5baaa55f41f9b0608e328fa86ec8 889f20fceca44424aa48de5c1eb4dab3 - - default default] http://cinder-api.openstack.svc.cluster.local:8776/v3/889f20fceca44424aa48de5c1eb4dab3/os-quota-sets/ac233c8ed2bb48509223b7e533963bbf?usage=true returned with HTTP 200 [pid: 7|app: 0|req: 347/696] 10.0.0.108 () {28 vars in 736 bytes} [Wed May 6 02:31:44 2026] GET /v3/889f20fceca44424aa48de5c1eb4dab3/os-quota-sets/ac233c8ed2bb48509223b7e533963bbf?usage=true => generated 847 bytes in 26 msecs (HTTP/1.1 200) 7 headers in 285 bytes (1 switches on core 0)
2026-05-06 02:31:44.543 8 INFO cinder.api.openstack.wsgi [None req-cb457bfa-7912-4bbc-aabc-710c7fe00106 5ecf5baaa55f41f9b0608e328fa86ec8 889f20fceca44424aa48de5c1eb4dab3 - - default default] GET http://cinder-api.openstack.svc.cluster.local:8776/v3/889f20fceca44424aa48de5c1eb4dab3/os-quota-sets/b12598bff5634c199b61fc17c6b5e678?usage=true
2026-05-06 02:31:44.583 8 INFO cinder.api.openstack.wsgi [None req-cb457bfa-7912-4bbc-aabc-710c7fe00106 5ecf5baaa55f41f9b0608e328fa86ec8 889f20fceca44424aa48de5c1eb4dab3 - - default default] http://cinder-api.openstack.svc.cluster.local:8776/v3/889f20fceca44424aa48de5c1eb4dab3/os-quota-sets/b12598bff5634c199b61fc17c6b5e678?usage=true returned with HTTP 200 [pid: 8|app: 0|req: 350/697] 10.0.0.108 () {28 vars in 736 bytes} [Wed May 6 02:31:44 2026] GET /v3/889f20fceca44424aa48de5c1eb4dab3/os-quota-sets/b12598bff5634c199b61fc17c6b5e678?usage=true => generated 847 bytes in 47 msecs (HTTP/1.1 200) 7 headers in 285 bytes (1 switches on core 0)
2026-05-06 02:31:44.599 7 INFO cinder.api.openstack.wsgi [None req-e3eb114e-213b-47d5-b11e-4f1f7aac3ffd 5ecf5baaa55f41f9b0608e328fa86ec8 889f20fceca44424aa48de5c1eb4dab3 - - default default] GET http://cinder-api.openstack.svc.cluster.local:8776/v3/889f20fceca44424aa48de5c1eb4dab3/os-quota-sets/b75f39fd13c74718b59001b628724af4?usage=true
2026-05-06 02:31:44.644 7 INFO cinder.api.openstack.wsgi [None req-e3eb114e-213b-47d5-b11e-4f1f7aac3ffd 5ecf5baaa55f41f9b0608e328fa86ec8 889f20fceca44424aa48de5c1eb4dab3 - - default default] http://cinder-api.openstack.svc.cluster.local:8776/v3/889f20fceca44424aa48de5c1eb4dab3/os-quota-sets/b75f39fd13c74718b59001b628724af4?usage=true returned with HTTP 200 [pid: 7|app: 0|req: 348/698] 10.0.0.108 () {28 vars in 736 bytes} [Wed May 6 02:31:44 2026] GET /v3/889f20fceca44424aa48de5c1eb4dab3/os-quota-sets/b75f39fd13c74718b59001b628724af4?usage=true => generated 845 bytes in 54 msecs (HTTP/1.1 200) 7 headers in 285 bytes (1 switches on core 0)
2026-05-06 02:31:44.655 8 INFO cinder.api.openstack.wsgi [None req-64487817-8c9f-47c3-8132-f7c39c1bce7d 5ecf5baaa55f41f9b0608e328fa86ec8 889f20fceca44424aa48de5c1eb4dab3 - - default default] GET http://cinder-api.openstack.svc.cluster.local:8776/v3/889f20fceca44424aa48de5c1eb4dab3/os-quota-sets/d892352508f94d0ca9690f5ab570137b?usage=true
2026-05-06 02:31:44.673 8 INFO cinder.api.openstack.wsgi [None req-64487817-8c9f-47c3-8132-f7c39c1bce7d 5ecf5baaa55f41f9b0608e328fa86ec8 889f20fceca44424aa48de5c1eb4dab3 - - default default] http://cinder-api.openstack.svc.cluster.local:8776/v3/889f20fceca44424aa48de5c1eb4dab3/os-quota-sets/d892352508f94d0ca9690f5ab570137b?usage=true returned with HTTP 200 [pid: 8|app: 0|req: 351/699] 10.0.0.108 () {28 vars in 736 bytes} [Wed May 6 02:31:44 2026] GET /v3/889f20fceca44424aa48de5c1eb4dab3/os-quota-sets/d892352508f94d0ca9690f5ab570137b?usage=true => generated 847 bytes in 26 msecs (HTTP/1.1 200) 7 headers in 285 bytes (1 switches on core 0)
2026-05-06 02:31:44.691 7 INFO cinder.api.openstack.wsgi [None req-c426f7b4-6cf2-42ee-98c2-f015d27c5e63 5ecf5baaa55f41f9b0608e328fa86ec8 889f20fceca44424aa48de5c1eb4dab3 - - default default] GET http://cinder-api.openstack.svc.cluster.local:8776/v3/889f20fceca44424aa48de5c1eb4dab3/volumes/detail?all_tenants=true
2026-05-06 02:31:44.698 7 INFO cinder.volume.api [None req-c426f7b4-6cf2-42ee-98c2-f015d27c5e63 5ecf5baaa55f41f9b0608e328fa86ec8 889f20fceca44424aa48de5c1eb4dab3 - - default default] Get all volumes completed successfully.
2026-05-06 02:31:44.699 7 INFO cinder.api.openstack.wsgi [None req-c426f7b4-6cf2-42ee-98c2-f015d27c5e63 5ecf5baaa55f41f9b0608e328fa86ec8 889f20fceca44424aa48de5c1eb4dab3 - - default default] http://cinder-api.openstack.svc.cluster.local:8776/v3/889f20fceca44424aa48de5c1eb4dab3/volumes/detail?all_tenants=true returned with HTTP 200 [pid: 7|app: 0|req: 349/700] 10.0.0.108 () {28 vars in 684 bytes} [Wed May 6 02:31:44 2026] GET /v3/889f20fceca44424aa48de5c1eb4dab3/volumes/detail?all_tenants=true => generated 15 bytes in 18 msecs (HTTP/1.1 200) 7 headers in 284 bytes (1 switches on core 0)
2026-05-06 02:31:44.713 8 INFO cinder.api.openstack.wsgi [None req-8521fde8-01d4-4bd0-8351-b5d680ee7752 5ecf5baaa55f41f9b0608e328fa86ec8 889f20fceca44424aa48de5c1eb4dab3 - - default default] GET http://cinder-api.openstack.svc.cluster.local:8776/v3/889f20fceca44424aa48de5c1eb4dab3/os-services
2026-05-06 02:31:44.719 8 INFO cinder.api.openstack.wsgi [None req-8521fde8-01d4-4bd0-8351-b5d680ee7752 5ecf5baaa55f41f9b0608e328fa86ec8 889f20fceca44424aa48de5c1eb4dab3 - - default default] http://cinder-api.openstack.svc.cluster.local:8776/v3/889f20fceca44424aa48de5c1eb4dab3/os-services returned with HTTP 200 [pid: 8|app: 0|req: 352/701] 10.0.0.108 () {28 vars in 645 bytes} [Wed May 6 02:31:44 2026] GET /v3/889f20fceca44424aa48de5c1eb4dab3/os-services => generated 646 bytes in 14 msecs (HTTP/1.1 200) 7 headers in 285 bytes (1 switches on core 0)
2026-05-06 02:31:46.706 7 INFO cinder.api.openstack.wsgi [None req-c426f7b4-6cf2-42ee-98c2-f015d27c5e63 5ecf5baaa55f41f9b0608e328fa86ec8 889f20fceca44424aa48de5c1eb4dab3 - - default default] GET http://10.0.0.221:8776/
2026-05-06 02:31:46.706 8 INFO cinder.api.openstack.wsgi [None req-8521fde8-01d4-4bd0-8351-b5d680ee7752 5ecf5baaa55f41f9b0608e328fa86ec8 889f20fceca44424aa48de5c1eb4dab3 - - default default] GET http://10.0.0.221:8776/
2026-05-06 02:31:46.707 7 INFO cinder.api.openstack.wsgi [None req-c426f7b4-6cf2-42ee-98c2-f015d27c5e63 5ecf5baaa55f41f9b0608e328fa86ec8 889f20fceca44424aa48de5c1eb4dab3 - - default default] http://10.0.0.221:8776/ returned with HTTP 300
2026-05-06 02:31:46.708 8 INFO cinder.api.openstack.wsgi [None req-8521fde8-01d4-4bd0-8351-b5d680ee7752 5ecf5baaa55f41f9b0608e328fa86ec8 889f20fceca44424aa48de5c1eb4dab3 - - default default] http://10.0.0.221:8776/ returned with HTTP 300
2026-05-06 02:31:56.707 8 INFO cinder.api.openstack.wsgi [None req-8521fde8-01d4-4bd0-8351-b5d680ee7752 5ecf5baaa55f41f9b0608e328fa86ec8 889f20fceca44424aa48de5c1eb4dab3 - - default default] GET http://10.0.0.221:8776/
2026-05-06 02:31:56.707 7 INFO cinder.api.openstack.wsgi [None req-c426f7b4-6cf2-42ee-98c2-f015d27c5e63 5ecf5baaa55f41f9b0608e328fa86ec8 889f20fceca44424aa48de5c1eb4dab3 - - default default] GET http://10.0.0.221:8776/
2026-05-06 02:31:56.708 7 INFO cinder.api.openstack.wsgi [None req-c426f7b4-6cf2-42ee-98c2-f015d27c5e63 5ecf5baaa55f41f9b0608e328fa86ec8 889f20fceca44424aa48de5c1eb4dab3 - - default default] http://10.0.0.221:8776/ returned with HTTP 300
2026-05-06 02:31:56.708 8 INFO cinder.api.openstack.wsgi [None req-8521fde8-01d4-4bd0-8351-b5d680ee7752 5ecf5baaa55f41f9b0608e328fa86ec8 889f20fceca44424aa48de5c1eb4dab3 - - default default] http://10.0.0.221:8776/ returned with HTTP 300
2026-05-06 02:31:59.587 7 INFO cinder.api.openstack.wsgi [None req-906e9e05-3852-4cc1-9002-7b7a11729c14 536fe68a668e4c23a68fcbd71d5fcd06 0a3b0a83b22e4df0b3fc070cd5754245 - - default default] POST http://cinder-api.openstack.svc.cluster.local:8776/v3/0a3b0a83b22e4df0b3fc070cd5754245/volumes
2026-05-06 02:32:00.269 7 INFO cinder.api.v3.volumes [None req-906e9e05-3852-4cc1-9002-7b7a11729c14 536fe68a668e4c23a68fcbd71d5fcd06 0a3b0a83b22e4df0b3fc070cd5754245 - - default default] Create volume of 1 GB
2026-05-06 02:32:00.285 7 INFO cinder.volume.api [None req-906e9e05-3852-4cc1-9002-7b7a11729c14 536fe68a668e4c23a68fcbd71d5fcd06 0a3b0a83b22e4df0b3fc070cd5754245 - - default default] Availability Zones retrieved successfully.
2026-05-06 02:32:00.725 7 INFO cinder.volume.api [None req-906e9e05-3852-4cc1-9002-7b7a11729c14 536fe68a668e4c23a68fcbd71d5fcd06 0a3b0a83b22e4df0b3fc070cd5754245 - - default default] Create volume request issued successfully.
2026-05-06 02:32:00.731 7 INFO cinder.api.openstack.wsgi [None req-906e9e05-3852-4cc1-9002-7b7a11729c14 536fe68a668e4c23a68fcbd71d5fcd06 0a3b0a83b22e4df0b3fc070cd5754245 - - default default] http://cinder-api.openstack.svc.cluster.local:8776/v3/0a3b0a83b22e4df0b3fc070cd5754245/volumes returned with HTTP 202 [pid: 7|app: 0|req: 352/706] 10.0.0.119 () {34 vars in 723 bytes} [Wed May 6 02:31:59 2026] POST /v3/0a3b0a83b22e4df0b3fc070cd5754245/volumes => generated 864 bytes in 1151 msecs (HTTP/1.1 202) 7 headers in 291 bytes (1 switches on core 0)
2026-05-06 02:32:00.750 8 INFO cinder.api.openstack.wsgi [None req-c27ab1d6-9118-476e-84b7-3df06088b8b9 536fe68a668e4c23a68fcbd71d5fcd06 0a3b0a83b22e4df0b3fc070cd5754245 - - default default] GET http://cinder-api.openstack.svc.cluster.local:8776/v3/0a3b0a83b22e4df0b3fc070cd5754245/volumes/b1a606da-d863-4ae7-9897-64dfaa7591eb /var/lib/openstack/lib/python3.12/site-packages/oslo_context/context.py:101: DeprecationWarning: Policy enforcement is depending on the value of is_admin. This key is deprecated. Please update your policy file to use the standard policy values. warnings.warn(
2026-05-06 02:32:00.784 8 INFO cinder.volume.api [None req-c27ab1d6-9118-476e-84b7-3df06088b8b9 536fe68a668e4c23a68fcbd71d5fcd06 0a3b0a83b22e4df0b3fc070cd5754245 - - default default] Volume info retrieved successfully.
2026-05-06 02:32:00.794 8 INFO cinder.api.openstack.wsgi [None req-c27ab1d6-9118-476e-84b7-3df06088b8b9 536fe68a668e4c23a68fcbd71d5fcd06 0a3b0a83b22e4df0b3fc070cd5754245 - - default default] http://cinder-api.openstack.svc.cluster.local:8776/v3/0a3b0a83b22e4df0b3fc070cd5754245/volumes/b1a606da-d863-4ae7-9897-64dfaa7591eb returned with HTTP 200 [pid: 8|app: 0|req: 355/707] 10.0.0.119 () {32 vars in 775 bytes} [Wed May 6 02:32:00 2026] GET /v3/0a3b0a83b22e4df0b3fc070cd5754245/volumes/b1a606da-d863-4ae7-9897-64dfaa7591eb => generated 932 bytes in 49 msecs (HTTP/1.1 200) 7 headers in 285 bytes (1 switches on core 0) /var/lib/openstack/lib/python3.12/site-packages/pycadf/identifier.py:70: UserWarning: Invalid uuid: cinderv3. To ensure interoperability, identifiers should be a valid uuid. warnings.warn(('Invalid uuid: %s. To ensure interoperability, '
2026-05-06 02:32:01.828 7 INFO cinder.api.openstack.wsgi [None req-60ac69e9-f142-446b-8ae1-8c70b2d4177c 536fe68a668e4c23a68fcbd71d5fcd06 0a3b0a83b22e4df0b3fc070cd5754245 - - default default] GET http://cinder-api.openstack.svc.cluster.local:8776/v3/0a3b0a83b22e4df0b3fc070cd5754245/volumes/b1a606da-d863-4ae7-9897-64dfaa7591eb /var/lib/openstack/lib/python3.12/site-packages/oslo_context/context.py:101: DeprecationWarning: Policy enforcement is depending on the value of is_admin. This key is deprecated. Please update your policy file to use the standard policy values. warnings.warn(
2026-05-06 02:32:01.844 7 INFO cinder.volume.api [None req-60ac69e9-f142-446b-8ae1-8c70b2d4177c 536fe68a668e4c23a68fcbd71d5fcd06 0a3b0a83b22e4df0b3fc070cd5754245 - - default default] Volume info retrieved successfully.
2026-05-06 02:32:01.850 7 INFO cinder.api.openstack.wsgi [None req-60ac69e9-f142-446b-8ae1-8c70b2d4177c 536fe68a668e4c23a68fcbd71d5fcd06 0a3b0a83b22e4df0b3fc070cd5754245 - - default default] http://cinder-api.openstack.svc.cluster.local:8776/v3/0a3b0a83b22e4df0b3fc070cd5754245/volumes/b1a606da-d863-4ae7-9897-64dfaa7591eb returned with HTTP 200 [pid: 7|app: 0|req: 353/708] 10.0.0.119 () {32 vars in 775 bytes} [Wed May 6 02:32:01 2026] GET /v3/0a3b0a83b22e4df0b3fc070cd5754245/volumes/b1a606da-d863-4ae7-9897-64dfaa7591eb => generated 956 bytes in 29 msecs (HTTP/1.1 200) 7 headers in 285 bytes (1 switches on core 0) /var/lib/openstack/lib/python3.12/site-packages/pycadf/identifier.py:70: UserWarning: Invalid uuid: cinderv3. To ensure interoperability, identifiers should be a valid uuid. warnings.warn(('Invalid uuid: %s. To ensure interoperability, '
2026-05-06 02:32:02.871 8 INFO cinder.api.openstack.wsgi [None req-d8cc6741-0bc0-47b7-950e-e69aadfc899c 536fe68a668e4c23a68fcbd71d5fcd06 0a3b0a83b22e4df0b3fc070cd5754245 - - default default] GET http://cinder-api.openstack.svc.cluster.local:8776/v3/0a3b0a83b22e4df0b3fc070cd5754245/volumes/b1a606da-d863-4ae7-9897-64dfaa7591eb /var/lib/openstack/lib/python3.12/site-packages/oslo_context/context.py:101: DeprecationWarning: Policy enforcement is depending on the value of is_admin. This key is deprecated. Please update your policy file to use the standard policy values. warnings.warn(
2026-05-06 02:32:02.888 8 INFO cinder.volume.api [None req-d8cc6741-0bc0-47b7-950e-e69aadfc899c 536fe68a668e4c23a68fcbd71d5fcd06 0a3b0a83b22e4df0b3fc070cd5754245 - - default default] Volume info retrieved successfully.
2026-05-06 02:32:02.893 8 INFO cinder.api.openstack.wsgi [None req-d8cc6741-0bc0-47b7-950e-e69aadfc899c 536fe68a668e4c23a68fcbd71d5fcd06 0a3b0a83b22e4df0b3fc070cd5754245 - - default default] http://cinder-api.openstack.svc.cluster.local:8776/v3/0a3b0a83b22e4df0b3fc070cd5754245/volumes/b1a606da-d863-4ae7-9897-64dfaa7591eb returned with HTTP 200 [pid: 8|app: 0|req: 356/709] 10.0.0.119 () {32 vars in 775 bytes} [Wed May 6 02:32:02 2026] GET /v3/0a3b0a83b22e4df0b3fc070cd5754245/volumes/b1a606da-d863-4ae7-9897-64dfaa7591eb => generated 956 bytes in 26 msecs (HTTP/1.1 200) 7 headers in 285 bytes (1 switches on core 0) /var/lib/openstack/lib/python3.12/site-packages/pycadf/identifier.py:70: UserWarning: Invalid uuid: cinderv3. To ensure interoperability, identifiers should be a valid uuid. warnings.warn(('Invalid uuid: %s. To ensure interoperability, '
2026-05-06 02:32:03.916 7 INFO cinder.api.openstack.wsgi [None req-86cd9335-c71c-4991-adbf-b27f090bc5df 536fe68a668e4c23a68fcbd71d5fcd06 0a3b0a83b22e4df0b3fc070cd5754245 - - default default] GET http://cinder-api.openstack.svc.cluster.local:8776/v3/0a3b0a83b22e4df0b3fc070cd5754245/volumes/b1a606da-d863-4ae7-9897-64dfaa7591eb /var/lib/openstack/lib/python3.12/site-packages/oslo_context/context.py:101: DeprecationWarning: Policy enforcement is depending on the value of is_admin. This key is deprecated. Please update your policy file to use the standard policy values. warnings.warn(
2026-05-06 02:32:03.942 7 INFO cinder.volume.api [None req-86cd9335-c71c-4991-adbf-b27f090bc5df 536fe68a668e4c23a68fcbd71d5fcd06 0a3b0a83b22e4df0b3fc070cd5754245 - - default default] Volume info retrieved successfully.
2026-05-06 02:32:03.964 7 INFO cinder.api.openstack.wsgi [None req-86cd9335-c71c-4991-adbf-b27f090bc5df 536fe68a668e4c23a68fcbd71d5fcd06 0a3b0a83b22e4df0b3fc070cd5754245 - - default default] http://cinder-api.openstack.svc.cluster.local:8776/v3/0a3b0a83b22e4df0b3fc070cd5754245/volumes/b1a606da-d863-4ae7-9897-64dfaa7591eb returned with HTTP 200 [pid: 7|app: 0|req: 354/710] 10.0.0.119 () {32 vars in 775 bytes} [Wed May 6 02:32:03 2026] GET /v3/0a3b0a83b22e4df0b3fc070cd5754245/volumes/b1a606da-d863-4ae7-9897-64dfaa7591eb => generated 1341 bytes in 55 msecs (HTTP/1.1 200) 7 headers in 286 bytes (1 switches on core 0) /var/lib/openstack/lib/python3.12/site-packages/pycadf/identifier.py:70: UserWarning: Invalid uuid: cinderv3. To ensure interoperability, identifiers should be a valid uuid. warnings.warn(('Invalid uuid: %s. To ensure interoperability, '
2026-05-06 02:32:04.071 8 INFO cinder.api.openstack.wsgi [req-8977794f-cf3f-4e1e-a531-1f1d0fa5189b req-0ccebd26-2e9f-4c91-be45-c6506040d9a1 536fe68a668e4c23a68fcbd71d5fcd06 0a3b0a83b22e4df0b3fc070cd5754245 - - default default] GET http://cinder-api.openstack.svc.cluster.local:8776/v3/0a3b0a83b22e4df0b3fc070cd5754245/volumes/b1a606da-d863-4ae7-9897-64dfaa7591eb /var/lib/openstack/lib/python3.12/site-packages/oslo_context/context.py:101: DeprecationWarning: Policy enforcement is depending on the value of is_admin. This key is deprecated. Please update your policy file to use the standard policy values. warnings.warn(
2026-05-06 02:32:04.090 8 INFO cinder.volume.api [req-8977794f-cf3f-4e1e-a531-1f1d0fa5189b req-0ccebd26-2e9f-4c91-be45-c6506040d9a1 536fe68a668e4c23a68fcbd71d5fcd06 0a3b0a83b22e4df0b3fc070cd5754245 - - default default] Volume info retrieved successfully.
2026-05-06 02:32:04.096 8 INFO cinder.api.openstack.wsgi [req-8977794f-cf3f-4e1e-a531-1f1d0fa5189b req-0ccebd26-2e9f-4c91-be45-c6506040d9a1 536fe68a668e4c23a68fcbd71d5fcd06 0a3b0a83b22e4df0b3fc070cd5754245 - - default default] http://cinder-api.openstack.svc.cluster.local:8776/v3/0a3b0a83b22e4df0b3fc070cd5754245/volumes/b1a606da-d863-4ae7-9897-64dfaa7591eb returned with HTTP 200 [pid: 8|app: 0|req: 357/711] 10.0.0.125 () {34 vars in 1028 bytes} [Wed May 6 02:32:04 2026] GET /v3/0a3b0a83b22e4df0b3fc070cd5754245/volumes/b1a606da-d863-4ae7-9897-64dfaa7591eb => generated 1341 bytes in 31 msecs (HTTP/1.1 200) 7 headers in 286 bytes (1 switches on core 0) /var/lib/openstack/lib/python3.12/site-packages/pycadf/identifier.py:70: UserWarning: Invalid uuid: cinderv3. To ensure interoperability, identifiers should be a valid uuid. warnings.warn(('Invalid uuid: %s. To ensure interoperability, '
2026-05-06 02:32:04.502 7 INFO cinder.api.openstack.wsgi [req-8977794f-cf3f-4e1e-a531-1f1d0fa5189b req-1ed88d13-55a3-406a-ad17-69137f24f197 536fe68a668e4c23a68fcbd71d5fcd06 0a3b0a83b22e4df0b3fc070cd5754245 - - default default] GET http://cinder-api.openstack.svc.cluster.local:8776/v3/0a3b0a83b22e4df0b3fc070cd5754245/volumes/b1a606da-d863-4ae7-9897-64dfaa7591eb /var/lib/openstack/lib/python3.12/site-packages/oslo_context/context.py:101: DeprecationWarning: Policy enforcement is depending on the value of is_admin. This key is deprecated. Please update your policy file to use the standard policy values. warnings.warn(
2026-05-06 02:32:04.522 7 INFO cinder.volume.api [req-8977794f-cf3f-4e1e-a531-1f1d0fa5189b req-1ed88d13-55a3-406a-ad17-69137f24f197 536fe68a668e4c23a68fcbd71d5fcd06 0a3b0a83b22e4df0b3fc070cd5754245 - - default default] Volume info retrieved successfully.
2026-05-06 02:32:04.527 7 INFO cinder.api.openstack.wsgi [req-8977794f-cf3f-4e1e-a531-1f1d0fa5189b req-1ed88d13-55a3-406a-ad17-69137f24f197 536fe68a668e4c23a68fcbd71d5fcd06 0a3b0a83b22e4df0b3fc070cd5754245 - - default default] http://cinder-api.openstack.svc.cluster.local:8776/v3/0a3b0a83b22e4df0b3fc070cd5754245/volumes/b1a606da-d863-4ae7-9897-64dfaa7591eb returned with HTTP 200 [pid: 7|app: 0|req: 355/712] 10.0.0.125 () {34 vars in 1028 bytes} [Wed May 6 02:32:04 2026] GET /v3/0a3b0a83b22e4df0b3fc070cd5754245/volumes/b1a606da-d863-4ae7-9897-64dfaa7591eb => generated 1341 bytes in 30 msecs (HTTP/1.1 200) 7 headers in 286 bytes (1 switches on core 0)
2026-05-06 02:32:04.533 8 INFO cinder.api.openstack.wsgi [req-8977794f-cf3f-4e1e-a531-1f1d0fa5189b req-0ccebd26-2e9f-4c91-be45-c6506040d9a1 536fe68a668e4c23a68fcbd71d5fcd06 0a3b0a83b22e4df0b3fc070cd5754245 - - default default] GET http://cinder-api.openstack.svc.cluster.local:8776/
2026-05-06 02:32:04.535 8 INFO cinder.api.openstack.wsgi [req-8977794f-cf3f-4e1e-a531-1f1d0fa5189b req-0ccebd26-2e9f-4c91-be45-c6506040d9a1 536fe68a668e4c23a68fcbd71d5fcd06 0a3b0a83b22e4df0b3fc070cd5754245 - - default default] http://cinder-api.openstack.svc.cluster.local:8776/ returned with HTTP 300 [pid: 8|app: 0|req: 358/713] 10.0.0.125 () {32 vars in 829 bytes} [Wed May 6 02:32:04 2026] GET / => generated 411 bytes in 5 msecs (HTTP/1.1 300) 5 headers in 169 bytes (1 switches on core 0) /var/lib/openstack/lib/python3.12/site-packages/pycadf/identifier.py:70: UserWarning: Invalid uuid: cinderv3. To ensure interoperability, identifiers should be a valid uuid. warnings.warn(('Invalid uuid: %s. To ensure interoperability, '
2026-05-06 02:32:04.546 7 INFO cinder.api.openstack.wsgi [req-8977794f-cf3f-4e1e-a531-1f1d0fa5189b req-f78781f5-1fc1-4490-af1f-2601b626a06a 536fe68a668e4c23a68fcbd71d5fcd06 0a3b0a83b22e4df0b3fc070cd5754245 - - default default] POST http://cinder-api.openstack.svc.cluster.local:8776/v3/0a3b0a83b22e4df0b3fc070cd5754245/attachments /var/lib/openstack/lib/python3.12/site-packages/oslo_context/context.py:101: DeprecationWarning: Policy enforcement is depending on the value of is_admin. This key is deprecated. Please update your policy file to use the standard policy values. warnings.warn(
2026-05-06 02:32:04.606 7 INFO cinder.api.openstack.wsgi [req-8977794f-cf3f-4e1e-a531-1f1d0fa5189b req-f78781f5-1fc1-4490-af1f-2601b626a06a 536fe68a668e4c23a68fcbd71d5fcd06 0a3b0a83b22e4df0b3fc070cd5754245 - - default default] http://cinder-api.openstack.svc.cluster.local:8776/v3/0a3b0a83b22e4df0b3fc070cd5754245/attachments returned with HTTP 200 [pid: 7|app: 0|req: 356/714] 10.0.0.125 () {40 vars in 1057 bytes} [Wed May 6 02:32:04 2026] POST /v3/0a3b0a83b22e4df0b3fc070cd5754245/attachments => generated 273 bytes in 66 msecs (HTTP/1.1 200) 7 headers in 286 bytes (1 switches on core 0)
2026-05-06 02:32:06.708 8 INFO cinder.api.openstack.wsgi [req-8977794f-cf3f-4e1e-a531-1f1d0fa5189b req-0ccebd26-2e9f-4c91-be45-c6506040d9a1 536fe68a668e4c23a68fcbd71d5fcd06 0a3b0a83b22e4df0b3fc070cd5754245 - - default default] GET http://10.0.0.221:8776/
2026-05-06 02:32:06.708 7 INFO cinder.api.openstack.wsgi [req-8977794f-cf3f-4e1e-a531-1f1d0fa5189b req-f78781f5-1fc1-4490-af1f-2601b626a06a 536fe68a668e4c23a68fcbd71d5fcd06 0a3b0a83b22e4df0b3fc070cd5754245 - - default default] GET http://10.0.0.221:8776/
2026-05-06 02:32:06.709 8 INFO cinder.api.openstack.wsgi [req-8977794f-cf3f-4e1e-a531-1f1d0fa5189b req-0ccebd26-2e9f-4c91-be45-c6506040d9a1 536fe68a668e4c23a68fcbd71d5fcd06 0a3b0a83b22e4df0b3fc070cd5754245 - - default default] http://10.0.0.221:8776/ returned with HTTP 300
2026-05-06 02:32:06.709 7 INFO cinder.api.openstack.wsgi [req-8977794f-cf3f-4e1e-a531-1f1d0fa5189b req-f78781f5-1fc1-4490-af1f-2601b626a06a 536fe68a668e4c23a68fcbd71d5fcd06 0a3b0a83b22e4df0b3fc070cd5754245 - - default default] http://10.0.0.221:8776/ returned with HTTP 300
2026-05-06 02:32:10.640 8 INFO cinder.api.openstack.wsgi [req-8977794f-cf3f-4e1e-a531-1f1d0fa5189b req-0ccebd26-2e9f-4c91-be45-c6506040d9a1 536fe68a668e4c23a68fcbd71d5fcd06 0a3b0a83b22e4df0b3fc070cd5754245 - - default default] GET http://cinder-api.openstack.svc.cluster.local:8776/
2026-05-06 02:32:10.641 8 INFO cinder.api.openstack.wsgi [req-8977794f-cf3f-4e1e-a531-1f1d0fa5189b req-0ccebd26-2e9f-4c91-be45-c6506040d9a1 536fe68a668e4c23a68fcbd71d5fcd06 0a3b0a83b22e4df0b3fc070cd5754245 - - default default] http://cinder-api.openstack.svc.cluster.local:8776/ returned with HTTP 300 [pid: 8|app: 0|req: 360/717] 199.19.213.236 () {32 vars in 840 bytes} [Wed May 6 02:32:10 2026] GET / => generated 411 bytes in 2 msecs (HTTP/1.1 300) 5 headers in 169 bytes (1 switches on core 0) /var/lib/openstack/lib/python3.12/site-packages/pycadf/identifier.py:70: UserWarning: Invalid uuid: cinderv3. To ensure interoperability, identifiers should be a valid uuid. warnings.warn(('Invalid uuid: %s. To ensure interoperability, '
2026-05-06 02:32:10.714 7 INFO cinder.api.openstack.wsgi [req-8977794f-cf3f-4e1e-a531-1f1d0fa5189b req-f92a618f-fc94-42f6-bf20-95c0fdc4c06a 536fe68a668e4c23a68fcbd71d5fcd06 0a3b0a83b22e4df0b3fc070cd5754245 - - default default] GET http://cinder-api.openstack.svc.cluster.local:8776/v3/0a3b0a83b22e4df0b3fc070cd5754245/volumes/b1a606da-d863-4ae7-9897-64dfaa7591eb /var/lib/openstack/lib/python3.12/site-packages/oslo_context/context.py:101: DeprecationWarning: Policy enforcement is depending on the value of is_admin. This key is deprecated. Please update your policy file to use the standard policy values. warnings.warn(
2026-05-06 02:32:10.767 7 INFO cinder.volume.api [req-8977794f-cf3f-4e1e-a531-1f1d0fa5189b req-f92a618f-fc94-42f6-bf20-95c0fdc4c06a 536fe68a668e4c23a68fcbd71d5fcd06 0a3b0a83b22e4df0b3fc070cd5754245 - - default default] Volume info retrieved successfully.
2026-05-06 02:32:10.786 7 INFO cinder.api.openstack.wsgi [req-8977794f-cf3f-4e1e-a531-1f1d0fa5189b req-f92a618f-fc94-42f6-bf20-95c0fdc4c06a 536fe68a668e4c23a68fcbd71d5fcd06 0a3b0a83b22e4df0b3fc070cd5754245 - - default default] http://cinder-api.openstack.svc.cluster.local:8776/v3/0a3b0a83b22e4df0b3fc070cd5754245/volumes/b1a606da-d863-4ae7-9897-64dfaa7591eb returned with HTTP 200 [pid: 7|app: 0|req: 358/718] 199.19.213.236 () {36 vars in 1073 bytes} [Wed May 6 02:32:10 2026] GET /v3/0a3b0a83b22e4df0b3fc070cd5754245/volumes/b1a606da-d863-4ae7-9897-64dfaa7591eb => generated 1521 bytes in 80 msecs (HTTP/1.1 200) 7 headers in 287 bytes (1 switches on core 0) /var/lib/openstack/lib/python3.12/site-packages/pycadf/identifier.py:70: UserWarning: Invalid uuid: cinderv3. To ensure interoperability, identifiers should be a valid uuid. warnings.warn(('Invalid uuid: %s. To ensure interoperability, '
2026-05-06 02:32:12.695 8 INFO cinder.api.openstack.wsgi [req-8977794f-cf3f-4e1e-a531-1f1d0fa5189b req-f59e02ca-0e68-4aaa-b8b4-bc6c9a6fef12 536fe68a668e4c23a68fcbd71d5fcd06 0a3b0a83b22e4df0b3fc070cd5754245 - - default default] PUT http://cinder-api.openstack.svc.cluster.local:8776/v3/0a3b0a83b22e4df0b3fc070cd5754245/attachments/5e38eb2c-2311-484d-a9ba-42ae18db1aae /var/lib/openstack/lib/python3.12/site-packages/oslo_context/context.py:101: DeprecationWarning: Policy enforcement is depending on the value of is_admin. This key is deprecated. Please update your policy file to use the standard policy values. warnings.warn(
2026-05-06 02:32:13.757 8 INFO cinder.api.openstack.wsgi [req-8977794f-cf3f-4e1e-a531-1f1d0fa5189b req-f59e02ca-0e68-4aaa-b8b4-bc6c9a6fef12 536fe68a668e4c23a68fcbd71d5fcd06 0a3b0a83b22e4df0b3fc070cd5754245 - - default default] http://cinder-api.openstack.svc.cluster.local:8776/v3/0a3b0a83b22e4df0b3fc070cd5754245/attachments/5e38eb2c-2311-484d-a9ba-42ae18db1aae returned with HTTP 200 [pid: 8|app: 0|req: 361/719] 199.19.213.236 () {40 vars in 1135 bytes} [Wed May 6 02:32:12 2026] PUT /v3/0a3b0a83b22e4df0b3fc070cd5754245/attachments/5e38eb2c-2311-484d-a9ba-42ae18db1aae => generated 802 bytes in 1070 msecs (HTTP/1.1 200) 7 headers in 286 bytes (1 switches on core 0) /var/lib/openstack/lib/python3.12/site-packages/pycadf/identifier.py:70: UserWarning: Invalid uuid: cinderv3. To ensure interoperability, identifiers should be a valid uuid. warnings.warn(('Invalid uuid: %s. To ensure interoperability, '
2026-05-06 02:32:14.286 7 INFO cinder.api.openstack.wsgi [req-8977794f-cf3f-4e1e-a531-1f1d0fa5189b req-e9ac5686-7d31-484a-86f6-9f0b39af3df9 536fe68a668e4c23a68fcbd71d5fcd06 0a3b0a83b22e4df0b3fc070cd5754245 - - default default] POST http://cinder-api.openstack.svc.cluster.local:8776/v3/0a3b0a83b22e4df0b3fc070cd5754245/attachments/5e38eb2c-2311-484d-a9ba-42ae18db1aae/action /var/lib/openstack/lib/python3.12/site-packages/oslo_context/context.py:101: DeprecationWarning: Policy enforcement is depending on the value of is_admin. This key is deprecated. Please update your policy file to use the standard policy values. warnings.warn(
2026-05-06 02:32:14.323 7 INFO cinder.api.openstack.wsgi [req-8977794f-cf3f-4e1e-a531-1f1d0fa5189b req-e9ac5686-7d31-484a-86f6-9f0b39af3df9 536fe68a668e4c23a68fcbd71d5fcd06 0a3b0a83b22e4df0b3fc070cd5754245 - - default default] http://cinder-api.openstack.svc.cluster.local:8776/v3/0a3b0a83b22e4df0b3fc070cd5754245/attachments/5e38eb2c-2311-484d-a9ba-42ae18db1aae/action returned with HTTP 204 [pid: 7|app: 0|req: 359/720] 199.19.213.236 () {40 vars in 1148 bytes} [Wed May 6 02:32:14 2026] POST /v3/0a3b0a83b22e4df0b3fc070cd5754245/attachments/5e38eb2c-2311-484d-a9ba-42ae18db1aae/action => generated 0 bytes in 46 msecs (HTTP/1.1 204) 7 headers in 292 bytes (1 switches on core 0)
2026-05-06 02:32:16.706 8 INFO cinder.api.openstack.wsgi [req-8977794f-cf3f-4e1e-a531-1f1d0fa5189b req-f59e02ca-0e68-4aaa-b8b4-bc6c9a6fef12 536fe68a668e4c23a68fcbd71d5fcd06 0a3b0a83b22e4df0b3fc070cd5754245 - - default default] GET http://10.0.0.221:8776/
2026-05-06 02:32:16.706 7 INFO cinder.api.openstack.wsgi [req-8977794f-cf3f-4e1e-a531-1f1d0fa5189b req-e9ac5686-7d31-484a-86f6-9f0b39af3df9 536fe68a668e4c23a68fcbd71d5fcd06 0a3b0a83b22e4df0b3fc070cd5754245 - - default default] GET http://10.0.0.221:8776/
2026-05-06 02:32:16.707 7 INFO cinder.api.openstack.wsgi [req-8977794f-cf3f-4e1e-a531-1f1d0fa5189b req-e9ac5686-7d31-484a-86f6-9f0b39af3df9 536fe68a668e4c23a68fcbd71d5fcd06 0a3b0a83b22e4df0b3fc070cd5754245 - - default default] http://10.0.0.221:8776/ returned with HTTP 300
2026-05-06 02:32:16.708 8 INFO cinder.api.openstack.wsgi [req-8977794f-cf3f-4e1e-a531-1f1d0fa5189b req-f59e02ca-0e68-4aaa-b8b4-bc6c9a6fef12 536fe68a668e4c23a68fcbd71d5fcd06 0a3b0a83b22e4df0b3fc070cd5754245 - - default default] http://10.0.0.221:8776/ returned with HTTP 300
2026-05-06 02:32:26.706 7 INFO cinder.api.openstack.wsgi [req-8977794f-cf3f-4e1e-a531-1f1d0fa5189b req-e9ac5686-7d31-484a-86f6-9f0b39af3df9 536fe68a668e4c23a68fcbd71d5fcd06 0a3b0a83b22e4df0b3fc070cd5754245 - - default default] GET http://10.0.0.221:8776/
2026-05-06 02:32:26.708 7 INFO cinder.api.openstack.wsgi [req-8977794f-cf3f-4e1e-a531-1f1d0fa5189b req-e9ac5686-7d31-484a-86f6-9f0b39af3df9 536fe68a668e4c23a68fcbd71d5fcd06 0a3b0a83b22e4df0b3fc070cd5754245 - - default default] http://10.0.0.221:8776/ returned with HTTP 300
2026-05-06 02:32:26.712 8 INFO cinder.api.openstack.wsgi [req-8977794f-cf3f-4e1e-a531-1f1d0fa5189b req-f59e02ca-0e68-4aaa-b8b4-bc6c9a6fef12 536fe68a668e4c23a68fcbd71d5fcd06 0a3b0a83b22e4df0b3fc070cd5754245 - - default default] GET http://10.0.0.221:8776/
2026-05-06 02:32:26.712 8 INFO cinder.api.openstack.wsgi [req-8977794f-cf3f-4e1e-a531-1f1d0fa5189b req-f59e02ca-0e68-4aaa-b8b4-bc6c9a6fef12 536fe68a668e4c23a68fcbd71d5fcd06 0a3b0a83b22e4df0b3fc070cd5754245 - - default default] http://10.0.0.221:8776/ returned with HTTP 300 /var/lib/openstack/lib/python3.12/site-packages/pycadf/identifier.py:70: UserWarning: Invalid uuid: cinderv3. To ensure interoperability, identifiers should be a valid uuid. warnings.warn(('Invalid uuid: %s. To ensure interoperability, '
2026-05-06 02:32:28.368 7 INFO cinder.api.openstack.wsgi [req-3edd968b-3675-4efd-b97a-7b4ddd654061 req-fec70af5-8e71-4ae3-9b3d-c294c3618820 536fe68a668e4c23a68fcbd71d5fcd06 0a3b0a83b22e4df0b3fc070cd5754245 - - default default] DELETE http://cinder-api.openstack.svc.cluster.local:8776/v3/0a3b0a83b22e4df0b3fc070cd5754245/attachments/5e38eb2c-2311-484d-a9ba-42ae18db1aae /var/lib/openstack/lib/python3.12/site-packages/oslo_context/context.py:101: DeprecationWarning: Policy enforcement is depending on the value of is_admin. This key is deprecated. Please update your policy file to use the standard policy values. warnings.warn(
2026-05-06 02:32:28.949 7 INFO cinder.api.openstack.wsgi [req-3edd968b-3675-4efd-b97a-7b4ddd654061 req-fec70af5-8e71-4ae3-9b3d-c294c3618820 536fe68a668e4c23a68fcbd71d5fcd06 0a3b0a83b22e4df0b3fc070cd5754245 - - default default] http://cinder-api.openstack.svc.cluster.local:8776/v3/0a3b0a83b22e4df0b3fc070cd5754245/attachments/5e38eb2c-2311-484d-a9ba-42ae18db1aae returned with HTTP 200 [pid: 7|app: 0|req: 362/725] 199.19.213.236 () {38 vars in 1103 bytes} [Wed May 6 02:32:28 2026] DELETE /v3/0a3b0a83b22e4df0b3fc070cd5754245/attachments/5e38eb2c-2311-484d-a9ba-42ae18db1aae => generated 19 bytes in 596 msecs (HTTP/1.1 200) 7 headers in 285 bytes (1 switches on core 0) /var/lib/openstack/lib/python3.12/site-packages/pycadf/identifier.py:70: UserWarning: Invalid uuid: cinderv3. To ensure interoperability, identifiers should be a valid uuid. warnings.warn(('Invalid uuid: %s. To ensure interoperability, '
2026-05-06 02:32:28.968 8 INFO cinder.api.openstack.wsgi [req-3edd968b-3675-4efd-b97a-7b4ddd654061 req-3edc657a-0dc1-4926-82ea-ba50bd9e1c54 536fe68a668e4c23a68fcbd71d5fcd06 0a3b0a83b22e4df0b3fc070cd5754245 - - default default] DELETE http://cinder-api.openstack.svc.cluster.local:8776/v3/0a3b0a83b22e4df0b3fc070cd5754245/volumes/b1a606da-d863-4ae7-9897-64dfaa7591eb
2026-05-06 02:32:28.968 8 INFO cinder.api.v3.volumes [req-3edd968b-3675-4efd-b97a-7b4ddd654061 req-3edc657a-0dc1-4926-82ea-ba50bd9e1c54 536fe68a668e4c23a68fcbd71d5fcd06 0a3b0a83b22e4df0b3fc070cd5754245 - - default default] Delete volume with id: b1a606da-d863-4ae7-9897-64dfaa7591eb /var/lib/openstack/lib/python3.12/site-packages/oslo_context/context.py:101: DeprecationWarning: Policy enforcement is depending on the value of is_admin. This key is deprecated. Please update your policy file to use the standard policy values. warnings.warn(
2026-05-06 02:32:28.979 8 INFO cinder.volume.api [req-3edd968b-3675-4efd-b97a-7b4ddd654061 req-3edc657a-0dc1-4926-82ea-ba50bd9e1c54 536fe68a668e4c23a68fcbd71d5fcd06 0a3b0a83b22e4df0b3fc070cd5754245 - - default default] Volume info retrieved successfully.
2026-05-06 02:32:29.014 8 INFO cinder.volume.api [req-3edd968b-3675-4efd-b97a-7b4ddd654061 req-3edc657a-0dc1-4926-82ea-ba50bd9e1c54 536fe68a668e4c23a68fcbd71d5fcd06 0a3b0a83b22e4df0b3fc070cd5754245 - - default default] Delete volume request issued successfully.
2026-05-06 02:32:29.014 8 INFO cinder.api.openstack.wsgi [req-3edd968b-3675-4efd-b97a-7b4ddd654061 req-3edc657a-0dc1-4926-82ea-ba50bd9e1c54 536fe68a668e4c23a68fcbd71d5fcd06 0a3b0a83b22e4df0b3fc070cd5754245 - - default default] http://cinder-api.openstack.svc.cluster.local:8776/v3/0a3b0a83b22e4df0b3fc070cd5754245/volumes/b1a606da-d863-4ae7-9897-64dfaa7591eb returned with HTTP 202 [pid: 8|app: 0|req: 364/726] 199.19.213.236 () {36 vars in 1054 bytes} [Wed May 6 02:32:28 2026] DELETE /v3/0a3b0a83b22e4df0b3fc070cd5754245/volumes/b1a606da-d863-4ae7-9897-64dfaa7591eb => generated 0 bytes in 58 msecs (HTTP/1.1 202) 6 headers in 233 bytes (1 switches on core 0)
2026-05-06 02:32:36.706 7 INFO cinder.api.openstack.wsgi [req-3edd968b-3675-4efd-b97a-7b4ddd654061 req-fec70af5-8e71-4ae3-9b3d-c294c3618820 536fe68a668e4c23a68fcbd71d5fcd06 0a3b0a83b22e4df0b3fc070cd5754245 - - default default] GET http://10.0.0.221:8776/
2026-05-06 02:32:36.707 8 INFO cinder.api.openstack.wsgi [req-3edd968b-3675-4efd-b97a-7b4ddd654061 req-3edc657a-0dc1-4926-82ea-ba50bd9e1c54 536fe68a668e4c23a68fcbd71d5fcd06 0a3b0a83b22e4df0b3fc070cd5754245 - - default default] GET http://10.0.0.221:8776/
2026-05-06 02:32:36.707 7 INFO cinder.api.openstack.wsgi [req-3edd968b-3675-4efd-b97a-7b4ddd654061 req-fec70af5-8e71-4ae3-9b3d-c294c3618820 536fe68a668e4c23a68fcbd71d5fcd06 0a3b0a83b22e4df0b3fc070cd5754245 - - default default] http://10.0.0.221:8776/ returned with HTTP 300
2026-05-06 02:32:36.708 8 INFO cinder.api.openstack.wsgi [req-3edd968b-3675-4efd-b97a-7b4ddd654061 req-3edc657a-0dc1-4926-82ea-ba50bd9e1c54 536fe68a668e4c23a68fcbd71d5fcd06 0a3b0a83b22e4df0b3fc070cd5754245 - - default default] http://10.0.0.221:8776/ returned with HTTP 300 /var/lib/openstack/lib/python3.12/site-packages/pycadf/identifier.py:70: UserWarning: Invalid uuid: cinderv3. To ensure interoperability, identifiers should be a valid uuid. warnings.warn(('Invalid uuid: %s. To ensure interoperability, '
2026-05-06 02:32:44.052 7 INFO cinder.api.openstack.wsgi [None req-bc6cb890-2846-4eef-b7d9-b97d6a46aa29 5ecf5baaa55f41f9b0608e328fa86ec8 889f20fceca44424aa48de5c1eb4dab3 - - default default] GET http://cinder-api.openstack.svc.cluster.local:8776/v3/889f20fceca44424aa48de5c1eb4dab3/os-quota-sets/5269cc09f9a94801bdf50030d28d6e51?usage=true /var/lib/openstack/lib/python3.12/site-packages/oslo_context/context.py:101: DeprecationWarning: Policy enforcement is depending on the value of is_admin. This key is deprecated. Please update your policy file to use the standard policy values. warnings.warn(
2026-05-06 02:32:44.074 7 INFO cinder.api.openstack.wsgi [None req-bc6cb890-2846-4eef-b7d9-b97d6a46aa29 5ecf5baaa55f41f9b0608e328fa86ec8 889f20fceca44424aa48de5c1eb4dab3 - - default default] http://cinder-api.openstack.svc.cluster.local:8776/v3/889f20fceca44424aa48de5c1eb4dab3/os-quota-sets/5269cc09f9a94801bdf50030d28d6e51?usage=true returned with HTTP 200 [pid: 7|app: 0|req: 364/729] 10.0.0.108 () {28 vars in 736 bytes} [Wed May 6 02:32:43 2026] GET /v3/889f20fceca44424aa48de5c1eb4dab3/os-quota-sets/5269cc09f9a94801bdf50030d28d6e51?usage=true => generated 847 bytes in 331 msecs (HTTP/1.1 200) 7 headers in 285 bytes (1 switches on core 0) /var/lib/openstack/lib/python3.12/site-packages/pycadf/identifier.py:70: UserWarning: Invalid uuid: cinderv3. To ensure interoperability, identifiers should be a valid uuid. warnings.warn(('Invalid uuid: %s. To ensure interoperability, '
2026-05-06 02:32:44.087 8 INFO cinder.api.openstack.wsgi [None req-115b86d2-acd8-4c64-bead-532839bbaac8 5ecf5baaa55f41f9b0608e328fa86ec8 889f20fceca44424aa48de5c1eb4dab3 - - default default] GET http://cinder-api.openstack.svc.cluster.local:8776/v3/889f20fceca44424aa48de5c1eb4dab3/os-quota-sets/6694bd645e044cc787c99dd7e64ac1c2?usage=true
2026-05-06 02:32:44.110 8 INFO cinder.api.openstack.wsgi [None req-115b86d2-acd8-4c64-bead-532839bbaac8 5ecf5baaa55f41f9b0608e328fa86ec8 889f20fceca44424aa48de5c1eb4dab3 - - default default] http://cinder-api.openstack.svc.cluster.local:8776/v3/889f20fceca44424aa48de5c1eb4dab3/os-quota-sets/6694bd645e044cc787c99dd7e64ac1c2?usage=true returned with HTTP 200 [pid: 8|app: 0|req: 366/730] 10.0.0.108 () {28 vars in 736 bytes} [Wed May 6 02:32:44 2026] GET /v3/889f20fceca44424aa48de5c1eb4dab3/os-quota-sets/6694bd645e044cc787c99dd7e64ac1c2?usage=true => generated 847 bytes in 29 msecs (HTTP/1.1 200) 7 headers in 285 bytes (1 switches on core 0)
2026-05-06 02:32:44.119 7 INFO cinder.api.openstack.wsgi [None req-2c6462e4-1767-4a0d-b517-cb954fed2bf3 5ecf5baaa55f41f9b0608e328fa86ec8 889f20fceca44424aa48de5c1eb4dab3 - - default default] GET http://cinder-api.openstack.svc.cluster.local:8776/v3/889f20fceca44424aa48de5c1eb4dab3/os-quota-sets/889f20fceca44424aa48de5c1eb4dab3?usage=true
2026-05-06 02:32:44.139 7 INFO cinder.api.openstack.wsgi [None req-2c6462e4-1767-4a0d-b517-cb954fed2bf3 5ecf5baaa55f41f9b0608e328fa86ec8 889f20fceca44424aa48de5c1eb4dab3 - - default default] http://cinder-api.openstack.svc.cluster.local:8776/v3/889f20fceca44424aa48de5c1eb4dab3/os-quota-sets/889f20fceca44424aa48de5c1eb4dab3?usage=true returned with HTTP 200 [pid: 7|app: 0|req: 365/731] 10.0.0.108 () {28 vars in 736 bytes} [Wed May 6 02:32:44 2026] GET /v3/889f20fceca44424aa48de5c1eb4dab3/os-quota-sets/889f20fceca44424aa48de5c1eb4dab3?usage=true => generated 845 bytes in 26 msecs (HTTP/1.1 200) 7 headers in 285 bytes (1 switches on core 0)
2026-05-06 02:32:44.155 8 INFO cinder.api.openstack.wsgi [None req-9ec580ad-dd6e-4854-97f7-74beebd771c1 5ecf5baaa55f41f9b0608e328fa86ec8 889f20fceca44424aa48de5c1eb4dab3 - - default default] GET http://cinder-api.openstack.svc.cluster.local:8776/v3/889f20fceca44424aa48de5c1eb4dab3/os-quota-sets/ac233c8ed2bb48509223b7e533963bbf?usage=true
2026-05-06 02:32:44.171 8 INFO cinder.api.openstack.wsgi [None req-9ec580ad-dd6e-4854-97f7-74beebd771c1 5ecf5baaa55f41f9b0608e328fa86ec8 889f20fceca44424aa48de5c1eb4dab3 - - default default] http://cinder-api.openstack.svc.cluster.local:8776/v3/889f20fceca44424aa48de5c1eb4dab3/os-quota-sets/ac233c8ed2bb48509223b7e533963bbf?usage=true returned with HTTP 200 [pid: 8|app: 0|req: 367/732] 10.0.0.108 () {28 vars in 736 bytes} [Wed May 6 02:32:44 2026] GET /v3/889f20fceca44424aa48de5c1eb4dab3/os-quota-sets/ac233c8ed2bb48509223b7e533963bbf?usage=true => generated 847 bytes in 26 msecs (HTTP/1.1 200) 7 headers in 285 bytes (1 switches on core 0)
2026-05-06 02:32:44.183 7 INFO cinder.api.openstack.wsgi [None req-8c0c51c2-cf50-49f8-93e9-3e3bd4ebe4b2 5ecf5baaa55f41f9b0608e328fa86ec8 889f20fceca44424aa48de5c1eb4dab3 - - default default] GET http://cinder-api.openstack.svc.cluster.local:8776/v3/889f20fceca44424aa48de5c1eb4dab3/os-quota-sets/b75f39fd13c74718b59001b628724af4?usage=true
2026-05-06 02:32:44.207 7 INFO cinder.api.openstack.wsgi [None req-8c0c51c2-cf50-49f8-93e9-3e3bd4ebe4b2 5ecf5baaa55f41f9b0608e328fa86ec8 889f20fceca44424aa48de5c1eb4dab3 - - default default] http://cinder-api.openstack.svc.cluster.local:8776/v3/889f20fceca44424aa48de5c1eb4dab3/os-quota-sets/b75f39fd13c74718b59001b628724af4?usage=true returned with HTTP 200 [pid: 7|app: 0|req: 366/733] 10.0.0.108 () {28 vars in 736 bytes} [Wed May 6 02:32:44 2026] GET /v3/889f20fceca44424aa48de5c1eb4dab3/os-quota-sets/b75f39fd13c74718b59001b628724af4?usage=true => generated 845 bytes in 32 msecs (HTTP/1.1 200) 7 headers in 285 bytes (1 switches on core 0)
2026-05-06 02:32:44.220 8 INFO cinder.api.openstack.wsgi [None req-ed11f013-0a47-4df5-85f5-4f50f4567aa3 5ecf5baaa55f41f9b0608e328fa86ec8 889f20fceca44424aa48de5c1eb4dab3 - - default default] GET http://cinder-api.openstack.svc.cluster.local:8776/v3/889f20fceca44424aa48de5c1eb4dab3/os-quota-sets/dee3684871e54bdabd305e6d5d1950fe?usage=true
2026-05-06 02:32:44.239 8 INFO cinder.api.openstack.wsgi [None req-ed11f013-0a47-4df5-85f5-4f50f4567aa3 5ecf5baaa55f41f9b0608e328fa86ec8 889f20fceca44424aa48de5c1eb4dab3 - - default default] http://cinder-api.openstack.svc.cluster.local:8776/v3/889f20fceca44424aa48de5c1eb4dab3/os-quota-sets/dee3684871e54bdabd305e6d5d1950fe?usage=true returned with HTTP 200 [pid: 8|app: 0|req: 368/734] 10.0.0.108 () {28 vars in 736 bytes} [Wed May 6 02:32:44 2026] GET /v3/889f20fceca44424aa48de5c1eb4dab3/os-quota-sets/dee3684871e54bdabd305e6d5d1950fe?usage=true => generated 847 bytes in 28 msecs (HTTP/1.1 200) 7 headers in 285 bytes (1 switches on core 0)
2026-05-06 02:32:44.252 7 INFO cinder.api.openstack.wsgi [None req-f18ad0bb-cecc-47f7-b345-d00fde157850 5ecf5baaa55f41f9b0608e328fa86ec8 889f20fceca44424aa48de5c1eb4dab3 - - default default] GET http://cinder-api.openstack.svc.cluster.local:8776/v3/889f20fceca44424aa48de5c1eb4dab3/os-quota-sets/f21407bdbe16433b930401ff5819d8b7?usage=true
2026-05-06 02:32:44.275 7 INFO cinder.api.openstack.wsgi [None req-f18ad0bb-cecc-47f7-b345-d00fde157850 5ecf5baaa55f41f9b0608e328fa86ec8 889f20fceca44424aa48de5c1eb4dab3 - - default default] http://cinder-api.openstack.svc.cluster.local:8776/v3/889f20fceca44424aa48de5c1eb4dab3/os-quota-sets/f21407bdbe16433b930401ff5819d8b7?usage=true returned with HTTP 200 [pid: 7|app: 0|req: 367/735] 10.0.0.108 () {28 vars in 736 bytes} [Wed May 6 02:32:44 2026] GET /v3/889f20fceca44424aa48de5c1eb4dab3/os-quota-sets/f21407bdbe16433b930401ff5819d8b7?usage=true => generated 847 bytes in 29 msecs (HTTP/1.1 200) 7 headers in 285 bytes (1 switches on core 0)
2026-05-06 02:32:44.286 8 INFO cinder.api.openstack.wsgi [None req-b9a6ef0a-71e9-41d3-a2d9-82b49f529542 5ecf5baaa55f41f9b0608e328fa86ec8 889f20fceca44424aa48de5c1eb4dab3 - - default default] GET http://cinder-api.openstack.svc.cluster.local:8776/v3/889f20fceca44424aa48de5c1eb4dab3/scheduler-stats/get_pools?detail=true
2026-05-06 02:32:44.791 8 INFO cinder.api.openstack.wsgi [None req-b9a6ef0a-71e9-41d3-a2d9-82b49f529542 5ecf5baaa55f41f9b0608e328fa86ec8 889f20fceca44424aa48de5c1eb4dab3 - - default default] http://cinder-api.openstack.svc.cluster.local:8776/v3/889f20fceca44424aa48de5c1eb4dab3/scheduler-stats/get_pools?detail=true returned with HTTP 200 [pid: 8|app: 0|req: 369/736] 10.0.0.108 () {28 vars in 696 bytes} [Wed May 6 02:32:44 2026] GET /v3/889f20fceca44424aa48de5c1eb4dab3/scheduler-stats/get_pools?detail=true => generated 670 bytes in 512 msecs (HTTP/1.1 200) 7 headers in 285 bytes (1 switches on core 0)
2026-05-06 02:32:44.799 7 INFO cinder.api.openstack.wsgi [None req-f46f6ee2-6ef7-4679-809f-94b4a3eacd10 5ecf5baaa55f41f9b0608e328fa86ec8 889f20fceca44424aa48de5c1eb4dab3 - - default default] GET http://cinder-api.openstack.svc.cluster.local:8776/v3/889f20fceca44424aa48de5c1eb4dab3/volumes/detail?all_tenants=true
2026-05-06 02:32:44.816 7 INFO cinder.volume.api [None req-f46f6ee2-6ef7-4679-809f-94b4a3eacd10 5ecf5baaa55f41f9b0608e328fa86ec8 889f20fceca44424aa48de5c1eb4dab3 - - default default] Get all volumes completed successfully.
2026-05-06 02:32:44.818 7 INFO cinder.api.openstack.wsgi [None req-f46f6ee2-6ef7-4679-809f-94b4a3eacd10 5ecf5baaa55f41f9b0608e328fa86ec8 889f20fceca44424aa48de5c1eb4dab3 - - default default] http://cinder-api.openstack.svc.cluster.local:8776/v3/889f20fceca44424aa48de5c1eb4dab3/volumes/detail?all_tenants=true returned with HTTP 200 [pid: 7|app: 0|req: 368/737] 10.0.0.108 () {28 vars in 684 bytes} [Wed May 6 02:32:44 2026] GET /v3/889f20fceca44424aa48de5c1eb4dab3/volumes/detail?all_tenants=true => generated 15 bytes in 24 msecs (HTTP/1.1 200) 7 headers in 284 bytes (1 switches on core 0)
2026-05-06 02:32:44.828 8 INFO cinder.api.openstack.wsgi [None req-4b32d54f-34d2-420e-bb7b-9f23a5a39d21 5ecf5baaa55f41f9b0608e328fa86ec8 889f20fceca44424aa48de5c1eb4dab3 - - default default] GET http://cinder-api.openstack.svc.cluster.local:8776/v3/889f20fceca44424aa48de5c1eb4dab3/snapshots?all_tenants=true
2026-05-06 02:32:44.835 8 INFO cinder.volume.api [None req-4b32d54f-34d2-420e-bb7b-9f23a5a39d21 5ecf5baaa55f41f9b0608e328fa86ec8 889f20fceca44424aa48de5c1eb4dab3 - - default default] Get all snapshots completed successfully.
2026-05-06 02:32:44.836 8 INFO cinder.api.openstack.wsgi [None req-4b32d54f-34d2-420e-bb7b-9f23a5a39d21 5ecf5baaa55f41f9b0608e328fa86ec8 889f20fceca44424aa48de5c1eb4dab3 - - default default] http://cinder-api.openstack.svc.cluster.local:8776/v3/889f20fceca44424aa48de5c1eb4dab3/snapshots?all_tenants=true returned with HTTP 200 [pid: 8|app: 0|req: 370/738] 10.0.0.108 () {28 vars in 674 bytes} [Wed May 6 02:32:44 2026] GET /v3/889f20fceca44424aa48de5c1eb4dab3/snapshots?all_tenants=true => generated 17 bytes in 14 msecs (HTTP/1.1 200) 7 headers in 284 bytes (1 switches on core 0)
2026-05-06 02:32:44.846 7 INFO cinder.api.openstack.wsgi [None req-7437e94b-89d0-48c8-be42-212d03ff5c2b 5ecf5baaa55f41f9b0608e328fa86ec8 889f20fceca44424aa48de5c1eb4dab3 - - default default] GET http://cinder-api.openstack.svc.cluster.local:8776/v3/889f20fceca44424aa48de5c1eb4dab3/volumes/detail?all_tenants=true
2026-05-06 02:32:44.860 7 INFO cinder.volume.api [None req-7437e94b-89d0-48c8-be42-212d03ff5c2b 5ecf5baaa55f41f9b0608e328fa86ec8 889f20fceca44424aa48de5c1eb4dab3 - - default default] Get all volumes completed successfully.
2026-05-06 02:32:44.863 7 INFO cinder.api.openstack.wsgi [None req-7437e94b-89d0-48c8-be42-212d03ff5c2b 5ecf5baaa55f41f9b0608e328fa86ec8 889f20fceca44424aa48de5c1eb4dab3 - - default default] http://cinder-api.openstack.svc.cluster.local:8776/v3/889f20fceca44424aa48de5c1eb4dab3/volumes/detail?all_tenants=true returned with HTTP 200 [pid: 7|app: 0|req: 369/739] 10.0.0.108 () {28 vars in 684 bytes} [Wed May 6 02:32:44 2026] GET /v3/889f20fceca44424aa48de5c1eb4dab3/volumes/detail?all_tenants=true => generated 15 bytes in 23 msecs (HTTP/1.1 200) 7 headers in 284 bytes (1 switches on core 0)
2026-05-06 02:32:44.875 8 INFO cinder.api.openstack.wsgi [None req-8e791475-d804-4554-b7df-36e81e61045f 5ecf5baaa55f41f9b0608e328fa86ec8 889f20fceca44424aa48de5c1eb4dab3 - - default default] GET http://cinder-api.openstack.svc.cluster.local:8776/v3/889f20fceca44424aa48de5c1eb4dab3/os-services
2026-05-06 02:32:44.881 8 INFO cinder.api.openstack.wsgi [None req-8e791475-d804-4554-b7df-36e81e61045f 5ecf5baaa55f41f9b0608e328fa86ec8 889f20fceca44424aa48de5c1eb4dab3 - - default default] http://cinder-api.openstack.svc.cluster.local:8776/v3/889f20fceca44424aa48de5c1eb4dab3/os-services returned with HTTP 200 [pid: 8|app: 0|req: 371/740] 10.0.0.108 () {28 vars in 645 bytes} [Wed May 6 02:32:44 2026] GET /v3/889f20fceca44424aa48de5c1eb4dab3/os-services => generated 646 bytes in 14 msecs (HTTP/1.1 200) 7 headers in 285 bytes (1 switches on core 0)
2026-05-06 02:32:46.706 8 INFO cinder.api.openstack.wsgi [None req-8e791475-d804-4554-b7df-36e81e61045f 5ecf5baaa55f41f9b0608e328fa86ec8 889f20fceca44424aa48de5c1eb4dab3 - - default default] GET http://10.0.0.221:8776/
2026-05-06 02:32:46.706 7 INFO cinder.api.openstack.wsgi [None req-7437e94b-89d0-48c8-be42-212d03ff5c2b 5ecf5baaa55f41f9b0608e328fa86ec8 889f20fceca44424aa48de5c1eb4dab3 - - default default] GET http://10.0.0.221:8776/
2026-05-06 02:32:46.708 8 INFO cinder.api.openstack.wsgi [None req-8e791475-d804-4554-b7df-36e81e61045f 5ecf5baaa55f41f9b0608e328fa86ec8 889f20fceca44424aa48de5c1eb4dab3 - - default default] http://10.0.0.221:8776/ returned with HTTP 300
2026-05-06 02:32:46.708 7 INFO cinder.api.openstack.wsgi [None req-7437e94b-89d0-48c8-be42-212d03ff5c2b 5ecf5baaa55f41f9b0608e328fa86ec8 889f20fceca44424aa48de5c1eb4dab3 - - default default] http://10.0.0.221:8776/ returned with HTTP 300
