2026-05-06 02:32:50.823 13 INFO neutron.plugins.ml2.plugin [None req-d5433683-b68f-4218-b894-0d9c9b1aa221 - - - - - -] Attempt 1 to provision port d81da64c-cafa-4d56-a7c1-f60929bc4054
2026-05-06 02:32:51.286 16 INFO neutron.plugins.ml2.plugin [None req-72b41a46-1c79-4517-a32b-6b4e0b74d909 - - - - - -] Attempt 1 to provision port d81da64c-cafa-4d56-a7c1-f60929bc4054
2026-05-06 02:32:52.835 16 INFO neutron.plugins.ml2.plugin [None req-d5433683-b68f-4218-b894-0d9c9b1aa221 - - - - - -] Attempt 1 to provision port d81da64c-cafa-4d56-a7c1-f60929bc4054
2026-05-06 02:33:02.856 13 INFO neutron.plugins.ml2.plugin [None req-d5433683-b68f-4218-b894-0d9c9b1aa221 - - - - - -] Attempt 1 to provision port a864b6ae-ff7a-4601-b5ed-cfd712dd21e4
2026-05-06 02:33:04.837 13 INFO neutron.plugins.ml2.plugin [None req-d5433683-b68f-4218-b894-0d9c9b1aa221 - - - - - -] Attempt 1 to provision port a864b6ae-ff7a-4601-b5ed-cfd712dd21e4
2026-05-06 02:33:06.881 13 INFO neutron.plugins.ml2.plugin [None req-d5433683-b68f-4218-b894-0d9c9b1aa221 - - - - - -] Attempt 1 to provision port 06409d1d-8271-49af-b939-2d57226bac75
2026-05-06 02:33:08.790 13 INFO neutron.plugins.ml2.plugin [None req-d5433683-b68f-4218-b894-0d9c9b1aa221 - - - - - -] Attempt 1 to provision port 06409d1d-8271-49af-b939-2d57226bac75
2026-05-06 02:33:09.597 13 INFO neutron.notifiers.nova [-] Nova event matching ['req-1d00a8f5-25e3-401f-b74b-23ac8d53764b'] response: {'server_uuid': '6df0b364-64ef-4b87-aa74-2567c7a6afe8', 'name': 'network-vif-unplugged', 'status': 'completed', 'tag': 'c61174a7-12e8-4149-9f7d-8afa82f55f4c', 'code': 200}
2026-05-06 02:33:11.361 16 INFO neutron.plugins.ml2.plugin [None req-f4f811bd-8b1a-483b-8d64-d06d106d7953 - - - - - -] Attempt 1 to provision port 995b0514-8adb-41d6-8615-e84779348da1
2026-05-06 02:33:11.386 16 INFO neutron.plugins.ml2.plugin [None req-f4f811bd-8b1a-483b-8d64-d06d106d7953 - - - - - -] Attempt 1 to provision port 06409d1d-8271-49af-b939-2d57226bac75
2026-05-06 02:33:11.425 13 INFO neutron.plugins.ml2.plugin [None req-d5433683-b68f-4218-b894-0d9c9b1aa221 - - - - - -] Attempt 1 to provision port c61174a7-12e8-4149-9f7d-8afa82f55f4c
2026-05-06 02:33:11.439 16 INFO neutron.plugins.ml2.plugin [None req-f4f811bd-8b1a-483b-8d64-d06d106d7953 - - - - - -] Attempt 1 to provision port 9bf1e474-268c-46ff-8683-5154b4e6a1b0
2026-05-06 02:33:11.637 13 INFO neutron.notifiers.nova [-] Nova event matching ['req-851d0104-bf4b-4aaf-a317-372f569326ac'] response: {'server_uuid': '6df0b364-64ef-4b87-aa74-2567c7a6afe8', 'name': 'network-vif-plugged', 'status': 'completed', 'tag': 'c61174a7-12e8-4149-9f7d-8afa82f55f4c', 'code': 200}
2026-05-06 02:33:12.801 13 INFO neutron.plugins.ml2.plugin [None req-d5433683-b68f-4218-b894-0d9c9b1aa221 - - - - - -] Attempt 1 to provision port c61174a7-12e8-4149-9f7d-8afa82f55f4c
2026-05-06 02:33:15.115 13 INFO neutron.plugins.ml2.plugin [None req-7c978ef3-7c4e-4868-9779-fa672ab8a155 - - - - - -] Attempt 1 to provision port 9bf1e474-268c-46ff-8683-5154b4e6a1b0
2026-05-06 02:33:15.138 13 INFO neutron.plugins.ml2.plugin [None req-7c978ef3-7c4e-4868-9779-fa672ab8a155 - - - - - -] Attempt 1 to provision port 06409d1d-8271-49af-b939-2d57226bac75
2026-05-06 02:33:15.327 16 INFO neutron.plugins.ml2.plugin [None req-d5433683-b68f-4218-b894-0d9c9b1aa221 - - - - - -] Attempt 1 to provision port fb9e6ecc-39b4-4960-90ae-024a6915a8fc
2026-05-06 02:33:15.437 16 INFO neutron.notifiers.nova [-] Nova event matching ['req-0db305eb-f03b-4626-bf98-60e29e8a7626'] response: {'server_uuid': '3e6d351c-b8d0-484f-9501-37b297823025', 'name': 'network-vif-plugged', 'status': 'completed', 'tag': 'fb9e6ecc-39b4-4960-90ae-024a6915a8fc', 'code': 200}
2026-05-06 02:33:16.821 13 INFO neutron.plugins.ml2.plugin [None req-d5433683-b68f-4218-b894-0d9c9b1aa221 - - - - - -] Attempt 1 to provision port fb9e6ecc-39b4-4960-90ae-024a6915a8fc
2026-05-06 02:33:18.548 13 INFO neutron.plugins.ml2.plugin [None req-6ac529d7-8ea1-46e2-abf4-3c29bb4bd6ff - - - - - -] Attempt 1 to provision port 9bf1e474-268c-46ff-8683-5154b4e6a1b0
2026-05-06 02:33:18.831 16 INFO neutron.plugins.ml2.plugin [None req-d5433683-b68f-4218-b894-0d9c9b1aa221 - - - - - -] Attempt 1 to provision port 9bf1e474-268c-46ff-8683-5154b4e6a1b0
2026-05-06 02:33:19.096 16 INFO neutron.plugins.ml2.plugin [None req-d5433683-b68f-4218-b894-0d9c9b1aa221 - - - - - -] Attempt 1 to provision port 995b0514-8adb-41d6-8615-e84779348da1
2026-05-06 02:33:20.817 16 INFO neutron.plugins.ml2.plugin [None req-d5433683-b68f-4218-b894-0d9c9b1aa221 - - - - - -] Attempt 1 to provision port 9bf1e474-268c-46ff-8683-5154b4e6a1b0
2026-05-06 02:33:20.974 16 INFO neutron.plugins.ml2.plugin [None req-d5433683-b68f-4218-b894-0d9c9b1aa221 - - - - - -] Attempt 1 to provision port 995b0514-8adb-41d6-8615-e84779348da1
2026-05-06 02:33:23.768 16 INFO neutron.plugins.ml2.plugin [None req-6e3a6a7b-e09c-4039-b2d2-aba89aae6d91 - - - - - -] Attempt 1 to provision port 9bf1e474-268c-46ff-8683-5154b4e6a1b0
2026-05-06 02:33:29.102 16 INFO neutron.plugins.ml2.plugin [None req-d5433683-b68f-4218-b894-0d9c9b1aa221 - - - - - -] Attempt 1 to provision port 1c83ff85-a69d-481a-9900-8f39231b55c6
2026-05-06 02:33:29.505 16 INFO neutron.plugins.ml2.plugin [None req-cbf14513-a841-465e-83fe-4a2e4ac547a0 - - - - - -] Attempt 1 to provision port 1c83ff85-a69d-481a-9900-8f39231b55c6
2026-05-06 02:34:04.500 13 INFO neutron.plugins.ml2.plugin [None req-f377fd0c-d3ff-4139-afae-1f8b5692dc86 - - - - - -] Attempt 1 to provision port daa8ce91-2bd9-4617-8b6f-b1557b59db82
2026-05-06 02:34:20.560 13 ERROR oslo_messaging.rpc.server [None req-8939565d-b241-4a63-92c6-ecca7298ea4c - - - - - -] Exception during message handling: neutron_lib.exceptions.SubnetInUse: Unable to complete operation on subnet 1d1845a1-90a8-4754-bfd0-6e1b89a0114f: This subnet is being modified by another concurrent operation.
2026-05-06 02:34:20.560 13 ERROR oslo_messaging.rpc.server
Traceback (most recent call last):
2026-05-06 02:34:20.560 13 ERROR oslo_messaging.rpc.server
File "/var/lib/openstack/lib/python3.12/site-packages/oslo_messaging/rpc/server.py", line 174, in _process_incoming
2026-05-06 02:34:20.560 13 ERROR oslo_messaging.rpc.server res = self.dispatcher.dispatch(message)
2026-05-06 02:34:20.560 13 ERROR oslo_messaging.rpc.server ^^^^^^^^^^^^^^^^^^^^^^^^^^^^^^^^^
2026-05-06 02:34:20.560 13 ERROR oslo_messaging.rpc.server
File "/var/lib/openstack/lib/python3.12/site-packages/oslo_messaging/rpc/dispatcher.py", line 309, in dispatch
2026-05-06 02:34:20.560 13 ERROR oslo_messaging.rpc.server return self._do_dispatch(endpoint, method, ctxt, args)
2026-05-06 02:34:20.560 13 ERROR oslo_messaging.rpc.server ^^^^^^^^^^^^^^^^^^^^^^^^^^^^^^^^^^^^^^^^^^^^^^^
2026-05-06 02:34:20.560 13 ERROR oslo_messaging.rpc.server
File "/var/lib/openstack/lib/python3.12/site-packages/oslo_messaging/rpc/dispatcher.py", line 229, in _do_dispatch
2026-05-06 02:34:20.560 13 ERROR oslo_messaging.rpc.server result = func(ctxt, **new_args)
2026-05-06 02:34:20.560 13 ERROR oslo_messaging.rpc.server ^^^^^^^^^^^^^^^^^^^^^^
2026-05-06 02:34:20.560 13 ERROR oslo_messaging.rpc.server
File "/var/lib/openstack/lib/python3.12/site-packages/oslo_messaging/rpc/server.py", line 269, in inner
2026-05-06 02:34:20.560 13 ERROR oslo_messaging.rpc.server return func(*args, **kwargs)
2026-05-06 02:34:20.560 13 ERROR oslo_messaging.rpc.server ^^^^^^^^^^^^^^^^^^^^^
2026-05-06 02:34:20.560 13 ERROR oslo_messaging.rpc.server
File "/var/lib/openstack/lib/python3.12/site-packages/neutron_lib/db/api.py", line 137, in wrapped
2026-05-06 02:34:20.560 13 ERROR oslo_messaging.rpc.server with excutils.save_and_reraise_exception():
2026-05-06 02:34:20.560 13 ERROR oslo_messaging.rpc.server
File "/var/lib/openstack/lib/python3.12/site-packages/oslo_utils/excutils.py", line 227, in __exit__
2026-05-06 02:34:20.560 13 ERROR oslo_messaging.rpc.server self.force_reraise()
2026-05-06 02:34:20.560 13 ERROR oslo_messaging.rpc.server
File "/var/lib/openstack/lib/python3.12/site-packages/oslo_utils/excutils.py", line 200, in force_reraise
2026-05-06 02:34:20.560 13 ERROR oslo_messaging.rpc.server raise self.value
2026-05-06 02:34:20.560 13 ERROR oslo_messaging.rpc.server
File "/var/lib/openstack/lib/python3.12/site-packages/neutron_lib/db/api.py", line 135, in wrapped
2026-05-06 02:34:20.560 13 ERROR oslo_messaging.rpc.server return f(*args, **kwargs)
2026-05-06 02:34:20.560 13 ERROR oslo_messaging.rpc.server ^^^^^^^^^^^^^^^^^^
2026-05-06 02:34:20.560 13 ERROR oslo_messaging.rpc.server
File "/var/lib/openstack/lib/python3.12/site-packages/oslo_db/api.py", line 144, in wrapper
2026-05-06 02:34:20.560 13 ERROR oslo_messaging.rpc.server with excutils.save_and_reraise_exception() as ectxt:
2026-05-06 02:34:20.560 13 ERROR oslo_messaging.rpc.server
File "/var/lib/openstack/lib/python3.12/site-packages/oslo_utils/excutils.py", line 227, in __exit__
2026-05-06 02:34:20.560 13 ERROR oslo_messaging.rpc.server self.force_reraise()
2026-05-06 02:34:20.560 13 ERROR oslo_messaging.rpc.server
File "/var/lib/openstack/lib/python3.12/site-packages/oslo_utils/excutils.py", line 200, in force_reraise
2026-05-06 02:34:20.560 13 ERROR oslo_messaging.rpc.server raise self.value
2026-05-06 02:34:20.560 13 ERROR oslo_messaging.rpc.server
File "/var/lib/openstack/lib/python3.12/site-packages/oslo_db/api.py", line 142, in wrapper
2026-05-06 02:34:20.560 13 ERROR oslo_messaging.rpc.server return f(*args, **kwargs)
2026-05-06 02:34:20.560 13 ERROR oslo_messaging.rpc.server ^^^^^^^^^^^^^^^^^^
2026-05-06 02:34:20.560 13 ERROR oslo_messaging.rpc.server
File "/var/lib/openstack/lib/python3.12/site-packages/neutron_lib/db/api.py", line 183, in wrapped
2026-05-06 02:34:20.560 13 ERROR oslo_messaging.rpc.server with excutils.save_and_reraise_exception():
2026-05-06 02:34:20.560 13 ERROR oslo_messaging.rpc.server
File "/var/lib/openstack/lib/python3.12/site-packages/oslo_utils/excutils.py", line 227, in __exit__
2026-05-06 02:34:20.560 13 ERROR oslo_messaging.rpc.server self.force_reraise()
2026-05-06 02:34:20.560 13 ERROR oslo_messaging.rpc.server
File "/var/lib/openstack/lib/python3.12/site-packages/oslo_utils/excutils.py", line 200, in force_reraise
2026-05-06 02:34:20.560 13 ERROR oslo_messaging.rpc.server raise self.value
2026-05-06 02:34:20.560 13 ERROR oslo_messaging.rpc.server
File "/var/lib/openstack/lib/python3.12/site-packages/neutron_lib/db/api.py", line 181, in wrapped
2026-05-06 02:34:20.560 13 ERROR oslo_messaging.rpc.server return f(*dup_args, **dup_kwargs)
2026-05-06 02:34:20.560 13 ERROR oslo_messaging.rpc.server ^^^^^^^^^^^^^^^^^^^^^^^^^^
2026-05-06 02:34:20.560 13 ERROR oslo_messaging.rpc.server
File "/var/lib/openstack/lib/python3.12/site-packages/neutron/quota/resource_registry.py", line 95, in wrapper
2026-05-06 02:34:20.560 13 ERROR oslo_messaging.rpc.server ret_val = f(_self, context, *args, **kwargs)
2026-05-06 02:34:20.560 13 ERROR oslo_messaging.rpc.server ^^^^^^^^^^^^^^^^^^^^^^^^^^^^^^^^^^
2026-05-06 02:34:20.560 13 ERROR oslo_messaging.rpc.server
File "/var/lib/openstack/lib/python3.12/site-packages/neutron/api/rpc/handlers/dhcp_rpc.py", line 292, in create_dhcp_port
2026-05-06 02:34:20.560 13 ERROR oslo_messaging.rpc.server return self._port_action(plugin, context, port, 'create_port')
2026-05-06 02:34:20.560 13 ERROR oslo_messaging.rpc.server ^^^^^^^^^^^^^^^^^^^^^^^^^^^^^^^^^^^^^^^^^^^^^^^^^^^^^^^
2026-05-06 02:34:20.560 13 ERROR oslo_messaging.rpc.server
File "/var/lib/openstack/lib/python3.12/site-packages/neutron/api/rpc/handlers/dhcp_rpc.py", line 118, in _port_action
2026-05-06 02:34:20.560 13 ERROR oslo_messaging.rpc.server return p_utils.create_port(plugin, context, port)
2026-05-06 02:34:20.560 13 ERROR oslo_messaging.rpc.server ^^^^^^^^^^^^^^^^^^^^^^^^^^^^^^^^^^^^^^^^^^
2026-05-06 02:34:20.560 13 ERROR oslo_messaging.rpc.server
File "/var/lib/openstack/lib/python3.12/site-packages/neutron_lib/plugins/utils.py", line 338, in create_port
2026-05-06 02:34:20.560 13 ERROR oslo_messaging.rpc.server return core_plugin.create_port(
2026-05-06 02:34:20.560 13 ERROR oslo_messaging.rpc.server ^^^^^^^^^^^^^^^^^^^^^^^^
2026-05-06 02:34:20.560 13 ERROR oslo_messaging.rpc.server
File "/var/lib/openstack/lib/python3.12/site-packages/neutron/common/utils.py", line 717, in inner
2026-05-06 02:34:20.560 13 ERROR oslo_messaging.rpc.server return f(*args, **kwargs)
2026-05-06 02:34:20.560 13 ERROR oslo_messaging.rpc.server ^^^^^^^^^^^^^^^^^^
2026-05-06 02:34:20.560 13 ERROR oslo_messaging.rpc.server
File "/var/lib/openstack/lib/python3.12/site-packages/neutron_lib/db/api.py", line 223, in wrapped
2026-05-06 02:34:20.560 13 ERROR oslo_messaging.rpc.server return f_with_retry(*args, **kwargs,
2026-05-06 02:34:20.560 13 ERROR oslo_messaging.rpc.server ^^^^^^^^^^^^^^^^^^^^^^^^^^^^^
2026-05-06 02:34:20.560 13 ERROR oslo_messaging.rpc.server
File "/var/lib/openstack/lib/python3.12/site-packages/neutron_lib/db/api.py", line 137, in wrapped
2026-05-06 02:34:20.560 13 ERROR oslo_messaging.rpc.server with excutils.save_and_reraise_exception():
2026-05-06 02:34:20.560 13 ERROR oslo_messaging.rpc.server
File "/var/lib/openstack/lib/python3.12/site-packages/oslo_utils/excutils.py", line 227, in __exit__
2026-05-06 02:34:20.560 13 ERROR oslo_messaging.rpc.server self.force_reraise()
2026-05-06 02:34:20.560 13 ERROR oslo_messaging.rpc.server
File "/var/lib/openstack/lib/python3.12/site-packages/oslo_utils/excutils.py", line 200, in force_reraise
2026-05-06 02:34:20.560 13 ERROR oslo_messaging.rpc.server raise self.value
2026-05-06 02:34:20.560 13 ERROR oslo_messaging.rpc.server
File "/var/lib/openstack/lib/python3.12/site-packages/neutron_lib/db/api.py", line 135, in wrapped
2026-05-06 02:34:20.560 13 ERROR oslo_messaging.rpc.server return f(*args, **kwargs)
2026-05-06 02:34:20.560 13 ERROR oslo_messaging.rpc.server ^^^^^^^^^^^^^^^^^^
2026-05-06 02:34:20.560 13 ERROR oslo_messaging.rpc.server
File "/var/lib/openstack/lib/python3.12/site-packages/oslo_db/api.py", line 144, in wrapper
2026-05-06 02:34:20.560 13 ERROR oslo_messaging.rpc.server with excutils.save_and_reraise_exception() as ectxt:
2026-05-06 02:34:20.560 13 ERROR oslo_messaging.rpc.server
File "/var/lib/openstack/lib/python3.12/site-packages/oslo_utils/excutils.py", line 227, in __exit__
2026-05-06 02:34:20.560 13 ERROR oslo_messaging.rpc.server self.force_reraise()
2026-05-06 02:34:20.560 13 ERROR oslo_messaging.rpc.server
File "/var/lib/openstack/lib/python3.12/site-packages/oslo_utils/excutils.py", line 200, in force_reraise
2026-05-06 02:34:20.560 13 ERROR oslo_messaging.rpc.server raise self.value
2026-05-06 02:34:20.560 13 ERROR oslo_messaging.rpc.server
File "/var/lib/openstack/lib/python3.12/site-packages/oslo_db/api.py", line 142, in wrapper
2026-05-06 02:34:20.560 13 ERROR oslo_messaging.rpc.server return f(*args, **kwargs)
2026-05-06 02:34:20.560 13 ERROR oslo_messaging.rpc.server ^^^^^^^^^^^^^^^^^^
2026-05-06 02:34:20.560 13 ERROR oslo_messaging.rpc.server
File "/var/lib/openstack/lib/python3.12/site-packages/neutron_lib/db/api.py", line 183, in wrapped
2026-05-06 02:34:20.560 13 ERROR oslo_messaging.rpc.server with excutils.save_and_reraise_exception():
2026-05-06 02:34:20.560 13 ERROR oslo_messaging.rpc.server
File "/var/lib/openstack/lib/python3.12/site-packages/oslo_utils/excutils.py", line 227, in __exit__
2026-05-06 02:34:20.560 13 ERROR oslo_messaging.rpc.server self.force_reraise()
2026-05-06 02:34:20.560 13 ERROR oslo_messaging.rpc.server
File "/var/lib/openstack/lib/python3.12/site-packages/oslo_utils/excutils.py", line 200, in force_reraise
2026-05-06 02:34:20.560 13 ERROR oslo_messaging.rpc.server raise self.value
2026-05-06 02:34:20.560 13 ERROR oslo_messaging.rpc.server
File "/var/lib/openstack/lib/python3.12/site-packages/neutron_lib/db/api.py", line 181, in wrapped
2026-05-06 02:34:20.560 13 ERROR oslo_messaging.rpc.server return f(*dup_args, **dup_kwargs)
2026-05-06 02:34:20.560 13 ERROR oslo_messaging.rpc.server ^^^^^^^^^^^^^^^^^^^^^^^^^^
2026-05-06 02:34:20.560 13 ERROR oslo_messaging.rpc.server
File "/var/lib/openstack/lib/python3.12/site-packages/neutron/plugins/ml2/plugin.py", line 1660, in create_port
2026-05-06 02:34:20.560 13 ERROR oslo_messaging.rpc.server result, mech_context = self._create_port_db(context, port)
2026-05-06 02:34:20.560 13 ERROR oslo_messaging.rpc.server ^^^^^^^^^^^^^^^^^^^^^^^^^^^^^^^^^^^
2026-05-06 02:34:20.560 13 ERROR oslo_messaging.rpc.server
File "/var/lib/openstack/lib/python3.12/site-packages/neutron/plugins/ml2/plugin.py", line 1625, in _create_port_db
2026-05-06 02:34:20.560 13 ERROR oslo_messaging.rpc.server port_db = self.create_port_db(context, port)
2026-05-06 02:34:20.560 13 ERROR oslo_messaging.rpc.server ^^^^^^^^^^^^^^^^^^^^^^^^^^^^^^^^^^
2026-05-06 02:34:20.560 13 ERROR oslo_messaging.rpc.server
File "/var/lib/openstack/lib/python3.12/site-packages/neutron/db/db_base_plugin_v2.py", line 1572, in create_port_db
2026-05-06 02:34:20.560 13 ERROR oslo_messaging.rpc.server self.ipam.allocate_ips_for_port_and_store(
2026-05-06 02:34:20.560 13 ERROR oslo_messaging.rpc.server
File "/var/lib/openstack/lib/python3.12/site-packages/neutron/db/ipam_pluggable_backend.py", line 219, in allocate_ips_for_port_and_store
2026-05-06 02:34:20.560 13 ERROR oslo_messaging.rpc.server ips = self.allocate_ips_for_port(context, port_copy)
2026-05-06 02:34:20.560 13 ERROR oslo_messaging.rpc.server ^^^^^^^^^^^^^^^^^^^^^^^^^^^^^^^^^^^^^^^^^^^^^^
2026-05-06 02:34:20.560 13 ERROR oslo_messaging.rpc.server
File "/var/lib/openstack/lib/python3.12/site-packages/neutron_lib/db/api.py", line 221, in wrapped
2026-05-06 02:34:20.560 13 ERROR oslo_messaging.rpc.server return f(*args, **kwargs)
2026-05-06 02:34:20.560 13 ERROR oslo_messaging.rpc.server ^^^^^^^^^^^^^^^^^^
2026-05-06 02:34:20.560 13 ERROR oslo_messaging.rpc.server
File "/var/lib/openstack/lib/python3.12/site-packages/oslo_db/sqlalchemy/enginefacade.py", line 1183, in wrapper
2026-05-06 02:34:20.560 13 ERROR oslo_messaging.rpc.server return fn(*args, **kwargs)
2026-05-06 02:34:20.560 13 ERROR oslo_messaging.rpc.server ^^^^^^^^^^^^^^^^^^^
2026-05-06 02:34:20.560 13 ERROR oslo_messaging.rpc.server
File "/var/lib/openstack/lib/python3.12/site-packages/neutron/db/ipam_pluggable_backend.py", line 226, in allocate_ips_for_port
2026-05-06 02:34:20.560 13 ERROR oslo_messaging.rpc.server return self._allocate_ips_for_port(context, port)
2026-05-06 02:34:20.560 13 ERROR oslo_messaging.rpc.server ^^^^^^^^^^^^^^^^^^^^^^^^^^^^^^^^^^^^^^^^^^
2026-05-06 02:34:20.560 13 ERROR oslo_messaging.rpc.server
File "/var/lib/openstack/lib/python3.12/site-packages/neutron/db/ipam_pluggable_backend.py", line 258, in _allocate_ips_for_port
2026-05-06 02:34:20.560 13 ERROR oslo_messaging.rpc.server subnets = self._ipam_get_subnets(
2026-05-06 02:34:20.560 13 ERROR oslo_messaging.rpc.server ^^^^^^^^^^^^^^^^^^^^^^^
2026-05-06 02:34:20.560 13 ERROR oslo_messaging.rpc.server
File "/var/lib/openstack/lib/python3.12/site-packages/neutron/db/ipam_backend_mixin.py", line 686, in _ipam_get_subnets
2026-05-06 02:34:20.560 13 ERROR oslo_messaging.rpc.server subnet.read_lock_register(
2026-05-06 02:34:20.560 13 ERROR oslo_messaging.rpc.server
File "/var/lib/openstack/lib/python3.12/site-packages/neutron/db/models_v2.py", line 77, in read_lock_register
2026-05-06 02:34:20.560 13 ERROR oslo_messaging.rpc.server raise exception
2026-05-06 02:34:20.560 13 ERROR oslo_messaging.rpc.server neutron_lib.exceptions.SubnetInUse: Unable to complete operation on subnet 1d1845a1-90a8-4754-bfd0-6e1b89a0114f: This subnet is being modified by another concurrent operation.
2026-05-06 02:34:20.560 13 ERROR oslo_messaging.rpc.server
2026-05-06 02:34:34.845 16 INFO neutron.plugins.ml2.plugin [None req-d5433683-b68f-4218-b894-0d9c9b1aa221 - - - - - -] Attempt 1 to provision port 59e9a137-a959-4794-ab2f-bb7f1c97185c
2026-05-06 02:34:35.616 16 INFO neutron.plugins.ml2.plugin [None req-d7f7d0f4-d80f-4056-b1ca-b75917e703a8 - - - - - -] Attempt 1 to provision port 59e9a137-a959-4794-ab2f-bb7f1c97185c
2026-05-06 02:34:35.682 16 INFO neutron.plugins.ml2.plugin [None req-d7f7d0f4-d80f-4056-b1ca-b75917e703a8 - - - - - -] Attempt 1 to provision port e5e044bd-2bf1-4086-af98-0647f387575d
2026-05-06 02:34:36.828 13 INFO neutron.plugins.ml2.plugin [None req-d5433683-b68f-4218-b894-0d9c9b1aa221 - - - - - -] Attempt 1 to provision port 59e9a137-a959-4794-ab2f-bb7f1c97185c
2026-05-06 02:34:43.006 16 INFO neutron.plugins.ml2.plugin [None req-d5433683-b68f-4218-b894-0d9c9b1aa221 - - - - - -] Attempt 1 to provision port 8abb59b1-d345-4d5d-97c7-3994036f0a66
2026-05-06 02:34:51.345 16 INFO neutron.plugins.ml2.plugin [None req-57332bd2-e633-4367-bb74-b981bda7fafb - - - - - -] Attempt 1 to provision port fcbea679-74b5-4fca-8226-2b37a8911a8b
2026-05-06 02:34:58.872 16 INFO neutron.plugins.ml2.plugin [None req-d5433683-b68f-4218-b894-0d9c9b1aa221 - - - - - -] Attempt 1 to provision port dd359a00-27b9-4621-b894-f9c4dcb6032e
2026-05-06 02:34:59.185 16 INFO neutron.plugins.ml2.plugin [None req-d5433683-b68f-4218-b894-0d9c9b1aa221 - - - - - -] Attempt 1 to provision port bd4aabf2-99a7-41dd-bb96-eef065cfd98f
2026-05-06 02:35:00.414 13 INFO neutron.plugins.ml2.plugin [None req-5f905c41-d26e-4e0e-b0e5-26bfa0d90cb1 - - - - - -] Attempt 1 to provision port dd359a00-27b9-4621-b894-f9c4dcb6032e
2026-05-06 02:35:00.500 13 INFO neutron.plugins.ml2.plugin [None req-5f905c41-d26e-4e0e-b0e5-26bfa0d90cb1 - - - - - -] Attempt 1 to provision port a2e13195-d838-4a26-becc-e716491e718c
2026-05-06 02:35:00.818 16 INFO neutron.plugins.ml2.plugin [None req-d5433683-b68f-4218-b894-0d9c9b1aa221 - - - - - -] Attempt 1 to provision port dd359a00-27b9-4621-b894-f9c4dcb6032e
2026-05-06 02:35:01.083 16 INFO neutron.plugins.ml2.plugin [None req-d5433683-b68f-4218-b894-0d9c9b1aa221 - - - - - -] Attempt 1 to provision port bd4aabf2-99a7-41dd-bb96-eef065cfd98f
2026-05-06 02:35:02.138 13 INFO neutron.plugins.ml2.plugin [None req-f9ea9a57-869b-4976-80ca-84571d07122e - - - - - -] Attempt 1 to provision port dd359a00-27b9-4621-b894-f9c4dcb6032e
2026-05-06 02:35:02.200 13 INFO neutron.plugins.ml2.plugin [None req-f9ea9a57-869b-4976-80ca-84571d07122e - - - - - -] Attempt 1 to provision port a8a84b89-384e-49d2-a0d2-b8a1e7a53c41
2026-05-06 02:35:03.410 13 INFO neutron.plugins.ml2.plugin [None req-e6218875-d995-44f3-b9b4-c47f799c3a7c - - - - - -] Attempt 1 to provision port a8a84b89-384e-49d2-a0d2-b8a1e7a53c41
2026-05-06 02:35:04.643 13 INFO neutron.plugins.ml2.plugin [None req-22842586-b152-4faf-bba5-b2b6236ce746 - - - - - -] Attempt 1 to provision port a8a84b89-384e-49d2-a0d2-b8a1e7a53c41
2026-05-06 02:35:11.888 13 INFO neutron.plugins.ml2.plugin [None req-d5433683-b68f-4218-b894-0d9c9b1aa221 - - - - - -] Attempt 1 to provision port 205cda01-e9f4-46a5-895f-72869a032da2
2026-05-06 02:35:11.985 13 INFO neutron.notifiers.nova [-] Nova event matching ['req-ee7fad78-3d3c-4e71-ba81-812ccf30ba3d'] response: {'server_uuid': '99dbf337-8a9a-436c-a0c0-0ec32d54b93f', 'name': 'network-vif-plugged', 'status': 'completed', 'tag': '205cda01-e9f4-46a5-895f-72869a032da2', 'code': 200}
2026-05-06 02:35:12.825 13 INFO neutron.plugins.ml2.plugin [None req-d5433683-b68f-4218-b894-0d9c9b1aa221 - - - - - -] Attempt 1 to provision port 205cda01-e9f4-46a5-895f-72869a032da2
2026-05-06 02:35:16.918 16 INFO neutron.plugins.ml2.plugin [None req-d5433683-b68f-4218-b894-0d9c9b1aa221 - - - - - -] Attempt 1 to provision port a2e13195-d838-4a26-becc-e716491e718c
2026-05-06 02:35:17.158 16 INFO neutron.plugins.ml2.plugin [None req-d5433683-b68f-4218-b894-0d9c9b1aa221 - - - - - -] Attempt 1 to provision port a8a84b89-384e-49d2-a0d2-b8a1e7a53c41
2026-05-06 02:35:18.869 16 INFO neutron.plugins.ml2.plugin [None req-d5433683-b68f-4218-b894-0d9c9b1aa221 - - - - - -] Attempt 1 to provision port a2e13195-d838-4a26-becc-e716491e718c
2026-05-06 02:35:19.017 16 INFO neutron.plugins.ml2.plugin [None req-d5433683-b68f-4218-b894-0d9c9b1aa221 - - - - - -] Attempt 1 to provision port a8a84b89-384e-49d2-a0d2-b8a1e7a53c41
2026-05-06 02:35:41.170 13 INFO neutron.plugins.ml2.plugin [None req-68f531ef-5e55-4e66-95b5-42211194441e - - - - - -] Attempt 1 to provision port da6e4f0e-2d5c-4581-992f-e8125f1ffd5c
2026-05-06 02:35:42.860 16 INFO neutron.plugins.ml2.plugin [None req-d5433683-b68f-4218-b894-0d9c9b1aa221 - - - - - -] Attempt 1 to provision port 6ba7f3bd-8b70-4196-9dfe-ab5542429723
2026-05-06 02:35:44.233 16 INFO neutron.plugins.ml2.plugin [None req-258f9313-25c7-4d53-a18c-78934893b346 - - - - - -] Attempt 1 to provision port f2742724-f92f-47de-9941-3a1ccc3fa50f
2026-05-06 02:35:44.915 16 INFO neutron.plugins.ml2.plugin [None req-d5433683-b68f-4218-b894-0d9c9b1aa221 - - - - - -] Attempt 1 to provision port f2742724-f92f-47de-9941-3a1ccc3fa50f
2026-05-06 02:35:45.119 16 INFO neutron.plugins.ml2.plugin [None req-d5433683-b68f-4218-b894-0d9c9b1aa221 - - - - - -] Attempt 1 to provision port 6ba7f3bd-8b70-4196-9dfe-ab5542429723
2026-05-06 02:35:45.970 16 INFO neutron.plugins.ml2.plugin [None req-1d1770b9-ce05-4ada-9752-b2375a56fc50 - - - - - -] Attempt 1 to provision port e06c2f53-b0ae-46a2-b708-bc04037c6e17
2026-05-06 02:35:45.999 16 INFO neutron.plugins.ml2.plugin [None req-1d1770b9-ce05-4ada-9752-b2375a56fc50 - - - - - -] Attempt 1 to provision port f2742724-f92f-47de-9941-3a1ccc3fa50f
2026-05-06 02:35:47.878 13 INFO neutron.plugins.ml2.plugin [None req-c791ffd7-e51b-4eba-abd4-c66a15274abd - - - - - -] Attempt 1 to provision port e06c2f53-b0ae-46a2-b708-bc04037c6e17
2026-05-06 02:35:55.394 13 INFO neutron.plugins.ml2.plugin [None req-d5433683-b68f-4218-b894-0d9c9b1aa221 - - - - - -] Attempt 1 to provision port 76b1a41a-23f2-44b1-870f-1753e0128cee
2026-05-06 02:35:55.530 13 INFO neutron.notifiers.nova [-] Nova event matching ['req-72456922-aa38-4942-9b73-bf7bc8ea2e55'] response: {'server_uuid': '809f9669-1ba5-4c9c-b39f-dcf77df0d5ea', 'name': 'network-vif-plugged', 'status': 'completed', 'tag': '76b1a41a-23f2-44b1-870f-1753e0128cee', 'code': 200}
2026-05-06 02:35:56.829 16 INFO neutron.plugins.ml2.plugin [None req-d5433683-b68f-4218-b894-0d9c9b1aa221 - - - - - -] Attempt 1 to provision port 76b1a41a-23f2-44b1-870f-1753e0128cee
2026-05-06 02:35:58.879 13 INFO neutron.plugins.ml2.plugin [None req-d5433683-b68f-4218-b894-0d9c9b1aa221 - - - - - -] Attempt 1 to provision port da6e4f0e-2d5c-4581-992f-e8125f1ffd5c
2026-05-06 02:36:00.860 16 INFO neutron.plugins.ml2.plugin [None req-d5433683-b68f-4218-b894-0d9c9b1aa221 - - - - - -] Attempt 1 to provision port e06c2f53-b0ae-46a2-b708-bc04037c6e17
2026-05-06 02:36:01.208 16 INFO neutron.plugins.ml2.plugin [None req-d5433683-b68f-4218-b894-0d9c9b1aa221 - - - - - -] Attempt 1 to provision port da6e4f0e-2d5c-4581-992f-e8125f1ffd5c
2026-05-06 02:36:02.825 13 INFO neutron.plugins.ml2.plugin [None req-d5433683-b68f-4218-b894-0d9c9b1aa221 - - - - - -] Attempt 1 to provision port e06c2f53-b0ae-46a2-b708-bc04037c6e17
2026-05-06 02:36:33.357 13 INFO neutron.plugins.ml2.plugin [None req-d5433683-b68f-4218-b894-0d9c9b1aa221 - - - - - -] Attempt 1 to provision port d39dc7b9-a587-4f91-a36a-ee98f30d620b
2026-05-06 02:36:33.465 13 INFO neutron.notifiers.nova [-] Nova event matching ['req-4a928594-13ca-4b5b-ad09-6149a9289d8b'] response: {'server_uuid': '3c152771-fb67-4c57-a752-b2da38f9af2f', 'name': 'network-vif-plugged', 'status': 'completed', 'tag': 'd39dc7b9-a587-4f91-a36a-ee98f30d620b', 'code': 200}
2026-05-06 02:36:34.837 16 INFO neutron.plugins.ml2.plugin [None req-d5433683-b68f-4218-b894-0d9c9b1aa221 - - - - - -] Attempt 1 to provision port d39dc7b9-a587-4f91-a36a-ee98f30d620b
2026-05-06 02:37:12.591 13 INFO neutron_taas.services.taas.taas_plugin [None req-e7d09e6d-ead8-4f3a-8568-d44e66fdbb54 - - - - - -] TaaS: Handle Delete Port: f2742724-f92f-47de-9941-3a1ccc3fa50f
2026-05-06 02:37:12.600 13 INFO neutron_taas.services.taas.tap_mirror_plugin [None req-e7d09e6d-ead8-4f3a-8568-d44e66fdbb54 - - - - - -] Tap Mirror: Handle Delete Port: f2742724-f92f-47de-9941-3a1ccc3fa50f
2026-05-06 02:37:18.740 16 INFO neutron.plugins.ml2.plugin [None req-cb633624-cef9-40c1-a83d-34451a8d8759 - - - - - -] Attempt 1 to provision port 7efce357-9b02-4352-ac59-92f64c7d79ca
2026-05-06 02:37:18.887 13 INFO neutron.plugins.ml2.plugin [None req-d5433683-b68f-4218-b894-0d9c9b1aa221 - - - - - -] Attempt 1 to provision port 7efce357-9b02-4352-ac59-92f64c7d79ca
2026-05-06 02:37:20.965 16 INFO neutron.plugins.ml2.plugin [None req-d5433683-b68f-4218-b894-0d9c9b1aa221 - - - - - -] Attempt 1 to provision port 7efce357-9b02-4352-ac59-92f64c7d79ca
2026-05-06 02:37:21.174 16 INFO neutron.plugins.ml2.plugin [None req-d5433683-b68f-4218-b894-0d9c9b1aa221 - - - - - -] Attempt 1 to provision port f67a6062-5cce-42e2-ba52-502fe20e8279
2026-05-06 02:37:21.806 13 INFO neutron.plugins.ml2.plugin [None req-558f9c4e-123d-4ae9-b8a1-fc6bcc5466b4 - - - - - -] Attempt 1 to provision port 7efce357-9b02-4352-ac59-92f64c7d79ca
2026-05-06 02:37:21.876 13 INFO neutron.plugins.ml2.plugin [None req-558f9c4e-123d-4ae9-b8a1-fc6bcc5466b4 - - - - - -] Attempt 1 to provision port f7230092-67a7-43d7-b9b9-325be93db761
2026-05-06 02:37:22.859 13 INFO neutron.plugins.ml2.plugin [None req-d5433683-b68f-4218-b894-0d9c9b1aa221 - - - - - -] Attempt 1 to provision port f67a6062-5cce-42e2-ba52-502fe20e8279
2026-05-06 02:37:25.031 16 INFO neutron.plugins.ml2.plugin [None req-d5433683-b68f-4218-b894-0d9c9b1aa221 - - - - - -] Attempt 1 to provision port 5aa45c10-69f5-4a21-a6b8-9fa73cfbe039
2026-05-06 02:37:25.400 16 INFO neutron.plugins.ml2.plugin [None req-d5433683-b68f-4218-b894-0d9c9b1aa221 - - - - - -] Attempt 1 to provision port e288c95b-18d2-434a-bd3d-d82a92c68103
2026-05-06 02:37:26.906 16 INFO neutron.plugins.ml2.plugin [None req-d5433683-b68f-4218-b894-0d9c9b1aa221 - - - - - -] Attempt 1 to provision port 5aa45c10-69f5-4a21-a6b8-9fa73cfbe039
2026-05-06 02:37:27.123 16 INFO neutron.plugins.ml2.plugin [None req-d5433683-b68f-4218-b894-0d9c9b1aa221 - - - - - -] Attempt 1 to provision port e288c95b-18d2-434a-bd3d-d82a92c68103
2026-05-06 02:37:27.816 16 INFO neutron.plugins.ml2.plugin [None req-c1aa2ceb-344b-44fd-a322-f35c6249b155 - - - - - -] Attempt 1 to provision port 57be3725-f570-4512-971d-9d4a69952c93
2026-05-06 02:37:27.859 16 INFO neutron.plugins.ml2.plugin [None req-c1aa2ceb-344b-44fd-a322-f35c6249b155 - - - - - -] Attempt 1 to provision port 13e02b64-0b4a-47f9-9f24-6b7d7ff33c69
2026-05-06 02:37:27.890 16 INFO neutron.plugins.ml2.plugin [None req-c1aa2ceb-344b-44fd-a322-f35c6249b155 - - - - - -] Attempt 1 to provision port f7230092-67a7-43d7-b9b9-325be93db761
2026-05-06 02:37:27.915 16 INFO neutron.plugins.ml2.plugin [None req-c1aa2ceb-344b-44fd-a322-f35c6249b155 - - - - - -] Attempt 1 to provision port 5aa45c10-69f5-4a21-a6b8-9fa73cfbe039
2026-05-06 02:37:30.841 13 INFO neutron.plugins.ml2.plugin [None req-0f6ebfac-1432-4491-b599-566bcf3bf738 - - - - - -] Attempt 1 to provision port 70be38b7-f239-469f-a3dd-2896a353e4e2
2026-05-06 02:37:30.866 13 INFO neutron.plugins.ml2.plugin [None req-0f6ebfac-1432-4491-b599-566bcf3bf738 - - - - - -] Attempt 1 to provision port f7230092-67a7-43d7-b9b9-325be93db761
2026-05-06 02:37:32.033 13 INFO neutron.plugins.ml2.plugin [None req-d6ca8536-e68d-4733-800d-b539c1accc50 - - - - - -] Attempt 1 to provision port 13e02b64-0b4a-47f9-9f24-6b7d7ff33c69
2026-05-06 02:37:33.253 13 INFO neutron.plugins.ml2.plugin [None req-90a09474-4512-428a-9f58-1e8709651a30 - - - - - -] Attempt 1 to provision port 13e02b64-0b4a-47f9-9f24-6b7d7ff33c69
2026-05-06 02:37:37.889 16 INFO neutron.plugins.ml2.plugin [None req-d5433683-b68f-4218-b894-0d9c9b1aa221 - - - - - -] Attempt 1 to provision port 9c07653c-f81e-4700-b4f6-2bc0960fe15e
2026-05-06 02:37:38.072 16 INFO neutron.notifiers.nova [-] Nova event matching ['req-5ecabc41-184b-4e99-a164-baee9fe43afa'] response: {'server_uuid': 'bd4da1e6-3c7f-459c-ac4b-506524c37fd5', 'name': 'network-vif-plugged', 'status': 'completed', 'tag': '9c07653c-f81e-4700-b4f6-2bc0960fe15e', 'code': 200}
2026-05-06 02:37:38.930 13 INFO neutron.plugins.ml2.plugin [None req-d5433683-b68f-4218-b894-0d9c9b1aa221 - - - - - -] Attempt 1 to provision port 57be3725-f570-4512-971d-9d4a69952c93
2026-05-06 02:37:39.261 13 INFO neutron.plugins.ml2.plugin [None req-d5433683-b68f-4218-b894-0d9c9b1aa221 - - - - - -] Attempt 1 to provision port 9c07653c-f81e-4700-b4f6-2bc0960fe15e
2026-05-06 02:37:40.891 16 INFO neutron.plugins.ml2.plugin [None req-d5433683-b68f-4218-b894-0d9c9b1aa221 - - - - - -] Attempt 1 to provision port 57be3725-f570-4512-971d-9d4a69952c93
2026-05-06 02:37:41.030 16 INFO neutron.plugins.ml2.plugin [None req-d5433683-b68f-4218-b894-0d9c9b1aa221 - - - - - -] Attempt 1 to provision port f7230092-67a7-43d7-b9b9-325be93db761
2026-05-06 02:37:42.971 13 INFO neutron.plugins.ml2.plugin [None req-d5433683-b68f-4218-b894-0d9c9b1aa221 - - - - - -] Attempt 1 to provision port 70be38b7-f239-469f-a3dd-2896a353e4e2
2026-05-06 02:37:43.537 13 INFO neutron.plugins.ml2.plugin [None req-d5433683-b68f-4218-b894-0d9c9b1aa221 - - - - - -] Attempt 1 to provision port f7230092-67a7-43d7-b9b9-325be93db761
2026-05-06 02:37:43.911 13 INFO neutron.plugins.ml2.plugin [None req-d5433683-b68f-4218-b894-0d9c9b1aa221 - - - - - -] Attempt 1 to provision port 13e02b64-0b4a-47f9-9f24-6b7d7ff33c69
2026-05-06 02:37:44.861 16 INFO neutron.plugins.ml2.plugin [None req-d5433683-b68f-4218-b894-0d9c9b1aa221 - - - - - -] Attempt 1 to provision port 70be38b7-f239-469f-a3dd-2896a353e4e2
2026-05-06 02:37:45.010 16 INFO neutron.plugins.ml2.plugin [None req-d5433683-b68f-4218-b894-0d9c9b1aa221 - - - - - -] Attempt 1 to provision port 13e02b64-0b4a-47f9-9f24-6b7d7ff33c69
2026-05-06 02:38:38.908 16 INFO neutron.plugins.ml2.plugin [None req-d5433683-b68f-4218-b894-0d9c9b1aa221 - - - - - -] Attempt 1 to provision port b60d20f4-eadb-4184-9ba2-81dcef71354a
2026-05-06 02:38:38.968 13 INFO neutron.plugins.ml2.plugin [None req-0adb6fa0-40a2-4667-a70b-87aea49dcba7 - - - - - -] Attempt 1 to provision port b60d20f4-eadb-4184-9ba2-81dcef71354a
2026-05-06 02:38:40.859 16 INFO neutron.plugins.ml2.plugin [None req-d5433683-b68f-4218-b894-0d9c9b1aa221 - - - - - -] Attempt 1 to provision port b60d20f4-eadb-4184-9ba2-81dcef71354a
2026-05-06 02:38:42.898 16 INFO neutron.plugins.ml2.plugin [None req-d5433683-b68f-4218-b894-0d9c9b1aa221 - - - - - -] Attempt 1 to provision port ca23bdf1-69c5-4867-a3e6-c3b348dac746
2026-05-06 02:38:43.261 16 INFO neutron.plugins.ml2.plugin [None req-d5433683-b68f-4218-b894-0d9c9b1aa221 - - - - - -] Attempt 1 to provision port d69da1cb-f372-4b43-964d-8b026dd90292
2026-05-06 02:38:45.158 13 INFO neutron.plugins.ml2.plugin [None req-d5433683-b68f-4218-b894-0d9c9b1aa221 - - - - - -] Attempt 1 to provision port f1c68cce-7600-4d1c-9ebb-74c72d502a73
2026-05-06 02:38:45.541 13 INFO neutron.plugins.ml2.plugin [None req-d5433683-b68f-4218-b894-0d9c9b1aa221 - - - - - -] Attempt 1 to provision port ca23bdf1-69c5-4867-a3e6-c3b348dac746
2026-05-06 02:38:45.730 13 INFO neutron.plugins.ml2.plugin [None req-d5433683-b68f-4218-b894-0d9c9b1aa221 - - - - - -] Attempt 1 to provision port d69da1cb-f372-4b43-964d-8b026dd90292
2026-05-06 02:38:46.971 13 INFO neutron.plugins.ml2.plugin [None req-d5433683-b68f-4218-b894-0d9c9b1aa221 - - - - - -] Attempt 1 to provision port f1c68cce-7600-4d1c-9ebb-74c72d502a73
2026-05-06 02:38:50.913 13 INFO neutron.plugins.ml2.plugin [None req-d5433683-b68f-4218-b894-0d9c9b1aa221 - - - - - -] Attempt 1 to provision port b60d20f4-eadb-4184-9ba2-81dcef71354a
2026-05-06 02:38:52.870 13 INFO neutron.plugins.ml2.plugin [None req-ba0c4385-9d2e-4d83-8e50-366fbd64e7ca - - - - - -] Attempt 1 to provision port f1c68cce-7600-4d1c-9ebb-74c72d502a73
2026-05-06 02:38:52.921 13 INFO neutron.plugins.ml2.plugin [None req-ba0c4385-9d2e-4d83-8e50-366fbd64e7ca - - - - - -] Attempt 1 to provision port ca23bdf1-69c5-4867-a3e6-c3b348dac746
2026-05-06 02:38:52.958 13 INFO neutron.plugins.ml2.plugin [None req-ba0c4385-9d2e-4d83-8e50-366fbd64e7ca - - - - - -] Attempt 1 to provision port 78dc3592-f035-4de5-89a1-dea09f56e879
2026-05-06 02:38:52.977 13 INFO neutron.plugins.ml2.plugin [None req-ba0c4385-9d2e-4d83-8e50-366fbd64e7ca - - - - - -] Attempt 1 to provision port 1746bb5a-23ef-4bf9-892d-844a6c3c2a1f
2026-05-06 02:38:52.993 13 INFO neutron.plugins.ml2.plugin [None req-ba0c4385-9d2e-4d83-8e50-366fbd64e7ca - - - - - -] Attempt 1 to provision port a02b288a-1620-4f48-83dd-ea4617c02d83
2026-05-06 02:38:53.010 13 INFO neutron.plugins.ml2.plugin [None req-ba0c4385-9d2e-4d83-8e50-366fbd64e7ca - - - - - -] Attempt 1 to provision port b60d20f4-eadb-4184-9ba2-81dcef71354a
2026-05-06 02:38:57.452 13 INFO neutron.plugins.ml2.plugin [None req-d5433683-b68f-4218-b894-0d9c9b1aa221 - - - - - -] Attempt 1 to provision port 4a14020c-9d60-4e3c-921d-be2072c6de64
2026-05-06 02:38:57.468 16 INFO neutron.plugins.ml2.plugin [None req-7d366063-847e-4486-aa2b-8fa1e3f212b0 - - - - - -] Attempt 1 to provision port f1c68cce-7600-4d1c-9ebb-74c72d502a73
2026-05-06 02:38:57.523 16 INFO neutron.plugins.ml2.plugin [None req-7d366063-847e-4486-aa2b-8fa1e3f212b0 - - - - - -] Attempt 1 to provision port ca23bdf1-69c5-4867-a3e6-c3b348dac746
2026-05-06 02:38:57.592 16 INFO neutron.plugins.ml2.plugin [None req-7d366063-847e-4486-aa2b-8fa1e3f212b0 - - - - - -] Attempt 1 to provision port 537136a6-f589-4127-92ee-f2032c06d2aa
2026-05-06 02:38:57.627 16 INFO neutron.plugins.ml2.plugin [None req-7d366063-847e-4486-aa2b-8fa1e3f212b0 - - - - - -] Attempt 1 to provision port 1746bb5a-23ef-4bf9-892d-844a6c3c2a1f
2026-05-06 02:38:57.661 16 INFO neutron.plugins.ml2.plugin [None req-7d366063-847e-4486-aa2b-8fa1e3f212b0 - - - - - -] Attempt 1 to provision port 4a14020c-9d60-4e3c-921d-be2072c6de64
2026-05-06 02:38:57.686 13 INFO neutron.notifiers.nova [-] Nova event matching ['req-14c79733-a23d-466b-920d-fc077cfa750b'] response: {'server_uuid': '74a450ad-076c-457b-bd21-9207f8830898', 'name': 'network-vif-plugged', 'status': 'completed', 'tag': '4a14020c-9d60-4e3c-921d-be2072c6de64', 'code': 200}
2026-05-06 02:38:58.903 13 INFO neutron.plugins.ml2.plugin [None req-d5433683-b68f-4218-b894-0d9c9b1aa221 - - - - - -] Attempt 1 to provision port 4a14020c-9d60-4e3c-921d-be2072c6de64
2026-05-06 02:39:00.972 13 INFO neutron.plugins.ml2.plugin [None req-d5433683-b68f-4218-b894-0d9c9b1aa221 - - - - - -] Attempt 1 to provision port 537136a6-f589-4127-92ee-f2032c06d2aa
2026-05-06 02:39:01.382 13 INFO neutron.plugins.ml2.plugin [None req-d5433683-b68f-4218-b894-0d9c9b1aa221 - - - - - -] Attempt 1 to provision port 1746bb5a-23ef-4bf9-892d-844a6c3c2a1f
2026-05-06 02:39:01.671 13 INFO neutron.plugins.ml2.plugin [None req-d5433683-b68f-4218-b894-0d9c9b1aa221 - - - - - -] Attempt 1 to provision port a02b288a-1620-4f48-83dd-ea4617c02d83
2026-05-06 02:39:01.982 13 INFO neutron.plugins.ml2.plugin [None req-d5433683-b68f-4218-b894-0d9c9b1aa221 - - - - - -] Attempt 1 to provision port 78dc3592-f035-4de5-89a1-dea09f56e879
2026-05-06 02:39:02.200 13 INFO neutron.plugins.ml2.plugin [None req-0079025b-f60e-4200-860f-1eb9a74b9f8c - - - - - -] Attempt 1 to provision port ca23bdf1-69c5-4867-a3e6-c3b348dac746
2026-05-06 02:39:02.298 13 INFO neutron.plugins.ml2.plugin [None req-0079025b-f60e-4200-860f-1eb9a74b9f8c - - - - - -] Attempt 1 to provision port 537136a6-f589-4127-92ee-f2032c06d2aa
2026-05-06 02:39:02.379 13 INFO neutron.plugins.ml2.plugin [None req-0079025b-f60e-4200-860f-1eb9a74b9f8c - - - - - -] Attempt 1 to provision port 4a14020c-9d60-4e3c-921d-be2072c6de64
2026-05-06 02:39:02.437 13 INFO neutron.plugins.ml2.plugin [None req-0079025b-f60e-4200-860f-1eb9a74b9f8c - - - - - -] Attempt 1 to provision port 1746bb5a-23ef-4bf9-892d-844a6c3c2a1f
2026-05-06 02:39:02.491 13 INFO neutron.plugins.ml2.plugin [None req-0079025b-f60e-4200-860f-1eb9a74b9f8c - - - - - -] Attempt 1 to provision port 78dc3592-f035-4de5-89a1-dea09f56e879
2026-05-06 02:39:02.547 13 INFO neutron.plugins.ml2.plugin [None req-0079025b-f60e-4200-860f-1eb9a74b9f8c - - - - - -] Attempt 1 to provision port b60d20f4-eadb-4184-9ba2-81dcef71354a
2026-05-06 02:39:02.907 13 INFO neutron.plugins.ml2.plugin [None req-d5433683-b68f-4218-b894-0d9c9b1aa221 - - - - - -] Attempt 1 to provision port 537136a6-f589-4127-92ee-f2032c06d2aa
2026-05-06 02:39:03.121 13 INFO neutron.plugins.ml2.plugin [None req-d5433683-b68f-4218-b894-0d9c9b1aa221 - - - - - -] Attempt 1 to provision port 1746bb5a-23ef-4bf9-892d-844a6c3c2a1f
2026-05-06 02:39:03.313 13 INFO neutron.plugins.ml2.plugin [None req-d5433683-b68f-4218-b894-0d9c9b1aa221 - - - - - -] Attempt 1 to provision port a02b288a-1620-4f48-83dd-ea4617c02d83
2026-05-06 02:39:03.454 13 INFO neutron.plugins.ml2.plugin [None req-d5433683-b68f-4218-b894-0d9c9b1aa221 - - - - - -] Attempt 1 to provision port 78dc3592-f035-4de5-89a1-dea09f56e879
2026-05-06 02:39:04.422 13 INFO neutron.plugins.ml2.plugin [None req-92ce41b2-8952-4399-baec-f36ef7734b25 - - - - - -] Attempt 1 to provision port 537136a6-f589-4127-92ee-f2032c06d2aa
2026-05-06 02:39:06.664 16 INFO neutron.plugins.ml2.plugin [None req-e946059e-1896-4540-865b-a0cd78cf223f - - - - - -] Attempt 1 to provision port 4a14020c-9d60-4e3c-921d-be2072c6de64
2026-05-06 02:39:06.718 16 INFO neutron.plugins.ml2.plugin [None req-e946059e-1896-4540-865b-a0cd78cf223f - - - - - -] Attempt 1 to provision port 78dc3592-f035-4de5-89a1-dea09f56e879
2026-05-06 02:39:08.009 16 INFO neutron.plugins.ml2.plugin [None req-afddf476-c777-4b1d-a8bd-394c2c6ab19e - - - - - -] Attempt 1 to provision port 78dc3592-f035-4de5-89a1-dea09f56e879
2026-05-06 02:39:14.913 16 INFO neutron.plugins.ml2.plugin [None req-d5433683-b68f-4218-b894-0d9c9b1aa221 - - - - - -] Attempt 1 to provision port dfb5484e-b193-46ac-9755-34b37847c0f5
2026-05-06 02:39:15.025 16 INFO neutron.notifiers.nova [-] Nova event matching ['req-77dc6de9-1bd5-495f-96d4-167fd1e12f97'] response: {'server_uuid': 'ad016044-18aa-4460-94c5-40d9968f663c', 'name': 'network-vif-plugged', 'status': 'completed', 'tag': 'dfb5484e-b193-46ac-9755-34b37847c0f5', 'code': 200}
2026-05-06 02:39:16.889 13 INFO neutron.plugins.ml2.plugin [None req-d5433683-b68f-4218-b894-0d9c9b1aa221 - - - - - -] Attempt 1 to provision port dfb5484e-b193-46ac-9755-34b37847c0f5
2026-05-06 02:39:46.978 16 INFO neutron.plugins.ml2.plugin [None req-57a6c6d4-b15d-466a-a4a8-65dd427ca3fa - - - - - -] Attempt 1 to provision port 02aebfb1-480b-4fca-be9f-dfa0e306b683
2026-05-06 02:40:09.467 16 INFO neutron.plugins.ml2.plugin [None req-d5433683-b68f-4218-b894-0d9c9b1aa221 - - - - - -] Attempt 1 to provision port caef681c-130b-4c4c-814b-9f08f1361879
2026-05-06 02:40:09.591 16 INFO neutron.notifiers.nova [-] Nova event matching ['req-62a02f75-f554-4343-b355-c3e3ef5a8a76'] response: {'server_uuid': '7aefabf7-a5c4-441d-babe-d566c536e98b', 'name': 'network-vif-plugged', 'status': 'completed', 'tag': 'caef681c-130b-4c4c-814b-9f08f1361879', 'code': 200}
2026-05-06 02:40:10.911 13 INFO neutron.plugins.ml2.plugin [None req-d5433683-b68f-4218-b894-0d9c9b1aa221 - - - - - -] Attempt 1 to provision port caef681c-130b-4c4c-814b-9f08f1361879
2026-05-06 02:40:50.512 13 INFO neutron.plugins.ml2.plugin [None req-ab6c0f22-989a-4304-9b80-e91b4634a732 - - - - - -] Attempt 1 to provision port 078a907e-d0b9-4e43-bc88-6e2f225325e8
2026-05-06 02:40:56.968 16 INFO neutron.plugins.ml2.plugin [None req-d5433683-b68f-4218-b894-0d9c9b1aa221 - - - - - -] Attempt 1 to provision port 078a907e-d0b9-4e43-bc88-6e2f225325e8
2026-05-06 02:40:57.072 16 INFO neutron.notifiers.nova [-] Nova event matching ['req-f7469f48-8452-4a8b-9f4b-47a5c39200e8'] response: {'server_uuid': '7aefabf7-a5c4-441d-babe-d566c536e98b', 'name': 'network-vif-plugged', 'status': 'completed', 'tag': '078a907e-d0b9-4e43-bc88-6e2f225325e8', 'code': 200}
2026-05-06 02:40:58.952 13 INFO neutron.plugins.ml2.plugin [None req-d5433683-b68f-4218-b894-0d9c9b1aa221 - - - - - -] Attempt 1 to provision port 078a907e-d0b9-4e43-bc88-6e2f225325e8
2026-05-06 02:41:01.437 13 INFO neutron.plugins.ml2.plugin [None req-d5433683-b68f-4218-b894-0d9c9b1aa221 - - - - - -] Attempt 1 to provision port 078a907e-d0b9-4e43-bc88-6e2f225325e8
2026-05-06 02:41:27.475 13 INFO neutron.plugins.ml2.plugin [None req-024311fc-e26f-4510-b412-742f4018a687 - - - - - -] Attempt 1 to provision port 60cc501d-c82a-4348-b73e-641715cd82be
2026-05-06 02:41:36.509 13 INFO neutron.plugins.ml2.plugin [None req-d5433683-b68f-4218-b894-0d9c9b1aa221 - - - - - -] Attempt 1 to provision port 60cc501d-c82a-4348-b73e-641715cd82be
2026-05-06 02:41:36.607 13 INFO neutron.notifiers.nova [-] Nova event matching ['req-55d4b20b-4f7b-4d66-bc4d-5f0d5135b476'] response: {'server_uuid': '7aefabf7-a5c4-441d-babe-d566c536e98b', 'name': 'network-vif-plugged', 'status': 'completed', 'tag': '60cc501d-c82a-4348-b73e-641715cd82be', 'code': 200}
2026-05-06 02:41:37.120 16 INFO neutron.plugins.ml2.plugin [None req-d5433683-b68f-4218-b894-0d9c9b1aa221 - - - - - -] Attempt 1 to provision port 60cc501d-c82a-4348-b73e-641715cd82be
2026-05-06 02:41:48.330 16 INFO neutron.plugins.ml2.plugin [None req-fb374dbb-290a-44de-a802-0ce89e13a619 - - - - - -] Attempt 1 to provision port 5d03f149-37ec-4fa5-a26a-743eb290bf1b
2026-05-06 02:41:55.177 13 INFO neutron.plugins.ml2.plugin [None req-d5433683-b68f-4218-b894-0d9c9b1aa221 - - - - - -] Attempt 1 to provision port 5d03f149-37ec-4fa5-a26a-743eb290bf1b
2026-05-06 02:41:55.288 13 INFO neutron.notifiers.nova [-] Nova event matching ['req-378e9fd0-6307-4da5-a8c5-56af862c101d'] response: {'server_uuid': '7aefabf7-a5c4-441d-babe-d566c536e98b', 'name': 'network-vif-plugged', 'status': 'completed', 'tag': '5d03f149-37ec-4fa5-a26a-743eb290bf1b', 'code': 200}
2026-05-06 02:41:57.142 16 INFO neutron.plugins.ml2.plugin [None req-d5433683-b68f-4218-b894-0d9c9b1aa221 - - - - - -] Attempt 1 to provision port 5d03f149-37ec-4fa5-a26a-743eb290bf1b
2026-05-06 02:41:58.656 16 INFO neutron.plugins.ml2.plugin [None req-e7a98bd8-a824-4a7d-955c-e02c6c2ed709 - - - - - -] Attempt 1 to provision port 60cc501d-c82a-4348-b73e-641715cd82be
2026-05-06 02:41:59.187 13 INFO neutron.plugins.ml2.plugin [None req-d5433683-b68f-4218-b894-0d9c9b1aa221 - - - - - -] Attempt 1 to provision port 60cc501d-c82a-4348-b73e-641715cd82be
2026-05-06 02:42:12.368 13 INFO neutron.plugins.ml2.plugin [None req-3995ce65-42fd-4dc8-a437-4504758c2779 - - - - - -] Attempt 1 to provision port 5d03f149-37ec-4fa5-a26a-743eb290bf1b
2026-05-06 02:42:13.230 13 INFO neutron.plugins.ml2.plugin [None req-d5433683-b68f-4218-b894-0d9c9b1aa221 - - - - - -] Attempt 1 to provision port 5d03f149-37ec-4fa5-a26a-743eb290bf1b
2026-05-06 02:42:13.730 16 INFO neutron.plugins.ml2.plugin [None req-16f53f02-4831-485e-9cd1-90f4f750fbdd - - - - - -] Attempt 1 to provision port 5d03f149-37ec-4fa5-a26a-743eb290bf1b
2026-05-06 02:42:23.081 16 INFO neutron.plugins.ml2.plugin [None req-64c54ddd-8c1c-4bfa-a9d8-86ac1b0b09fd - - - - - -] Attempt 1 to provision port 60cc501d-c82a-4348-b73e-641715cd82be
2026-05-06 02:42:23.170 13 INFO neutron.plugins.ml2.plugin [None req-d5433683-b68f-4218-b894-0d9c9b1aa221 - - - - - -] Attempt 1 to provision port 60cc501d-c82a-4348-b73e-641715cd82be