2026-05-06 02:36:07.248 7 INFO placement.requestlog [req-18d47c94-ccd2-4a6b-96ca-6114065e7823 req-8513da73-4efb-47d4-89da-d72d941f68a1 09f2e88e73404436ae41bc91c760e951 b75f39fd13c74718b59001b628724af4 - - 3f7732758ea647dd8b63ea62d15f90d9 3f7732758ea647dd8b63ea62d15f90d9] 199.19.213.236 "GET /resource_providers/0ccc9cb9-337e-4de1-9efa-6ae8654306aa/allocations" status: 200 len: 153 microversion: 1.0 [pid: 7|app: 0|req: 565/1124] 199.19.213.236 () {32 vars in 856 bytes} [Wed May 6 02:36:07 2026] GET /resource_providers/0ccc9cb9-337e-4de1-9efa-6ae8654306aa/allocations => generated 153 bytes in 12 msecs (HTTP/1.1 200) 6 headers in 224 bytes (1 switches on core 0)
2026-05-06 02:36:07.264 8 INFO placement.requestlog [req-18d47c94-ccd2-4a6b-96ca-6114065e7823 req-4ff3b369-2ca9-4c6c-8ac0-7dc78e0b7adc 09f2e88e73404436ae41bc91c760e951 b75f39fd13c74718b59001b628724af4 - - 3f7732758ea647dd8b63ea62d15f90d9 3f7732758ea647dd8b63ea62d15f90d9] 199.19.213.236 "GET /allocations/809f9669-1ba5-4c9c-b39f-dcf77df0d5ea" status: 200 len: 258 microversion: 1.28 [pid: 8|app: 0|req: 560/1125] 199.19.213.236 () {34 vars in 862 bytes} [Wed May 6 02:36:07 2026] GET /allocations/809f9669-1ba5-4c9c-b39f-dcf77df0d5ea => generated 258 bytes in 9 msecs (HTTP/1.1 200) 8 headers in 296 bytes (1 switches on core 0)
2026-05-06 02:36:16.676 7 INFO placement.requestlog [None req-95a62c78-ad75-4d49-84f1-df0333471aa2 - - - - - -] 10.0.0.46 "GET /" status: 200 len: 136 microversion: 1.0
2026-05-06 02:36:16.676 8 INFO placement.requestlog [None req-9a232380-85fc-4b88-9e2a-e42208dddf8a - - - - - -] 10.0.0.46 "GET /" status: 200 len: 136 microversion: 1.0
2026-05-06 02:36:23.170 8 INFO placement.requestlog [req-92ba9d97-c0c2-4994-914c-cd99b44585d9 req-36b1971a-b457-4579-bd87-d2ad349d5443 09f2e88e73404436ae41bc91c760e951 b75f39fd13c74718b59001b628724af4 - - 3f7732758ea647dd8b63ea62d15f90d9 3f7732758ea647dd8b63ea62d15f90d9] 10.0.0.20 "GET /allocation_candidates?limit=1000&resources=DISK_GB%3A1%2CMEMORY_MB%3A512%2CVCPU%3A1&root_required=%21COMPUTE_STATUS_DISABLED" status: 200 len: 2642 microversion: 1.36 [pid: 8|app: 0|req: 562/1128] 10.0.0.20 () {34 vars in 1010 bytes} [Wed May 6 02:36:23 2026] GET /allocation_candidates?limit=1000&resources=DISK_GB%3A1%2CMEMORY_MB%3A512%2CVCPU%3A1&root_required=%21COMPUTE_STATUS_DISABLED => generated 2642 bytes in 42 msecs (HTTP/1.1 200) 8 headers in 297 bytes (1 switches on core 0)
2026-05-06 02:36:23.197 7 INFO placement.requestlog [req-92ba9d97-c0c2-4994-914c-cd99b44585d9 req-16ff6e2a-5bc7-4575-8e49-9a58f255cd52 09f2e88e73404436ae41bc91c760e951 b75f39fd13c74718b59001b628724af4 - - 3f7732758ea647dd8b63ea62d15f90d9 3f7732758ea647dd8b63ea62d15f90d9] 10.0.0.20 "GET /allocations/3c152771-fb67-4c57-a752-b2da38f9af2f" status: 200 len: 19 microversion: 1.28 [pid: 7|app: 0|req: 567/1129] 10.0.0.20 () {34 vars in 859 bytes} [Wed May 6 02:36:23 2026] GET /allocations/3c152771-fb67-4c57-a752-b2da38f9af2f => generated 19 bytes in 10 msecs (HTTP/1.1 200) 8 headers in 295 bytes (1 switches on core 0)
2026-05-06 02:36:23.249 8 INFO placement.requestlog [req-92ba9d97-c0c2-4994-914c-cd99b44585d9 req-e2e1c16f-1c57-4a12-a971-80007253448b 09f2e88e73404436ae41bc91c760e951 b75f39fd13c74718b59001b628724af4 - - 3f7732758ea647dd8b63ea62d15f90d9 3f7732758ea647dd8b63ea62d15f90d9] 10.0.0.20 "PUT /allocations/3c152771-fb67-4c57-a752-b2da38f9af2f" status: 204 len: 0 microversion: 1.36 [pid: 8|app: 0|req: 563/1130] 10.0.0.20 () {38 vars in 912 bytes} [Wed May 6 02:36:23 2026] PUT /allocations/3c152771-fb67-4c57-a752-b2da38f9af2f => generated 0 bytes in 48 msecs (HTTP/1.1 204) 5 headers in 199 bytes (1 switches on core 0)
2026-05-06 02:36:24.754 7 INFO placement.requestlog [req-92ba9d97-c0c2-4994-914c-cd99b44585d9 req-c2e84dfa-3b6f-4159-8d22-24f7a3849f6b 09f2e88e73404436ae41bc91c760e951 b75f39fd13c74718b59001b628724af4 - - 3f7732758ea647dd8b63ea62d15f90d9 3f7732758ea647dd8b63ea62d15f90d9] 199.19.213.236 "GET /allocations/3c152771-fb67-4c57-a752-b2da38f9af2f" status: 200 len: 258 microversion: 1.28 [pid: 7|app: 0|req: 568/1131] 199.19.213.236 () {34 vars in 862 bytes} [Wed May 6 02:36:24 2026] GET /allocations/3c152771-fb67-4c57-a752-b2da38f9af2f => generated 258 bytes in 12 msecs (HTTP/1.1 200) 8 headers in 296 bytes (1 switches on core 0)
2026-05-06 02:36:25.795 8 INFO placement.requestlog [req-92ba9d97-c0c2-4994-914c-cd99b44585d9 req-57b3d909-9bac-43bd-bfb0-512aaed17e6c 09f2e88e73404436ae41bc91c760e951 b75f39fd13c74718b59001b628724af4 - - 3f7732758ea647dd8b63ea62d15f90d9 3f7732758ea647dd8b63ea62d15f90d9] 199.19.213.236 "GET /resource_providers/0ccc9cb9-337e-4de1-9efa-6ae8654306aa/allocations" status: 200 len: 253 microversion: 1.0 [pid: 8|app: 0|req: 564/1132] 199.19.213.236 () {32 vars in 856 bytes} [Wed May 6 02:36:25 2026] GET /resource_providers/0ccc9cb9-337e-4de1-9efa-6ae8654306aa/allocations => generated 253 bytes in 19 msecs (HTTP/1.1 200) 6 headers in 224 bytes (1 switches on core 0)
2026-05-06 02:36:25.816 7 INFO placement.requestlog [req-92ba9d97-c0c2-4994-914c-cd99b44585d9 req-e8f46082-eca9-448e-8df2-18d55c2e426b 09f2e88e73404436ae41bc91c760e951 b75f39fd13c74718b59001b628724af4 - - 3f7732758ea647dd8b63ea62d15f90d9 3f7732758ea647dd8b63ea62d15f90d9] 199.19.213.236 "GET /allocations/3c152771-fb67-4c57-a752-b2da38f9af2f" status: 200 len: 258 microversion: 1.28 [pid: 7|app: 0|req: 569/1133] 199.19.213.236 () {34 vars in 862 bytes} [Wed May 6 02:36:25 2026] GET /allocations/3c152771-fb67-4c57-a752-b2da38f9af2f => generated 258 bytes in 14 msecs (HTTP/1.1 200) 8 headers in 296 bytes (1 switches on core 0)
2026-05-06 02:36:25.835 8 INFO placement.requestlog [req-92ba9d97-c0c2-4994-914c-cd99b44585d9 req-4c716538-2664-4a5c-a25c-11594135edcc 09f2e88e73404436ae41bc91c760e951 b75f39fd13c74718b59001b628724af4 - - 3f7732758ea647dd8b63ea62d15f90d9 3f7732758ea647dd8b63ea62d15f90d9] 199.19.213.236 "GET /allocations/809f9669-1ba5-4c9c-b39f-dcf77df0d5ea" status: 200 len: 258 microversion: 1.28 [pid: 8|app: 0|req: 565/1134] 199.19.213.236 () {34 vars in 862 bytes} [Wed May 6 02:36:25 2026] GET /allocations/809f9669-1ba5-4c9c-b39f-dcf77df0d5ea => generated 258 bytes in 16 msecs (HTTP/1.1 200) 8 headers in 296 bytes (1 switches on core 0)
2026-05-06 02:36:26.676 8 INFO placement.requestlog [None req-63a4a739-ea8a-4439-9016-1d69721213f4 - - - - - -] 10.0.0.46 "GET /" status: 200 len: 136 microversion: 1.0
2026-05-06 02:36:26.676 7 INFO placement.requestlog [None req-40e23b6f-6a7b-4793-a685-6fd14268f5a9 - - - - - -] 10.0.0.46 "GET /" status: 200 len: 136 microversion: 1.0
2026-05-06 02:36:36.677 7 INFO placement.requestlog [None req-337d746d-8aa8-4224-9b02-4e19784a1424 - - - - - -] 10.0.0.46 "GET /" status: 200 len: 136 microversion: 1.0
2026-05-06 02:36:36.677 8 INFO placement.requestlog [None req-7a3ec8a6-468b-4378-bbf8-4abed353848b - - - - - -] 10.0.0.46 "GET /" status: 200 len: 136 microversion: 1.0
2026-05-06 02:36:46.675 7 INFO placement.requestlog [None req-3d83d892-f781-4179-9fb4-cc50a0327b84 - - - - - -] 10.0.0.46 "GET /" status: 200 len: 136 microversion: 1.0
2026-05-06 02:36:46.676 8 INFO placement.requestlog [None req-913a223a-8adc-483e-bba8-f36e8fa10f00 - - - - - -] 10.0.0.46 "GET /" status: 200 len: 136 microversion: 1.0
2026-05-06 02:36:56.677 8 INFO placement.requestlog [None req-52671c2d-3ecc-4789-9ff7-ee8a6082d0b3 - - - - - -] 10.0.0.46 "GET /" status: 200 len: 136 microversion: 1.0
2026-05-06 02:36:56.677 7 INFO placement.requestlog [None req-885cdac4-a701-4188-a1db-4328b87e630d - - - - - -] 10.0.0.46 "GET /" status: 200 len: 136 microversion: 1.0
2026-05-06 02:37:00.688 7 INFO placement.requestlog [req-bf644cb6-63e3-4735-a071-12cfcf322296 req-f6148300-6b9a-4538-ae10-addb3da4502b 09f2e88e73404436ae41bc91c760e951 b75f39fd13c74718b59001b628724af4 - - 3f7732758ea647dd8b63ea62d15f90d9 3f7732758ea647dd8b63ea62d15f90d9] 199.19.213.236 "GET /resource_providers/0ccc9cb9-337e-4de1-9efa-6ae8654306aa/allocations" status: 200 len: 253 microversion: 1.0 [pid: 7|app: 0|req: 574/1143] 199.19.213.236 () {32 vars in 856 bytes} [Wed May 6 02:37:00 2026] GET /resource_providers/0ccc9cb9-337e-4de1-9efa-6ae8654306aa/allocations => generated 253 bytes in 17 msecs (HTTP/1.1 200) 6 headers in 224 bytes (1 switches on core 0)
2026-05-06 02:37:00.706 8 INFO placement.requestlog [req-bf644cb6-63e3-4735-a071-12cfcf322296 req-f48a15de-6702-4959-94f1-28e24445bfb6 09f2e88e73404436ae41bc91c760e951 b75f39fd13c74718b59001b628724af4 - - 3f7732758ea647dd8b63ea62d15f90d9 3f7732758ea647dd8b63ea62d15f90d9] 199.19.213.236 "GET /allocations/3c152771-fb67-4c57-a752-b2da38f9af2f" status: 200 len: 258 microversion: 1.28 [pid: 8|app: 0|req: 570/1144] 199.19.213.236 () {34 vars in 862 bytes} [Wed May 6 02:37:00 2026] GET /allocations/3c152771-fb67-4c57-a752-b2da38f9af2f => generated 258 bytes in 11 msecs (HTTP/1.1 200) 8 headers in 296 bytes (1 switches on core 0)
2026-05-06 02:37:00.726 7 INFO placement.requestlog [req-bf644cb6-63e3-4735-a071-12cfcf322296 req-dd780bb2-46d6-4d59-8f9c-fd9df925b935 09f2e88e73404436ae41bc91c760e951 b75f39fd13c74718b59001b628724af4 - - 3f7732758ea647dd8b63ea62d15f90d9 3f7732758ea647dd8b63ea62d15f90d9] 199.19.213.236 "GET /allocations/809f9669-1ba5-4c9c-b39f-dcf77df0d5ea" status: 200 len: 258 microversion: 1.28 [pid: 7|app: 0|req: 575/1145] 199.19.213.236 () {34 vars in 862 bytes} [Wed May 6 02:37:00 2026] GET /allocations/809f9669-1ba5-4c9c-b39f-dcf77df0d5ea => generated 258 bytes in 13 msecs (HTTP/1.1 200) 8 headers in 296 bytes (1 switches on core 0)
2026-05-06 02:37:01.776 8 INFO placement.requestlog [req-bf644cb6-63e3-4735-a071-12cfcf322296 req-6feff07e-bf57-4db7-bc45-89d8897c1ead 09f2e88e73404436ae41bc91c760e951 b75f39fd13c74718b59001b628724af4 - - 3f7732758ea647dd8b63ea62d15f90d9 3f7732758ea647dd8b63ea62d15f90d9] 199.19.213.236 "DELETE /allocations/3c152771-fb67-4c57-a752-b2da38f9af2f" status: 204 len: 0 microversion: 1.0 [pid: 8|app: 0|req: 571/1146] 199.19.213.236 () {34 vars in 840 bytes} [Wed May 6 02:37:01 2026] DELETE /allocations/3c152771-fb67-4c57-a752-b2da38f9af2f => generated 0 bytes in 26 msecs (HTTP/1.1 204) 5 headers in 198 bytes (1 switches on core 0)
2026-05-06 02:37:06.675 7 INFO placement.requestlog [None req-b563daea-47d7-49a4-b3f8-6f3017340311 - - - - - -] 10.0.0.46 "GET /" status: 200 len: 136 microversion: 1.0
2026-05-06 02:37:06.676 8 INFO placement.requestlog [None req-eb4c8f56-b71b-453c-9407-441fbc75482c - - - - - -] 10.0.0.46 "GET /" status: 200 len: 136 microversion: 1.0
2026-05-06 02:37:07.091 7 INFO placement.requestlog [req-41c5c972-8406-4679-bc8c-fc8b073d1994 req-32f0717a-dafb-491a-90c2-dfb4624a48b0 09f2e88e73404436ae41bc91c760e951 b75f39fd13c74718b59001b628724af4 - - 3f7732758ea647dd8b63ea62d15f90d9 3f7732758ea647dd8b63ea62d15f90d9] 199.19.213.236 "GET /resource_providers/0ccc9cb9-337e-4de1-9efa-6ae8654306aa/allocations" status: 200 len: 153 microversion: 1.0 [pid: 7|app: 0|req: 577/1149] 199.19.213.236 () {32 vars in 856 bytes} [Wed May 6 02:37:07 2026] GET /resource_providers/0ccc9cb9-337e-4de1-9efa-6ae8654306aa/allocations => generated 153 bytes in 18 msecs (HTTP/1.1 200) 6 headers in 224 bytes (1 switches on core 0)
2026-05-06 02:37:07.117 8 INFO placement.requestlog [req-41c5c972-8406-4679-bc8c-fc8b073d1994 req-4487a766-d0ee-4f8e-9a22-6733b5925c19 09f2e88e73404436ae41bc91c760e951 b75f39fd13c74718b59001b628724af4 - - 3f7732758ea647dd8b63ea62d15f90d9 3f7732758ea647dd8b63ea62d15f90d9] 199.19.213.236 "GET /resource_providers/0ccc9cb9-337e-4de1-9efa-6ae8654306aa/allocations" status: 200 len: 153 microversion: 1.0 [pid: 8|app: 0|req: 573/1150] 199.19.213.236 () {32 vars in 856 bytes} [Wed May 6 02:37:07 2026] GET /resource_providers/0ccc9cb9-337e-4de1-9efa-6ae8654306aa/allocations => generated 153 bytes in 20 msecs (HTTP/1.1 200) 6 headers in 224 bytes (1 switches on core 0)
2026-05-06 02:37:07.135 7 INFO placement.requestlog [req-41c5c972-8406-4679-bc8c-fc8b073d1994 req-fee30d73-4c87-4e03-8f15-907032c8d3f7 09f2e88e73404436ae41bc91c760e951 b75f39fd13c74718b59001b628724af4 - - 3f7732758ea647dd8b63ea62d15f90d9 3f7732758ea647dd8b63ea62d15f90d9] 199.19.213.236 "GET /allocations/809f9669-1ba5-4c9c-b39f-dcf77df0d5ea" status: 200 len: 258 microversion: 1.28 [pid: 7|app: 0|req: 578/1151] 199.19.213.236 () {34 vars in 862 bytes} [Wed May 6 02:37:07 2026] GET /allocations/809f9669-1ba5-4c9c-b39f-dcf77df0d5ea => generated 258 bytes in 11 msecs (HTTP/1.1 200) 8 headers in 296 bytes (1 switches on core 0)
2026-05-06 02:37:08.187 8 INFO placement.requestlog [req-d884a03a-b958-40f0-8cd0-31e91b3a7415 req-12227b8a-9e47-4abb-b2fd-fa088f6ed744 09f2e88e73404436ae41bc91c760e951 b75f39fd13c74718b59001b628724af4 - - 3f7732758ea647dd8b63ea62d15f90d9 3f7732758ea647dd8b63ea62d15f90d9] 199.19.213.236 "GET /resource_providers/0ccc9cb9-337e-4de1-9efa-6ae8654306aa/allocations" status: 200 len: 153 microversion: 1.0 [pid: 8|app: 0|req: 574/1152] 199.19.213.236 () {32 vars in 856 bytes} [Wed May 6 02:37:08 2026] GET /resource_providers/0ccc9cb9-337e-4de1-9efa-6ae8654306aa/allocations => generated 153 bytes in 17 msecs (HTTP/1.1 200) 6 headers in 224 bytes (1 switches on core 0)
2026-05-06 02:37:08.206 7 INFO placement.requestlog [req-d884a03a-b958-40f0-8cd0-31e91b3a7415 req-cc63434a-a291-434c-afce-27f9876875ea 09f2e88e73404436ae41bc91c760e951 b75f39fd13c74718b59001b628724af4 - - 3f7732758ea647dd8b63ea62d15f90d9 3f7732758ea647dd8b63ea62d15f90d9] 199.19.213.236 "GET /allocations/809f9669-1ba5-4c9c-b39f-dcf77df0d5ea" status: 200 len: 258 microversion: 1.28 [pid: 7|app: 0|req: 579/1153] 199.19.213.236 () {34 vars in 862 bytes} [Wed May 6 02:37:08 2026] GET /allocations/809f9669-1ba5-4c9c-b39f-dcf77df0d5ea => generated 258 bytes in 11 msecs (HTTP/1.1 200) 8 headers in 296 bytes (1 switches on core 0)
2026-05-06 02:37:09.256 8 INFO placement.requestlog [req-d884a03a-b958-40f0-8cd0-31e91b3a7415 req-7e73e1ba-b30e-4534-a878-a39f26e8b9a8 09f2e88e73404436ae41bc91c760e951 b75f39fd13c74718b59001b628724af4 - - 3f7732758ea647dd8b63ea62d15f90d9 3f7732758ea647dd8b63ea62d15f90d9] 199.19.213.236 "DELETE /allocations/809f9669-1ba5-4c9c-b39f-dcf77df0d5ea" status: 204 len: 0 microversion: 1.0 [pid: 8|app: 0|req: 575/1154] 199.19.213.236 () {34 vars in 840 bytes} [Wed May 6 02:37:09 2026] DELETE /allocations/809f9669-1ba5-4c9c-b39f-dcf77df0d5ea => generated 0 bytes in 27 msecs (HTTP/1.1 204) 5 headers in 198 bytes (1 switches on core 0)
2026-05-06 02:37:12.689 8 INFO placement.requestlog [None req-40fe9d19-76e6-4a17-a4ce-38d219e730b0 8b026399162d45a9975eb327b1b482c7 b75f39fd13c74718b59001b628724af4 - - 3f7732758ea647dd8b63ea62d15f90d9 3f7732758ea647dd8b63ea62d15f90d9] 10.0.0.36 "GET /resource_providers/4ae717bd-0da0-4bf1-8d08-28680463405e/aggregates" status: 404 len: 235 microversion: 1.1 [pid: 8|app: 0|req: 576/1155] 10.0.0.36 () {32 vars in 814 bytes} [Wed May 6 02:37:12 2026] GET /resource_providers/4ae717bd-0da0-4bf1-8d08-28680463405e/aggregates => generated 235 bytes in 112 msecs (HTTP/1.1 404) 5 headers in 202 bytes (1 switches on core 0)
2026-05-06 02:37:12.693 7 INFO placement.requestlog [None req-2baa34df-7a1f-4271-bf29-c93fbde08bee 8b026399162d45a9975eb327b1b482c7 b75f39fd13c74718b59001b628724af4 - - 3f7732758ea647dd8b63ea62d15f90d9 3f7732758ea647dd8b63ea62d15f90d9] 10.0.0.36 "GET /resource_providers/4ae717bd-0da0-4bf1-8d08-28680463405e/aggregates" status: 404 len: 235 microversion: 1.1 [pid: 7|app: 0|req: 580/1156] 10.0.0.36 () {32 vars in 814 bytes} [Wed May 6 02:37:12 2026] GET /resource_providers/4ae717bd-0da0-4bf1-8d08-28680463405e/aggregates => generated 235 bytes in 119 msecs (HTTP/1.1 404) 5 headers in 202 bytes (1 switches on core 0)
2026-05-06 02:37:12.707 7 INFO placement.requestlog [None req-d1fcfdbc-9042-4960-ba6a-7ed5f8d82749 8b026399162d45a9975eb327b1b482c7 b75f39fd13c74718b59001b628724af4 - - 3f7732758ea647dd8b63ea62d15f90d9 3f7732758ea647dd8b63ea62d15f90d9] 10.0.0.36 "DELETE /resource_providers/4ae717bd-0da0-4bf1-8d08-28680463405e" status: 404 len: 246 microversion: 1.1 [pid: 7|app: 0|req: 581/1157] 10.0.0.36 () {34 vars in 814 bytes} [Wed May 6 02:37:12 2026] DELETE /resource_providers/4ae717bd-0da0-4bf1-8d08-28680463405e => generated 246 bytes in 7 msecs (HTTP/1.1 404) 6 headers in 231 bytes (1 switches on core 0)
2026-05-06 02:37:12.712 8 INFO placement.requestlog [None req-1cae211e-edd1-40a6-896d-33e206717382 8b026399162d45a9975eb327b1b482c7 b75f39fd13c74718b59001b628724af4 - - 3f7732758ea647dd8b63ea62d15f90d9 3f7732758ea647dd8b63ea62d15f90d9] 10.0.0.36 "DELETE /resource_providers/4ae717bd-0da0-4bf1-8d08-28680463405e" status: 404 len: 246 microversion: 1.1 [pid: 8|app: 0|req: 577/1158] 10.0.0.36 () {34 vars in 814 bytes} [Wed May 6 02:37:12 2026] DELETE /resource_providers/4ae717bd-0da0-4bf1-8d08-28680463405e => generated 246 bytes in 12 msecs (HTTP/1.1 404) 6 headers in 231 bytes (1 switches on core 0)
2026-05-06 02:37:12.886 7 INFO placement.requestlog [None req-68e138a0-b7be-4840-8c20-d73169b52da1 8b026399162d45a9975eb327b1b482c7 b75f39fd13c74718b59001b628724af4 - - 3f7732758ea647dd8b63ea62d15f90d9 3f7732758ea647dd8b63ea62d15f90d9] 10.0.0.36 "GET /resource_providers/cc17fe29-c20f-456a-accf-b7242654c521/aggregates" status: 404 len: 235 microversion: 1.1 [pid: 7|app: 0|req: 582/1159] 10.0.0.36 () {32 vars in 814 bytes} [Wed May 6 02:37:12 2026] GET /resource_providers/cc17fe29-c20f-456a-accf-b7242654c521/aggregates => generated 235 bytes in 52 msecs (HTTP/1.1 404) 5 headers in 202 bytes (1 switches on core 0)
2026-05-06 02:37:12.889 8 INFO placement.requestlog [None req-25569302-55a7-440f-973b-50085f92feb6 8b026399162d45a9975eb327b1b482c7 b75f39fd13c74718b59001b628724af4 - - 3f7732758ea647dd8b63ea62d15f90d9 3f7732758ea647dd8b63ea62d15f90d9] 10.0.0.36 "GET /resource_providers/cc17fe29-c20f-456a-accf-b7242654c521/aggregates" status: 404 len: 235 microversion: 1.1 [pid: 8|app: 0|req: 578/1160] 10.0.0.36 () {32 vars in 814 bytes} [Wed May 6 02:37:12 2026] GET /resource_providers/cc17fe29-c20f-456a-accf-b7242654c521/aggregates => generated 235 bytes in 47 msecs (HTTP/1.1 404) 5 headers in 202 bytes (1 switches on core 0)
2026-05-06 02:37:12.903 7 INFO placement.requestlog [None req-0fe24d88-8cef-4be6-9155-16a185cee91e 8b026399162d45a9975eb327b1b482c7 b75f39fd13c74718b59001b628724af4 - - 3f7732758ea647dd8b63ea62d15f90d9 3f7732758ea647dd8b63ea62d15f90d9] 10.0.0.36 "DELETE /resource_providers/cc17fe29-c20f-456a-accf-b7242654c521" status: 404 len: 246 microversion: 1.1 [pid: 7|app: 0|req: 583/1161] 10.0.0.36 () {34 vars in 814 bytes} [Wed May 6 02:37:12 2026] DELETE /resource_providers/cc17fe29-c20f-456a-accf-b7242654c521 => generated 246 bytes in 6 msecs (HTTP/1.1 404) 6 headers in 231 bytes (1 switches on core 0)
2026-05-06 02:37:12.905 8 INFO placement.requestlog [None req-c03cb258-116b-4728-95b1-262b6e5654bf 8b026399162d45a9975eb327b1b482c7 b75f39fd13c74718b59001b628724af4 - - 3f7732758ea647dd8b63ea62d15f90d9 3f7732758ea647dd8b63ea62d15f90d9] 10.0.0.36 "DELETE /resource_providers/cc17fe29-c20f-456a-accf-b7242654c521" status: 404 len: 246 microversion: 1.1 [pid: 8|app: 0|req: 579/1162] 10.0.0.36 () {34 vars in 814 bytes} [Wed May 6 02:37:12 2026] DELETE /resource_providers/cc17fe29-c20f-456a-accf-b7242654c521 => generated 246 bytes in 7 msecs (HTTP/1.1 404) 6 headers in 231 bytes (1 switches on core 0)
2026-05-06 02:37:16.676 8 INFO placement.requestlog [None req-18122fd9-580e-42c3-a765-b2704dc9a3d3 - - - - - -] 10.0.0.46 "GET /" status: 200 len: 136 microversion: 1.0
2026-05-06 02:37:16.676 7 INFO placement.requestlog [None req-453b2d22-0c9d-4338-90c3-8ff1fb8fe9cd - - - - - -] 10.0.0.46 "GET /" status: 200 len: 136 microversion: 1.0
2026-05-06 02:37:26.676 7 INFO placement.requestlog [None req-2d2c5ec1-a654-45ad-8cee-066d8336681b - - - - - -] 10.0.0.46 "GET /" status: 200 len: 136 microversion: 1.0
2026-05-06 02:37:26.676 8 INFO placement.requestlog [None req-5888b6a9-ce7f-4e15-b6ee-4856a1615c1e - - - - - -] 10.0.0.46 "GET /" status: 200 len: 136 microversion: 1.0
2026-05-06 02:37:28.483 8 INFO placement.requestlog [req-3d161868-7689-4456-a2b8-bece8ff1b949 req-62d0072b-6b93-464e-bead-a3a9e63937e0 09f2e88e73404436ae41bc91c760e951 b75f39fd13c74718b59001b628724af4 - - 3f7732758ea647dd8b63ea62d15f90d9 3f7732758ea647dd8b63ea62d15f90d9] 10.0.0.20 "GET /allocation_candidates?limit=1000&resources=DISK_GB%3A1%2CMEMORY_MB%3A512%2CVCPU%3A1&root_required=%21COMPUTE_STATUS_DISABLED" status: 200 len: 2640 microversion: 1.36 [pid: 8|app: 0|req: 582/1167] 10.0.0.20 () {34 vars in 1010 bytes} [Wed May 6 02:37:28 2026] GET /allocation_candidates?limit=1000&resources=DISK_GB%3A1%2CMEMORY_MB%3A512%2CVCPU%3A1&root_required=%21COMPUTE_STATUS_DISABLED => generated 2640 bytes in 189 msecs (HTTP/1.1 200) 8 headers in 297 bytes (1 switches on core 0)
2026-05-06 02:37:28.524 7 INFO placement.requestlog [req-3d161868-7689-4456-a2b8-bece8ff1b949 req-1f972772-7398-42c2-a754-48eb9760d46c 09f2e88e73404436ae41bc91c760e951 b75f39fd13c74718b59001b628724af4 - - 3f7732758ea647dd8b63ea62d15f90d9 3f7732758ea647dd8b63ea62d15f90d9] 10.0.0.20 "GET /allocations/bd4da1e6-3c7f-459c-ac4b-506524c37fd5" status: 200 len: 19 microversion: 1.28 [pid: 7|app: 0|req: 586/1168] 10.0.0.20 () {34 vars in 859 bytes} [Wed May 6 02:37:28 2026] GET /allocations/bd4da1e6-3c7f-459c-ac4b-506524c37fd5 => generated 19 bytes in 13 msecs (HTTP/1.1 200) 8 headers in 295 bytes (1 switches on core 0)
2026-05-06 02:37:28.590 8 INFO placement.requestlog [req-3d161868-7689-4456-a2b8-bece8ff1b949 req-4fdc3bde-e3d5-4f93-b07a-a2de8035c458 09f2e88e73404436ae41bc91c760e951 b75f39fd13c74718b59001b628724af4 - - 3f7732758ea647dd8b63ea62d15f90d9 3f7732758ea647dd8b63ea62d15f90d9] 10.0.0.20 "PUT /allocations/bd4da1e6-3c7f-459c-ac4b-506524c37fd5" status: 204 len: 0 microversion: 1.36 [pid: 8|app: 0|req: 583/1169] 10.0.0.20 () {38 vars in 912 bytes} [Wed May 6 02:37:28 2026] PUT /allocations/bd4da1e6-3c7f-459c-ac4b-506524c37fd5 => generated 0 bytes in 59 msecs (HTTP/1.1 204) 5 headers in 199 bytes (1 switches on core 0)
2026-05-06 02:37:29.984 7 INFO placement.requestlog [req-3d161868-7689-4456-a2b8-bece8ff1b949 req-558178a1-03be-4abb-8e75-1b366739e07f 09f2e88e73404436ae41bc91c760e951 b75f39fd13c74718b59001b628724af4 - - 3f7732758ea647dd8b63ea62d15f90d9 3f7732758ea647dd8b63ea62d15f90d9] 199.19.213.236 "GET /allocations/bd4da1e6-3c7f-459c-ac4b-506524c37fd5" status: 200 len: 258 microversion: 1.28 [pid: 7|app: 0|req: 587/1170] 199.19.213.236 () {34 vars in 862 bytes} [Wed May 6 02:37:29 2026] GET /allocations/bd4da1e6-3c7f-459c-ac4b-506524c37fd5 => generated 258 bytes in 16 msecs (HTTP/1.1 200) 8 headers in 296 bytes (1 switches on core 0)
2026-05-06 02:37:31.041 8 INFO placement.requestlog [req-3d161868-7689-4456-a2b8-bece8ff1b949 req-7a10abf7-2df2-49d4-a4ab-8021e217ad13 09f2e88e73404436ae41bc91c760e951 b75f39fd13c74718b59001b628724af4 - - 3f7732758ea647dd8b63ea62d15f90d9 3f7732758ea647dd8b63ea62d15f90d9] 199.19.213.236 "GET /resource_providers/0ccc9cb9-337e-4de1-9efa-6ae8654306aa/allocations" status: 200 len: 153 microversion: 1.0 [pid: 8|app: 0|req: 584/1171] 199.19.213.236 () {32 vars in 856 bytes} [Wed May 6 02:37:31 2026] GET /resource_providers/0ccc9cb9-337e-4de1-9efa-6ae8654306aa/allocations => generated 153 bytes in 15 msecs (HTTP/1.1 200) 6 headers in 224 bytes (1 switches on core 0)
2026-05-06 02:37:31.054 7 INFO placement.requestlog [req-3d161868-7689-4456-a2b8-bece8ff1b949 req-f8d1be9b-40b4-4ef8-8be3-1153ee648437 09f2e88e73404436ae41bc91c760e951 b75f39fd13c74718b59001b628724af4 - - 3f7732758ea647dd8b63ea62d15f90d9 3f7732758ea647dd8b63ea62d15f90d9] 199.19.213.236 "GET /allocations/bd4da1e6-3c7f-459c-ac4b-506524c37fd5" status: 200 len: 258 microversion: 1.28 [pid: 7|app: 0|req: 588/1172] 199.19.213.236 () {34 vars in 862 bytes} [Wed May 6 02:37:31 2026] GET /allocations/bd4da1e6-3c7f-459c-ac4b-506524c37fd5 => generated 258 bytes in 8 msecs (HTTP/1.1 200) 8 headers in 296 bytes (1 switches on core 0)
2026-05-06 02:37:36.676 7 INFO placement.requestlog [None req-f8a4f614-9b12-4686-ba65-0104d9a98aa4 - - - - - -] 10.0.0.46 "GET /" status: 200 len: 136 microversion: 1.0
2026-05-06 02:37:36.676 8 INFO placement.requestlog [None req-f8f400dd-1c25-41ef-8609-af00b6d6e141 - - - - - -] 10.0.0.46 "GET /" status: 200 len: 136 microversion: 1.0
2026-05-06 02:37:46.676 7 INFO placement.requestlog [None req-6728f40c-6b99-4fec-b988-5835dd4f526f - - - - - -] 10.0.0.46 "GET /" status: 200 len: 136 microversion: 1.0
2026-05-06 02:37:46.676 8 INFO placement.requestlog [None req-7ecac68e-c851-4829-8f43-a5e64b061031 - - - - - -] 10.0.0.46 "GET /" status: 200 len: 136 microversion: 1.0
2026-05-06 02:37:56.676 7 INFO placement.requestlog [None req-98784d8c-d4e2-4cc9-8019-a30c6436e68a - - - - - -] 10.0.0.46 "GET /" status: 200 len: 136 microversion: 1.0
2026-05-06 02:37:56.676 8 INFO placement.requestlog [None req-208a4c53-1e60-444a-8ba0-b9e5cda6bdc3 - - - - - -] 10.0.0.46 "GET /" status: 200 len: 136 microversion: 1.0
2026-05-06 02:38:06.675 8 INFO placement.requestlog [None req-ee6e597c-9fd6-47f2-b1ea-b4735fd74059 - - - - - -] 10.0.0.46 "GET /" status: 200 len: 136 microversion: 1.0
2026-05-06 02:38:06.675 7 INFO placement.requestlog [None req-d7b600d9-f263-4359-b2e6-99ed6e125487 - - - - - -] 10.0.0.46 "GET /" status: 200 len: 136 microversion: 1.0
2026-05-06 02:38:07.177 8 INFO placement.requestlog [req-418ada4e-8c25-43ee-b131-fde110d1cfa7 req-a330130b-f3fc-4d7d-b5f7-7008a7c27c75 09f2e88e73404436ae41bc91c760e951 b75f39fd13c74718b59001b628724af4 - - 3f7732758ea647dd8b63ea62d15f90d9 3f7732758ea647dd8b63ea62d15f90d9] 199.19.213.236 "GET /resource_providers/0ccc9cb9-337e-4de1-9efa-6ae8654306aa/allocations" status: 200 len: 153 microversion: 1.0 [pid: 8|app: 0|req: 589/1181] 199.19.213.236 () {32 vars in 856 bytes} [Wed May 6 02:38:07 2026] GET /resource_providers/0ccc9cb9-337e-4de1-9efa-6ae8654306aa/allocations => generated 153 bytes in 24 msecs (HTTP/1.1 200) 6 headers in 224 bytes (1 switches on core 0)
2026-05-06 02:38:07.197 7 INFO placement.requestlog [req-418ada4e-8c25-43ee-b131-fde110d1cfa7 req-36f3d9db-71c9-4104-9b99-9992bb6173bc 09f2e88e73404436ae41bc91c760e951 b75f39fd13c74718b59001b628724af4 - - 3f7732758ea647dd8b63ea62d15f90d9 3f7732758ea647dd8b63ea62d15f90d9] 199.19.213.236 "GET /resource_providers/0ccc9cb9-337e-4de1-9efa-6ae8654306aa/allocations" status: 200 len: 153 microversion: 1.0 [pid: 7|app: 0|req: 593/1182] 199.19.213.236 () {32 vars in 856 bytes} [Wed May 6 02:38:07 2026] GET /resource_providers/0ccc9cb9-337e-4de1-9efa-6ae8654306aa/allocations => generated 153 bytes in 12 msecs (HTTP/1.1 200) 6 headers in 224 bytes (1 switches on core 0)
2026-05-06 02:38:07.216 8 INFO placement.requestlog [req-418ada4e-8c25-43ee-b131-fde110d1cfa7 req-b0c61cc3-15f5-42d3-b029-29522a174035 09f2e88e73404436ae41bc91c760e951 b75f39fd13c74718b59001b628724af4 - - 3f7732758ea647dd8b63ea62d15f90d9 3f7732758ea647dd8b63ea62d15f90d9] 199.19.213.236 "GET /allocations/bd4da1e6-3c7f-459c-ac4b-506524c37fd5" status: 200 len: 258 microversion: 1.28 [pid: 8|app: 0|req: 590/1183] 199.19.213.236 () {34 vars in 862 bytes} [Wed May 6 02:38:07 2026] GET /allocations/bd4da1e6-3c7f-459c-ac4b-506524c37fd5 => generated 258 bytes in 13 msecs (HTTP/1.1 200) 8 headers in 296 bytes (1 switches on core 0)
2026-05-06 02:38:08.255 7 INFO placement.requestlog [req-b45bf7d8-9b0e-4489-bf56-0fd7eb0b3413 req-850ad31d-9cf8-4d2d-8dfd-a55c2231a0ef 09f2e88e73404436ae41bc91c760e951 b75f39fd13c74718b59001b628724af4 - - 3f7732758ea647dd8b63ea62d15f90d9 3f7732758ea647dd8b63ea62d15f90d9] 199.19.213.236 "GET /resource_providers/0ccc9cb9-337e-4de1-9efa-6ae8654306aa/allocations" status: 200 len: 153 microversion: 1.0 [pid: 7|app: 0|req: 594/1184] 199.19.213.236 () {32 vars in 856 bytes} [Wed May 6 02:38:08 2026] GET /resource_providers/0ccc9cb9-337e-4de1-9efa-6ae8654306aa/allocations => generated 153 bytes in 15 msecs (HTTP/1.1 200) 6 headers in 224 bytes (1 switches on core 0)
2026-05-06 02:38:08.272 8 INFO placement.requestlog [req-b45bf7d8-9b0e-4489-bf56-0fd7eb0b3413 req-1786f5e2-cd48-402a-b404-84da26d64485 09f2e88e73404436ae41bc91c760e951 b75f39fd13c74718b59001b628724af4 - - 3f7732758ea647dd8b63ea62d15f90d9 3f7732758ea647dd8b63ea62d15f90d9] 199.19.213.236 "GET /allocations/bd4da1e6-3c7f-459c-ac4b-506524c37fd5" status: 200 len: 258 microversion: 1.28 [pid: 8|app: 0|req: 591/1185] 199.19.213.236 () {34 vars in 862 bytes} [Wed May 6 02:38:08 2026] GET /allocations/bd4da1e6-3c7f-459c-ac4b-506524c37fd5 => generated 258 bytes in 14 msecs (HTTP/1.1 200) 8 headers in 296 bytes (1 switches on core 0)
2026-05-06 02:38:09.460 7 INFO placement.requestlog [req-b45bf7d8-9b0e-4489-bf56-0fd7eb0b3413 req-6ef74a0f-b13d-41a9-a157-a7c9eae7cc94 09f2e88e73404436ae41bc91c760e951 b75f39fd13c74718b59001b628724af4 - - 3f7732758ea647dd8b63ea62d15f90d9 3f7732758ea647dd8b63ea62d15f90d9] 199.19.213.236 "DELETE /allocations/bd4da1e6-3c7f-459c-ac4b-506524c37fd5" status: 204 len: 0 microversion: 1.0 [pid: 7|app: 0|req: 595/1186] 199.19.213.236 () {34 vars in 840 bytes} [Wed May 6 02:38:09 2026] DELETE /allocations/bd4da1e6-3c7f-459c-ac4b-506524c37fd5 => generated 0 bytes in 165 msecs (HTTP/1.1 204) 5 headers in 198 bytes (1 switches on core 0)
2026-05-06 02:38:14.291 8 INFO placement.requestlog [None req-3139cf8e-d378-45e5-a7ff-3520d246acfd 8b026399162d45a9975eb327b1b482c7 b75f39fd13c74718b59001b628724af4 - - 3f7732758ea647dd8b63ea62d15f90d9 3f7732758ea647dd8b63ea62d15f90d9] 10.0.0.36 "GET /resource_providers/25cbc4f2-a3ef-4314-9348-ce3c5947814a/aggregates" status: 404 len: 235 microversion: 1.1 [pid: 8|app: 0|req: 592/1187] 10.0.0.36 () {32 vars in 814 bytes} [Wed May 6 02:38:14 2026] GET /resource_providers/25cbc4f2-a3ef-4314-9348-ce3c5947814a/aggregates => generated 235 bytes in 15 msecs (HTTP/1.1 404) 5 headers in 202 bytes (1 switches on core 0)
2026-05-06 02:38:14.294 7 INFO placement.requestlog [None req-08cbb9d0-418a-4b0a-b777-09d4a7141afb 8b026399162d45a9975eb327b1b482c7 b75f39fd13c74718b59001b628724af4 - - 3f7732758ea647dd8b63ea62d15f90d9 3f7732758ea647dd8b63ea62d15f90d9] 10.0.0.36 "GET /resource_providers/25cbc4f2-a3ef-4314-9348-ce3c5947814a/aggregates" status: 404 len: 235 microversion: 1.1 [pid: 7|app: 0|req: 596/1188] 10.0.0.36 () {32 vars in 814 bytes} [Wed May 6 02:38:14 2026] GET /resource_providers/25cbc4f2-a3ef-4314-9348-ce3c5947814a/aggregates => generated 235 bytes in 12 msecs (HTTP/1.1 404) 5 headers in 202 bytes (1 switches on core 0)
2026-05-06 02:38:14.314 8 INFO placement.requestlog [None req-0332ceab-d45b-4d6f-978a-4fdd0ae467b4 8b026399162d45a9975eb327b1b482c7 b75f39fd13c74718b59001b628724af4 - - 3f7732758ea647dd8b63ea62d15f90d9 3f7732758ea647dd8b63ea62d15f90d9] 10.0.0.36 "DELETE /resource_providers/25cbc4f2-a3ef-4314-9348-ce3c5947814a" status: 404 len: 246 microversion: 1.1 [pid: 8|app: 0|req: 593/1189] 10.0.0.36 () {34 vars in 814 bytes} [Wed May 6 02:38:14 2026] DELETE /resource_providers/25cbc4f2-a3ef-4314-9348-ce3c5947814a => generated 246 bytes in 9 msecs (HTTP/1.1 404) 6 headers in 231 bytes (1 switches on core 0)
2026-05-06 02:38:14.350 7 INFO placement.requestlog [None req-62100200-b703-4397-b7c9-8cdb38338715 8b026399162d45a9975eb327b1b482c7 b75f39fd13c74718b59001b628724af4 - - 3f7732758ea647dd8b63ea62d15f90d9 3f7732758ea647dd8b63ea62d15f90d9] 10.0.0.36 "DELETE /resource_providers/25cbc4f2-a3ef-4314-9348-ce3c5947814a" status: 404 len: 246 microversion: 1.1 [pid: 7|app: 0|req: 597/1190] 10.0.0.36 () {34 vars in 814 bytes} [Wed May 6 02:38:14 2026] DELETE /resource_providers/25cbc4f2-a3ef-4314-9348-ce3c5947814a => generated 246 bytes in 42 msecs (HTTP/1.1 404) 6 headers in 231 bytes (1 switches on core 0)
2026-05-06 02:38:16.336 8 INFO placement.requestlog [None req-02e8ca9a-91be-46dd-9644-36048807ffc6 8b026399162d45a9975eb327b1b482c7 b75f39fd13c74718b59001b628724af4 - - 3f7732758ea647dd8b63ea62d15f90d9 3f7732758ea647dd8b63ea62d15f90d9] 10.0.0.36 "GET /resource_providers/1b923c72-8103-4869-8ea8-3c2c9cd73763/aggregates" status: 404 len: 235 microversion: 1.1 [pid: 8|app: 0|req: 594/1191] 10.0.0.36 () {32 vars in 814 bytes} [Wed May 6 02:38:16 2026] GET /resource_providers/1b923c72-8103-4869-8ea8-3c2c9cd73763/aggregates => generated 235 bytes in 11 msecs (HTTP/1.1 404) 5 headers in 202 bytes (1 switches on core 0)
2026-05-06 02:38:16.355 7 INFO placement.requestlog [None req-1bc506d7-4028-4f93-822c-e454e6ef1726 8b026399162d45a9975eb327b1b482c7 b75f39fd13c74718b59001b628724af4 - - 3f7732758ea647dd8b63ea62d15f90d9 3f7732758ea647dd8b63ea62d15f90d9] 10.0.0.36 "DELETE /resource_providers/1b923c72-8103-4869-8ea8-3c2c9cd73763" status: 404 len: 246 microversion: 1.1 [pid: 7|app: 0|req: 598/1192] 10.0.0.36 () {34 vars in 814 bytes} [Wed May 6 02:38:16 2026] DELETE /resource_providers/1b923c72-8103-4869-8ea8-3c2c9cd73763 => generated 246 bytes in 11 msecs (HTTP/1.1 404) 6 headers in 231 bytes (1 switches on core 0)
2026-05-06 02:38:16.371 8 INFO placement.requestlog [None req-3055d936-d08c-4a80-9d30-6b8d367a15c5 8b026399162d45a9975eb327b1b482c7 b75f39fd13c74718b59001b628724af4 - - 3f7732758ea647dd8b63ea62d15f90d9 3f7732758ea647dd8b63ea62d15f90d9] 10.0.0.36 "GET /resource_providers/1b923c72-8103-4869-8ea8-3c2c9cd73763/aggregates" status: 404 len: 235 microversion: 1.1 [pid: 8|app: 0|req: 595/1193] 10.0.0.36 () {32 vars in 814 bytes} [Wed May 6 02:38:16 2026] GET /resource_providers/1b923c72-8103-4869-8ea8-3c2c9cd73763/aggregates => generated 235 bytes in 10 msecs (HTTP/1.1 404) 5 headers in 202 bytes (1 switches on core 0)
2026-05-06 02:38:16.387 7 INFO placement.requestlog [None req-bce88cc6-000d-4657-9dd4-7c7f14095257 8b026399162d45a9975eb327b1b482c7 b75f39fd13c74718b59001b628724af4 - - 3f7732758ea647dd8b63ea62d15f90d9 3f7732758ea647dd8b63ea62d15f90d9] 10.0.0.36 "DELETE /resource_providers/1b923c72-8103-4869-8ea8-3c2c9cd73763" status: 404 len: 246 microversion: 1.1 [pid: 7|app: 0|req: 599/1194] 10.0.0.36 () {34 vars in 814 bytes} [Wed May 6 02:38:16 2026] DELETE /resource_providers/1b923c72-8103-4869-8ea8-3c2c9cd73763 => generated 246 bytes in 10 msecs (HTTP/1.1 404) 6 headers in 231 bytes (1 switches on core 0)
2026-05-06 02:38:16.676 7 INFO placement.requestlog [None req-ec815707-d4e9-44d6-88f1-550645a10337 - - - - - -] 10.0.0.46 "GET /" status: 200 len: 136 microversion: 1.0
2026-05-06 02:38:16.676 8 INFO placement.requestlog [None req-366aac1a-1cf7-4ccd-8df9-0d5e00843543 - - - - - -] 10.0.0.46 "GET /" status: 200 len: 136 microversion: 1.0
2026-05-06 02:38:18.380 7 INFO placement.requestlog [None req-b194bceb-e431-4c59-8a10-967471a3c0c0 8b026399162d45a9975eb327b1b482c7 b75f39fd13c74718b59001b628724af4 - - 3f7732758ea647dd8b63ea62d15f90d9 3f7732758ea647dd8b63ea62d15f90d9] 10.0.0.36 "GET /resource_providers/65f94a9e-2cec-4303-b997-e79a31701ac3/aggregates" status: 404 len: 235 microversion: 1.1 [pid: 7|app: 0|req: 601/1197] 10.0.0.36 () {32 vars in 814 bytes} [Wed May 6 02:38:18 2026] GET /resource_providers/65f94a9e-2cec-4303-b997-e79a31701ac3/aggregates => generated 235 bytes in 11 msecs (HTTP/1.1 404) 5 headers in 202 bytes (1 switches on core 0)
2026-05-06 02:38:18.400 8 INFO placement.requestlog [None req-d6ddafdf-ecf7-458a-aa40-dd5522bc8e73 8b026399162d45a9975eb327b1b482c7 b75f39fd13c74718b59001b628724af4 - - 3f7732758ea647dd8b63ea62d15f90d9 3f7732758ea647dd8b63ea62d15f90d9] 10.0.0.36 "DELETE /resource_providers/65f94a9e-2cec-4303-b997-e79a31701ac3" status: 404 len: 246 microversion: 1.1
2026-05-06 02:38:18.401 7 INFO placement.requestlog [None req-b2edd2e7-c167-4338-b01f-5162e368799f 8b026399162d45a9975eb327b1b482c7 b75f39fd13c74718b59001b628724af4 - - 3f7732758ea647dd8b63ea62d15f90d9 3f7732758ea647dd8b63ea62d15f90d9] 10.0.0.36 "GET /resource_providers/65f94a9e-2cec-4303-b997-e79a31701ac3/aggregates" status: 404 len: 235 microversion: 1.1 [pid: 7|app: 0|req: 602/1198] 10.0.0.36 () {32 vars in 814 bytes} [Wed May 6 02:38:18 2026] GET /resource_providers/65f94a9e-2cec-4303-b997-e79a31701ac3/aggregates => generated 235 bytes in 7 msecs (HTTP/1.1 404) 5 headers in 202 bytes (1 switches on core 0) [pid: 8|app: 0|req: 597/1199] 10.0.0.36 () {34 vars in 814 bytes} [Wed May 6 02:38:18 2026] DELETE /resource_providers/65f94a9e-2cec-4303-b997-e79a31701ac3 => generated 246 bytes in 10 msecs (HTTP/1.1 404) 6 headers in 231 bytes (1 switches on core 0)
2026-05-06 02:38:18.428 7 INFO placement.requestlog [None req-605a8942-879e-4328-9877-50f8d9db277d 8b026399162d45a9975eb327b1b482c7 b75f39fd13c74718b59001b628724af4 - - 3f7732758ea647dd8b63ea62d15f90d9 3f7732758ea647dd8b63ea62d15f90d9] 10.0.0.36 "DELETE /resource_providers/65f94a9e-2cec-4303-b997-e79a31701ac3" status: 404 len: 246 microversion: 1.1 [pid: 7|app: 0|req: 603/1200] 10.0.0.36 () {34 vars in 814 bytes} [Wed May 6 02:38:18 2026] DELETE /resource_providers/65f94a9e-2cec-4303-b997-e79a31701ac3 => generated 246 bytes in 16 msecs (HTTP/1.1 404) 6 headers in 231 bytes (1 switches on core 0)
2026-05-06 02:38:20.419 8 INFO placement.requestlog [None req-3999d779-14de-4b8c-84f0-47b7b059b724 8b026399162d45a9975eb327b1b482c7 b75f39fd13c74718b59001b628724af4 - - 3f7732758ea647dd8b63ea62d15f90d9 3f7732758ea647dd8b63ea62d15f90d9] 10.0.0.36 "GET /resource_providers/5a200079-a67a-4c61-acd1-f2f01101893f/aggregates" status: 404 len: 235 microversion: 1.1 [pid: 8|app: 0|req: 598/1201] 10.0.0.36 () {32 vars in 814 bytes} [Wed May 6 02:38:20 2026] GET /resource_providers/5a200079-a67a-4c61-acd1-f2f01101893f/aggregates => generated 235 bytes in 10 msecs (HTTP/1.1 404) 5 headers in 202 bytes (1 switches on core 0)
2026-05-06 02:38:20.434 7 INFO placement.requestlog [None req-b974d192-e591-4da9-9ff8-1ac063ab42dc 8b026399162d45a9975eb327b1b482c7 b75f39fd13c74718b59001b628724af4 - - 3f7732758ea647dd8b63ea62d15f90d9 3f7732758ea647dd8b63ea62d15f90d9] 10.0.0.36 "DELETE /resource_providers/5a200079-a67a-4c61-acd1-f2f01101893f" status: 404 len: 246 microversion: 1.1 [pid: 7|app: 0|req: 604/1202] 10.0.0.36 () {34 vars in 814 bytes} [Wed May 6 02:38:20 2026] DELETE /resource_providers/5a200079-a67a-4c61-acd1-f2f01101893f => generated 246 bytes in 7 msecs (HTTP/1.1 404) 6 headers in 231 bytes (1 switches on core 0)
2026-05-06 02:38:20.445 8 INFO placement.requestlog [None req-033eea60-d604-4d03-9bdf-f9085543fad0 8b026399162d45a9975eb327b1b482c7 b75f39fd13c74718b59001b628724af4 - - 3f7732758ea647dd8b63ea62d15f90d9 3f7732758ea647dd8b63ea62d15f90d9] 10.0.0.36 "GET /resource_providers/5a200079-a67a-4c61-acd1-f2f01101893f/aggregates" status: 404 len: 235 microversion: 1.1 [pid: 8|app: 0|req: 599/1203] 10.0.0.36 () {32 vars in 814 bytes} [Wed May 6 02:38:20 2026] GET /resource_providers/5a200079-a67a-4c61-acd1-f2f01101893f/aggregates => generated 235 bytes in 8 msecs (HTTP/1.1 404) 5 headers in 202 bytes (1 switches on core 0)
2026-05-06 02:38:20.457 7 INFO placement.requestlog [None req-74313a15-1cae-4143-a56e-5844c0e64400 8b026399162d45a9975eb327b1b482c7 b75f39fd13c74718b59001b628724af4 - - 3f7732758ea647dd8b63ea62d15f90d9 3f7732758ea647dd8b63ea62d15f90d9] 10.0.0.36 "DELETE /resource_providers/5a200079-a67a-4c61-acd1-f2f01101893f" status: 404 len: 246 microversion: 1.1 [pid: 7|app: 0|req: 605/1204] 10.0.0.36 () {34 vars in 814 bytes} [Wed May 6 02:38:20 2026] DELETE /resource_providers/5a200079-a67a-4c61-acd1-f2f01101893f => generated 246 bytes in 7 msecs (HTTP/1.1 404) 6 headers in 231 bytes (1 switches on core 0)
2026-05-06 02:38:26.676 8 INFO placement.requestlog [None req-9d6a187a-4f6d-4d06-b02b-abc971a6b651 - - - - - -] 10.0.0.46 "GET /" status: 200 len: 136 microversion: 1.0
2026-05-06 02:38:26.676 7 INFO placement.requestlog [None req-54ab3a77-b70f-4a1f-b0da-d141f7387044 - - - - - -] 10.0.0.46 "GET /" status: 200 len: 136 microversion: 1.0
2026-05-06 02:38:36.675 8 INFO placement.requestlog [None req-10648ab0-adb6-421e-a946-2e8eee2286f7 - - - - - -] 10.0.0.46 "GET /" status: 200 len: 136 microversion: 1.0
2026-05-06 02:38:36.675 7 INFO placement.requestlog [None req-575f2a81-f573-4515-aadc-2f8c608f5940 - - - - - -] 10.0.0.46 "GET /" status: 200 len: 136 microversion: 1.0
2026-05-06 02:38:46.676 8 INFO placement.requestlog [None req-d8dfabea-3628-40c8-a1aa-86f7a604a797 - - - - - -] 10.0.0.46 "GET /" status: 200 len: 136 microversion: 1.0
2026-05-06 02:38:46.676 7 INFO placement.requestlog [None req-31d43a9d-960d-44f4-bee1-98b422b88628 - - - - - -] 10.0.0.46 "GET /" status: 200 len: 136 microversion: 1.0
2026-05-06 02:38:47.173 8 INFO placement.requestlog [req-81a33f8f-929d-48c9-9808-0dff467fc46b req-d063fad7-ffbf-49dc-b48d-7bd28adffaff 09f2e88e73404436ae41bc91c760e951 b75f39fd13c74718b59001b628724af4 - - 3f7732758ea647dd8b63ea62d15f90d9 3f7732758ea647dd8b63ea62d15f90d9] 10.0.0.20 "GET /allocation_candidates?limit=1000&resources=DISK_GB%3A1%2CMEMORY_MB%3A512%2CVCPU%3A1&root_required=%21COMPUTE_STATUS_DISABLED" status: 200 len: 2640 microversion: 1.36 [pid: 8|app: 0|req: 603/1211] 10.0.0.20 () {34 vars in 1010 bytes} [Wed May 6 02:38:47 2026] GET /allocation_candidates?limit=1000&resources=DISK_GB%3A1%2CMEMORY_MB%3A512%2CVCPU%3A1&root_required=%21COMPUTE_STATUS_DISABLED => generated 2640 bytes in 47 msecs (HTTP/1.1 200) 8 headers in 297 bytes (1 switches on core 0)
2026-05-06 02:38:47.209 7 INFO placement.requestlog [req-81a33f8f-929d-48c9-9808-0dff467fc46b req-fd31a846-0360-4a75-a7e8-6b1025eab345 09f2e88e73404436ae41bc91c760e951 b75f39fd13c74718b59001b628724af4 - - 3f7732758ea647dd8b63ea62d15f90d9 3f7732758ea647dd8b63ea62d15f90d9] 10.0.0.20 "GET /allocations/74a450ad-076c-457b-bd21-9207f8830898" status: 200 len: 19 microversion: 1.28 [pid: 7|app: 0|req: 609/1212] 10.0.0.20 () {34 vars in 859 bytes} [Wed May 6 02:38:47 2026] GET /allocations/74a450ad-076c-457b-bd21-9207f8830898 => generated 19 bytes in 12 msecs (HTTP/1.1 200) 8 headers in 295 bytes (1 switches on core 0)
2026-05-06 02:38:47.289 8 INFO placement.requestlog [req-81a33f8f-929d-48c9-9808-0dff467fc46b req-ca6c63e3-0470-492f-8ba5-9cf2aac8cf84 09f2e88e73404436ae41bc91c760e951 b75f39fd13c74718b59001b628724af4 - - 3f7732758ea647dd8b63ea62d15f90d9 3f7732758ea647dd8b63ea62d15f90d9] 10.0.0.20 "PUT /allocations/74a450ad-076c-457b-bd21-9207f8830898" status: 204 len: 0 microversion: 1.36 [pid: 8|app: 0|req: 604/1213] 10.0.0.20 () {38 vars in 912 bytes} [Wed May 6 02:38:47 2026] PUT /allocations/74a450ad-076c-457b-bd21-9207f8830898 => generated 0 bytes in 72 msecs (HTTP/1.1 204) 5 headers in 199 bytes (1 switches on core 0)
2026-05-06 02:38:48.779 7 INFO placement.requestlog [req-81a33f8f-929d-48c9-9808-0dff467fc46b req-bd95082e-599b-4c39-9fae-f5007624d319 09f2e88e73404436ae41bc91c760e951 b75f39fd13c74718b59001b628724af4 - - 3f7732758ea647dd8b63ea62d15f90d9 3f7732758ea647dd8b63ea62d15f90d9] 199.19.213.236 "GET /allocations/74a450ad-076c-457b-bd21-9207f8830898" status: 200 len: 258 microversion: 1.28 [pid: 7|app: 0|req: 610/1214] 199.19.213.236 () {34 vars in 862 bytes} [Wed May 6 02:38:48 2026] GET /allocations/74a450ad-076c-457b-bd21-9207f8830898 => generated 258 bytes in 12 msecs (HTTP/1.1 200) 8 headers in 296 bytes (1 switches on core 0)
2026-05-06 02:38:49.822 8 INFO placement.requestlog [req-81a33f8f-929d-48c9-9808-0dff467fc46b req-ac30e466-4495-4a27-8639-653ea7a00870 09f2e88e73404436ae41bc91c760e951 b75f39fd13c74718b59001b628724af4 - - 3f7732758ea647dd8b63ea62d15f90d9 3f7732758ea647dd8b63ea62d15f90d9] 199.19.213.236 "GET /resource_providers/0ccc9cb9-337e-4de1-9efa-6ae8654306aa/allocations" status: 200 len: 153 microversion: 1.0 [pid: 8|app: 0|req: 605/1215] 199.19.213.236 () {32 vars in 856 bytes} [Wed May 6 02:38:49 2026] GET /resource_providers/0ccc9cb9-337e-4de1-9efa-6ae8654306aa/allocations => generated 153 bytes in 20 msecs (HTTP/1.1 200) 6 headers in 224 bytes (1 switches on core 0)
2026-05-06 02:38:49.844 7 INFO placement.requestlog [req-81a33f8f-929d-48c9-9808-0dff467fc46b req-e13e7a2d-dd44-4ecd-b0a4-9ed9333ca53d 09f2e88e73404436ae41bc91c760e951 b75f39fd13c74718b59001b628724af4 - - 3f7732758ea647dd8b63ea62d15f90d9 3f7732758ea647dd8b63ea62d15f90d9] 199.19.213.236 "GET /allocations/74a450ad-076c-457b-bd21-9207f8830898" status: 200 len: 258 microversion: 1.28 [pid: 7|app: 0|req: 611/1216] 199.19.213.236 () {34 vars in 862 bytes} [Wed May 6 02:38:49 2026] GET /allocations/74a450ad-076c-457b-bd21-9207f8830898 => generated 258 bytes in 16 msecs (HTTP/1.1 200) 8 headers in 296 bytes (1 switches on core 0)
2026-05-06 02:38:56.675 7 INFO placement.requestlog [None req-eece3390-1187-4847-a1e3-04e5812fbef4 - - - - - -] 10.0.0.46 "GET /" status: 200 len: 136 microversion: 1.0
2026-05-06 02:38:56.675 8 INFO placement.requestlog [None req-657183a4-8d53-45f4-afae-7b594d2087d5 - - - - - -] 10.0.0.46 "GET /" status: 200 len: 136 microversion: 1.0
2026-05-06 02:39:04.505 8 INFO placement.requestlog [req-768fafbc-11bd-4b9a-abf1-09f096888c5e req-56e79fc9-056e-477b-b641-f3030c64834a 09f2e88e73404436ae41bc91c760e951 b75f39fd13c74718b59001b628724af4 - - 3f7732758ea647dd8b63ea62d15f90d9 3f7732758ea647dd8b63ea62d15f90d9] 10.0.0.20 "GET /allocation_candidates?limit=1000&resources=DISK_GB%3A1%2CMEMORY_MB%3A512%2CVCPU%3A1&root_required=%21COMPUTE_STATUS_DISABLED" status: 200 len: 2642 microversion: 1.36 [pid: 8|app: 0|req: 607/1219] 10.0.0.20 () {34 vars in 1010 bytes} [Wed May 6 02:39:04 2026] GET /allocation_candidates?limit=1000&resources=DISK_GB%3A1%2CMEMORY_MB%3A512%2CVCPU%3A1&root_required=%21COMPUTE_STATUS_DISABLED => generated 2642 bytes in 51 msecs (HTTP/1.1 200) 8 headers in 297 bytes (1 switches on core 0)
2026-05-06 02:39:04.533 7 INFO placement.requestlog [req-768fafbc-11bd-4b9a-abf1-09f096888c5e req-03878953-9ee4-42ef-adfa-4c1d053d50c9 09f2e88e73404436ae41bc91c760e951 b75f39fd13c74718b59001b628724af4 - - 3f7732758ea647dd8b63ea62d15f90d9 3f7732758ea647dd8b63ea62d15f90d9] 10.0.0.20 "GET /allocations/ad016044-18aa-4460-94c5-40d9968f663c" status: 200 len: 19 microversion: 1.28 [pid: 7|app: 0|req: 613/1220] 10.0.0.20 () {34 vars in 859 bytes} [Wed May 6 02:39:04 2026] GET /allocations/ad016044-18aa-4460-94c5-40d9968f663c => generated 19 bytes in 8 msecs (HTTP/1.1 200) 8 headers in 295 bytes (1 switches on core 0)
2026-05-06 02:39:04.585 8 INFO placement.requestlog [req-768fafbc-11bd-4b9a-abf1-09f096888c5e req-f4ec18d2-6fd2-4ef8-8551-ddef791a24a6 09f2e88e73404436ae41bc91c760e951 b75f39fd13c74718b59001b628724af4 - - 3f7732758ea647dd8b63ea62d15f90d9 3f7732758ea647dd8b63ea62d15f90d9] 10.0.0.20 "PUT /allocations/ad016044-18aa-4460-94c5-40d9968f663c" status: 204 len: 0 microversion: 1.36 [pid: 8|app: 0|req: 608/1221] 10.0.0.20 () {38 vars in 912 bytes} [Wed May 6 02:39:04 2026] PUT /allocations/ad016044-18aa-4460-94c5-40d9968f663c => generated 0 bytes in 48 msecs (HTTP/1.1 204) 5 headers in 199 bytes (1 switches on core 0)
2026-05-06 02:39:06.105 7 INFO placement.requestlog [req-768fafbc-11bd-4b9a-abf1-09f096888c5e req-1fdbc692-36a3-4ef7-be5d-79e65d9ab976 09f2e88e73404436ae41bc91c760e951 b75f39fd13c74718b59001b628724af4 - - 3f7732758ea647dd8b63ea62d15f90d9 3f7732758ea647dd8b63ea62d15f90d9] 199.19.213.236 "GET /allocations/ad016044-18aa-4460-94c5-40d9968f663c" status: 200 len: 258 microversion: 1.28 [pid: 7|app: 0|req: 614/1222] 199.19.213.236 () {34 vars in 862 bytes} [Wed May 6 02:39:06 2026] GET /allocations/ad016044-18aa-4460-94c5-40d9968f663c => generated 258 bytes in 17 msecs (HTTP/1.1 200) 8 headers in 296 bytes (1 switches on core 0)
2026-05-06 02:39:06.675 7 INFO placement.requestlog [None req-745f47b2-2da7-483b-817d-35e78776428b - - - - - -] 10.0.0.46 "GET /" status: 200 len: 136 microversion: 1.0
2026-05-06 02:39:06.675 8 INFO placement.requestlog [None req-d5a08b3a-e0e1-4a58-9829-64551d1d1671 - - - - - -] 10.0.0.46 "GET /" status: 200 len: 136 microversion: 1.0
2026-05-06 02:39:07.155 7 INFO placement.requestlog [req-768fafbc-11bd-4b9a-abf1-09f096888c5e req-46649ddf-f458-492e-a765-bdce95abe2e9 09f2e88e73404436ae41bc91c760e951 b75f39fd13c74718b59001b628724af4 - - 3f7732758ea647dd8b63ea62d15f90d9 3f7732758ea647dd8b63ea62d15f90d9] 199.19.213.236 "GET /resource_providers/0ccc9cb9-337e-4de1-9efa-6ae8654306aa/allocations" status: 200 len: 253 microversion: 1.0 [pid: 7|app: 0|req: 616/1225] 199.19.213.236 () {32 vars in 856 bytes} [Wed May 6 02:39:07 2026] GET /resource_providers/0ccc9cb9-337e-4de1-9efa-6ae8654306aa/allocations => generated 253 bytes in 24 msecs (HTTP/1.1 200) 6 headers in 224 bytes (1 switches on core 0)
2026-05-06 02:39:07.175 8 INFO placement.requestlog [req-768fafbc-11bd-4b9a-abf1-09f096888c5e req-b4833a06-6d4d-4fbe-ad9e-6b0ab1f1fd92 09f2e88e73404436ae41bc91c760e951 b75f39fd13c74718b59001b628724af4 - - 3f7732758ea647dd8b63ea62d15f90d9 3f7732758ea647dd8b63ea62d15f90d9] 199.19.213.236 "GET /allocations/ad016044-18aa-4460-94c5-40d9968f663c" status: 200 len: 258 microversion: 1.28 [pid: 8|app: 0|req: 610/1226] 199.19.213.236 () {34 vars in 862 bytes} [Wed May 6 02:39:07 2026] GET /allocations/ad016044-18aa-4460-94c5-40d9968f663c => generated 258 bytes in 13 msecs (HTTP/1.1 200) 8 headers in 296 bytes (1 switches on core 0)
2026-05-06 02:39:07.194 7 INFO placement.requestlog [req-768fafbc-11bd-4b9a-abf1-09f096888c5e req-b13320a5-eb2c-44db-b100-61c623ee0f08 09f2e88e73404436ae41bc91c760e951 b75f39fd13c74718b59001b628724af4 - - 3f7732758ea647dd8b63ea62d15f90d9 3f7732758ea647dd8b63ea62d15f90d9] 199.19.213.236 "GET /allocations/74a450ad-076c-457b-bd21-9207f8830898" status: 200 len: 258 microversion: 1.28 [pid: 7|app: 0|req: 617/1227] 199.19.213.236 () {34 vars in 862 bytes} [Wed May 6 02:39:07 2026] GET /allocations/74a450ad-076c-457b-bd21-9207f8830898 => generated 258 bytes in 14 msecs (HTTP/1.1 200) 8 headers in 296 bytes (1 switches on core 0)
