2026-04-23 01:34:37.447 9 INFO neutron.api.wsgi [None req-1447c7f6-e2c4-4567-b995-7c991d7d642b b4c7c959e73c4a96bd4148a439b7d380 cb860c5079244cc3a7c125d0df637941 - - default default] 10.0.0.110 "DELETE /v2.0/routers/fd057bd4-a734-4edd-b332-e546f3519238 HTTP/1.1" status: 204 len: 168 time: 0.6717050
2026-04-23 01:34:37.449 9 INFO neutron.db.ovn_revision_numbers_db [None req-32bd7436-a2fd-4869-a2e1-043f178207d6 91ca839dbcda46d3af22ee5ad56de9d6 0803f8ff07b74f198445f884bcc37285 - - default default] Successfully bumped revision number for resource 8b574cef-cd21-4365-9c58-4f43c1d14669 (type: security_group_rules) to 0
2026-04-23 01:34:37.451 10 INFO neutron.api.wsgi [-] 10.0.0.55 "GET / HTTP/1.1" status: 200 len: 247 time: 0.0041933
2026-04-23 01:34:37.454 10 INFO neutron.api.wsgi [-] 10.0.0.55 "GET / HTTP/1.1" status: 200 len: 247 time: 0.0021765
2026-04-23 01:34:37.469 9 INFO neutron.db.ovn_revision_numbers_db [None req-32bd7436-a2fd-4869-a2e1-043f178207d6 91ca839dbcda46d3af22ee5ad56de9d6 0803f8ff07b74f198445f884bcc37285 - - default default] Successfully bumped revision number for resource ecc56264-f51f-4629-b08f-0a9b118bd3b3 (type: security_group_rules) to 0
2026-04-23 01:34:37.507 9 INFO neutron.api.wsgi [None req-32bd7436-a2fd-4869-a2e1-043f178207d6 91ca839dbcda46d3af22ee5ad56de9d6 0803f8ff07b74f198445f884bcc37285 - - default default] 10.0.0.110 "GET /v2.0/security-groups?tenant_id=7393999f3c704c97ae1bc3b568b4adfd&name=default HTTP/1.1" status: 200 len: 3120 time: 0.4019744
2026-04-23 01:34:37.614 9 INFO neutron.api.wsgi [None req-ad139f7a-9c44-439f-86ad-c391b3fcaec8 b4c7c959e73c4a96bd4148a439b7d380 cb860c5079244cc3a7c125d0df637941 - - default default] 10.0.0.110 "DELETE /v2.0/subnets/b5379513-033e-46ea-b097-e403d140258f HTTP/1.1" status: 204 len: 168 time: 0.1641002
2026-04-23 01:34:37.749 10 INFO neutron.api.wsgi [None req-a41b3e3c-f295-4c36-bc03-a2863fd17673 91ca839dbcda46d3af22ee5ad56de9d6 0803f8ff07b74f198445f884bcc37285 - - default default] 10.0.0.110 "DELETE /v2.0/security-groups/1159321e-9e3c-417f-a586-d63c6d633f52 HTTP/1.1" status: 204 len: 168 time: 0.2358508
2026-04-23 01:34:37.792 9 WARNING neutron_lib.context [None req-abd1d55c-93a0-41bc-914a-bb132369e3d1 9b2adb74703b4ae8b6d8da361c29106d c649a7a85ba54658a0ec24ce2373354f - - default default] Method 'is_advsvc' is deprecated since 2023.2 release (neutron-lib 3.8.0) and will be removed once support for the old RBAC API policies will be removed from Neutron. Please use method 'is_service_role' instead.
2026-04-23 01:34:37.928 9 INFO neutron.db.ovn_revision_numbers_db [None req-abd1d55c-93a0-41bc-914a-bb132369e3d1 9b2adb74703b4ae8b6d8da361c29106d c649a7a85ba54658a0ec24ce2373354f - - default default] Successfully bumped revision number for resource c55a481f-596d-4dd0-a830-e80e398f5715 (type: security_groups) to 1
2026-04-23 01:34:37.942 9 INFO neutron.db.ovn_revision_numbers_db [None req-abd1d55c-93a0-41bc-914a-bb132369e3d1 9b2adb74703b4ae8b6d8da361c29106d c649a7a85ba54658a0ec24ce2373354f - - default default] Successfully bumped revision number for resource 013a7b59-4abd-42a8-9ca3-306847d413c8 (type: security_group_rules) to 0
2026-04-23 01:34:37.966 9 INFO neutron.db.ovn_revision_numbers_db [None req-abd1d55c-93a0-41bc-914a-bb132369e3d1 9b2adb74703b4ae8b6d8da361c29106d c649a7a85ba54658a0ec24ce2373354f - - default default] Successfully bumped revision number for resource 0623e616-6d8f-4bf7-911e-942d163636e3 (type: security_group_rules) to 0
2026-04-23 01:34:37.968 9 INFO neutron.db.ovn_revision_numbers_db [None req-67aaa510-8fc6-4a07-bbdc-de5729909932 91ca839dbcda46d3af22ee5ad56de9d6 0803f8ff07b74f198445f884bcc37285 - - default default] Successfully bumped revision number for resource dfb24c26-7f43-4a49-92c9-9485fea094a2 (type: security_groups) to 1
2026-04-23 01:34:37.975 10 INFO neutron.api.wsgi [None req-1153eec3-c9e9-4a0d-8006-62d1f3df6d3a b4c7c959e73c4a96bd4148a439b7d380 cb860c5079244cc3a7c125d0df637941 - - default default] 10.0.0.110 "DELETE /v2.0/networks/c47ca3fc-ac66-4353-a92c-89acd3936899 HTTP/1.1" status: 204 len: 168 time: 0.3531287
2026-04-23 01:34:37.984 9 INFO neutron.db.ovn_revision_numbers_db [None req-abd1d55c-93a0-41bc-914a-bb132369e3d1 9b2adb74703b4ae8b6d8da361c29106d c649a7a85ba54658a0ec24ce2373354f - - default default] Successfully bumped revision number for resource 206cf9fd-7a75-45f8-a73a-ae20b827ccaa (type: security_group_rules) to 0
2026-04-23 01:34:37.986 9 INFO neutron.db.ovn_revision_numbers_db [None req-67aaa510-8fc6-4a07-bbdc-de5729909932 91ca839dbcda46d3af22ee5ad56de9d6 0803f8ff07b74f198445f884bcc37285 - - default default] Successfully bumped revision number for resource 696cfb09-7a08-4d8a-a961-a95b14cdc705 (type: security_group_rules) to 0
2026-04-23 01:34:37.999 9 INFO neutron.db.ovn_revision_numbers_db [None req-abd1d55c-93a0-41bc-914a-bb132369e3d1 9b2adb74703b4ae8b6d8da361c29106d c649a7a85ba54658a0ec24ce2373354f - - default default] Successfully bumped revision number for resource 40cfe13e-85d5-4def-89b8-8d2848c97043 (type: security_group_rules) to 0
2026-04-23 01:34:38.002 9 INFO neutron.db.ovn_revision_numbers_db [None req-67aaa510-8fc6-4a07-bbdc-de5729909932 91ca839dbcda46d3af22ee5ad56de9d6 0803f8ff07b74f198445f884bcc37285 - - default default] Successfully bumped revision number for resource 6eea4a66-7845-4834-969a-8705110ae970 (type: security_group_rules) to 0
2026-04-23 01:34:38.018 9 INFO neutron.db.ovn_revision_numbers_db [None req-67aaa510-8fc6-4a07-bbdc-de5729909932 91ca839dbcda46d3af22ee5ad56de9d6 0803f8ff07b74f198445f884bcc37285 - - default default] Successfully bumped revision number for resource 8764d415-f30b-417b-9337-6462f09bfdcd (type: security_group_rules) to 0
2026-04-23 01:34:38.034 9 INFO neutron.db.ovn_revision_numbers_db [None req-67aaa510-8fc6-4a07-bbdc-de5729909932 91ca839dbcda46d3af22ee5ad56de9d6 0803f8ff07b74f198445f884bcc37285 - - default default] Successfully bumped revision number for resource ed3ea5be-ff3d-44d1-93f4-e17ccb05c99e (type: security_group_rules) to 0
2026-04-23 01:34:38.072 9 INFO neutron.api.wsgi [None req-67aaa510-8fc6-4a07-bbdc-de5729909932 91ca839dbcda46d3af22ee5ad56de9d6 0803f8ff07b74f198445f884bcc37285 - - default default] 10.0.0.110 "GET /v2.0/security-groups?tenant_id=fc47fe5dc48c4c15bf0bc8889471fd75&name=default HTTP/1.1" status: 200 len: 3120 time: 0.2308002
2026-04-23 01:34:38.074 9 INFO neutron.db.segments_db [None req-abd1d55c-93a0-41bc-914a-bb132369e3d1 9b2adb74703b4ae8b6d8da361c29106d c649a7a85ba54658a0ec24ce2373354f - - default default] Added segment 1d75f8fa-2d9d-40f2-a6f0-0db9b3bb5aa6 of type geneve for network 55ad5963-bdb5-4712-a1e8-9ff22607869d
2026-04-23 01:34:38.158 10 INFO neutron.services.segments.plugin [-] Segment a7667f57-1134-4816-9aed-c7ba58b4c4d4 resource provider aggregate not found
2026-04-23 01:34:38.166 10 INFO neutron.services.segments.plugin [-] Segment a7667f57-1134-4816-9aed-c7ba58b4c4d4 resource provider aggregate not found
2026-04-23 01:34:38.170 10 INFO neutron.services.segments.plugin [-] Segment a7667f57-1134-4816-9aed-c7ba58b4c4d4 resource provider not found; error: Placement Client Error (4xx): {"errors": [{"status": 404, "title": "Not Found", "detail": "The resource could not be found.\n\n No resource provider with uuid a7667f57-1134-4816-9aed-c7ba58b4c4d4 found for delete ", "request_id": "req-90335950-4658-482b-ad05-247d23624c88"}]}
2026-04-23 01:34:38.177 10 INFO neutron.services.segments.plugin [-] Segment a7667f57-1134-4816-9aed-c7ba58b4c4d4 resource provider not found; error: Placement Client Error (4xx): {"errors": [{"status": 404, "title": "Not Found", "detail": "The resource could not be found.\n\n No resource provider with uuid a7667f57-1134-4816-9aed-c7ba58b4c4d4 found for delete ", "request_id": "req-4395e54e-5fce-46d3-88d8-d9d3f5d24a7c"}]}
2026-04-23 01:34:38.181 9 INFO neutron.db.ovn_revision_numbers_db [None req-abd1d55c-93a0-41bc-914a-bb132369e3d1 9b2adb74703b4ae8b6d8da361c29106d c649a7a85ba54658a0ec24ce2373354f - - default default] Successfully bumped revision number for resource 55ad5963-bdb5-4712-a1e8-9ff22607869d (type: networks) to 1
2026-04-23 01:34:38.285 10 INFO neutron.api.wsgi [None req-e1244006-0de5-495a-84e8-0ab8c2ce1ddb 91ca839dbcda46d3af22ee5ad56de9d6 0803f8ff07b74f198445f884bcc37285 - - default default] 10.0.0.110 "DELETE /v2.0/security-groups/dfb24c26-7f43-4a49-92c9-9485fea094a2 HTTP/1.1" status: 204 len: 168 time: 0.2074060
2026-04-23 01:34:38.338 9 WARNING neutron.scheduler.dhcp_agent_scheduler [None req-abd1d55c-93a0-41bc-914a-bb132369e3d1 9b2adb74703b4ae8b6d8da361c29106d c649a7a85ba54658a0ec24ce2373354f - - default default] No more DHCP agents
2026-04-23 01:34:38.340 9 WARNING neutron.api.rpc.agentnotifiers.dhcp_rpc_agent_api [None req-abd1d55c-93a0-41bc-914a-bb132369e3d1 9b2adb74703b4ae8b6d8da361c29106d c649a7a85ba54658a0ec24ce2373354f - - default default] Unable to schedule network 55ad5963-bdb5-4712-a1e8-9ff22607869d: no agents available; will retry on subsequent port and subnet creation events.
2026-04-23 01:34:38.396 9 INFO neutron.db.ovn_revision_numbers_db [None req-abd1d55c-93a0-41bc-914a-bb132369e3d1 9b2adb74703b4ae8b6d8da361c29106d c649a7a85ba54658a0ec24ce2373354f - - default default] Successfully bumped revision number for resource 52323bac-6ea3-40db-90a1-f669191c63c4 (type: ports) to 1
2026-04-23 01:34:38.416 9 INFO neutron.api.wsgi [None req-abd1d55c-93a0-41bc-914a-bb132369e3d1 9b2adb74703b4ae8b6d8da361c29106d c649a7a85ba54658a0ec24ce2373354f - - default default] 10.0.0.110 "POST /v2.0/networks HTTP/1.1" status: 201 len: 832 time: 0.7322838
2026-04-23 01:34:38.425 9 WARNING neutron_lib.context [None req-c0e8596c-a7f2-4539-8272-a8807be69cbc 9b2adb74703b4ae8b6d8da361c29106d c649a7a85ba54658a0ec24ce2373354f - - default default] Method 'is_advsvc' is deprecated since 2023.2 release (neutron-lib 3.8.0) and will be removed once support for the old RBAC API policies will be removed from Neutron. Please use method 'is_service_role' instead.
2026-04-23 01:34:38.516 9 INFO neutron.db.segments_db [None req-c0e8596c-a7f2-4539-8272-a8807be69cbc 9b2adb74703b4ae8b6d8da361c29106d c649a7a85ba54658a0ec24ce2373354f - - default default] Added segment a98f6220-bd88-4dfb-ab3f-78b1efc34c20 of type geneve for network b6bf8fb3-2a94-4adb-8001-9375a333313a
2026-04-23 01:34:38.630 9 INFO neutron.db.ovn_revision_numbers_db [None req-c0e8596c-a7f2-4539-8272-a8807be69cbc 9b2adb74703b4ae8b6d8da361c29106d c649a7a85ba54658a0ec24ce2373354f - - default default] Successfully bumped revision number for resource b6bf8fb3-2a94-4adb-8001-9375a333313a (type: networks) to 1
2026-04-23 01:34:38.748 10 INFO neutron.api.wsgi [None req-16d38b73-774a-4add-b647-fa55a6aa102b 91ca839dbcda46d3af22ee5ad56de9d6 0803f8ff07b74f198445f884bcc37285 - - default default] 10.0.0.110 "GET /v2.0/security-groups?tenant_id=cb860c5079244cc3a7c125d0df637941&name=default HTTP/1.1" status: 200 len: 3120 time: 0.2671287
2026-04-23 01:34:38.792 9 WARNING neutron.scheduler.dhcp_agent_scheduler [None req-c0e8596c-a7f2-4539-8272-a8807be69cbc 9b2adb74703b4ae8b6d8da361c29106d c649a7a85ba54658a0ec24ce2373354f - - default default] No more DHCP agents
2026-04-23 01:34:38.796 9 WARNING neutron.api.rpc.agentnotifiers.dhcp_rpc_agent_api [None req-c0e8596c-a7f2-4539-8272-a8807be69cbc 9b2adb74703b4ae8b6d8da361c29106d c649a7a85ba54658a0ec24ce2373354f - - default default] Unable to schedule network b6bf8fb3-2a94-4adb-8001-9375a333313a: no agents available; will retry on subsequent port and subnet creation events.
2026-04-23 01:34:38.812 9 WARNING neutron_lib.context [None req-fb2d4bee-969c-4651-8b6c-be08365ec321 c53477a9761846a59b5c679382fd7594 a6515bb358af4c7dbe7dd625434decff - - default default] Method 'is_advsvc' is deprecated since 2023.2 release (neutron-lib 3.8.0) and will be removed once support for the old RBAC API policies will be removed from Neutron. Please use method 'is_service_role' instead.
2026-04-23 01:34:38.870 9 INFO neutron.db.ovn_revision_numbers_db [None req-c0e8596c-a7f2-4539-8272-a8807be69cbc 9b2adb74703b4ae8b6d8da361c29106d c649a7a85ba54658a0ec24ce2373354f - - default default] Successfully bumped revision number for resource 0025657a-0b22-4a98-b6e8-7adcd6cf133e (type: ports) to 1
2026-04-23 01:34:38.897 9 INFO neutron.api.wsgi [None req-c0e8596c-a7f2-4539-8272-a8807be69cbc 9b2adb74703b4ae8b6d8da361c29106d c649a7a85ba54658a0ec24ce2373354f - - default default] 10.0.0.110 "POST /v2.0/networks HTTP/1.1" status: 201 len: 833 time: 0.4750569
2026-04-23 01:34:38.910 10 WARNING neutron_lib.context [None req-ad965a47-26ea-4c36-805d-ffaef6abf3ba 9b2adb74703b4ae8b6d8da361c29106d c649a7a85ba54658a0ec24ce2373354f - - default default] Method 'is_advsvc' is deprecated since 2023.2 release (neutron-lib 3.8.0) and will be removed once support for the old RBAC API policies will be removed from Neutron. Please use method 'is_service_role' instead.
2026-04-23 01:34:38.957 9 INFO neutron.db.ovn_revision_numbers_db [None req-fb2d4bee-969c-4651-8b6c-be08365ec321 c53477a9761846a59b5c679382fd7594 a6515bb358af4c7dbe7dd625434decff - - default default] Successfully bumped revision number for resource 47fd10b1-3bce-4fc3-b25d-1bf5cb5f55b7 (type: security_groups) to 1
2026-04-23 01:34:38.977 9 INFO neutron.db.ovn_revision_numbers_db [None req-fb2d4bee-969c-4651-8b6c-be08365ec321 c53477a9761846a59b5c679382fd7594 a6515bb358af4c7dbe7dd625434decff - - default default] Successfully bumped revision number for resource 25334e92-1f44-4c7c-bcd1-607e9ba9cd21 (type: security_group_rules) to 0
2026-04-23 01:34:38.991 10 INFO neutron.api.wsgi [None req-7526b731-bd36-4f81-b108-c51cb9ebf05e 91ca839dbcda46d3af22ee5ad56de9d6 0803f8ff07b74f198445f884bcc37285 - - default default] 10.0.0.110 "DELETE /v2.0/security-groups/2213951a-ee3b-483f-863b-1825c8b07ee0 HTTP/1.1" status: 204 len: 168 time: 0.2371545
2026-04-23 01:34:38.994 9 INFO neutron.db.ovn_revision_numbers_db [None req-fb2d4bee-969c-4651-8b6c-be08365ec321 c53477a9761846a59b5c679382fd7594 a6515bb358af4c7dbe7dd625434decff - - default default] Successfully bumped revision number for resource 2977a805-adb5-4261-a095-9af610c1ba4b (type: security_group_rules) to 0
2026-04-23 01:34:39.006 9 INFO neutron.db.ovn_revision_numbers_db [None req-fb2d4bee-969c-4651-8b6c-be08365ec321 c53477a9761846a59b5c679382fd7594 a6515bb358af4c7dbe7dd625434decff - - default default] Successfully bumped revision number for resource 384d2a82-c0fd-47ae-b931-85147f1bb45f (type: security_group_rules) to 0
2026-04-23 01:34:39.021 9 INFO neutron.db.ovn_revision_numbers_db [None req-fb2d4bee-969c-4651-8b6c-be08365ec321 c53477a9761846a59b5c679382fd7594 a6515bb358af4c7dbe7dd625434decff - - default default] Successfully bumped revision number for resource e5dd19bf-00a7-4e72-9188-5a35976c63d0 (type: security_group_rules) to 0
2026-04-23 01:34:39.121 10 WARNING neutron.scheduler.dhcp_agent_scheduler [None req-ad965a47-26ea-4c36-805d-ffaef6abf3ba 9b2adb74703b4ae8b6d8da361c29106d c649a7a85ba54658a0ec24ce2373354f - - default default] No more DHCP agents
2026-04-23 01:34:39.122 10 WARNING neutron.api.rpc.agentnotifiers.dhcp_rpc_agent_api [None req-ad965a47-26ea-4c36-805d-ffaef6abf3ba 9b2adb74703b4ae8b6d8da361c29106d c649a7a85ba54658a0ec24ce2373354f - - default default] Unable to schedule network 55ad5963-bdb5-4712-a1e8-9ff22607869d: no agents available; will retry on subsequent port and subnet creation events.
2026-04-23 01:34:39.132 9 INFO neutron.db.ovn_revision_numbers_db [None req-fb2d4bee-969c-4651-8b6c-be08365ec321 c53477a9761846a59b5c679382fd7594 a6515bb358af4c7dbe7dd625434decff - - default default] Successfully bumped revision number for resource 1132649d-38e6-4965-b677-699eda1a7854 (type: security_groups) to 1
2026-04-23 01:34:39.144 9 INFO neutron.db.ovn_revision_numbers_db [None req-fb2d4bee-969c-4651-8b6c-be08365ec321 c53477a9761846a59b5c679382fd7594 a6515bb358af4c7dbe7dd625434decff - - default default] Successfully bumped revision number for resource 7c3cff20-1248-4bf8-a049-346b1520c69f (type: security_group_rules) to 0
2026-04-23 01:34:39.147 10 INFO neutron.db.ovn_revision_numbers_db [None req-ad965a47-26ea-4c36-805d-ffaef6abf3ba 9b2adb74703b4ae8b6d8da361c29106d c649a7a85ba54658a0ec24ce2373354f - - default default] Successfully bumped revision number for resource 1aed62b7-2579-471a-860b-b015cb3fa518 (type: subnets) to 0
2026-04-23 01:34:39.156 9 INFO neutron.db.ovn_revision_numbers_db [None req-fb2d4bee-969c-4651-8b6c-be08365ec321 c53477a9761846a59b5c679382fd7594 a6515bb358af4c7dbe7dd625434decff - - default default] Successfully bumped revision number for resource ec53c0fd-985d-46aa-8e30-76e00e1949ee (type: security_group_rules) to 0
2026-04-23 01:34:39.159 10 INFO neutron.api.wsgi [None req-ad965a47-26ea-4c36-805d-ffaef6abf3ba 9b2adb74703b4ae8b6d8da361c29106d c649a7a85ba54658a0ec24ce2373354f - - default default] 10.0.0.110 "POST /v2.0/subnets HTTP/1.1" status: 201 len: 845 time: 0.2546000
2026-04-23 01:34:39.169 10 WARNING neutron_lib.context [None req-e7743490-d665-4231-a820-0c6bdbe14b7c 9b2adb74703b4ae8b6d8da361c29106d c649a7a85ba54658a0ec24ce2373354f - - default default] Method 'is_advsvc' is deprecated since 2023.2 release (neutron-lib 3.8.0) and will be removed once support for the old RBAC API policies will be removed from Neutron. Please use method 'is_service_role' instead.
2026-04-23 01:34:39.196 9 INFO neutron.api.wsgi [None req-fb2d4bee-969c-4651-8b6c-be08365ec321 c53477a9761846a59b5c679382fd7594 a6515bb358af4c7dbe7dd625434decff - - default default] 10.0.0.110 "POST /v2.0/security-groups HTTP/1.1" status: 201 len: 1801 time: 0.4329121
2026-04-23 01:34:39.212 9 WARNING neutron_lib.context [None req-91948035-c0da-4c93-839a-10d9cc01f470 c53477a9761846a59b5c679382fd7594 a6515bb358af4c7dbe7dd625434decff - - default default] Method 'is_advsvc' is deprecated since 2023.2 release (neutron-lib 3.8.0) and will be removed once support for the old RBAC API policies will be removed from Neutron. Please use method 'is_service_role' instead.
2026-04-23 01:34:39.326 9 INFO neutron.db.ovn_revision_numbers_db [None req-91948035-c0da-4c93-839a-10d9cc01f470 c53477a9761846a59b5c679382fd7594 a6515bb358af4c7dbe7dd625434decff - - default default] Successfully bumped revision number for resource ab737ffa-48d8-4ec5-8bcc-36573557f6a2 (type: security_groups) to 1
2026-04-23 01:34:39.338 9 INFO neutron.db.ovn_revision_numbers_db [None req-91948035-c0da-4c93-839a-10d9cc01f470 c53477a9761846a59b5c679382fd7594 a6515bb358af4c7dbe7dd625434decff - - default default] Successfully bumped revision number for resource 509a6b06-7bfa-4579-8144-44a5338058a0 (type: security_group_rules) to 0
2026-04-23 01:34:39.350 9 INFO neutron.db.ovn_revision_numbers_db [None req-91948035-c0da-4c93-839a-10d9cc01f470 c53477a9761846a59b5c679382fd7594 a6515bb358af4c7dbe7dd625434decff - - default default] Successfully bumped revision number for resource 8a903c81-b3e6-4874-bfc9-22b1b09032dd (type: security_group_rules) to 0
2026-04-23 01:34:39.386 9 INFO neutron.api.wsgi [None req-91948035-c0da-4c93-839a-10d9cc01f470 c53477a9761846a59b5c679382fd7594 a6515bb358af4c7dbe7dd625434decff - - default default] 10.0.0.110 "POST /v2.0/security-groups HTTP/1.1" status: 201 len: 1801 time: 0.1799994
2026-04-23 01:34:39.388 10 WARNING neutron.scheduler.dhcp_agent_scheduler [None req-e7743490-d665-4231-a820-0c6bdbe14b7c 9b2adb74703b4ae8b6d8da361c29106d c649a7a85ba54658a0ec24ce2373354f - - default default] No more DHCP agents
2026-04-23 01:34:39.389 10 WARNING neutron.api.rpc.agentnotifiers.dhcp_rpc_agent_api [None req-e7743490-d665-4231-a820-0c6bdbe14b7c 9b2adb74703b4ae8b6d8da361c29106d c649a7a85ba54658a0ec24ce2373354f - - default default] Unable to schedule network b6bf8fb3-2a94-4adb-8001-9375a333313a: no agents available; will retry on subsequent port and subnet creation events.
2026-04-23 01:34:39.395 9 WARNING neutron_lib.context [None req-3d3d24fb-1362-43f8-8328-8eb516011071 c53477a9761846a59b5c679382fd7594 a6515bb358af4c7dbe7dd625434decff - - default default] Method 'is_advsvc' is deprecated since 2023.2 release (neutron-lib 3.8.0) and will be removed once support for the old RBAC API policies will be removed from Neutron. Please use method 'is_service_role' instead.
2026-04-23 01:34:39.426 10 INFO neutron.db.ovn_revision_numbers_db [None req-e7743490-d665-4231-a820-0c6bdbe14b7c 9b2adb74703b4ae8b6d8da361c29106d c649a7a85ba54658a0ec24ce2373354f - - default default] Successfully bumped revision number for resource 4bd6981d-f677-437c-99b7-d69b8b37fdfb (type: subnets) to 0
2026-04-23 01:34:39.444 10 INFO neutron.api.wsgi [None req-e7743490-d665-4231-a820-0c6bdbe14b7c 9b2adb74703b4ae8b6d8da361c29106d c649a7a85ba54658a0ec24ce2373354f - - default default] 10.0.0.110 "POST /v2.0/subnets HTTP/1.1" status: 201 len: 854 time: 0.2785330
2026-04-23 01:34:39.454 10 WARNING neutron_lib.context [None req-29d95d3a-ba04-4f65-a11c-14ad843fdb15 9b2adb74703b4ae8b6d8da361c29106d c649a7a85ba54658a0ec24ce2373354f - - default default] Method 'is_advsvc' is deprecated since 2023.2 release (neutron-lib 3.8.0) and will be removed once support for the old RBAC API policies will be removed from Neutron. Please use method 'is_service_role' instead.
2026-04-23 01:34:39.503 9 INFO neutron.db.ovn_revision_numbers_db [None req-3d3d24fb-1362-43f8-8328-8eb516011071 c53477a9761846a59b5c679382fd7594 a6515bb358af4c7dbe7dd625434decff - - default default] Successfully bumped revision number for resource fef282a8-a79d-4f47-8b97-156d2c72b5b3 (type: security_groups) to 1
2026-04-23 01:34:39.525 9 INFO neutron.db.ovn_revision_numbers_db [None req-3d3d24fb-1362-43f8-8328-8eb516011071 c53477a9761846a59b5c679382fd7594 a6515bb358af4c7dbe7dd625434decff - - default default] Successfully bumped revision number for resource a3b9c693-e288-4026-93e2-394d09be9b12 (type: security_group_rules) to 0
2026-04-23 01:34:39.541 9 INFO neutron.db.ovn_revision_numbers_db [None req-3d3d24fb-1362-43f8-8328-8eb516011071 c53477a9761846a59b5c679382fd7594 a6515bb358af4c7dbe7dd625434decff - - default default] Successfully bumped revision number for resource b8259d8a-83c0-4376-92fb-c59a0c52d447 (type: security_group_rules) to 0
2026-04-23 01:34:39.571 10 INFO neutron.db.ovn_revision_numbers_db [None req-29d95d3a-ba04-4f65-a11c-14ad843fdb15 9b2adb74703b4ae8b6d8da361c29106d c649a7a85ba54658a0ec24ce2373354f - - default default] Successfully bumped revision number for resource 711d123b-c5cd-463d-82de-b6f1172e7237 (type: routers) to 1
2026-04-23 01:34:39.585 10 INFO neutron.api.wsgi [None req-29d95d3a-ba04-4f65-a11c-14ad843fdb15 9b2adb74703b4ae8b6d8da361c29106d c649a7a85ba54658a0ec24ce2373354f - - default default] 10.0.0.110 "POST /v2.0/routers HTTP/1.1" status: 201 len: 805 time: 0.1355860
2026-04-23 01:34:39.600 9 INFO neutron.api.wsgi [None req-3d3d24fb-1362-43f8-8328-8eb516011071 c53477a9761846a59b5c679382fd7594 a6515bb358af4c7dbe7dd625434decff - - default default] 10.0.0.110 "POST /v2.0/security-groups HTTP/1.1" status: 201 len: 1801 time: 0.2095618
2026-04-23 01:34:39.618 9 WARNING neutron_lib.context [None req-adf3a0df-e2fa-4a67-9083-2d00dfd4f5aa c53477a9761846a59b5c679382fd7594 a6515bb358af4c7dbe7dd625434decff - - default default] Method 'is_advsvc' is deprecated since 2023.2 release (neutron-lib 3.8.0) and will be removed once support for the old RBAC API policies will be removed from Neutron. Please use method 'is_service_role' instead.
2026-04-23 01:34:39.725 9 INFO neutron.db.ovn_revision_numbers_db [None req-adf3a0df-e2fa-4a67-9083-2d00dfd4f5aa c53477a9761846a59b5c679382fd7594 a6515bb358af4c7dbe7dd625434decff - - default default] Successfully bumped revision number for resource 7a6535fb-0f64-485f-80f1-bdb0e03e2d61 (type: security_groups) to 1
2026-04-23 01:34:39.737 9 INFO neutron.db.ovn_revision_numbers_db [None req-adf3a0df-e2fa-4a67-9083-2d00dfd4f5aa c53477a9761846a59b5c679382fd7594 a6515bb358af4c7dbe7dd625434decff - - default default] Successfully bumped revision number for resource 57d632f3-b5a6-46eb-9555-927a3effa91b (type: security_group_rules) to 0
2026-04-23 01:34:39.752 9 INFO neutron.db.ovn_revision_numbers_db [None req-adf3a0df-e2fa-4a67-9083-2d00dfd4f5aa c53477a9761846a59b5c679382fd7594 a6515bb358af4c7dbe7dd625434decff - - default default] Successfully bumped revision number for resource e7aac06d-27dc-465f-b8a6-089243f34248 (type: security_group_rules) to 0
2026-04-23 01:34:39.783 9 INFO neutron.api.wsgi [None req-adf3a0df-e2fa-4a67-9083-2d00dfd4f5aa c53477a9761846a59b5c679382fd7594 a6515bb358af4c7dbe7dd625434decff - - default default] 10.0.0.110 "POST /v2.0/security-groups HTTP/1.1" status: 201 len: 1801 time: 0.1712925
2026-04-23 01:34:39.794 10 WARNING neutron_lib.context [None req-8c7e5728-3409-46f3-84f3-42c67f7ae795 c53477a9761846a59b5c679382fd7594 a6515bb358af4c7dbe7dd625434decff - - default default] Method 'is_advsvc' is deprecated since 2023.2 release (neutron-lib 3.8.0) and will be removed once support for the old RBAC API policies will be removed from Neutron. Please use method 'is_service_role' instead.
2026-04-23 01:34:39.945 10 INFO neutron.db.ovn_revision_numbers_db [None req-8c7e5728-3409-46f3-84f3-42c67f7ae795 c53477a9761846a59b5c679382fd7594 a6515bb358af4c7dbe7dd625434decff - - default default] Successfully bumped revision number for resource 96aceadc-37b6-4069-b1ca-186eb37236c9 (type: security_groups) to 1
2026-04-23 01:34:39.964 10 INFO neutron.db.ovn_revision_numbers_db [None req-8c7e5728-3409-46f3-84f3-42c67f7ae795 c53477a9761846a59b5c679382fd7594 a6515bb358af4c7dbe7dd625434decff - - default default] Successfully bumped revision number for resource 30d2bbfc-6552-408c-b0ac-8b886aa7ea62 (type: security_group_rules) to 0
2026-04-23 01:34:39.965 10 WARNING neutron.scheduler.dhcp_agent_scheduler [None req-a9d4ad05-356d-4866-be7a-048c0bea9df9 9b2adb74703b4ae8b6d8da361c29106d c649a7a85ba54658a0ec24ce2373354f - - default default] No more DHCP agents
2026-04-23 01:34:39.967 10 WARNING neutron.api.rpc.agentnotifiers.dhcp_rpc_agent_api [None req-a9d4ad05-356d-4866-be7a-048c0bea9df9 9b2adb74703b4ae8b6d8da361c29106d c649a7a85ba54658a0ec24ce2373354f - - default default] Unable to schedule network 55ad5963-bdb5-4712-a1e8-9ff22607869d: no agents available; will retry on subsequent port and subnet creation events.
2026-04-23 01:34:39.981 10 INFO neutron.db.ovn_revision_numbers_db [None req-8c7e5728-3409-46f3-84f3-42c67f7ae795 c53477a9761846a59b5c679382fd7594 a6515bb358af4c7dbe7dd625434decff - - default default] Successfully bumped revision number for resource cd4c2aeb-7ff2-4ae4-8eb3-0fe307e52ffd (type: security_group_rules) to 0
2026-04-23 01:34:40.018 10 INFO neutron.api.wsgi [None req-8c7e5728-3409-46f3-84f3-42c67f7ae795 c53477a9761846a59b5c679382fd7594 a6515bb358af4c7dbe7dd625434decff - - default default] 10.0.0.110 "POST /v2.0/security-groups HTTP/1.1" status: 201 len: 1801 time: 0.2289686
2026-04-23 01:34:40.065 10 INFO neutron.db.ovn_revision_numbers_db [None req-a9d4ad05-356d-4866-be7a-048c0bea9df9 9b2adb74703b4ae8b6d8da361c29106d c649a7a85ba54658a0ec24ce2373354f - - default default] Successfully bumped revision number for resource b7d942ca-4cfa-40b8-8a12-24865cc8abb7 (type: ports) to 1
2026-04-23 01:34:40.066 9 INFO neutron.api.wsgi [None req-b5c2304b-5fe8-473c-80fb-f4cd447ca72d c53477a9761846a59b5c679382fd7594 a6515bb358af4c7dbe7dd625434decff - - default default] 10.0.0.110 "PUT /v2.0/security-groups/1132649d-38e6-4965-b677-699eda1a7854/tags HTTP/1.1" status: 200 len: 210 time: 0.0379543
2026-04-23 01:34:40.110 9 INFO neutron.api.wsgi [None req-a907dbd3-370b-4e85-aaab-59a8bc7c9000 c53477a9761846a59b5c679382fd7594 a6515bb358af4c7dbe7dd625434decff - - default default] 10.0.0.110 "PUT /v2.0/security-groups/ab737ffa-48d8-4ec5-8bcc-36573557f6a2/tags HTTP/1.1" status: 200 len: 218 time: 0.0384226
2026-04-23 01:34:40.149 9 INFO neutron.api.wsgi [None req-e6ab120d-7b6f-47a7-99c5-c75bda52b6ad c53477a9761846a59b5c679382fd7594 a6515bb358af4c7dbe7dd625434decff - - default default] 10.0.0.110 "PUT /v2.0/security-groups/fef282a8-a79d-4f47-8b97-156d2c72b5b3/tags HTTP/1.1" status: 200 len: 227 time: 0.0335410
2026-04-23 01:34:40.183 9 INFO neutron.api.wsgi [None req-6f5d87b4-6c83-4c10-90af-10fcb00c331b c53477a9761846a59b5c679382fd7594 a6515bb358af4c7dbe7dd625434decff - - default default] 10.0.0.110 "PUT /v2.0/security-groups/7a6535fb-0f64-485f-80f1-bdb0e03e2d61/tags HTTP/1.1" status: 200 len: 212 time: 0.0298519
2026-04-23 01:34:40.249 10 INFO neutron.api.wsgi [None req-2836cc80-a81f-4878-bee5-58eb9dc7bec6 c53477a9761846a59b5c679382fd7594 a6515bb358af4c7dbe7dd625434decff - - default default] 10.0.0.110 "GET /v2.0/security-groups?tags=red HTTP/1.1" status: 200 len: 4999 time: 0.0603759
2026-04-23 01:34:40.309 10 INFO neutron.api.wsgi [None req-29a0b99a-0846-4976-8413-3cc035648c27 c53477a9761846a59b5c679382fd7594 a6515bb358af4c7dbe7dd625434decff - - default default] 10.0.0.110 "GET /v2.0/security-groups?tags=red%2Cblue HTTP/1.1" status: 200 len: 3413 time: 0.0545425
2026-04-23 01:34:40.361 9 INFO neutron.api.wsgi [None req-48f8c043-4512-4f53-a33d-48c478f1f9ae c53477a9761846a59b5c679382fd7594 a6515bb358af4c7dbe7dd625434decff - - default default] 10.0.0.110 "GET /v2.0/security-groups?tags-any=blue HTTP/1.1" status: 200 len: 3413 time: 0.0480180
2026-04-23 01:34:40.422 10 INFO neutron.api.wsgi [None req-4423e84a-1e5b-4ade-9ff1-b3cd608c8957 c53477a9761846a59b5c679382fd7594 a6515bb358af4c7dbe7dd625434decff - - default default] 10.0.0.110 "GET /v2.0/security-groups?tags-any=red%2Cblue HTTP/1.1" status: 200 len: 4999 time: 0.0550120
2026-04-23 01:34:40.470 9 INFO neutron.api.wsgi [None req-1fa6d86c-7c66-4314-84bd-528c7da03692 c53477a9761846a59b5c679382fd7594 a6515bb358af4c7dbe7dd625434decff - - default default] 10.0.0.110 "GET /v2.0/security-groups?not-tags=red HTTP/1.1" status: 200 len: 6289 time: 0.0430744
2026-04-23 01:34:40.521 10 INFO neutron.api.wsgi [None req-36fc4544-3147-4950-901d-d2b3cecb2db6 c53477a9761846a59b5c679382fd7594 a6515bb358af4c7dbe7dd625434decff - - default default] 10.0.0.110 "GET /v2.0/security-groups?not-tags=red%2Cblue HTTP/1.1" status: 200 len: 7875 time: 0.0454566
2026-04-23 01:34:40.575 10 INFO neutron.api.wsgi [None req-b6628215-6ba5-47ee-974a-ad5d882689ed c53477a9761846a59b5c679382fd7594 a6515bb358af4c7dbe7dd625434decff - - default default] 10.0.0.110 "GET /v2.0/security-groups?not-tags-any=blue HTTP/1.1" status: 200 len: 7875 time: 0.0452261
2026-04-23 01:34:40.620 10 INFO neutron.plugins.ml2.drivers.ovn.mech_driver.mech_driver [None req-34e74756-34df-4794-9e44-409946b236e1 - - - - - -] OVN reports status up for port: b7d942ca-4cfa-40b8-8a12-24865cc8abb7
2026-04-23 01:34:40.629 10 INFO neutron.plugins.ml2.plugin [None req-34e74756-34df-4794-9e44-409946b236e1 - - - - - -] Attempt 1 to provision port b7d942ca-4cfa-40b8-8a12-24865cc8abb7
2026-04-23 01:34:40.630 9 INFO neutron.api.wsgi [None req-9550f24a-80f2-484e-b7e8-0118ecce3e09 c53477a9761846a59b5c679382fd7594 a6515bb358af4c7dbe7dd625434decff - - default default] 10.0.0.110 "GET /v2.0/security-groups?not-tags-any=red%2Cblue HTTP/1.1" status: 200 len: 6289 time: 0.0505059
2026-04-23 01:34:40.643 10 INFO neutron.db.ovn_revision_numbers_db [None req-a9d4ad05-356d-4866-be7a-048c0bea9df9 9b2adb74703b4ae8b6d8da361c29106d c649a7a85ba54658a0ec24ce2373354f - - default default] Successfully bumped revision number for resource b7d942ca-4cfa-40b8-8a12-24865cc8abb7 (type: ports) to 1
2026-04-23 01:34:40.698 10 WARNING neutron.scheduler.dhcp_agent_scheduler [None req-a9d4ad05-356d-4866-be7a-048c0bea9df9 9b2adb74703b4ae8b6d8da361c29106d c649a7a85ba54658a0ec24ce2373354f - - default default] No more DHCP agents
2026-04-23 01:34:40.699 10 WARNING neutron.api.rpc.agentnotifiers.dhcp_rpc_agent_api [None req-a9d4ad05-356d-4866-be7a-048c0bea9df9 9b2adb74703b4ae8b6d8da361c29106d c649a7a85ba54658a0ec24ce2373354f - - default default] Unable to schedule network 55ad5963-bdb5-4712-a1e8-9ff22607869d: no agents available; will retry on subsequent port and subnet creation events.
2026-04-23 01:34:40.746 9 INFO neutron.api.wsgi [None req-683f00a0-ef55-44ee-a8a7-7821a2b78e47 c53477a9761846a59b5c679382fd7594 a6515bb358af4c7dbe7dd625434decff - - default default] 10.0.0.110 "DELETE /v2.0/security-groups/1132649d-38e6-4965-b677-699eda1a7854 HTTP/1.1" status: 204 len: 168 time: 0.1098082
2026-04-23 01:34:40.857 9 INFO neutron.api.wsgi [None req-3756f7eb-68a6-46fe-9fc6-f127efc724c2 c53477a9761846a59b5c679382fd7594 a6515bb358af4c7dbe7dd625434decff - - default default] 10.0.0.110 "DELETE /v2.0/security-groups/ab737ffa-48d8-4ec5-8bcc-36573557f6a2 HTTP/1.1" status: 204 len: 168 time: 0.1042118
2026-04-23 01:34:40.911 9 WARNING neutron_lib.context [None req-84dd0ce8-0247-418c-85d5-8751b13b1999 1f30f0bd56734abcaffc9913bda99b30 fea43a3129a24918a08d278bd8069344 - - default default] Method 'is_advsvc' is deprecated since 2023.2 release (neutron-lib 3.8.0) and will be removed once support for the old RBAC API policies will be removed from Neutron. Please use method 'is_service_role' instead.
2026-04-23 01:34:40.988 9 INFO neutron.api.wsgi [None req-2ad9c307-5ad1-4548-9d71-033dad72eecd c53477a9761846a59b5c679382fd7594 a6515bb358af4c7dbe7dd625434decff - - default default] 10.0.0.110 "DELETE /v2.0/security-groups/fef282a8-a79d-4f47-8b97-156d2c72b5b3 HTTP/1.1" status: 204 len: 168 time: 0.1268139
2026-04-23 01:34:41.070 9 INFO neutron.db.ovn_revision_numbers_db [None req-84dd0ce8-0247-418c-85d5-8751b13b1999 1f30f0bd56734abcaffc9913bda99b30 fea43a3129a24918a08d278bd8069344 - - default default] Successfully bumped revision number for resource a2bea398-eb6a-48e3-bb33-bc6794a3010c (type: security_groups) to 1
2026-04-23 01:34:41.084 9 INFO neutron.db.ovn_revision_numbers_db [None req-84dd0ce8-0247-418c-85d5-8751b13b1999 1f30f0bd56734abcaffc9913bda99b30 fea43a3129a24918a08d278bd8069344 - - default default] Successfully bumped revision number for resource c9090367-99f2-4cd7-b5d5-4e647c2feae3 (type: security_group_rules) to 0
2026-04-23 01:34:41.097 9 INFO neutron.db.ovn_revision_numbers_db [None req-84dd0ce8-0247-418c-85d5-8751b13b1999 1f30f0bd56734abcaffc9913bda99b30 fea43a3129a24918a08d278bd8069344 - - default default] Successfully bumped revision number for resource cba33592-5992-42ea-a156-c5c961918ec4 (type: security_group_rules) to 0
2026-04-23 01:34:41.110 9 INFO neutron.db.ovn_revision_numbers_db [None req-84dd0ce8-0247-418c-85d5-8751b13b1999 1f30f0bd56734abcaffc9913bda99b30 fea43a3129a24918a08d278bd8069344 - - default default] Successfully bumped revision number for resource d6009da7-3320-464c-8c44-9e08e89165f9 (type: security_group_rules) to 0
2026-04-23 01:34:41.114 9 INFO neutron.api.wsgi [None req-f2c69aa6-7b18-4bde-b40a-8c1c77e2481a c53477a9761846a59b5c679382fd7594 a6515bb358af4c7dbe7dd625434decff - - default default] 10.0.0.110 "DELETE /v2.0/security-groups/7a6535fb-0f64-485f-80f1-bdb0e03e2d61 HTTP/1.1" status: 204 len: 168 time: 0.1214600
2026-04-23 01:34:41.131 9 INFO neutron.db.ovn_revision_numbers_db [None req-84dd0ce8-0247-418c-85d5-8751b13b1999 1f30f0bd56734abcaffc9913bda99b30 fea43a3129a24918a08d278bd8069344 - - default default] Successfully bumped revision number for resource fa67b72b-65e4-421a-a987-17b45a05ede9 (type: security_group_rules) to 0
2026-04-23 01:34:41.188 10 INFO neutron.db.ovn_revision_numbers_db [None req-a9d4ad05-356d-4866-be7a-048c0bea9df9 9b2adb74703b4ae8b6d8da361c29106d c649a7a85ba54658a0ec24ce2373354f - - default default] Successfully bumped revision number for resource b7d942ca-4cfa-40b8-8a12-24865cc8abb7 (type: router_ports) to 1
2026-04-23 01:34:41.193 10 INFO neutron.api.wsgi [None req-a9d4ad05-356d-4866-be7a-048c0bea9df9 9b2adb74703b4ae8b6d8da361c29106d c649a7a85ba54658a0ec24ce2373354f - - default default] 10.0.0.110 "PUT /v2.0/routers/711d123b-c5cd-463d-82de-b6f1172e7237/add_router_interface HTTP/1.1" status: 200 len: 503 time: 1.6034899
2026-04-23 01:34:41.206 9 INFO neutron.db.segments_db [None req-84dd0ce8-0247-418c-85d5-8751b13b1999 1f30f0bd56734abcaffc9913bda99b30 fea43a3129a24918a08d278bd8069344 - - default default] Added segment 318da1fc-e42d-495c-bb21-f0a572616570 of type geneve for network 70fc1136-ad71-468a-943e-d304c29bca81
2026-04-23 01:34:41.231 10 INFO neutron.api.wsgi [None req-40bb845b-23b4-4d36-addd-8061b5cb6c7f 9b2adb74703b4ae8b6d8da361c29106d c649a7a85ba54658a0ec24ce2373354f - - default default] 10.0.0.110 "GET /v2.0/ports/b7d942ca-4cfa-40b8-8a12-24865cc8abb7 HTTP/1.1" status: 200 len: 1141 time: 0.0341918
2026-04-23 01:34:41.236 9 INFO neutron.api.wsgi [None req-c3016b83-5ed8-44eb-9cc9-f1b77b2fbdce c53477a9761846a59b5c679382fd7594 a6515bb358af4c7dbe7dd625434decff - - default default] 10.0.0.110 "DELETE /v2.0/security-groups/96aceadc-37b6-4069-b1ca-186eb37236c9 HTTP/1.1" status: 204 len: 168 time: 0.1147454
2026-04-23 01:34:41.277 10 INFO neutron.db.ovn_revision_numbers_db [None req-34e74756-34df-4794-9e44-409946b236e1 - - - - - -] Successfully bumped revision number for resource b7d942ca-4cfa-40b8-8a12-24865cc8abb7 (type: ports) to 2
2026-04-23 01:34:41.345 9 INFO neutron.db.ovn_revision_numbers_db [None req-84dd0ce8-0247-418c-85d5-8751b13b1999 1f30f0bd56734abcaffc9913bda99b30 fea43a3129a24918a08d278bd8069344 - - default default] Successfully bumped revision number for resource 70fc1136-ad71-468a-943e-d304c29bca81 (type: networks) to 1
2026-04-23 01:34:41.532 9 WARNING neutron.scheduler.dhcp_agent_scheduler [None req-84dd0ce8-0247-418c-85d5-8751b13b1999 1f30f0bd56734abcaffc9913bda99b30 fea43a3129a24918a08d278bd8069344 - - default default] No more DHCP agents
2026-04-23 01:34:41.534 9 WARNING neutron.api.rpc.agentnotifiers.dhcp_rpc_agent_api [None req-84dd0ce8-0247-418c-85d5-8751b13b1999 1f30f0bd56734abcaffc9913bda99b30 fea43a3129a24918a08d278bd8069344 - - default default] Unable to schedule network 70fc1136-ad71-468a-943e-d304c29bca81: no agents available; will retry on subsequent port and subnet creation events.
2026-04-23 01:34:41.609 9 INFO neutron.db.ovn_revision_numbers_db [None req-84dd0ce8-0247-418c-85d5-8751b13b1999 1f30f0bd56734abcaffc9913bda99b30 fea43a3129a24918a08d278bd8069344 - - default default] Successfully bumped revision number for resource 831fd98d-55b3-4b12-b428-d1d21d87c2eb (type: ports) to 1
2026-04-23 01:34:41.634 9 INFO neutron.api.wsgi [None req-84dd0ce8-0247-418c-85d5-8751b13b1999 1f30f0bd56734abcaffc9913bda99b30 fea43a3129a24918a08d278bd8069344 - - default default] 10.0.0.110 "POST /v2.0/networks HTTP/1.1" status: 201 len: 844 time: 0.9225600
2026-04-23 01:34:41.654 10 WARNING neutron_lib.context [None req-7f1c88d9-fd33-4735-9b1b-65baf34048db 1f30f0bd56734abcaffc9913bda99b30 fea43a3129a24918a08d278bd8069344 - - default default] Method 'is_advsvc' is deprecated since 2023.2 release (neutron-lib 3.8.0) and will be removed once support for the old RBAC API policies will be removed from Neutron. Please use method 'is_service_role' instead.
2026-04-23 01:34:41.737 9 WARNING neutron.scheduler.dhcp_agent_scheduler [None req-5045e543-033d-40a8-9e76-ffcc194cde38 9b2adb74703b4ae8b6d8da361c29106d c649a7a85ba54658a0ec24ce2373354f - - default default] No more DHCP agents
2026-04-23 01:34:41.739 9 WARNING neutron.api.rpc.agentnotifiers.dhcp_rpc_agent_api [None req-5045e543-033d-40a8-9e76-ffcc194cde38 9b2adb74703b4ae8b6d8da361c29106d c649a7a85ba54658a0ec24ce2373354f - - default default] Unable to schedule network b6bf8fb3-2a94-4adb-8001-9375a333313a: no agents available; will retry on subsequent port and subnet creation events.
2026-04-23 01:34:41.879 9 INFO neutron.db.ovn_revision_numbers_db [None req-5045e543-033d-40a8-9e76-ffcc194cde38 9b2adb74703b4ae8b6d8da361c29106d c649a7a85ba54658a0ec24ce2373354f - - default default] Successfully bumped revision number for resource 9e6bd1d8-94a9-4e03-abec-917a0d57e9ea (type: ports) to 1
2026-04-23 01:34:41.962 10 WARNING neutron.scheduler.dhcp_agent_scheduler [None req-7f1c88d9-fd33-4735-9b1b-65baf34048db 1f30f0bd56734abcaffc9913bda99b30 fea43a3129a24918a08d278bd8069344 - - default default] No more DHCP agents
2026-04-23 01:34:41.965 10 WARNING neutron.api.rpc.agentnotifiers.dhcp_rpc_agent_api [None req-7f1c88d9-fd33-4735-9b1b-65baf34048db 1f30f0bd56734abcaffc9913bda99b30 fea43a3129a24918a08d278bd8069344 - - default default] Unable to schedule network 70fc1136-ad71-468a-943e-d304c29bca81: no agents available; will retry on subsequent port and subnet creation events.
2026-04-23 01:34:42.049 10 INFO neutron.db.ovn_revision_numbers_db [None req-7f1c88d9-fd33-4735-9b1b-65baf34048db 1f30f0bd56734abcaffc9913bda99b30 fea43a3129a24918a08d278bd8069344 - - default default] Successfully bumped revision number for resource 459e3264-4f04-455d-9092-4fde9cd327d6 (type: ports) to 1
2026-04-23 01:34:42.073 10 INFO neutron.api.wsgi [None req-7f1c88d9-fd33-4735-9b1b-65baf34048db 1f30f0bd56734abcaffc9913bda99b30 fea43a3129a24918a08d278bd8069344 - - default default] 10.0.0.110 "POST /v2.0/ports HTTP/1.1" status: 201 len: 973 time: 0.4318225 /var/lib/openstack/lib/python3.12/site-packages/pycadf/identifier.py:71: UserWarning: Invalid uuid: neutron. To ensure interoperability, identifiers should be a valid uuid. warnings.warn(('Invalid uuid: %s. To ensure interoperability, '
2026-04-23 01:34:42.082 10 WARNING neutron_lib.context [None req-e1ca62f7-1c23-4fee-844d-07ec9bd8ce07 1f30f0bd56734abcaffc9913bda99b30 fea43a3129a24918a08d278bd8069344 - - default default] Method 'is_advsvc' is deprecated since 2023.2 release (neutron-lib 3.8.0) and will be removed once support for the old RBAC API policies will be removed from Neutron. Please use method 'is_service_role' instead.
2026-04-23 01:34:42.176 10 INFO neutron.db.segments_db [None req-e1ca62f7-1c23-4fee-844d-07ec9bd8ce07 1f30f0bd56734abcaffc9913bda99b30 fea43a3129a24918a08d278bd8069344 - - default default] Added segment 1a71c679-a417-4b6c-b284-d0b41058b95c of type geneve for network 59905fe7-5d7b-47e3-9910-5724acf6c436
2026-04-23 01:34:42.295 10 INFO neutron.db.ovn_revision_numbers_db [None req-e1ca62f7-1c23-4fee-844d-07ec9bd8ce07 1f30f0bd56734abcaffc9913bda99b30 fea43a3129a24918a08d278bd8069344 - - default default] Successfully bumped revision number for resource 59905fe7-5d7b-47e3-9910-5724acf6c436 (type: networks) to 1
2026-04-23 01:34:42.382 9 INFO neutron.plugins.ml2.drivers.ovn.mech_driver.mech_driver [None req-1ece7869-9295-4d73-8ad2-f3b3d1b73c7d - - - - - -] OVN reports status up for port: 9e6bd1d8-94a9-4e03-abec-917a0d57e9ea
2026-04-23 01:34:42.395 9 INFO neutron.plugins.ml2.plugin [None req-1ece7869-9295-4d73-8ad2-f3b3d1b73c7d - - - - - -] Attempt 1 to provision port 9e6bd1d8-94a9-4e03-abec-917a0d57e9ea
2026-04-23 01:34:42.408 9 INFO neutron.db.ovn_revision_numbers_db [None req-5045e543-033d-40a8-9e76-ffcc194cde38 9b2adb74703b4ae8b6d8da361c29106d c649a7a85ba54658a0ec24ce2373354f - - default default] Successfully bumped revision number for resource 9e6bd1d8-94a9-4e03-abec-917a0d57e9ea (type: ports) to 1
2026-04-23 01:34:42.483 10 INFO neutron.db.ovn_revision_numbers_db [None req-cf83597f-08f8-4ba9-a7e1-24cd412180f8 91ca839dbcda46d3af22ee5ad56de9d6 0803f8ff07b74f198445f884bcc37285 - - default default] Successfully bumped revision number for resource 3123524c-01c3-41d3-a320-c174c8c70831 (type: security_groups) to 1
2026-04-23 01:34:42.496 10 WARNING neutron.scheduler.dhcp_agent_scheduler [None req-e1ca62f7-1c23-4fee-844d-07ec9bd8ce07 1f30f0bd56734abcaffc9913bda99b30 fea43a3129a24918a08d278bd8069344 - - default default] No more DHCP agents
2026-04-23 01:34:42.497 10 WARNING neutron.api.rpc.agentnotifiers.dhcp_rpc_agent_api [None req-e1ca62f7-1c23-4fee-844d-07ec9bd8ce07 1f30f0bd56734abcaffc9913bda99b30 fea43a3129a24918a08d278bd8069344 - - default default] Unable to schedule network 59905fe7-5d7b-47e3-9910-5724acf6c436: no agents available; will retry on subsequent port and subnet creation events.
2026-04-23 01:34:42.501 10 INFO neutron.db.ovn_revision_numbers_db [None req-cf83597f-08f8-4ba9-a7e1-24cd412180f8 91ca839dbcda46d3af22ee5ad56de9d6 0803f8ff07b74f198445f884bcc37285 - - default default] Successfully bumped revision number for resource 541322c0-8863-4289-a0be-bfbfdd59a9bc (type: security_group_rules) to 0
2026-04-23 01:34:42.518 10 INFO neutron.db.ovn_revision_numbers_db [None req-cf83597f-08f8-4ba9-a7e1-24cd412180f8 91ca839dbcda46d3af22ee5ad56de9d6 0803f8ff07b74f198445f884bcc37285 - - default default] Successfully bumped revision number for resource 61e78541-342c-4ab8-ac1c-055cdd4cd55d (type: security_group_rules) to 0
2026-04-23 01:34:42.542 10 INFO neutron.db.ovn_revision_numbers_db [None req-cf83597f-08f8-4ba9-a7e1-24cd412180f8 91ca839dbcda46d3af22ee5ad56de9d6 0803f8ff07b74f198445f884bcc37285 - - default default] Successfully bumped revision number for resource 7fc37e47-ae48-418a-855d-2d2215f0fa72 (type: security_group_rules) to 0
2026-04-23 01:34:42.561 10 INFO neutron.db.ovn_revision_numbers_db [None req-cf83597f-08f8-4ba9-a7e1-24cd412180f8 91ca839dbcda46d3af22ee5ad56de9d6 0803f8ff07b74f198445f884bcc37285 - - default default] Successfully bumped revision number for resource 8eaef9d9-cefb-4c44-a0f5-983f73140ef6 (type: security_group_rules) to 0
2026-04-23 01:34:42.566 10 INFO neutron.db.ovn_revision_numbers_db [None req-e1ca62f7-1c23-4fee-844d-07ec9bd8ce07 1f30f0bd56734abcaffc9913bda99b30 fea43a3129a24918a08d278bd8069344 - - default default] Successfully bumped revision number for resource ea96c3a9-a11b-4425-91f0-99e0395fb69f (type: ports) to 1
2026-04-23 01:34:42.597 10 INFO neutron.api.wsgi [None req-e1ca62f7-1c23-4fee-844d-07ec9bd8ce07 1f30f0bd56734abcaffc9913bda99b30 fea43a3129a24918a08d278bd8069344 - - default default] 10.0.0.110 "POST /v2.0/networks HTTP/1.1" status: 201 len: 831 time: 0.5194190
2026-04-23 01:34:42.602 10 INFO neutron.api.wsgi [None req-cf83597f-08f8-4ba9-a7e1-24cd412180f8 91ca839dbcda46d3af22ee5ad56de9d6 0803f8ff07b74f198445f884bcc37285 - - default default] 10.0.0.110 "GET /v2.0/security-groups?tenant_id=d00326980c8545c19aa4680bf5465e88&name=default HTTP/1.1" status: 200 len: 3120 time: 0.4989552
2026-04-23 01:34:42.606 10 WARNING neutron_lib.context [None req-acd8fa87-5764-4949-8b3b-2c8d11144e96 1f30f0bd56734abcaffc9913bda99b30 fea43a3129a24918a08d278bd8069344 - - default default] Method 'is_advsvc' is deprecated since 2023.2 release (neutron-lib 3.8.0) and will be removed once support for the old RBAC API policies will be removed from Neutron. Please use method 'is_service_role' instead.
2026-04-23 01:34:42.722 9 WARNING neutron.scheduler.dhcp_agent_scheduler [None req-5045e543-033d-40a8-9e76-ffcc194cde38 9b2adb74703b4ae8b6d8da361c29106d c649a7a85ba54658a0ec24ce2373354f - - default default] No more DHCP agents
2026-04-23 01:34:42.724 9 WARNING neutron.api.rpc.agentnotifiers.dhcp_rpc_agent_api [None req-5045e543-033d-40a8-9e76-ffcc194cde38 9b2adb74703b4ae8b6d8da361c29106d c649a7a85ba54658a0ec24ce2373354f - - default default] Unable to schedule network b6bf8fb3-2a94-4adb-8001-9375a333313a: no agents available; will retry on subsequent port and subnet creation events.
2026-04-23 01:34:42.856 10 WARNING neutron.scheduler.dhcp_agent_scheduler [None req-acd8fa87-5764-4949-8b3b-2c8d11144e96 1f30f0bd56734abcaffc9913bda99b30 fea43a3129a24918a08d278bd8069344 - - default default] No more DHCP agents
2026-04-23 01:34:42.858 10 WARNING neutron.api.rpc.agentnotifiers.dhcp_rpc_agent_api [None req-acd8fa87-5764-4949-8b3b-2c8d11144e96 1f30f0bd56734abcaffc9913bda99b30 fea43a3129a24918a08d278bd8069344 - - default default] Unable to schedule network 59905fe7-5d7b-47e3-9910-5724acf6c436: no agents available; will retry on subsequent port and subnet creation events.
2026-04-23 01:34:42.887 10 INFO neutron.api.wsgi [None req-b1b9cadc-0d21-45af-a63e-71f6965e22e2 91ca839dbcda46d3af22ee5ad56de9d6 0803f8ff07b74f198445f884bcc37285 - - default default] 10.0.0.110 "DELETE /v2.0/security-groups/3123524c-01c3-41d3-a320-c174c8c70831 HTTP/1.1" status: 204 len: 168 time: 0.2796800
2026-04-23 01:34:42.974 9 INFO neutron.db.ovn_revision_numbers_db [None req-5045e543-033d-40a8-9e76-ffcc194cde38 9b2adb74703b4ae8b6d8da361c29106d c649a7a85ba54658a0ec24ce2373354f - - default default] Successfully bumped revision number for resource 9e6bd1d8-94a9-4e03-abec-917a0d57e9ea (type: router_ports) to 1
2026-04-23 01:34:42.979 9 INFO neutron.api.wsgi [None req-5045e543-033d-40a8-9e76-ffcc194cde38 9b2adb74703b4ae8b6d8da361c29106d c649a7a85ba54658a0ec24ce2373354f - - default default] 10.0.0.110 "PUT /v2.0/routers/711d123b-c5cd-463d-82de-b6f1172e7237/add_router_interface HTTP/1.1" status: 200 len: 503 time: 1.7396894
2026-04-23 01:34:43.129 9 INFO neutron.api.wsgi [None req-aba6b147-e419-4519-8de8-d4b57c22ace8 9b2adb74703b4ae8b6d8da361c29106d c649a7a85ba54658a0ec24ce2373354f - - default default] 10.0.0.110 "GET /v2.0/ports/9e6bd1d8-94a9-4e03-abec-917a0d57e9ea HTTP/1.1" status: 200 len: 1149 time: 0.1449482
2026-04-23 01:34:43.163 9 INFO neutron.db.ovn_revision_numbers_db [None req-1ece7869-9295-4d73-8ad2-f3b3d1b73c7d - - - - - -] Successfully bumped revision number for resource 9e6bd1d8-94a9-4e03-abec-917a0d57e9ea (type: ports) to 2
2026-04-23 01:34:43.175 9 INFO neutron.api.wsgi [None req-b686288c-5916-48fa-84f3-6a6a2a0fa621 9b2adb74703b4ae8b6d8da361c29106d c649a7a85ba54658a0ec24ce2373354f - - default default] 10.0.0.110 "GET /v2.0/ports/9e6bd1d8-94a9-4e03-abec-917a0d57e9ea HTTP/1.1" status: 200 len: 1149 time: 0.0385585
2026-04-23 01:34:43.280 9 INFO neutron.db.ovn_revision_numbers_db [None req-66c3bf7f-e244-4709-8619-473565154ded 91ca839dbcda46d3af22ee5ad56de9d6 0803f8ff07b74f198445f884bcc37285 - - default default] Successfully bumped revision number for resource b0eb556a-623a-498b-95f7-50c99ed539de (type: security_groups) to 1
2026-04-23 01:34:43.295 9 INFO neutron.db.ovn_revision_numbers_db [None req-66c3bf7f-e244-4709-8619-473565154ded 91ca839dbcda46d3af22ee5ad56de9d6 0803f8ff07b74f198445f884bcc37285 - - default default] Successfully bumped revision number for resource a48b4fda-149d-4999-bf2b-83a2b7d83bdd (type: security_group_rules) to 0
