2026-04-23 01:33:40.226 9 WARNING neutron_lib.context [None req-1438d395-5a76-4625-834b-00aa968c5fe1 141dd9e1545348c1af2bbc13b1158b80 55719ee15b3045d09025284f6a5235fd - - default default] Method 'is_advsvc' is deprecated since 2023.2 release (neutron-lib 3.8.0) and will be removed once support for the old RBAC API policies will be removed from Neutron. Please use method 'is_service_role' instead.
2026-04-23 01:33:40.334 9 INFO neutron.db.ovn_revision_numbers_db [None req-1438d395-5a76-4625-834b-00aa968c5fe1 141dd9e1545348c1af2bbc13b1158b80 55719ee15b3045d09025284f6a5235fd - - default default] Successfully bumped revision number for resource f1139125-c5c7-4773-bb60-aac1f2876a07 (type: security_groups) to 1
2026-04-23 01:33:40.338 10 INFO neutron.db.ovn_revision_numbers_db [None req-5ee678b2-a9a0-456f-8977-1340a96650ba - - - - - -] Successfully bumped revision number for resource 6908a5a9-8a7e-459d-8200-22fd9304f9b8 (type: ports) to 1
2026-04-23 01:33:40.348 9 INFO neutron.db.ovn_revision_numbers_db [None req-1438d395-5a76-4625-834b-00aa968c5fe1 141dd9e1545348c1af2bbc13b1158b80 55719ee15b3045d09025284f6a5235fd - - default default] Successfully bumped revision number for resource 22c386ea-d342-451c-ab25-16416aceea62 (type: security_group_rules) to 0
2026-04-23 01:33:40.360 9 INFO neutron.db.ovn_revision_numbers_db [None req-1438d395-5a76-4625-834b-00aa968c5fe1 141dd9e1545348c1af2bbc13b1158b80 55719ee15b3045d09025284f6a5235fd - - default default] Successfully bumped revision number for resource bb7cde54-091e-425f-a7a4-e02a60392998 (type: security_group_rules) to 0
2026-04-23 01:33:40.392 9 INFO neutron.api.wsgi [None req-1438d395-5a76-4625-834b-00aa968c5fe1 141dd9e1545348c1af2bbc13b1158b80 55719ee15b3045d09025284f6a5235fd - - default default] 10.0.0.110 "POST /v2.0/security-groups HTTP/1.1" status: 201 len: 1825 time: 0.1704388
2026-04-23 01:33:40.401 9 WARNING neutron_lib.context [None req-780af8e7-909e-4add-a720-ddbd8f903ecc 141dd9e1545348c1af2bbc13b1158b80 55719ee15b3045d09025284f6a5235fd - - default default] Method 'is_advsvc' is deprecated since 2023.2 release (neutron-lib 3.8.0) and will be removed once support for the old RBAC API policies will be removed from Neutron. Please use method 'is_service_role' instead.
2026-04-23 01:33:40.486 10 INFO neutron.api.wsgi [None req-bc123f9b-64ad-4ac5-adb3-8f248621555e 6a4b7ccfde3b4d85a78a2d0106026020 2e478d0e467d435580eb8cfe57fda40c - - default default] 10.0.0.110 "DELETE /v2.0/security-groups/92b58ee5-2f4c-4e15-aef2-37e6577cf29d HTTP/1.1" status: 204 len: 168 time: 0.2179911
2026-04-23 01:33:40.506 10 INFO neutron.api.v2.resource [None req-dd8068a8-6693-454f-8c21-3fa7a60d801b 6a4b7ccfde3b4d85a78a2d0106026020 2e478d0e467d435580eb8cfe57fda40c - - default default] show failed (client error): The resource could not be found.
2026-04-23 01:33:40.507 10 INFO neutron.api.wsgi [None req-dd8068a8-6693-454f-8c21-3fa7a60d801b 6a4b7ccfde3b4d85a78a2d0106026020 2e478d0e467d435580eb8cfe57fda40c - - default default] 10.0.0.110 "GET /v2.0/security-groups/92b58ee5-2f4c-4e15-aef2-37e6577cf29d HTTP/1.1" status: 404 len: 347 time: 0.0153837
2026-04-23 01:33:40.538 9 INFO neutron.db.ovn_revision_numbers_db [None req-780af8e7-909e-4add-a720-ddbd8f903ecc 141dd9e1545348c1af2bbc13b1158b80 55719ee15b3045d09025284f6a5235fd - - default default] Successfully bumped revision number for resource aa1e66b9-aa4b-44fc-a694-04da750baa17 (type: security_group_rules) to 0
2026-04-23 01:33:40.570 9 INFO neutron.api.wsgi [None req-780af8e7-909e-4add-a720-ddbd8f903ecc 141dd9e1545348c1af2bbc13b1158b80 55719ee15b3045d09025284f6a5235fd - - default default] 10.0.0.110 "POST /v2.0/security-group-rules HTTP/1.1" status: 201 len: 800 time: 0.1729774
2026-04-23 01:33:40.583 10 WARNING neutron.scheduler.dhcp_agent_scheduler [None req-07a9e97a-ac22-4414-8eff-0d808da33011 91ca839dbcda46d3af22ee5ad56de9d6 0803f8ff07b74f198445f884bcc37285 - - default default] No more DHCP agents
2026-04-23 01:33:40.587 10 WARNING neutron.api.rpc.agentnotifiers.dhcp_rpc_agent_api [None req-07a9e97a-ac22-4414-8eff-0d808da33011 91ca839dbcda46d3af22ee5ad56de9d6 0803f8ff07b74f198445f884bcc37285 - - default default] Unable to schedule network e37f6a74-2a7c-4fa8-a893-53d232288c69: no agents available; will retry on subsequent port and subnet creation events.
2026-04-23 01:33:40.594 9 INFO neutron.api.wsgi [None req-2b3ebe29-6b53-4b5d-97ab-c59430a0022b 141dd9e1545348c1af2bbc13b1158b80 55719ee15b3045d09025284f6a5235fd - - default default] 10.0.0.110 "GET /v2.0/security-group-rules/aa1e66b9-aa4b-44fc-a694-04da750baa17 HTTP/1.1" status: 200 len: 795 time: 0.0183585
2026-04-23 01:33:40.737 10 INFO neutron.api.wsgi [None req-66e4f3d6-3f96-46a5-874b-1461e5e0f17b 141dd9e1545348c1af2bbc13b1158b80 55719ee15b3045d09025284f6a5235fd - - default default] 10.0.0.110 "GET /v2.0/security-group-rules HTTP/1.1" status: 200 len: 4333 time: 0.1368380
2026-04-23 01:33:40.813 10 INFO neutron.db.ovn_revision_numbers_db [None req-07a9e97a-ac22-4414-8eff-0d808da33011 91ca839dbcda46d3af22ee5ad56de9d6 0803f8ff07b74f198445f884bcc37285 - - default default] Successfully bumped revision number for resource 5eace62c-d3ae-48ec-9c9e-e519c6250e1b (type: ports) to 1
2026-04-23 01:33:40.875 10 INFO neutron.db.ovn_revision_numbers_db [None req-5ee678b2-a9a0-456f-8977-1340a96650ba - - - - - -] Successfully bumped revision number for resource 6908a5a9-8a7e-459d-8200-22fd9304f9b8 (type: ports) to 4
2026-04-23 01:33:40.887 9 INFO neutron.api.wsgi [None req-d604b1a9-5fd9-4a87-a053-d11a75f87ca4 141dd9e1545348c1af2bbc13b1158b80 55719ee15b3045d09025284f6a5235fd - - default default] 10.0.0.110 "DELETE /v2.0/security-group-rules/aa1e66b9-aa4b-44fc-a694-04da750baa17 HTTP/1.1" status: 204 len: 168 time: 0.1432281
2026-04-23 01:33:40.956 10 INFO neutron.api.wsgi [None req-df9d2ed4-49b9-4f5b-81e5-651d2ac35964 6a4b7ccfde3b4d85a78a2d0106026020 2e478d0e467d435580eb8cfe57fda40c - - default default] 10.0.0.110 "DELETE /v2.0/floatingips/4b2df0ee-2874-4555-b864-b04d5a909f33 HTTP/1.1" status: 204 len: 168 time: 0.4418342
2026-04-23 01:33:40.962 9 INFO neutron.api.wsgi [None req-b9c08843-d6dc-4399-8d88-54d600cf354e 141dd9e1545348c1af2bbc13b1158b80 55719ee15b3045d09025284f6a5235fd - - default default] 10.0.0.110 "GET /v2.0/security-group-rules HTTP/1.1" status: 200 len: 3755 time: 0.0695355
2026-04-23 01:33:40.976 9 WARNING neutron_lib.context [None req-e5e195cf-d1a8-4e52-86ad-534b7e348142 141dd9e1545348c1af2bbc13b1158b80 55719ee15b3045d09025284f6a5235fd - - default default] Method 'is_advsvc' is deprecated since 2023.2 release (neutron-lib 3.8.0) and will be removed once support for the old RBAC API policies will be removed from Neutron. Please use method 'is_service_role' instead.
2026-04-23 01:33:41.095 9 INFO neutron.db.ovn_revision_numbers_db [None req-e5e195cf-d1a8-4e52-86ad-534b7e348142 141dd9e1545348c1af2bbc13b1158b80 55719ee15b3045d09025284f6a5235fd - - default default] Successfully bumped revision number for resource 23269445-a789-47b1-b246-bf26c5bf307d (type: security_group_rules) to 0
2026-04-23 01:33:41.128 9 INFO neutron.api.wsgi [None req-e5e195cf-d1a8-4e52-86ad-534b7e348142 141dd9e1545348c1af2bbc13b1158b80 55719ee15b3045d09025284f6a5235fd - - default default] 10.0.0.110 "POST /v2.0/security-group-rules HTTP/1.1" status: 201 len: 800 time: 0.1573603
2026-04-23 01:33:41.150 9 INFO neutron.api.wsgi [None req-a5f3358f-cc94-477c-94ab-62a373df6fdf 141dd9e1545348c1af2bbc13b1158b80 55719ee15b3045d09025284f6a5235fd - - default default] 10.0.0.110 "GET /v2.0/security-group-rules/23269445-a789-47b1-b246-bf26c5bf307d HTTP/1.1" status: 200 len: 795 time: 0.0163770
2026-04-23 01:33:41.212 9 INFO neutron.api.wsgi [None req-6958ed50-149b-4b76-aba1-e04176d32a76 141dd9e1545348c1af2bbc13b1158b80 55719ee15b3045d09025284f6a5235fd - - default default] 10.0.0.110 "GET /v2.0/security-group-rules HTTP/1.1" status: 200 len: 4333 time: 0.0581045
2026-04-23 01:33:41.327 9 INFO neutron.api.wsgi [None req-84b3214a-876d-4b22-831e-26e355e36f44 141dd9e1545348c1af2bbc13b1158b80 55719ee15b3045d09025284f6a5235fd - - default default] 10.0.0.110 "DELETE /v2.0/security-group-rules/23269445-a789-47b1-b246-bf26c5bf307d HTTP/1.1" status: 204 len: 168 time: 0.1087310
2026-04-23 01:33:41.384 9 INFO neutron.api.wsgi [None req-3ab101d0-95d6-4453-91bf-20b4c56fcce2 141dd9e1545348c1af2bbc13b1158b80 55719ee15b3045d09025284f6a5235fd - - default default] 10.0.0.110 "GET /v2.0/security-group-rules HTTP/1.1" status: 200 len: 3755 time: 0.0520864
2026-04-23 01:33:41.393 9 WARNING neutron_lib.context [None req-b34b2fc3-0ad3-4805-a623-648691b79def 141dd9e1545348c1af2bbc13b1158b80 55719ee15b3045d09025284f6a5235fd - - default default] Method 'is_advsvc' is deprecated since 2023.2 release (neutron-lib 3.8.0) and will be removed once support for the old RBAC API policies will be removed from Neutron. Please use method 'is_service_role' instead.
2026-04-23 01:33:41.423 9 INFO neutron.db.securitygroups_db [None req-b34b2fc3-0ad3-4805-a623-648691b79def 141dd9e1545348c1af2bbc13b1158b80 55719ee15b3045d09025284f6a5235fd - - default default] Project 55719ee15b3045d09025284f6a5235fd added a security group rule with legacy IPv6 ICMP protocol name icmp, ipv6-icmp should be used instead. It was automatically converted.
2026-04-23 01:33:41.499 9 INFO neutron.db.ovn_revision_numbers_db [None req-b34b2fc3-0ad3-4805-a623-648691b79def 141dd9e1545348c1af2bbc13b1158b80 55719ee15b3045d09025284f6a5235fd - - default default] Successfully bumped revision number for resource ca552288-8dc9-4dc0-bd7f-189b5002dac1 (type: security_group_rules) to 0
2026-04-23 01:33:41.530 9 INFO neutron.api.wsgi [None req-b34b2fc3-0ad3-4805-a623-648691b79def 141dd9e1545348c1af2bbc13b1158b80 55719ee15b3045d09025284f6a5235fd - - default default] 10.0.0.110 "POST /v2.0/security-group-rules HTTP/1.1" status: 201 len: 806 time: 0.1415865
2026-04-23 01:33:41.551 10 INFO neutron.db.ovn_revision_numbers_db [None req-5ee678b2-a9a0-456f-8977-1340a96650ba - - - - - -] Successfully bumped revision number for resource 6908a5a9-8a7e-459d-8200-22fd9304f9b8 (type: ports) to 5
2026-04-23 01:33:41.557 9 INFO neutron.api.wsgi [None req-9f4e5481-913c-432a-b717-faf28a0314e8 141dd9e1545348c1af2bbc13b1158b80 55719ee15b3045d09025284f6a5235fd - - default default] 10.0.0.110 "GET /v2.0/security-group-rules/ca552288-8dc9-4dc0-bd7f-189b5002dac1 HTTP/1.1" status: 200 len: 801 time: 0.0221601
2026-04-23 01:33:41.624 9 INFO neutron.api.wsgi [None req-6b502aaf-07ff-457a-80ba-6d2e11a40c03 141dd9e1545348c1af2bbc13b1158b80 55719ee15b3045d09025284f6a5235fd - - default default] 10.0.0.110 "GET /v2.0/security-group-rules HTTP/1.1" status: 200 len: 4339 time: 0.0614171
2026-04-23 01:33:41.768 9 INFO neutron.api.wsgi [None req-31baa170-defb-48f7-aaf6-aa1742226a1f 141dd9e1545348c1af2bbc13b1158b80 55719ee15b3045d09025284f6a5235fd - - default default] 10.0.0.110 "DELETE /v2.0/security-group-rules/ca552288-8dc9-4dc0-bd7f-189b5002dac1 HTTP/1.1" status: 204 len: 168 time: 0.1350174
2026-04-23 01:33:41.815 9 INFO neutron.api.wsgi [None req-b0b38dda-1eb9-40fd-99ac-ca84f04dc933 141dd9e1545348c1af2bbc13b1158b80 55719ee15b3045d09025284f6a5235fd - - default default] 10.0.0.110 "GET /v2.0/security-group-rules HTTP/1.1" status: 200 len: 3755 time: 0.0429275
2026-04-23 01:33:41.884 10 INFO neutron.plugins.ml2.drivers.ovn.mech_driver.mech_driver [None req-2e8dbb28-bdf0-4a6e-9440-c919926d930d - - - - - -] OVN reports status up for port: 5eace62c-d3ae-48ec-9c9e-e519c6250e1b
2026-04-23 01:33:41.894 10 INFO neutron.plugins.ml2.plugin [None req-2e8dbb28-bdf0-4a6e-9440-c919926d930d - - - - - -] Attempt 1 to provision port 5eace62c-d3ae-48ec-9c9e-e519c6250e1b
2026-04-23 01:33:41.912 10 INFO neutron.db.ovn_revision_numbers_db [None req-07a9e97a-ac22-4414-8eff-0d808da33011 91ca839dbcda46d3af22ee5ad56de9d6 0803f8ff07b74f198445f884bcc37285 - - default default] Successfully bumped revision number for resource 5eace62c-d3ae-48ec-9c9e-e519c6250e1b (type: ports) to 1
2026-04-23 01:33:41.917 9 INFO neutron.api.wsgi [None req-fcde1a9e-ec56-4321-8e02-c7d455e54947 141dd9e1545348c1af2bbc13b1158b80 55719ee15b3045d09025284f6a5235fd - - default default] 10.0.0.110 "DELETE /v2.0/security-groups/f1139125-c5c7-4773-bb60-aac1f2876a07 HTTP/1.1" status: 204 len: 168 time: 0.0961382
2026-04-23 01:33:41.954 9 INFO neutron.api.wsgi [None req-cfb2e50a-74eb-4bd2-bf2a-8c45421a6fca 141dd9e1545348c1af2bbc13b1158b80 55719ee15b3045d09025284f6a5235fd - - default default] 10.0.0.110 "GET /v2.0/security-groups HTTP/1.1" status: 200 len: 3120 time: 0.0316398
2026-04-23 01:33:41.988 9 INFO neutron.api.wsgi [None req-5fead92f-dbaa-46a2-964f-b5cd4ce6d0bf 141dd9e1545348c1af2bbc13b1158b80 55719ee15b3045d09025284f6a5235fd - - default default] 10.0.0.110 "GET /v2.0/security-groups HTTP/1.1" status: 200 len: 3120 time: 0.0287857
2026-04-23 01:33:41.993 10 WARNING neutron.scheduler.dhcp_agent_scheduler [None req-07a9e97a-ac22-4414-8eff-0d808da33011 91ca839dbcda46d3af22ee5ad56de9d6 0803f8ff07b74f198445f884bcc37285 - - default default] No more DHCP agents
2026-04-23 01:33:41.995 10 WARNING neutron.api.rpc.agentnotifiers.dhcp_rpc_agent_api [None req-07a9e97a-ac22-4414-8eff-0d808da33011 91ca839dbcda46d3af22ee5ad56de9d6 0803f8ff07b74f198445f884bcc37285 - - default default] Unable to schedule network e37f6a74-2a7c-4fa8-a893-53d232288c69: no agents available; will retry on subsequent port and subnet creation events.
2026-04-23 01:33:42.407 10 INFO neutron.db.ovn_revision_numbers_db [None req-2e8dbb28-bdf0-4a6e-9440-c919926d930d - - - - - -] Successfully bumped revision number for resource 5eace62c-d3ae-48ec-9c9e-e519c6250e1b (type: ports) to 2
2026-04-23 01:33:42.570 9 INFO neutron.api.wsgi [None req-fb89135b-b185-4b3b-afe6-03e110918ead 91ca839dbcda46d3af22ee5ad56de9d6 0803f8ff07b74f198445f884bcc37285 - - default default] 10.0.0.110 "GET /v2.0/security-groups?tenant_id=55719ee15b3045d09025284f6a5235fd&name=default HTTP/1.1" status: 200 len: 3120 time: 0.1074901
2026-04-23 01:33:42.773 10 INFO neutron.api.wsgi [None req-7a7f97d0-2120-42a6-9260-78c26c3589d4 91ca839dbcda46d3af22ee5ad56de9d6 0803f8ff07b74f198445f884bcc37285 - - default default] 10.0.0.110 "PUT /v2.0/routers/eb253aa0-4505-4fa6-b9be-2d6f6831a6e5/remove_router_interface HTTP/1.1" status: 200 len: 503 time: 1.8092463
2026-04-23 01:33:42.775 9 INFO neutron.api.wsgi [None req-a52326ee-936a-4a4c-a0ff-365fb94ffea9 91ca839dbcda46d3af22ee5ad56de9d6 0803f8ff07b74f198445f884bcc37285 - - default default] 10.0.0.110 "DELETE /v2.0/security-groups/d6ae9a73-a645-4fb3-b197-05165acb9da4 HTTP/1.1" status: 204 len: 168 time: 0.1994698
2026-04-23 01:33:42.920 10 INFO neutron.db.ovn_revision_numbers_db [None req-07a9e97a-ac22-4414-8eff-0d808da33011 91ca839dbcda46d3af22ee5ad56de9d6 0803f8ff07b74f198445f884bcc37285 - - default default] Successfully bumped revision number for resource 5eace62c-d3ae-48ec-9c9e-e519c6250e1b (type: router_ports) to 1
2026-04-23 01:33:42.929 10 INFO neutron.api.wsgi [None req-07a9e97a-ac22-4414-8eff-0d808da33011 91ca839dbcda46d3af22ee5ad56de9d6 0803f8ff07b74f198445f884bcc37285 - - default default] 10.0.0.110 "PUT /v2.0/routers/caf87633-78da-40d9-ae48-195206701189/add_router_interface HTTP/1.1" status: 200 len: 503 time: 2.9016800
2026-04-23 01:33:43.455 9 INFO neutron.api.wsgi [None req-5f1339ec-8b74-4576-acb7-d4f4e89d1783 91ca839dbcda46d3af22ee5ad56de9d6 0803f8ff07b74f198445f884bcc37285 - - default default] 10.0.0.110 "DELETE /v2.0/routers/eb253aa0-4505-4fa6-b9be-2d6f6831a6e5 HTTP/1.1" status: 204 len: 168 time: 0.6760921
2026-04-23 01:33:43.618 9 INFO neutron.api.wsgi [None req-c40a3c1f-3ad8-4bb1-912f-423844697813 91ca839dbcda46d3af22ee5ad56de9d6 0803f8ff07b74f198445f884bcc37285 - - default default] 10.0.0.110 "DELETE /v2.0/subnets/1f2f40f1-76ac-4150-872f-58196ddcddde HTTP/1.1" status: 204 len: 168 time: 0.1585424 /var/lib/openstack/lib/python3.12/site-packages/pycadf/identifier.py:71: UserWarning: Invalid uuid: neutron. To ensure interoperability, identifiers should be a valid uuid. warnings.warn(('Invalid uuid: %s. To ensure interoperability, '
2026-04-23 01:33:43.940 10 INFO neutron.services.segments.plugin [-] Segment 5b902ff2-dff0-4f4a-8456-f0b8d155a912 resource provider aggregate not found
2026-04-23 01:33:43.955 10 INFO neutron.services.segments.plugin [-] Segment 5b902ff2-dff0-4f4a-8456-f0b8d155a912 resource provider not found; error: Placement Client Error (4xx): {"errors": [{"status": 404, "title": "Not Found", "detail": "The resource could not be found.\n\n No resource provider with uuid 5b902ff2-dff0-4f4a-8456-f0b8d155a912 found for delete ", "request_id": "req-9b9178e3-5c66-4069-a79b-8bc16dfb8adc"}]}
2026-04-23 01:33:43.957 10 INFO neutron.services.segments.plugin [-] Segment 5b902ff2-dff0-4f4a-8456-f0b8d155a912 resource provider aggregate not found
2026-04-23 01:33:43.974 10 INFO neutron.services.segments.plugin [-] Segment 5b902ff2-dff0-4f4a-8456-f0b8d155a912 resource provider not found; error: Placement Client Error (4xx): {"errors": [{"status": 404, "title": "Not Found", "detail": "The resource could not be found.\n\n No resource provider with uuid 5b902ff2-dff0-4f4a-8456-f0b8d155a912 found for delete ", "request_id": "req-c6905cd8-8fc4-441b-ba26-102b24b183dc"}]}
2026-04-23 01:33:43.989 10 INFO neutron.api.wsgi [req-29003f49-be8d-4f31-80ef-1c925469210b req-6a8281f3-e87a-4106-92fb-2885d642051b af48f2945550495b9d2109a13c453fdb 658e229bd841432a9ea1f99a3a32bc60 - - default default] 10.0.0.163 "GET /v2.0/networks?id=e37f6a74-2a7c-4fa8-a893-53d232288c69 HTTP/1.1" status: 200 len: 877 time: 0.0697587
2026-04-23 01:33:43.995 10 INFO neutron.api.wsgi [None req-ec96c915-c2b1-4808-a7ef-78d0deecf9c9 91ca839dbcda46d3af22ee5ad56de9d6 0803f8ff07b74f198445f884bcc37285 - - default default] 10.0.0.110 "DELETE /v2.0/networks/bce9c624-56ab-44f3-a6a7-f2f9d14ade0c HTTP/1.1" status: 204 len: 168 time: 0.3710525
2026-04-23 01:33:44.005 10 INFO neutron.api.wsgi [req-29003f49-be8d-4f31-80ef-1c925469210b req-c51f9701-f0e5-4b8a-bc84-dda4e78e02da af48f2945550495b9d2109a13c453fdb 658e229bd841432a9ea1f99a3a32bc60 - - default default] 10.0.0.163 "GET /v2.0/quotas/658e229bd841432a9ea1f99a3a32bc60 HTTP/1.1" status: 200 len: 491 time: 0.0080535
2026-04-23 01:33:44.085 10 INFO neutron.api.wsgi [req-29003f49-be8d-4f31-80ef-1c925469210b req-946590a1-8d4c-417c-910b-b688cf35ed07 af48f2945550495b9d2109a13c453fdb 658e229bd841432a9ea1f99a3a32bc60 - - default default] 10.0.0.163 "GET /v2.0/ports?tenant_id=658e229bd841432a9ea1f99a3a32bc60&fields=id HTTP/1.1" status: 200 len: 302 time: 0.0761657
2026-04-23 01:33:44.124 9 INFO neutron.api.wsgi [None req-e6fd258e-a121-4374-a378-096145523690 91ca839dbcda46d3af22ee5ad56de9d6 0803f8ff07b74f198445f884bcc37285 - - default default] 10.0.0.110 "GET /v2.0/security-groups?tenant_id=2e478d0e467d435580eb8cfe57fda40c&name=default HTTP/1.1" status: 200 len: 3120 time: 0.0408192
2026-04-23 01:33:44.136 10 INFO neutron.api.wsgi [req-29003f49-be8d-4f31-80ef-1c925469210b req-3593c657-a18c-475c-b9fb-46e3ee915189 ac89d56221214e9781827e73aac2a8d1 bc6adab9e9c04d77ab58d03b74f45e78 - - 6670a3f505bc44f7ba8b1edd2de6f792 6670a3f505bc44f7ba8b1edd2de6f792] 10.0.0.163 "GET /v2.0/networks/e37f6a74-2a7c-4fa8-a893-53d232288c69?fields=segments HTTP/1.1" status: 200 len: 212 time: 0.0428927
2026-04-23 01:33:44.184 10 INFO neutron.api.wsgi [req-29003f49-be8d-4f31-80ef-1c925469210b req-58f49a69-1926-476c-9e0c-722180af238a ac89d56221214e9781827e73aac2a8d1 bc6adab9e9c04d77ab58d03b74f45e78 - - 6670a3f505bc44f7ba8b1edd2de6f792 6670a3f505bc44f7ba8b1edd2de6f792] 10.0.0.163 "GET /v2.0/networks/e37f6a74-2a7c-4fa8-a893-53d232288c69?fields=provider%3Aphysical_network&fields=provider%3Anetwork_type HTTP/1.1" status: 200 len: 277 time: 0.0393906
2026-04-23 01:33:44.306 10 INFO neutron.api.wsgi [req-3a741519-c262-4a04-a580-2a25d244a769 req-b6a36126-cc6e-412a-9a51-6ca9849fa55b af48f2945550495b9d2109a13c453fdb 658e229bd841432a9ea1f99a3a32bc60 - - default default] 10.0.0.163 "GET /v2.0/ports?device_id=2ae5192e-6dce-48ef-a468-856347798283 HTTP/1.1" status: 200 len: 210 time: 0.0173326
2026-04-23 01:33:44.370 9 INFO neutron.api.wsgi [None req-88ed6385-246b-46e5-af4d-94e6b88087e5 91ca839dbcda46d3af22ee5ad56de9d6 0803f8ff07b74f198445f884bcc37285 - - default default] 10.0.0.110 "DELETE /v2.0/security-groups/0a5d1527-6b8d-4745-a3c6-e6eed25f9f7f HTTP/1.1" status: 204 len: 168 time: 0.2406251
2026-04-23 01:33:44.630 9 WARNING neutron_lib.context [None req-2e6e21b8-b031-42a9-a671-7ea027c41c61 fe58f8c62711403189c68b4f84340772 e694e94de2b644b6bb43736c75c1188f - - default default] Method 'is_advsvc' is deprecated since 2023.2 release (neutron-lib 3.8.0) and will be removed once support for the old RBAC API policies will be removed from Neutron. Please use method 'is_service_role' instead.
2026-04-23 01:33:44.686 9 INFO neutron.api.wsgi [None req-2e6e21b8-b031-42a9-a671-7ea027c41c61 fe58f8c62711403189c68b4f84340772 e694e94de2b644b6bb43736c75c1188f - - default default] 10.0.0.110 "POST /v2.0/subnetpools HTTP/1.1" status: 201 len: 748 time: 0.2624967
2026-04-23 01:33:44.723 9 INFO neutron.api.wsgi [None req-557c9eb7-119a-4f9a-8b82-b127f876591e fe58f8c62711403189c68b4f84340772 e694e94de2b644b6bb43736c75c1188f - - default default] 10.0.0.110 "GET /v2.0/subnetpools/2d47430c-fa8f-4464-9a54-127aca8adec1 HTTP/1.1" status: 200 len: 743 time: 0.0202630
2026-04-23 01:33:44.781 9 INFO neutron.api.wsgi [None req-6f27bf29-155c-46cc-8d8e-cea508f1c3fe fe58f8c62711403189c68b4f84340772 e694e94de2b644b6bb43736c75c1188f - - default default] 10.0.0.110 "PUT /v2.0/subnetpools/2d47430c-fa8f-4464-9a54-127aca8adec1 HTTP/1.1" status: 200 len: 695 time: 0.0508225
2026-04-23 01:33:44.849 9 INFO neutron.api.wsgi [None req-5f48cd1e-caa2-449c-87c8-cc4bd9115c41 fe58f8c62711403189c68b4f84340772 e694e94de2b644b6bb43736c75c1188f - - default default] 10.0.0.110 "DELETE /v2.0/subnetpools/2d47430c-fa8f-4464-9a54-127aca8adec1 HTTP/1.1" status: 204 len: 168 time: 0.0588520
2026-04-23 01:33:44.863 9 INFO neutron.api.v2.resource [None req-095eaea6-0ecb-4b82-bb67-ccb62210a911 fe58f8c62711403189c68b4f84340772 e694e94de2b644b6bb43736c75c1188f - - default default] show failed (client error): The resource could not be found.
2026-04-23 01:33:44.864 9 INFO neutron.api.wsgi [None req-095eaea6-0ecb-4b82-bb67-ccb62210a911 fe58f8c62711403189c68b4f84340772 e694e94de2b644b6bb43736c75c1188f - - default default] 10.0.0.110 "GET /v2.0/subnetpools/2d47430c-fa8f-4464-9a54-127aca8adec1 HTTP/1.1" status: 404 len: 346 time: 0.0098019
2026-04-23 01:33:44.878 9 INFO neutron.api.v2.resource [None req-7ef7cd19-bf38-4f44-b455-750d862fe676 fe58f8c62711403189c68b4f84340772 e694e94de2b644b6bb43736c75c1188f - - default default] delete failed (client error): The resource could not be found.
2026-04-23 01:33:44.879 9 INFO neutron.api.wsgi [None req-7ef7cd19-bf38-4f44-b455-750d862fe676 fe58f8c62711403189c68b4f84340772 e694e94de2b644b6bb43736c75c1188f - - default default] 10.0.0.110 "DELETE /v2.0/subnetpools/2d47430c-fa8f-4464-9a54-127aca8adec1 HTTP/1.1" status: 404 len: 346 time: 0.0091591
2026-04-23 01:33:45.375 10 INFO neutron.api.wsgi [req-1375ef97-ef79-4cf4-9646-9f7cc3462cf3 req-f314087c-c458-4276-8f2e-fc0240d2635b af48f2945550495b9d2109a13c453fdb 658e229bd841432a9ea1f99a3a32bc60 - - default default] 10.0.0.163 "GET /v2.0/ports?device_id=2ae5192e-6dce-48ef-a468-856347798283 HTTP/1.1" status: 200 len: 210 time: 0.0188425
2026-04-23 01:33:45.469 9 INFO neutron.api.wsgi [req-8e98d2b1-1b3b-4b47-8fe4-3d706bdf1d1f req-9fc20e18-713f-4324-89dc-93b21199099d ac89d56221214e9781827e73aac2a8d1 bc6adab9e9c04d77ab58d03b74f45e78 - - 6670a3f505bc44f7ba8b1edd2de6f792 6670a3f505bc44f7ba8b1edd2de6f792] 10.0.0.166 "GET /v2.0/ports?device_id=71bae2cc-9bb1-4237-87f6-cd844963c7b5 HTTP/1.1" status: 200 len: 1409 time: 0.0324142
2026-04-23 01:33:45.513 9 INFO neutron.api.wsgi [req-8e98d2b1-1b3b-4b47-8fe4-3d706bdf1d1f req-0ff20818-a414-4665-b200-dc6bb2351f77 ac89d56221214e9781827e73aac2a8d1 bc6adab9e9c04d77ab58d03b74f45e78 - - 6670a3f505bc44f7ba8b1edd2de6f792 6670a3f505bc44f7ba8b1edd2de6f792] 10.0.0.166 "GET /v2.0/security-groups?id=fabf0c28-20c9-42b1-a64a-ec927dceaddc&fields=id&fields=name HTTP/1.1" status: 200 len: 313 time: 0.0372875
2026-04-23 01:33:45.623 10 INFO neutron.db.ovn_revision_numbers_db [None req-9c68dcf4-b873-45f5-b4f5-60d687ddc1c5 91ca839dbcda46d3af22ee5ad56de9d6 0803f8ff07b74f198445f884bcc37285 - - default default] Successfully bumped revision number for resource 916aa14e-3585-4230-a2d7-73df324660c2 (type: security_groups) to 1
2026-04-23 01:33:45.648 10 INFO neutron.db.ovn_revision_numbers_db [None req-9c68dcf4-b873-45f5-b4f5-60d687ddc1c5 91ca839dbcda46d3af22ee5ad56de9d6 0803f8ff07b74f198445f884bcc37285 - - default default] Successfully bumped revision number for resource 97ff40ca-2d1e-4fd5-aace-59d270e9fa19 (type: security_group_rules) to 0
2026-04-23 01:33:45.663 10 INFO neutron.db.ovn_revision_numbers_db [None req-9c68dcf4-b873-45f5-b4f5-60d687ddc1c5 91ca839dbcda46d3af22ee5ad56de9d6 0803f8ff07b74f198445f884bcc37285 - - default default] Successfully bumped revision number for resource ab33fff4-b789-4ba7-92b6-50f101c919f7 (type: security_group_rules) to 0
2026-04-23 01:33:45.679 10 INFO neutron.db.ovn_revision_numbers_db [None req-9c68dcf4-b873-45f5-b4f5-60d687ddc1c5 91ca839dbcda46d3af22ee5ad56de9d6 0803f8ff07b74f198445f884bcc37285 - - default default] Successfully bumped revision number for resource b56dde08-861d-4ae1-9c67-e4376088280b (type: security_group_rules) to 0
2026-04-23 01:33:45.696 10 INFO neutron.db.ovn_revision_numbers_db [None req-9c68dcf4-b873-45f5-b4f5-60d687ddc1c5 91ca839dbcda46d3af22ee5ad56de9d6 0803f8ff07b74f198445f884bcc37285 - - default default] Successfully bumped revision number for resource ed2503a2-45d7-4535-95d0-4c6ab08875a8 (type: security_group_rules) to 0
2026-04-23 01:33:45.742 10 INFO neutron.api.wsgi [None req-9c68dcf4-b873-45f5-b4f5-60d687ddc1c5 91ca839dbcda46d3af22ee5ad56de9d6 0803f8ff07b74f198445f884bcc37285 - - default default] 10.0.0.110 "GET /v2.0/security-groups?tenant_id=e694e94de2b644b6bb43736c75c1188f&name=default HTTP/1.1" status: 200 len: 3120 time: 0.4206884
2026-04-23 01:33:45.951 10 INFO neutron.api.wsgi [None req-92091e05-1119-40a5-82e5-ea240d304943 91ca839dbcda46d3af22ee5ad56de9d6 0803f8ff07b74f198445f884bcc37285 - - default default] 10.0.0.110 "DELETE /v2.0/security-groups/916aa14e-3585-4230-a2d7-73df324660c2 HTTP/1.1" status: 204 len: 168 time: 0.2034092
2026-04-23 01:33:46.380 10 INFO neutron.db.ovn_revision_numbers_db [None req-67cd6315-a1e1-4751-a645-8c6c5c3f19f6 91ca839dbcda46d3af22ee5ad56de9d6 0803f8ff07b74f198445f884bcc37285 - - default default] Successfully bumped revision number for resource cade671e-7a55-4ead-afa0-15820872d417 (type: security_groups) to 1
2026-04-23 01:33:46.393 10 INFO neutron.db.ovn_revision_numbers_db [None req-67cd6315-a1e1-4751-a645-8c6c5c3f19f6 91ca839dbcda46d3af22ee5ad56de9d6 0803f8ff07b74f198445f884bcc37285 - - default default] Successfully bumped revision number for resource 298d55c9-2c5e-4a47-84d4-047ea87d2773 (type: security_group_rules) to 0
2026-04-23 01:33:46.406 10 INFO neutron.db.ovn_revision_numbers_db [None req-67cd6315-a1e1-4751-a645-8c6c5c3f19f6 91ca839dbcda46d3af22ee5ad56de9d6 0803f8ff07b74f198445f884bcc37285 - - default default] Successfully bumped revision number for resource 476cb9ff-d1e6-41a8-81db-d31f8caa7efb (type: security_group_rules) to 0
2026-04-23 01:33:46.420 10 INFO neutron.db.ovn_revision_numbers_db [None req-67cd6315-a1e1-4751-a645-8c6c5c3f19f6 91ca839dbcda46d3af22ee5ad56de9d6 0803f8ff07b74f198445f884bcc37285 - - default default] Successfully bumped revision number for resource bcc2098e-385a-45fb-8396-d0a7dc26224d (type: security_group_rules) to 0
2026-04-23 01:33:46.433 10 INFO neutron.db.ovn_revision_numbers_db [None req-67cd6315-a1e1-4751-a645-8c6c5c3f19f6 91ca839dbcda46d3af22ee5ad56de9d6 0803f8ff07b74f198445f884bcc37285 - - default default] Successfully bumped revision number for resource dbab77df-ed21-4247-8dd2-d8fcd290e794 (type: security_group_rules) to 0
2026-04-23 01:33:46.458 10 INFO neutron.api.wsgi [req-3d64b147-f32d-4103-b7ba-bae13fdd2359 req-98d35fb2-efe4-47ce-b15a-ee8b895df1e6 af48f2945550495b9d2109a13c453fdb 658e229bd841432a9ea1f99a3a32bc60 - - default default] 10.0.0.163 "GET /v2.0/ports?device_id=2ae5192e-6dce-48ef-a468-856347798283 HTTP/1.1" status: 200 len: 210 time: 0.0226572
2026-04-23 01:33:46.513 10 INFO neutron.db.segments_db [None req-67cd6315-a1e1-4751-a645-8c6c5c3f19f6 91ca839dbcda46d3af22ee5ad56de9d6 0803f8ff07b74f198445f884bcc37285 - - default default] Added segment 4c915d21-6698-4854-a79b-0396b8df17e0 of type geneve for network 583d71a3-bbfd-4be1-af66-c20b2d665e43
2026-04-23 01:33:46.625 10 INFO neutron.db.ovn_revision_numbers_db [None req-67cd6315-a1e1-4751-a645-8c6c5c3f19f6 91ca839dbcda46d3af22ee5ad56de9d6 0803f8ff07b74f198445f884bcc37285 - - default default] Successfully bumped revision number for resource 583d71a3-bbfd-4be1-af66-c20b2d665e43 (type: networks) to 1
2026-04-23 01:33:46.757 10 WARNING neutron.scheduler.dhcp_agent_scheduler [None req-67cd6315-a1e1-4751-a645-8c6c5c3f19f6 91ca839dbcda46d3af22ee5ad56de9d6 0803f8ff07b74f198445f884bcc37285 - - default default] No more DHCP agents
2026-04-23 01:33:46.758 10 WARNING neutron.api.rpc.agentnotifiers.dhcp_rpc_agent_api [None req-67cd6315-a1e1-4751-a645-8c6c5c3f19f6 91ca839dbcda46d3af22ee5ad56de9d6 0803f8ff07b74f198445f884bcc37285 - - default default] Unable to schedule network 583d71a3-bbfd-4be1-af66-c20b2d665e43: no agents available; will retry on subsequent port and subnet creation events.
2026-04-23 01:33:46.830 10 INFO neutron.db.ovn_revision_numbers_db [None req-67cd6315-a1e1-4751-a645-8c6c5c3f19f6 91ca839dbcda46d3af22ee5ad56de9d6 0803f8ff07b74f198445f884bcc37285 - - default default] Successfully bumped revision number for resource 92a2b278-f602-4dc5-9d24-905c717c4beb (type: ports) to 1
2026-04-23 01:33:46.853 10 INFO neutron.api.wsgi [None req-67cd6315-a1e1-4751-a645-8c6c5c3f19f6 91ca839dbcda46d3af22ee5ad56de9d6 0803f8ff07b74f198445f884bcc37285 - - default default] 10.0.0.110 "POST /v2.0/networks HTTP/1.1" status: 201 len: 939 time: 0.7145653
2026-04-23 01:33:46.984 9 WARNING neutron.scheduler.dhcp_agent_scheduler [None req-9b3edc8a-13cd-47d0-9d4c-ea173d441d23 91ca839dbcda46d3af22ee5ad56de9d6 0803f8ff07b74f198445f884bcc37285 - - default default] No more DHCP agents
2026-04-23 01:33:46.985 9 WARNING neutron.api.rpc.agentnotifiers.dhcp_rpc_agent_api [None req-9b3edc8a-13cd-47d0-9d4c-ea173d441d23 91ca839dbcda46d3af22ee5ad56de9d6 0803f8ff07b74f198445f884bcc37285 - - default default] Unable to schedule network 583d71a3-bbfd-4be1-af66-c20b2d665e43: no agents available; will retry on subsequent port and subnet creation events.
2026-04-23 01:33:47.294 10 WARNING neutron.plugins.ml2.drivers.ovn.mech_driver.ovsdb.ovn_client [None req-6955e557-ae75-4177-817e-a4c0164a595f - - - - - -] No hosting information found for port 5eace62c-d3ae-48ec-9c9e-e519c6250e1b: RuntimeError: No hosting information found for port 5eace62c-d3ae-48ec-9c9e-e519c6250e1b
2026-04-23 01:33:47.357 10 INFO neutron.db.ovn_revision_numbers_db [None req-6955e557-ae75-4177-817e-a4c0164a595f - - - - - -] Successfully bumped revision number for resource 5eace62c-d3ae-48ec-9c9e-e519c6250e1b (type: router_ports) to 2
2026-04-23 01:33:47.381 9 INFO neutron.db.ovn_revision_numbers_db [None req-ee71aecb-5ca1-411e-a8fe-37a7f599b8df - - - - - -] Successfully bumped revision number for resource 92a2b278-f602-4dc5-9d24-905c717c4beb (type: ports) to 2
2026-04-23 01:33:47.413 9 INFO neutron.db.ovn_revision_numbers_db [None req-ee71aecb-5ca1-411e-a8fe-37a7f599b8df - - - - - -] Successfully bumped revision number for resource 2ac1b51f-7667-4871-9138-119fe76858f4 (type: subnets) to 0
2026-04-23 01:33:47.431 9 INFO neutron.api.wsgi [None req-9b3edc8a-13cd-47d0-9d4c-ea173d441d23 91ca839dbcda46d3af22ee5ad56de9d6 0803f8ff07b74f198445f884bcc37285 - - default default] 10.0.0.110 "POST /v2.0/subnets HTTP/1.1" status: 201 len: 883 time: 0.5731535
2026-04-23 01:33:47.551 10 INFO neutron.api.wsgi [req-911681a4-227e-4fa9-bf60-916267eb7408 req-49d2c02d-c904-4cab-a564-691c318010e8 af48f2945550495b9d2109a13c453fdb 658e229bd841432a9ea1f99a3a32bc60 - - default default] 10.0.0.163 "GET /v2.0/ports?device_id=2ae5192e-6dce-48ef-a468-856347798283 HTTP/1.1" status: 200 len: 210 time: 0.0204597
2026-04-23 01:33:47.834 9 WARNING neutron.scheduler.dhcp_agent_scheduler [None req-3fab6e18-ca74-41e3-8949-d1bbf0a57b03 91ca839dbcda46d3af22ee5ad56de9d6 0803f8ff07b74f198445f884bcc37285 - - default default] No more DHCP agents
2026-04-23 01:33:47.835 9 WARNING neutron.api.rpc.agentnotifiers.dhcp_rpc_agent_api [None req-3fab6e18-ca74-41e3-8949-d1bbf0a57b03 91ca839dbcda46d3af22ee5ad56de9d6 0803f8ff07b74f198445f884bcc37285 - - default default] Unable to schedule network c667ea11-65b5-47cc-9e60-cd6d0f9f0c0c: no agents available; will retry on subsequent port and subnet creation events.
2026-04-23 01:33:47.949 9 INFO neutron.db.ovn_revision_numbers_db [None req-3fab6e18-ca74-41e3-8949-d1bbf0a57b03 91ca839dbcda46d3af22ee5ad56de9d6 0803f8ff07b74f198445f884bcc37285 - - default default] Successfully bumped revision number for resource 6ee8a256-2cee-4474-b932-9881390212a1 (type: ports) to 1
2026-04-23 01:33:48.481 9 INFO neutron.plugins.ml2.drivers.ovn.mech_driver.ovsdb.commands [None req-eb9c0c3e-a625-4d63-99fc-a6040febb665 - - - - - -] Schedule LRP lrp-6ee8a256-2cee-4474-b932-9881390212a1 on gateway 5d7fbcc1-0c7c-47fc-bf15-80b384121cac with priority 1
2026-04-23 01:33:48.500 9 INFO neutron.plugins.ml2.drivers.ovn.mech_driver.mech_driver [None req-31bef05e-415d-49f7-8f3c-f0510e572c0f - - - - - -] OVN reports status up for port: 6ee8a256-2cee-4474-b932-9881390212a1
2026-04-23 01:33:48.531 9 INFO neutron.plugins.ml2.drivers.ovn.mech_driver.ovsdb.ovsdb_monitor [None req-61d1a9df-5744-4d29-a705-73fcbf14ece5 - - - - - -] Router ad685972-c5d8-4bce-9e9a-2da51ca64685 is bound to host instance
2026-04-23 01:33:48.545 9 INFO neutron.plugins.ml2.plugin [None req-31bef05e-415d-49f7-8f3c-f0510e572c0f - - - - - -] Attempt 1 to provision port 6ee8a256-2cee-4474-b932-9881390212a1
2026-04-23 01:33:48.576 9 INFO neutron.db.ovn_revision_numbers_db [None req-3fab6e18-ca74-41e3-8949-d1bbf0a57b03 91ca839dbcda46d3af22ee5ad56de9d6 0803f8ff07b74f198445f884bcc37285 - - default default] Successfully bumped revision number for resource 6ee8a256-2cee-4474-b932-9881390212a1 (type: router_ports) to 1
2026-04-23 01:33:48.637 10 INFO neutron.api.wsgi [req-9fcba8b9-bfbb-4587-9392-737133913ddf req-503b31ec-233d-42c6-a59b-80d60a0496d7 af48f2945550495b9d2109a13c453fdb 658e229bd841432a9ea1f99a3a32bc60 - - default default] 10.0.0.163 "GET /v2.0/ports?device_id=2ae5192e-6dce-48ef-a468-856347798283 HTTP/1.1" status: 200 len: 210 time: 0.0188243
2026-04-23 01:33:48.692 9 INFO neutron.api.wsgi [req-29003f49-be8d-4f31-80ef-1c925469210b req-42ed425c-a835-49b7-83ea-662050e7807c af48f2945550495b9d2109a13c453fdb 658e229bd841432a9ea1f99a3a32bc60 - - default default] 199.204.45.30 "GET /v2.0/networks?id=e37f6a74-2a7c-4fa8-a893-53d232288c69 HTTP/1.1" status: 200 len: 877 time: 0.1009574
2026-04-23 01:33:48.706 9 WARNING neutron_lib.context [req-29003f49-be8d-4f31-80ef-1c925469210b req-e8338c0f-8d3e-47cb-8f55-1755216629e2 af48f2945550495b9d2109a13c453fdb 658e229bd841432a9ea1f99a3a32bc60 - - default default] Method 'is_advsvc' is deprecated since 2023.2 release (neutron-lib 3.8.0) and will be removed once support for the old RBAC API policies will be removed from Neutron. Please use method 'is_service_role' instead.
2026-04-23 01:33:48.707 9 INFO neutron.db.ovn_revision_numbers_db [None req-3fab6e18-ca74-41e3-8949-d1bbf0a57b03 91ca839dbcda46d3af22ee5ad56de9d6 0803f8ff07b74f198445f884bcc37285 - - default default] Successfully bumped revision number for resource ad685972-c5d8-4bce-9e9a-2da51ca64685 (type: routers) to 2
2026-04-23 01:33:48.733 9 INFO neutron.api.wsgi [None req-3fab6e18-ca74-41e3-8949-d1bbf0a57b03 91ca839dbcda46d3af22ee5ad56de9d6 0803f8ff07b74f198445f884bcc37285 - - default default] 10.0.0.110 "POST /v2.0/routers HTTP/1.1" status: 201 len: 1161 time: 1.2975030
2026-04-23 01:33:49.039 9 WARNING neutron.scheduler.dhcp_agent_scheduler [req-29003f49-be8d-4f31-80ef-1c925469210b req-e8338c0f-8d3e-47cb-8f55-1755216629e2 af48f2945550495b9d2109a13c453fdb 658e229bd841432a9ea1f99a3a32bc60 - - default default] No more DHCP agents
2026-04-23 01:33:49.041 9 WARNING neutron.api.rpc.agentnotifiers.dhcp_rpc_agent_api [req-29003f49-be8d-4f31-80ef-1c925469210b req-e8338c0f-8d3e-47cb-8f55-1755216629e2 af48f2945550495b9d2109a13c453fdb 658e229bd841432a9ea1f99a3a32bc60 - - default default] Unable to schedule network e37f6a74-2a7c-4fa8-a893-53d232288c69: no agents available; will retry on subsequent port and subnet creation events.
2026-04-23 01:33:49.127 9 INFO neutron.db.ovn_revision_numbers_db [None req-bdb19879-c2f7-495f-8387-b75760855494 - - - - - -] Successfully bumped revision number for resource 6ee8a256-2cee-4474-b932-9881390212a1 (type: ports) to 1
2026-04-23 01:33:49.176 10 WARNING neutron.scheduler.dhcp_agent_scheduler [None req-3180e970-e203-4ed1-8e15-a8a0de82f876 91ca839dbcda46d3af22ee5ad56de9d6 0803f8ff07b74f198445f884bcc37285 - - default default] No more DHCP agents
2026-04-23 01:33:49.177 10 WARNING neutron.api.rpc.agentnotifiers.dhcp_rpc_agent_api [None req-3180e970-e203-4ed1-8e15-a8a0de82f876 91ca839dbcda46d3af22ee5ad56de9d6 0803f8ff07b74f198445f884bcc37285 - - default default] Unable to schedule network 583d71a3-bbfd-4be1-af66-c20b2d665e43: no agents available; will retry on subsequent port and subnet creation events.
2026-04-23 01:33:49.186 9 INFO neutron.db.ovn_revision_numbers_db [req-29003f49-be8d-4f31-80ef-1c925469210b req-e8338c0f-8d3e-47cb-8f55-1755216629e2 af48f2945550495b9d2109a13c453fdb 658e229bd841432a9ea1f99a3a32bc60 - - default default] Successfully bumped revision number for resource f6dd194a-5376-4b88-8e66-5c4e755c2f85 (type: ports) to 1
2026-04-23 01:33:49.213 9 INFO neutron.api.wsgi [req-29003f49-be8d-4f31-80ef-1c925469210b req-e8338c0f-8d3e-47cb-8f55-1755216629e2 af48f2945550495b9d2109a13c453fdb 658e229bd841432a9ea1f99a3a32bc60 - - default default] 199.204.45.30 "POST /v2.0/ports HTTP/1.1" status: 201 len: 1162 time: 0.5129542 /var/lib/openstack/lib/python3.12/site-packages/pycadf/identifier.py:71: UserWarning: Invalid uuid: neutron. To ensure interoperability, identifiers should be a valid uuid. warnings.warn(('Invalid uuid: %s. To ensure interoperability, '
2026-04-23 01:33:49.313 10 INFO neutron.db.ovn_revision_numbers_db [None req-3180e970-e203-4ed1-8e15-a8a0de82f876 91ca839dbcda46d3af22ee5ad56de9d6 0803f8ff07b74f198445f884bcc37285 - - default default] Successfully bumped revision number for resource 37c55793-3ab9-4253-912e-566760825192 (type: ports) to 1
2026-04-23 01:33:49.487 9 INFO neutron.db.ovn_revision_numbers_db [None req-bdb19879-c2f7-495f-8387-b75760855494 - - - - - -] Successfully bumped revision number for resource 6ee8a256-2cee-4474-b932-9881390212a1 (type: ports) to 4
2026-04-23 01:33:49.792 10 INFO neutron.api.wsgi [req-a80b64ac-2502-465c-81b6-cf8e1400d5d6 req-e2ff9ec1-ea3b-43fb-9ff6-d73e0143099d af48f2945550495b9d2109a13c453fdb 658e229bd841432a9ea1f99a3a32bc60 - - default default] 10.0.0.163 "GET /v2.0/ports?device_id=2ae5192e-6dce-48ef-a468-856347798283 HTTP/1.1" status: 200 len: 1172 time: 0.0892913
2026-04-23 01:33:49.830 10 INFO neutron.api.wsgi [req-a80b64ac-2502-465c-81b6-cf8e1400d5d6 req-0a022f71-2bba-4d1b-aaa8-a53ee6991281 af48f2945550495b9d2109a13c453fdb 658e229bd841432a9ea1f99a3a32bc60 - - default default] 10.0.0.163 "GET /v2.0/security-groups?id=81d57e40-55cf-4db3-ac5d-7bfb076c9c8f&fields=id&fields=name HTTP/1.1" status: 200 len: 286 time: 0.0327580
2026-04-23 01:33:49.831 9 INFO neutron.db.ovn_revision_numbers_db [req-29003f49-be8d-4f31-80ef-1c925469210b req-5e1fc411-492a-4e7f-a8ec-988f3fefef96 ac89d56221214e9781827e73aac2a8d1 bc6adab9e9c04d77ab58d03b74f45e78 - - 6670a3f505bc44f7ba8b1edd2de6f792 6670a3f505bc44f7ba8b1edd2de6f792] Successfully bumped revision number for resource f6dd194a-5376-4b88-8e66-5c4e755c2f85 (type: ports) to 2
2026-04-23 01:33:49.940 10 INFO neutron.db.ovn_revision_numbers_db [None req-3180e970-e203-4ed1-8e15-a8a0de82f876 91ca839dbcda46d3af22ee5ad56de9d6 0803f8ff07b74f198445f884bcc37285 - - default default] Successfully bumped revision number for resource 37c55793-3ab9-4253-912e-566760825192 (type: ports) to 1
2026-04-23 01:33:49.994 10 WARNING neutron.scheduler.dhcp_agent_scheduler [None req-3180e970-e203-4ed1-8e15-a8a0de82f876 91ca839dbcda46d3af22ee5ad56de9d6 0803f8ff07b74f198445f884bcc37285 - - default default] No more DHCP agents
2026-04-23 01:33:49.995 10 WARNING neutron.api.rpc.agentnotifiers.dhcp_rpc_agent_api [None req-3180e970-e203-4ed1-8e15-a8a0de82f876 91ca839dbcda46d3af22ee5ad56de9d6 0803f8ff07b74f198445f884bcc37285 - - default default] Unable to schedule network 583d71a3-bbfd-4be1-af66-c20b2d665e43: no agents available; will retry on subsequent port and subnet creation events.
2026-04-23 01:33:50.026 9 INFO neutron.db.ovn_revision_numbers_db [None req-bdb19879-c2f7-495f-8387-b75760855494 - - - - - -] Successfully bumped revision number for resource 6ee8a256-2cee-4474-b932-9881390212a1 (type: ports) to 5
2026-04-23 01:33:50.061 9 INFO neutron.db.ovn_revision_numbers_db [req-29003f49-be8d-4f31-80ef-1c925469210b req-5e1fc411-492a-4e7f-a8ec-988f3fefef96 ac89d56221214e9781827e73aac2a8d1 bc6adab9e9c04d77ab58d03b74f45e78 - - 6670a3f505bc44f7ba8b1edd2de6f792 6670a3f505bc44f7ba8b1edd2de6f792] Successfully bumped revision number for resource f6dd194a-5376-4b88-8e66-5c4e755c2f85 (type: ports) to 4
2026-04-23 01:33:50.081 9 INFO neutron.api.wsgi [req-29003f49-be8d-4f31-80ef-1c925469210b req-5e1fc411-492a-4e7f-a8ec-988f3fefef96 ac89d56221214e9781827e73aac2a8d1 bc6adab9e9c04d77ab58d03b74f45e78 - - 6670a3f505bc44f7ba8b1edd2de6f792 6670a3f505bc44f7ba8b1edd2de6f792] 199.204.45.30 "PUT /v2.0/ports/f6dd194a-5376-4b88-8e66-5c4e755c2f85 HTTP/1.1" status: 200 len: 1408 time: 0.8576436
2026-04-23 01:33:50.115 9 INFO neutron.notifiers.nova [-] Nova event matching ['req-56fbede1-8824-4c5d-882b-9b084d306f44'] response: {'name': 'network-changed', 'server_uuid': '2ae5192e-6dce-48ef-a468-856347798283', 'tag': 'f6dd194a-5376-4b88-8e66-5c4e755c2f85', 'status': 'completed', 'code': 200}
2026-04-23 01:33:50.613 10 INFO neutron.db.ovn_revision_numbers_db [None req-3180e970-e203-4ed1-8e15-a8a0de82f876 91ca839dbcda46d3af22ee5ad56de9d6 0803f8ff07b74f198445f884bcc37285 - - default default] Successfully bumped revision number for resource 37c55793-3ab9-4253-912e-566760825192 (type: router_ports) to 1
2026-04-23 01:33:50.619 10 INFO neutron.api.wsgi [None req-3180e970-e203-4ed1-8e15-a8a0de82f876 91ca839dbcda46d3af22ee5ad56de9d6 0803f8ff07b74f198445f884bcc37285 - - default default] 10.0.0.110 "PUT /v2.0/routers/ad685972-c5d8-4bce-9e9a-2da51ca64685/add_router_interface HTTP/1.1" status: 200 len: 503 time: 1.8800752 /var/lib/openstack/lib/python3.12/site-packages/pycadf/identifier.py:71: UserWarning: Invalid uuid: neutron. To ensure interoperability, identifiers should be a valid uuid. warnings.warn(('Invalid uuid: %s. To ensure interoperability, '
2026-04-23 01:33:50.664 9 INFO neutron.api.wsgi [req-7c271f78-907a-4b4d-a53e-8777976e8315 req-ebee32f8-cf04-4ea8-965b-964e6404862f ac89d56221214e9781827e73aac2a8d1 bc6adab9e9c04d77ab58d03b74f45e78 - - 6670a3f505bc44f7ba8b1edd2de6f792 6670a3f505bc44f7ba8b1edd2de6f792] 199.204.45.30 "GET /v2.0/ports?tenant_id=658e229bd841432a9ea1f99a3a32bc60&device_id=2ae5192e-6dce-48ef-a468-856347798283 HTTP/1.1" status: 200 len: 1411 time: 0.0341294
2026-04-23 01:33:50.731 9 INFO neutron.api.wsgi [req-7c271f78-907a-4b4d-a53e-8777976e8315 req-b5cde4fa-6483-49eb-a588-ae4bb5c2fa6c ac89d56221214e9781827e73aac2a8d1 bc6adab9e9c04d77ab58d03b74f45e78 - - 6670a3f505bc44f7ba8b1edd2de6f792 6670a3f505bc44f7ba8b1edd2de6f792] 199.204.45.30 "GET /v2.0/networks?tenant_id=658e229bd841432a9ea1f99a3a32bc60&shared=False HTTP/1.1" status: 200 len: 976 time: 0.0466921
2026-04-23 01:33:50.780 9 INFO neutron.api.wsgi [req-7c271f78-907a-4b4d-a53e-8777976e8315 req-1969d53d-78d1-40e7-8ec4-145b9822fe84 ac89d56221214e9781827e73aac2a8d1 bc6adab9e9c04d77ab58d03b74f45e78 - - 6670a3f505bc44f7ba8b1edd2de6f792 6670a3f505bc44f7ba8b1edd2de6f792] 199.204.45.30 "GET /v2.0/networks?shared=True HTTP/1.1" status: 200 len: 952 time: 0.0402381
2026-04-23 01:33:50.921 10 INFO neutron.api.wsgi [req-8b972895-5109-4447-805c-38248696a1a3 req-4204fcc3-d752-4516-a92e-a0227afb7049 af48f2945550495b9d2109a13c453fdb 658e229bd841432a9ea1f99a3a32bc60 - - default default] 10.0.0.163 "GET /v2.0/ports?device_id=2ae5192e-6dce-48ef-a468-856347798283 HTTP/1.1" status: 200 len: 1172 time: 0.0338814
2026-04-23 01:33:50.961 10 INFO neutron.api.wsgi [req-8b972895-5109-4447-805c-38248696a1a3 req-0b38a5be-298e-4057-b7a3-2cddc16e50cc af48f2945550495b9d2109a13c453fdb 658e229bd841432a9ea1f99a3a32bc60 - - default default] 10.0.0.163 "GET /v2.0/security-groups?id=81d57e40-55cf-4db3-ac5d-7bfb076c9c8f&fields=id&fields=name HTTP/1.1" status: 200 len: 286 time: 0.0343482
2026-04-23 01:33:50.994 9 INFO neutron.plugins.ml2.drivers.ovn.mech_driver.mech_driver [None req-31bef05e-415d-49f7-8f3c-f0510e572c0f - - - - - -] OVN reports status up for port: 37c55793-3ab9-4253-912e-566760825192
2026-04-23 01:33:51.003 9 INFO neutron.plugins.ml2.plugin [None req-31bef05e-415d-49f7-8f3c-f0510e572c0f - - - - - -] Attempt 1 to provision port 37c55793-3ab9-4253-912e-566760825192
2026-04-23 01:33:51.118 10 INFO neutron.api.wsgi [req-6b053f19-3348-4a23-a24b-cedaa2d3ac87 req-a407a21b-ea3f-4582-8e8e-648f9aa3576f 10cb89ccbd714d13bb8675314ebf4b90 6ef3976dc60349548f65c3a124a07407 - - default default] 10.0.0.163 "GET /v2.0/ports?device_id=71bae2cc-9bb1-4237-87f6-cd844963c7b5 HTTP/1.1" status: 200 len: 1170 time: 0.0739748
2026-04-23 01:33:51.157 9 WARNING neutron_lib.context [None req-87bb4aac-44bb-410e-8347-9e283102dc39 5aff038b0d654c359aa7a36973a7487a 804876f57e0b4018b970d463f9ceb405 - - default default] Method 'is_advsvc' is deprecated since 2023.2 release (neutron-lib 3.8.0) and will be removed once support for the old RBAC API policies will be removed from Neutron. Please use method 'is_service_role' instead.
2026-04-23 01:33:51.163 10 INFO neutron.api.wsgi [req-6b053f19-3348-4a23-a24b-cedaa2d3ac87 req-2652ff49-552c-47b5-925f-cef9d7bcf46a 10cb89ccbd714d13bb8675314ebf4b90 6ef3976dc60349548f65c3a124a07407 - - default default] 10.0.0.163 "GET /v2.0/security-groups?id=fabf0c28-20c9-42b1-a64a-ec927dceaddc&fields=id&fields=name HTTP/1.1" status: 200 len: 313 time: 0.0406587
2026-04-23 01:33:51.263 10 INFO neutron.api.wsgi [req-f4557192-bdf9-4c0b-ae88-d8804907ea61 req-3132c634-4e95-4d12-8052-0b72c50be8ac 10cb89ccbd714d13bb8675314ebf4b90 6ef3976dc60349548f65c3a124a07407 - - default default] 10.0.0.163 "GET /v2.0/ports?device_id=71bae2cc-9bb1-4237-87f6-cd844963c7b5 HTTP/1.1" status: 200 len: 1170 time: 0.0406115
2026-04-23 01:33:51.273 9 INFO neutron.db.ovn_revision_numbers_db [None req-87bb4aac-44bb-410e-8347-9e283102dc39 5aff038b0d654c359aa7a36973a7487a 804876f57e0b4018b970d463f9ceb405 - - default default] Successfully bumped revision number for resource 64a7d6a1-1921-4721-a856-f379ddb9044c (type: security_groups) to 1
2026-04-23 01:33:51.292 9 INFO neutron.db.ovn_revision_numbers_db [None req-87bb4aac-44bb-410e-8347-9e283102dc39 5aff038b0d654c359aa7a36973a7487a 804876f57e0b4018b970d463f9ceb405 - - default default] Successfully bumped revision number for resource 06c135d4-2a08-4967-a171-f4127922dc0b (type: security_group_rules) to 0
2026-04-23 01:33:51.308 10 INFO neutron.api.wsgi [req-f4557192-bdf9-4c0b-ae88-d8804907ea61 req-b4a87763-a782-4b9c-b935-0f3149d27bdb 10cb89ccbd714d13bb8675314ebf4b90 6ef3976dc60349548f65c3a124a07407 - - default default] 10.0.0.163 "GET /v2.0/security-groups?id=fabf0c28-20c9-42b1-a64a-ec927dceaddc&fields=id&fields=name HTTP/1.1" status: 200 len: 313 time: 0.0385325
2026-04-23 01:33:51.311 9 INFO neutron.db.ovn_revision_numbers_db [None req-87bb4aac-44bb-410e-8347-9e283102dc39 5aff038b0d654c359aa7a36973a7487a 804876f57e0b4018b970d463f9ceb405 - - default default] Successfully bumped revision number for resource f077e58f-f9dd-42af-bb70-bbd236bb6265 (type: security_group_rules) to 0
2026-04-23 01:33:51.349 9 INFO neutron.api.wsgi [None req-87bb4aac-44bb-410e-8347-9e283102dc39 5aff038b0d654c359aa7a36973a7487a 804876f57e0b4018b970d463f9ceb405 - - default default] 10.0.0.110 "POST /v2.0/security-groups HTTP/1.1" status: 201 len: 1861 time: 0.2005932
2026-04-23 01:33:51.357 10 WARNING neutron_lib.context [None req-d37a362d-7427-4372-914e-3b60606b41f6 5aff038b0d654c359aa7a36973a7487a 804876f57e0b4018b970d463f9ceb405 - - default default] Method 'is_advsvc' is deprecated since 2023.2 release (neutron-lib 3.8.0) and will be removed once support for the old RBAC API policies will be removed from Neutron. Please use method 'is_service_role' instead.
2026-04-23 01:33:51.435 9 INFO neutron.db.ovn_revision_numbers_db [None req-31bef05e-415d-49f7-8f3c-f0510e572c0f - - - - - -] Successfully bumped revision number for resource 37c55793-3ab9-4253-912e-566760825192 (type: ports) to 2
2026-04-23 01:33:51.486 10 INFO neutron.db.ovn_revision_numbers_db [None req-d37a362d-7427-4372-914e-3b60606b41f6 5aff038b0d654c359aa7a36973a7487a 804876f57e0b4018b970d463f9ceb405 - - default default] Successfully bumped revision number for resource 87e3a896-e53c-45e2-8aca-14d5ba9c20d2 (type: security_group_rules) to 0
2026-04-23 01:33:51.517 10 INFO neutron.api.wsgi [None req-d37a362d-7427-4372-914e-3b60606b41f6 5aff038b0d654c359aa7a36973a7487a 804876f57e0b4018b970d463f9ceb405 - - default default] 10.0.0.110 "POST /v2.0/security-group-rules HTTP/1.1" status: 201 len: 796 time: 0.1634524
