2026-04-23 01:09:37.449 9 INFO neutron.api.wsgi [-] 10.0.0.55 "GET / HTTP/1.1" status: 200 len: 247 time: 0.0021825
2026-04-23 01:09:37.449 10 INFO neutron.api.wsgi [-] 10.0.0.55 "GET / HTTP/1.1" status: 200 len: 247 time: 0.0022328
2026-04-23 01:09:52.447 9 INFO neutron.api.wsgi [-] 10.0.0.55 "GET / HTTP/1.1" status: 200 len: 247 time: 0.0015569
2026-04-23 01:09:52.456 9 INFO neutron.api.wsgi [-] 10.0.0.55 "GET / HTTP/1.1" status: 200 len: 247 time: 0.0009758
2026-04-23 01:10:07.455 9 INFO neutron.api.wsgi [-] 10.0.0.55 "GET / HTTP/1.1" status: 200 len: 247 time: 0.0012405
2026-04-23 01:10:07.458 10 INFO neutron.api.wsgi [-] 10.0.0.55 "GET / HTTP/1.1" status: 200 len: 247 time: 0.0020256
2026-04-23 01:10:22.450 10 INFO neutron.api.wsgi [-] 10.0.0.55 "GET / HTTP/1.1" status: 200 len: 247 time: 0.0022581
2026-04-23 01:10:22.450 9 INFO neutron.api.wsgi [-] 10.0.0.55 "GET / HTTP/1.1" status: 200 len: 247 time: 0.0025642
2026-04-23 01:10:37.450 10 INFO neutron.api.wsgi [-] 10.0.0.55 "GET / HTTP/1.1" status: 200 len: 247 time: 0.0032220
2026-04-23 01:10:37.453 10 INFO neutron.api.wsgi [-] 10.0.0.55 "GET / HTTP/1.1" status: 200 len: 247 time: 0.0023475
2026-04-23 01:10:52.449 10 INFO neutron.api.wsgi [-] 10.0.0.55 "GET / HTTP/1.1" status: 200 len: 247 time: 0.0022607
2026-04-23 01:10:52.450 9 INFO neutron.api.wsgi [-] 10.0.0.55 "GET / HTTP/1.1" status: 200 len: 247 time: 0.0028057
2026-04-23 01:11:07.448 9 INFO neutron.api.wsgi [-] 10.0.0.55 "GET / HTTP/1.1" status: 200 len: 247 time: 0.0017235
2026-04-23 01:11:07.451 10 INFO neutron.api.wsgi [-] 10.0.0.55 "GET / HTTP/1.1" status: 200 len: 247 time: 0.0041373
2026-04-23 01:11:22.449 9 INFO neutron.api.wsgi [-] 10.0.0.55 "GET / HTTP/1.1" status: 200 len: 247 time: 0.0022652
2026-04-23 01:11:22.450 10 INFO neutron.api.wsgi [-] 10.0.0.55 "GET / HTTP/1.1" status: 200 len: 247 time: 0.0023963
2026-04-23 01:11:37.449 9 INFO neutron.api.wsgi [-] 10.0.0.55 "GET / HTTP/1.1" status: 200 len: 247 time: 0.0025015
2026-04-23 01:11:37.449 10 INFO neutron.api.wsgi [-] 10.0.0.55 "GET / HTTP/1.1" status: 200 len: 247 time: 0.0026960
2026-04-23 01:11:52.447 9 INFO neutron.api.wsgi [-] 10.0.0.55 "GET / HTTP/1.1" status: 200 len: 247 time: 0.0012994
2026-04-23 01:11:52.448 10 INFO neutron.api.wsgi [-] 10.0.0.55 "GET / HTTP/1.1" status: 200 len: 247 time: 0.0018585
2026-04-23 01:12:07.448 9 INFO neutron.api.wsgi [-] 10.0.0.55 "GET / HTTP/1.1" status: 200 len: 247 time: 0.0016205
2026-04-23 01:12:07.450 9 INFO neutron.api.wsgi [-] 10.0.0.55 "GET / HTTP/1.1" status: 200 len: 247 time: 0.0009584
2026-04-23 01:12:22.448 10 INFO neutron.api.wsgi [-] 10.0.0.55 "GET / HTTP/1.1" status: 200 len: 247 time: 0.0016754
2026-04-23 01:12:22.450 10 INFO neutron.api.wsgi [-] 10.0.0.55 "GET / HTTP/1.1" status: 200 len: 247 time: 0.0012767
2026-04-23 01:12:37.450 9 INFO neutron.api.wsgi [-] 10.0.0.55 "GET / HTTP/1.1" status: 200 len: 247 time: 0.0034065
2026-04-23 01:12:37.452 9 INFO neutron.api.wsgi [-] 10.0.0.55 "GET / HTTP/1.1" status: 200 len: 247 time: 0.0014031
2026-04-23 01:12:52.448 10 INFO neutron.api.wsgi [-] 10.0.0.55 "GET / HTTP/1.1" status: 200 len: 247 time: 0.0016146
2026-04-23 01:12:52.449 9 INFO neutron.api.wsgi [-] 10.0.0.55 "GET / HTTP/1.1" status: 200 len: 247 time: 0.0020611
2026-04-23 01:13:07.449 9 INFO neutron.api.wsgi [-] 10.0.0.55 "GET / HTTP/1.1" status: 200 len: 247 time: 0.0025649
2026-04-23 01:13:07.452 9 INFO neutron.api.wsgi [-] 10.0.0.55 "GET / HTTP/1.1" status: 200 len: 247 time: 0.0020573
2026-04-23 01:13:22.449 10 INFO neutron.api.wsgi [-] 10.0.0.55 "GET / HTTP/1.1" status: 200 len: 247 time: 0.0022848
2026-04-23 01:13:22.451 9 INFO neutron.api.wsgi [-] 10.0.0.55 "GET / HTTP/1.1" status: 200 len: 247 time: 0.0033805
2026-04-23 01:13:37.450 10 INFO neutron.api.wsgi [-] 10.0.0.55 "GET / HTTP/1.1" status: 200 len: 247 time: 0.0032966
2026-04-23 01:13:37.452 10 INFO neutron.api.wsgi [-] 10.0.0.55 "GET / HTTP/1.1" status: 200 len: 247 time: 0.0015838
2026-04-23 01:13:52.450 10 INFO neutron.api.wsgi [-] 10.0.0.55 "GET / HTTP/1.1" status: 200 len: 247 time: 0.0031238
2026-04-23 01:13:52.450 9 INFO neutron.api.wsgi [-] 10.0.0.55 "GET / HTTP/1.1" status: 200 len: 247 time: 0.0033505
2026-04-23 01:14:07.448 10 INFO neutron.api.wsgi [-] 10.0.0.55 "GET / HTTP/1.1" status: 200 len: 247 time: 0.0016026
2026-04-23 01:14:07.455 10 INFO neutron.api.wsgi [-] 10.0.0.55 "GET / HTTP/1.1" status: 200 len: 247 time: 0.0031672
2026-04-23 01:14:22.449 9 INFO neutron.api.wsgi [-] 10.0.0.55 "GET / HTTP/1.1" status: 200 len: 247 time: 0.0024598
2026-04-23 01:14:22.450 10 INFO neutron.api.wsgi [-] 10.0.0.55 "GET / HTTP/1.1" status: 200 len: 247 time: 0.0032835
2026-04-23 01:14:37.451 10 INFO neutron.api.wsgi [-] 10.0.0.55 "GET / HTTP/1.1" status: 200 len: 247 time: 0.0029278
2026-04-23 01:14:37.451 9 INFO neutron.api.wsgi [-] 10.0.0.55 "GET / HTTP/1.1" status: 200 len: 247 time: 0.0028048
2026-04-23 01:14:52.449 10 INFO neutron.api.wsgi [-] 10.0.0.55 "GET / HTTP/1.1" status: 200 len: 247 time: 0.0025976
2026-04-23 01:14:52.449 9 INFO neutron.api.wsgi [-] 10.0.0.55 "GET / HTTP/1.1" status: 200 len: 247 time: 0.0026686 /var/lib/openstack/lib/python3.12/site-packages/pycadf/identifier.py:71: UserWarning: Invalid uuid: unknown. To ensure interoperability, identifiers should be a valid uuid. warnings.warn(('Invalid uuid: %s. To ensure interoperability, '
2026-04-23 01:15:06.851 9 INFO neutron.api.v2.resource [None req-c900b836-d56d-4694-8fea-f7b885ce788c 91ca839dbcda46d3af22ee5ad56de9d6 0803f8ff07b74f198445f884bcc37285 - - default default] show failed (client error): The resource could not be found.
2026-04-23 01:15:06.852 9 INFO neutron.api.wsgi [None req-c900b836-d56d-4694-8fea-f7b885ce788c 91ca839dbcda46d3af22ee5ad56de9d6 0803f8ff07b74f198445f884bcc37285 - - default default] 199.204.45.30,10.0.0.55 "GET /v2.0/security-groups/manila-service-security-group?project_id=bc6adab9e9c04d77ab58d03b74f45e78 HTTP/1.1" status: 404 len: 321 time: 0.1402009
2026-04-23 01:15:06.988 9 INFO neutron.db.ovn_revision_numbers_db [None req-ebc8afb1-b714-491d-b20b-2589eef00837 91ca839dbcda46d3af22ee5ad56de9d6 0803f8ff07b74f198445f884bcc37285 - - default default] Successfully bumped revision number for resource 57fc37a9-43c4-4909-bcc0-2d445ff445d9 (type: security_groups) to 1
2026-04-23 01:15:07.000 9 INFO neutron.db.ovn_revision_numbers_db [None req-ebc8afb1-b714-491d-b20b-2589eef00837 91ca839dbcda46d3af22ee5ad56de9d6 0803f8ff07b74f198445f884bcc37285 - - default default] Successfully bumped revision number for resource 1ec7f37c-af36-4f12-aca5-a712a3059763 (type: security_group_rules) to 0
2026-04-23 01:15:07.010 9 INFO neutron.db.ovn_revision_numbers_db [None req-ebc8afb1-b714-491d-b20b-2589eef00837 91ca839dbcda46d3af22ee5ad56de9d6 0803f8ff07b74f198445f884bcc37285 - - default default] Successfully bumped revision number for resource 364e5d17-fce8-450e-9531-045bf746263f (type: security_group_rules) to 0
2026-04-23 01:15:07.027 9 INFO neutron.db.ovn_revision_numbers_db [None req-ebc8afb1-b714-491d-b20b-2589eef00837 91ca839dbcda46d3af22ee5ad56de9d6 0803f8ff07b74f198445f884bcc37285 - - default default] Successfully bumped revision number for resource 5b5f201b-9106-402c-9092-c6e0ac8395c7 (type: security_group_rules) to 0
2026-04-23 01:15:07.035 9 INFO neutron.db.ovn_revision_numbers_db [None req-ebc8afb1-b714-491d-b20b-2589eef00837 91ca839dbcda46d3af22ee5ad56de9d6 0803f8ff07b74f198445f884bcc37285 - - default default] Successfully bumped revision number for resource fd6ba906-e3bc-44d1-8bfe-8b0ba61034b3 (type: security_group_rules) to 0
2026-04-23 01:15:07.076 9 INFO neutron.api.wsgi [None req-ebc8afb1-b714-491d-b20b-2589eef00837 91ca839dbcda46d3af22ee5ad56de9d6 0803f8ff07b74f198445f884bcc37285 - - default default] 199.204.45.30,10.0.0.55 "GET /v2.0/security-groups?name=manila-service-security-group&project_id=bc6adab9e9c04d77ab58d03b74f45e78 HTTP/1.1" status: 200 len: 197 time: 0.2201271
2026-04-23 01:15:07.224 9 INFO neutron.db.ovn_revision_numbers_db [None req-e8669b83-7b1d-4ddd-a063-22d90d515abd 91ca839dbcda46d3af22ee5ad56de9d6 0803f8ff07b74f198445f884bcc37285 - - default default] Successfully bumped revision number for resource 527c106d-bcd2-43af-ac63-a244af5ccab7 (type: security_groups) to 1
2026-04-23 01:15:07.236 9 INFO neutron.db.ovn_revision_numbers_db [None req-e8669b83-7b1d-4ddd-a063-22d90d515abd 91ca839dbcda46d3af22ee5ad56de9d6 0803f8ff07b74f198445f884bcc37285 - - default default] Successfully bumped revision number for resource 384e3bbc-274f-4a24-b4ab-01b5d41c60ee (type: security_group_rules) to 0
2026-04-23 01:15:07.247 9 INFO neutron.db.ovn_revision_numbers_db [None req-e8669b83-7b1d-4ddd-a063-22d90d515abd 91ca839dbcda46d3af22ee5ad56de9d6 0803f8ff07b74f198445f884bcc37285 - - default default] Successfully bumped revision number for resource b84a9074-ff8e-4420-b185-2d70889564a1 (type: security_group_rules) to 0
2026-04-23 01:15:07.280 9 INFO neutron.api.wsgi [None req-e8669b83-7b1d-4ddd-a063-22d90d515abd 91ca839dbcda46d3af22ee5ad56de9d6 0803f8ff07b74f198445f884bcc37285 - - default default] 199.204.45.30,10.0.0.55 "POST /v2.0/security-groups HTTP/1.1" status: 201 len: 1805 time: 0.1429884
2026-04-23 01:15:07.448 10 INFO neutron.api.wsgi [-] 10.0.0.55 "GET / HTTP/1.1" status: 200 len: 247 time: 0.0017354
2026-04-23 01:15:07.449 9 INFO neutron.api.wsgi [-] 10.0.0.55 "GET / HTTP/1.1" status: 200 len: 247 time: 0.0026777
2026-04-23 01:15:08.285 10 INFO neutron.api.wsgi [None req-b7fa7b24-f656-48a1-907c-cbea6dde112c 91ca839dbcda46d3af22ee5ad56de9d6 0803f8ff07b74f198445f884bcc37285 - - default default] 199.204.45.30,10.0.0.55 "GET /v2.0/security-groups/527c106d-bcd2-43af-ac63-a244af5ccab7?project_id=bc6adab9e9c04d77ab58d03b74f45e78 HTTP/1.1" status: 200 len: 1800 time: 0.0742483
2026-04-23 01:15:08.312 10 INFO neutron.api.wsgi [None req-4979f1c9-f053-46b0-aa38-aa60da40d5c3 91ca839dbcda46d3af22ee5ad56de9d6 0803f8ff07b74f198445f884bcc37285 - - default default] 199.204.45.30,10.0.0.55 "GET /v2.0/security-groups/527c106d-bcd2-43af-ac63-a244af5ccab7 HTTP/1.1" status: 200 len: 1800 time: 0.0215857
2026-04-23 01:15:08.399 10 INFO neutron.api.wsgi [None req-9de59e05-28ee-4eb3-af21-d833c24320aa 91ca839dbcda46d3af22ee5ad56de9d6 0803f8ff07b74f198445f884bcc37285 - - default default] 199.204.45.30,10.0.0.55 "GET /v2.0/security-groups/527c106d-bcd2-43af-ac63-a244af5ccab7?project_id=bc6adab9e9c04d77ab58d03b74f45e78 HTTP/1.1" status: 200 len: 1800 time: 0.0221074
2026-04-23 01:15:08.523 10 INFO neutron.db.ovn_revision_numbers_db [None req-ef652ae4-007b-41d7-ad63-0a774f147fd4 91ca839dbcda46d3af22ee5ad56de9d6 0803f8ff07b74f198445f884bcc37285 - - default default] Successfully bumped revision number for resource f48be889-854f-404e-bcee-bd5924fbf832 (type: security_group_rules) to 0
2026-04-23 01:15:08.561 10 INFO neutron.api.wsgi [None req-ef652ae4-007b-41d7-ad63-0a774f147fd4 91ca839dbcda46d3af22ee5ad56de9d6 0803f8ff07b74f198445f884bcc37285 - - default default] 199.204.45.30,10.0.0.55 "POST /v2.0/security-group-rules HTTP/1.1" status: 201 len: 777 time: 0.1551018
2026-04-23 01:15:09.494 9 INFO neutron.api.wsgi [None req-81b51921-5a38-4d7d-ac3d-1a1a404a1929 91ca839dbcda46d3af22ee5ad56de9d6 0803f8ff07b74f198445f884bcc37285 - - default default] 199.204.45.30,10.0.0.55 "GET /v2.0/security-groups/527c106d-bcd2-43af-ac63-a244af5ccab7?project_id=bc6adab9e9c04d77ab58d03b74f45e78 HTTP/1.1" status: 200 len: 2410 time: 0.0491385
2026-04-23 01:15:09.523 9 INFO neutron.api.wsgi [None req-fb4ca1b4-abf6-4072-b074-7a0b084a5d24 91ca839dbcda46d3af22ee5ad56de9d6 0803f8ff07b74f198445f884bcc37285 - - default default] 199.204.45.30,10.0.0.55 "GET /v2.0/security-groups/527c106d-bcd2-43af-ac63-a244af5ccab7 HTTP/1.1" status: 200 len: 2410 time: 0.0231676
2026-04-23 01:15:09.621 9 INFO neutron.api.wsgi [None req-7e236266-0cb2-4d17-a43c-120b78298bf5 91ca839dbcda46d3af22ee5ad56de9d6 0803f8ff07b74f198445f884bcc37285 - - default default] 199.204.45.30,10.0.0.55 "GET /v2.0/security-groups/527c106d-bcd2-43af-ac63-a244af5ccab7?project_id=bc6adab9e9c04d77ab58d03b74f45e78 HTTP/1.1" status: 200 len: 2410 time: 0.0280612
2026-04-23 01:15:09.756 9 INFO neutron.db.ovn_revision_numbers_db [None req-888634fc-d683-41f4-90c7-8a88e6e2931f 91ca839dbcda46d3af22ee5ad56de9d6 0803f8ff07b74f198445f884bcc37285 - - default default] Successfully bumped revision number for resource 8163623f-336b-430c-931e-ce862152f028 (type: security_group_rules) to 0
2026-04-23 01:15:09.790 9 INFO neutron.api.wsgi [None req-888634fc-d683-41f4-90c7-8a88e6e2931f 91ca839dbcda46d3af22ee5ad56de9d6 0803f8ff07b74f198445f884bcc37285 - - default default] 199.204.45.30,10.0.0.55 "POST /v2.0/security-group-rules HTTP/1.1" status: 201 len: 779 time: 0.1629951
2026-04-23 01:15:10.734 9 INFO neutron.api.wsgi [None req-c133cd44-b69a-4d56-a2c6-199d86c8988c 91ca839dbcda46d3af22ee5ad56de9d6 0803f8ff07b74f198445f884bcc37285 - - default default] 199.204.45.30,10.0.0.55 "GET /v2.0/security-groups/527c106d-bcd2-43af-ac63-a244af5ccab7?project_id=bc6adab9e9c04d77ab58d03b74f45e78 HTTP/1.1" status: 200 len: 3022 time: 0.0529654
2026-04-23 01:15:10.771 9 INFO neutron.api.wsgi [None req-8a97dd44-765e-440b-a255-4cf89ac5bd95 91ca839dbcda46d3af22ee5ad56de9d6 0803f8ff07b74f198445f884bcc37285 - - default default] 199.204.45.30,10.0.0.55 "GET /v2.0/security-groups/527c106d-bcd2-43af-ac63-a244af5ccab7 HTTP/1.1" status: 200 len: 3022 time: 0.0299015
2026-04-23 01:15:10.866 9 INFO neutron.api.wsgi [None req-693e7dad-0e1c-4c42-a9a6-c13b8118a736 91ca839dbcda46d3af22ee5ad56de9d6 0803f8ff07b74f198445f884bcc37285 - - default default] 199.204.45.30,10.0.0.55 "GET /v2.0/security-groups/527c106d-bcd2-43af-ac63-a244af5ccab7?project_id=bc6adab9e9c04d77ab58d03b74f45e78 HTTP/1.1" status: 200 len: 3022 time: 0.0302997
2026-04-23 01:15:10.980 9 INFO neutron.db.ovn_revision_numbers_db [None req-e0c85b9c-66dc-4c20-bf23-0d0d66da0e53 91ca839dbcda46d3af22ee5ad56de9d6 0803f8ff07b74f198445f884bcc37285 - - default default] Successfully bumped revision number for resource d34c54b0-ac42-4d33-bae8-bab53de94ce2 (type: security_group_rules) to 0
2026-04-23 01:15:11.009 9 INFO neutron.api.wsgi [None req-e0c85b9c-66dc-4c20-bf23-0d0d66da0e53 91ca839dbcda46d3af22ee5ad56de9d6 0803f8ff07b74f198445f884bcc37285 - - default default] 199.204.45.30,10.0.0.55 "POST /v2.0/security-group-rules HTTP/1.1" status: 201 len: 781 time: 0.1356835
2026-04-23 01:15:12.013 9 INFO neutron.api.wsgi [None req-fecd1cb4-a54e-4b84-a973-2633800a9c38 91ca839dbcda46d3af22ee5ad56de9d6 0803f8ff07b74f198445f884bcc37285 - - default default] 199.204.45.30,10.0.0.55 "GET /v2.0/security-groups/527c106d-bcd2-43af-ac63-a244af5ccab7?project_id=bc6adab9e9c04d77ab58d03b74f45e78 HTTP/1.1" status: 200 len: 3636 time: 0.0558581
2026-04-23 01:15:12.049 9 INFO neutron.api.wsgi [None req-3fb03981-c7a8-4ea5-b769-216a72c9cd2c 91ca839dbcda46d3af22ee5ad56de9d6 0803f8ff07b74f198445f884bcc37285 - - default default] 199.204.45.30,10.0.0.55 "GET /v2.0/security-groups/527c106d-bcd2-43af-ac63-a244af5ccab7 HTTP/1.1" status: 200 len: 3636 time: 0.0301116
2026-04-23 01:15:12.143 9 INFO neutron.api.wsgi [None req-ca051488-5297-4443-94b8-f1a4094063d7 91ca839dbcda46d3af22ee5ad56de9d6 0803f8ff07b74f198445f884bcc37285 - - default default] 199.204.45.30,10.0.0.55 "GET /v2.0/security-groups/527c106d-bcd2-43af-ac63-a244af5ccab7?project_id=bc6adab9e9c04d77ab58d03b74f45e78 HTTP/1.1" status: 200 len: 3636 time: 0.0274508
2026-04-23 01:15:12.261 9 INFO neutron.db.ovn_revision_numbers_db [None req-45190848-ba23-4a21-9d50-c5b34dddab3f 91ca839dbcda46d3af22ee5ad56de9d6 0803f8ff07b74f198445f884bcc37285 - - default default] Successfully bumped revision number for resource 207bd8df-1192-428a-9183-103ade14f134 (type: security_group_rules) to 0
2026-04-23 01:15:12.288 9 INFO neutron.api.wsgi [None req-45190848-ba23-4a21-9d50-c5b34dddab3f 91ca839dbcda46d3af22ee5ad56de9d6 0803f8ff07b74f198445f884bcc37285 - - default default] 199.204.45.30,10.0.0.55 "POST /v2.0/security-group-rules HTTP/1.1" status: 201 len: 782 time: 0.1382813
2026-04-23 01:15:22.450 10 INFO neutron.api.wsgi [-] 10.0.0.55 "GET / HTTP/1.1" status: 200 len: 247 time: 0.0026004
2026-04-23 01:15:22.451 9 INFO neutron.api.wsgi [-] 10.0.0.55 "GET / HTTP/1.1" status: 200 len: 247 time: 0.0031815
2026-04-23 01:15:37.450 10 INFO neutron.api.wsgi [-] 10.0.0.55 "GET / HTTP/1.1" status: 200 len: 247 time: 0.0026543
2026-04-23 01:15:37.450 9 INFO neutron.api.wsgi [-] 10.0.0.55 "GET / HTTP/1.1" status: 200 len: 247 time: 0.0026267
2026-04-23 01:15:52.449 10 INFO neutron.api.wsgi [-] 10.0.0.55 "GET / HTTP/1.1" status: 200 len: 247 time: 0.0024686
2026-04-23 01:15:52.452 10 INFO neutron.api.wsgi [-] 10.0.0.55 "GET / HTTP/1.1" status: 200 len: 247 time: 0.0019596
2026-04-23 01:16:07.449 10 INFO neutron.api.wsgi [-] 10.0.0.55 "GET / HTTP/1.1" status: 200 len: 247 time: 0.0023274
2026-04-23 01:16:07.452 9 INFO neutron.api.wsgi [-] 10.0.0.55 "GET / HTTP/1.1" status: 200 len: 247 time: 0.0048587
2026-04-23 01:16:16.026 15 INFO neutron.db.ovn_revision_numbers_db [None req-f2d5106d-07fa-4e82-a8c1-c3d3602a6750 - - - - - -] Successfully bumped revision number for resource 527c106d-bcd2-43af-ac63-a244af5ccab7 (type: security_groups) to 5
2026-04-23 01:16:16.027 15 INFO neutron.plugins.ml2.drivers.ovn.mech_driver.ovsdb.maintenance [None req-f2d5106d-07fa-4e82-a8c1-c3d3602a6750 - - - - - -] Maintenance task: Synchronization completed (took 0.07 seconds)
2026-04-23 01:16:22.448 10 INFO neutron.api.wsgi [-] 10.0.0.55 "GET / HTTP/1.1" status: 200 len: 247 time: 0.0012343
2026-04-23 01:16:22.450 9 INFO neutron.api.wsgi [-] 10.0.0.55 "GET / HTTP/1.1" status: 200 len: 247 time: 0.0025995
2026-04-23 01:16:37.449 10 INFO neutron.api.wsgi [-] 10.0.0.55 "GET / HTTP/1.1" status: 200 len: 247 time: 0.0027127
2026-04-23 01:16:37.453 10 INFO neutron.api.wsgi [-] 10.0.0.55 "GET / HTTP/1.1" status: 200 len: 247 time: 0.0023351
2026-04-23 01:16:52.449 10 INFO neutron.api.wsgi [-] 10.0.0.55 "GET / HTTP/1.1" status: 200 len: 247 time: 0.0023203
2026-04-23 01:16:52.454 10 INFO neutron.api.wsgi [-] 10.0.0.55 "GET / HTTP/1.1" status: 200 len: 247 time: 0.0043452
2026-04-23 01:17:07.448 9 INFO neutron.api.wsgi [-] 10.0.0.55 "GET / HTTP/1.1" status: 200 len: 247 time: 0.0018311
2026-04-23 01:17:07.450 10 INFO neutron.api.wsgi [-] 10.0.0.55 "GET / HTTP/1.1" status: 200 len: 247 time: 0.0036988
2026-04-23 01:17:22.449 10 INFO neutron.api.wsgi [-] 10.0.0.55 "GET / HTTP/1.1" status: 200 len: 247 time: 0.0020914
2026-04-23 01:17:22.450 9 INFO neutron.api.wsgi [-] 10.0.0.55 "GET / HTTP/1.1" status: 200 len: 247 time: 0.0028338
2026-04-23 01:17:37.449 10 INFO neutron.api.wsgi [-] 10.0.0.55 "GET / HTTP/1.1" status: 200 len: 247 time: 0.0022857
2026-04-23 01:17:37.450 9 INFO neutron.api.wsgi [-] 10.0.0.55 "GET / HTTP/1.1" status: 200 len: 247 time: 0.0028481 /var/lib/openstack/lib/python3.12/site-packages/pycadf/identifier.py:71: UserWarning: Invalid uuid: neutron. To ensure interoperability, identifiers should be a valid uuid. warnings.warn(('Invalid uuid: %s. To ensure interoperability, '
2026-04-23 01:17:37.971 9 INFO neutron.api.wsgi [None req-21bf53fd-7041-4c70-8f9f-771d57b4ef1c 8f100a0595284558a2b7c47c50433648 bc6adab9e9c04d77ab58d03b74f45e78 - - 6670a3f505bc44f7ba8b1edd2de6f792 6670a3f505bc44f7ba8b1edd2de6f792] 199.204.45.30 "GET /v2.0/networks?tenant_id=bc6adab9e9c04d77ab58d03b74f45e78&shared=False HTTP/1.1" status: 200 len: 213 time: 0.1336420
2026-04-23 01:17:38.073 9 INFO neutron.db.segments_db [None req-92cecacd-2a6e-4fc8-8e48-245bc4bc6f21 8f100a0595284558a2b7c47c50433648 bc6adab9e9c04d77ab58d03b74f45e78 - - 6670a3f505bc44f7ba8b1edd2de6f792 6670a3f505bc44f7ba8b1edd2de6f792] Added segment 0ae005e8-bcf5-48ad-ab11-a9a7b2e5c058 of type geneve for network a97d83c3-7c24-4d1e-8948-f4e893e48e7e
2026-04-23 01:17:38.196 9 INFO neutron.db.ovn_revision_numbers_db [None req-92cecacd-2a6e-4fc8-8e48-245bc4bc6f21 8f100a0595284558a2b7c47c50433648 bc6adab9e9c04d77ab58d03b74f45e78 - - 6670a3f505bc44f7ba8b1edd2de6f792 6670a3f505bc44f7ba8b1edd2de6f792] Successfully bumped revision number for resource a97d83c3-7c24-4d1e-8948-f4e893e48e7e (type: networks) to 1
2026-04-23 01:17:38.355 9 WARNING neutron.scheduler.dhcp_agent_scheduler [None req-92cecacd-2a6e-4fc8-8e48-245bc4bc6f21 8f100a0595284558a2b7c47c50433648 bc6adab9e9c04d77ab58d03b74f45e78 - - 6670a3f505bc44f7ba8b1edd2de6f792 6670a3f505bc44f7ba8b1edd2de6f792] No more DHCP agents
2026-04-23 01:17:38.356 9 WARNING neutron.api.rpc.agentnotifiers.dhcp_rpc_agent_api [None req-92cecacd-2a6e-4fc8-8e48-245bc4bc6f21 8f100a0595284558a2b7c47c50433648 bc6adab9e9c04d77ab58d03b74f45e78 - - 6670a3f505bc44f7ba8b1edd2de6f792 6670a3f505bc44f7ba8b1edd2de6f792] Unable to schedule network a97d83c3-7c24-4d1e-8948-f4e893e48e7e: no agents available; will retry on subsequent port and subnet creation events.
2026-04-23 01:17:38.423 9 INFO neutron.db.ovn_revision_numbers_db [None req-92cecacd-2a6e-4fc8-8e48-245bc4bc6f21 8f100a0595284558a2b7c47c50433648 bc6adab9e9c04d77ab58d03b74f45e78 - - 6670a3f505bc44f7ba8b1edd2de6f792 6670a3f505bc44f7ba8b1edd2de6f792] Successfully bumped revision number for resource c4985531-1bf2-4ef1-8d81-8f43c1d3ddb0 (type: ports) to 1
2026-04-23 01:17:38.451 9 INFO neutron.api.wsgi [None req-92cecacd-2a6e-4fc8-8e48-245bc4bc6f21 8f100a0595284558a2b7c47c50433648 bc6adab9e9c04d77ab58d03b74f45e78 - - 6670a3f505bc44f7ba8b1edd2de6f792 6670a3f505bc44f7ba8b1edd2de6f792] 199.204.45.30 "POST /v2.0/networks HTTP/1.1" status: 201 len: 924 time: 0.4758508
2026-04-23 01:17:38.496 9 INFO neutron.api.wsgi [None req-1b1d3f28-5487-425d-9c54-d0a8ba138901 8f100a0595284558a2b7c47c50433648 bc6adab9e9c04d77ab58d03b74f45e78 - - 6670a3f505bc44f7ba8b1edd2de6f792 6670a3f505bc44f7ba8b1edd2de6f792] 199.204.45.30 "GET /v2.0/ports?device_id=manila-share&binding%3Ahost_id=instance HTTP/1.1" status: 200 len: 210 time: 0.0350282
2026-04-23 01:17:38.511 9 INFO neutron.api.wsgi [None req-53ed3b89-cfc1-4de1-be77-a306bfa925cc 8f100a0595284558a2b7c47c50433648 bc6adab9e9c04d77ab58d03b74f45e78 - - 6670a3f505bc44f7ba8b1edd2de6f792 6670a3f505bc44f7ba8b1edd2de6f792] 199.204.45.30 "GET /v2.0/extensions HTTP/1.1" status: 200 len: 19298 time: 0.0087686
2026-04-23 01:17:38.751 9 WARNING neutron.scheduler.dhcp_agent_scheduler [None req-f1ca81f1-0e5d-4821-b2b2-48bc4cc0b705 8f100a0595284558a2b7c47c50433648 bc6adab9e9c04d77ab58d03b74f45e78 - - 6670a3f505bc44f7ba8b1edd2de6f792 6670a3f505bc44f7ba8b1edd2de6f792] No more DHCP agents
2026-04-23 01:17:38.752 9 WARNING neutron.api.rpc.agentnotifiers.dhcp_rpc_agent_api [None req-f1ca81f1-0e5d-4821-b2b2-48bc4cc0b705 8f100a0595284558a2b7c47c50433648 bc6adab9e9c04d77ab58d03b74f45e78 - - 6670a3f505bc44f7ba8b1edd2de6f792 6670a3f505bc44f7ba8b1edd2de6f792] Unable to schedule network a97d83c3-7c24-4d1e-8948-f4e893e48e7e: no agents available; will retry on subsequent port and subnet creation events.
2026-04-23 01:17:38.833 9 INFO neutron.db.ovn_revision_numbers_db [None req-f1ca81f1-0e5d-4821-b2b2-48bc4cc0b705 8f100a0595284558a2b7c47c50433648 bc6adab9e9c04d77ab58d03b74f45e78 - - 6670a3f505bc44f7ba8b1edd2de6f792 6670a3f505bc44f7ba8b1edd2de6f792] Successfully bumped revision number for resource f3c645a9-93d8-4066-a2be-87a2173eeb15 (type: ports) to 1
2026-04-23 01:17:39.027 9 INFO neutron.db.ovn_revision_numbers_db [None req-f1ca81f1-0e5d-4821-b2b2-48bc4cc0b705 8f100a0595284558a2b7c47c50433648 bc6adab9e9c04d77ab58d03b74f45e78 - - 6670a3f505bc44f7ba8b1edd2de6f792 6670a3f505bc44f7ba8b1edd2de6f792] Successfully bumped revision number for resource f3c645a9-93d8-4066-a2be-87a2173eeb15 (type: ports) to 3
2026-04-23 01:17:39.058 9 INFO neutron.api.wsgi [None req-f1ca81f1-0e5d-4821-b2b2-48bc4cc0b705 8f100a0595284558a2b7c47c50433648 bc6adab9e9c04d77ab58d03b74f45e78 - - 6670a3f505bc44f7ba8b1edd2de6f792 6670a3f505bc44f7ba8b1edd2de6f792] 199.204.45.30 "POST /v2.0/ports HTTP/1.1" status: 201 len: 1172 time: 0.5438666
2026-04-23 01:17:39.088 9 INFO neutron.api.wsgi [None req-86ad4125-28f5-4997-9813-827bbf2add2f 8f100a0595284558a2b7c47c50433648 bc6adab9e9c04d77ab58d03b74f45e78 - - 6670a3f505bc44f7ba8b1edd2de6f792 6670a3f505bc44f7ba8b1edd2de6f792] 199.204.45.30 "GET /v2.0/networks/a97d83c3-7c24-4d1e-8948-f4e893e48e7e HTTP/1.1" status: 200 len: 906 time: 0.0232990
2026-04-23 01:17:39.796 9 INFO neutron.plugins.ml2.drivers.ovn.mech_driver.mech_driver [None req-dd33572b-8b5f-443f-9598-3caa02bad3a0 - - - - - -] OVN reports status up for port: f3c645a9-93d8-4066-a2be-87a2173eeb15
2026-04-23 01:17:39.809 9 INFO neutron.plugins.ml2.plugin [None req-dd33572b-8b5f-443f-9598-3caa02bad3a0 - - - - - -] Attempt 1 to provision port f3c645a9-93d8-4066-a2be-87a2173eeb15
2026-04-23 01:17:39.977 9 INFO neutron.db.ovn_revision_numbers_db [None req-dd33572b-8b5f-443f-9598-3caa02bad3a0 - - - - - -] Successfully bumped revision number for resource f3c645a9-93d8-4066-a2be-87a2173eeb15 (type: ports) to 4
2026-04-23 01:17:41.228 9 INFO neutron.api.wsgi [None req-a89a5647-c129-40c3-880e-304d46af9ff8 8f100a0595284558a2b7c47c50433648 bc6adab9e9c04d77ab58d03b74f45e78 - - 6670a3f505bc44f7ba8b1edd2de6f792 6670a3f505bc44f7ba8b1edd2de6f792] 199.204.45.30 "GET /v2.0/ports?device_id=manila-share&binding%3Ahost_id=instance HTTP/1.1" status: 200 len: 1172 time: 0.0403316
2026-04-23 01:17:41.271 9 INFO neutron.api.wsgi [None req-4301f931-cc36-4947-b12e-d63ba06cc585 8f100a0595284558a2b7c47c50433648 bc6adab9e9c04d77ab58d03b74f45e78 - - 6670a3f505bc44f7ba8b1edd2de6f792 6670a3f505bc44f7ba8b1edd2de6f792] 199.204.45.30 "GET /v2.0/networks/a97d83c3-7c24-4d1e-8948-f4e893e48e7e HTTP/1.1" status: 200 len: 906 time: 0.0347707
2026-04-23 01:17:52.448 10 INFO neutron.api.wsgi [-] 10.0.0.55 "GET / HTTP/1.1" status: 200 len: 247 time: 0.0012648
2026-04-23 01:17:52.449 9 INFO neutron.api.wsgi [-] 10.0.0.55 "GET / HTTP/1.1" status: 200 len: 247 time: 0.0019171
2026-04-23 01:17:53.446 10 INFO neutron.api.wsgi [None req-4d4be190-7c71-4da1-89da-ebeec15aaf37 91ca839dbcda46d3af22ee5ad56de9d6 0803f8ff07b74f198445f884bcc37285 - - default default] 199.204.45.30,10.0.0.55 "GET /v2.0/quotas/bc6adab9e9c04d77ab58d03b74f45e78 HTTP/1.1" status: 200 len: 467 time: 0.0133414
2026-04-23 01:17:53.916 10 INFO neutron.api.wsgi [None req-ec827c2b-097c-456f-b54d-059a364efcc6 91ca839dbcda46d3af22ee5ad56de9d6 0803f8ff07b74f198445f884bcc37285 - - default default] 199.204.45.30,10.0.0.55 "PUT /v2.0/quotas/bc6adab9e9c04d77ab58d03b74f45e78 HTTP/1.1" status: 200 len: 466 time: 0.0242310
2026-04-23 01:18:07.447 9 INFO neutron.api.wsgi [-] 10.0.0.55 "GET / HTTP/1.1" status: 200 len: 247 time: 0.0012312
2026-04-23 01:18:07.448 10 INFO neutron.api.wsgi [-] 10.0.0.55 "GET / HTTP/1.1" status: 200 len: 247 time: 0.0017059
2026-04-23 01:18:22.449 10 INFO neutron.api.wsgi [-] 10.0.0.55 "GET / HTTP/1.1" status: 200 len: 247 time: 0.0026844
2026-04-23 01:18:22.450 9 INFO neutron.api.wsgi [-] 10.0.0.55 "GET / HTTP/1.1" status: 200 len: 247 time: 0.0030487
2026-04-23 01:18:37.447 9 INFO neutron.api.wsgi [-] 10.0.0.55 "GET / HTTP/1.1" status: 200 len: 247 time: 0.0011609
2026-04-23 01:18:37.450 10 INFO neutron.api.wsgi [-] 10.0.0.55 "GET / HTTP/1.1" status: 200 len: 247 time: 0.0032554
2026-04-23 01:18:52.448 10 INFO neutron.api.wsgi [-] 10.0.0.55 "GET / HTTP/1.1" status: 200 len: 247 time: 0.0012701
2026-04-23 01:18:52.449 9 INFO neutron.api.wsgi [-] 10.0.0.55 "GET / HTTP/1.1" status: 200 len: 247 time: 0.0018592
2026-04-23 01:19:07.451 9 INFO neutron.api.wsgi [-] 10.0.0.55 "GET / HTTP/1.1" status: 200 len: 247 time: 0.0037575
2026-04-23 01:19:07.453 9 INFO neutron.api.wsgi [-] 10.0.0.55 "GET / HTTP/1.1" status: 200 len: 247 time: 0.0015361
2026-04-23 01:19:22.449 10 INFO neutron.api.wsgi [-] 10.0.0.55 "GET / HTTP/1.1" status: 200 len: 247 time: 0.0024927
2026-04-23 01:19:22.449 9 INFO neutron.api.wsgi [-] 10.0.0.55 "GET / HTTP/1.1" status: 200 len: 247 time: 0.0026448
2026-04-23 01:19:28.608 9 INFO neutron.api.wsgi [None req-e4d6a393-437f-4b71-aa2b-35d040661a65 91ca839dbcda46d3af22ee5ad56de9d6 0803f8ff07b74f198445f884bcc37285 - - default default] 10.0.0.65 "GET /v2.0/agents HTTP/1.1" status: 200 len: 1390 time: 0.0696871
2026-04-23 01:19:28.656 9 INFO neutron.api.wsgi [None req-67dd9016-6426-4012-8fc1-77ce5066c18e 91ca839dbcda46d3af22ee5ad56de9d6 0803f8ff07b74f198445f884bcc37285 - - default default] 10.0.0.65 "GET /v2.0/networks HTTP/1.1" status: 200 len: 2349 time: 0.0471241
2026-04-23 01:19:28.695 9 INFO neutron.api.wsgi [None req-10a3d3ed-6b3a-48d2-bc1f-0d526ffa96dd 91ca839dbcda46d3af22ee5ad56de9d6 0803f8ff07b74f198445f884bcc37285 - - default default] 10.0.0.65 "GET /v2.0/routers HTTP/1.1" status: 200 len: 189 time: 0.0324528
2026-04-23 01:19:28.708 9 INFO neutron.api.wsgi [None req-abcec914-c0a0-4238-b8d2-094864125837 91ca839dbcda46d3af22ee5ad56de9d6 0803f8ff07b74f198445f884bcc37285 - - default default] 10.0.0.65 "GET /v2.0/agents?binary=ovn-controller HTTP/1.1" status: 200 len: 591 time: 0.0114393
2026-04-23 01:19:28.794 9 INFO neutron.api.wsgi [None req-3743fd91-d752-4463-8c7c-677807ef3363 91ca839dbcda46d3af22ee5ad56de9d6 0803f8ff07b74f198445f884bcc37285 - - default default] 10.0.0.65 "GET /v2.0/subnets HTTP/1.1" status: 200 len: 1484 time: 0.0851393
2026-04-23 01:19:28.803 9 INFO neutron.api.wsgi [None req-cb9ac05d-d008-404a-a654-9ae5019f3cd2 91ca839dbcda46d3af22ee5ad56de9d6 0803f8ff07b74f198445f884bcc37285 - - default default] 10.0.0.65 "GET /v2.0/subnetpools HTTP/1.1" status: 200 len: 193 time: 0.0074670
2026-04-23 01:19:28.841 9 INFO neutron.api.wsgi [None req-132a2479-7caf-44ff-ae38-344383d718a6 91ca839dbcda46d3af22ee5ad56de9d6 0803f8ff07b74f198445f884bcc37285 - - default default] 10.0.0.65 "GET /v2.0/security-groups HTTP/1.1" status: 200 len: 17574 time: 0.0371289
2026-04-23 01:19:28.901 9 INFO neutron.api.wsgi [None req-ca54632f-33c5-41f4-9890-77de91af50b3 91ca839dbcda46d3af22ee5ad56de9d6 0803f8ff07b74f198445f884bcc37285 - - default default] 10.0.0.65 "GET /v2.0/ports HTTP/1.1" status: 200 len: 5347 time: 0.0540104
2026-04-23 01:19:28.940 9 INFO neutron.api.wsgi [None req-cc7ecdad-320a-41c0-a4ea-5e7315e68c1a 91ca839dbcda46d3af22ee5ad56de9d6 0803f8ff07b74f198445f884bcc37285 - - default default] 10.0.0.65 "GET /v2.0/floatingips HTTP/1.1" status: 200 len: 193 time: 0.0333622
2026-04-23 01:19:28.967 9 INFO neutron.api.wsgi [None req-907a5601-2f25-4906-a8df-6459ed8c2557 91ca839dbcda46d3af22ee5ad56de9d6 0803f8ff07b74f198445f884bcc37285 - - default default] 10.0.0.65 "GET /v2.0/subnets HTTP/1.1" status: 200 len: 1484 time: 0.0260534
2026-04-23 01:19:28.978 9 INFO neutron.api.wsgi [None req-cf465261-ca83-423f-a10a-1ffd7b96374d 91ca839dbcda46d3af22ee5ad56de9d6 0803f8ff07b74f198445f884bcc37285 - - default default] 10.0.0.65 "GET /v2.0/network-ip-availabilities HTTP/1.1" status: 200 len: 1280 time: 0.0106549
2026-04-23 01:19:37.448 10 INFO neutron.api.wsgi [-] 10.0.0.55 "GET / HTTP/1.1" status: 200 len: 247 time: 0.0018864
2026-04-23 01:19:37.449 9 INFO neutron.api.wsgi [-] 10.0.0.55 "GET / HTTP/1.1" status: 200 len: 247 time: 0.0022807
2026-04-23 01:19:52.449 10 INFO neutron.api.wsgi [-] 10.0.0.55 "GET / HTTP/1.1" status: 200 len: 247 time: 0.0024107
2026-04-23 01:19:52.452 9 INFO neutron.api.wsgi [-] 10.0.0.55 "GET / HTTP/1.1" status: 200 len: 247 time: 0.0035532
2026-04-23 01:20:07.449 10 INFO neutron.api.wsgi [-] 10.0.0.55 "GET / HTTP/1.1" status: 200 len: 247 time: 0.0018947
2026-04-23 01:20:07.450 9 INFO neutron.api.wsgi [-] 10.0.0.55 "GET / HTTP/1.1" status: 200 len: 247 time: 0.0030472
2026-04-23 01:20:22.450 10 INFO neutron.api.wsgi [-] 10.0.0.55 "GET / HTTP/1.1" status: 200 len: 247 time: 0.0031989
2026-04-23 01:20:22.453 10 INFO neutron.api.wsgi [-] 10.0.0.55 "GET / HTTP/1.1" status: 200 len: 247 time: 0.0017037
2026-04-23 01:20:28.684 9 INFO neutron.api.wsgi [None req-02b32729-298c-4f6a-8dad-6de76e440fc3 91ca839dbcda46d3af22ee5ad56de9d6 0803f8ff07b74f198445f884bcc37285 - - default default] 10.0.0.65 "GET /v2.0/networks HTTP/1.1" status: 200 len: 2349 time: 0.1139934
2026-04-23 01:20:28.723 9 INFO neutron.api.wsgi [None req-bce5c4b5-9336-479b-a4ac-8e4f2a7e8329 91ca839dbcda46d3af22ee5ad56de9d6 0803f8ff07b74f198445f884bcc37285 - - default default] 10.0.0.65 "GET /v2.0/ports HTTP/1.1" status: 200 len: 5347 time: 0.0376437
2026-04-23 01:20:28.761 9 INFO neutron.api.wsgi [None req-940b2199-a236-4f4a-bb2a-516bf3f4193f 91ca839dbcda46d3af22ee5ad56de9d6 0803f8ff07b74f198445f884bcc37285 - - default default] 10.0.0.65 "GET /v2.0/subnets HTTP/1.1" status: 200 len: 1484 time: 0.0335009
2026-04-23 01:20:28.777 9 INFO neutron.api.wsgi [None req-87711caf-09ef-4af7-b2fe-5db8a26812b5 91ca839dbcda46d3af22ee5ad56de9d6 0803f8ff07b74f198445f884bcc37285 - - default default] 10.0.0.65 "GET /v2.0/routers HTTP/1.1" status: 200 len: 189 time: 0.0134268
2026-04-23 01:20:28.801 9 INFO neutron.api.wsgi [None req-4ca6045d-d60e-4296-896c-3f1237506aa9 91ca839dbcda46d3af22ee5ad56de9d6 0803f8ff07b74f198445f884bcc37285 - - default default] 10.0.0.65 "GET /v2.0/agents?binary=ovn-controller HTTP/1.1" status: 200 len: 591 time: 0.0233266
2026-04-23 01:20:28.817 9 INFO neutron.api.wsgi [None req-cf9bb597-7599-4b08-afb7-5b876dc7dc01 91ca839dbcda46d3af22ee5ad56de9d6 0803f8ff07b74f198445f884bcc37285 - - default default] 10.0.0.65 "GET /v2.0/network-ip-availabilities HTTP/1.1" status: 200 len: 1280 time: 0.0115371
2026-04-23 01:20:28.831 9 INFO neutron.api.wsgi [None req-96acbbde-377b-4624-b77e-ada6daac2fef 91ca839dbcda46d3af22ee5ad56de9d6 0803f8ff07b74f198445f884bcc37285 - - default default] 10.0.0.65 "GET /v2.0/floatingips HTTP/1.1" status: 200 len: 193 time: 0.0125225
2026-04-23 01:20:28.871 9 INFO neutron.api.wsgi [None req-aabed012-42e9-4b05-ae35-5f409b70895a 91ca839dbcda46d3af22ee5ad56de9d6 0803f8ff07b74f198445f884bcc37285 - - default default] 10.0.0.65 "GET /v2.0/security-groups HTTP/1.1" status: 200 len: 17574 time: 0.0389817
2026-04-23 01:20:28.884 9 INFO neutron.api.wsgi [None req-07f6998f-5114-48b8-90b3-83d3e07d33a6 91ca839dbcda46d3af22ee5ad56de9d6 0803f8ff07b74f198445f884bcc37285 - - default default] 10.0.0.65 "GET /v2.0/agents HTTP/1.1" status: 200 len: 1390 time: 0.0093815
2026-04-23 01:20:28.903 9 INFO neutron.api.wsgi [None req-f7989364-ede7-4bb7-962d-827926dd8b5a 91ca839dbcda46d3af22ee5ad56de9d6 0803f8ff07b74f198445f884bcc37285 - - default default] 10.0.0.65 "GET /v2.0/subnets HTTP/1.1" status: 200 len: 1484 time: 0.0176523
2026-04-23 01:20:28.911 9 INFO neutron.api.wsgi [None req-1a142f8e-9de0-4809-84e2-65e0911cfdc0 91ca839dbcda46d3af22ee5ad56de9d6 0803f8ff07b74f198445f884bcc37285 - - default default] 10.0.0.65 "GET /v2.0/subnetpools HTTP/1.1" status: 200 len: 193 time: 0.0062573
2026-04-23 01:20:37.450 9 INFO neutron.api.wsgi [-] 10.0.0.55 "GET / HTTP/1.1" status: 200 len: 247 time: 0.0029202
2026-04-23 01:20:37.450 10 INFO neutron.api.wsgi [-] 10.0.0.55 "GET / HTTP/1.1" status: 200 len: 247 time: 0.0030351
2026-04-23 01:20:52.449 10 INFO neutron.api.wsgi [-] 10.0.0.55 "GET / HTTP/1.1" status: 200 len: 247 time: 0.0023468
2026-04-23 01:20:52.449 9 INFO neutron.api.wsgi [-] 10.0.0.55 "GET / HTTP/1.1" status: 200 len: 247 time: 0.0025425
2026-04-23 01:21:07.450 10 INFO neutron.api.wsgi [-] 10.0.0.55 "GET / HTTP/1.1" status: 200 len: 247 time: 0.0031042
2026-04-23 01:21:07.450 9 INFO neutron.api.wsgi [-] 10.0.0.55 "GET / HTTP/1.1" status: 200 len: 247 time: 0.0034537
2026-04-23 01:21:22.449 9 INFO neutron.api.wsgi [-] 10.0.0.55 "GET / HTTP/1.1" status: 200 len: 247 time: 0.0026364
2026-04-23 01:21:22.453 9 INFO neutron.api.wsgi [-] 10.0.0.55 "GET / HTTP/1.1" status: 200 len: 247 time: 0.0021079
2026-04-23 01:21:28.622 9 INFO neutron.api.wsgi [None req-260a5350-db17-4f51-b92c-ac9ae4bbd4a9 91ca839dbcda46d3af22ee5ad56de9d6 0803f8ff07b74f198445f884bcc37285 - - default default] 10.0.0.65 "GET /v2.0/routers HTTP/1.1" status: 200 len: 189 time: 0.0620887
2026-04-23 01:21:28.652 9 INFO neutron.api.wsgi [None req-f7c72875-11d3-4528-8955-db32665220d2 91ca839dbcda46d3af22ee5ad56de9d6 0803f8ff07b74f198445f884bcc37285 - - default default] 10.0.0.65 "GET /v2.0/agents?binary=ovn-controller HTTP/1.1" status: 200 len: 591 time: 0.0289133
2026-04-23 01:21:28.676 9 INFO neutron.api.wsgi [None req-ae3a4338-9167-4b09-abf0-d3fc5f9801f2 91ca839dbcda46d3af22ee5ad56de9d6 0803f8ff07b74f198445f884bcc37285 - - default default] 10.0.0.65 "GET /v2.0/subnets HTTP/1.1" status: 200 len: 1484 time: 0.0232313
2026-04-23 01:21:28.683 9 INFO neutron.api.wsgi [None req-d6d65565-dfad-4096-9cb5-1970d3f29ab8 91ca839dbcda46d3af22ee5ad56de9d6 0803f8ff07b74f198445f884bcc37285 - - default default] 10.0.0.65 "GET /v2.0/subnetpools HTTP/1.1" status: 200 len: 193 time: 0.0057447
2026-04-23 01:21:28.714 9 INFO neutron.api.wsgi [None req-9f3dc28e-5402-4c49-9a00-47ef280c0551 91ca839dbcda46d3af22ee5ad56de9d6 0803f8ff07b74f198445f884bcc37285 - - default default] 10.0.0.65 "GET /v2.0/subnets HTTP/1.1" status: 200 len: 1484 time: 0.0288479
2026-04-23 01:21:28.723 9 INFO neutron.api.wsgi [None req-4bfce78e-d095-480b-9bb0-a3eba38e54b4 91ca839dbcda46d3af22ee5ad56de9d6 0803f8ff07b74f198445f884bcc37285 - - default default] 10.0.0.65 "GET /v2.0/network-ip-availabilities HTTP/1.1" status: 200 len: 1280 time: 0.0083730
2026-04-23 01:21:28.736 9 INFO neutron.api.wsgi [None req-4c476f1f-71dd-49bc-86ed-612f297c4e97 91ca839dbcda46d3af22ee5ad56de9d6 0803f8ff07b74f198445f884bcc37285 - - default default] 10.0.0.65 "GET /v2.0/floatingips HTTP/1.1" status: 200 len: 193 time: 0.0126159
2026-04-23 01:21:28.784 9 INFO neutron.api.wsgi [None req-f5733684-4fa8-4804-8bc3-74749f97cd95 91ca839dbcda46d3af22ee5ad56de9d6 0803f8ff07b74f198445f884bcc37285 - - default default] 10.0.0.65 "GET /v2.0/networks HTTP/1.1" status: 200 len: 2349 time: 0.0464256
2026-04-23 01:21:28.817 9 INFO neutron.api.wsgi [None req-3e280bf7-a418-45b2-b494-4255af657c75 91ca839dbcda46d3af22ee5ad56de9d6 0803f8ff07b74f198445f884bcc37285 - - default default] 10.0.0.65 "GET /v2.0/security-groups HTTP/1.1" status: 200 len: 17574 time: 0.0314441
2026-04-23 01:21:28.862 9 INFO neutron.api.wsgi [None req-8037fb98-b05c-4491-ad3c-5dab3b97c505 91ca839dbcda46d3af22ee5ad56de9d6 0803f8ff07b74f198445f884bcc37285 - - default default] 10.0.0.65 "GET /v2.0/ports HTTP/1.1" status: 200 len: 5347 time: 0.0383232
2026-04-23 01:21:28.887 9 INFO neutron.api.wsgi [None req-93cb5ccf-135d-4cc3-8ee8-5f8fd300a59e 91ca839dbcda46d3af22ee5ad56de9d6 0803f8ff07b74f198445f884bcc37285 - - default default] 10.0.0.65 "GET /v2.0/agents HTTP/1.1" status: 200 len: 1390 time: 0.0152261
2026-04-23 01:21:37.448 9 INFO neutron.api.wsgi [-] 10.0.0.55 "GET / HTTP/1.1" status: 200 len: 247 time: 0.0016427
2026-04-23 01:21:37.451 9 INFO neutron.api.wsgi [-] 10.0.0.55 "GET / HTTP/1.1" status: 200 len: 247 time: 0.0013597
2026-04-23 01:21:52.449 10 INFO neutron.api.wsgi [-] 10.0.0.55 "GET / HTTP/1.1" status: 200 len: 247 time: 0.0017941
2026-04-23 01:21:52.451 9 INFO neutron.api.wsgi [-] 10.0.0.55 "GET / HTTP/1.1" status: 200 len: 247 time: 0.0034974
2026-04-23 01:22:07.448 9 INFO neutron.api.wsgi [-] 10.0.0.55 "GET / HTTP/1.1" status: 200 len: 247 time: 0.0016251
2026-04-23 01:22:07.497 10 INFO neutron.api.wsgi [-] 10.0.0.55 "GET / HTTP/1.1" status: 200 len: 247 time: 0.0494955
2026-04-23 01:22:22.449 10 INFO neutron.api.wsgi [-] 10.0.0.55 "GET / HTTP/1.1" status: 200 len: 247 time: 0.0016015
2026-04-23 01:22:22.450 9 INFO neutron.api.wsgi [-] 10.0.0.55 "GET / HTTP/1.1" status: 200 len: 247 time: 0.0023158
2026-04-23 01:22:28.628 9 INFO neutron.api.wsgi [None req-cec933b9-a694-43e7-a4be-6c7de07d07c6 91ca839dbcda46d3af22ee5ad56de9d6 0803f8ff07b74f198445f884bcc37285 - - default default] 10.0.0.65 "GET /v2.0/networks HTTP/1.1" status: 200 len: 2349 time: 0.0739975
2026-04-23 01:22:28.667 9 INFO neutron.api.wsgi [None req-3cafd69c-9f72-4761-a4da-b6aae9acf9b1 91ca839dbcda46d3af22ee5ad56de9d6 0803f8ff07b74f198445f884bcc37285 - - default default] 10.0.0.65 "GET /v2.0/security-groups HTTP/1.1" status: 200 len: 17574 time: 0.0341618
2026-04-23 01:22:28.682 9 INFO neutron.api.wsgi [None req-acdecb99-312c-41e7-b75a-e2327307ec10 91ca839dbcda46d3af22ee5ad56de9d6 0803f8ff07b74f198445f884bcc37285 - - default default] 10.0.0.65 "GET /v2.0/network-ip-availabilities HTTP/1.1" status: 200 len: 1280 time: 0.0094414
2026-04-23 01:22:28.695 9 INFO neutron.api.wsgi [None req-8c79d476-7a8c-49fb-a967-fb1660c5d34c 91ca839dbcda46d3af22ee5ad56de9d6 0803f8ff07b74f198445f884bcc37285 - - default default] 10.0.0.65 "GET /v2.0/floatingips HTTP/1.1" status: 200 len: 193 time: 0.0125670
2026-04-23 01:22:28.707 9 INFO neutron.api.wsgi [None req-cfc7216a-7ec4-40f2-a126-41b2b8a383bf 91ca839dbcda46d3af22ee5ad56de9d6 0803f8ff07b74f198445f884bcc37285 - - default default] 10.0.0.65 "GET /v2.0/routers HTTP/1.1" status: 200 len: 189 time: 0.0110528
2026-04-23 01:22:28.732 9 INFO neutron.api.wsgi [None req-c65d940e-2349-4437-a54b-d82f95dc38b7 91ca839dbcda46d3af22ee5ad56de9d6 0803f8ff07b74f198445f884bcc37285 - - default default] 10.0.0.65 "GET /v2.0/agents?binary=ovn-controller HTTP/1.1" status: 200 len: 591 time: 0.0240917
2026-04-23 01:22:28.744 9 INFO neutron.api.wsgi [None req-9cd48cc1-6049-4860-93f5-26285766fa92 91ca839dbcda46d3af22ee5ad56de9d6 0803f8ff07b74f198445f884bcc37285 - - default default] 10.0.0.65 "GET /v2.0/agents HTTP/1.1" status: 200 len: 1390 time: 0.0113885
2026-04-23 01:22:28.769 9 INFO neutron.api.wsgi [None req-cf094ce9-4aa5-43f5-90f3-ffcbbba64a69 91ca839dbcda46d3af22ee5ad56de9d6 0803f8ff07b74f198445f884bcc37285 - - default default] 10.0.0.65 "GET /v2.0/subnets HTTP/1.1" status: 200 len: 1484 time: 0.0243967
2026-04-23 01:22:28.777 9 INFO neutron.api.wsgi [None req-dc1ddf43-9530-4680-a931-ab4acf8ab989 91ca839dbcda46d3af22ee5ad56de9d6 0803f8ff07b74f198445f884bcc37285 - - default default] 10.0.0.65 "GET /v2.0/subnetpools HTTP/1.1" status: 200 len: 193 time: 0.0071080
2026-04-23 01:22:28.816 9 INFO neutron.api.wsgi [None req-5178c07f-4cef-4799-b759-ccc61b139bf4 91ca839dbcda46d3af22ee5ad56de9d6 0803f8ff07b74f198445f884bcc37285 - - default default] 10.0.0.65 "GET /v2.0/ports HTTP/1.1" status: 200 len: 5347 time: 0.0381081
2026-04-23 01:22:28.846 9 INFO neutron.api.wsgi [None req-b7a9296b-e1c7-4c6a-a2e9-aafe4f3ed4f9 91ca839dbcda46d3af22ee5ad56de9d6 0803f8ff07b74f198445f884bcc37285 - - default default] 10.0.0.65 "GET /v2.0/subnets HTTP/1.1" status: 200 len: 1484 time: 0.0249946
2026-04-23 01:22:37.448 10 INFO neutron.api.wsgi [-] 10.0.0.55 "GET / HTTP/1.1" status: 200 len: 247 time: 0.0016139
2026-04-23 01:22:37.448 9 INFO neutron.api.wsgi [-] 10.0.0.55 "GET / HTTP/1.1" status: 200 len: 247 time: 0.0016470
2026-04-23 01:22:52.450 9 INFO neutron.api.wsgi [-] 10.0.0.55 "GET / HTTP/1.1" status: 200 len: 247 time: 0.0026369
2026-04-23 01:22:52.451 9 INFO neutron.api.wsgi [-] 10.0.0.55 "GET / HTTP/1.1" status: 200 len: 247 time: 0.0012887
2026-04-23 01:23:07.450 10 INFO neutron.api.wsgi [-] 10.0.0.55 "GET / HTTP/1.1" status: 200 len: 247 time: 0.0023661
2026-04-23 01:23:07.451 9 INFO neutron.api.wsgi [-] 10.0.0.55 "GET / HTTP/1.1" status: 200 len: 247 time: 0.0025861
2026-04-23 01:23:22.449 9 INFO neutron.api.wsgi [-] 10.0.0.55 "GET / HTTP/1.1" status: 200 len: 247 time: 0.0024331
2026-04-23 01:23:22.449 10 INFO neutron.api.wsgi [-] 10.0.0.55 "GET / HTTP/1.1" status: 200 len: 247 time: 0.0025566
2026-04-23 01:23:28.659 9 INFO neutron.api.wsgi [None req-4ff5e3d9-62d3-47cb-a0f0-e74b1c53de07 91ca839dbcda46d3af22ee5ad56de9d6 0803f8ff07b74f198445f884bcc37285 - - default default] 10.0.0.65 "GET /v2.0/agents HTTP/1.1" status: 200 len: 1390 time: 0.0838327
2026-04-23 01:23:28.672 9 INFO neutron.api.wsgi [None req-6e4a71d9-f4b7-4915-bc90-a6e953981fee 91ca839dbcda46d3af22ee5ad56de9d6 0803f8ff07b74f198445f884bcc37285 - - default default] 10.0.0.65 "GET /v2.0/floatingips HTTP/1.1" status: 200 len: 193 time: 0.0116014
2026-04-23 01:23:28.712 9 INFO neutron.api.wsgi [None req-014f8fa3-edee-4166-a2b4-7d70b0f4aacc 91ca839dbcda46d3af22ee5ad56de9d6 0803f8ff07b74f198445f884bcc37285 - - default default] 10.0.0.65 "GET /v2.0/networks HTTP/1.1" status: 200 len: 2349 time: 0.0394235
2026-04-23 01:23:28.747 9 INFO neutron.api.wsgi [None req-cc80b0f6-4293-4750-b30c-83a62e39e0e3 91ca839dbcda46d3af22ee5ad56de9d6 0803f8ff07b74f198445f884bcc37285 - - default default] 10.0.0.65 "GET /v2.0/security-groups HTTP/1.1" status: 200 len: 17574 time: 0.0319953
2026-04-23 01:23:28.776 9 INFO neutron.api.wsgi [None req-d10f338c-06f0-4d33-b7f9-7abcae56ecfa 91ca839dbcda46d3af22ee5ad56de9d6 0803f8ff07b74f198445f884bcc37285 - - default default] 10.0.0.65 "GET /v2.0/subnets HTTP/1.1" status: 200 len: 1484 time: 0.0244310
2026-04-23 01:23:28.818 9 INFO neutron.api.wsgi [None req-8430f74f-4f10-48dd-a7b1-4bf98236a803 91ca839dbcda46d3af22ee5ad56de9d6 0803f8ff07b74f198445f884bcc37285 - - default default] 10.0.0.65 "GET /v2.0/ports HTTP/1.1" status: 200 len: 5347 time: 0.0399771
2026-04-23 01:23:28.833 9 INFO neutron.api.wsgi [None req-34fa80f9-9b58-4443-a317-39b51afae55d 91ca839dbcda46d3af22ee5ad56de9d6 0803f8ff07b74f198445f884bcc37285 - - default default] 10.0.0.65 "GET /v2.0/network-ip-availabilities HTTP/1.1" status: 200 len: 1280 time: 0.0101531
2026-04-23 01:23:28.849 9 INFO neutron.api.wsgi [None req-0c9e404d-7428-4f2e-9642-caa19768e266 91ca839dbcda46d3af22ee5ad56de9d6 0803f8ff07b74f198445f884bcc37285 - - default default] 10.0.0.65 "GET /v2.0/routers HTTP/1.1" status: 200 len: 189 time: 0.0142801
2026-04-23 01:23:28.856 9 INFO neutron.api.wsgi [None req-2fdbd4a9-65cc-4fef-bf6b-a53b2008399b 91ca839dbcda46d3af22ee5ad56de9d6 0803f8ff07b74f198445f884bcc37285 - - default default] 10.0.0.65 "GET /v2.0/agents?binary=ovn-controller HTTP/1.1" status: 200 len: 591 time: 0.0069430
2026-04-23 01:23:28.879 9 INFO neutron.api.wsgi [None req-13de46f6-06b8-4a43-9953-2a92d608371a 91ca839dbcda46d3af22ee5ad56de9d6 0803f8ff07b74f198445f884bcc37285 - - default default] 10.0.0.65 "GET /v2.0/subnets HTTP/1.1" status: 200 len: 1484 time: 0.0221021
2026-04-23 01:23:28.886 9 INFO neutron.api.wsgi [None req-5a3744a6-424e-4209-a37e-6a7b7775179b 91ca839dbcda46d3af22ee5ad56de9d6 0803f8ff07b74f198445f884bcc37285 - - default default] 10.0.0.65 "GET /v2.0/subnetpools HTTP/1.1" status: 200 len: 193 time: 0.0050464
2026-04-23 01:23:37.448 10 INFO neutron.api.wsgi [-] 10.0.0.55 "GET / HTTP/1.1" status: 200 len: 247 time: 0.0015507
2026-04-23 01:23:37.450 10 INFO neutron.api.wsgi [-] 10.0.0.55 "GET / HTTP/1.1" status: 200 len: 247 time: 0.0016458
2026-04-23 01:23:52.449 10 INFO neutron.api.wsgi [-] 10.0.0.55 "GET / HTTP/1.1" status: 200 len: 247 time: 0.0020285
2026-04-23 01:23:52.454 9 INFO neutron.api.wsgi [-] 10.0.0.55 "GET / HTTP/1.1" status: 200 len: 247 time: 0.0024471
2026-04-23 01:24:07.448 10 INFO neutron.api.wsgi [-] 10.0.0.55 "GET / HTTP/1.1" status: 200 len: 247 time: 0.0016241
2026-04-23 01:24:07.450 9 INFO neutron.api.wsgi [-] 10.0.0.55 "GET / HTTP/1.1" status: 200 len: 247 time: 0.0030727
2026-04-23 01:24:22.450 10 INFO neutron.api.wsgi [-] 10.0.0.55 "GET / HTTP/1.1" status: 200 len: 247 time: 0.0024362
2026-04-23 01:24:22.451 9 INFO neutron.api.wsgi [-] 10.0.0.55 "GET / HTTP/1.1" status: 200 len: 247 time: 0.0026755
2026-04-23 01:24:28.676 9 INFO neutron.api.wsgi [None req-c4f00d23-6c47-4975-8a41-8a32c94e44d6 91ca839dbcda46d3af22ee5ad56de9d6 0803f8ff07b74f198445f884bcc37285 - - default default] 10.0.0.65 "GET /v2.0/routers HTTP/1.1" status: 200 len: 189 time: 0.0700252
2026-04-23 01:24:28.717 9 INFO neutron.api.wsgi [None req-31b64353-da4d-4614-ab6d-36cef6ae69d4 91ca839dbcda46d3af22ee5ad56de9d6 0803f8ff07b74f198445f884bcc37285 - - default default] 10.0.0.65 "GET /v2.0/agents?binary=ovn-controller HTTP/1.1" status: 200 len: 591 time: 0.0405931
2026-04-23 01:24:28.731 9 INFO neutron.api.wsgi [None req-3285e397-b5b2-4d96-a7dd-46d7ee85142e 91ca839dbcda46d3af22ee5ad56de9d6 0803f8ff07b74f198445f884bcc37285 - - default default] 10.0.0.65 "GET /v2.0/agents HTTP/1.1" status: 200 len: 1390 time: 0.0125721
2026-04-23 01:24:28.772 9 INFO neutron.api.wsgi [None req-12996466-bbe1-492b-8762-4ff83efae259 91ca839dbcda46d3af22ee5ad56de9d6 0803f8ff07b74f198445f884bcc37285 - - default default] 10.0.0.65 "GET /v2.0/subnets HTTP/1.1" status: 200 len: 1484 time: 0.0391214
2026-04-23 01:24:28.780 9 INFO neutron.api.wsgi [None req-5d76aa15-173f-4063-a5a3-17959f061e80 91ca839dbcda46d3af22ee5ad56de9d6 0803f8ff07b74f198445f884bcc37285 - - default default] 10.0.0.65 "GET /v2.0/subnetpools HTTP/1.1" status: 200 len: 193 time: 0.0071123
2026-04-23 01:24:28.829 9 INFO neutron.api.wsgi [None req-836c4339-fb87-4b68-a3ff-b24c0f397a2e 91ca839dbcda46d3af22ee5ad56de9d6 0803f8ff07b74f198445f884bcc37285 - - default default] 10.0.0.65 "GET /v2.0/networks HTTP/1.1" status: 200 len: 2349 time: 0.0485506
2026-04-23 01:24:28.857 9 INFO neutron.api.wsgi [None req-a5a8a3a1-111c-47e8-ab14-b300a17b5ac2 91ca839dbcda46d3af22ee5ad56de9d6 0803f8ff07b74f198445f884bcc37285 - - default default] 10.0.0.65 "GET /v2.0/subnets HTTP/1.1" status: 200 len: 1484 time: 0.0249577
2026-04-23 01:24:28.876 9 INFO neutron.api.wsgi [None req-cda6ccd6-967a-4821-a5a2-0d55107b226a 91ca839dbcda46d3af22ee5ad56de9d6 0803f8ff07b74f198445f884bcc37285 - - default default] 10.0.0.65 "GET /v2.0/floatingips HTTP/1.1" status: 200 len: 193 time: 0.0168331
2026-04-23 01:24:28.917 9 INFO neutron.api.wsgi [None req-ad30f5b5-6ac2-4347-9b45-f1cc77b418f9 91ca839dbcda46d3af22ee5ad56de9d6 0803f8ff07b74f198445f884bcc37285 - - default default] 10.0.0.65 "GET /v2.0/ports HTTP/1.1" status: 200 len: 5347 time: 0.0403738
2026-04-23 01:24:28.959 9 INFO neutron.api.wsgi [None req-389b46bb-a55f-4778-a38f-a0231626afe8 91ca839dbcda46d3af22ee5ad56de9d6 0803f8ff07b74f198445f884bcc37285 - - default default] 10.0.0.65 "GET /v2.0/security-groups HTTP/1.1" status: 200 len: 17574 time: 0.0366549
2026-04-23 01:24:28.982 9 INFO neutron.api.wsgi [None req-3e02d48f-d7f6-43df-8035-3a68ff1241aa 91ca839dbcda46d3af22ee5ad56de9d6 0803f8ff07b74f198445f884bcc37285 - - default default] 10.0.0.65 "GET /v2.0/network-ip-availabilities HTTP/1.1" status: 200 len: 1280 time: 0.0113182
2026-04-23 01:24:37.448 10 INFO neutron.api.wsgi [-] 10.0.0.55 "GET / HTTP/1.1" status: 200 len: 247 time: 0.0018604
