2026-04-23 01:36:06.893 10 WARNING neutron.scheduler.dhcp_agent_scheduler [None req-1e13c2fd-ce21-45b0-b0ff-70cbfa8ca1ae 1e32f8a2ae764705924c00daa5214912 9dc1b7acfea74c36a754536cc7954589 - - default default] No more DHCP agents
2026-04-23 01:36:06.894 10 WARNING neutron.api.rpc.agentnotifiers.dhcp_rpc_agent_api [None req-1e13c2fd-ce21-45b0-b0ff-70cbfa8ca1ae 1e32f8a2ae764705924c00daa5214912 9dc1b7acfea74c36a754536cc7954589 - - default default] Unable to schedule network ea518446-6303-46f6-bb7d-386457e6bcef: no agents available; will retry on subsequent port and subnet creation events.
2026-04-23 01:36:06.921 10 INFO neutron.db.ovn_revision_numbers_db [None req-1e13c2fd-ce21-45b0-b0ff-70cbfa8ca1ae 1e32f8a2ae764705924c00daa5214912 9dc1b7acfea74c36a754536cc7954589 - - default default] Successfully bumped revision number for resource 3a977354-25d5-46cc-92c1-38cbe5f61d2e (type: subnets) to 0
2026-04-23 01:36:06.940 10 INFO neutron.api.wsgi [None req-1e13c2fd-ce21-45b0-b0ff-70cbfa8ca1ae 1e32f8a2ae764705924c00daa5214912 9dc1b7acfea74c36a754536cc7954589 - - default default] 10.0.0.110 "POST /v2.0/subnets HTTP/1.1" status: 201 len: 930 time: 0.2667294
2026-04-23 01:36:06.950 9 WARNING neutron_lib.context [None req-dbb074d1-fc6a-4165-8cf6-5c66abb754d9 1e32f8a2ae764705924c00daa5214912 9dc1b7acfea74c36a754536cc7954589 - - default default] Method 'is_advsvc' is deprecated since 2023.2 release (neutron-lib 3.8.0) and will be removed once support for the old RBAC API policies will be removed from Neutron. Please use method 'is_service_role' instead.
2026-04-23 01:36:07.050 9 INFO neutron.db.segments_db [None req-dbb074d1-fc6a-4165-8cf6-5c66abb754d9 1e32f8a2ae764705924c00daa5214912 9dc1b7acfea74c36a754536cc7954589 - - default default] Added segment d2b40760-75c3-4205-82fd-6f2acb47a6d4 of type geneve for network 35b4ab4e-8932-46c0-be38-98e1c06d3c08
2026-04-23 01:36:07.109 9 WARNING neutron.scheduler.dhcp_agent_scheduler [req-333ff05d-ed12-4ac7-befc-7b85c940f724 req-e6dd5be0-c05a-4cd6-aa7a-1e58911a2771 2660e6c9de8840a29cf4fa7cec55f347 95b663a3f6f74b17af39c52517e686fc - - default default] No more DHCP agents
2026-04-23 01:36:07.110 9 WARNING neutron.api.rpc.agentnotifiers.dhcp_rpc_agent_api [req-333ff05d-ed12-4ac7-befc-7b85c940f724 req-e6dd5be0-c05a-4cd6-aa7a-1e58911a2771 2660e6c9de8840a29cf4fa7cec55f347 95b663a3f6f74b17af39c52517e686fc - - default default] Unable to schedule network ecb97fc1-da30-4fb0-89b4-bc576bacf4c0: no agents available; will retry on subsequent port and subnet creation events.
2026-04-23 01:36:07.199 9 INFO neutron.db.ovn_revision_numbers_db [None req-dbb074d1-fc6a-4165-8cf6-5c66abb754d9 1e32f8a2ae764705924c00daa5214912 9dc1b7acfea74c36a754536cc7954589 - - default default] Successfully bumped revision number for resource 35b4ab4e-8932-46c0-be38-98e1c06d3c08 (type: networks) to 1
2026-04-23 01:36:07.300 9 INFO neutron.db.ovn_revision_numbers_db [req-333ff05d-ed12-4ac7-befc-7b85c940f724 req-e6dd5be0-c05a-4cd6-aa7a-1e58911a2771 2660e6c9de8840a29cf4fa7cec55f347 95b663a3f6f74b17af39c52517e686fc - - default default] Successfully bumped revision number for resource 5943b14f-b643-419a-861c-db68b53dece1 (type: ports) to 1
2026-04-23 01:36:07.327 9 INFO neutron.api.wsgi [req-333ff05d-ed12-4ac7-befc-7b85c940f724 req-e6dd5be0-c05a-4cd6-aa7a-1e58911a2771 2660e6c9de8840a29cf4fa7cec55f347 95b663a3f6f74b17af39c52517e686fc - - default default] 199.204.45.30 "POST /v2.0/ports HTTP/1.1" status: 201 len: 1162 time: 0.5152259 /var/lib/openstack/lib/python3.12/site-packages/pycadf/identifier.py:71: UserWarning: Invalid uuid: neutron. To ensure interoperability, identifiers should be a valid uuid. warnings.warn(('Invalid uuid: %s. To ensure interoperability, '
2026-04-23 01:36:07.401 9 WARNING neutron.scheduler.dhcp_agent_scheduler [None req-dbb074d1-fc6a-4165-8cf6-5c66abb754d9 1e32f8a2ae764705924c00daa5214912 9dc1b7acfea74c36a754536cc7954589 - - default default] No more DHCP agents
2026-04-23 01:36:07.403 9 WARNING neutron.api.rpc.agentnotifiers.dhcp_rpc_agent_api [None req-dbb074d1-fc6a-4165-8cf6-5c66abb754d9 1e32f8a2ae764705924c00daa5214912 9dc1b7acfea74c36a754536cc7954589 - - default default] Unable to schedule network 35b4ab4e-8932-46c0-be38-98e1c06d3c08: no agents available; will retry on subsequent port and subnet creation events.
2026-04-23 01:36:07.449 10 INFO neutron.api.wsgi [-] 10.0.0.55 "GET / HTTP/1.1" status: 200 len: 247 time: 0.0023730
2026-04-23 01:36:07.453 10 INFO neutron.api.wsgi [-] 10.0.0.55 "GET / HTTP/1.1" status: 200 len: 247 time: 0.0028358
2026-04-23 01:36:07.487 9 INFO neutron.db.ovn_revision_numbers_db [None req-dbb074d1-fc6a-4165-8cf6-5c66abb754d9 1e32f8a2ae764705924c00daa5214912 9dc1b7acfea74c36a754536cc7954589 - - default default] Successfully bumped revision number for resource 312f997d-1ccc-445b-a180-0dc1e7b27aa1 (type: ports) to 1
2026-04-23 01:36:07.506 9 INFO neutron.api.wsgi [None req-dbb074d1-fc6a-4165-8cf6-5c66abb754d9 1e32f8a2ae764705924c00daa5214912 9dc1b7acfea74c36a754536cc7954589 - - default default] 10.0.0.110 "POST /v2.0/networks HTTP/1.1" status: 201 len: 837 time: 0.5597923
2026-04-23 01:36:07.515 10 WARNING neutron_lib.context [None req-92e48b08-a946-44aa-b502-52fad9d88aa9 1e32f8a2ae764705924c00daa5214912 9dc1b7acfea74c36a754536cc7954589 - - default default] Method 'is_advsvc' is deprecated since 2023.2 release (neutron-lib 3.8.0) and will be removed once support for the old RBAC API policies will be removed from Neutron. Please use method 'is_service_role' instead.
2026-04-23 01:36:07.704 10 WARNING neutron.scheduler.dhcp_agent_scheduler [None req-92e48b08-a946-44aa-b502-52fad9d88aa9 1e32f8a2ae764705924c00daa5214912 9dc1b7acfea74c36a754536cc7954589 - - default default] No more DHCP agents
2026-04-23 01:36:07.705 10 WARNING neutron.api.rpc.agentnotifiers.dhcp_rpc_agent_api [None req-92e48b08-a946-44aa-b502-52fad9d88aa9 1e32f8a2ae764705924c00daa5214912 9dc1b7acfea74c36a754536cc7954589 - - default default] Unable to schedule network 35b4ab4e-8932-46c0-be38-98e1c06d3c08: no agents available; will retry on subsequent port and subnet creation events.
2026-04-23 01:36:07.715 9 INFO neutron.db.ovn_revision_numbers_db [req-333ff05d-ed12-4ac7-befc-7b85c940f724 req-5ca28aa8-7f60-4737-bf0e-ae5c6295efb4 ac89d56221214e9781827e73aac2a8d1 bc6adab9e9c04d77ab58d03b74f45e78 - - 6670a3f505bc44f7ba8b1edd2de6f792 6670a3f505bc44f7ba8b1edd2de6f792] Successfully bumped revision number for resource 5943b14f-b643-419a-861c-db68b53dece1 (type: ports) to 2
2026-04-23 01:36:07.939 9 INFO neutron.db.ovn_revision_numbers_db [req-333ff05d-ed12-4ac7-befc-7b85c940f724 req-5ca28aa8-7f60-4737-bf0e-ae5c6295efb4 ac89d56221214e9781827e73aac2a8d1 bc6adab9e9c04d77ab58d03b74f45e78 - - 6670a3f505bc44f7ba8b1edd2de6f792 6670a3f505bc44f7ba8b1edd2de6f792] Successfully bumped revision number for resource 5943b14f-b643-419a-861c-db68b53dece1 (type: ports) to 4
2026-04-23 01:36:07.949 10 INFO neutron.api.wsgi [req-8cc69b19-4ccc-4897-8966-030f8c5a010f req-5da14c14-bd97-4cf2-bdca-9fb1f9785b1b 2660e6c9de8840a29cf4fa7cec55f347 95b663a3f6f74b17af39c52517e686fc - - default default] 10.0.0.163 "GET /v2.0/ports?device_id=da2cb1c9-607c-4feb-a44c-8f65b9c2b6ff HTTP/1.1" status: 200 len: 1172 time: 0.0711741
2026-04-23 01:36:07.958 9 INFO neutron.api.wsgi [req-333ff05d-ed12-4ac7-befc-7b85c940f724 req-5ca28aa8-7f60-4737-bf0e-ae5c6295efb4 ac89d56221214e9781827e73aac2a8d1 bc6adab9e9c04d77ab58d03b74f45e78 - - 6670a3f505bc44f7ba8b1edd2de6f792 6670a3f505bc44f7ba8b1edd2de6f792] 199.204.45.30 "PUT /v2.0/ports/5943b14f-b643-419a-861c-db68b53dece1 HTTP/1.1" status: 200 len: 1408 time: 0.6251628
2026-04-23 01:36:07.994 10 INFO neutron.api.wsgi [req-8cc69b19-4ccc-4897-8966-030f8c5a010f req-6ce9c92d-6d1b-4ba5-a091-986f96ffdf3e 2660e6c9de8840a29cf4fa7cec55f347 95b663a3f6f74b17af39c52517e686fc - - default default] 10.0.0.163 "GET /v2.0/security-groups?id=e90b924e-9e9f-45f1-8175-c791c980b974&fields=id&fields=name HTTP/1.1" status: 200 len: 312 time: 0.0379419
2026-04-23 01:36:08.001 9 INFO neutron.notifiers.nova [-] Nova event matching ['req-0c0d7d9e-04c9-459d-b04e-32eb0618174b'] response: {'name': 'network-changed', 'server_uuid': 'da2cb1c9-607c-4feb-a44c-8f65b9c2b6ff', 'tag': '5943b14f-b643-419a-861c-db68b53dece1', 'status': 'completed', 'code': 200}
2026-04-23 01:36:08.135 10 INFO neutron.db.ovn_revision_numbers_db [None req-9fa82fe9-2ff0-47df-8b2f-350a28a2f1fe - - - - - -] Successfully bumped revision number for resource 312f997d-1ccc-445b-a180-0dc1e7b27aa1 (type: ports) to 2
2026-04-23 01:36:08.164 10 INFO neutron.db.ovn_revision_numbers_db [None req-9fa82fe9-2ff0-47df-8b2f-350a28a2f1fe - - - - - -] Successfully bumped revision number for resource 7830096d-9f69-451c-ab56-97faeb44e805 (type: subnets) to 0
2026-04-23 01:36:08.178 10 INFO neutron.api.wsgi [None req-92e48b08-a946-44aa-b502-52fad9d88aa9 1e32f8a2ae764705924c00daa5214912 9dc1b7acfea74c36a754536cc7954589 - - default default] 10.0.0.110 "POST /v2.0/subnets HTTP/1.1" status: 201 len: 855 time: 0.6682482
2026-04-23 01:36:08.191 10 WARNING neutron_lib.context [None req-f6933706-7c41-4155-a996-33caa93061de 1e32f8a2ae764705924c00daa5214912 9dc1b7acfea74c36a754536cc7954589 - - default default] Method 'is_advsvc' is deprecated since 2023.2 release (neutron-lib 3.8.0) and will be removed once support for the old RBAC API policies will be removed from Neutron. Please use method 'is_service_role' instead.
2026-04-23 01:36:08.391 10 WARNING neutron.scheduler.dhcp_agent_scheduler [None req-f6933706-7c41-4155-a996-33caa93061de 1e32f8a2ae764705924c00daa5214912 9dc1b7acfea74c36a754536cc7954589 - - default default] No more DHCP agents
2026-04-23 01:36:08.393 10 WARNING neutron.api.rpc.agentnotifiers.dhcp_rpc_agent_api [None req-f6933706-7c41-4155-a996-33caa93061de 1e32f8a2ae764705924c00daa5214912 9dc1b7acfea74c36a754536cc7954589 - - default default] Unable to schedule network 35b4ab4e-8932-46c0-be38-98e1c06d3c08: no agents available; will retry on subsequent port and subnet creation events.
2026-04-23 01:36:08.419 10 INFO neutron.db.ovn_revision_numbers_db [None req-f6933706-7c41-4155-a996-33caa93061de 1e32f8a2ae764705924c00daa5214912 9dc1b7acfea74c36a754536cc7954589 - - default default] Successfully bumped revision number for resource accdb132-a310-4ec2-ad8c-d5bdd9360c79 (type: subnets) to 0
2026-04-23 01:36:08.436 10 INFO neutron.api.wsgi [None req-f6933706-7c41-4155-a996-33caa93061de 1e32f8a2ae764705924c00daa5214912 9dc1b7acfea74c36a754536cc7954589 - - default default] 10.0.0.110 "POST /v2.0/subnets HTTP/1.1" status: 201 len: 925 time: 0.2502778
2026-04-23 01:36:08.445 10 WARNING neutron_lib.context [None req-43e17875-dfc4-4f30-9c62-54a941acaaa1 1e32f8a2ae764705924c00daa5214912 9dc1b7acfea74c36a754536cc7954589 - - default default] Method 'is_advsvc' is deprecated since 2023.2 release (neutron-lib 3.8.0) and will be removed once support for the old RBAC API policies will be removed from Neutron. Please use method 'is_service_role' instead. /var/lib/openstack/lib/python3.12/site-packages/pycadf/identifier.py:71: UserWarning: Invalid uuid: neutron. To ensure interoperability, identifiers should be a valid uuid. warnings.warn(('Invalid uuid: %s. To ensure interoperability, '
2026-04-23 01:36:08.524 10 INFO neutron.db.segments_db [None req-43e17875-dfc4-4f30-9c62-54a941acaaa1 1e32f8a2ae764705924c00daa5214912 9dc1b7acfea74c36a754536cc7954589 - - default default] Added segment 909623db-95a6-40e5-a018-1e1a35164090 of type geneve for network 5d2fe9b9-8318-416f-8b8a-0ad031b969ee
2026-04-23 01:36:08.548 9 INFO neutron.api.wsgi [req-aa0c175d-8c30-4232-aae7-3e3d023881a6 req-78495273-0032-475d-b027-34492fd30ea2 ac89d56221214e9781827e73aac2a8d1 bc6adab9e9c04d77ab58d03b74f45e78 - - 6670a3f505bc44f7ba8b1edd2de6f792 6670a3f505bc44f7ba8b1edd2de6f792] 199.204.45.30 "GET /v2.0/ports?tenant_id=95b663a3f6f74b17af39c52517e686fc&device_id=da2cb1c9-607c-4feb-a44c-8f65b9c2b6ff HTTP/1.1" status: 200 len: 1411 time: 0.0363712
2026-04-23 01:36:08.602 9 INFO neutron.api.wsgi [req-aa0c175d-8c30-4232-aae7-3e3d023881a6 req-74511faf-e733-4c72-befb-f19dea9a99b4 ac89d56221214e9781827e73aac2a8d1 bc6adab9e9c04d77ab58d03b74f45e78 - - 6670a3f505bc44f7ba8b1edd2de6f792 6670a3f505bc44f7ba8b1edd2de6f792] 199.204.45.30 "GET /v2.0/networks?tenant_id=95b663a3f6f74b17af39c52517e686fc&shared=False HTTP/1.1" status: 200 len: 959 time: 0.0484347
2026-04-23 01:36:08.631 10 INFO neutron.db.ovn_revision_numbers_db [None req-43e17875-dfc4-4f30-9c62-54a941acaaa1 1e32f8a2ae764705924c00daa5214912 9dc1b7acfea74c36a754536cc7954589 - - default default] Successfully bumped revision number for resource 5d2fe9b9-8318-416f-8b8a-0ad031b969ee (type: networks) to 1
2026-04-23 01:36:08.650 9 INFO neutron.api.wsgi [req-aa0c175d-8c30-4232-aae7-3e3d023881a6 req-a3050d01-bcb8-4e21-95ab-1fc5e12356cb ac89d56221214e9781827e73aac2a8d1 bc6adab9e9c04d77ab58d03b74f45e78 - - 6670a3f505bc44f7ba8b1edd2de6f792 6670a3f505bc44f7ba8b1edd2de6f792] 199.204.45.30 "GET /v2.0/networks?shared=True HTTP/1.1" status: 200 len: 952 time: 0.0415840
2026-04-23 01:36:08.811 10 WARNING neutron.scheduler.dhcp_agent_scheduler [None req-43e17875-dfc4-4f30-9c62-54a941acaaa1 1e32f8a2ae764705924c00daa5214912 9dc1b7acfea74c36a754536cc7954589 - - default default] No more DHCP agents
2026-04-23 01:36:08.813 10 WARNING neutron.api.rpc.agentnotifiers.dhcp_rpc_agent_api [None req-43e17875-dfc4-4f30-9c62-54a941acaaa1 1e32f8a2ae764705924c00daa5214912 9dc1b7acfea74c36a754536cc7954589 - - default default] Unable to schedule network 5d2fe9b9-8318-416f-8b8a-0ad031b969ee: no agents available; will retry on subsequent port and subnet creation events.
2026-04-23 01:36:08.874 10 INFO neutron.db.ovn_revision_numbers_db [None req-43e17875-dfc4-4f30-9c62-54a941acaaa1 1e32f8a2ae764705924c00daa5214912 9dc1b7acfea74c36a754536cc7954589 - - default default] Successfully bumped revision number for resource 2cf80670-e75f-4903-82ec-c315b0c8a081 (type: ports) to 1
2026-04-23 01:36:08.897 10 INFO neutron.api.wsgi [None req-43e17875-dfc4-4f30-9c62-54a941acaaa1 1e32f8a2ae764705924c00daa5214912 9dc1b7acfea74c36a754536cc7954589 - - default default] 10.0.0.110 "POST /v2.0/networks HTTP/1.1" status: 201 len: 837 time: 0.4558132
2026-04-23 01:36:08.908 10 WARNING neutron_lib.context [None req-cbe2df7c-88e3-435d-92b0-5c15e5e77a8c 1e32f8a2ae764705924c00daa5214912 9dc1b7acfea74c36a754536cc7954589 - - default default] Method 'is_advsvc' is deprecated since 2023.2 release (neutron-lib 3.8.0) and will be removed once support for the old RBAC API policies will be removed from Neutron. Please use method 'is_service_role' instead.
2026-04-23 01:36:09.098 10 INFO neutron.api.wsgi [req-98728d06-02a5-4768-a143-e1e9ab82738b req-8e663f70-293b-47ff-b99a-f9c7e0ec2cf9 2660e6c9de8840a29cf4fa7cec55f347 95b663a3f6f74b17af39c52517e686fc - - default default] 10.0.0.163 "GET /v2.0/ports?device_id=da2cb1c9-607c-4feb-a44c-8f65b9c2b6ff HTTP/1.1" status: 200 len: 1172 time: 0.0334167
2026-04-23 01:36:09.102 10 WARNING neutron.scheduler.dhcp_agent_scheduler [None req-cbe2df7c-88e3-435d-92b0-5c15e5e77a8c 1e32f8a2ae764705924c00daa5214912 9dc1b7acfea74c36a754536cc7954589 - - default default] No more DHCP agents
2026-04-23 01:36:09.107 10 WARNING neutron.api.rpc.agentnotifiers.dhcp_rpc_agent_api [None req-cbe2df7c-88e3-435d-92b0-5c15e5e77a8c 1e32f8a2ae764705924c00daa5214912 9dc1b7acfea74c36a754536cc7954589 - - default default] Unable to schedule network 5d2fe9b9-8318-416f-8b8a-0ad031b969ee: no agents available; will retry on subsequent port and subnet creation events.
2026-04-23 01:36:09.160 10 INFO neutron.api.wsgi [req-98728d06-02a5-4768-a143-e1e9ab82738b req-a604d69c-6061-47bf-8a25-3f137ee2aba7 2660e6c9de8840a29cf4fa7cec55f347 95b663a3f6f74b17af39c52517e686fc - - default default] 10.0.0.163 "GET /v2.0/security-groups?id=e90b924e-9e9f-45f1-8175-c791c980b974&fields=id&fields=name HTTP/1.1" status: 200 len: 312 time: 0.0537646
2026-04-23 01:36:09.411 10 WARNING neutron_lib.context [None req-5b613cd5-f221-4855-90af-e6b4edeb4bb2 4f4daf90637747f59d78e3edff34d3b8 b71908a3a8d0475c9dc144e6446c1525 - - default default] Method 'is_advsvc' is deprecated since 2023.2 release (neutron-lib 3.8.0) and will be removed once support for the old RBAC API policies will be removed from Neutron. Please use method 'is_service_role' instead.
2026-04-23 01:36:09.506 10 INFO neutron.db.ovn_revision_numbers_db [None req-5b613cd5-f221-4855-90af-e6b4edeb4bb2 4f4daf90637747f59d78e3edff34d3b8 b71908a3a8d0475c9dc144e6446c1525 - - default default] Successfully bumped revision number for resource db053a9c-d1db-499c-84c7-a5270509c08f (type: routers) to 1
2026-04-23 01:36:09.528 10 INFO neutron.api.wsgi [None req-5b613cd5-f221-4855-90af-e6b4edeb4bb2 4f4daf90637747f59d78e3edff34d3b8 b71908a3a8d0475c9dc144e6446c1525 - - default default] 10.0.0.110 "POST /v2.0/routers HTTP/1.1" status: 201 len: 769 time: 0.2757452
2026-04-23 01:36:09.582 10 INFO neutron.db.ovn_revision_numbers_db [None req-2c64200a-4ddf-4824-8922-929367fe67ab - - - - - -] Successfully bumped revision number for resource 2cf80670-e75f-4903-82ec-c315b0c8a081 (type: ports) to 2
2026-04-23 01:36:09.594 10 INFO neutron.api.wsgi [None req-96b210f5-553f-4568-9615-9b20a6ed4f1e 4f4daf90637747f59d78e3edff34d3b8 b71908a3a8d0475c9dc144e6446c1525 - - default default] 10.0.0.110 "PUT /v2.0/routers/db053a9c-d1db-499c-84c7-a5270509c08f/tags HTTP/1.1" status: 200 len: 218 time: 0.0578172
2026-04-23 01:36:09.608 10 INFO neutron.db.ovn_revision_numbers_db [None req-2c64200a-4ddf-4824-8922-929367fe67ab - - - - - -] Successfully bumped revision number for resource 97608a57-c913-4889-bfb4-3b0d721c0138 (type: subnets) to 0
2026-04-23 01:36:09.624 10 INFO neutron.api.wsgi [None req-cbe2df7c-88e3-435d-92b0-5c15e5e77a8c 1e32f8a2ae764705924c00daa5214912 9dc1b7acfea74c36a754536cc7954589 - - default default] 10.0.0.110 "POST /v2.0/subnets HTTP/1.1" status: 201 len: 855 time: 0.7214930
2026-04-23 01:36:09.633 10 WARNING neutron_lib.context [None req-d309e3a9-7a04-4df6-b81d-5553d38b13b3 1e32f8a2ae764705924c00daa5214912 9dc1b7acfea74c36a754536cc7954589 - - default default] Method 'is_advsvc' is deprecated since 2023.2 release (neutron-lib 3.8.0) and will be removed once support for the old RBAC API policies will be removed from Neutron. Please use method 'is_service_role' instead.
2026-04-23 01:36:09.636 9 INFO neutron.api.wsgi [None req-21a647aa-4750-4812-9585-2dfa868c4391 4f4daf90637747f59d78e3edff34d3b8 b71908a3a8d0475c9dc144e6446c1525 - - default default] 10.0.0.110 "GET /v2.0/routers/db053a9c-d1db-499c-84c7-a5270509c08f/tags HTTP/1.1" status: 200 len: 218 time: 0.0336108
2026-04-23 01:36:09.701 9 INFO neutron.api.wsgi [None req-4144a844-e8bf-4cbc-bb98-52daa4a16329 4f4daf90637747f59d78e3edff34d3b8 b71908a3a8d0475c9dc144e6446c1525 - - default default] 10.0.0.110 "PUT /v2.0/routers/db053a9c-d1db-499c-84c7-a5270509c08f/tags/green HTTP/1.1" status: 201 len: 201 time: 0.0602863
2026-04-23 01:36:09.706 9 INFO neutron.api.wsgi [req-333ff05d-ed12-4ac7-befc-7b85c940f724 req-fa8c4ea2-32a1-4622-a8db-9be3f53e451b ac89d56221214e9781827e73aac2a8d1 bc6adab9e9c04d77ab58d03b74f45e78 - - 6670a3f505bc44f7ba8b1edd2de6f792 6670a3f505bc44f7ba8b1edd2de6f792] 199.204.45.30 "GET /v2.0/ports?tenant_id=95b663a3f6f74b17af39c52517e686fc&device_id=da2cb1c9-607c-4feb-a44c-8f65b9c2b6ff HTTP/1.1" status: 200 len: 1411 time: 0.0322933
2026-04-23 01:36:09.728 9 INFO neutron.api.wsgi [req-333ff05d-ed12-4ac7-befc-7b85c940f724 req-875a8d86-17a7-4f41-94e8-2cc6a119a447 ac89d56221214e9781827e73aac2a8d1 bc6adab9e9c04d77ab58d03b74f45e78 - - 6670a3f505bc44f7ba8b1edd2de6f792 6670a3f505bc44f7ba8b1edd2de6f792] 199.204.45.30 "GET /v2.0/floatingips?fixed_ip_address=10.100.0.14&port_id=5943b14f-b643-419a-861c-db68b53dece1 HTTP/1.1" status: 200 len: 217 time: 0.0155571
2026-04-23 01:36:09.749 10 INFO neutron.api.wsgi [None req-ee679ea2-1379-4b9a-a0f9-6a88356ecb42 4f4daf90637747f59d78e3edff34d3b8 b71908a3a8d0475c9dc144e6446c1525 - - default default] 10.0.0.110 "GET /v2.0/routers/db053a9c-d1db-499c-84c7-a5270509c08f/tags HTTP/1.1" status: 200 len: 227 time: 0.0420496
2026-04-23 01:36:09.755 9 INFO neutron.api.wsgi [req-333ff05d-ed12-4ac7-befc-7b85c940f724 req-7df1173e-9916-4113-acf1-f85300da7105 ac89d56221214e9781827e73aac2a8d1 bc6adab9e9c04d77ab58d03b74f45e78 - - 6670a3f505bc44f7ba8b1edd2de6f792 6670a3f505bc44f7ba8b1edd2de6f792] 199.204.45.30 "GET /v2.0/subnets?id=e49be870-24e0-4f85-84bc-8fc8f9ce7e57 HTTP/1.1" status: 200 len: 876 time: 0.0207238
2026-04-23 01:36:09.782 9 INFO neutron.api.wsgi [req-333ff05d-ed12-4ac7-befc-7b85c940f724 req-e70f5ccf-ea3c-416f-a2f2-aa8dcdc505eb ac89d56221214e9781827e73aac2a8d1 bc6adab9e9c04d77ab58d03b74f45e78 - - 6670a3f505bc44f7ba8b1edd2de6f792 6670a3f505bc44f7ba8b1edd2de6f792] 199.204.45.30 "GET /v2.0/ports?network_id=ecb97fc1-da30-4fb0-89b4-bc576bacf4c0&device_owner=network%3Adhcp HTTP/1.1" status: 200 len: 210 time: 0.0196953
2026-04-23 01:36:09.793 10 INFO neutron.api.wsgi [None req-2cd8f70f-e39b-4156-81ea-6b871c527d43 4f4daf90637747f59d78e3edff34d3b8 b71908a3a8d0475c9dc144e6446c1525 - - default default] 10.0.0.110 "PUT /v2.0/routers/db053a9c-d1db-499c-84c7-a5270509c08f/tags/red HTTP/1.1" status: 201 len: 201 time: 0.0408714
2026-04-23 01:36:09.829 9 INFO neutron.api.wsgi [req-333ff05d-ed12-4ac7-befc-7b85c940f724 req-641395e2-9285-47b2-9d50-d694f61079fb ac89d56221214e9781827e73aac2a8d1 bc6adab9e9c04d77ab58d03b74f45e78 - - 6670a3f505bc44f7ba8b1edd2de6f792 6670a3f505bc44f7ba8b1edd2de6f792] 199.204.45.30 "GET /v2.0/networks/ecb97fc1-da30-4fb0-89b4-bc576bacf4c0?fields=segments HTTP/1.1" status: 200 len: 212 time: 0.0386403
2026-04-23 01:36:09.837 10 INFO neutron.api.wsgi [None req-76c0c4f1-a66f-4d91-be9e-5ec62ec545df 4f4daf90637747f59d78e3edff34d3b8 b71908a3a8d0475c9dc144e6446c1525 - - default default] 10.0.0.110 "GET /v2.0/routers/db053a9c-d1db-499c-84c7-a5270509c08f/tags HTTP/1.1" status: 200 len: 227 time: 0.0383565
2026-04-23 01:36:09.878 9 INFO neutron.api.wsgi [req-333ff05d-ed12-4ac7-befc-7b85c940f724 req-90eaf6ff-a1bb-4432-a23e-ff99406e08fc ac89d56221214e9781827e73aac2a8d1 bc6adab9e9c04d77ab58d03b74f45e78 - - 6670a3f505bc44f7ba8b1edd2de6f792 6670a3f505bc44f7ba8b1edd2de6f792] 199.204.45.30 "GET /v2.0/networks/ecb97fc1-da30-4fb0-89b4-bc576bacf4c0?fields=provider%3Aphysical_network&fields=provider%3Anetwork_type HTTP/1.1" status: 200 len: 277 time: 0.0426061
2026-04-23 01:36:09.891 10 WARNING neutron.scheduler.dhcp_agent_scheduler [None req-d309e3a9-7a04-4df6-b81d-5553d38b13b3 1e32f8a2ae764705924c00daa5214912 9dc1b7acfea74c36a754536cc7954589 - - default default] No more DHCP agents
2026-04-23 01:36:09.892 10 WARNING neutron.api.rpc.agentnotifiers.dhcp_rpc_agent_api [None req-d309e3a9-7a04-4df6-b81d-5553d38b13b3 1e32f8a2ae764705924c00daa5214912 9dc1b7acfea74c36a754536cc7954589 - - default default] Unable to schedule network 5d2fe9b9-8318-416f-8b8a-0ad031b969ee: no agents available; will retry on subsequent port and subnet creation events.
2026-04-23 01:36:09.897 10 INFO neutron.api.wsgi [None req-85b47086-1931-43bb-b223-210d885e601d 4f4daf90637747f59d78e3edff34d3b8 b71908a3a8d0475c9dc144e6446c1525 - - default default] 10.0.0.110 "PUT /v2.0/routers/db053a9c-d1db-499c-84c7-a5270509c08f/tags/black.or.white HTTP/1.1" status: 201 len: 201 time: 0.0556877
2026-04-23 01:36:09.917 10 INFO neutron.db.ovn_revision_numbers_db [None req-d309e3a9-7a04-4df6-b81d-5553d38b13b3 1e32f8a2ae764705924c00daa5214912 9dc1b7acfea74c36a754536cc7954589 - - default default] Successfully bumped revision number for resource 23370a4e-3354-4d99-9d0f-ce6a568609af (type: subnets) to 0
2026-04-23 01:36:09.932 10 INFO neutron.api.wsgi [None req-d309e3a9-7a04-4df6-b81d-5553d38b13b3 1e32f8a2ae764705924c00daa5214912 9dc1b7acfea74c36a754536cc7954589 - - default default] 10.0.0.110 "POST /v2.0/subnets HTTP/1.1" status: 201 len: 928 time: 0.3029232
2026-04-23 01:36:09.936 9 INFO neutron.api.wsgi [None req-cd6e7349-20ac-4cf1-bd06-0fb155347b88 4f4daf90637747f59d78e3edff34d3b8 b71908a3a8d0475c9dc144e6446c1525 - - default default] 10.0.0.110 "GET /v2.0/routers/db053a9c-d1db-499c-84c7-a5270509c08f/tags HTTP/1.1" status: 200 len: 245 time: 0.0336030
2026-04-23 01:36:09.940 9 WARNING neutron_lib.context [None req-63bab0ee-94f9-4c77-a5e8-1693ec7e79db 1e32f8a2ae764705924c00daa5214912 9dc1b7acfea74c36a754536cc7954589 - - default default] Method 'is_advsvc' is deprecated since 2023.2 release (neutron-lib 3.8.0) and will be removed once support for the old RBAC API policies will be removed from Neutron. Please use method 'is_service_role' instead.
2026-04-23 01:36:09.991 10 INFO neutron.api.wsgi [None req-6e3c9739-39c2-457e-8d25-8abe20285fb5 4f4daf90637747f59d78e3edff34d3b8 b71908a3a8d0475c9dc144e6446c1525 - - default default] 10.0.0.110 "PUT /v2.0/routers/db053a9c-d1db-499c-84c7-a5270509c08f/tags HTTP/1.1" status: 200 len: 230 time: 0.0519633
2026-04-23 01:36:10.027 10 INFO neutron.api.wsgi [None req-62354b38-2b9e-4d90-8af2-fea0d4287196 4f4daf90637747f59d78e3edff34d3b8 b71908a3a8d0475c9dc144e6446c1525 - - default default] 10.0.0.110 "GET /v2.0/routers/db053a9c-d1db-499c-84c7-a5270509c08f/tags HTTP/1.1" status: 200 len: 230 time: 0.0304778
2026-04-23 01:36:10.067 10 INFO neutron.api.wsgi [None req-fda06830-379c-4350-8104-814a5637adc6 4f4daf90637747f59d78e3edff34d3b8 b71908a3a8d0475c9dc144e6446c1525 - - default default] 10.0.0.110 "GET /v2.0/routers/db053a9c-d1db-499c-84c7-a5270509c08f/tags/red HTTP/1.1" status: 204 len: 168 time: 0.0346875
2026-04-23 01:36:10.121 9 INFO neutron.api.v2.resource [None req-a34cb83f-48cd-42dd-8d62-64ab5f43cff0 4f4daf90637747f59d78e3edff34d3b8 b71908a3a8d0475c9dc144e6446c1525 - - default default] show failed (client error): The resource could not be found.
2026-04-23 01:36:10.122 9 INFO neutron.api.wsgi [None req-a34cb83f-48cd-42dd-8d62-64ab5f43cff0 4f4daf90637747f59d78e3edff34d3b8 b71908a3a8d0475c9dc144e6446c1525 - - default default] 10.0.0.110 "GET /v2.0/routers/db053a9c-d1db-499c-84c7-a5270509c08f/tags/green HTTP/1.1" status: 404 len: 299 time: 0.0496070
2026-04-23 01:36:10.181 9 INFO neutron.api.wsgi [None req-bc578686-23eb-4d06-82b4-6f1cb21b1dc2 4f4daf90637747f59d78e3edff34d3b8 b71908a3a8d0475c9dc144e6446c1525 - - default default] 10.0.0.110 "DELETE /v2.0/routers/db053a9c-d1db-499c-84c7-a5270509c08f/tags/red HTTP/1.1" status: 204 len: 168 time: 0.0538313
2026-04-23 01:36:10.222 9 INFO neutron.api.wsgi [None req-e55606ad-99d2-4479-be9d-d3d75f344b06 4f4daf90637747f59d78e3edff34d3b8 b71908a3a8d0475c9dc144e6446c1525 - - default default] 10.0.0.110 "GET /v2.0/routers/db053a9c-d1db-499c-84c7-a5270509c08f/tags HTTP/1.1" status: 200 len: 223 time: 0.0365250
2026-04-23 01:36:10.248 10 INFO neutron.api.wsgi [req-739f4372-4629-4d8d-84a3-13e032424a0d req-6496e4ba-ca09-4bba-816d-41480f98c51a 2660e6c9de8840a29cf4fa7cec55f347 95b663a3f6f74b17af39c52517e686fc - - default default] 10.0.0.163 "GET /v2.0/ports?device_id=da2cb1c9-607c-4feb-a44c-8f65b9c2b6ff HTTP/1.1" status: 200 len: 1172 time: 0.0287285
2026-04-23 01:36:10.273 9 INFO neutron.api.v2.resource [None req-031b05c1-7498-42a1-90bf-69f60015a34f 4f4daf90637747f59d78e3edff34d3b8 b71908a3a8d0475c9dc144e6446c1525 - - default default] delete failed (client error): The resource could not be found.
2026-04-23 01:36:10.274 9 INFO neutron.api.wsgi [None req-031b05c1-7498-42a1-90bf-69f60015a34f 4f4daf90637747f59d78e3edff34d3b8 b71908a3a8d0475c9dc144e6446c1525 - - default default] 10.0.0.110 "DELETE /v2.0/routers/db053a9c-d1db-499c-84c7-a5270509c08f/tags/green HTTP/1.1" status: 404 len: 299 time: 0.0449398
2026-04-23 01:36:10.285 10 INFO neutron.api.wsgi [req-739f4372-4629-4d8d-84a3-13e032424a0d req-8bde9112-d37c-4f5b-9f1f-9ca53f426999 2660e6c9de8840a29cf4fa7cec55f347 95b663a3f6f74b17af39c52517e686fc - - default default] 10.0.0.163 "GET /v2.0/security-groups?id=e90b924e-9e9f-45f1-8175-c791c980b974&fields=id&fields=name HTTP/1.1" status: 200 len: 312 time: 0.0334907
2026-04-23 01:36:10.323 10 INFO neutron.api.wsgi [None req-a5644af9-cdd0-41b9-8b82-d682f486ce46 4f4daf90637747f59d78e3edff34d3b8 b71908a3a8d0475c9dc144e6446c1525 - - default default] 10.0.0.110 "DELETE /v2.0/routers/db053a9c-d1db-499c-84c7-a5270509c08f/tags HTTP/1.1" status: 204 len: 168 time: 0.0442038
2026-04-23 01:36:10.366 10 INFO neutron.api.wsgi [None req-7f28e204-9584-4d5e-bc5b-dc012a579e65 4f4daf90637747f59d78e3edff34d3b8 b71908a3a8d0475c9dc144e6446c1525 - - default default] 10.0.0.110 "GET /v2.0/routers/db053a9c-d1db-499c-84c7-a5270509c08f/tags HTTP/1.1" status: 200 len: 205 time: 0.0385699
2026-04-23 01:36:10.367 9 WARNING neutron.scheduler.dhcp_agent_scheduler [None req-63bab0ee-94f9-4c77-a5e8-1693ec7e79db 1e32f8a2ae764705924c00daa5214912 9dc1b7acfea74c36a754536cc7954589 - - default default] No more DHCP agents
2026-04-23 01:36:10.369 9 WARNING neutron.api.rpc.agentnotifiers.dhcp_rpc_agent_api [None req-63bab0ee-94f9-4c77-a5e8-1693ec7e79db 1e32f8a2ae764705924c00daa5214912 9dc1b7acfea74c36a754536cc7954589 - - default default] Unable to schedule network c667ea11-65b5-47cc-9e60-cd6d0f9f0c0c: no agents available; will retry on subsequent port and subnet creation events.
2026-04-23 01:36:10.408 10 INFO neutron.api.wsgi [None req-4ca2a495-1b45-4193-8520-057e854af15b 4f4daf90637747f59d78e3edff34d3b8 b71908a3a8d0475c9dc144e6446c1525 - - default default] 10.0.0.110 "GET /v2.0/routers/db053a9c-d1db-499c-84c7-a5270509c08f HTTP/1.1" status: 200 len: 770 time: 0.0349348
2026-04-23 01:36:10.499 9 INFO neutron.db.ovn_revision_numbers_db [None req-63bab0ee-94f9-4c77-a5e8-1693ec7e79db 1e32f8a2ae764705924c00daa5214912 9dc1b7acfea74c36a754536cc7954589 - - default default] Successfully bumped revision number for resource 832d3de9-2fb0-418b-a22f-8c3fc2474999 (type: ports) to 1
2026-04-23 01:36:10.653 10 INFO neutron.db.ovn_revision_numbers_db [None req-3c2057ef-2c20-4442-bdb2-b31ccb3ac121 4f4daf90637747f59d78e3edff34d3b8 b71908a3a8d0475c9dc144e6446c1525 - - default default] Successfully bumped revision number for resource db053a9c-d1db-499c-84c7-a5270509c08f (type: routers) to 7
2026-04-23 01:36:10.657 10 INFO neutron.api.wsgi [None req-3c2057ef-2c20-4442-bdb2-b31ccb3ac121 4f4daf90637747f59d78e3edff34d3b8 b71908a3a8d0475c9dc144e6446c1525 - - default default] 10.0.0.110 "PUT /v2.0/routers/db053a9c-d1db-499c-84c7-a5270509c08f HTTP/1.1" status: 200 len: 770 time: 0.2435818
2026-04-23 01:36:10.678 10 INFO neutron.api.wsgi [None req-d98b41ce-ff5b-4448-a277-a1d5c2f787af 4f4daf90637747f59d78e3edff34d3b8 b71908a3a8d0475c9dc144e6446c1525 - - default default] 10.0.0.110 "GET /v2.0/ports?device_id=db053a9c-d1db-499c-84c7-a5270509c08f HTTP/1.1" status: 200 len: 205 time: 0.0145741
2026-04-23 01:36:10.836 10 INFO neutron.api.wsgi [None req-ee4af05c-b960-4d3d-a237-4c0a62ab75ff 4f4daf90637747f59d78e3edff34d3b8 b71908a3a8d0475c9dc144e6446c1525 - - default default] 10.0.0.110 "DELETE /v2.0/routers/db053a9c-d1db-499c-84c7-a5270509c08f HTTP/1.1" status: 204 len: 168 time: 0.1529167
2026-04-23 01:36:11.070 9 INFO neutron.plugins.ml2.drivers.ovn.mech_driver.ovsdb.commands [None req-eb9c0c3e-a625-4d63-99fc-a6040febb665 - - - - - -] Schedule LRP lrp-832d3de9-2fb0-418b-a22f-8c3fc2474999 on gateway 5d7fbcc1-0c7c-47fc-bf15-80b384121cac with priority 1
2026-04-23 01:36:11.082 10 INFO neutron.plugins.ml2.drivers.ovn.mech_driver.mech_driver [None req-f2112779-f316-43de-b7c1-a1665716bcf8 - - - - - -] OVN reports status up for port: 832d3de9-2fb0-418b-a22f-8c3fc2474999
2026-04-23 01:36:11.093 10 INFO neutron.plugins.ml2.plugin [None req-f2112779-f316-43de-b7c1-a1665716bcf8 - - - - - -] Attempt 1 to provision port 832d3de9-2fb0-418b-a22f-8c3fc2474999
2026-04-23 01:36:11.102 9 INFO neutron.plugins.ml2.drivers.ovn.mech_driver.ovsdb.ovsdb_monitor [None req-3deb46f9-a5a5-4aa3-bdce-e781609fd707 - - - - - -] Router 168f0ac2-4312-48ef-8982-ea96f35b8077 is bound to host instance
2026-04-23 01:36:11.125 9 INFO neutron.db.ovn_revision_numbers_db [None req-63bab0ee-94f9-4c77-a5e8-1693ec7e79db 1e32f8a2ae764705924c00daa5214912 9dc1b7acfea74c36a754536cc7954589 - - default default] Successfully bumped revision number for resource 832d3de9-2fb0-418b-a22f-8c3fc2474999 (type: router_ports) to 1
2026-04-23 01:36:11.191 9 INFO neutron.db.ovn_revision_numbers_db [None req-63bab0ee-94f9-4c77-a5e8-1693ec7e79db 1e32f8a2ae764705924c00daa5214912 9dc1b7acfea74c36a754536cc7954589 - - default default] Successfully bumped revision number for resource 168f0ac2-4312-48ef-8982-ea96f35b8077 (type: routers) to 2
2026-04-23 01:36:11.209 9 INFO neutron.api.wsgi [None req-63bab0ee-94f9-4c77-a5e8-1693ec7e79db 1e32f8a2ae764705924c00daa5214912 9dc1b7acfea74c36a754536cc7954589 - - default default] 10.0.0.110 "POST /v2.0/routers HTTP/1.1" status: 201 len: 1143 time: 1.2721977
2026-04-23 01:36:11.396 10 INFO neutron.api.wsgi [req-eed1e199-d671-473d-8fe1-6c136016521f req-db359c50-5cf6-47d4-8069-b6a81ac6f8b4 2660e6c9de8840a29cf4fa7cec55f347 95b663a3f6f74b17af39c52517e686fc - - default default] 10.0.0.163 "GET /v2.0/ports?device_id=da2cb1c9-607c-4feb-a44c-8f65b9c2b6ff HTTP/1.1" status: 200 len: 1172 time: 0.0347106
2026-04-23 01:36:11.445 10 INFO neutron.api.wsgi [req-eed1e199-d671-473d-8fe1-6c136016521f req-cff7aa6d-b3c2-420e-9c8d-867923a4e3be 2660e6c9de8840a29cf4fa7cec55f347 95b663a3f6f74b17af39c52517e686fc - - default default] 10.0.0.163 "GET /v2.0/security-groups?id=e90b924e-9e9f-45f1-8175-c791c980b974&fields=id&fields=name HTTP/1.1" status: 200 len: 312 time: 0.0423162
2026-04-23 01:36:11.783 10 INFO neutron.db.ovn_revision_numbers_db [None req-72752134-75d8-4596-a87c-4dd8cdaa27c1 91ca839dbcda46d3af22ee5ad56de9d6 0803f8ff07b74f198445f884bcc37285 - - default default] Successfully bumped revision number for resource 703d0f5a-bb92-4964-b724-edea31babf57 (type: security_groups) to 1
2026-04-23 01:36:11.798 10 INFO neutron.db.ovn_revision_numbers_db [None req-72752134-75d8-4596-a87c-4dd8cdaa27c1 91ca839dbcda46d3af22ee5ad56de9d6 0803f8ff07b74f198445f884bcc37285 - - default default] Successfully bumped revision number for resource 3382f403-b593-4a5d-a0e3-3a101344cd30 (type: security_group_rules) to 0
2026-04-23 01:36:11.817 10 INFO neutron.db.ovn_revision_numbers_db [None req-72752134-75d8-4596-a87c-4dd8cdaa27c1 91ca839dbcda46d3af22ee5ad56de9d6 0803f8ff07b74f198445f884bcc37285 - - default default] Successfully bumped revision number for resource 3ecb4583-38e1-436b-8359-d406d4630796 (type: security_group_rules) to 0
2026-04-23 01:36:11.830 10 INFO neutron.db.ovn_revision_numbers_db [None req-72752134-75d8-4596-a87c-4dd8cdaa27c1 91ca839dbcda46d3af22ee5ad56de9d6 0803f8ff07b74f198445f884bcc37285 - - default default] Successfully bumped revision number for resource cae8b4dd-82c4-4cec-80ba-80acb414e0ec (type: security_group_rules) to 0
2026-04-23 01:36:11.845 10 INFO neutron.db.ovn_revision_numbers_db [None req-72752134-75d8-4596-a87c-4dd8cdaa27c1 91ca839dbcda46d3af22ee5ad56de9d6 0803f8ff07b74f198445f884bcc37285 - - default default] Successfully bumped revision number for resource ef596798-3dc1-445f-9c4c-f4a883735e11 (type: security_group_rules) to 0
2026-04-23 01:36:11.891 10 INFO neutron.api.wsgi [None req-72752134-75d8-4596-a87c-4dd8cdaa27c1 91ca839dbcda46d3af22ee5ad56de9d6 0803f8ff07b74f198445f884bcc37285 - - default default] 10.0.0.110 "GET /v2.0/security-groups?tenant_id=21ab0b48656f4d32b1d5734a123ed15d&name=default HTTP/1.1" status: 200 len: 3120 time: 0.3528752
2026-04-23 01:36:11.916 9 INFO neutron.db.ovn_revision_numbers_db [None req-d965046e-edf9-4ebb-841c-33a9a680048e - - - - - -] Successfully bumped revision number for resource 832d3de9-2fb0-418b-a22f-8c3fc2474999 (type: ports) to 1
2026-04-23 01:36:12.084 9 WARNING neutron.scheduler.dhcp_agent_scheduler [None req-92e87023-6210-4350-ad17-ac00d6c7df14 1e32f8a2ae764705924c00daa5214912 9dc1b7acfea74c36a754536cc7954589 - - default default] No more DHCP agents
2026-04-23 01:36:12.087 9 WARNING neutron.api.rpc.agentnotifiers.dhcp_rpc_agent_api [None req-92e87023-6210-4350-ad17-ac00d6c7df14 1e32f8a2ae764705924c00daa5214912 9dc1b7acfea74c36a754536cc7954589 - - default default] Unable to schedule network ea518446-6303-46f6-bb7d-386457e6bcef: no agents available; will retry on subsequent port and subnet creation events.
2026-04-23 01:36:12.160 10 INFO neutron.api.wsgi [None req-55eef5ef-a6cc-4285-a2be-e3af70cc061a 91ca839dbcda46d3af22ee5ad56de9d6 0803f8ff07b74f198445f884bcc37285 - - default default] 10.0.0.110 "DELETE /v2.0/security-groups/703d0f5a-bb92-4964-b724-edea31babf57 HTTP/1.1" status: 204 len: 168 time: 0.2625141
2026-04-23 01:36:12.229 9 INFO neutron.db.ovn_revision_numbers_db [None req-92e87023-6210-4350-ad17-ac00d6c7df14 1e32f8a2ae764705924c00daa5214912 9dc1b7acfea74c36a754536cc7954589 - - default default] Successfully bumped revision number for resource 86a85d46-34b9-4ba0-a7eb-181d5febc680 (type: ports) to 1
2026-04-23 01:36:12.331 9 INFO neutron.db.ovn_revision_numbers_db [None req-d965046e-edf9-4ebb-841c-33a9a680048e - - - - - -] Successfully bumped revision number for resource 832d3de9-2fb0-418b-a22f-8c3fc2474999 (type: ports) to 4
2026-04-23 01:36:12.384 10 INFO neutron.db.ovn_revision_numbers_db [None req-d5c2a248-4134-41fd-9e02-3d209a43791a 91ca839dbcda46d3af22ee5ad56de9d6 0803f8ff07b74f198445f884bcc37285 - - default default] Successfully bumped revision number for resource 7ed45028-23cb-4225-a420-d9ffa4ad7ed7 (type: security_groups) to 1
2026-04-23 01:36:12.396 10 INFO neutron.db.ovn_revision_numbers_db [None req-d5c2a248-4134-41fd-9e02-3d209a43791a 91ca839dbcda46d3af22ee5ad56de9d6 0803f8ff07b74f198445f884bcc37285 - - default default] Successfully bumped revision number for resource 31695146-10b8-4c8e-89fd-c9d50a0f58d5 (type: security_group_rules) to 0
2026-04-23 01:36:12.412 10 INFO neutron.db.ovn_revision_numbers_db [None req-d5c2a248-4134-41fd-9e02-3d209a43791a 91ca839dbcda46d3af22ee5ad56de9d6 0803f8ff07b74f198445f884bcc37285 - - default default] Successfully bumped revision number for resource 319ab2f6-dfce-4159-8e4e-729191bf2da5 (type: security_group_rules) to 0
2026-04-23 01:36:12.424 10 INFO neutron.db.ovn_revision_numbers_db [None req-d5c2a248-4134-41fd-9e02-3d209a43791a 91ca839dbcda46d3af22ee5ad56de9d6 0803f8ff07b74f198445f884bcc37285 - - default default] Successfully bumped revision number for resource 617dea23-8f49-483c-9d10-9b971802bd62 (type: security_group_rules) to 0
2026-04-23 01:36:12.438 10 INFO neutron.db.ovn_revision_numbers_db [None req-d5c2a248-4134-41fd-9e02-3d209a43791a 91ca839dbcda46d3af22ee5ad56de9d6 0803f8ff07b74f198445f884bcc37285 - - default default] Successfully bumped revision number for resource 73a65011-3f5e-4464-b593-7bbb40524121 (type: security_group_rules) to 0
2026-04-23 01:36:12.486 10 INFO neutron.api.wsgi [None req-d5c2a248-4134-41fd-9e02-3d209a43791a 91ca839dbcda46d3af22ee5ad56de9d6 0803f8ff07b74f198445f884bcc37285 - - default default] 10.0.0.110 "GET /v2.0/security-groups?tenant_id=b71908a3a8d0475c9dc144e6446c1525&name=default HTTP/1.1" status: 200 len: 3120 time: 0.2202833
2026-04-23 01:36:12.554 10 INFO neutron.api.wsgi [req-c4fb3156-c2c1-4d51-98ef-d79cfd9e52cf req-dee49eb1-3f65-4dca-9f96-bc0ef73bca31 2660e6c9de8840a29cf4fa7cec55f347 95b663a3f6f74b17af39c52517e686fc - - default default] 10.0.0.163 "GET /v2.0/ports?device_id=da2cb1c9-607c-4feb-a44c-8f65b9c2b6ff HTTP/1.1" status: 200 len: 1172 time: 0.0311484
2026-04-23 01:36:12.619 10 INFO neutron.api.wsgi [req-c4fb3156-c2c1-4d51-98ef-d79cfd9e52cf req-f69367c6-f962-4425-8a7c-cb9fed7f1b06 2660e6c9de8840a29cf4fa7cec55f347 95b663a3f6f74b17af39c52517e686fc - - default default] 10.0.0.163 "GET /v2.0/security-groups?id=e90b924e-9e9f-45f1-8175-c791c980b974&fields=id&fields=name HTTP/1.1" status: 200 len: 312 time: 0.0568488
2026-04-23 01:36:12.694 9 INFO neutron.db.ovn_revision_numbers_db [None req-d965046e-edf9-4ebb-841c-33a9a680048e - - - - - -] Successfully bumped revision number for resource 832d3de9-2fb0-418b-a22f-8c3fc2474999 (type: ports) to 5
2026-04-23 01:36:12.754 10 INFO neutron.api.wsgi [None req-c6407bcf-1c50-43a8-a7a7-84ebe6184ee8 91ca839dbcda46d3af22ee5ad56de9d6 0803f8ff07b74f198445f884bcc37285 - - default default] 10.0.0.110 "DELETE /v2.0/security-groups/7ed45028-23cb-4225-a420-d9ffa4ad7ed7 HTTP/1.1" status: 204 len: 168 time: 0.2608881
2026-04-23 01:36:12.904 9 INFO neutron.plugins.ml2.drivers.ovn.mech_driver.mech_driver [None req-0df596e1-1210-4424-a96f-a0d4a1b60a23 - - - - - -] OVN reports status up for port: 86a85d46-34b9-4ba0-a7eb-181d5febc680
2026-04-23 01:36:12.914 9 INFO neutron.plugins.ml2.plugin [None req-0df596e1-1210-4424-a96f-a0d4a1b60a23 - - - - - -] Attempt 1 to provision port 86a85d46-34b9-4ba0-a7eb-181d5febc680
2026-04-23 01:36:12.916 9 INFO neutron.db.ovn_revision_numbers_db [None req-92e87023-6210-4350-ad17-ac00d6c7df14 1e32f8a2ae764705924c00daa5214912 9dc1b7acfea74c36a754536cc7954589 - - default default] Successfully bumped revision number for resource 86a85d46-34b9-4ba0-a7eb-181d5febc680 (type: ports) to 1
2026-04-23 01:36:12.976 9 WARNING neutron.scheduler.dhcp_agent_scheduler [None req-92e87023-6210-4350-ad17-ac00d6c7df14 1e32f8a2ae764705924c00daa5214912 9dc1b7acfea74c36a754536cc7954589 - - default default] No more DHCP agents
2026-04-23 01:36:12.977 9 WARNING neutron.api.rpc.agentnotifiers.dhcp_rpc_agent_api [None req-92e87023-6210-4350-ad17-ac00d6c7df14 1e32f8a2ae764705924c00daa5214912 9dc1b7acfea74c36a754536cc7954589 - - default default] Unable to schedule network ea518446-6303-46f6-bb7d-386457e6bcef: no agents available; will retry on subsequent port and subnet creation events.
2026-04-23 01:36:13.292 9 INFO neutron.db.ovn_revision_numbers_db [None req-0df596e1-1210-4424-a96f-a0d4a1b60a23 - - - - - -] Successfully bumped revision number for resource 86a85d46-34b9-4ba0-a7eb-181d5febc680 (type: ports) to 2
2026-04-23 01:36:13.382 9 INFO neutron.db.ovn_revision_numbers_db [None req-92e87023-6210-4350-ad17-ac00d6c7df14 1e32f8a2ae764705924c00daa5214912 9dc1b7acfea74c36a754536cc7954589 - - default default] Successfully bumped revision number for resource 86a85d46-34b9-4ba0-a7eb-181d5febc680 (type: router_ports) to 1
2026-04-23 01:36:13.386 9 INFO neutron.api.wsgi [None req-92e87023-6210-4350-ad17-ac00d6c7df14 1e32f8a2ae764705924c00daa5214912 9dc1b7acfea74c36a754536cc7954589 - - default default] 10.0.0.110 "PUT /v2.0/routers/168f0ac2-4312-48ef-8982-ea96f35b8077/add_router_interface HTTP/1.1" status: 200 len: 503 time: 2.1718900
2026-04-23 01:36:13.766 10 INFO neutron.api.wsgi [req-55156b7d-c91d-4595-8bb8-52f0ee337cbd req-06cd3f93-e5d4-4073-917f-97b5151411b1 2660e6c9de8840a29cf4fa7cec55f347 95b663a3f6f74b17af39c52517e686fc - - default default] 10.0.0.163 "GET /v2.0/ports?device_id=da2cb1c9-607c-4feb-a44c-8f65b9c2b6ff HTTP/1.1" status: 200 len: 1172 time: 0.0875556
2026-04-23 01:36:13.830 10 INFO neutron.api.wsgi [req-55156b7d-c91d-4595-8bb8-52f0ee337cbd req-9930c20d-0744-4a7d-aad4-cbf96ca23b45 2660e6c9de8840a29cf4fa7cec55f347 95b663a3f6f74b17af39c52517e686fc - - default default] 10.0.0.163 "GET /v2.0/security-groups?id=e90b924e-9e9f-45f1-8175-c791c980b974&fields=id&fields=name HTTP/1.1" status: 200 len: 312 time: 0.0547788
2026-04-23 01:36:13.913 9 WARNING neutron.scheduler.dhcp_agent_scheduler [None req-02745569-e4d9-4ca2-b99a-217c4ef78b4c 1e32f8a2ae764705924c00daa5214912 9dc1b7acfea74c36a754536cc7954589 - - default default] No more DHCP agents
2026-04-23 01:36:13.915 9 WARNING neutron.api.rpc.agentnotifiers.dhcp_rpc_agent_api [None req-02745569-e4d9-4ca2-b99a-217c4ef78b4c 1e32f8a2ae764705924c00daa5214912 9dc1b7acfea74c36a754536cc7954589 - - default default] Unable to schedule network 35b4ab4e-8932-46c0-be38-98e1c06d3c08: no agents available; will retry on subsequent port and subnet creation events.
2026-04-23 01:36:13.970 10 INFO neutron.plugins.ml2.drivers.ovn.mech_driver.mech_driver [None req-f2112779-f316-43de-b7c1-a1665716bcf8 - - - - - -] OVN reports status up for port: 5943b14f-b643-419a-861c-db68b53dece1
2026-04-23 01:36:13.982 10 INFO neutron.plugins.ml2.plugin [None req-f2112779-f316-43de-b7c1-a1665716bcf8 - - - - - -] Attempt 1 to provision port 5943b14f-b643-419a-861c-db68b53dece1
2026-04-23 01:36:14.053 9 INFO neutron.db.ovn_revision_numbers_db [None req-02745569-e4d9-4ca2-b99a-217c4ef78b4c 1e32f8a2ae764705924c00daa5214912 9dc1b7acfea74c36a754536cc7954589 - - default default] Successfully bumped revision number for resource d8a2c204-ad3a-406e-ae48-2a44123c48af (type: ports) to 1
2026-04-23 01:36:14.102 10 INFO neutron.notifiers.nova [-] Nova event matching ['req-43a6753e-9b61-4fd3-83f5-f19beba72382'] response: {'server_uuid': 'da2cb1c9-607c-4feb-a44c-8f65b9c2b6ff', 'name': 'network-vif-plugged', 'status': 'completed', 'tag': '5943b14f-b643-419a-861c-db68b53dece1', 'code': 200}
2026-04-23 01:36:14.211 10 INFO neutron.db.ovn_revision_numbers_db [None req-f2112779-f316-43de-b7c1-a1665716bcf8 - - - - - -] Successfully bumped revision number for resource 5943b14f-b643-419a-861c-db68b53dece1 (type: ports) to 5
2026-04-23 01:36:14.785 10 INFO neutron.plugins.ml2.drivers.ovn.mech_driver.mech_driver [None req-b98fb974-5178-41be-ad86-2b4f4ad12f3f - - - - - -] OVN reports status up for port: d8a2c204-ad3a-406e-ae48-2a44123c48af
2026-04-23 01:36:14.796 10 INFO neutron.plugins.ml2.plugin [None req-b98fb974-5178-41be-ad86-2b4f4ad12f3f - - - - - -] Attempt 1 to provision port d8a2c204-ad3a-406e-ae48-2a44123c48af
2026-04-23 01:36:14.807 9 INFO neutron.db.ovn_revision_numbers_db [None req-02745569-e4d9-4ca2-b99a-217c4ef78b4c 1e32f8a2ae764705924c00daa5214912 9dc1b7acfea74c36a754536cc7954589 - - default default] Successfully bumped revision number for resource d8a2c204-ad3a-406e-ae48-2a44123c48af (type: ports) to 1
2026-04-23 01:36:14.902 9 WARNING neutron.scheduler.dhcp_agent_scheduler [None req-02745569-e4d9-4ca2-b99a-217c4ef78b4c 1e32f8a2ae764705924c00daa5214912 9dc1b7acfea74c36a754536cc7954589 - - default default] No more DHCP agents
2026-04-23 01:36:14.903 9 WARNING neutron.api.rpc.agentnotifiers.dhcp_rpc_agent_api [None req-02745569-e4d9-4ca2-b99a-217c4ef78b4c 1e32f8a2ae764705924c00daa5214912 9dc1b7acfea74c36a754536cc7954589 - - default default] Unable to schedule network 35b4ab4e-8932-46c0-be38-98e1c06d3c08: no agents available; will retry on subsequent port and subnet creation events. /var/lib/openstack/lib/python3.12/site-packages/pycadf/identifier.py:71: UserWarning: Invalid uuid: neutron. To ensure interoperability, identifiers should be a valid uuid. warnings.warn(('Invalid uuid: %s. To ensure interoperability, '
2026-04-23 01:36:14.946 10 INFO neutron.api.wsgi [req-667027d6-baae-46a1-af21-1bcba1ca08bc req-f9c2a9a6-3673-4167-a004-26c9cca7d76a 2660e6c9de8840a29cf4fa7cec55f347 95b663a3f6f74b17af39c52517e686fc - - default default] 10.0.0.163 "GET /v2.0/ports?device_id=da2cb1c9-607c-4feb-a44c-8f65b9c2b6ff HTTP/1.1" status: 200 len: 1174 time: 0.0461476
2026-04-23 01:36:14.996 10 INFO neutron.api.wsgi [req-667027d6-baae-46a1-af21-1bcba1ca08bc req-6221e887-47de-4071-a73e-c12f60d5eb8d 2660e6c9de8840a29cf4fa7cec55f347 95b663a3f6f74b17af39c52517e686fc - - default default] 10.0.0.163 "GET /v2.0/security-groups?id=e90b924e-9e9f-45f1-8175-c791c980b974&fields=id&fields=name HTTP/1.1" status: 200 len: 312 time: 0.0413949
2026-04-23 01:36:15.164 10 INFO neutron.db.ovn_revision_numbers_db [None req-b98fb974-5178-41be-ad86-2b4f4ad12f3f - - - - - -] Successfully bumped revision number for resource d8a2c204-ad3a-406e-ae48-2a44123c48af (type: ports) to 2
2026-04-23 01:36:15.268 9 INFO neutron.db.ovn_revision_numbers_db [None req-02745569-e4d9-4ca2-b99a-217c4ef78b4c 1e32f8a2ae764705924c00daa5214912 9dc1b7acfea74c36a754536cc7954589 - - default default] Successfully bumped revision number for resource d8a2c204-ad3a-406e-ae48-2a44123c48af (type: router_ports) to 1
2026-04-23 01:36:15.275 9 INFO neutron.api.wsgi [None req-02745569-e4d9-4ca2-b99a-217c4ef78b4c 1e32f8a2ae764705924c00daa5214912 9dc1b7acfea74c36a754536cc7954589 - - default default] 10.0.0.110 "PUT /v2.0/routers/168f0ac2-4312-48ef-8982-ea96f35b8077/add_router_interface HTTP/1.1" status: 200 len: 503 time: 1.8841894
2026-04-23 01:36:15.826 10 WARNING neutron.scheduler.dhcp_agent_scheduler [None req-24c1f36f-0834-4c08-983d-2a8915ccfe55 1e32f8a2ae764705924c00daa5214912 9dc1b7acfea74c36a754536cc7954589 - - default default] No more DHCP agents
2026-04-23 01:36:15.828 10 WARNING neutron.api.rpc.agentnotifiers.dhcp_rpc_agent_api [None req-24c1f36f-0834-4c08-983d-2a8915ccfe55 1e32f8a2ae764705924c00daa5214912 9dc1b7acfea74c36a754536cc7954589 - - default default] Unable to schedule network 5d2fe9b9-8318-416f-8b8a-0ad031b969ee: no agents available; will retry on subsequent port and subnet creation events.
2026-04-23 01:36:15.988 10 INFO neutron.db.ovn_revision_numbers_db [None req-24c1f36f-0834-4c08-983d-2a8915ccfe55 1e32f8a2ae764705924c00daa5214912 9dc1b7acfea74c36a754536cc7954589 - - default default] Successfully bumped revision number for resource 138aeaf2-0e3c-47b5-ae99-d414171822dc (type: ports) to 1
2026-04-23 01:36:16.144 10 INFO neutron.api.wsgi [req-be369372-c518-4a32-bce6-5ead37940474 req-53b8c851-2276-454b-bae4-a435c32e0221 2660e6c9de8840a29cf4fa7cec55f347 95b663a3f6f74b17af39c52517e686fc - - default default] 10.0.0.163 "GET /v2.0/ports?device_id=da2cb1c9-607c-4feb-a44c-8f65b9c2b6ff HTTP/1.1" status: 200 len: 1174 time: 0.0706823
2026-04-23 01:36:16.165 10 INFO neutron.notifiers.nova [-] Nova event matching ['req-ffef48f6-cffc-4789-a6c9-989e1cf23cc9'] response: {'server_uuid': 'da2cb1c9-607c-4feb-a44c-8f65b9c2b6ff', 'name': 'network-vif-plugged', 'status': 'completed', 'tag': '5943b14f-b643-419a-861c-db68b53dece1', 'code': 200}
2026-04-23 01:36:16.217 10 INFO neutron.api.wsgi [req-be369372-c518-4a32-bce6-5ead37940474 req-dd9197a8-9e90-4243-b125-d4529bacab4e 2660e6c9de8840a29cf4fa7cec55f347 95b663a3f6f74b17af39c52517e686fc - - default default] 10.0.0.163 "GET /v2.0/security-groups?id=e90b924e-9e9f-45f1-8175-c791c980b974&fields=id&fields=name HTTP/1.1" status: 200 len: 312 time: 0.0644603
