2026-04-23 01:35:02.179 10 WARNING neutron.api.rpc.agentnotifiers.dhcp_rpc_agent_api [None req-4afe6360-6db3-4532-9e34-1a3276cd19b5 1b2da0268315451eb7d06cca311c795a 5a2d9eed44d74a27b668cdc41b975905 - - default default] Unable to schedule network e8975f71-d3b9-4811-a183-4778e5e8782b: no agents available; will retry on subsequent port and subnet creation events.
2026-04-23 01:35:02.240 10 INFO neutron.db.ovn_revision_numbers_db [None req-4afe6360-6db3-4532-9e34-1a3276cd19b5 1b2da0268315451eb7d06cca311c795a 5a2d9eed44d74a27b668cdc41b975905 - - default default] Successfully bumped revision number for resource 7dcdb092-7aaf-4d7a-b9bb-d8c07d6eb5ed (type: ports) to 1
2026-04-23 01:35:02.260 10 INFO neutron.api.wsgi [None req-4afe6360-6db3-4532-9e34-1a3276cd19b5 1b2da0268315451eb7d06cca311c795a 5a2d9eed44d74a27b668cdc41b975905 - - default default] 10.0.0.110 "POST /v2.0/networks HTTP/1.1" status: 201 len: 853 time: 0.4783490
2026-04-23 01:35:02.273 10 WARNING neutron_lib.context [None req-5a98fec9-c01e-4892-91b4-4f4b6cf4f3ca 1b2da0268315451eb7d06cca311c795a 5a2d9eed44d74a27b668cdc41b975905 - - default default] Method 'is_advsvc' is deprecated since 2023.2 release (neutron-lib 3.8.0) and will be removed once support for the old RBAC API policies will be removed from Neutron. Please use method 'is_service_role' instead.
2026-04-23 01:35:02.374 10 INFO neutron.db.segments_db [None req-5a98fec9-c01e-4892-91b4-4f4b6cf4f3ca 1b2da0268315451eb7d06cca311c795a 5a2d9eed44d74a27b668cdc41b975905 - - default default] Added segment b7722518-7b29-41f1-aa0d-531c03a569d7 of type geneve for network 28e44da0-c89a-4e2b-a47c-0738b0cff1d8
2026-04-23 01:35:02.375 9 INFO neutron.api.wsgi [None req-a8a7e4f4-47e9-4e07-bacc-156cefb84e46 467f8029621947c2b55da6abd31ee11a a3bcd6abd8504a4da040ea09d076991e - - default default] 10.0.0.110 "POST /v2.0/trunks HTTP/1.1" status: 201 len: 608 time: 0.2132242
2026-04-23 01:35:02.398 9 INFO neutron.api.wsgi [None req-b11cc043-8492-4ae6-bf21-3aa722ce2dc4 91ca839dbcda46d3af22ee5ad56de9d6 0803f8ff07b74f198445f884bcc37285 - - default default] 10.0.0.110 "DELETE /v2.0/security-groups/38613f48-1838-4fe5-824e-aa7b977f9a15 HTTP/1.1" status: 204 len: 168 time: 0.2252944
2026-04-23 01:35:02.409 9 INFO neutron.api.wsgi [None req-6258c0df-a36d-486d-8b91-c0181343662e 467f8029621947c2b55da6abd31ee11a a3bcd6abd8504a4da040ea09d076991e - - default default] 10.0.0.110 "PUT /v2.0/trunks/13def2a2-fc4b-4da2-8daa-5db4744af3fb/tags HTTP/1.1" status: 200 len: 210 time: 0.0283697
2026-04-23 01:35:02.442 9 INFO neutron.api.wsgi [None req-18c32e51-d8e0-4437-8a27-f0e8daa55a4a 467f8029621947c2b55da6abd31ee11a a3bcd6abd8504a4da040ea09d076991e - - default default] 10.0.0.110 "PUT /v2.0/trunks/3e520061-7247-483a-8d28-a6d6f1d73d0a/tags HTTP/1.1" status: 200 len: 218 time: 0.0285401
2026-04-23 01:35:02.500 9 INFO neutron.api.wsgi [None req-93655ace-c215-439a-a81d-b0476f1d365d 467f8029621947c2b55da6abd31ee11a a3bcd6abd8504a4da040ea09d076991e - - default default] 10.0.0.110 "PUT /v2.0/trunks/38fef5bb-1f7b-46b8-8bc7-7fdcb166199d/tags HTTP/1.1" status: 200 len: 227 time: 0.0527470
2026-04-23 01:35:02.511 10 INFO neutron.db.ovn_revision_numbers_db [None req-5a98fec9-c01e-4892-91b4-4f4b6cf4f3ca 1b2da0268315451eb7d06cca311c795a 5a2d9eed44d74a27b668cdc41b975905 - - default default] Successfully bumped revision number for resource 28e44da0-c89a-4e2b-a47c-0738b0cff1d8 (type: networks) to 1
2026-04-23 01:35:02.541 10 INFO neutron.api.wsgi [None req-86c36928-1f51-455d-a8ce-9605844a6a76 467f8029621947c2b55da6abd31ee11a a3bcd6abd8504a4da040ea09d076991e - - default default] 10.0.0.110 "PUT /v2.0/trunks/db601379-3e15-4856-814e-c3a5ae0a2d96/tags HTTP/1.1" status: 200 len: 212 time: 0.0354981
2026-04-23 01:35:02.578 9 INFO neutron.api.wsgi [None req-eb815090-b4ff-4fa1-9269-41e945adebf1 467f8029621947c2b55da6abd31ee11a a3bcd6abd8504a4da040ea09d076991e - - default default] 10.0.0.110 "GET /v2.0/trunks?tags=red HTTP/1.1" status: 200 len: 1447 time: 0.0247948
2026-04-23 01:35:02.608 9 INFO neutron.api.wsgi [None req-41b31b07-a8b3-43ad-9f04-f14fe4c312ca 467f8029621947c2b55da6abd31ee11a a3bcd6abd8504a4da040ea09d076991e - - default default] 10.0.0.110 "GET /v2.0/trunks?tags=red%2Cblue HTTP/1.1" status: 200 len: 1041 time: 0.0247412
2026-04-23 01:35:02.635 10 INFO neutron.api.wsgi [None req-f0809cc2-bd8a-4d09-872e-d01c055443df 467f8029621947c2b55da6abd31ee11a a3bcd6abd8504a4da040ea09d076991e - - default default] 10.0.0.110 "GET /v2.0/trunks?tags-any=blue HTTP/1.1" status: 200 len: 1041 time: 0.0219986
2026-04-23 01:35:02.666 10 INFO neutron.api.wsgi [None req-da3ff4bf-8867-4efa-ad92-e09b01e39402 467f8029621947c2b55da6abd31ee11a a3bcd6abd8504a4da040ea09d076991e - - default default] 10.0.0.110 "GET /v2.0/trunks?tags-any=red%2Cblue HTTP/1.1" status: 200 len: 1447 time: 0.0273137
2026-04-23 01:35:02.690 9 INFO neutron.api.wsgi [None req-e88fdca7-90bb-4129-92be-2918c5d131bd 467f8029621947c2b55da6abd31ee11a a3bcd6abd8504a4da040ea09d076991e - - default default] 10.0.0.110 "GET /v2.0/trunks?not-tags=red HTTP/1.1" status: 200 len: 1013 time: 0.0173378
2026-04-23 01:35:02.705 10 WARNING neutron.scheduler.dhcp_agent_scheduler [None req-5a98fec9-c01e-4892-91b4-4f4b6cf4f3ca 1b2da0268315451eb7d06cca311c795a 5a2d9eed44d74a27b668cdc41b975905 - - default default] No more DHCP agents
2026-04-23 01:35:02.706 10 WARNING neutron.api.rpc.agentnotifiers.dhcp_rpc_agent_api [None req-5a98fec9-c01e-4892-91b4-4f4b6cf4f3ca 1b2da0268315451eb7d06cca311c795a 5a2d9eed44d74a27b668cdc41b975905 - - default default] Unable to schedule network 28e44da0-c89a-4e2b-a47c-0738b0cff1d8: no agents available; will retry on subsequent port and subnet creation events.
2026-04-23 01:35:02.712 10 INFO neutron.api.wsgi [None req-f915e17c-3836-4f98-8f28-f8007fe5e071 467f8029621947c2b55da6abd31ee11a a3bcd6abd8504a4da040ea09d076991e - - default default] 10.0.0.110 "GET /v2.0/trunks?not-tags=red%2Cblue HTTP/1.1" status: 200 len: 1419 time: 0.0175455
2026-04-23 01:35:02.739 9 INFO neutron.api.wsgi [None req-cba11c7e-d19f-4008-9bf5-2e1770aa950a 467f8029621947c2b55da6abd31ee11a a3bcd6abd8504a4da040ea09d076991e - - default default] 10.0.0.110 "GET /v2.0/trunks?not-tags-any=blue HTTP/1.1" status: 200 len: 1419 time: 0.0212455
2026-04-23 01:35:02.768 10 INFO neutron.db.ovn_revision_numbers_db [None req-5a98fec9-c01e-4892-91b4-4f4b6cf4f3ca 1b2da0268315451eb7d06cca311c795a 5a2d9eed44d74a27b668cdc41b975905 - - default default] Successfully bumped revision number for resource 93f9494f-a5a0-4060-aa66-37e6449b6d59 (type: ports) to 1
2026-04-23 01:35:02.782 9 INFO neutron.api.wsgi [None req-50adcf77-3a5c-4132-9203-b2165aa88473 467f8029621947c2b55da6abd31ee11a a3bcd6abd8504a4da040ea09d076991e - - default default] 10.0.0.110 "GET /v2.0/trunks?not-tags-any=red%2Cblue HTTP/1.1" status: 200 len: 1013 time: 0.0379298
2026-04-23 01:35:02.818 9 INFO neutron.api.wsgi [None req-ccf94275-296d-46f3-8f5c-286691bc101f 467f8029621947c2b55da6abd31ee11a a3bcd6abd8504a4da040ea09d076991e - - default default] 10.0.0.110 "GET /v2.0/trunks/13def2a2-fc4b-4da2-8daa-5db4744af3fb HTTP/1.1" status: 200 len: 608 time: 0.0297034
2026-04-23 01:35:02.826 10 INFO neutron.api.wsgi [None req-5a98fec9-c01e-4892-91b4-4f4b6cf4f3ca 1b2da0268315451eb7d06cca311c795a 5a2d9eed44d74a27b668cdc41b975905 - - default default] 10.0.0.110 "POST /v2.0/networks HTTP/1.1" status: 201 len: 852 time: 0.5586829
2026-04-23 01:35:02.833 9 WARNING neutron_lib.context [None req-f469fce3-e0d1-46ba-a8c5-ab40abe71b88 1b2da0268315451eb7d06cca311c795a 5a2d9eed44d74a27b668cdc41b975905 - - default default] Method 'is_advsvc' is deprecated since 2023.2 release (neutron-lib 3.8.0) and will be removed once support for the old RBAC API policies will be removed from Neutron. Please use method 'is_service_role' instead.
2026-04-23 01:35:02.907 9 WARNING neutron_lib.context [None req-f469fce3-e0d1-46ba-a8c5-ab40abe71b88 1b2da0268315451eb7d06cca311c795a 5a2d9eed44d74a27b668cdc41b975905 - - default default] Method 'is_advsvc' is deprecated since 2023.2 release (neutron-lib 3.8.0) and will be removed once support for the old RBAC API policies will be removed from Neutron. Please use method 'is_service_role' instead.
2026-04-23 01:35:02.942 9 INFO neutron.api.wsgi [None req-c329f75f-ace3-4ea5-aa73-c1a3c3329bea 467f8029621947c2b55da6abd31ee11a a3bcd6abd8504a4da040ea09d076991e - - default default] 10.0.0.110 "GET /v2.0/ports/fcfcb0db-bae1-4309-b340-86be552fb0b0 HTTP/1.1" status: 200 len: 1020 time: 0.1204269
2026-04-23 01:35:03.049 10 INFO neutron.api.wsgi [None req-6733d824-2031-44ee-8e02-1e808bafd43a 467f8029621947c2b55da6abd31ee11a a3bcd6abd8504a4da040ea09d076991e - - default default] 10.0.0.110 "DELETE /v2.0/trunks/13def2a2-fc4b-4da2-8daa-5db4744af3fb HTTP/1.1" status: 204 len: 168 time: 0.1001749
2026-04-23 01:35:03.066 9 INFO neutron.api.wsgi [None req-185b6efa-f697-48ba-8dce-f2b52764c1b8 467f8029621947c2b55da6abd31ee11a a3bcd6abd8504a4da040ea09d076991e - - default default] 10.0.0.110 "GET /v2.0/trunks/3e520061-7247-483a-8d28-a6d6f1d73d0a HTTP/1.1" status: 200 len: 616 time: 0.0137477
2026-04-23 01:35:03.141 9 INFO neutron.api.wsgi [None req-5f815809-eddd-4856-9897-8f2790b4802d 467f8029621947c2b55da6abd31ee11a a3bcd6abd8504a4da040ea09d076991e - - default default] 10.0.0.110 "GET /v2.0/ports/b1042af9-f59b-424c-9a64-923b21f5fd51 HTTP/1.1" status: 200 len: 1020 time: 0.0694256
2026-04-23 01:35:03.232 9 INFO neutron.api.wsgi [None req-b83681c7-e509-46f2-addc-2c85a31e361e 467f8029621947c2b55da6abd31ee11a a3bcd6abd8504a4da040ea09d076991e - - default default] 10.0.0.110 "DELETE /v2.0/trunks/3e520061-7247-483a-8d28-a6d6f1d73d0a HTTP/1.1" status: 204 len: 168 time: 0.0851922 /var/lib/openstack/lib/python3.12/site-packages/pycadf/identifier.py:71: UserWarning: Invalid uuid: neutron. To ensure interoperability, identifiers should be a valid uuid. warnings.warn(('Invalid uuid: %s. To ensure interoperability, '
2026-04-23 01:35:03.249 9 INFO neutron.api.wsgi [None req-3a167fe0-a023-4481-9dce-72911fe08c00 467f8029621947c2b55da6abd31ee11a a3bcd6abd8504a4da040ea09d076991e - - default default] 10.0.0.110 "GET /v2.0/trunks/38fef5bb-1f7b-46b8-8bc7-7fdcb166199d HTTP/1.1" status: 200 len: 625 time: 0.0135124
2026-04-23 01:35:03.285 9 INFO neutron.services.segments.plugin [-] Segment c1f738ba-2e2f-40f3-b5fb-bd6d0e5ab36b resource provider aggregate not found
2026-04-23 01:35:03.293 9 INFO neutron.services.segments.plugin [-] Segment c1f738ba-2e2f-40f3-b5fb-bd6d0e5ab36b resource provider aggregate not found
2026-04-23 01:35:03.302 9 INFO neutron.services.segments.plugin [-] Segment c1f738ba-2e2f-40f3-b5fb-bd6d0e5ab36b resource provider not found; error: Placement Client Error (4xx): {"errors": [{"status": 404, "title": "Not Found", "detail": "The resource could not be found.\n\n No resource provider with uuid c1f738ba-2e2f-40f3-b5fb-bd6d0e5ab36b found for delete ", "request_id": "req-8a2ce8e6-5d48-4596-a505-cd946b168c61"}]}
2026-04-23 01:35:03.305 9 INFO neutron.services.segments.plugin [-] Segment c1f738ba-2e2f-40f3-b5fb-bd6d0e5ab36b resource provider not found; error: Placement Client Error (4xx): {"errors": [{"status": 404, "title": "Not Found", "detail": "The resource could not be found.\n\n No resource provider with uuid c1f738ba-2e2f-40f3-b5fb-bd6d0e5ab36b found for delete ", "request_id": "req-3c494ec9-9fef-451f-812e-47c5adf594d2"}]}
2026-04-23 01:35:03.341 9 INFO neutron.api.wsgi [None req-c496ac05-2567-4b9c-8e59-dc21aeaa1fb6 467f8029621947c2b55da6abd31ee11a a3bcd6abd8504a4da040ea09d076991e - - default default] 10.0.0.110 "GET /v2.0/ports/18630128-c2b4-4f91-8892-dee980c62610 HTTP/1.1" status: 200 len: 1020 time: 0.0866916 /var/lib/openstack/lib/python3.12/site-packages/pycadf/identifier.py:71: UserWarning: Invalid uuid: neutron. To ensure interoperability, identifiers should be a valid uuid. warnings.warn(('Invalid uuid: %s. To ensure interoperability, '
2026-04-23 01:35:03.401 9 WARNING neutron.scheduler.dhcp_agent_scheduler [None req-f469fce3-e0d1-46ba-a8c5-ab40abe71b88 1b2da0268315451eb7d06cca311c795a 5a2d9eed44d74a27b668cdc41b975905 - - default default] No more DHCP agents
2026-04-23 01:35:03.404 9 WARNING neutron.api.rpc.agentnotifiers.dhcp_rpc_agent_api [None req-f469fce3-e0d1-46ba-a8c5-ab40abe71b88 1b2da0268315451eb7d06cca311c795a 5a2d9eed44d74a27b668cdc41b975905 - - default default] Unable to schedule network e8975f71-d3b9-4811-a183-4778e5e8782b: no agents available; will retry on subsequent port and subnet creation events. /var/lib/openstack/lib/python3.12/site-packages/pycadf/identifier.py:71: UserWarning: Invalid uuid: neutron. To ensure interoperability, identifiers should be a valid uuid. warnings.warn(('Invalid uuid: %s. To ensure interoperability, '
2026-04-23 01:35:03.445 9 INFO neutron.api.wsgi [None req-47d9749e-d242-403e-acf4-37d3d2030161 467f8029621947c2b55da6abd31ee11a a3bcd6abd8504a4da040ea09d076991e - - default default] 10.0.0.110 "DELETE /v2.0/trunks/38fef5bb-1f7b-46b8-8bc7-7fdcb166199d HTTP/1.1" status: 204 len: 168 time: 0.0975308
2026-04-23 01:35:03.475 9 INFO neutron.api.wsgi [None req-b1580ae5-8c3e-491f-ab2c-1081103b969a 467f8029621947c2b55da6abd31ee11a a3bcd6abd8504a4da040ea09d076991e - - default default] 10.0.0.110 "GET /v2.0/trunks/db601379-3e15-4856-814e-c3a5ae0a2d96 HTTP/1.1" status: 200 len: 610 time: 0.0265071
2026-04-23 01:35:03.510 9 INFO neutron.db.ovn_revision_numbers_db [None req-f469fce3-e0d1-46ba-a8c5-ab40abe71b88 1b2da0268315451eb7d06cca311c795a 5a2d9eed44d74a27b668cdc41b975905 - - default default] Successfully bumped revision number for resource 1f945eea-0cc9-40e8-9358-98d6c13318ea (type: ports) to 1
2026-04-23 01:35:03.576 9 WARNING neutron.scheduler.dhcp_agent_scheduler [None req-f469fce3-e0d1-46ba-a8c5-ab40abe71b88 1b2da0268315451eb7d06cca311c795a 5a2d9eed44d74a27b668cdc41b975905 - - default default] No more DHCP agents
2026-04-23 01:35:03.577 9 WARNING neutron.api.rpc.agentnotifiers.dhcp_rpc_agent_api [None req-f469fce3-e0d1-46ba-a8c5-ab40abe71b88 1b2da0268315451eb7d06cca311c795a 5a2d9eed44d74a27b668cdc41b975905 - - default default] Unable to schedule network 28e44da0-c89a-4e2b-a47c-0738b0cff1d8: no agents available; will retry on subsequent port and subnet creation events.
2026-04-23 01:35:03.608 10 INFO neutron.api.wsgi [None req-72efebc3-cd3c-44df-a2bf-f27fa1df62a3 467f8029621947c2b55da6abd31ee11a a3bcd6abd8504a4da040ea09d076991e - - default default] 10.0.0.110 "GET /v2.0/ports/e40fc2de-21a4-4066-9dcf-60aad892703e HTTP/1.1" status: 200 len: 1020 time: 0.1230998
2026-04-23 01:35:03.663 9 INFO neutron.db.ovn_revision_numbers_db [None req-f469fce3-e0d1-46ba-a8c5-ab40abe71b88 1b2da0268315451eb7d06cca311c795a 5a2d9eed44d74a27b668cdc41b975905 - - default default] Successfully bumped revision number for resource d684a86f-b03f-4a91-a54c-8dfab8c9024b (type: ports) to 1
2026-04-23 01:35:03.689 9 INFO neutron.api.wsgi [None req-f469fce3-e0d1-46ba-a8c5-ab40abe71b88 1b2da0268315451eb7d06cca311c795a 5a2d9eed44d74a27b668cdc41b975905 - - default default] 10.0.0.110 "POST /v2.0/ports HTTP/1.1" status: 201 len: 1706 time: 0.8590622
2026-04-23 01:35:03.711 10 INFO neutron.api.wsgi [None req-de968782-fc4d-4fe7-bbac-aa182a874d99 467f8029621947c2b55da6abd31ee11a a3bcd6abd8504a4da040ea09d076991e - - default default] 10.0.0.110 "DELETE /v2.0/trunks/db601379-3e15-4856-814e-c3a5ae0a2d96 HTTP/1.1" status: 204 len: 168 time: 0.0997670 /var/lib/openstack/lib/python3.12/site-packages/pycadf/identifier.py:71: UserWarning: Invalid uuid: neutron. To ensure interoperability, identifiers should be a valid uuid. warnings.warn(('Invalid uuid: %s. To ensure interoperability, '
2026-04-23 01:35:03.733 9 INFO neutron.api.wsgi [None req-6b798238-654e-4144-9db0-c72d2095cb31 467f8029621947c2b55da6abd31ee11a a3bcd6abd8504a4da040ea09d076991e - - default default] 10.0.0.110 "GET /v2.0/trunks/df65a54e-722c-4022-8ffe-e569b50b5dec HTTP/1.1" status: 200 len: 603 time: 0.0158875
2026-04-23 01:35:03.825 10 INFO neutron.api.wsgi [None req-8c3d7519-42d3-42d9-9390-eb85f94c2b17 1b2da0268315451eb7d06cca311c795a 5a2d9eed44d74a27b668cdc41b975905 - - default default] 10.0.0.110 "GET /v2.0/ports HTTP/1.1" status: 200 len: 3213 time: 0.1124172
2026-04-23 01:35:03.828 9 INFO neutron.api.wsgi [None req-c8cba431-c7ef-4ee6-a63b-596257ede59f 467f8029621947c2b55da6abd31ee11a a3bcd6abd8504a4da040ea09d076991e - - default default] 10.0.0.110 "GET /v2.0/ports/fada4f6c-f292-4b99-9ddd-401f292de640 HTTP/1.1" status: 200 len: 1020 time: 0.0866120
2026-04-23 01:35:03.918 10 INFO neutron.api.wsgi [None req-9fd03d20-8a47-423d-b44c-836a9aa4d82e 467f8029621947c2b55da6abd31ee11a a3bcd6abd8504a4da040ea09d076991e - - default default] 10.0.0.110 "DELETE /v2.0/trunks/df65a54e-722c-4022-8ffe-e569b50b5dec HTTP/1.1" status: 204 len: 168 time: 0.0836754
2026-04-23 01:35:04.069 9 INFO neutron.api.wsgi [None req-0812ec74-3415-4fbb-9afd-4fa5549d115d 1b2da0268315451eb7d06cca311c795a 5a2d9eed44d74a27b668cdc41b975905 - - default default] 10.0.0.110 "DELETE /v2.0/ports/1f945eea-0cc9-40e8-9358-98d6c13318ea HTTP/1.1" status: 204 len: 168 time: 0.2375309
2026-04-23 01:35:04.180 10 INFO neutron.api.wsgi [None req-bf77d071-98f7-4679-a551-25b9a023ff7a 467f8029621947c2b55da6abd31ee11a a3bcd6abd8504a4da040ea09d076991e - - default default] 10.0.0.110 "DELETE /v2.0/ports/fcfcb0db-bae1-4309-b340-86be552fb0b0 HTTP/1.1" status: 204 len: 168 time: 0.2569537
2026-04-23 01:35:04.327 9 INFO neutron.api.wsgi [None req-cc22e3f0-c0df-4a06-a601-12a9a05318a0 1b2da0268315451eb7d06cca311c795a 5a2d9eed44d74a27b668cdc41b975905 - - default default] 10.0.0.110 "DELETE /v2.0/ports/d684a86f-b03f-4a91-a54c-8dfab8c9024b HTTP/1.1" status: 204 len: 168 time: 0.2531393
2026-04-23 01:35:04.375 9 INFO neutron.api.wsgi [None req-6cc95070-f70f-4796-8b09-11bf9caffee5 1b2da0268315451eb7d06cca311c795a 5a2d9eed44d74a27b668cdc41b975905 - - default default] 10.0.0.110 "GET /v2.0/ports HTTP/1.1" status: 200 len: 1718 time: 0.0426221
2026-04-23 01:35:04.385 9 WARNING neutron_lib.context [None req-30239eeb-4115-41be-bcaf-6505e7192931 1b2da0268315451eb7d06cca311c795a 5a2d9eed44d74a27b668cdc41b975905 - - default default] Method 'is_advsvc' is deprecated since 2023.2 release (neutron-lib 3.8.0) and will be removed once support for the old RBAC API policies will be removed from Neutron. Please use method 'is_service_role' instead.
2026-04-23 01:35:04.447 10 INFO neutron.api.wsgi [None req-f0ef3787-d9bf-475e-8cf5-bd625b686035 467f8029621947c2b55da6abd31ee11a a3bcd6abd8504a4da040ea09d076991e - - default default] 10.0.0.110 "DELETE /v2.0/ports/b1042af9-f59b-424c-9a64-923b21f5fd51 HTTP/1.1" status: 204 len: 168 time: 0.2623038
2026-04-23 01:35:04.484 9 INFO neutron.db.segments_db [None req-30239eeb-4115-41be-bcaf-6505e7192931 1b2da0268315451eb7d06cca311c795a 5a2d9eed44d74a27b668cdc41b975905 - - default default] Added segment cdf100c6-ca29-4cc1-b2e3-e293d757d420 of type geneve for network 767affb6-2fb4-4925-98e6-37a7375c5319
2026-04-23 01:35:04.596 9 INFO neutron.db.ovn_revision_numbers_db [None req-30239eeb-4115-41be-bcaf-6505e7192931 1b2da0268315451eb7d06cca311c795a 5a2d9eed44d74a27b668cdc41b975905 - - default default] Successfully bumped revision number for resource 767affb6-2fb4-4925-98e6-37a7375c5319 (type: networks) to 1
2026-04-23 01:35:04.704 10 INFO neutron.api.wsgi [None req-e80e3502-3d6b-4da9-b9c5-5e13951c2002 467f8029621947c2b55da6abd31ee11a a3bcd6abd8504a4da040ea09d076991e - - default default] 10.0.0.110 "DELETE /v2.0/ports/18630128-c2b4-4f91-8892-dee980c62610 HTTP/1.1" status: 204 len: 168 time: 0.2523685
2026-04-23 01:35:04.791 9 WARNING neutron.scheduler.dhcp_agent_scheduler [None req-30239eeb-4115-41be-bcaf-6505e7192931 1b2da0268315451eb7d06cca311c795a 5a2d9eed44d74a27b668cdc41b975905 - - default default] No more DHCP agents
2026-04-23 01:35:04.792 9 WARNING neutron.api.rpc.agentnotifiers.dhcp_rpc_agent_api [None req-30239eeb-4115-41be-bcaf-6505e7192931 1b2da0268315451eb7d06cca311c795a 5a2d9eed44d74a27b668cdc41b975905 - - default default] Unable to schedule network 767affb6-2fb4-4925-98e6-37a7375c5319: no agents available; will retry on subsequent port and subnet creation events.
2026-04-23 01:35:04.870 9 INFO neutron.db.ovn_revision_numbers_db [None req-30239eeb-4115-41be-bcaf-6505e7192931 1b2da0268315451eb7d06cca311c795a 5a2d9eed44d74a27b668cdc41b975905 - - default default] Successfully bumped revision number for resource 5c0f80fd-6d80-4d80-8901-e8b54ec7979b (type: ports) to 1
2026-04-23 01:35:04.899 10 INFO neutron.db.ovn_revision_numbers_db [None req-b635540f-8999-4da2-8607-6289648600e7 91ca839dbcda46d3af22ee5ad56de9d6 0803f8ff07b74f198445f884bcc37285 - - default default] Successfully bumped revision number for resource 441534d5-40b3-49a9-ad7e-80ab2c51db12 (type: security_groups) to 1
2026-04-23 01:35:04.900 9 INFO neutron.api.wsgi [None req-30239eeb-4115-41be-bcaf-6505e7192931 1b2da0268315451eb7d06cca311c795a 5a2d9eed44d74a27b668cdc41b975905 - - default default] 10.0.0.110 "POST /v2.0/networks HTTP/1.1" status: 201 len: 852 time: 0.5182903
2026-04-23 01:35:04.914 9 WARNING neutron_lib.context [None req-103fbac3-5b6b-4c84-a900-c066f71711e2 1b2da0268315451eb7d06cca311c795a 5a2d9eed44d74a27b668cdc41b975905 - - default default] Method 'is_advsvc' is deprecated since 2023.2 release (neutron-lib 3.8.0) and will be removed once support for the old RBAC API policies will be removed from Neutron. Please use method 'is_service_role' instead.
2026-04-23 01:35:04.916 10 INFO neutron.db.ovn_revision_numbers_db [None req-b635540f-8999-4da2-8607-6289648600e7 91ca839dbcda46d3af22ee5ad56de9d6 0803f8ff07b74f198445f884bcc37285 - - default default] Successfully bumped revision number for resource 049a0d57-a045-4530-9bdd-5fcf7956b041 (type: security_group_rules) to 0
2026-04-23 01:35:04.931 10 INFO neutron.db.ovn_revision_numbers_db [None req-b635540f-8999-4da2-8607-6289648600e7 91ca839dbcda46d3af22ee5ad56de9d6 0803f8ff07b74f198445f884bcc37285 - - default default] Successfully bumped revision number for resource 41367623-3a22-443b-a3dd-3494780df1e2 (type: security_group_rules) to 0
2026-04-23 01:35:04.944 10 INFO neutron.db.ovn_revision_numbers_db [None req-b635540f-8999-4da2-8607-6289648600e7 91ca839dbcda46d3af22ee5ad56de9d6 0803f8ff07b74f198445f884bcc37285 - - default default] Successfully bumped revision number for resource 9340ad42-0543-401d-a207-d93e8f2c78bf (type: security_group_rules) to 0
2026-04-23 01:35:04.957 10 INFO neutron.db.ovn_revision_numbers_db [None req-b635540f-8999-4da2-8607-6289648600e7 91ca839dbcda46d3af22ee5ad56de9d6 0803f8ff07b74f198445f884bcc37285 - - default default] Successfully bumped revision number for resource e74f9a97-5c2c-4be4-b172-1356aa471c25 (type: security_group_rules) to 0
2026-04-23 01:35:04.987 9 INFO neutron.api.wsgi [None req-6024b0c1-a8c8-42e1-abec-6759e23f198d 467f8029621947c2b55da6abd31ee11a a3bcd6abd8504a4da040ea09d076991e - - default default] 10.0.0.110 "DELETE /v2.0/ports/e40fc2de-21a4-4066-9dcf-60aad892703e HTTP/1.1" status: 204 len: 168 time: 0.2749152
2026-04-23 01:35:04.988 10 INFO neutron.api.wsgi [None req-b635540f-8999-4da2-8607-6289648600e7 91ca839dbcda46d3af22ee5ad56de9d6 0803f8ff07b74f198445f884bcc37285 - - default default] 10.0.0.110 "GET /v2.0/security-groups?tenant_id=b97397bd2eeb4bd1b6789bd2ea0e3eb4&name=default HTTP/1.1" status: 200 len: 3120 time: 0.3440888
2026-04-23 01:35:05.004 9 INFO neutron.db.segments_db [None req-103fbac3-5b6b-4c84-a900-c066f71711e2 1b2da0268315451eb7d06cca311c795a 5a2d9eed44d74a27b668cdc41b975905 - - default default] Added segment a6e95864-1aec-47e8-8ee7-da9aaee13b75 of type geneve for network 5cb527fc-cce5-4cd9-bf3e-60b1be408521
2026-04-23 01:35:05.145 9 INFO neutron.db.ovn_revision_numbers_db [None req-103fbac3-5b6b-4c84-a900-c066f71711e2 1b2da0268315451eb7d06cca311c795a 5a2d9eed44d74a27b668cdc41b975905 - - default default] Successfully bumped revision number for resource 5cb527fc-cce5-4cd9-bf3e-60b1be408521 (type: networks) to 1
2026-04-23 01:35:05.222 10 INFO neutron.api.wsgi [None req-ea781756-825f-43ba-b053-570ed81a3eb1 467f8029621947c2b55da6abd31ee11a a3bcd6abd8504a4da040ea09d076991e - - default default] 10.0.0.110 "DELETE /v2.0/ports/fada4f6c-f292-4b99-9ddd-401f292de640 HTTP/1.1" status: 204 len: 168 time: 0.2301631
2026-04-23 01:35:05.233 9 INFO neutron.api.wsgi [None req-8efe2029-48c6-4fda-9b42-acbdff46a2cb 91ca839dbcda46d3af22ee5ad56de9d6 0803f8ff07b74f198445f884bcc37285 - - default default] 10.0.0.110 "DELETE /v2.0/security-groups/441534d5-40b3-49a9-ad7e-80ab2c51db12 HTTP/1.1" status: 204 len: 168 time: 0.2397735
2026-04-23 01:35:05.328 9 WARNING neutron.scheduler.dhcp_agent_scheduler [None req-103fbac3-5b6b-4c84-a900-c066f71711e2 1b2da0268315451eb7d06cca311c795a 5a2d9eed44d74a27b668cdc41b975905 - - default default] No more DHCP agents
2026-04-23 01:35:05.329 9 WARNING neutron.api.rpc.agentnotifiers.dhcp_rpc_agent_api [None req-103fbac3-5b6b-4c84-a900-c066f71711e2 1b2da0268315451eb7d06cca311c795a 5a2d9eed44d74a27b668cdc41b975905 - - default default] Unable to schedule network 5cb527fc-cce5-4cd9-bf3e-60b1be408521: no agents available; will retry on subsequent port and subnet creation events.
2026-04-23 01:35:05.392 9 INFO neutron.db.ovn_revision_numbers_db [None req-103fbac3-5b6b-4c84-a900-c066f71711e2 1b2da0268315451eb7d06cca311c795a 5a2d9eed44d74a27b668cdc41b975905 - - default default] Successfully bumped revision number for resource 4a571350-90ef-4b05-9d8a-7d79820fd320 (type: ports) to 1
2026-04-23 01:35:05.413 9 INFO neutron.api.wsgi [None req-103fbac3-5b6b-4c84-a900-c066f71711e2 1b2da0268315451eb7d06cca311c795a 5a2d9eed44d74a27b668cdc41b975905 - - default default] 10.0.0.110 "POST /v2.0/networks HTTP/1.1" status: 201 len: 852 time: 0.5074286
2026-04-23 01:35:05.555 10 INFO neutron.services.segments.plugin [-] Segment 5abe536b-8704-4531-a29e-e6611dfc94ca resource provider aggregate not found
2026-04-23 01:35:05.566 10 INFO neutron.services.segments.plugin [-] Segment 5abe536b-8704-4531-a29e-e6611dfc94ca resource provider aggregate not found
2026-04-23 01:35:05.576 10 INFO neutron.services.segments.plugin [-] Segment 5abe536b-8704-4531-a29e-e6611dfc94ca resource provider not found; error: Placement Client Error (4xx): {"errors": [{"status": 404, "title": "Not Found", "detail": "The resource could not be found.\n\n No resource provider with uuid 5abe536b-8704-4531-a29e-e6611dfc94ca found for delete ", "request_id": "req-95da4afe-13aa-425a-8667-e670cb1fcda8"}]}
2026-04-23 01:35:05.582 10 INFO neutron.services.segments.plugin [-] Segment 5abe536b-8704-4531-a29e-e6611dfc94ca resource provider not found; error: Placement Client Error (4xx): {"errors": [{"status": 404, "title": "Not Found", "detail": "The resource could not be found.\n\n No resource provider with uuid 5abe536b-8704-4531-a29e-e6611dfc94ca found for delete ", "request_id": "req-144c2b95-9a99-49f5-b4c9-365bb4c097c4"}]}
2026-04-23 01:35:05.601 10 INFO neutron.api.wsgi [None req-49815ecd-2fc5-4196-bc19-aa20da3924ed 467f8029621947c2b55da6abd31ee11a a3bcd6abd8504a4da040ea09d076991e - - default default] 10.0.0.110 "DELETE /v2.0/networks/4a48ec91-f293-462c-9c65-6bc994effa17 HTTP/1.1" status: 204 len: 168 time: 0.3714256
2026-04-23 01:35:05.908 10 INFO neutron.api.wsgi [None req-8bb6d7fa-1c18-4d1e-8a45-0a129fd55e8b 467f8029621947c2b55da6abd31ee11a a3bcd6abd8504a4da040ea09d076991e - - default default] 10.0.0.110 "DELETE /v2.0/networks/5715a35c-313c-4bac-a03f-6da78109935a HTTP/1.1" status: 204 len: 168 time: 0.3006580
2026-04-23 01:35:05.912 9 WARNING neutron_lib.context [None req-e5e2aec4-f35c-4ee1-b0e3-7fb3d98ec7e2 1b2da0268315451eb7d06cca311c795a 5a2d9eed44d74a27b668cdc41b975905 - - default default] Method 'is_advsvc' is deprecated since 2023.2 release (neutron-lib 3.8.0) and will be removed once support for the old RBAC API policies will be removed from Neutron. Please use method 'is_service_role' instead.
2026-04-23 01:35:05.947 9 WARNING neutron_lib.context [None req-e5e2aec4-f35c-4ee1-b0e3-7fb3d98ec7e2 1b2da0268315451eb7d06cca311c795a 5a2d9eed44d74a27b668cdc41b975905 - - default default] Method 'is_advsvc' is deprecated since 2023.2 release (neutron-lib 3.8.0) and will be removed once support for the old RBAC API policies will be removed from Neutron. Please use method 'is_service_role' instead.
2026-04-23 01:35:06.217 9 WARNING neutron.scheduler.dhcp_agent_scheduler [None req-e5e2aec4-f35c-4ee1-b0e3-7fb3d98ec7e2 1b2da0268315451eb7d06cca311c795a 5a2d9eed44d74a27b668cdc41b975905 - - default default] No more DHCP agents
2026-04-23 01:35:06.219 9 WARNING neutron.api.rpc.agentnotifiers.dhcp_rpc_agent_api [None req-e5e2aec4-f35c-4ee1-b0e3-7fb3d98ec7e2 1b2da0268315451eb7d06cca311c795a 5a2d9eed44d74a27b668cdc41b975905 - - default default] Unable to schedule network 767affb6-2fb4-4925-98e6-37a7375c5319: no agents available; will retry on subsequent port and subnet creation events.
2026-04-23 01:35:06.244 9 INFO neutron.db.ovn_revision_numbers_db [None req-e5e2aec4-f35c-4ee1-b0e3-7fb3d98ec7e2 1b2da0268315451eb7d06cca311c795a 5a2d9eed44d74a27b668cdc41b975905 - - default default] Successfully bumped revision number for resource bbeb3841-eacc-491b-a172-1189a7ec68c7 (type: subnets) to 0
2026-04-23 01:35:06.263 10 INFO neutron.api.wsgi [None req-68d3c7d1-1a52-41ab-9f4a-e5c5ea9ff4bc 467f8029621947c2b55da6abd31ee11a a3bcd6abd8504a4da040ea09d076991e - - default default] 10.0.0.110 "DELETE /v2.0/networks/c077a99c-36d4-49e1-8dbb-5547a26bed5b HTTP/1.1" status: 204 len: 168 time: 0.3496242
2026-04-23 01:35:06.274 9 WARNING neutron.scheduler.dhcp_agent_scheduler [None req-e5e2aec4-f35c-4ee1-b0e3-7fb3d98ec7e2 1b2da0268315451eb7d06cca311c795a 5a2d9eed44d74a27b668cdc41b975905 - - default default] No more DHCP agents
2026-04-23 01:35:06.276 9 WARNING neutron.api.rpc.agentnotifiers.dhcp_rpc_agent_api [None req-e5e2aec4-f35c-4ee1-b0e3-7fb3d98ec7e2 1b2da0268315451eb7d06cca311c795a 5a2d9eed44d74a27b668cdc41b975905 - - default default] Unable to schedule network 5cb527fc-cce5-4cd9-bf3e-60b1be408521: no agents available; will retry on subsequent port and subnet creation events.
2026-04-23 01:35:06.307 9 INFO neutron.db.ovn_revision_numbers_db [None req-e5e2aec4-f35c-4ee1-b0e3-7fb3d98ec7e2 1b2da0268315451eb7d06cca311c795a 5a2d9eed44d74a27b668cdc41b975905 - - default default] Successfully bumped revision number for resource 2ac860ad-2b15-48d8-96d0-46fbff2f7484 (type: subnets) to 0
2026-04-23 01:35:06.321 9 INFO neutron.api.wsgi [None req-e5e2aec4-f35c-4ee1-b0e3-7fb3d98ec7e2 1b2da0268315451eb7d06cca311c795a 5a2d9eed44d74a27b668cdc41b975905 - - default default] 10.0.0.110 "POST /v2.0/subnets HTTP/1.1" status: 201 len: 1524 time: 0.4147437
2026-04-23 01:35:06.354 9 INFO neutron.api.wsgi [None req-25ba7abf-59aa-437c-88f9-33dad3b93442 1b2da0268315451eb7d06cca311c795a 5a2d9eed44d74a27b668cdc41b975905 - - default default] 10.0.0.110 "GET /v2.0/subnets HTTP/1.1" status: 200 len: 2155 time: 0.0286849
2026-04-23 01:35:06.520 10 INFO neutron.api.wsgi [None req-db75a62e-4449-4976-ab27-1d93f537d334 1b2da0268315451eb7d06cca311c795a 5a2d9eed44d74a27b668cdc41b975905 - - default default] 10.0.0.110 "DELETE /v2.0/subnets/bbeb3841-eacc-491b-a172-1189a7ec68c7 HTTP/1.1" status: 204 len: 168 time: 0.1522527
2026-04-23 01:35:06.630 10 INFO neutron.api.wsgi [None req-30606b24-e47b-40a7-8830-9a7509dd1ada 467f8029621947c2b55da6abd31ee11a a3bcd6abd8504a4da040ea09d076991e - - default default] 10.0.0.110 "DELETE /v2.0/networks/ddf3f493-c690-4b34-a212-985181ae62e7 HTTP/1.1" status: 204 len: 168 time: 0.3607104
2026-04-23 01:35:06.686 10 INFO neutron.api.wsgi [None req-3853904e-c71c-45d5-9b5e-c4d03dfdfcc8 1b2da0268315451eb7d06cca311c795a 5a2d9eed44d74a27b668cdc41b975905 - - default default] 10.0.0.110 "DELETE /v2.0/subnets/2ac860ad-2b15-48d8-96d0-46fbff2f7484 HTTP/1.1" status: 204 len: 168 time: 0.1600618
2026-04-23 01:35:06.714 10 INFO neutron.api.wsgi [None req-a2674b4e-f9bd-40e8-835f-118a75822d8b 1b2da0268315451eb7d06cca311c795a 5a2d9eed44d74a27b668cdc41b975905 - - default default] 10.0.0.110 "GET /v2.0/subnets HTTP/1.1" status: 200 len: 843 time: 0.0246277
2026-04-23 01:35:07.230 9 INFO neutron.services.segments.plugin [-] Segment d0547ded-6e77-4de7-bf67-1f192b42a595 resource provider aggregate not found
2026-04-23 01:35:07.234 9 INFO neutron.services.segments.plugin [-] Segment d0547ded-6e77-4de7-bf67-1f192b42a595 resource provider aggregate not found
2026-04-23 01:35:07.249 9 INFO neutron.services.segments.plugin [-] Segment d0547ded-6e77-4de7-bf67-1f192b42a595 resource provider not found; error: Placement Client Error (4xx): {"errors": [{"status": 404, "title": "Not Found", "detail": "The resource could not be found.\n\n No resource provider with uuid d0547ded-6e77-4de7-bf67-1f192b42a595 found for delete ", "request_id": "req-3ec561f9-cf03-4a7c-84d9-aa7fdf7c65d0"}]}
2026-04-23 01:35:07.256 9 INFO neutron.services.segments.plugin [-] Segment d0547ded-6e77-4de7-bf67-1f192b42a595 resource provider not found; error: Placement Client Error (4xx): {"errors": [{"status": 404, "title": "Not Found", "detail": "The resource could not be found.\n\n No resource provider with uuid d0547ded-6e77-4de7-bf67-1f192b42a595 found for delete ", "request_id": "req-d5a7f971-6b41-465c-a3d3-83dbc035bd5f"}]}
2026-04-23 01:35:07.276 10 INFO neutron.db.ovn_revision_numbers_db [None req-873e3d1a-9871-4a52-96ab-23018ed79c90 91ca839dbcda46d3af22ee5ad56de9d6 0803f8ff07b74f198445f884bcc37285 - - default default] Successfully bumped revision number for resource 076ecf56-9735-4882-a92d-aac688180866 (type: security_groups) to 1
2026-04-23 01:35:07.291 10 INFO neutron.db.ovn_revision_numbers_db [None req-873e3d1a-9871-4a52-96ab-23018ed79c90 91ca839dbcda46d3af22ee5ad56de9d6 0803f8ff07b74f198445f884bcc37285 - - default default] Successfully bumped revision number for resource 1b356eb6-9ead-42e2-8eaa-829afebcf2e6 (type: security_group_rules) to 0
2026-04-23 01:35:07.294 9 INFO neutron.api.wsgi [None req-0d877be4-693f-4168-a0d4-7297b07ab975 467f8029621947c2b55da6abd31ee11a a3bcd6abd8504a4da040ea09d076991e - - default default] 10.0.0.110 "DELETE /v2.0/networks/0599307d-1d23-44a5-a834-23c2d2c07894 HTTP/1.1" status: 204 len: 168 time: 0.6592257
2026-04-23 01:35:07.312 10 INFO neutron.db.ovn_revision_numbers_db [None req-873e3d1a-9871-4a52-96ab-23018ed79c90 91ca839dbcda46d3af22ee5ad56de9d6 0803f8ff07b74f198445f884bcc37285 - - default default] Successfully bumped revision number for resource 334586af-ec1f-42b2-a282-dc845cff7013 (type: security_group_rules) to 0
2026-04-23 01:35:07.329 10 INFO neutron.db.ovn_revision_numbers_db [None req-873e3d1a-9871-4a52-96ab-23018ed79c90 91ca839dbcda46d3af22ee5ad56de9d6 0803f8ff07b74f198445f884bcc37285 - - default default] Successfully bumped revision number for resource 8613ffd4-47c1-4279-938e-9442019d0c9a (type: security_group_rules) to 0
2026-04-23 01:35:07.350 10 INFO neutron.db.ovn_revision_numbers_db [None req-873e3d1a-9871-4a52-96ab-23018ed79c90 91ca839dbcda46d3af22ee5ad56de9d6 0803f8ff07b74f198445f884bcc37285 - - default default] Successfully bumped revision number for resource cea92815-face-40bb-8c3b-a27ab13d70c8 (type: security_group_rules) to 0
2026-04-23 01:35:07.402 10 INFO neutron.api.wsgi [None req-873e3d1a-9871-4a52-96ab-23018ed79c90 91ca839dbcda46d3af22ee5ad56de9d6 0803f8ff07b74f198445f884bcc37285 - - default default] 10.0.0.110 "GET /v2.0/security-groups?tenant_id=33ba5531e98a487db44e99849c59e79a&name=default HTTP/1.1" status: 200 len: 3120 time: 0.4477735
2026-04-23 01:35:07.406 9 INFO neutron.db.ovn_revision_numbers_db [None req-11d239ed-f6b0-4b69-b3f9-091dcec3af5a 91ca839dbcda46d3af22ee5ad56de9d6 0803f8ff07b74f198445f884bcc37285 - - default default] Successfully bumped revision number for resource 5f3d1fdb-136d-4b67-8b6f-09654744a504 (type: security_groups) to 1
2026-04-23 01:35:07.418 9 INFO neutron.api.wsgi [None req-727795ec-b9ab-463c-bc9a-04e28a5bb710 1b2da0268315451eb7d06cca311c795a 5a2d9eed44d74a27b668cdc41b975905 - - default default] 10.0.0.110 "DELETE /v2.0/networks/5cb527fc-cce5-4cd9-bf3e-60b1be408521 HTTP/1.1" status: 204 len: 168 time: 0.6987081
2026-04-23 01:35:07.428 9 INFO neutron.db.ovn_revision_numbers_db [None req-11d239ed-f6b0-4b69-b3f9-091dcec3af5a 91ca839dbcda46d3af22ee5ad56de9d6 0803f8ff07b74f198445f884bcc37285 - - default default] Successfully bumped revision number for resource 003f675c-d157-46db-974a-dafe16df393f (type: security_group_rules) to 0
2026-04-23 01:35:07.447 9 INFO neutron.api.wsgi [-] 10.0.0.55 "GET / HTTP/1.1" status: 200 len: 247 time: 0.0011206
2026-04-23 01:35:07.448 10 INFO neutron.api.wsgi [-] 10.0.0.55 "GET / HTTP/1.1" status: 200 len: 247 time: 0.0016074
2026-04-23 01:35:07.449 9 INFO neutron.db.ovn_revision_numbers_db [None req-11d239ed-f6b0-4b69-b3f9-091dcec3af5a 91ca839dbcda46d3af22ee5ad56de9d6 0803f8ff07b74f198445f884bcc37285 - - default default] Successfully bumped revision number for resource 1578a546-11f5-41b4-9d2d-27b72b2326fd (type: security_group_rules) to 0
2026-04-23 01:35:07.464 9 INFO neutron.db.ovn_revision_numbers_db [None req-11d239ed-f6b0-4b69-b3f9-091dcec3af5a 91ca839dbcda46d3af22ee5ad56de9d6 0803f8ff07b74f198445f884bcc37285 - - default default] Successfully bumped revision number for resource 41067ee9-f507-4eb3-815a-5e2694d7cd06 (type: security_group_rules) to 0
2026-04-23 01:35:07.483 9 INFO neutron.db.ovn_revision_numbers_db [None req-11d239ed-f6b0-4b69-b3f9-091dcec3af5a 91ca839dbcda46d3af22ee5ad56de9d6 0803f8ff07b74f198445f884bcc37285 - - default default] Successfully bumped revision number for resource 7f36073b-1322-4016-9091-428aa2d3520b (type: security_group_rules) to 0
2026-04-23 01:35:07.566 9 INFO neutron.db.segments_db [None req-11d239ed-f6b0-4b69-b3f9-091dcec3af5a 91ca839dbcda46d3af22ee5ad56de9d6 0803f8ff07b74f198445f884bcc37285 - - default default] Added segment 2e940408-fa4a-40df-9f06-92009cbd629d of type geneve for network 90e7bd3d-7374-4139-8d78-027c894c90b0
2026-04-23 01:35:07.602 10 INFO neutron.services.segments.plugin [-] Segment 287ef8f9-a296-460e-b51f-b6fa2c1705cb resource provider aggregate not found
2026-04-23 01:35:07.610 10 INFO neutron.services.segments.plugin [-] Segment 287ef8f9-a296-460e-b51f-b6fa2c1705cb resource provider aggregate not found
2026-04-23 01:35:07.626 10 INFO neutron.services.segments.plugin [-] Segment 287ef8f9-a296-460e-b51f-b6fa2c1705cb resource provider not found; error: Placement Client Error (4xx): {"errors": [{"status": 404, "title": "Not Found", "detail": "The resource could not be found.\n\n No resource provider with uuid 287ef8f9-a296-460e-b51f-b6fa2c1705cb found for delete ", "request_id": "req-afc2ce64-7102-474f-8395-8c4ae208de94"}]}
2026-04-23 01:35:07.631 10 INFO neutron.services.segments.plugin [-] Segment 287ef8f9-a296-460e-b51f-b6fa2c1705cb resource provider not found; error: Placement Client Error (4xx): {"errors": [{"status": 404, "title": "Not Found", "detail": "The resource could not be found.\n\n No resource provider with uuid 287ef8f9-a296-460e-b51f-b6fa2c1705cb found for delete ", "request_id": "req-59ef3d9a-6b58-4b90-8052-f2ad73f658f5"}]}
2026-04-23 01:35:07.648 10 INFO neutron.services.segments.plugin [-] Segment 5bd2af95-31b7-481d-985a-6eb65d369ce8 resource provider aggregate not found
2026-04-23 01:35:07.653 10 INFO neutron.services.segments.plugin [-] Segment 5bd2af95-31b7-481d-985a-6eb65d369ce8 resource provider aggregate not found
2026-04-23 01:35:07.664 10 INFO neutron.services.segments.plugin [-] Segment 5bd2af95-31b7-481d-985a-6eb65d369ce8 resource provider not found; error: Placement Client Error (4xx): {"errors": [{"status": 404, "title": "Not Found", "detail": "The resource could not be found.\n\n No resource provider with uuid 5bd2af95-31b7-481d-985a-6eb65d369ce8 found for delete ", "request_id": "req-c172a155-629e-4e80-bb52-8b0429f4a7c5"}]}
2026-04-23 01:35:07.670 10 INFO neutron.services.segments.plugin [-] Segment 5bd2af95-31b7-481d-985a-6eb65d369ce8 resource provider not found; error: Placement Client Error (4xx): {"errors": [{"status": 404, "title": "Not Found", "detail": "The resource could not be found.\n\n No resource provider with uuid 5bd2af95-31b7-481d-985a-6eb65d369ce8 found for delete ", "request_id": "req-bae6f4e2-28d8-4d17-b87e-73c78f6b2b1a"}]}
2026-04-23 01:35:07.682 10 INFO neutron.services.segments.plugin [-] Segment cf011807-720a-4316-95e7-aba692dd0ed7 resource provider aggregate not found
2026-04-23 01:35:07.687 10 INFO neutron.services.segments.plugin [-] Segment cf011807-720a-4316-95e7-aba692dd0ed7 resource provider aggregate not found
2026-04-23 01:35:07.699 10 INFO neutron.api.wsgi [None req-ccf45081-113a-46ef-8a4a-926269608d5a 91ca839dbcda46d3af22ee5ad56de9d6 0803f8ff07b74f198445f884bcc37285 - - default default] 10.0.0.110 "DELETE /v2.0/security-groups/076ecf56-9735-4882-a92d-aac688180866 HTTP/1.1" status: 204 len: 168 time: 0.2914076
2026-04-23 01:35:07.705 10 INFO neutron.services.segments.plugin [-] Segment cf011807-720a-4316-95e7-aba692dd0ed7 resource provider not found; error: Placement Client Error (4xx): {"errors": [{"status": 404, "title": "Not Found", "detail": "The resource could not be found.\n\n No resource provider with uuid cf011807-720a-4316-95e7-aba692dd0ed7 found for delete ", "request_id": "req-92f0e0f0-f50e-40dd-bc5b-16dc775d8c87"}]}
2026-04-23 01:35:07.710 10 INFO neutron.services.segments.plugin [-] Segment cf011807-720a-4316-95e7-aba692dd0ed7 resource provider not found; error: Placement Client Error (4xx): {"errors": [{"status": 404, "title": "Not Found", "detail": "The resource could not be found.\n\n No resource provider with uuid cf011807-720a-4316-95e7-aba692dd0ed7 found for delete ", "request_id": "req-b631f027-2dbb-41ed-b9ec-40f0e9f3c450"}]}
2026-04-23 01:35:07.714 9 INFO neutron.db.ovn_revision_numbers_db [None req-11d239ed-f6b0-4b69-b3f9-091dcec3af5a 91ca839dbcda46d3af22ee5ad56de9d6 0803f8ff07b74f198445f884bcc37285 - - default default] Successfully bumped revision number for resource 90e7bd3d-7374-4139-8d78-027c894c90b0 (type: networks) to 1
2026-04-23 01:35:07.810 9 INFO neutron.api.wsgi [None req-539a12f5-1ac9-4adb-884a-0e56229a8bd5 1b2da0268315451eb7d06cca311c795a 5a2d9eed44d74a27b668cdc41b975905 - - default default] 10.0.0.110 "DELETE /v2.0/networks/767affb6-2fb4-4925-98e6-37a7375c5319 HTTP/1.1" status: 204 len: 168 time: 0.3867362
2026-04-23 01:35:07.876 9 WARNING neutron.scheduler.dhcp_agent_scheduler [None req-11d239ed-f6b0-4b69-b3f9-091dcec3af5a 91ca839dbcda46d3af22ee5ad56de9d6 0803f8ff07b74f198445f884bcc37285 - - default default] No more DHCP agents
2026-04-23 01:35:07.877 9 WARNING neutron.api.rpc.agentnotifiers.dhcp_rpc_agent_api [None req-11d239ed-f6b0-4b69-b3f9-091dcec3af5a 91ca839dbcda46d3af22ee5ad56de9d6 0803f8ff07b74f198445f884bcc37285 - - default default] Unable to schedule network 90e7bd3d-7374-4139-8d78-027c894c90b0: no agents available; will retry on subsequent port and subnet creation events.
2026-04-23 01:35:07.927 10 INFO neutron.db.ovn_revision_numbers_db [None req-7bd03a80-0514-49d3-998a-96f7b69eabd2 91ca839dbcda46d3af22ee5ad56de9d6 0803f8ff07b74f198445f884bcc37285 - - default default] Successfully bumped revision number for resource 1fc19466-5383-4617-8399-7041e9232fed (type: security_groups) to 1
2026-04-23 01:35:07.938 9 INFO neutron.db.ovn_revision_numbers_db [None req-11d239ed-f6b0-4b69-b3f9-091dcec3af5a 91ca839dbcda46d3af22ee5ad56de9d6 0803f8ff07b74f198445f884bcc37285 - - default default] Successfully bumped revision number for resource b79d0e08-36ed-4c50-82aa-39df810df061 (type: ports) to 1
2026-04-23 01:35:07.944 10 INFO neutron.db.ovn_revision_numbers_db [None req-7bd03a80-0514-49d3-998a-96f7b69eabd2 91ca839dbcda46d3af22ee5ad56de9d6 0803f8ff07b74f198445f884bcc37285 - - default default] Successfully bumped revision number for resource 11a46220-85ab-48b0-91aa-e2aeeea84dd3 (type: security_group_rules) to 0
2026-04-23 01:35:07.957 9 INFO neutron.api.wsgi [None req-11d239ed-f6b0-4b69-b3f9-091dcec3af5a 91ca839dbcda46d3af22ee5ad56de9d6 0803f8ff07b74f198445f884bcc37285 - - default default] 10.0.0.110 "POST /v2.0/networks HTTP/1.1" status: 201 len: 943 time: 0.8727810
2026-04-23 01:35:07.961 10 INFO neutron.db.ovn_revision_numbers_db [None req-7bd03a80-0514-49d3-998a-96f7b69eabd2 91ca839dbcda46d3af22ee5ad56de9d6 0803f8ff07b74f198445f884bcc37285 - - default default] Successfully bumped revision number for resource 3d23df74-9052-4d51-8ec4-98b45c0d543d (type: security_group_rules) to 0
2026-04-23 01:35:07.985 10 INFO neutron.db.ovn_revision_numbers_db [None req-7bd03a80-0514-49d3-998a-96f7b69eabd2 91ca839dbcda46d3af22ee5ad56de9d6 0803f8ff07b74f198445f884bcc37285 - - default default] Successfully bumped revision number for resource 4d507685-bca8-47e1-9ddb-5db22089c044 (type: security_group_rules) to 0
2026-04-23 01:35:08.007 10 INFO neutron.db.ovn_revision_numbers_db [None req-7bd03a80-0514-49d3-998a-96f7b69eabd2 91ca839dbcda46d3af22ee5ad56de9d6 0803f8ff07b74f198445f884bcc37285 - - default default] Successfully bumped revision number for resource 88c18065-8374-4e9a-994e-789c44edeee3 (type: security_group_rules) to 0
2026-04-23 01:35:08.047 10 INFO neutron.api.wsgi [None req-7bd03a80-0514-49d3-998a-96f7b69eabd2 91ca839dbcda46d3af22ee5ad56de9d6 0803f8ff07b74f198445f884bcc37285 - - default default] 10.0.0.110 "GET /v2.0/security-groups?tenant_id=0534ea3386f74e2bb130f5a3d09f8d7f&name=default HTTP/1.1" status: 200 len: 3120 time: 0.2509730
2026-04-23 01:35:08.109 9 WARNING neutron.scheduler.dhcp_agent_scheduler [None req-e79427ca-8a89-465c-ab24-aaaa67fa4df7 91ca839dbcda46d3af22ee5ad56de9d6 0803f8ff07b74f198445f884bcc37285 - - default default] No more DHCP agents
2026-04-23 01:35:08.111 9 WARNING neutron.api.rpc.agentnotifiers.dhcp_rpc_agent_api [None req-e79427ca-8a89-465c-ab24-aaaa67fa4df7 91ca839dbcda46d3af22ee5ad56de9d6 0803f8ff07b74f198445f884bcc37285 - - default default] Unable to schedule network 90e7bd3d-7374-4139-8d78-027c894c90b0: no agents available; will retry on subsequent port and subnet creation events.
2026-04-23 01:35:08.187 10 INFO neutron.api.wsgi [None req-a56d111a-9190-432b-87d4-56a0aa6fa831 1b2da0268315451eb7d06cca311c795a 5a2d9eed44d74a27b668cdc41b975905 - - default default] 10.0.0.110 "DELETE /v2.0/networks/28e44da0-c89a-4e2b-a47c-0738b0cff1d8 HTTP/1.1" status: 204 len: 168 time: 0.3687019
2026-04-23 01:35:08.337 10 INFO neutron.api.wsgi [None req-fef6bfaa-f48d-4d4c-8a67-0a5f5b10272f 91ca839dbcda46d3af22ee5ad56de9d6 0803f8ff07b74f198445f884bcc37285 - - default default] 10.0.0.110 "GET /v2.0/security-groups?tenant_id=a3bcd6abd8504a4da040ea09d076991e&name=default HTTP/1.1" status: 200 len: 3120 time: 0.1909957
2026-04-23 01:35:08.413 9 INFO neutron.api.wsgi [None req-6f86c5f5-e6eb-4005-ba65-7a43c4e49ee6 91ca839dbcda46d3af22ee5ad56de9d6 0803f8ff07b74f198445f884bcc37285 - - default default] 10.0.0.110 "DELETE /v2.0/security-groups/1fc19466-5383-4617-8399-7041e9232fed HTTP/1.1" status: 204 len: 168 time: 0.3587742
2026-04-23 01:35:08.609 10 INFO neutron.api.wsgi [None req-d04e3083-aa17-47e5-a9e4-1480f571e1cb 91ca839dbcda46d3af22ee5ad56de9d6 0803f8ff07b74f198445f884bcc37285 - - default default] 10.0.0.110 "DELETE /v2.0/security-groups/306b8952-1e94-4cdc-86e3-9c025bb9be33 HTTP/1.1" status: 204 len: 168 time: 0.2647281
2026-04-23 01:35:08.655 9 INFO neutron.api.wsgi [None req-4a40369b-b7ac-4511-b0d8-b90c0a71a69d 1b2da0268315451eb7d06cca311c795a 5a2d9eed44d74a27b668cdc41b975905 - - default default] 10.0.0.110 "DELETE /v2.0/networks/e8975f71-d3b9-4811-a183-4778e5e8782b HTTP/1.1" status: 204 len: 168 time: 0.4631267
2026-04-23 01:35:08.708 9 INFO neutron.db.ovn_revision_numbers_db [None req-a8ba4158-7f00-4437-a5d1-db09f36fe0b0 - - - - - -] Successfully bumped revision number for resource b79d0e08-36ed-4c50-82aa-39df810df061 (type: ports) to 2
2026-04-23 01:35:08.734 9 INFO neutron.db.ovn_revision_numbers_db [None req-a8ba4158-7f00-4437-a5d1-db09f36fe0b0 - - - - - -] Successfully bumped revision number for resource d3fa8918-cea9-449f-910a-0da003812baa (type: subnets) to 0
2026-04-23 01:35:08.749 9 INFO neutron.api.wsgi [None req-e79427ca-8a89-465c-ab24-aaaa67fa4df7 91ca839dbcda46d3af22ee5ad56de9d6 0803f8ff07b74f198445f884bcc37285 - - default default] 10.0.0.110 "POST /v2.0/subnets HTTP/1.1" status: 201 len: 887 time: 0.7882423
2026-04-23 01:35:08.948 10 INFO neutron.db.ovn_revision_numbers_db [None req-65ac0d73-25c9-41e5-bab0-9c40307d9fc5 91ca839dbcda46d3af22ee5ad56de9d6 0803f8ff07b74f198445f884bcc37285 - - default default] Successfully bumped revision number for resource def903fb-228a-4c02-a779-ef42963f2c30 (type: security_groups) to 1
2026-04-23 01:35:08.960 10 INFO neutron.db.ovn_revision_numbers_db [None req-65ac0d73-25c9-41e5-bab0-9c40307d9fc5 91ca839dbcda46d3af22ee5ad56de9d6 0803f8ff07b74f198445f884bcc37285 - - default default] Successfully bumped revision number for resource 017613bf-1e02-4abc-8bb2-cc608a54d17c (type: security_group_rules) to 0
2026-04-23 01:35:08.971 10 INFO neutron.db.ovn_revision_numbers_db [None req-65ac0d73-25c9-41e5-bab0-9c40307d9fc5 91ca839dbcda46d3af22ee5ad56de9d6 0803f8ff07b74f198445f884bcc37285 - - default default] Successfully bumped revision number for resource 42b552fa-202a-4354-9ff3-7166aed937ae (type: security_group_rules) to 0
2026-04-23 01:35:08.984 10 INFO neutron.db.ovn_revision_numbers_db [None req-65ac0d73-25c9-41e5-bab0-9c40307d9fc5 91ca839dbcda46d3af22ee5ad56de9d6 0803f8ff07b74f198445f884bcc37285 - - default default] Successfully bumped revision number for resource a27da4a6-3a98-4068-80d6-b66590672f00 (type: security_group_rules) to 0
2026-04-23 01:35:08.996 10 INFO neutron.db.ovn_revision_numbers_db [None req-65ac0d73-25c9-41e5-bab0-9c40307d9fc5 91ca839dbcda46d3af22ee5ad56de9d6 0803f8ff07b74f198445f884bcc37285 - - default default] Successfully bumped revision number for resource c276360c-5cbe-4afe-92eb-0510ed9a168a (type: security_group_rules) to 0
