2026-04-23 01:33:17.679 10 INFO neutron.api.wsgi [None req-afc69755-9fdc-4354-9d3b-7351a9b16dc4 2aa37c23cf234e7b94b6dab034805c52 6a5bfd6d0abe494ba7f231b964c591e7 - - default default] 10.0.0.110 "PUT /v2.0/routers/221ce636-058a-461d-8602-b90fa02824ba/add_router_interface HTTP/1.1" status: 200 len: 503 time: 1.7908459 /var/lib/openstack/lib/python3.12/site-packages/pycadf/identifier.py:71: UserWarning: Invalid uuid: neutron. To ensure interoperability, identifiers should be a valid uuid. warnings.warn(('Invalid uuid: %s. To ensure interoperability, '
2026-04-23 01:33:17.695 9 INFO neutron.notifiers.nova [-] Nova event matching ['req-aaba4f70-ba23-47ae-b1b7-f1b99d123158'] response: {'name': 'network-changed', 'server_uuid': '8458c0fc-4a77-4859-b813-41b4f8da7479', 'tag': '06d504ea-b5d7-475b-93aa-047c38f0d664', 'status': 'completed', 'code': 200}
2026-04-23 01:33:17.760 9 INFO neutron.api.wsgi [None req-f140a75a-f973-4d46-bc5d-99dd9a2f9d91 2aa37c23cf234e7b94b6dab034805c52 6a5bfd6d0abe494ba7f231b964c591e7 - - default default] 10.0.0.110 "GET /v2.0/ports/0f93b02d-1818-4f1c-a00d-c1f7b406d77e HTTP/1.1" status: 200 len: 1137 time: 0.0755663
2026-04-23 01:33:17.802 9 INFO neutron.api.wsgi [None req-14820e73-fd5c-4ac1-8253-93444a4c0cc7 2aa37c23cf234e7b94b6dab034805c52 6a5bfd6d0abe494ba7f231b964c591e7 - - default default] 10.0.0.110 "GET /v2.0/ports/0f93b02d-1818-4f1c-a00d-c1f7b406d77e HTTP/1.1" status: 200 len: 1137 time: 0.0349498
2026-04-23 01:33:18.007 10 INFO neutron.db.ovn_revision_numbers_db [None req-9e14f849-93fa-4f22-b011-73e73cb8d76d - - - - - -] Successfully bumped revision number for resource 0f93b02d-1818-4f1c-a00d-c1f7b406d77e (type: ports) to 2
2026-04-23 01:33:18.133 9 INFO neutron.db.ovn_revision_numbers_db [None req-61d1a9df-5744-4d29-a705-73fcbf14ece5 - - - - - -] Successfully bumped revision number for resource 0c4d6164-cb9b-4e82-9a9d-63651fc3d28b (type: ports) to 5
2026-04-23 01:33:18.207 9 INFO neutron.api.wsgi [req-9148a1ff-40f5-4291-b039-6518d2abffa1 req-0dfb1580-edad-49b8-aa99-68a6c86f7e6d ac89d56221214e9781827e73aac2a8d1 bc6adab9e9c04d77ab58d03b74f45e78 - - 6670a3f505bc44f7ba8b1edd2de6f792 6670a3f505bc44f7ba8b1edd2de6f792] 199.204.45.30 "GET /v2.0/ports?tenant_id=a66bee319c40466e82b0d24a086f7856&device_id=8458c0fc-4a77-4859-b813-41b4f8da7479 HTTP/1.1" status: 200 len: 1594 time: 0.0446925
2026-04-23 01:33:18.275 9 INFO neutron.api.wsgi [req-9148a1ff-40f5-4291-b039-6518d2abffa1 req-fe7092fa-5aed-4013-bb55-79b347820a56 ac89d56221214e9781827e73aac2a8d1 bc6adab9e9c04d77ab58d03b74f45e78 - - 6670a3f505bc44f7ba8b1edd2de6f792 6670a3f505bc44f7ba8b1edd2de6f792] 199.204.45.30 "GET /v2.0/networks?id=7b189942-4bf6-4d6e-b03e-84fdedcbb820 HTTP/1.1" status: 200 len: 981 time: 0.0626242
2026-04-23 01:33:18.297 9 INFO neutron.api.wsgi [req-9148a1ff-40f5-4291-b039-6518d2abffa1 req-81807721-b124-4c22-80d6-d704d6f9d1cc ac89d56221214e9781827e73aac2a8d1 bc6adab9e9c04d77ab58d03b74f45e78 - - 6670a3f505bc44f7ba8b1edd2de6f792 6670a3f505bc44f7ba8b1edd2de6f792] 199.204.45.30 "GET /v2.0/floatingips?fixed_ip_address=10.100.0.10&port_id=06d504ea-b5d7-475b-93aa-047c38f0d664 HTTP/1.1" status: 200 len: 217 time: 0.0158653
2026-04-23 01:33:18.340 9 INFO neutron.api.wsgi [req-9148a1ff-40f5-4291-b039-6518d2abffa1 req-4d980387-9026-4d60-909a-7c782132a718 ac89d56221214e9781827e73aac2a8d1 bc6adab9e9c04d77ab58d03b74f45e78 - - 6670a3f505bc44f7ba8b1edd2de6f792 6670a3f505bc44f7ba8b1edd2de6f792] 199.204.45.30 "GET /v2.0/floatingips?fixed_ip_address=10.100.0.14&port_id=06d504ea-b5d7-475b-93aa-047c38f0d664 HTTP/1.1" status: 200 len: 1060 time: 0.0364184
2026-04-23 01:33:18.379 10 INFO neutron.db.ovn_revision_numbers_db [None req-2e486c7b-9a7c-4cc1-aa58-bf82ad2497f9 91ca839dbcda46d3af22ee5ad56de9d6 0803f8ff07b74f198445f884bcc37285 - - default default] Successfully bumped revision number for resource a6661b03-f013-4255-8203-58cd51083be0 (type: ports) to 1
2026-04-23 01:33:18.380 9 INFO neutron.api.wsgi [req-9148a1ff-40f5-4291-b039-6518d2abffa1 req-47b4437e-6df5-4ee0-9951-ffc9565107ef ac89d56221214e9781827e73aac2a8d1 bc6adab9e9c04d77ab58d03b74f45e78 - - 6670a3f505bc44f7ba8b1edd2de6f792 6670a3f505bc44f7ba8b1edd2de6f792] 199.204.45.30 "GET /v2.0/subnets?id=04f6caeb-f9ff-4f20-8582-a6fad6c298ce HTTP/1.1" status: 200 len: 900 time: 0.0340757
2026-04-23 01:33:18.419 9 INFO neutron.api.wsgi [req-9148a1ff-40f5-4291-b039-6518d2abffa1 req-102e0941-0555-4da4-8fb3-e1ebbaa99116 ac89d56221214e9781827e73aac2a8d1 bc6adab9e9c04d77ab58d03b74f45e78 - - 6670a3f505bc44f7ba8b1edd2de6f792 6670a3f505bc44f7ba8b1edd2de6f792] 199.204.45.30 "GET /v2.0/ports?network_id=7b189942-4bf6-4d6e-b03e-84fdedcbb820&device_owner=network%3Adhcp HTTP/1.1" status: 200 len: 210 time: 0.0219817
2026-04-23 01:33:18.444 10 WARNING neutron.scheduler.dhcp_agent_scheduler [None req-2e486c7b-9a7c-4cc1-aa58-bf82ad2497f9 91ca839dbcda46d3af22ee5ad56de9d6 0803f8ff07b74f198445f884bcc37285 - - default default] No more DHCP agents
2026-04-23 01:33:18.446 10 WARNING neutron.api.rpc.agentnotifiers.dhcp_rpc_agent_api [None req-2e486c7b-9a7c-4cc1-aa58-bf82ad2497f9 91ca839dbcda46d3af22ee5ad56de9d6 0803f8ff07b74f198445f884bcc37285 - - default default] Unable to schedule network 1364fd9b-1217-4125-b934-1087b923e7b4: no agents available; will retry on subsequent port and subnet creation events.
2026-04-23 01:33:18.476 9 INFO neutron.api.wsgi [req-9148a1ff-40f5-4291-b039-6518d2abffa1 req-a4c331d0-a690-4b95-bd2c-cb589a9f2003 ac89d56221214e9781827e73aac2a8d1 bc6adab9e9c04d77ab58d03b74f45e78 - - 6670a3f505bc44f7ba8b1edd2de6f792 6670a3f505bc44f7ba8b1edd2de6f792] 199.204.45.30 "GET /v2.0/networks/7b189942-4bf6-4d6e-b03e-84fdedcbb820?fields=segments HTTP/1.1" status: 200 len: 212 time: 0.0501282
2026-04-23 01:33:18.534 9 INFO neutron.api.wsgi [req-9148a1ff-40f5-4291-b039-6518d2abffa1 req-65515b2c-b6fb-4c7f-9640-0f19d39ad6ff ac89d56221214e9781827e73aac2a8d1 bc6adab9e9c04d77ab58d03b74f45e78 - - 6670a3f505bc44f7ba8b1edd2de6f792 6670a3f505bc44f7ba8b1edd2de6f792] 199.204.45.30 "GET /v2.0/networks/7b189942-4bf6-4d6e-b03e-84fdedcbb820?fields=provider%3Aphysical_network&fields=provider%3Anetwork_type HTTP/1.1" status: 200 len: 277 time: 0.0534644
2026-04-23 01:33:18.648 9 INFO neutron.api.wsgi [req-a11e7a9a-0565-466c-82d8-58c589291a55 req-62e84d5f-3409-4f1e-85b4-9d17fc8aa395 6a4b7ccfde3b4d85a78a2d0106026020 2e478d0e467d435580eb8cfe57fda40c - - default default] 199.204.45.30 "GET /v2.0/networks?id=bce9c624-56ab-44f3-a6a7-f2f9d14ade0c HTTP/1.1" status: 200 len: 879 time: 0.0576441
2026-04-23 01:33:18.697 9 INFO neutron.api.wsgi [req-a11e7a9a-0565-466c-82d8-58c589291a55 req-fb6ecb58-0017-4c2f-9ca4-311fe6219dd2 6a4b7ccfde3b4d85a78a2d0106026020 2e478d0e467d435580eb8cfe57fda40c - - default default] 199.204.45.30 "GET /v2.0/security-groups?fields=id&fields=name&tenant_id=2e478d0e467d435580eb8cfe57fda40c HTTP/1.1" status: 200 len: 379 time: 0.0414276
2026-04-23 01:33:18.701 10 INFO neutron.api.wsgi [req-0c6bf7c1-4705-4851-a483-a8e08fa35555 req-2cde4da0-8a0c-4acc-bc4b-546edf704d87 6a4b7ccfde3b4d85a78a2d0106026020 2e478d0e467d435580eb8cfe57fda40c - - default default] 10.0.0.163 "GET /v2.0/ports?device_id=2166b8e2-e300-45c7-bc74-e591f6707784 HTTP/1.1" status: 200 len: 210 time: 0.0231993 /var/lib/openstack/lib/python3.12/site-packages/pycadf/identifier.py:71: UserWarning: Invalid uuid: neutron. To ensure interoperability, identifiers should be a valid uuid. warnings.warn(('Invalid uuid: %s. To ensure interoperability, '
2026-04-23 01:33:18.726 9 WARNING neutron_lib.context [req-a11e7a9a-0565-466c-82d8-58c589291a55 req-02d6e615-70cd-43d1-b919-9449ec82e0e6 6a4b7ccfde3b4d85a78a2d0106026020 2e478d0e467d435580eb8cfe57fda40c - - default default] Method 'is_advsvc' is deprecated since 2023.2 release (neutron-lib 3.8.0) and will be removed once support for the old RBAC API policies will be removed from Neutron. Please use method 'is_service_role' instead.
2026-04-23 01:33:18.741 9 INFO neutron.api.wsgi [None req-650871e8-b58e-4e6c-acce-3bced3f79c73 2aa37c23cf234e7b94b6dab034805c52 6a5bfd6d0abe494ba7f231b964c591e7 - - default default] 10.0.0.110 "PUT /v2.0/routers/221ce636-058a-461d-8602-b90fa02824ba/remove_router_interface HTTP/1.1" status: 200 len: 503 time: 0.9344883
2026-04-23 01:33:18.818 9 INFO neutron.api.wsgi [None req-1787ceb9-6a19-47e5-8f37-6d2b0d00a099 2aa37c23cf234e7b94b6dab034805c52 6a5bfd6d0abe494ba7f231b964c591e7 - - default default] 10.0.0.110 "GET /v2.0/ports/6fa2d534-cd52-4c23-97f7-8380ecd71b7c HTTP/1.1" status: 200 len: 1137 time: 0.0713794
2026-04-23 01:33:19.017 9 WARNING neutron.scheduler.dhcp_agent_scheduler [req-a11e7a9a-0565-466c-82d8-58c589291a55 req-02d6e615-70cd-43d1-b919-9449ec82e0e6 6a4b7ccfde3b4d85a78a2d0106026020 2e478d0e467d435580eb8cfe57fda40c - - default default] No more DHCP agents
2026-04-23 01:33:19.018 9 WARNING neutron.api.rpc.agentnotifiers.dhcp_rpc_agent_api [req-a11e7a9a-0565-466c-82d8-58c589291a55 req-02d6e615-70cd-43d1-b919-9449ec82e0e6 6a4b7ccfde3b4d85a78a2d0106026020 2e478d0e467d435580eb8cfe57fda40c - - default default] Unable to schedule network bce9c624-56ab-44f3-a6a7-f2f9d14ade0c: no agents available; will retry on subsequent port and subnet creation events.
2026-04-23 01:33:19.155 9 INFO neutron.db.ovn_revision_numbers_db [req-a11e7a9a-0565-466c-82d8-58c589291a55 req-02d6e615-70cd-43d1-b919-9449ec82e0e6 6a4b7ccfde3b4d85a78a2d0106026020 2e478d0e467d435580eb8cfe57fda40c - - default default] Successfully bumped revision number for resource fcd9dc14-8319-4b7b-a0e0-6d7244703840 (type: ports) to 1
2026-04-23 01:33:19.178 9 INFO neutron.api.wsgi [req-a11e7a9a-0565-466c-82d8-58c589291a55 req-02d6e615-70cd-43d1-b919-9449ec82e0e6 6a4b7ccfde3b4d85a78a2d0106026020 2e478d0e467d435580eb8cfe57fda40c - - default default] 199.204.45.30 "POST /v2.0/ports HTTP/1.1" status: 201 len: 1158 time: 0.4607327 /var/lib/openstack/lib/python3.12/site-packages/pycadf/identifier.py:71: UserWarning: Invalid uuid: neutron. To ensure interoperability, identifiers should be a valid uuid. warnings.warn(('Invalid uuid: %s. To ensure interoperability, '
2026-04-23 01:33:19.213 10 INFO neutron.db.ovn_revision_numbers_db [None req-2e486c7b-9a7c-4cc1-aa58-bf82ad2497f9 91ca839dbcda46d3af22ee5ad56de9d6 0803f8ff07b74f198445f884bcc37285 - - default default] Successfully bumped revision number for resource a6661b03-f013-4255-8203-58cd51083be0 (type: router_ports) to 1
2026-04-23 01:33:19.217 10 INFO neutron.api.wsgi [None req-2e486c7b-9a7c-4cc1-aa58-bf82ad2497f9 91ca839dbcda46d3af22ee5ad56de9d6 0803f8ff07b74f198445f884bcc37285 - - default default] 10.0.0.110 "PUT /v2.0/routers/f45fd53e-f4d8-4da9-abf4-6efd393a20bd/add_router_interface HTTP/1.1" status: 200 len: 503 time: 2.4425938
2026-04-23 01:33:19.480 10 INFO neutron.api.wsgi [None req-14599ec1-7ce0-4aac-9ce8-d93d33e2a8d5 2aa37c23cf234e7b94b6dab034805c52 6a5bfd6d0abe494ba7f231b964c591e7 - - default default] 10.0.0.110 "PUT /v2.0/routers/221ce636-058a-461d-8602-b90fa02824ba/remove_router_interface HTTP/1.1" status: 200 len: 503 time: 0.6568856 /var/lib/openstack/lib/python3.12/site-packages/pycadf/identifier.py:71: UserWarning: Invalid uuid: neutron. To ensure interoperability, identifiers should be a valid uuid. warnings.warn(('Invalid uuid: %s. To ensure interoperability, '
2026-04-23 01:33:19.508 10 INFO neutron.api.wsgi [None req-4d58a17a-f2ef-4b2e-9b88-5bf14fdfc311 2aa37c23cf234e7b94b6dab034805c52 6a5bfd6d0abe494ba7f231b964c591e7 - - default default] 10.0.0.110 "GET /v2.0/ports?device_id=221ce636-058a-461d-8602-b90fa02824ba HTTP/1.1" status: 200 len: 205 time: 0.0200596 /var/lib/openstack/lib/python3.12/site-packages/pycadf/identifier.py:71: UserWarning: Invalid uuid: neutron. To ensure interoperability, identifiers should be a valid uuid. warnings.warn(('Invalid uuid: %s. To ensure interoperability, '
2026-04-23 01:33:19.592 9 INFO neutron.db.ovn_revision_numbers_db [req-a11e7a9a-0565-466c-82d8-58c589291a55 req-a590f83f-11b2-4874-9cf5-6e419c822e48 ac89d56221214e9781827e73aac2a8d1 bc6adab9e9c04d77ab58d03b74f45e78 - - 6670a3f505bc44f7ba8b1edd2de6f792 6670a3f505bc44f7ba8b1edd2de6f792] Successfully bumped revision number for resource fcd9dc14-8319-4b7b-a0e0-6d7244703840 (type: ports) to 2
2026-04-23 01:33:19.609 10 INFO neutron.api.wsgi [req-62ce06d5-0867-412f-a5bb-688c754751dc req-624cfb97-4405-45ac-98c4-1374c3e6c0b0 ecd94fa4928a4c5db9e52d14c434a653 a66bee319c40466e82b0d24a086f7856 - - default default] 10.0.0.163 "GET /v2.0/ports?device_id=8458c0fc-4a77-4859-b813-41b4f8da7479 HTTP/1.1" status: 200 len: 1356 time: 0.0391128
2026-04-23 01:33:19.659 10 INFO neutron.api.wsgi [req-62ce06d5-0867-412f-a5bb-688c754751dc req-f110fe13-f555-4c76-853f-3aaa074e0b9b ecd94fa4928a4c5db9e52d14c434a653 a66bee319c40466e82b0d24a086f7856 - - default default] 10.0.0.163 "GET /v2.0/security-groups?id=fedcee2e-7dfe-4537-a2c6-65e211bed285&fields=id&fields=name HTTP/1.1" status: 200 len: 312 time: 0.0422509
2026-04-23 01:33:19.747 9 INFO neutron.api.wsgi [None req-462c3ecb-5304-4b1f-9d44-d94f0a6a9ad1 2aa37c23cf234e7b94b6dab034805c52 6a5bfd6d0abe494ba7f231b964c591e7 - - default default] 10.0.0.110 "DELETE /v2.0/routers/221ce636-058a-461d-8602-b90fa02824ba HTTP/1.1" status: 204 len: 168 time: 0.2330465 /var/lib/openstack/lib/python3.12/site-packages/pycadf/identifier.py:71: UserWarning: Invalid uuid: neutron. To ensure interoperability, identifiers should be a valid uuid. warnings.warn(('Invalid uuid: %s. To ensure interoperability, '
2026-04-23 01:33:19.795 9 WARNING neutron_lib.context [None req-c10e21a7-bbb3-4ac7-86ba-05d39aa48223 10cb89ccbd714d13bb8675314ebf4b90 6ef3976dc60349548f65c3a124a07407 - - default default] Method 'is_advsvc' is deprecated since 2023.2 release (neutron-lib 3.8.0) and will be removed once support for the old RBAC API policies will be removed from Neutron. Please use method 'is_service_role' instead.
2026-04-23 01:33:19.854 10 INFO neutron.api.wsgi [req-9469f8c6-396c-47ca-ab46-69f162258157 req-751ef7a2-8a30-46a1-b13d-19cb91213a92 6a4b7ccfde3b4d85a78a2d0106026020 2e478d0e467d435580eb8cfe57fda40c - - default default] 10.0.0.163 "GET /v2.0/ports?device_id=2166b8e2-e300-45c7-bc74-e591f6707784 HTTP/1.1" status: 200 len: 1168 time: 0.0714045
2026-04-23 01:33:19.913 10 INFO neutron.api.wsgi [req-9469f8c6-396c-47ca-ab46-69f162258157 req-9a125b9f-c7b1-4eb6-beff-4328baebf485 6a4b7ccfde3b4d85a78a2d0106026020 2e478d0e467d435580eb8cfe57fda40c - - default default] 10.0.0.163 "GET /v2.0/security-groups?id=92b58ee5-2f4c-4e15-aef2-37e6577cf29d&fields=id&fields=name HTTP/1.1" status: 200 len: 312 time: 0.0512447
2026-04-23 01:33:19.944 9 INFO neutron.db.ovn_revision_numbers_db [req-a11e7a9a-0565-466c-82d8-58c589291a55 req-a590f83f-11b2-4874-9cf5-6e419c822e48 ac89d56221214e9781827e73aac2a8d1 bc6adab9e9c04d77ab58d03b74f45e78 - - 6670a3f505bc44f7ba8b1edd2de6f792 6670a3f505bc44f7ba8b1edd2de6f792] Successfully bumped revision number for resource fcd9dc14-8319-4b7b-a0e0-6d7244703840 (type: ports) to 4
2026-04-23 01:33:19.969 9 INFO neutron.api.wsgi [req-a11e7a9a-0565-466c-82d8-58c589291a55 req-a590f83f-11b2-4874-9cf5-6e419c822e48 ac89d56221214e9781827e73aac2a8d1 bc6adab9e9c04d77ab58d03b74f45e78 - - 6670a3f505bc44f7ba8b1edd2de6f792 6670a3f505bc44f7ba8b1edd2de6f792] 199.204.45.30 "PUT /v2.0/ports/fcd9dc14-8319-4b7b-a0e0-6d7244703840 HTTP/1.1" status: 200 len: 1404 time: 0.7858150
2026-04-23 01:33:19.977 9 INFO neutron.db.ovn_revision_numbers_db [None req-c10e21a7-bbb3-4ac7-86ba-05d39aa48223 10cb89ccbd714d13bb8675314ebf4b90 6ef3976dc60349548f65c3a124a07407 - - default default] Successfully bumped revision number for resource fabf0c28-20c9-42b1-a64a-ec927dceaddc (type: security_groups) to 1
2026-04-23 01:33:19.995 9 INFO neutron.api.wsgi [None req-44e3f31d-d8b6-4cab-acd6-f477f70f01a5 2aa37c23cf234e7b94b6dab034805c52 6a5bfd6d0abe494ba7f231b964c591e7 - - default default] 10.0.0.110 "DELETE /v2.0/subnets/de831096-bb2c-4444-94d6-8244de2a545d HTTP/1.1" status: 204 len: 168 time: 0.2441483
2026-04-23 01:33:19.996 9 INFO neutron.db.ovn_revision_numbers_db [None req-c10e21a7-bbb3-4ac7-86ba-05d39aa48223 10cb89ccbd714d13bb8675314ebf4b90 6ef3976dc60349548f65c3a124a07407 - - default default] Successfully bumped revision number for resource a09aac9f-d4b5-4ddb-9f5c-c35e9fdfcf57 (type: security_group_rules) to 0
2026-04-23 01:33:20.007 9 INFO neutron.notifiers.nova [-] Nova event matching ['req-6d239346-ed15-420c-a611-08a2ef9e3726'] response: {'name': 'network-changed', 'server_uuid': '2166b8e2-e300-45c7-bc74-e591f6707784', 'tag': 'fcd9dc14-8319-4b7b-a0e0-6d7244703840', 'status': 'completed', 'code': 200}
2026-04-23 01:33:20.019 9 INFO neutron.db.ovn_revision_numbers_db [None req-c10e21a7-bbb3-4ac7-86ba-05d39aa48223 10cb89ccbd714d13bb8675314ebf4b90 6ef3976dc60349548f65c3a124a07407 - - default default] Successfully bumped revision number for resource d82011e2-1e79-4efa-a000-1e3b30541711 (type: security_group_rules) to 0
2026-04-23 01:33:20.055 9 INFO neutron.api.wsgi [None req-c10e21a7-bbb3-4ac7-86ba-05d39aa48223 10cb89ccbd714d13bb8675314ebf4b90 6ef3976dc60349548f65c3a124a07407 - - default default] 10.0.0.110 "POST /v2.0/security-groups HTTP/1.1" status: 201 len: 1861 time: 0.2656565
2026-04-23 01:33:20.065 10 WARNING neutron_lib.context [None req-007a6c19-a28f-47a9-993f-c2867c530a9f 10cb89ccbd714d13bb8675314ebf4b90 6ef3976dc60349548f65c3a124a07407 - - default default] Method 'is_advsvc' is deprecated since 2023.2 release (neutron-lib 3.8.0) and will be removed once support for the old RBAC API policies will be removed from Neutron. Please use method 'is_service_role' instead.
2026-04-23 01:33:20.112 9 INFO neutron.api.wsgi [req-edb24e48-18f4-421d-81b7-789d25f9a6b9 req-01ad415f-cbaa-4cfb-ae7e-22e2b63572ae ac89d56221214e9781827e73aac2a8d1 bc6adab9e9c04d77ab58d03b74f45e78 - - 6670a3f505bc44f7ba8b1edd2de6f792 6670a3f505bc44f7ba8b1edd2de6f792] 199.204.45.30 "GET /v2.0/ports?tenant_id=a66bee319c40466e82b0d24a086f7856&device_id=8458c0fc-4a77-4859-b813-41b4f8da7479 HTTP/1.1" status: 200 len: 1594 time: 0.0469513
2026-04-23 01:33:20.192 9 INFO neutron.api.wsgi [None req-8cb4bd57-5c48-4598-b138-21d546f7a38c 2aa37c23cf234e7b94b6dab034805c52 6a5bfd6d0abe494ba7f231b964c591e7 - - default default] 10.0.0.110 "DELETE /v2.0/subnets/7514a05b-160d-45c9-b3fd-3c26f039231c HTTP/1.1" status: 204 len: 168 time: 0.1917486
2026-04-23 01:33:20.197 10 INFO neutron.db.ovn_revision_numbers_db [None req-007a6c19-a28f-47a9-993f-c2867c530a9f 10cb89ccbd714d13bb8675314ebf4b90 6ef3976dc60349548f65c3a124a07407 - - default default] Successfully bumped revision number for resource b9f69d68-d2dd-4382-bff6-4befb90164ec (type: security_group_rules) to 0
2026-04-23 01:33:20.231 10 INFO neutron.api.wsgi [None req-007a6c19-a28f-47a9-993f-c2867c530a9f 10cb89ccbd714d13bb8675314ebf4b90 6ef3976dc60349548f65c3a124a07407 - - default default] 10.0.0.110 "POST /v2.0/security-group-rules HTTP/1.1" status: 201 len: 796 time: 0.1705337
2026-04-23 01:33:20.240 9 WARNING neutron_lib.context [None req-f973d45e-5960-4e08-99c7-f42c694f3e84 10cb89ccbd714d13bb8675314ebf4b90 6ef3976dc60349548f65c3a124a07407 - - default default] Method 'is_advsvc' is deprecated since 2023.2 release (neutron-lib 3.8.0) and will be removed once support for the old RBAC API policies will be removed from Neutron. Please use method 'is_service_role' instead.
2026-04-23 01:33:20.386 9 INFO neutron.db.ovn_revision_numbers_db [None req-f973d45e-5960-4e08-99c7-f42c694f3e84 10cb89ccbd714d13bb8675314ebf4b90 6ef3976dc60349548f65c3a124a07407 - - default default] Successfully bumped revision number for resource e9d23cb1-b4b4-4fed-9113-c3756a2d02fc (type: security_group_rules) to 0
2026-04-23 01:33:20.422 9 INFO neutron.api.wsgi [None req-f973d45e-5960-4e08-99c7-f42c694f3e84 10cb89ccbd714d13bb8675314ebf4b90 6ef3976dc60349548f65c3a124a07407 - - default default] 10.0.0.110 "POST /v2.0/security-group-rules HTTP/1.1" status: 201 len: 801 time: 0.1858909
2026-04-23 01:33:20.432 9 WARNING neutron_lib.context [None req-9b257f5f-c41d-4d2d-a7f1-30dca6ff5e78 10cb89ccbd714d13bb8675314ebf4b90 6ef3976dc60349548f65c3a124a07407 - - default default] Method 'is_advsvc' is deprecated since 2023.2 release (neutron-lib 3.8.0) and will be removed once support for the old RBAC API policies will be removed from Neutron. Please use method 'is_service_role' instead.
2026-04-23 01:33:20.565 9 INFO neutron.api.wsgi [req-38b32bd2-c57b-467f-9905-9e0a1171ef4c req-a0bf08ef-c0d1-4057-8811-83404ff1d43e ac89d56221214e9781827e73aac2a8d1 bc6adab9e9c04d77ab58d03b74f45e78 - - 6670a3f505bc44f7ba8b1edd2de6f792 6670a3f505bc44f7ba8b1edd2de6f792] 199.204.45.30 "GET /v2.0/ports?tenant_id=2e478d0e467d435580eb8cfe57fda40c&device_id=2166b8e2-e300-45c7-bc74-e591f6707784 HTTP/1.1" status: 200 len: 1407 time: 0.0511086
2026-04-23 01:33:20.566 9 INFO neutron.services.segments.plugin [-] Segment e991bd01-5343-4caf-b5e5-88b4b75b306c resource provider aggregate not found
2026-04-23 01:33:20.570 9 INFO neutron.services.segments.plugin [-] Segment e991bd01-5343-4caf-b5e5-88b4b75b306c resource provider aggregate not found
2026-04-23 01:33:20.584 9 INFO neutron.services.segments.plugin [-] Segment e991bd01-5343-4caf-b5e5-88b4b75b306c resource provider not found; error: Placement Client Error (4xx): {"errors": [{"status": 404, "title": "Not Found", "detail": "The resource could not be found.\n\n No resource provider with uuid e991bd01-5343-4caf-b5e5-88b4b75b306c found for delete ", "request_id": "req-8fe1453b-a599-44a9-9721-4e4ee308e400"}]}
2026-04-23 01:33:20.594 9 INFO neutron.services.segments.plugin [-] Segment e991bd01-5343-4caf-b5e5-88b4b75b306c resource provider not found; error: Placement Client Error (4xx): {"errors": [{"status": 404, "title": "Not Found", "detail": "The resource could not be found.\n\n No resource provider with uuid e991bd01-5343-4caf-b5e5-88b4b75b306c found for delete ", "request_id": "req-9cfc951e-c25b-4cbb-a6a8-fdee2f0155a6"}]}
2026-04-23 01:33:20.616 9 WARNING neutron.plugins.ml2.drivers.ovn.mech_driver.ovsdb.ovn_client [None req-60bacfb0-ae94-4ad5-9fb1-63787318de7d - - - - - -] No port found with ID 6fa2d534-cd52-4c23-97f7-8380ecd71b7c: RuntimeError: No port found with ID 6fa2d534-cd52-4c23-97f7-8380ecd71b7c
2026-04-23 01:33:20.632 9 INFO neutron.api.wsgi [None req-998bf530-a79f-4581-a237-13f5bb662f35 2aa37c23cf234e7b94b6dab034805c52 6a5bfd6d0abe494ba7f231b964c591e7 - - default default] 10.0.0.110 "DELETE /v2.0/networks/187e3f0a-69ea-418d-8d87-33a0dc158d4b HTTP/1.1" status: 204 len: 168 time: 0.4334707
2026-04-23 01:33:20.645 9 INFO neutron.api.wsgi [req-38b32bd2-c57b-467f-9905-9e0a1171ef4c req-2eb41286-4409-4f55-86c1-160013a611f3 ac89d56221214e9781827e73aac2a8d1 bc6adab9e9c04d77ab58d03b74f45e78 - - 6670a3f505bc44f7ba8b1edd2de6f792 6670a3f505bc44f7ba8b1edd2de6f792] 199.204.45.30 "GET /v2.0/networks?tenant_id=2e478d0e467d435580eb8cfe57fda40c&shared=False HTTP/1.1" status: 200 len: 978 time: 0.0731196
2026-04-23 01:33:20.645 9 INFO neutron.plugins.ml2.drivers.ovn.mech_driver.mech_driver [None req-60bacfb0-ae94-4ad5-9fb1-63787318de7d - - - - - -] OVN reports status up for port: 0c4d6164-cb9b-4e82-9a9d-63651fc3d28b
2026-04-23 01:33:20.667 9 INFO neutron.plugins.ml2.plugin [None req-60bacfb0-ae94-4ad5-9fb1-63787318de7d - - - - - -] Attempt 1 to provision port 0c4d6164-cb9b-4e82-9a9d-63651fc3d28b
2026-04-23 01:33:20.674 10 INFO neutron.api.wsgi [req-edb24e48-18f4-421d-81b7-789d25f9a6b9 req-97457229-8e39-476c-b7d7-d076c8278048 ac89d56221214e9781827e73aac2a8d1 bc6adab9e9c04d77ab58d03b74f45e78 - - 6670a3f505bc44f7ba8b1edd2de6f792 6670a3f505bc44f7ba8b1edd2de6f792] 199.204.45.30 "GET /v2.0/networks?id=7b189942-4bf6-4d6e-b03e-84fdedcbb820 HTTP/1.1" status: 200 len: 981 time: 0.0547142
2026-04-23 01:33:20.697 10 INFO neutron.api.wsgi [req-edb24e48-18f4-421d-81b7-789d25f9a6b9 req-6efae280-c8ab-4b79-9b90-9a793ee84611 ac89d56221214e9781827e73aac2a8d1 bc6adab9e9c04d77ab58d03b74f45e78 - - 6670a3f505bc44f7ba8b1edd2de6f792 6670a3f505bc44f7ba8b1edd2de6f792] 199.204.45.30 "GET /v2.0/floatingips?fixed_ip_address=10.100.0.10&port_id=06d504ea-b5d7-475b-93aa-047c38f0d664 HTTP/1.1" status: 200 len: 217 time: 0.0188265
2026-04-23 01:33:20.718 9 INFO neutron.api.wsgi [req-38b32bd2-c57b-467f-9905-9e0a1171ef4c req-570952fd-275a-42f8-aaf3-edd2665f99b9 ac89d56221214e9781827e73aac2a8d1 bc6adab9e9c04d77ab58d03b74f45e78 - - 6670a3f505bc44f7ba8b1edd2de6f792 6670a3f505bc44f7ba8b1edd2de6f792] 199.204.45.30 "GET /v2.0/networks?shared=True HTTP/1.1" status: 200 len: 952 time: 0.0664222
2026-04-23 01:33:20.754 10 INFO neutron.api.wsgi [req-edb24e48-18f4-421d-81b7-789d25f9a6b9 req-25b280a2-8e70-4462-b438-f00c7ac3197c ac89d56221214e9781827e73aac2a8d1 bc6adab9e9c04d77ab58d03b74f45e78 - - 6670a3f505bc44f7ba8b1edd2de6f792 6670a3f505bc44f7ba8b1edd2de6f792] 199.204.45.30 "GET /v2.0/floatingips?fixed_ip_address=10.100.0.14&port_id=06d504ea-b5d7-475b-93aa-047c38f0d664 HTTP/1.1" status: 200 len: 1060 time: 0.0524845
2026-04-23 01:33:20.772 9 WARNING neutron.scheduler.dhcp_agent_scheduler [None req-9b257f5f-c41d-4d2d-a7f1-30dca6ff5e78 10cb89ccbd714d13bb8675314ebf4b90 6ef3976dc60349548f65c3a124a07407 - - default default] No more DHCP agents
2026-04-23 01:33:20.773 9 WARNING neutron.api.rpc.agentnotifiers.dhcp_rpc_agent_api [None req-9b257f5f-c41d-4d2d-a7f1-30dca6ff5e78 10cb89ccbd714d13bb8675314ebf4b90 6ef3976dc60349548f65c3a124a07407 - - default default] Unable to schedule network c667ea11-65b5-47cc-9e60-cd6d0f9f0c0c: no agents available; will retry on subsequent port and subnet creation events.
2026-04-23 01:33:20.792 10 INFO neutron.api.wsgi [req-edb24e48-18f4-421d-81b7-789d25f9a6b9 req-d7086e1b-9a59-4504-88e2-61e35da25c75 ac89d56221214e9781827e73aac2a8d1 bc6adab9e9c04d77ab58d03b74f45e78 - - 6670a3f505bc44f7ba8b1edd2de6f792 6670a3f505bc44f7ba8b1edd2de6f792] 199.204.45.30 "GET /v2.0/subnets?id=04f6caeb-f9ff-4f20-8582-a6fad6c298ce HTTP/1.1" status: 200 len: 900 time: 0.0326815
2026-04-23 01:33:20.814 10 INFO neutron.api.wsgi [req-edb24e48-18f4-421d-81b7-789d25f9a6b9 req-c90e8d1b-84e1-4453-ae18-58188c5d868b ac89d56221214e9781827e73aac2a8d1 bc6adab9e9c04d77ab58d03b74f45e78 - - 6670a3f505bc44f7ba8b1edd2de6f792 6670a3f505bc44f7ba8b1edd2de6f792] 199.204.45.30 "GET /v2.0/ports?network_id=7b189942-4bf6-4d6e-b03e-84fdedcbb820&device_owner=network%3Adhcp HTTP/1.1" status: 200 len: 210 time: 0.0167439
2026-04-23 01:33:20.879 10 INFO neutron.api.wsgi [req-edb24e48-18f4-421d-81b7-789d25f9a6b9 req-ade9f356-eb79-4287-bfb4-98c05953a50f ac89d56221214e9781827e73aac2a8d1 bc6adab9e9c04d77ab58d03b74f45e78 - - 6670a3f505bc44f7ba8b1edd2de6f792 6670a3f505bc44f7ba8b1edd2de6f792] 199.204.45.30 "GET /v2.0/networks/7b189942-4bf6-4d6e-b03e-84fdedcbb820?fields=segments HTTP/1.1" status: 200 len: 212 time: 0.0585630
2026-04-23 01:33:20.929 10 INFO neutron.api.wsgi [req-edb24e48-18f4-421d-81b7-789d25f9a6b9 req-7b4df566-f980-491d-b527-93d92237de33 ac89d56221214e9781827e73aac2a8d1 bc6adab9e9c04d77ab58d03b74f45e78 - - 6670a3f505bc44f7ba8b1edd2de6f792 6670a3f505bc44f7ba8b1edd2de6f792] 199.204.45.30 "GET /v2.0/networks/7b189942-4bf6-4d6e-b03e-84fdedcbb820?fields=provider%3Aphysical_network&fields=provider%3Anetwork_type HTTP/1.1" status: 200 len: 277 time: 0.0438654
2026-04-23 01:33:21.029 10 INFO neutron.api.wsgi [req-ff4a58d7-9632-4704-953d-2c18c64d959b req-72861924-9294-4b4d-8825-8a372a91529d 6a4b7ccfde3b4d85a78a2d0106026020 2e478d0e467d435580eb8cfe57fda40c - - default default] 10.0.0.163 "GET /v2.0/ports?device_id=2166b8e2-e300-45c7-bc74-e591f6707784 HTTP/1.1" status: 200 len: 1168 time: 0.0535679
2026-04-23 01:33:21.061 9 INFO neutron.api.wsgi [None req-9b257f5f-c41d-4d2d-a7f1-30dca6ff5e78 10cb89ccbd714d13bb8675314ebf4b90 6ef3976dc60349548f65c3a124a07407 - - default default] 10.0.0.110 "POST /v2.0/floatingips HTTP/1.1" status: 201 len: 751 time: 0.6334491
2026-04-23 01:33:21.124 10 INFO neutron.api.wsgi [req-ff4a58d7-9632-4704-953d-2c18c64d959b req-e8696c04-1ed8-473e-a36f-5c2fafa30b90 6a4b7ccfde3b4d85a78a2d0106026020 2e478d0e467d435580eb8cfe57fda40c - - default default] 10.0.0.163 "GET /v2.0/security-groups?id=92b58ee5-2f4c-4e15-aef2-37e6577cf29d&fields=id&fields=name HTTP/1.1" status: 200 len: 312 time: 0.0874219
2026-04-23 01:33:21.138 10 INFO neutron.api.wsgi [None req-cea60589-d74c-40fe-833a-e0f882ccfa2b 2aa37c23cf234e7b94b6dab034805c52 6a5bfd6d0abe494ba7f231b964c591e7 - - default default] 10.0.0.110 "DELETE /v2.0/networks/e43e869a-5085-459a-b139-3b1c7c93cafa HTTP/1.1" status: 204 len: 168 time: 0.5008163
2026-04-23 01:33:21.150 10 WARNING neutron_lib.context [None req-20b1b7c4-3caf-4376-8d87-cbad207f1756 2aa37c23cf234e7b94b6dab034805c52 6a5bfd6d0abe494ba7f231b964c591e7 - - default default] Method 'is_advsvc' is deprecated since 2023.2 release (neutron-lib 3.8.0) and will be removed once support for the old RBAC API policies will be removed from Neutron. Please use method 'is_service_role' instead.
2026-04-23 01:33:21.238 10 INFO neutron.db.segments_db [None req-20b1b7c4-3caf-4376-8d87-cbad207f1756 2aa37c23cf234e7b94b6dab034805c52 6a5bfd6d0abe494ba7f231b964c591e7 - - default default] Added segment bcbfe6ca-42f9-4bb9-b7b3-f493c7b5c3b5 of type geneve for network c622aa61-957d-423a-ab86-c47ff9885f9b
2026-04-23 01:33:21.359 10 INFO neutron.db.ovn_revision_numbers_db [None req-20b1b7c4-3caf-4376-8d87-cbad207f1756 2aa37c23cf234e7b94b6dab034805c52 6a5bfd6d0abe494ba7f231b964c591e7 - - default default] Successfully bumped revision number for resource c622aa61-957d-423a-ab86-c47ff9885f9b (type: networks) to 1
2026-04-23 01:33:21.576 10 INFO neutron.services.segments.plugin [-] Segment 57549a7c-4db7-4bb3-b6c3-8e84e051e6d5 resource provider aggregate not found
2026-04-23 01:33:21.580 10 WARNING neutron.scheduler.dhcp_agent_scheduler [None req-20b1b7c4-3caf-4376-8d87-cbad207f1756 2aa37c23cf234e7b94b6dab034805c52 6a5bfd6d0abe494ba7f231b964c591e7 - - default default] No more DHCP agents
2026-04-23 01:33:21.589 10 INFO neutron.api.wsgi [req-4289f0a7-2fd2-4a13-9c92-8a97512a0c12 req-4770989a-5072-4b36-9f98-4b20c4d7368c 10cb89ccbd714d13bb8675314ebf4b90 6ef3976dc60349548f65c3a124a07407 - - default default] 10.0.0.163 "GET /v2.0/security-groups?name=tempest-securitygroup--1425269480&fields=id&tenant_id=6ef3976dc60349548f65c3a124a07407 HTTP/1.1" status: 200 len: 267 time: 0.0472682
2026-04-23 01:33:21.589 10 WARNING neutron.api.rpc.agentnotifiers.dhcp_rpc_agent_api [None req-20b1b7c4-3caf-4376-8d87-cbad207f1756 2aa37c23cf234e7b94b6dab034805c52 6a5bfd6d0abe494ba7f231b964c591e7 - - default default] Unable to schedule network c622aa61-957d-423a-ab86-c47ff9885f9b: no agents available; will retry on subsequent port and subnet creation events.
2026-04-23 01:33:21.592 10 INFO neutron.services.segments.plugin [-] Segment 57549a7c-4db7-4bb3-b6c3-8e84e051e6d5 resource provider not found; error: Placement Client Error (4xx): {"errors": [{"status": 404, "title": "Not Found", "detail": "The resource could not be found.\n\n No resource provider with uuid 57549a7c-4db7-4bb3-b6c3-8e84e051e6d5 found for delete ", "request_id": "req-19660661-be85-419b-adf9-9237d57a5fde"}]}
2026-04-23 01:33:21.603 10 INFO neutron.services.segments.plugin [-] Segment 57549a7c-4db7-4bb3-b6c3-8e84e051e6d5 resource provider aggregate not found
2026-04-23 01:33:21.617 10 INFO neutron.services.segments.plugin [-] Segment 57549a7c-4db7-4bb3-b6c3-8e84e051e6d5 resource provider not found; error: Placement Client Error (4xx): {"errors": [{"status": 404, "title": "Not Found", "detail": "The resource could not be found.\n\n No resource provider with uuid 57549a7c-4db7-4bb3-b6c3-8e84e051e6d5 found for delete ", "request_id": "req-567bf11d-44f1-44d3-a4f1-5a2a15e159e6"}]}
2026-04-23 01:33:21.654 10 INFO neutron.api.wsgi [req-4289f0a7-2fd2-4a13-9c92-8a97512a0c12 req-8f8a007f-3352-4dc6-9acd-ab2297501de9 10cb89ccbd714d13bb8675314ebf4b90 6ef3976dc60349548f65c3a124a07407 - - default default] 10.0.0.163 "GET /v2.0/networks?id=1364fd9b-1217-4125-b934-1087b923e7b4 HTTP/1.1" status: 200 len: 874 time: 0.0591776
2026-04-23 01:33:21.671 10 INFO neutron.api.wsgi [req-4289f0a7-2fd2-4a13-9c92-8a97512a0c12 req-37200d48-c077-4d9b-81be-78632dcfdb9b 10cb89ccbd714d13bb8675314ebf4b90 6ef3976dc60349548f65c3a124a07407 - - default default] 10.0.0.163 "GET /v2.0/quotas/6ef3976dc60349548f65c3a124a07407 HTTP/1.1" status: 200 len: 491 time: 0.0101614
2026-04-23 01:33:21.694 10 INFO neutron.db.ovn_revision_numbers_db [None req-20b1b7c4-3caf-4376-8d87-cbad207f1756 2aa37c23cf234e7b94b6dab034805c52 6a5bfd6d0abe494ba7f231b964c591e7 - - default default] Successfully bumped revision number for resource 2d589480-e0f2-4951-ab78-e8d8d0bbe19a (type: ports) to 1
2026-04-23 01:33:21.755 10 INFO neutron.api.wsgi [None req-20b1b7c4-3caf-4376-8d87-cbad207f1756 2aa37c23cf234e7b94b6dab034805c52 6a5bfd6d0abe494ba7f231b964c591e7 - - default default] 10.0.0.110 "POST /v2.0/networks HTTP/1.1" status: 201 len: 829 time: 0.6096926
2026-04-23 01:33:21.770 10 WARNING neutron_lib.context [None req-9ea5b7f3-4603-4539-8933-49748955e2ff 2aa37c23cf234e7b94b6dab034805c52 6a5bfd6d0abe494ba7f231b964c591e7 - - default default] Method 'is_advsvc' is deprecated since 2023.2 release (neutron-lib 3.8.0) and will be removed once support for the old RBAC API policies will be removed from Neutron. Please use method 'is_service_role' instead.
2026-04-23 01:33:21.783 10 INFO neutron.api.wsgi [req-4289f0a7-2fd2-4a13-9c92-8a97512a0c12 req-75812434-19e3-4f84-93f6-0b4130cb3d49 10cb89ccbd714d13bb8675314ebf4b90 6ef3976dc60349548f65c3a124a07407 - - default default] 10.0.0.163 "GET /v2.0/ports?tenant_id=6ef3976dc60349548f65c3a124a07407&fields=id HTTP/1.1" status: 200 len: 302 time: 0.1054804
2026-04-23 01:33:21.788 10 INFO neutron.api.wsgi [req-a11e7a9a-0565-466c-82d8-58c589291a55 req-dfaf36eb-ac28-4e3d-bb8f-116a3b38d980 ac89d56221214e9781827e73aac2a8d1 bc6adab9e9c04d77ab58d03b74f45e78 - - 6670a3f505bc44f7ba8b1edd2de6f792 6670a3f505bc44f7ba8b1edd2de6f792] 199.204.45.30 "GET /v2.0/ports?tenant_id=2e478d0e467d435580eb8cfe57fda40c&device_id=2166b8e2-e300-45c7-bc74-e591f6707784 HTTP/1.1" status: 200 len: 1407 time: 0.0559990
2026-04-23 01:33:21.815 10 INFO neutron.api.wsgi [req-a11e7a9a-0565-466c-82d8-58c589291a55 req-31b455db-df4d-43ac-8ba9-d041bb98716a ac89d56221214e9781827e73aac2a8d1 bc6adab9e9c04d77ab58d03b74f45e78 - - 6670a3f505bc44f7ba8b1edd2de6f792 6670a3f505bc44f7ba8b1edd2de6f792] 199.204.45.30 "GET /v2.0/floatingips?fixed_ip_address=10.100.0.4&port_id=fcd9dc14-8319-4b7b-a0e0-6d7244703840 HTTP/1.1" status: 200 len: 217 time: 0.0214984
2026-04-23 01:33:21.848 10 INFO neutron.api.wsgi [req-a11e7a9a-0565-466c-82d8-58c589291a55 req-ceba9cbb-1ccb-4553-bb17-75d5e25aea69 ac89d56221214e9781827e73aac2a8d1 bc6adab9e9c04d77ab58d03b74f45e78 - - 6670a3f505bc44f7ba8b1edd2de6f792 6670a3f505bc44f7ba8b1edd2de6f792] 199.204.45.30 "GET /v2.0/subnets?id=1f2f40f1-76ac-4150-872f-58196ddcddde HTTP/1.1" status: 200 len: 897 time: 0.0273886
2026-04-23 01:33:21.873 10 INFO neutron.api.wsgi [req-a11e7a9a-0565-466c-82d8-58c589291a55 req-982b3cc4-f0d0-404d-b604-69b0cd388c01 ac89d56221214e9781827e73aac2a8d1 bc6adab9e9c04d77ab58d03b74f45e78 - - 6670a3f505bc44f7ba8b1edd2de6f792 6670a3f505bc44f7ba8b1edd2de6f792] 199.204.45.30 "GET /v2.0/ports?network_id=bce9c624-56ab-44f3-a6a7-f2f9d14ade0c&device_owner=network%3Adhcp HTTP/1.1" status: 200 len: 210 time: 0.0195863
2026-04-23 01:33:21.877 10 INFO neutron.api.wsgi [req-4289f0a7-2fd2-4a13-9c92-8a97512a0c12 req-06fb238a-19c1-4c51-aa1a-50327b883010 ac89d56221214e9781827e73aac2a8d1 bc6adab9e9c04d77ab58d03b74f45e78 - - 6670a3f505bc44f7ba8b1edd2de6f792 6670a3f505bc44f7ba8b1edd2de6f792] 10.0.0.163 "GET /v2.0/networks/1364fd9b-1217-4125-b934-1087b923e7b4?fields=segments HTTP/1.1" status: 200 len: 212 time: 0.0776865
2026-04-23 01:33:21.931 10 INFO neutron.api.wsgi [req-a11e7a9a-0565-466c-82d8-58c589291a55 req-f357d604-4fb9-4160-8203-cfa71afe78a3 ac89d56221214e9781827e73aac2a8d1 bc6adab9e9c04d77ab58d03b74f45e78 - - 6670a3f505bc44f7ba8b1edd2de6f792 6670a3f505bc44f7ba8b1edd2de6f792] 199.204.45.30 "GET /v2.0/networks/bce9c624-56ab-44f3-a6a7-f2f9d14ade0c?fields=segments HTTP/1.1" status: 200 len: 212 time: 0.0506499
2026-04-23 01:33:21.937 10 INFO neutron.api.wsgi [req-4289f0a7-2fd2-4a13-9c92-8a97512a0c12 req-5821596e-6527-4dcf-8409-63f34ab87bb2 ac89d56221214e9781827e73aac2a8d1 bc6adab9e9c04d77ab58d03b74f45e78 - - 6670a3f505bc44f7ba8b1edd2de6f792 6670a3f505bc44f7ba8b1edd2de6f792] 10.0.0.163 "GET /v2.0/networks/1364fd9b-1217-4125-b934-1087b923e7b4?fields=provider%3Aphysical_network&fields=provider%3Anetwork_type HTTP/1.1" status: 200 len: 277 time: 0.0517333
2026-04-23 01:33:21.981 9 INFO neutron.api.wsgi [req-cefe584a-d1fb-4ddb-918c-089aa2bb797c req-c9e87d70-ac23-4c10-bc36-112d170d753f ac89d56221214e9781827e73aac2a8d1 bc6adab9e9c04d77ab58d03b74f45e78 - - 6670a3f505bc44f7ba8b1edd2de6f792 6670a3f505bc44f7ba8b1edd2de6f792] 199.204.45.30 "GET /v2.0/ports?tenant_id=a66bee319c40466e82b0d24a086f7856&device_id=8458c0fc-4a77-4859-b813-41b4f8da7479 HTTP/1.1" status: 200 len: 1594 time: 0.0358946
2026-04-23 01:33:21.983 10 INFO neutron.api.wsgi [req-a11e7a9a-0565-466c-82d8-58c589291a55 req-7c22fcdc-4487-456a-96b7-779b64ddb3c3 ac89d56221214e9781827e73aac2a8d1 bc6adab9e9c04d77ab58d03b74f45e78 - - 6670a3f505bc44f7ba8b1edd2de6f792 6670a3f505bc44f7ba8b1edd2de6f792] 199.204.45.30 "GET /v2.0/networks/bce9c624-56ab-44f3-a6a7-f2f9d14ade0c?fields=provider%3Aphysical_network&fields=provider%3Anetwork_type HTTP/1.1" status: 200 len: 277 time: 0.0452628
2026-04-23 01:33:22.035 9 INFO neutron.api.wsgi [req-cefe584a-d1fb-4ddb-918c-089aa2bb797c req-4d962b9a-ab21-476c-966e-62de0d1d0c67 ac89d56221214e9781827e73aac2a8d1 bc6adab9e9c04d77ab58d03b74f45e78 - - 6670a3f505bc44f7ba8b1edd2de6f792 6670a3f505bc44f7ba8b1edd2de6f792] 199.204.45.30 "GET /v2.0/networks?id=7b189942-4bf6-4d6e-b03e-84fdedcbb820 HTTP/1.1" status: 200 len: 981 time: 0.0480254
2026-04-23 01:33:22.056 9 INFO neutron.api.wsgi [req-cefe584a-d1fb-4ddb-918c-089aa2bb797c req-ff6abf96-0d94-4bd7-a5d2-a5c9b342357d ac89d56221214e9781827e73aac2a8d1 bc6adab9e9c04d77ab58d03b74f45e78 - - 6670a3f505bc44f7ba8b1edd2de6f792 6670a3f505bc44f7ba8b1edd2de6f792] 199.204.45.30 "GET /v2.0/floatingips?fixed_ip_address=10.100.0.10&port_id=06d504ea-b5d7-475b-93aa-047c38f0d664 HTTP/1.1" status: 200 len: 217 time: 0.0172470
2026-04-23 01:33:22.098 9 INFO neutron.api.wsgi [req-cefe584a-d1fb-4ddb-918c-089aa2bb797c req-e1fca224-b839-4248-b95e-f1c7b3dd0604 ac89d56221214e9781827e73aac2a8d1 bc6adab9e9c04d77ab58d03b74f45e78 - - 6670a3f505bc44f7ba8b1edd2de6f792 6670a3f505bc44f7ba8b1edd2de6f792] 199.204.45.30 "GET /v2.0/floatingips?fixed_ip_address=10.100.0.14&port_id=06d504ea-b5d7-475b-93aa-047c38f0d664 HTTP/1.1" status: 200 len: 1060 time: 0.0350544
2026-04-23 01:33:22.135 10 WARNING neutron.scheduler.dhcp_agent_scheduler [None req-9ea5b7f3-4603-4539-8933-49748955e2ff 2aa37c23cf234e7b94b6dab034805c52 6a5bfd6d0abe494ba7f231b964c591e7 - - default default] No more DHCP agents
2026-04-23 01:33:22.141 9 INFO neutron.api.wsgi [req-cefe584a-d1fb-4ddb-918c-089aa2bb797c req-ae34a7a3-af27-4ba3-8f98-1323761ece75 ac89d56221214e9781827e73aac2a8d1 bc6adab9e9c04d77ab58d03b74f45e78 - - 6670a3f505bc44f7ba8b1edd2de6f792 6670a3f505bc44f7ba8b1edd2de6f792] 199.204.45.30 "GET /v2.0/subnets?id=04f6caeb-f9ff-4f20-8582-a6fad6c298ce HTTP/1.1" status: 200 len: 900 time: 0.0354373
2026-04-23 01:33:22.142 10 WARNING neutron.api.rpc.agentnotifiers.dhcp_rpc_agent_api [None req-9ea5b7f3-4603-4539-8933-49748955e2ff 2aa37c23cf234e7b94b6dab034805c52 6a5bfd6d0abe494ba7f231b964c591e7 - - default default] Unable to schedule network c622aa61-957d-423a-ab86-c47ff9885f9b: no agents available; will retry on subsequent port and subnet creation events.
2026-04-23 01:33:22.162 9 INFO neutron.api.wsgi [req-cefe584a-d1fb-4ddb-918c-089aa2bb797c req-eda1e26e-f483-4692-a6a8-081f34593682 ac89d56221214e9781827e73aac2a8d1 bc6adab9e9c04d77ab58d03b74f45e78 - - 6670a3f505bc44f7ba8b1edd2de6f792 6670a3f505bc44f7ba8b1edd2de6f792] 199.204.45.30 "GET /v2.0/ports?network_id=7b189942-4bf6-4d6e-b03e-84fdedcbb820&device_owner=network%3Adhcp HTTP/1.1" status: 200 len: 210 time: 0.0171564
2026-04-23 01:33:22.164 10 INFO neutron.api.wsgi [req-3d1cfd0f-77c3-44ef-8414-615ebc4870e4 req-e2d43fe2-f197-4a18-8fe4-5fc0d90e5f88 10cb89ccbd714d13bb8675314ebf4b90 6ef3976dc60349548f65c3a124a07407 - - default default] 10.0.0.163 "GET /v2.0/ports?device_id=71bae2cc-9bb1-4237-87f6-cd844963c7b5 HTTP/1.1" status: 200 len: 210 time: 0.0318346
2026-04-23 01:33:22.217 9 INFO neutron.api.wsgi [req-cefe584a-d1fb-4ddb-918c-089aa2bb797c req-dcecaee9-0a75-47be-a604-10111405d906 ac89d56221214e9781827e73aac2a8d1 bc6adab9e9c04d77ab58d03b74f45e78 - - 6670a3f505bc44f7ba8b1edd2de6f792 6670a3f505bc44f7ba8b1edd2de6f792] 199.204.45.30 "GET /v2.0/networks/7b189942-4bf6-4d6e-b03e-84fdedcbb820?fields=segments HTTP/1.1" status: 200 len: 212 time: 0.0496962
2026-04-23 01:33:22.221 10 INFO neutron.api.wsgi [req-dc6f0f78-7267-4441-8feb-91c6c85a5abb req-eb7df04e-cf63-4aad-89ca-d5614a686a44 6a4b7ccfde3b4d85a78a2d0106026020 2e478d0e467d435580eb8cfe57fda40c - - default default] 10.0.0.163 "GET /v2.0/ports?device_id=2166b8e2-e300-45c7-bc74-e591f6707784 HTTP/1.1" status: 200 len: 1168 time: 0.0374341
2026-04-23 01:33:22.269 9 INFO neutron.api.wsgi [req-cefe584a-d1fb-4ddb-918c-089aa2bb797c req-78062578-e88d-43b8-9b71-03574bf38811 ac89d56221214e9781827e73aac2a8d1 bc6adab9e9c04d77ab58d03b74f45e78 - - 6670a3f505bc44f7ba8b1edd2de6f792 6670a3f505bc44f7ba8b1edd2de6f792] 199.204.45.30 "GET /v2.0/networks/7b189942-4bf6-4d6e-b03e-84fdedcbb820?fields=provider%3Aphysical_network&fields=provider%3Anetwork_type HTTP/1.1" status: 200 len: 277 time: 0.0456409
2026-04-23 01:33:22.273 10 INFO neutron.api.wsgi [req-dc6f0f78-7267-4441-8feb-91c6c85a5abb req-a3a9c066-1af5-4671-9c3d-ef757be6f896 6a4b7ccfde3b4d85a78a2d0106026020 2e478d0e467d435580eb8cfe57fda40c - - default default] 10.0.0.163 "GET /v2.0/security-groups?id=92b58ee5-2f4c-4e15-aef2-37e6577cf29d&fields=id&fields=name HTTP/1.1" status: 200 len: 312 time: 0.0462873
2026-04-23 01:33:22.453 9 INFO neutron.api.wsgi [-] 10.0.0.55 "GET / HTTP/1.1" status: 200 len: 247 time: 0.0030622
2026-04-23 01:33:22.456 9 INFO neutron.api.wsgi [-] 10.0.0.55 "GET / HTTP/1.1" status: 200 len: 247 time: 0.0012488
2026-04-23 01:33:22.611 10 INFO neutron.db.ovn_revision_numbers_db [None req-95436842-2f90-4329-abd5-76de571f90fc - - - - - -] Successfully bumped revision number for resource 2d589480-e0f2-4951-ab78-e8d8d0bbe19a (type: ports) to 2
2026-04-23 01:33:22.639 10 INFO neutron.db.ovn_revision_numbers_db [None req-95436842-2f90-4329-abd5-76de571f90fc - - - - - -] Successfully bumped revision number for resource 12fe56d6-3858-47c1-99a7-f858a8158430 (type: subnets) to 0
2026-04-23 01:33:22.657 10 INFO neutron.api.wsgi [None req-9ea5b7f3-4603-4539-8933-49748955e2ff 2aa37c23cf234e7b94b6dab034805c52 6a5bfd6d0abe494ba7f231b964c591e7 - - default default] 10.0.0.110 "POST /v2.0/subnets HTTP/1.1" status: 201 len: 825 time: 0.8946333
2026-04-23 01:33:22.668 10 WARNING neutron_lib.context [None req-aa15bd97-d277-4059-8bbf-47a7a873ae0f 2aa37c23cf234e7b94b6dab034805c52 6a5bfd6d0abe494ba7f231b964c591e7 - - default default] Method 'is_advsvc' is deprecated since 2023.2 release (neutron-lib 3.8.0) and will be removed once support for the old RBAC API policies will be removed from Neutron. Please use method 'is_service_role' instead.
2026-04-23 01:33:22.761 10 INFO neutron.db.ovn_revision_numbers_db [None req-aa15bd97-d277-4059-8bbf-47a7a873ae0f 2aa37c23cf234e7b94b6dab034805c52 6a5bfd6d0abe494ba7f231b964c591e7 - - default default] Successfully bumped revision number for resource e835b72a-c68f-4e12-b8b2-3a52c5f92ab0 (type: routers) to 1
2026-04-23 01:33:22.772 10 INFO neutron.api.wsgi [None req-aa15bd97-d277-4059-8bbf-47a7a873ae0f 2aa37c23cf234e7b94b6dab034805c52 6a5bfd6d0abe494ba7f231b964c591e7 - - default default] 10.0.0.110 "POST /v2.0/routers HTTP/1.1" status: 201 len: 801 time: 0.1085432
2026-04-23 01:33:22.779 10 WARNING neutron_lib.context [None req-b823d7f3-1c7d-4276-b5fb-efa647a1cc75 2aa37c23cf234e7b94b6dab034805c52 6a5bfd6d0abe494ba7f231b964c591e7 - - default default] Method 'is_advsvc' is deprecated since 2023.2 release (neutron-lib 3.8.0) and will be removed once support for the old RBAC API policies will be removed from Neutron. Please use method 'is_service_role' instead.
2026-04-23 01:33:22.867 9 INFO neutron.api.wsgi [req-1a4a68b4-3811-4523-91de-b5e893c04c5e req-60427930-dba4-4933-946b-7012690d06ff ecd94fa4928a4c5db9e52d14c434a653 a66bee319c40466e82b0d24a086f7856 - - default default] 199.204.45.30 "GET /v2.0/ports?device_id=8458c0fc-4a77-4859-b813-41b4f8da7479&device_owner=compute%3Anova&fixed_ips=ip_address%3D10.100.0.10 HTTP/1.1" status: 200 len: 1356 time: 0.0887525
2026-04-23 01:33:23.088 10 WARNING neutron.scheduler.dhcp_agent_scheduler [None req-b823d7f3-1c7d-4276-b5fb-efa647a1cc75 2aa37c23cf234e7b94b6dab034805c52 6a5bfd6d0abe494ba7f231b964c591e7 - - default default] No more DHCP agents
2026-04-23 01:33:23.089 10 WARNING neutron.api.rpc.agentnotifiers.dhcp_rpc_agent_api [None req-b823d7f3-1c7d-4276-b5fb-efa647a1cc75 2aa37c23cf234e7b94b6dab034805c52 6a5bfd6d0abe494ba7f231b964c591e7 - - default default] Unable to schedule network c622aa61-957d-423a-ab86-c47ff9885f9b: no agents available; will retry on subsequent port and subnet creation events.
2026-04-23 01:33:23.203 10 INFO neutron.db.ovn_revision_numbers_db [None req-b823d7f3-1c7d-4276-b5fb-efa647a1cc75 2aa37c23cf234e7b94b6dab034805c52 6a5bfd6d0abe494ba7f231b964c591e7 - - default default] Successfully bumped revision number for resource 45b3c60d-548f-43d5-b9d4-a84271ccb011 (type: ports) to 1
2026-04-23 01:33:23.230 10 INFO neutron.api.wsgi [None req-b823d7f3-1c7d-4276-b5fb-efa647a1cc75 2aa37c23cf234e7b94b6dab034805c52 6a5bfd6d0abe494ba7f231b964c591e7 - - default default] 10.0.0.110 "POST /v2.0/ports HTTP/1.1" status: 201 len: 1147 time: 0.4535384 /var/lib/openstack/lib/python3.12/site-packages/pycadf/identifier.py:71: UserWarning: Invalid uuid: neutron. To ensure interoperability, identifiers should be a valid uuid. warnings.warn(('Invalid uuid: %s. To ensure interoperability, '
2026-04-23 01:33:23.264 10 INFO neutron.api.wsgi [req-f6c5d994-bd01-4f15-b743-4d74624c6d99 req-3bd6951d-291c-4c68-87b2-cbc7b48069e3 10cb89ccbd714d13bb8675314ebf4b90 6ef3976dc60349548f65c3a124a07407 - - default default] 10.0.0.163 "GET /v2.0/ports?device_id=71bae2cc-9bb1-4237-87f6-cd844963c7b5 HTTP/1.1" status: 200 len: 210 time: 0.0307293
2026-04-23 01:33:23.328 9 INFO neutron.db.ovn_revision_numbers_db [req-1a4a68b4-3811-4523-91de-b5e893c04c5e req-be2c36a8-91a4-489f-ad40-aeb209b14c83 ecd94fa4928a4c5db9e52d14c434a653 a66bee319c40466e82b0d24a086f7856 - - default default] Successfully bumped revision number for resource 06d504ea-b5d7-475b-93aa-047c38f0d664 (type: ports) to 7
2026-04-23 01:33:23.352 9 INFO neutron.api.wsgi [req-1a4a68b4-3811-4523-91de-b5e893c04c5e req-be2c36a8-91a4-489f-ad40-aeb209b14c83 ecd94fa4928a4c5db9e52d14c434a653 a66bee319c40466e82b0d24a086f7856 - - default default] 199.204.45.30 "PUT /v2.0/ports/06d504ea-b5d7-475b-93aa-047c38f0d664 HTTP/1.1" status: 200 len: 1171 time: 0.4823015
2026-04-23 01:33:23.383 10 INFO neutron.api.wsgi [req-de1b2623-90a2-4bdb-bc5b-c4f4061bd1f6 req-bfabef1c-1b3f-4cab-a609-ace02bf9c50d 6a4b7ccfde3b4d85a78a2d0106026020 2e478d0e467d435580eb8cfe57fda40c - - default default] 10.0.0.163 "GET /v2.0/ports?device_id=2166b8e2-e300-45c7-bc74-e591f6707784 HTTP/1.1" status: 200 len: 1168 time: 0.0485787
2026-04-23 01:33:23.388 9 INFO neutron.notifiers.nova [-] Nova event matching ['req-812b6c76-e7bc-49a0-a5a0-5cab1d97f3cd'] response: {'name': 'network-changed', 'server_uuid': '8458c0fc-4a77-4859-b813-41b4f8da7479', 'tag': '06d504ea-b5d7-475b-93aa-047c38f0d664', 'status': 'completed', 'code': 200}
2026-04-23 01:33:23.424 10 INFO neutron.api.wsgi [req-de1b2623-90a2-4bdb-bc5b-c4f4061bd1f6 req-462499cc-ac4a-480c-86f0-d08d1a9c2830 6a4b7ccfde3b4d85a78a2d0106026020 2e478d0e467d435580eb8cfe57fda40c - - default default] 10.0.0.163 "GET /v2.0/security-groups?id=92b58ee5-2f4c-4e15-aef2-37e6577cf29d&fields=id&fields=name HTTP/1.1" status: 200 len: 312 time: 0.0350006
2026-04-23 01:33:23.483 10 WARNING neutron.plugins.ml2.drivers.ovn.mech_driver.ovsdb.ovn_client [None req-c9ab426c-9c07-4d24-8812-9750d4c0633e - - - - - -] No port found with ID 0f93b02d-1818-4f1c-a00d-c1f7b406d77e: RuntimeError: No port found with ID 0f93b02d-1818-4f1c-a00d-c1f7b406d77e
2026-04-23 01:33:23.516 10 INFO neutron.plugins.ml2.drivers.ovn.mech_driver.mech_driver [None req-c9ab426c-9c07-4d24-8812-9750d4c0633e - - - - - -] OVN reports status up for port: a6661b03-f013-4255-8203-58cd51083be0
2026-04-23 01:33:23.527 10 INFO neutron.plugins.ml2.plugin [None req-c9ab426c-9c07-4d24-8812-9750d4c0633e - - - - - -] Attempt 1 to provision port a6661b03-f013-4255-8203-58cd51083be0
2026-04-23 01:33:23.739 9 INFO neutron.plugins.ml2.drivers.ovn.mech_driver.mech_driver [None req-60bacfb0-ae94-4ad5-9fb1-63787318de7d - - - - - -] OVN reports status up for port: 45b3c60d-548f-43d5-b9d4-a84271ccb011
2026-04-23 01:33:23.746 9 INFO neutron.plugins.ml2.plugin [None req-60bacfb0-ae94-4ad5-9fb1-63787318de7d - - - - - -] Attempt 1 to provision port 45b3c60d-548f-43d5-b9d4-a84271ccb011
2026-04-23 01:33:23.774 10 INFO neutron.db.ovn_revision_numbers_db [None req-ac9b6b21-5cf0-453e-a65f-1575b9044cfb 2aa37c23cf234e7b94b6dab034805c52 6a5bfd6d0abe494ba7f231b964c591e7 - - default default] Successfully bumped revision number for resource 45b3c60d-548f-43d5-b9d4-a84271ccb011 (type: ports) to 2 /var/lib/openstack/lib/python3.12/site-packages/pycadf/identifier.py:71: UserWarning: Invalid uuid: neutron. To ensure interoperability, identifiers should be a valid uuid. warnings.warn(('Invalid uuid: %s. To ensure interoperability, '
