2026-04-23 00:56:25.527 9 WARNING neutron.services.revisions.revision_plugin [None req-2ad241e0-2dce-4c03-b374-73d671ddd74f 91ca839dbcda46d3af22ee5ad56de9d6 0803f8ff07b74f198445f884bcc37285 - - default default] Could not find related network for resource to bump revision.
2026-04-23 00:56:25.551 9 INFO neutron.db.segments_db [None req-2ad241e0-2dce-4c03-b374-73d671ddd74f 91ca839dbcda46d3af22ee5ad56de9d6 0803f8ff07b74f198445f884bcc37285 - - default default] Added segment 90b73222-5b2c-4d56-bcae-b2d058aba523 of type flat for network c667ea11-65b5-47cc-9e60-cd6d0f9f0c0c
2026-04-23 00:56:25.715 9 INFO neutron.db.ovn_revision_numbers_db [None req-2ad241e0-2dce-4c03-b374-73d671ddd74f 91ca839dbcda46d3af22ee5ad56de9d6 0803f8ff07b74f198445f884bcc37285 - - default default] Successfully bumped revision number for resource c667ea11-65b5-47cc-9e60-cd6d0f9f0c0c (type: networks) to 1
2026-04-23 00:56:25.778 15 WARNING neutron.plugins.ml2.drivers.ovn.mech_driver.ovsdb.ovn_db_sync [None req-74ed2fda-cb0c-4c20-95c8-b2334909e1a4 - - - - - -] New host instance found in OVN SB DB, but not in Neutron. Add its SegmentHostMapping in Neutron
2026-04-23 00:56:25.900 15 WARNING neutron.plugins.ml2.drivers.ovn.mech_driver.ovsdb.ovn_db_sync [None req-37879ac5-860d-4d7a-8f84-0277382a7a08 - - - - - -] Missing metadata port found in Neutron for network c667ea11-65b5-47cc-9e60-cd6d0f9f0c0c
2026-04-23 00:56:25.972 9 WARNING neutron.scheduler.dhcp_agent_scheduler [None req-2ad241e0-2dce-4c03-b374-73d671ddd74f 91ca839dbcda46d3af22ee5ad56de9d6 0803f8ff07b74f198445f884bcc37285 - - default default] No more DHCP agents
2026-04-23 00:56:25.973 9 WARNING neutron.api.rpc.agentnotifiers.dhcp_rpc_agent_api [None req-2ad241e0-2dce-4c03-b374-73d671ddd74f 91ca839dbcda46d3af22ee5ad56de9d6 0803f8ff07b74f198445f884bcc37285 - - default default] Unable to schedule network c667ea11-65b5-47cc-9e60-cd6d0f9f0c0c: no agents available; will retry on subsequent port and subnet creation events.
2026-04-23 00:56:26.003 15 INFO neutron.plugins.ml2.drivers.ovn.mech_driver.ovsdb.extensions.qos [None req-37879ac5-860d-4d7a-8f84-0277382a7a08 - - - - - -] Starting OVNClientQosExtension
2026-04-23 00:56:26.030 15 INFO neutron.plugins.ml2.drivers.ovn.mech_driver.ovsdb.extensions.qos [None req-37879ac5-860d-4d7a-8f84-0277382a7a08 - - - - - -] Starting OVNClientQosExtension
2026-04-23 00:56:26.087 9 INFO neutron.db.ovn_revision_numbers_db [None req-2ad241e0-2dce-4c03-b374-73d671ddd74f 91ca839dbcda46d3af22ee5ad56de9d6 0803f8ff07b74f198445f884bcc37285 - - default default] Successfully bumped revision number for resource ff1641f6-36e7-4a7e-a08f-b7f36e73ebf8 (type: ports) to 1
2026-04-23 00:56:26.115 9 INFO neutron.api.wsgi [None req-2ad241e0-2dce-4c03-b374-73d671ddd74f 91ca839dbcda46d3af22ee5ad56de9d6 0803f8ff07b74f198445f884bcc37285 - - default default] 199.204.45.30,10.0.0.55 "POST /v2.0/networks HTTP/1.1" status: 201 len: 886 time: 1.0373352
2026-04-23 00:56:27.247 9 INFO neutron.pecan_wsgi.hooks.translation [None req-20935fa3-4ff7-480c-bb86-fe75e9d350b8 91ca839dbcda46d3af22ee5ad56de9d6 0803f8ff07b74f198445f884bcc37285 - - default default] GET failed (client error): The resource could not be found.
2026-04-23 00:56:27.248 9 INFO neutron.api.wsgi [None req-20935fa3-4ff7-480c-bb86-fe75e9d350b8 91ca839dbcda46d3af22ee5ad56de9d6 0803f8ff07b74f198445f884bcc37285 - - default default] 199.204.45.30,10.0.0.55 "GET /v2.0/networks/public HTTP/1.1" status: 404 len: 290 time: 0.0367222
2026-04-23 00:56:27.281 9 INFO neutron.api.wsgi [None req-a3c6c865-da1e-48dc-ad42-4d40834348d2 91ca839dbcda46d3af22ee5ad56de9d6 0803f8ff07b74f198445f884bcc37285 - - default default] 199.204.45.30,10.0.0.55 "GET /v2.0/networks?name=public HTTP/1.1" status: 200 len: 890 time: 0.0288515
2026-04-23 00:56:27.308 9 INFO neutron.pecan_wsgi.hooks.translation [None req-2d0129f8-12e0-42b3-a881-0a3a246e7bb4 91ca839dbcda46d3af22ee5ad56de9d6 0803f8ff07b74f198445f884bcc37285 - - default default] GET failed (client error): The resource could not be found.
2026-04-23 00:56:27.309 9 INFO neutron.api.wsgi [None req-2d0129f8-12e0-42b3-a881-0a3a246e7bb4 91ca839dbcda46d3af22ee5ad56de9d6 0803f8ff07b74f198445f884bcc37285 - - default default] 199.204.45.30,10.0.0.55 "GET /v2.0/subnets/public-subnet?network_id=c667ea11-65b5-47cc-9e60-cd6d0f9f0c0c HTTP/1.1" status: 404 len: 295 time: 0.0171142
2026-04-23 00:56:27.328 9 INFO neutron.api.wsgi [None req-61b11c53-3568-4a07-b9d9-29534f8bdee5 91ca839dbcda46d3af22ee5ad56de9d6 0803f8ff07b74f198445f884bcc37285 - - default default] 199.204.45.30,10.0.0.55 "GET /v2.0/subnets?name=public-subnet&network_id=c667ea11-65b5-47cc-9e60-cd6d0f9f0c0c HTTP/1.1" status: 200 len: 188 time: 0.0154450
2026-04-23 00:56:27.552 9 WARNING neutron.scheduler.dhcp_agent_scheduler [None req-568d954f-e29d-43a9-b0dd-aeb095f8876e 91ca839dbcda46d3af22ee5ad56de9d6 0803f8ff07b74f198445f884bcc37285 - - default default] No more DHCP agents
2026-04-23 00:56:27.553 9 WARNING neutron.api.rpc.agentnotifiers.dhcp_rpc_agent_api [None req-568d954f-e29d-43a9-b0dd-aeb095f8876e 91ca839dbcda46d3af22ee5ad56de9d6 0803f8ff07b74f198445f884bcc37285 - - default default] Unable to schedule network c667ea11-65b5-47cc-9e60-cd6d0f9f0c0c: no agents available; will retry on subsequent port and subnet creation events.
2026-04-23 00:56:28.032 9 INFO neutron.db.ovn_revision_numbers_db [None req-44a7f59a-9968-431b-8564-03416e567440 - - - - - -] Successfully bumped revision number for resource ff1641f6-36e7-4a7e-a08f-b7f36e73ebf8 (type: ports) to 2
2026-04-23 00:56:28.063 9 INFO neutron.db.ovn_revision_numbers_db [None req-44a7f59a-9968-431b-8564-03416e567440 - - - - - -] Successfully bumped revision number for resource 47a6af2d-f771-4372-baa4-a20d7f12b468 (type: subnets) to 0
2026-04-23 00:56:28.077 9 INFO neutron.api.wsgi [None req-568d954f-e29d-43a9-b0dd-aeb095f8876e 91ca839dbcda46d3af22ee5ad56de9d6 0803f8ff07b74f198445f884bcc37285 - - default default] 199.204.45.30,10.0.0.55 "POST /v2.0/subnets HTTP/1.1" status: 201 len: 844 time: 0.7403729
2026-04-23 00:56:37.452 9 INFO neutron.api.wsgi [-] 10.0.0.55 "GET / HTTP/1.1" status: 200 len: 247 time: 0.0040145
2026-04-23 00:56:52.450 9 INFO neutron.api.wsgi [-] 10.0.0.55 "GET / HTTP/1.1" status: 200 len: 247 time: 0.0028729
2026-04-23 00:57:07.449 10 INFO neutron.api.wsgi [-] 10.0.0.55 "GET / HTTP/1.1" status: 200 len: 247 time: 0.0022397
2026-04-23 00:57:07.450 9 INFO neutron.api.wsgi [-] 10.0.0.55 "GET / HTTP/1.1" status: 200 len: 247 time: 0.0028114
2026-04-23 00:57:22.449 9 INFO neutron.api.wsgi [-] 10.0.0.55 "GET / HTTP/1.1" status: 200 len: 247 time: 0.0017631
2026-04-23 00:57:22.450 10 INFO neutron.api.wsgi [-] 10.0.0.55 "GET / HTTP/1.1" status: 200 len: 247 time: 0.0025356
2026-04-23 00:57:37.449 9 INFO neutron.api.wsgi [-] 10.0.0.55 "GET / HTTP/1.1" status: 200 len: 247 time: 0.0024288
2026-04-23 00:57:37.452 9 INFO neutron.api.wsgi [-] 10.0.0.55 "GET / HTTP/1.1" status: 200 len: 247 time: 0.0026457
2026-04-23 00:57:52.449 9 INFO neutron.api.wsgi [-] 10.0.0.55 "GET / HTTP/1.1" status: 200 len: 247 time: 0.0022762
2026-04-23 00:57:52.449 10 INFO neutron.api.wsgi [-] 10.0.0.55 "GET / HTTP/1.1" status: 200 len: 247 time: 0.0024664
2026-04-23 00:58:07.451 9 INFO neutron.api.wsgi [-] 10.0.0.55 "GET / HTTP/1.1" status: 200 len: 247 time: 0.0021684
2026-04-23 00:58:07.453 9 INFO neutron.api.wsgi [-] 10.0.0.55 "GET / HTTP/1.1" status: 200 len: 247 time: 0.0015502
2026-04-23 00:58:22.449 10 INFO neutron.api.wsgi [-] 10.0.0.55 "GET / HTTP/1.1" status: 200 len: 247 time: 0.0027320
2026-04-23 00:58:22.452 9 INFO neutron.api.wsgi [-] 10.0.0.55 "GET / HTTP/1.1" status: 200 len: 247 time: 0.0048313
2026-04-23 00:58:37.451 9 INFO neutron.api.wsgi [-] 10.0.0.55 "GET / HTTP/1.1" status: 200 len: 247 time: 0.0033379
2026-04-23 00:58:37.451 10 INFO neutron.api.wsgi [-] 10.0.0.55 "GET / HTTP/1.1" status: 200 len: 247 time: 0.0033989
2026-04-23 00:58:52.449 9 INFO neutron.api.wsgi [-] 10.0.0.55 "GET / HTTP/1.1" status: 200 len: 247 time: 0.0022891
2026-04-23 00:58:52.452 9 INFO neutron.api.wsgi [-] 10.0.0.55 "GET / HTTP/1.1" status: 200 len: 247 time: 0.0022337
2026-04-23 00:59:07.449 10 INFO neutron.api.wsgi [-] 10.0.0.55 "GET / HTTP/1.1" status: 200 len: 247 time: 0.0023096
2026-04-23 00:59:07.452 9 INFO neutron.api.wsgi [-] 10.0.0.55 "GET / HTTP/1.1" status: 200 len: 247 time: 0.0015376
2026-04-23 00:59:22.450 9 INFO neutron.api.wsgi [-] 10.0.0.55 "GET / HTTP/1.1" status: 200 len: 247 time: 0.0028572
2026-04-23 00:59:22.452 10 INFO neutron.api.wsgi [-] 10.0.0.55 "GET / HTTP/1.1" status: 200 len: 247 time: 0.0040226
2026-04-23 00:59:37.448 10 INFO neutron.api.wsgi [-] 10.0.0.55 "GET / HTTP/1.1" status: 200 len: 247 time: 0.0014710
2026-04-23 00:59:37.450 9 INFO neutron.api.wsgi [-] 10.0.0.55 "GET / HTTP/1.1" status: 200 len: 247 time: 0.0027747
2026-04-23 00:59:52.449 10 INFO neutron.api.wsgi [-] 10.0.0.55 "GET / HTTP/1.1" status: 200 len: 247 time: 0.0025227
2026-04-23 00:59:52.449 9 INFO neutron.api.wsgi [-] 10.0.0.55 "GET / HTTP/1.1" status: 200 len: 247 time: 0.0022881
2026-04-23 01:00:07.449 9 INFO neutron.api.wsgi [-] 10.0.0.55 "GET / HTTP/1.1" status: 200 len: 247 time: 0.0026274
2026-04-23 01:00:07.450 10 INFO neutron.api.wsgi [-] 10.0.0.55 "GET / HTTP/1.1" status: 200 len: 247 time: 0.0029483
2026-04-23 01:00:22.448 10 INFO neutron.api.wsgi [-] 10.0.0.55 "GET / HTTP/1.1" status: 200 len: 247 time: 0.0016289
2026-04-23 01:00:22.449 9 INFO neutron.api.wsgi [-] 10.0.0.55 "GET / HTTP/1.1" status: 200 len: 247 time: 0.0024695
2026-04-23 01:00:37.448 9 INFO neutron.api.wsgi [-] 10.0.0.55 "GET / HTTP/1.1" status: 200 len: 247 time: 0.0012650
2026-04-23 01:00:37.451 10 INFO neutron.api.wsgi [-] 10.0.0.55 "GET / HTTP/1.1" status: 200 len: 247 time: 0.0029588
2026-04-23 01:00:52.448 10 INFO neutron.api.wsgi [-] 10.0.0.55 "GET / HTTP/1.1" status: 200 len: 247 time: 0.0016387
2026-04-23 01:00:52.449 9 INFO neutron.api.wsgi [-] 10.0.0.55 "GET / HTTP/1.1" status: 200 len: 247 time: 0.0024545
2026-04-23 01:01:07.450 10 INFO neutron.api.wsgi [-] 10.0.0.55 "GET / HTTP/1.1" status: 200 len: 247 time: 0.0028992
2026-04-23 01:01:07.450 9 INFO neutron.api.wsgi [-] 10.0.0.55 "GET / HTTP/1.1" status: 200 len: 247 time: 0.0028014 /var/lib/openstack/lib/python3.12/site-packages/pycadf/identifier.py:71: UserWarning: Invalid uuid: unknown. To ensure interoperability, identifiers should be a valid uuid. warnings.warn(('Invalid uuid: %s. To ensure interoperability, '
2026-04-23 01:01:11.461 10 INFO neutron.pecan_wsgi.hooks.translation [None req-3e40632d-0953-4b42-b866-cbdc144b1d6f 91ca839dbcda46d3af22ee5ad56de9d6 0803f8ff07b74f198445f884bcc37285 - - default default] GET failed (client error): The resource could not be found.
2026-04-23 01:01:11.462 10 INFO neutron.api.wsgi [None req-3e40632d-0953-4b42-b866-cbdc144b1d6f 91ca839dbcda46d3af22ee5ad56de9d6 0803f8ff07b74f198445f884bcc37285 - - default default] 199.204.45.30,10.0.0.55 "GET /v2.0/networks/lb-mgmt-net HTTP/1.1" status: 404 len: 295 time: 0.6108973
2026-04-23 01:01:11.483 10 INFO neutron.api.wsgi [None req-60f6f726-db82-4981-9844-e15e0f923b39 91ca839dbcda46d3af22ee5ad56de9d6 0803f8ff07b74f198445f884bcc37285 - - default default] 199.204.45.30,10.0.0.55 "GET /v2.0/networks?name=lb-mgmt-net HTTP/1.1" status: 200 len: 189 time: 0.0162804
2026-04-23 01:01:11.727 10 INFO neutron.db.segments_db [None req-ff25eb0f-84bb-46b4-b175-24fbc8b803fa 91ca839dbcda46d3af22ee5ad56de9d6 0803f8ff07b74f198445f884bcc37285 - - default default] Added segment de3a809b-ee8c-4aa0-81f5-dc54930e6386 of type geneve for network 8c3b3424-acf6-4849-b2bc-1284f52b6b54
2026-04-23 01:01:11.896 10 INFO neutron.plugins.ml2.drivers.ovn.mech_driver.ovsdb.extensions.qos [None req-ff25eb0f-84bb-46b4-b175-24fbc8b803fa 91ca839dbcda46d3af22ee5ad56de9d6 0803f8ff07b74f198445f884bcc37285 - - default default] Starting OVNClientQosExtension
2026-04-23 01:01:11.897 10 INFO neutron.plugins.ml2.drivers.ovn.mech_driver.ovsdb.extensions.placement [None req-ff25eb0f-84bb-46b4-b175-24fbc8b803fa 91ca839dbcda46d3af22ee5ad56de9d6 0803f8ff07b74f198445f884bcc37285 - - default default] Starting OVNClientPlacementExtension
2026-04-23 01:01:11.939 10 INFO neutron.db.ovn_revision_numbers_db [None req-ff25eb0f-84bb-46b4-b175-24fbc8b803fa 91ca839dbcda46d3af22ee5ad56de9d6 0803f8ff07b74f198445f884bcc37285 - - default default] Successfully bumped revision number for resource 8c3b3424-acf6-4849-b2bc-1284f52b6b54 (type: networks) to 1
2026-04-23 01:01:12.166 10 WARNING neutron.scheduler.dhcp_agent_scheduler [None req-ff25eb0f-84bb-46b4-b175-24fbc8b803fa 91ca839dbcda46d3af22ee5ad56de9d6 0803f8ff07b74f198445f884bcc37285 - - default default] No more DHCP agents
2026-04-23 01:01:12.168 10 WARNING neutron.api.rpc.agentnotifiers.dhcp_rpc_agent_api [None req-ff25eb0f-84bb-46b4-b175-24fbc8b803fa 91ca839dbcda46d3af22ee5ad56de9d6 0803f8ff07b74f198445f884bcc37285 - - default default] Unable to schedule network 8c3b3424-acf6-4849-b2bc-1284f52b6b54: no agents available; will retry on subsequent port and subnet creation events.
2026-04-23 01:01:12.260 10 INFO neutron.db.ovn_revision_numbers_db [None req-ff25eb0f-84bb-46b4-b175-24fbc8b803fa 91ca839dbcda46d3af22ee5ad56de9d6 0803f8ff07b74f198445f884bcc37285 - - default default] Successfully bumped revision number for resource 922b72ea-07b1-46d1-8cae-6a313c5d0e48 (type: ports) to 1
2026-04-23 01:01:12.281 10 INFO neutron.api.wsgi [None req-ff25eb0f-84bb-46b4-b175-24fbc8b803fa 91ca839dbcda46d3af22ee5ad56de9d6 0803f8ff07b74f198445f884bcc37285 - - default default] 199.204.45.30,10.0.0.55 "POST /v2.0/networks HTTP/1.1" status: 201 len: 890 time: 0.7926869
2026-04-23 01:01:13.182 10 INFO neutron.pecan_wsgi.hooks.translation [None req-9599aed5-f7fd-4455-8c2f-55cf645477a8 91ca839dbcda46d3af22ee5ad56de9d6 0803f8ff07b74f198445f884bcc37285 - - default default] GET failed (client error): The resource could not be found.
2026-04-23 01:01:13.183 10 INFO neutron.api.wsgi [None req-9599aed5-f7fd-4455-8c2f-55cf645477a8 91ca839dbcda46d3af22ee5ad56de9d6 0803f8ff07b74f198445f884bcc37285 - - default default] 199.204.45.30,10.0.0.55 "GET /v2.0/networks/lb-mgmt-net HTTP/1.1" status: 404 len: 295 time: 0.0364749
2026-04-23 01:01:13.215 10 INFO neutron.api.wsgi [None req-7a2aed99-79e7-4028-b722-b34e78afb4d4 91ca839dbcda46d3af22ee5ad56de9d6 0803f8ff07b74f198445f884bcc37285 - - default default] 199.204.45.30,10.0.0.55 "GET /v2.0/networks?name=lb-mgmt-net HTTP/1.1" status: 200 len: 875 time: 0.0283697
2026-04-23 01:01:13.234 10 INFO neutron.pecan_wsgi.hooks.translation [None req-b71771cc-a14b-4fab-86eb-89fba65aa765 91ca839dbcda46d3af22ee5ad56de9d6 0803f8ff07b74f198445f884bcc37285 - - default default] GET failed (client error): The resource could not be found.
2026-04-23 01:01:13.235 10 INFO neutron.api.wsgi [None req-b71771cc-a14b-4fab-86eb-89fba65aa765 91ca839dbcda46d3af22ee5ad56de9d6 0803f8ff07b74f198445f884bcc37285 - - default default] 199.204.45.30,10.0.0.55 "GET /v2.0/subnets/lb-mgmt-subnet?network_id=8c3b3424-acf6-4849-b2bc-1284f52b6b54 HTTP/1.1" status: 404 len: 296 time: 0.0141065
2026-04-23 01:01:13.251 10 INFO neutron.api.wsgi [None req-2fd3ca82-8fd8-41a9-92b3-663cee26bcda 91ca839dbcda46d3af22ee5ad56de9d6 0803f8ff07b74f198445f884bcc37285 - - default default] 199.204.45.30,10.0.0.55 "GET /v2.0/subnets?name=lb-mgmt-subnet&network_id=8c3b3424-acf6-4849-b2bc-1284f52b6b54 HTTP/1.1" status: 200 len: 188 time: 0.0132511
2026-04-23 01:01:13.419 10 WARNING neutron.scheduler.dhcp_agent_scheduler [None req-f3511b7e-8cd4-407a-9d53-cd48b2a24eb9 91ca839dbcda46d3af22ee5ad56de9d6 0803f8ff07b74f198445f884bcc37285 - - default default] No more DHCP agents
2026-04-23 01:01:13.420 10 WARNING neutron.api.rpc.agentnotifiers.dhcp_rpc_agent_api [None req-f3511b7e-8cd4-407a-9d53-cd48b2a24eb9 91ca839dbcda46d3af22ee5ad56de9d6 0803f8ff07b74f198445f884bcc37285 - - default default] Unable to schedule network 8c3b3424-acf6-4849-b2bc-1284f52b6b54: no agents available; will retry on subsequent port and subnet creation events.
2026-04-23 01:01:13.862 10 INFO neutron.db.ovn_revision_numbers_db [None req-603ff997-1df4-4529-a2e6-ec089ce20a3f - - - - - -] Successfully bumped revision number for resource 922b72ea-07b1-46d1-8cae-6a313c5d0e48 (type: ports) to 2
2026-04-23 01:01:13.892 10 INFO neutron.db.ovn_revision_numbers_db [None req-603ff997-1df4-4529-a2e6-ec089ce20a3f - - - - - -] Successfully bumped revision number for resource 2d5eb957-2d32-4a15-827b-05e0024104ed (type: subnets) to 0
2026-04-23 01:01:13.904 10 INFO neutron.api.wsgi [None req-f3511b7e-8cd4-407a-9d53-cd48b2a24eb9 91ca839dbcda46d3af22ee5ad56de9d6 0803f8ff07b74f198445f884bcc37285 - - default default] 199.204.45.30,10.0.0.55 "POST /v2.0/subnets HTTP/1.1" status: 201 len: 831 time: 0.6495566
2026-04-23 01:01:14.984 10 INFO neutron.api.v2.resource [None req-917218ee-0f01-4278-be4e-c3e609211f00 91ca839dbcda46d3af22ee5ad56de9d6 0803f8ff07b74f198445f884bcc37285 - - default default] show failed (client error): The resource could not be found.
2026-04-23 01:01:14.985 10 INFO neutron.api.wsgi [None req-917218ee-0f01-4278-be4e-c3e609211f00 91ca839dbcda46d3af22ee5ad56de9d6 0803f8ff07b74f198445f884bcc37285 - - default default] 199.204.45.30,10.0.0.55 "GET /v2.0/security-groups/lb-health-mgr-sec-grp HTTP/1.1" status: 404 len: 313 time: 0.0462067
2026-04-23 01:01:15.014 10 INFO neutron.api.wsgi [None req-87243de4-95b5-4da0-b20c-c83d65c88cbf 91ca839dbcda46d3af22ee5ad56de9d6 0803f8ff07b74f198445f884bcc37285 - - default default] 199.204.45.30,10.0.0.55 "GET /v2.0/security-groups?name=lb-health-mgr-sec-grp HTTP/1.1" status: 200 len: 197 time: 0.0251820
2026-04-23 01:01:15.173 10 INFO neutron.db.ovn_revision_numbers_db [None req-3a346277-30ee-4fe0-af3b-347a22ef74e7 91ca839dbcda46d3af22ee5ad56de9d6 0803f8ff07b74f198445f884bcc37285 - - default default] Successfully bumped revision number for resource d326b98d-cab2-4848-8029-509435dae503 (type: security_groups) to 1
2026-04-23 01:01:15.230 10 INFO neutron.db.ovn_revision_numbers_db [None req-3a346277-30ee-4fe0-af3b-347a22ef74e7 91ca839dbcda46d3af22ee5ad56de9d6 0803f8ff07b74f198445f884bcc37285 - - default default] Successfully bumped revision number for resource 0820be9a-3c08-4a04-b2b3-fbd472a6a2f4 (type: security_group_rules) to 0
2026-04-23 01:01:15.246 10 INFO neutron.db.ovn_revision_numbers_db [None req-3a346277-30ee-4fe0-af3b-347a22ef74e7 91ca839dbcda46d3af22ee5ad56de9d6 0803f8ff07b74f198445f884bcc37285 - - default default] Successfully bumped revision number for resource 5e2805fd-3622-40d9-a478-a6fa7f9fd83c (type: security_group_rules) to 0
2026-04-23 01:01:15.277 10 INFO neutron.api.wsgi [None req-3a346277-30ee-4fe0-af3b-347a22ef74e7 91ca839dbcda46d3af22ee5ad56de9d6 0803f8ff07b74f198445f884bcc37285 - - default default] 199.204.45.30,10.0.0.55 "POST /v2.0/security-groups HTTP/1.1" status: 201 len: 1797 time: 0.2568576
2026-04-23 01:01:16.034 15 INFO neutron.db.ovn_revision_numbers_db [None req-f2d5106d-07fa-4e82-a8c1-c3d3602a6750 - - - - - -] Successfully bumped revision number for resource c667ea11-65b5-47cc-9e60-cd6d0f9f0c0c (type: networks) to 2
2026-04-23 01:01:16.034 15 INFO neutron.plugins.ml2.drivers.ovn.mech_driver.ovsdb.maintenance [None req-f2d5106d-07fa-4e82-a8c1-c3d3602a6750 - - - - - -] Maintenance task: Synchronization completed (took 0.15 seconds)
2026-04-23 01:01:16.452 10 INFO neutron.api.wsgi [None req-16b12790-ec70-4cae-a063-06ad3c2abe46 91ca839dbcda46d3af22ee5ad56de9d6 0803f8ff07b74f198445f884bcc37285 - - default default] 199.204.45.30,10.0.0.55 "GET /v2.0/security-groups/d326b98d-cab2-4848-8029-509435dae503 HTTP/1.1" status: 200 len: 1792 time: 0.0488868
2026-04-23 01:01:16.481 10 INFO neutron.api.wsgi [None req-8f17e024-3426-4162-8ab6-7f7a956bd31d 91ca839dbcda46d3af22ee5ad56de9d6 0803f8ff07b74f198445f884bcc37285 - - default default] 199.204.45.30,10.0.0.55 "GET /v2.0/security-groups/d326b98d-cab2-4848-8029-509435dae503 HTTP/1.1" status: 200 len: 1792 time: 0.0190403
2026-04-23 01:01:16.509 10 INFO neutron.api.wsgi [None req-c8d186c2-db2a-4e16-82e6-c15e51ce9ba8 91ca839dbcda46d3af22ee5ad56de9d6 0803f8ff07b74f198445f884bcc37285 - - default default] 199.204.45.30,10.0.0.55 "GET /v2.0/security-groups/d326b98d-cab2-4848-8029-509435dae503 HTTP/1.1" status: 200 len: 1792 time: 0.0209832
2026-04-23 01:01:16.623 10 INFO neutron.db.ovn_revision_numbers_db [None req-b81c4a2c-f09e-46fc-a1fb-050d6658f2c3 91ca839dbcda46d3af22ee5ad56de9d6 0803f8ff07b74f198445f884bcc37285 - - default default] Successfully bumped revision number for resource 234586a4-c73e-4dd2-a269-ef45bb21fda9 (type: security_group_rules) to 0
2026-04-23 01:01:16.660 10 INFO neutron.api.wsgi [None req-b81c4a2c-f09e-46fc-a1fb-050d6658f2c3 91ca839dbcda46d3af22ee5ad56de9d6 0803f8ff07b74f198445f884bcc37285 - - default default] 199.204.45.30,10.0.0.55 "POST /v2.0/security-group-rules HTTP/1.1" status: 201 len: 781 time: 0.1436963
2026-04-23 01:01:17.498 10 INFO neutron.api.wsgi [None req-7c80788e-bfa5-48fa-bdc1-361aba62eca9 91ca839dbcda46d3af22ee5ad56de9d6 0803f8ff07b74f198445f884bcc37285 - - default default] 199.204.45.30,10.0.0.55 "GET /v2.0/security-groups/d326b98d-cab2-4848-8029-509435dae503 HTTP/1.1" status: 200 len: 2406 time: 0.0466943
2026-04-23 01:01:17.527 10 INFO neutron.api.wsgi [None req-e6027fa2-7c21-4eac-8ecc-138af9ac328c 91ca839dbcda46d3af22ee5ad56de9d6 0803f8ff07b74f198445f884bcc37285 - - default default] 199.204.45.30,10.0.0.55 "GET /v2.0/security-groups/d326b98d-cab2-4848-8029-509435dae503 HTTP/1.1" status: 200 len: 2406 time: 0.0216146
2026-04-23 01:01:17.557 10 INFO neutron.api.wsgi [None req-4537bb8d-f5cd-45fa-acd9-e1339cfdbf68 91ca839dbcda46d3af22ee5ad56de9d6 0803f8ff07b74f198445f884bcc37285 - - default default] 199.204.45.30,10.0.0.55 "GET /v2.0/security-groups/d326b98d-cab2-4848-8029-509435dae503 HTTP/1.1" status: 200 len: 2406 time: 0.0220664
2026-04-23 01:01:17.669 10 INFO neutron.db.ovn_revision_numbers_db [None req-9f282bda-0cf7-4cd8-9582-6adb026533a3 91ca839dbcda46d3af22ee5ad56de9d6 0803f8ff07b74f198445f884bcc37285 - - default default] Successfully bumped revision number for resource a7819eda-4827-4e61-b521-f3ba6d14ba31 (type: security_group_rules) to 0
2026-04-23 01:01:17.698 10 INFO neutron.api.wsgi [None req-9f282bda-0cf7-4cd8-9582-6adb026533a3 91ca839dbcda46d3af22ee5ad56de9d6 0803f8ff07b74f198445f884bcc37285 - - default default] 199.204.45.30,10.0.0.55 "POST /v2.0/security-group-rules HTTP/1.1" status: 201 len: 783 time: 0.1346829
2026-04-23 01:01:18.590 10 INFO neutron.api.wsgi [None req-15048f7f-30d7-4641-a588-61debcb8c339 91ca839dbcda46d3af22ee5ad56de9d6 0803f8ff07b74f198445f884bcc37285 - - default default] 199.204.45.30,10.0.0.55 "GET /v2.0/security-groups/d326b98d-cab2-4848-8029-509435dae503 HTTP/1.1" status: 200 len: 3022 time: 0.0566537
2026-04-23 01:01:18.621 10 INFO neutron.api.wsgi [None req-27525356-7133-42b0-afa8-add1691a96a3 91ca839dbcda46d3af22ee5ad56de9d6 0803f8ff07b74f198445f884bcc37285 - - default default] 199.204.45.30,10.0.0.55 "GET /v2.0/security-groups/d326b98d-cab2-4848-8029-509435dae503 HTTP/1.1" status: 200 len: 3022 time: 0.0225945
2026-04-23 01:01:18.666 10 INFO neutron.api.wsgi [None req-5169227a-2685-43c0-aafb-8d59c8a042f9 91ca839dbcda46d3af22ee5ad56de9d6 0803f8ff07b74f198445f884bcc37285 - - default default] 199.204.45.30,10.0.0.55 "GET /v2.0/security-groups/d326b98d-cab2-4848-8029-509435dae503 HTTP/1.1" status: 200 len: 3022 time: 0.0355847
2026-04-23 01:01:18.791 10 INFO neutron.db.ovn_revision_numbers_db [None req-b9f72996-4056-44bb-bc31-830fd792facb 91ca839dbcda46d3af22ee5ad56de9d6 0803f8ff07b74f198445f884bcc37285 - - default default] Successfully bumped revision number for resource c8759f99-4af4-4800-9d57-bff635fbab03 (type: security_group_rules) to 0
2026-04-23 01:01:18.823 10 INFO neutron.api.wsgi [None req-b9f72996-4056-44bb-bc31-830fd792facb 91ca839dbcda46d3af22ee5ad56de9d6 0803f8ff07b74f198445f884bcc37285 - - default default] 199.204.45.30,10.0.0.55 "POST /v2.0/security-group-rules HTTP/1.1" status: 201 len: 783 time: 0.1523561
2026-04-23 01:01:19.707 10 INFO neutron.api.wsgi [None req-d7d62801-b822-48fb-a419-9fb9be601604 91ca839dbcda46d3af22ee5ad56de9d6 0803f8ff07b74f198445f884bcc37285 - - default default] 199.204.45.30,10.0.0.55 "GET /v2.0/security-groups/d326b98d-cab2-4848-8029-509435dae503 HTTP/1.1" status: 200 len: 3638 time: 0.0568564
2026-04-23 01:01:19.743 10 INFO neutron.api.wsgi [None req-964ba71c-29a1-47a7-8018-975b083365f6 91ca839dbcda46d3af22ee5ad56de9d6 0803f8ff07b74f198445f884bcc37285 - - default default] 199.204.45.30,10.0.0.55 "GET /v2.0/security-groups/d326b98d-cab2-4848-8029-509435dae503 HTTP/1.1" status: 200 len: 3638 time: 0.0283921
2026-04-23 01:01:19.776 10 INFO neutron.api.wsgi [None req-531ffb8b-9c3f-445d-a7d9-2532b492cc5d 91ca839dbcda46d3af22ee5ad56de9d6 0803f8ff07b74f198445f884bcc37285 - - default default] 199.204.45.30,10.0.0.55 "GET /v2.0/security-groups/d326b98d-cab2-4848-8029-509435dae503 HTTP/1.1" status: 200 len: 3638 time: 0.0251188
2026-04-23 01:01:19.900 10 INFO neutron.db.ovn_revision_numbers_db [None req-c3db8776-b301-4320-accc-bc926c2246bb 91ca839dbcda46d3af22ee5ad56de9d6 0803f8ff07b74f198445f884bcc37285 - - default default] Successfully bumped revision number for resource 16414ec2-ad35-4e47-b685-9ebe1cab6c1f (type: security_group_rules) to 0
2026-04-23 01:01:19.927 10 INFO neutron.api.wsgi [None req-c3db8776-b301-4320-accc-bc926c2246bb 91ca839dbcda46d3af22ee5ad56de9d6 0803f8ff07b74f198445f884bcc37285 - - default default] 199.204.45.30,10.0.0.55 "POST /v2.0/security-group-rules HTTP/1.1" status: 201 len: 783 time: 0.1434407
2026-04-23 01:01:20.784 10 INFO neutron.api.wsgi [None req-06a49782-eafe-49e6-8f16-09ee5979c06e 91ca839dbcda46d3af22ee5ad56de9d6 0803f8ff07b74f198445f884bcc37285 - - default default] 199.204.45.30,10.0.0.55 "GET /v2.0/security-groups/d326b98d-cab2-4848-8029-509435dae503 HTTP/1.1" status: 200 len: 4254 time: 0.0592678
2026-04-23 01:01:20.821 10 INFO neutron.api.wsgi [None req-e034f536-fa43-474e-8917-a65a32e84af1 91ca839dbcda46d3af22ee5ad56de9d6 0803f8ff07b74f198445f884bcc37285 - - default default] 199.204.45.30,10.0.0.55 "GET /v2.0/security-groups/d326b98d-cab2-4848-8029-509435dae503 HTTP/1.1" status: 200 len: 4254 time: 0.0280216
2026-04-23 01:01:20.855 10 INFO neutron.api.wsgi [None req-636adb1a-25a3-474b-b26b-cf590a5777ee 91ca839dbcda46d3af22ee5ad56de9d6 0803f8ff07b74f198445f884bcc37285 - - default default] 199.204.45.30,10.0.0.55 "GET /v2.0/security-groups/d326b98d-cab2-4848-8029-509435dae503 HTTP/1.1" status: 200 len: 4254 time: 0.0286436
2026-04-23 01:01:21.041 10 INFO neutron.db.ovn_revision_numbers_db [None req-60a69df6-5a89-4758-a8f3-05a613a11e45 91ca839dbcda46d3af22ee5ad56de9d6 0803f8ff07b74f198445f884bcc37285 - - default default] Successfully bumped revision number for resource b75d5179-57e9-45fd-b060-d0333eb7690d (type: security_group_rules) to 0
2026-04-23 01:01:21.071 10 INFO neutron.api.wsgi [None req-60a69df6-5a89-4758-a8f3-05a613a11e45 91ca839dbcda46d3af22ee5ad56de9d6 0803f8ff07b74f198445f884bcc37285 - - default default] 199.204.45.30,10.0.0.55 "POST /v2.0/security-group-rules HTTP/1.1" status: 201 len: 783 time: 0.2085552
2026-04-23 01:01:22.233 10 INFO neutron.api.wsgi [None req-f50e6445-71e2-4b74-848c-0cf9a6a840a8 91ca839dbcda46d3af22ee5ad56de9d6 0803f8ff07b74f198445f884bcc37285 - - default default] 199.204.45.30,10.0.0.55 "GET /v2.0/networks/8c3b3424-acf6-4849-b2bc-1284f52b6b54 HTTP/1.1" status: 200 len: 910 time: 0.0634780
2026-04-23 01:01:22.256 10 INFO neutron.pecan_wsgi.hooks.translation [None req-5426c514-34f1-4613-a31d-2913b8511cbf 91ca839dbcda46d3af22ee5ad56de9d6 0803f8ff07b74f198445f884bcc37285 - - default default] GET failed (client error): The resource could not be found.
2026-04-23 01:01:22.257 10 INFO neutron.api.wsgi [None req-5426c514-34f1-4613-a31d-2913b8511cbf 91ca839dbcda46d3af22ee5ad56de9d6 0803f8ff07b74f198445f884bcc37285 - - default default] 199.204.45.30,10.0.0.55 "GET /v2.0/ports/octavia-health-manager-port-instance?network_id=8c3b3424-acf6-4849-b2bc-1284f52b6b54 HTTP/1.1" status: 404 len: 314 time: 0.0149481
2026-04-23 01:01:22.288 10 INFO neutron.api.wsgi [None req-e0b26db8-d55b-4de4-996d-c506a1cb24e0 91ca839dbcda46d3af22ee5ad56de9d6 0803f8ff07b74f198445f884bcc37285 - - default default] 199.204.45.30,10.0.0.55 "GET /v2.0/ports?name=octavia-health-manager-port-instance&network_id=8c3b3424-acf6-4849-b2bc-1284f52b6b54 HTTP/1.1" status: 200 len: 186 time: 0.0271003
2026-04-23 01:01:22.325 10 INFO neutron.api.wsgi [None req-7e53af2c-46b5-45ff-89c6-71fcedb7ee28 91ca839dbcda46d3af22ee5ad56de9d6 0803f8ff07b74f198445f884bcc37285 - - default default] 199.204.45.30,10.0.0.55 "GET /v2.0/security-groups/d326b98d-cab2-4848-8029-509435dae503 HTTP/1.1" status: 200 len: 4870 time: 0.0306358
2026-04-23 01:01:22.450 9 INFO neutron.api.wsgi [-] 10.0.0.55 "GET / HTTP/1.1" status: 200 len: 247 time: 0.0032854
2026-04-23 01:01:22.453 9 INFO neutron.api.wsgi [-] 10.0.0.55 "GET / HTTP/1.1" status: 200 len: 247 time: 0.0017340
2026-04-23 01:01:22.601 10 WARNING neutron.scheduler.dhcp_agent_scheduler [None req-80c9fa40-5bce-4cf0-b61f-5dfd00d9b6c4 91ca839dbcda46d3af22ee5ad56de9d6 0803f8ff07b74f198445f884bcc37285 - - default default] No more DHCP agents
2026-04-23 01:01:22.603 10 WARNING neutron.api.rpc.agentnotifiers.dhcp_rpc_agent_api [None req-80c9fa40-5bce-4cf0-b61f-5dfd00d9b6c4 91ca839dbcda46d3af22ee5ad56de9d6 0803f8ff07b74f198445f884bcc37285 - - default default] Unable to schedule network 8c3b3424-acf6-4849-b2bc-1284f52b6b54: no agents available; will retry on subsequent port and subnet creation events.
2026-04-23 01:01:22.712 10 INFO neutron.db.ovn_revision_numbers_db [None req-80c9fa40-5bce-4cf0-b61f-5dfd00d9b6c4 91ca839dbcda46d3af22ee5ad56de9d6 0803f8ff07b74f198445f884bcc37285 - - default default] Successfully bumped revision number for resource 21805dc0-1b90-40d2-be26-46a25c5b24de (type: ports) to 1
2026-04-23 01:01:22.732 10 INFO neutron.api.wsgi [None req-80c9fa40-5bce-4cf0-b61f-5dfd00d9b6c4 91ca839dbcda46d3af22ee5ad56de9d6 0803f8ff07b74f198445f884bcc37285 - - default default] 199.204.45.30,10.0.0.55 "POST /v2.0/ports HTTP/1.1" status: 201 len: 1277 time: 0.3956604 /var/lib/openstack/lib/python3.12/site-packages/pycadf/identifier.py:71: UserWarning: Invalid uuid: unknown. To ensure interoperability, identifiers should be a valid uuid. warnings.warn(('Invalid uuid: %s. To ensure interoperability, '
2026-04-23 01:01:28.895 10 INFO neutron.pecan_wsgi.hooks.translation [None req-2782fe86-3c60-4260-b019-816697ac2e06 91ca839dbcda46d3af22ee5ad56de9d6 0803f8ff07b74f198445f884bcc37285 - - default default] GET failed (client error): The resource could not be found.
2026-04-23 01:01:28.896 10 INFO neutron.api.wsgi [None req-2782fe86-3c60-4260-b019-816697ac2e06 91ca839dbcda46d3af22ee5ad56de9d6 0803f8ff07b74f198445f884bcc37285 - - default default] 199.204.45.30,10.0.0.55 "GET /v2.0/ports/octavia-health-manager-port-instance HTTP/1.1" status: 404 len: 314 time: 0.0485613
2026-04-23 01:01:28.942 10 INFO neutron.api.wsgi [None req-ec06923b-98b7-4c03-80cc-157f553a6f61 91ca839dbcda46d3af22ee5ad56de9d6 0803f8ff07b74f198445f884bcc37285 - - default default] 199.204.45.30,10.0.0.55 "GET /v2.0/ports?name=octavia-health-manager-port-instance HTTP/1.1" status: 200 len: 1275 time: 0.0416133
2026-04-23 01:01:29.220 10 INFO neutron.db.ovn_revision_numbers_db [None req-9bffb9fe-15b5-4f68-a593-2eafe11bfaea 91ca839dbcda46d3af22ee5ad56de9d6 0803f8ff07b74f198445f884bcc37285 - - default default] Successfully bumped revision number for resource 21805dc0-1b90-40d2-be26-46a25c5b24de (type: ports) to 1
2026-04-23 01:01:29.443 10 INFO neutron.db.ovn_revision_numbers_db [None req-9bffb9fe-15b5-4f68-a593-2eafe11bfaea 91ca839dbcda46d3af22ee5ad56de9d6 0803f8ff07b74f198445f884bcc37285 - - default default] Successfully bumped revision number for resource 21805dc0-1b90-40d2-be26-46a25c5b24de (type: ports) to 4
2026-04-23 01:01:29.467 10 INFO neutron.api.wsgi [None req-9bffb9fe-15b5-4f68-a593-2eafe11bfaea 91ca839dbcda46d3af22ee5ad56de9d6 0803f8ff07b74f198445f884bcc37285 - - default default] 199.204.45.30,10.0.0.55 "PUT /v2.0/ports/21805dc0-1b90-40d2-be26-46a25c5b24de HTTP/1.1" status: 200 len: 1390 time: 0.5156507 /var/lib/openstack/lib/python3.12/site-packages/pycadf/identifier.py:71: UserWarning: Invalid uuid: unknown. To ensure interoperability, identifiers should be a valid uuid. warnings.warn(('Invalid uuid: %s. To ensure interoperability, '
2026-04-23 01:01:30.864 10 INFO neutron.api.wsgi [None req-554eb330-6c53-4ad6-89a5-9d8f8290f142 91ca839dbcda46d3af22ee5ad56de9d6 0803f8ff07b74f198445f884bcc37285 - - default default] 199.204.45.30,10.0.0.55 "GET /v2.0/ports HTTP/1.1" status: 200 len: 3507 time: 0.0784376
2026-04-23 01:01:31.857 10 INFO neutron.api.v2.resource [None req-40f7765f-b66f-4251-b059-0bb458e82e4c 91ca839dbcda46d3af22ee5ad56de9d6 0803f8ff07b74f198445f884bcc37285 - - default default] show failed (client error): The resource could not be found.
2026-04-23 01:01:31.858 10 INFO neutron.api.wsgi [None req-40f7765f-b66f-4251-b059-0bb458e82e4c 91ca839dbcda46d3af22ee5ad56de9d6 0803f8ff07b74f198445f884bcc37285 - - default default] 199.204.45.30,10.0.0.55 "GET /v2.0/security-groups/lb-mgmt-sec-grp HTTP/1.1" status: 404 len: 307 time: 0.0385196
2026-04-23 01:01:31.884 10 INFO neutron.api.wsgi [None req-abf11aa2-9b1e-495a-a5f7-3ff85a935daf 91ca839dbcda46d3af22ee5ad56de9d6 0803f8ff07b74f198445f884bcc37285 - - default default] 199.204.45.30,10.0.0.55 "GET /v2.0/security-groups?name=lb-mgmt-sec-grp HTTP/1.1" status: 200 len: 197 time: 0.0223615
2026-04-23 01:01:32.009 10 INFO neutron.db.ovn_revision_numbers_db [None req-4f2b8737-e867-4a5b-9995-5b44a06fca4a 91ca839dbcda46d3af22ee5ad56de9d6 0803f8ff07b74f198445f884bcc37285 - - default default] Successfully bumped revision number for resource f4488ace-e130-4470-a455-f8aade039c61 (type: security_groups) to 1
2026-04-23 01:01:32.022 10 INFO neutron.db.ovn_revision_numbers_db [None req-4f2b8737-e867-4a5b-9995-5b44a06fca4a 91ca839dbcda46d3af22ee5ad56de9d6 0803f8ff07b74f198445f884bcc37285 - - default default] Successfully bumped revision number for resource 5ba4d8be-ca48-44c9-8c74-1c2f18195916 (type: security_group_rules) to 0
2026-04-23 01:01:32.037 10 INFO neutron.db.ovn_revision_numbers_db [None req-4f2b8737-e867-4a5b-9995-5b44a06fca4a 91ca839dbcda46d3af22ee5ad56de9d6 0803f8ff07b74f198445f884bcc37285 - - default default] Successfully bumped revision number for resource c0d97009-8d74-4b0a-9057-9dcbdf0af911 (type: security_group_rules) to 0
2026-04-23 01:01:32.067 10 INFO neutron.api.wsgi [None req-4f2b8737-e867-4a5b-9995-5b44a06fca4a 91ca839dbcda46d3af22ee5ad56de9d6 0803f8ff07b74f198445f884bcc37285 - - default default] 199.204.45.30,10.0.0.55 "POST /v2.0/security-groups HTTP/1.1" status: 201 len: 1791 time: 0.1758170
2026-04-23 01:01:32.991 10 INFO neutron.api.wsgi [None req-c59e8b0f-a8e9-45ae-bb4f-be6e85f87c2f 91ca839dbcda46d3af22ee5ad56de9d6 0803f8ff07b74f198445f884bcc37285 - - default default] 199.204.45.30,10.0.0.55 "GET /v2.0/security-groups/f4488ace-e130-4470-a455-f8aade039c61 HTTP/1.1" status: 200 len: 1786 time: 0.0475473
2026-04-23 01:01:33.015 10 INFO neutron.api.wsgi [None req-462777a7-5495-417d-a9e5-b2ac37fc3336 91ca839dbcda46d3af22ee5ad56de9d6 0803f8ff07b74f198445f884bcc37285 - - default default] 199.204.45.30,10.0.0.55 "GET /v2.0/security-groups/f4488ace-e130-4470-a455-f8aade039c61 HTTP/1.1" status: 200 len: 1786 time: 0.0189395
2026-04-23 01:01:33.036 10 INFO neutron.api.wsgi [None req-7b8aa1ab-485f-4b26-a7fe-71fb3e23084d 91ca839dbcda46d3af22ee5ad56de9d6 0803f8ff07b74f198445f884bcc37285 - - default default] 199.204.45.30,10.0.0.55 "GET /v2.0/security-groups/f4488ace-e130-4470-a455-f8aade039c61 HTTP/1.1" status: 200 len: 1786 time: 0.0167189
2026-04-23 01:01:33.159 10 INFO neutron.db.ovn_revision_numbers_db [None req-136a5604-db0b-40fc-879b-871373efdc45 91ca839dbcda46d3af22ee5ad56de9d6 0803f8ff07b74f198445f884bcc37285 - - default default] Successfully bumped revision number for resource 6cd8ef13-846b-4665-917b-1c91b797de95 (type: security_group_rules) to 0
2026-04-23 01:01:33.188 10 INFO neutron.api.wsgi [None req-136a5604-db0b-40fc-879b-871373efdc45 91ca839dbcda46d3af22ee5ad56de9d6 0803f8ff07b74f198445f884bcc37285 - - default default] 199.204.45.30,10.0.0.55 "POST /v2.0/security-group-rules HTTP/1.1" status: 201 len: 801 time: 0.1470571
2026-04-23 01:01:34.073 10 INFO neutron.api.wsgi [None req-983aeff6-170d-4fda-97df-c48f3028a68a 91ca839dbcda46d3af22ee5ad56de9d6 0803f8ff07b74f198445f884bcc37285 - - default default] 199.204.45.30,10.0.0.55 "GET /v2.0/security-groups/f4488ace-e130-4470-a455-f8aade039c61 HTTP/1.1" status: 200 len: 2420 time: 0.0489028
2026-04-23 01:01:34.103 10 INFO neutron.api.wsgi [None req-32ca1cb7-fd1f-44f1-8d93-f8dd68dd22c0 91ca839dbcda46d3af22ee5ad56de9d6 0803f8ff07b74f198445f884bcc37285 - - default default] 199.204.45.30,10.0.0.55 "GET /v2.0/security-groups/f4488ace-e130-4470-a455-f8aade039c61 HTTP/1.1" status: 200 len: 2420 time: 0.0215540
2026-04-23 01:01:34.132 10 INFO neutron.api.wsgi [None req-38f69679-c856-4614-9919-23e0ad87f5f5 91ca839dbcda46d3af22ee5ad56de9d6 0803f8ff07b74f198445f884bcc37285 - - default default] 199.204.45.30,10.0.0.55 "GET /v2.0/security-groups/f4488ace-e130-4470-a455-f8aade039c61 HTTP/1.1" status: 200 len: 2420 time: 0.0211973
2026-04-23 01:01:34.252 10 INFO neutron.db.ovn_revision_numbers_db [None req-fc2a27ce-c1ed-4724-a2f8-8266ed852df3 91ca839dbcda46d3af22ee5ad56de9d6 0803f8ff07b74f198445f884bcc37285 - - default default] Successfully bumped revision number for resource ecd4509b-fd5d-4aeb-a7a3-d13a9d21e2b1 (type: security_group_rules) to 0
2026-04-23 01:01:34.284 10 INFO neutron.api.wsgi [None req-fc2a27ce-c1ed-4724-a2f8-8266ed852df3 91ca839dbcda46d3af22ee5ad56de9d6 0803f8ff07b74f198445f884bcc37285 - - default default] 199.204.45.30,10.0.0.55 "POST /v2.0/security-group-rules HTTP/1.1" status: 201 len: 805 time: 0.1444671
2026-04-23 01:01:37.450 10 INFO neutron.api.wsgi [-] 10.0.0.55 "GET / HTTP/1.1" status: 200 len: 247 time: 0.0028036
2026-04-23 01:01:37.450 9 INFO neutron.api.wsgi [-] 10.0.0.55 "GET / HTTP/1.1" status: 200 len: 247 time: 0.0028329
2026-04-23 01:01:52.449 9 INFO neutron.api.wsgi [-] 10.0.0.55 "GET / HTTP/1.1" status: 200 len: 247 time: 0.0025496
2026-04-23 01:01:52.452 9 INFO neutron.api.wsgi [-] 10.0.0.55 "GET / HTTP/1.1" status: 200 len: 247 time: 0.0020823
2026-04-23 01:02:07.448 10 INFO neutron.api.wsgi [-] 10.0.0.55 "GET / HTTP/1.1" status: 200 len: 247 time: 0.0016513
2026-04-23 01:02:07.450 9 INFO neutron.api.wsgi [-] 10.0.0.55 "GET / HTTP/1.1" status: 200 len: 247 time: 0.0030875
2026-04-23 01:02:22.451 10 INFO neutron.api.wsgi [-] 10.0.0.55 "GET / HTTP/1.1" status: 200 len: 247 time: 0.0035837
2026-04-23 01:02:22.461 9 INFO neutron.api.wsgi [-] 10.0.0.55 "GET / HTTP/1.1" status: 200 len: 247 time: 0.0138609
2026-04-23 01:02:37.450 10 INFO neutron.api.wsgi [-] 10.0.0.55 "GET / HTTP/1.1" status: 200 len: 247 time: 0.0025384
2026-04-23 01:02:37.450 9 INFO neutron.api.wsgi [-] 10.0.0.55 "GET / HTTP/1.1" status: 200 len: 247 time: 0.0027721
2026-04-23 01:02:52.449 9 INFO neutron.api.wsgi [-] 10.0.0.55 "GET / HTTP/1.1" status: 200 len: 247 time: 0.0030704
2026-04-23 01:02:52.449 10 INFO neutron.api.wsgi [-] 10.0.0.55 "GET / HTTP/1.1" status: 200 len: 247 time: 0.0029206
2026-04-23 01:03:07.448 9 INFO neutron.api.wsgi [-] 10.0.0.55 "GET / HTTP/1.1" status: 200 len: 247 time: 0.0016119
2026-04-23 01:03:07.450 9 INFO neutron.api.wsgi [-] 10.0.0.55 "GET / HTTP/1.1" status: 200 len: 247 time: 0.0012619
2026-04-23 01:03:18.078 10 INFO neutron.api.wsgi [None req-963b4ac3-b6d7-4734-bf0a-d457dd62122e 91ca839dbcda46d3af22ee5ad56de9d6 0803f8ff07b74f198445f884bcc37285 - - default default] 199.204.45.30,10.0.0.55 "GET /v2.0/quotas/0803f8ff07b74f198445f884bcc37285 HTTP/1.1" status: 200 len: 467 time: 0.0142221 /var/lib/openstack/lib/python3.12/site-packages/neutron/extensions/quotasv2.py:139: UserWarning: Neutron quota engine will require "--force" parameter to set a quota limit without checking the resource usage. warnings.warn('Neutron quota engine will require "--force" '
2026-04-23 01:03:18.827 10 INFO neutron.api.wsgi [None req-4caad156-fb8a-49d6-aea8-2b7a1fe3733e 91ca839dbcda46d3af22ee5ad56de9d6 0803f8ff07b74f198445f884bcc37285 - - default default] 199.204.45.30,10.0.0.55 "PUT /v2.0/quotas/0803f8ff07b74f198445f884bcc37285 HTTP/1.1" status: 200 len: 466 time: 0.0290751
2026-04-23 01:03:22.448 9 INFO neutron.api.wsgi [-] 10.0.0.55 "GET / HTTP/1.1" status: 200 len: 247 time: 0.0020196
2026-04-23 01:03:22.450 9 INFO neutron.api.wsgi [-] 10.0.0.55 "GET / HTTP/1.1" status: 200 len: 247 time: 0.0012569
2026-04-23 01:03:37.448 9 INFO neutron.api.wsgi [-] 10.0.0.55 "GET / HTTP/1.1" status: 200 len: 247 time: 0.0011158
2026-04-23 01:03:37.449 9 INFO neutron.api.wsgi [-] 10.0.0.55 "GET / HTTP/1.1" status: 200 len: 247 time: 0.0009158
2026-04-23 01:03:52.448 9 INFO neutron.api.wsgi [-] 10.0.0.55 "GET / HTTP/1.1" status: 200 len: 247 time: 0.0015235
2026-04-23 01:03:52.449 10 INFO neutron.api.wsgi [-] 10.0.0.55 "GET / HTTP/1.1" status: 200 len: 247 time: 0.0024741
2026-04-23 01:04:07.450 10 INFO neutron.api.wsgi [-] 10.0.0.55 "GET / HTTP/1.1" status: 200 len: 247 time: 0.0025129
2026-04-23 01:04:07.450 9 INFO neutron.api.wsgi [-] 10.0.0.55 "GET / HTTP/1.1" status: 200 len: 247 time: 0.0028574
2026-04-23 01:04:22.448 9 INFO neutron.api.wsgi [-] 10.0.0.55 "GET / HTTP/1.1" status: 200 len: 247 time: 0.0015924
2026-04-23 01:04:22.450 9 INFO neutron.api.wsgi [-] 10.0.0.55 "GET / HTTP/1.1" status: 200 len: 247 time: 0.0015550
2026-04-23 01:04:37.449 9 INFO neutron.api.wsgi [-] 10.0.0.55 "GET / HTTP/1.1" status: 200 len: 247 time: 0.0019352
2026-04-23 01:04:37.450 10 INFO neutron.api.wsgi [-] 10.0.0.55 "GET / HTTP/1.1" status: 200 len: 247 time: 0.0032902
2026-04-23 01:04:52.451 9 INFO neutron.api.wsgi [-] 10.0.0.55 "GET / HTTP/1.1" status: 200 len: 247 time: 0.0024052
2026-04-23 01:04:52.456 9 INFO neutron.api.wsgi [-] 10.0.0.55 "GET / HTTP/1.1" status: 200 len: 247 time: 0.0038245
2026-04-23 01:05:07.448 9 INFO neutron.api.wsgi [-] 10.0.0.55 "GET / HTTP/1.1" status: 200 len: 247 time: 0.0017278
2026-04-23 01:05:07.449 10 INFO neutron.api.wsgi [-] 10.0.0.55 "GET / HTTP/1.1" status: 200 len: 247 time: 0.0027568
2026-04-23 01:05:22.449 9 INFO neutron.api.wsgi [-] 10.0.0.55 "GET / HTTP/1.1" status: 200 len: 247 time: 0.0022628
2026-04-23 01:05:22.451 9 INFO neutron.api.wsgi [-] 10.0.0.55 "GET / HTTP/1.1" status: 200 len: 247 time: 0.0017924
2026-04-23 01:05:37.449 10 INFO neutron.api.wsgi [-] 10.0.0.55 "GET / HTTP/1.1" status: 200 len: 247 time: 0.0026658
2026-04-23 01:05:37.452 10 INFO neutron.api.wsgi [-] 10.0.0.55 "GET / HTTP/1.1" status: 200 len: 247 time: 0.0019212 /var/lib/openstack/lib/python3.12/site-packages/pycadf/identifier.py:71: UserWarning: Invalid uuid: neutron. To ensure interoperability, identifiers should be a valid uuid. warnings.warn(('Invalid uuid: %s. To ensure interoperability, '
2026-04-23 01:05:38.348 9 INFO neutron.pecan_wsgi.hooks.translation [None req-1f44a0c1-900c-4578-9261-f930426e6184 91ca839dbcda46d3af22ee5ad56de9d6 0803f8ff07b74f198445f884bcc37285 - - default default] GET failed (client error): The resource could not be found.
2026-04-23 01:05:38.350 9 INFO neutron.api.wsgi [None req-1f44a0c1-900c-4578-9261-f930426e6184 91ca839dbcda46d3af22ee5ad56de9d6 0803f8ff07b74f198445f884bcc37285 - - default default] 199.204.45.30 "GET /v2.0/ports/octavia-health-manager-port-instance HTTP/1.1" status: 404 len: 338 time: 0.1849787
2026-04-23 01:05:38.401 9 INFO neutron.api.wsgi [None req-097b5839-20a8-4089-a775-ae249c9438f3 91ca839dbcda46d3af22ee5ad56de9d6 0803f8ff07b74f198445f884bcc37285 - - default default] 199.204.45.30 "GET /v2.0/ports?name=octavia-health-manager-port-instance HTTP/1.1" status: 200 len: 1417 time: 0.0474544 /var/lib/openstack/lib/python3.12/site-packages/pycadf/identifier.py:71: UserWarning: Invalid uuid: neutron. To ensure interoperability, identifiers should be a valid uuid. warnings.warn(('Invalid uuid: %s. To ensure interoperability, '
2026-04-23 01:05:40.178 10 INFO neutron.pecan_wsgi.hooks.translation [None req-1a53fde6-c03e-4d0a-8f59-76c71ac6ece2 91ca839dbcda46d3af22ee5ad56de9d6 0803f8ff07b74f198445f884bcc37285 - - default default] GET failed (client error): The resource could not be found.
2026-04-23 01:05:40.180 10 INFO neutron.api.wsgi [None req-1a53fde6-c03e-4d0a-8f59-76c71ac6ece2 91ca839dbcda46d3af22ee5ad56de9d6 0803f8ff07b74f198445f884bcc37285 - - default default] 199.204.45.30 "GET /v2.0/ports/octavia-health-manager-port-instance HTTP/1.1" status: 404 len: 338 time: 0.0914912
2026-04-23 01:05:40.219 10 INFO neutron.api.wsgi [None req-8106bcac-69bd-4682-825f-a693cfe9bb11 91ca839dbcda46d3af22ee5ad56de9d6 0803f8ff07b74f198445f884bcc37285 - - default default] 199.204.45.30 "GET /v2.0/ports?name=octavia-health-manager-port-instance HTTP/1.1" status: 200 len: 1417 time: 0.0350206
2026-04-23 01:05:41.672 9 INFO neutron.plugins.ml2.drivers.ovn.mech_driver.mech_driver [-] OVN reports status up for port: 21805dc0-1b90-40d2-be26-46a25c5b24de
2026-04-23 01:05:41.698 9 INFO neutron.plugins.ml2.plugin [None req-dd33572b-8b5f-443f-9598-3caa02bad3a0 - - - - - -] Attempt 1 to provision port 21805dc0-1b90-40d2-be26-46a25c5b24de
2026-04-23 01:05:42.044 9 INFO neutron.db.ovn_revision_numbers_db [None req-dd33572b-8b5f-443f-9598-3caa02bad3a0 - - - - - -] Successfully bumped revision number for resource 21805dc0-1b90-40d2-be26-46a25c5b24de (type: ports) to 5
2026-04-23 01:05:52.462 9 INFO neutron.api.wsgi [-] 10.0.0.55 "GET / HTTP/1.1" status: 200 len: 247 time: 0.0146766
2026-04-23 01:05:52.469 9 INFO neutron.api.wsgi [-] 10.0.0.55 "GET / HTTP/1.1" status: 200 len: 247 time: 0.0013967
2026-04-23 01:06:07.449 10 INFO neutron.api.wsgi [-] 10.0.0.55 "GET / HTTP/1.1" status: 200 len: 247 time: 0.0024335
2026-04-23 01:06:07.451 10 INFO neutron.api.wsgi [-] 10.0.0.55 "GET / HTTP/1.1" status: 200 len: 247 time: 0.0017772
2026-04-23 01:06:16.034 15 INFO neutron.db.ovn_revision_numbers_db [None req-f2d5106d-07fa-4e82-a8c1-c3d3602a6750 - - - - - -] Successfully bumped revision number for resource 8c3b3424-acf6-4849-b2bc-1284f52b6b54 (type: networks) to 2
2026-04-23 01:06:16.089 15 INFO neutron.db.ovn_revision_numbers_db [None req-f2d5106d-07fa-4e82-a8c1-c3d3602a6750 - - - - - -] Successfully bumped revision number for resource d326b98d-cab2-4848-8029-509435dae503 (type: security_groups) to 6
2026-04-23 01:06:16.125 15 INFO neutron.db.ovn_revision_numbers_db [None req-f2d5106d-07fa-4e82-a8c1-c3d3602a6750 - - - - - -] Successfully bumped revision number for resource f4488ace-e130-4470-a455-f8aade039c61 (type: security_groups) to 3
2026-04-23 01:06:16.125 15 INFO neutron.plugins.ml2.drivers.ovn.mech_driver.ovsdb.maintenance [None req-f2d5106d-07fa-4e82-a8c1-c3d3602a6750 - - - - - -] Maintenance task: Synchronization completed (took 0.20 seconds)
2026-04-23 01:06:22.450 10 INFO neutron.api.wsgi [-] 10.0.0.55 "GET / HTTP/1.1" status: 200 len: 247 time: 0.0023263
2026-04-23 01:06:22.451 9 INFO neutron.api.wsgi [-] 10.0.0.55 "GET / HTTP/1.1" status: 200 len: 247 time: 0.0034492
2026-04-23 01:06:37.448 9 INFO neutron.api.wsgi [-] 10.0.0.55 "GET / HTTP/1.1" status: 200 len: 247 time: 0.0018799
2026-04-23 01:06:37.451 10 INFO neutron.api.wsgi [-] 10.0.0.55 "GET / HTTP/1.1" status: 200 len: 247 time: 0.0032444
2026-04-23 01:06:52.448 9 INFO neutron.api.wsgi [-] 10.0.0.55 "GET / HTTP/1.1" status: 200 len: 247 time: 0.0012953
2026-04-23 01:06:52.452 10 INFO neutron.api.wsgi [-] 10.0.0.55 "GET / HTTP/1.1" status: 200 len: 247 time: 0.0035942
2026-04-23 01:07:07.448 10 INFO neutron.api.wsgi [-] 10.0.0.55 "GET / HTTP/1.1" status: 200 len: 247 time: 0.0016882
2026-04-23 01:07:07.450 9 INFO neutron.api.wsgi [-] 10.0.0.55 "GET / HTTP/1.1" status: 200 len: 247 time: 0.0034173
2026-04-23 01:07:22.450 9 INFO neutron.api.wsgi [-] 10.0.0.55 "GET / HTTP/1.1" status: 200 len: 247 time: 0.0025854
2026-04-23 01:07:22.450 10 INFO neutron.api.wsgi [-] 10.0.0.55 "GET / HTTP/1.1" status: 200 len: 247 time: 0.0025377
2026-04-23 01:07:37.450 10 INFO neutron.api.wsgi [-] 10.0.0.55 "GET / HTTP/1.1" status: 200 len: 247 time: 0.0035324
2026-04-23 01:07:37.450 9 INFO neutron.api.wsgi [-] 10.0.0.55 "GET / HTTP/1.1" status: 200 len: 247 time: 0.0036378
2026-04-23 01:07:52.450 9 INFO neutron.api.wsgi [-] 10.0.0.55 "GET / HTTP/1.1" status: 200 len: 247 time: 0.0032747
2026-04-23 01:07:52.450 10 INFO neutron.api.wsgi [-] 10.0.0.55 "GET / HTTP/1.1" status: 200 len: 247 time: 0.0031652
2026-04-23 01:08:07.447 10 INFO neutron.api.wsgi [-] 10.0.0.55 "GET / HTTP/1.1" status: 200 len: 247 time: 0.0012815
2026-04-23 01:08:07.449 9 INFO neutron.api.wsgi [-] 10.0.0.55 "GET / HTTP/1.1" status: 200 len: 247 time: 0.0026729
2026-04-23 01:08:22.450 9 INFO neutron.api.wsgi [-] 10.0.0.55 "GET / HTTP/1.1" status: 200 len: 247 time: 0.0026298
2026-04-23 01:08:22.453 9 INFO neutron.api.wsgi [-] 10.0.0.55 "GET / HTTP/1.1" status: 200 len: 247 time: 0.0018468
2026-04-23 01:08:37.449 9 INFO neutron.api.wsgi [-] 10.0.0.55 "GET / HTTP/1.1" status: 200 len: 247 time: 0.0026639
2026-04-23 01:08:37.450 10 INFO neutron.api.wsgi [-] 10.0.0.55 "GET / HTTP/1.1" status: 200 len: 247 time: 0.0035598
2026-04-23 01:08:52.450 10 INFO neutron.api.wsgi [-] 10.0.0.55 "GET / HTTP/1.1" status: 200 len: 247 time: 0.0024858
2026-04-23 01:08:52.450 9 INFO neutron.api.wsgi [-] 10.0.0.55 "GET / HTTP/1.1" status: 200 len: 247 time: 0.0026772
2026-04-23 01:09:07.450 10 INFO neutron.api.wsgi [-] 10.0.0.55 "GET / HTTP/1.1" status: 200 len: 247 time: 0.0023303
2026-04-23 01:09:07.452 9 INFO neutron.api.wsgi [-] 10.0.0.55 "GET / HTTP/1.1" status: 200 len: 247 time: 0.0044882
2026-04-23 01:09:22.448 10 INFO neutron.api.wsgi [-] 10.0.0.55 "GET / HTTP/1.1" status: 200 len: 247 time: 0.0016823
2026-04-23 01:09:22.449 9 INFO neutron.api.wsgi [-] 10.0.0.55 "GET / HTTP/1.1" status: 200 len: 247 time: 0.0023341
