2026-04-23 01:34:49.429 9 INFO neutron.api.wsgi [None req-4d772ad5-519d-497d-9a47-db2422ded760 4469cbcaef3642f4b81b4feb4854d981 46597559f3cc439a8871f14851f4ad11 - - default default] 10.0.0.110 "GET /v2.0/subnetpools?not-tags=red HTTP/1.1" status: 200 len: 1223 time: 0.0165589
2026-04-23 01:34:49.453 9 INFO neutron.api.wsgi [None req-dedc2e95-886b-4012-9b2a-c7b95559c218 4469cbcaef3642f4b81b4feb4854d981 46597559f3cc439a8871f14851f4ad11 - - default default] 10.0.0.110 "GET /v2.0/subnetpools?not-tags=red%2Cblue HTTP/1.1" status: 200 len: 1730 time: 0.0194035
2026-04-23 01:34:49.483 9 INFO neutron.api.wsgi [None req-0cda3c26-cc14-47e0-93fc-b5c8b40ac405 4469cbcaef3642f4b81b4feb4854d981 46597559f3cc439a8871f14851f4ad11 - - default default] 10.0.0.110 "GET /v2.0/subnetpools?not-tags-any=blue HTTP/1.1" status: 200 len: 1730 time: 0.0248804
2026-04-23 01:34:49.497 10 INFO neutron.api.wsgi [None req-b3e55eec-20e6-4b6f-bbba-5ab285d768bc 9b2adb74703b4ae8b6d8da361c29106d c649a7a85ba54658a0ec24ce2373354f - - default default] 10.0.0.110 "DELETE /v2.0/subnets/b4cc299a-bc5b-4b89-8f01-cf14c965efee HTTP/1.1" status: 204 len: 168 time: 0.1581056
2026-04-23 01:34:49.507 9 INFO neutron.api.wsgi [None req-9da51c70-ee96-4e53-955e-59d2171990c8 4469cbcaef3642f4b81b4feb4854d981 46597559f3cc439a8871f14851f4ad11 - - default default] 10.0.0.110 "GET /v2.0/subnetpools?not-tags-any=red%2Cblue HTTP/1.1" status: 200 len: 1223 time: 0.0165274
2026-04-23 01:34:49.560 9 INFO neutron.api.wsgi [None req-b467125d-4b55-40fe-b496-d810477078fd 4469cbcaef3642f4b81b4feb4854d981 46597559f3cc439a8871f14851f4ad11 - - default default] 10.0.0.110 "DELETE /v2.0/subnetpools/1da8e489-bc65-4772-830f-d978815f7d47 HTTP/1.1" status: 204 len: 168 time: 0.0458488
2026-04-23 01:34:49.574 10 INFO neutron.services.segments.plugin [-] Segment 318da1fc-e42d-495c-bb21-f0a572616570 resource provider aggregate not found
2026-04-23 01:34:49.578 10 INFO neutron.services.segments.plugin [-] Segment 318da1fc-e42d-495c-bb21-f0a572616570 resource provider aggregate not found
2026-04-23 01:34:49.584 10 INFO neutron.services.segments.plugin [-] Segment 318da1fc-e42d-495c-bb21-f0a572616570 resource provider not found; error: Placement Client Error (4xx): {"errors": [{"status": 404, "title": "Not Found", "detail": "The resource could not be found.\n\n No resource provider with uuid 318da1fc-e42d-495c-bb21-f0a572616570 found for delete ", "request_id": "req-7f8ec842-eff2-4867-a281-67766888ec5e"}]}
2026-04-23 01:34:49.598 10 INFO neutron.services.segments.plugin [-] Segment 318da1fc-e42d-495c-bb21-f0a572616570 resource provider not found; error: Placement Client Error (4xx): {"errors": [{"status": 404, "title": "Not Found", "detail": "The resource could not be found.\n\n No resource provider with uuid 318da1fc-e42d-495c-bb21-f0a572616570 found for delete ", "request_id": "req-27c1f1f0-4e0c-47e5-bedb-3e72ca8c1611"}]}
2026-04-23 01:34:49.610 10 INFO neutron.api.wsgi [None req-9743f633-9118-4fd4-9d6b-321f19c3b29a 1f30f0bd56734abcaffc9913bda99b30 fea43a3129a24918a08d278bd8069344 - - default default] 10.0.0.110 "DELETE /v2.0/networks/70fc1136-ad71-468a-943e-d304c29bca81 HTTP/1.1" status: 204 len: 168 time: 0.4086478
2026-04-23 01:34:49.623 9 INFO neutron.api.wsgi [None req-f33588f3-21ce-4c43-a114-560b4f5c6cb5 4469cbcaef3642f4b81b4feb4854d981 46597559f3cc439a8871f14851f4ad11 - - default default] 10.0.0.110 "DELETE /v2.0/subnetpools/8973dae3-f17a-405e-bb5e-b5edc9cd536c HTTP/1.1" status: 204 len: 168 time: 0.0547218
2026-04-23 01:34:49.674 9 INFO neutron.api.wsgi [None req-c4d2c73b-fd4d-4dac-8d9d-d055dc6b7b67 4469cbcaef3642f4b81b4feb4854d981 46597559f3cc439a8871f14851f4ad11 - - default default] 10.0.0.110 "DELETE /v2.0/subnetpools/57d19abf-7422-4932-92de-2205244220c9 HTTP/1.1" status: 204 len: 168 time: 0.0462930
2026-04-23 01:34:49.718 9 INFO neutron.api.wsgi [None req-06937300-7070-450f-b41c-a7f332f31455 4469cbcaef3642f4b81b4feb4854d981 46597559f3cc439a8871f14851f4ad11 - - default default] 10.0.0.110 "DELETE /v2.0/subnetpools/c1a371f1-21b5-4077-9e1d-a38d3d24ed28 HTTP/1.1" status: 204 len: 168 time: 0.0390472
2026-04-23 01:34:49.760 9 INFO neutron.api.wsgi [None req-a4040119-6986-48a0-9c8e-988a9fb9214a 4469cbcaef3642f4b81b4feb4854d981 46597559f3cc439a8871f14851f4ad11 - - default default] 10.0.0.110 "DELETE /v2.0/subnetpools/d66c9b28-b936-42b5-8dd8-51f5dc753ca8 HTTP/1.1" status: 204 len: 168 time: 0.0371728
2026-04-23 01:34:49.815 10 INFO neutron.api.wsgi [None req-c1ee1184-4037-41e1-8867-bd7906676577 9b2adb74703b4ae8b6d8da361c29106d c649a7a85ba54658a0ec24ce2373354f - - default default] 10.0.0.110 "DELETE /v2.0/networks/76779f74-06e8-4a55-9abf-e458ba17f187 HTTP/1.1" status: 204 len: 168 time: 0.3119993
2026-04-23 01:34:49.833 10 WARNING neutron_lib.context [None req-17cdc793-3af0-443d-be78-fa6d283e4614 9b2adb74703b4ae8b6d8da361c29106d c649a7a85ba54658a0ec24ce2373354f - - default default] Method 'is_advsvc' is deprecated since 2023.2 release (neutron-lib 3.8.0) and will be removed once support for the old RBAC API policies will be removed from Neutron. Please use method 'is_service_role' instead.
2026-04-23 01:34:49.899 10 INFO neutron.db.segments_db [None req-17cdc793-3af0-443d-be78-fa6d283e4614 9b2adb74703b4ae8b6d8da361c29106d c649a7a85ba54658a0ec24ce2373354f - - default default] Added segment da800957-5d6c-4603-b5da-459dc6be3206 of type geneve for network 7eac2509-1752-4e1b-bfea-88b09ced1820
2026-04-23 01:34:50.008 10 INFO neutron.db.ovn_revision_numbers_db [None req-17cdc793-3af0-443d-be78-fa6d283e4614 9b2adb74703b4ae8b6d8da361c29106d c649a7a85ba54658a0ec24ce2373354f - - default default] Successfully bumped revision number for resource 7eac2509-1752-4e1b-bfea-88b09ced1820 (type: networks) to 1
2026-04-23 01:34:50.165 10 WARNING neutron.scheduler.dhcp_agent_scheduler [None req-17cdc793-3af0-443d-be78-fa6d283e4614 9b2adb74703b4ae8b6d8da361c29106d c649a7a85ba54658a0ec24ce2373354f - - default default] No more DHCP agents
2026-04-23 01:34:50.167 10 WARNING neutron.api.rpc.agentnotifiers.dhcp_rpc_agent_api [None req-17cdc793-3af0-443d-be78-fa6d283e4614 9b2adb74703b4ae8b6d8da361c29106d c649a7a85ba54658a0ec24ce2373354f - - default default] Unable to schedule network 7eac2509-1752-4e1b-bfea-88b09ced1820: no agents available; will retry on subsequent port and subnet creation events.
2026-04-23 01:34:50.243 10 INFO neutron.db.ovn_revision_numbers_db [None req-17cdc793-3af0-443d-be78-fa6d283e4614 9b2adb74703b4ae8b6d8da361c29106d c649a7a85ba54658a0ec24ce2373354f - - default default] Successfully bumped revision number for resource 9439e2e5-4631-4d0c-be9c-20dd6c7e8f37 (type: ports) to 1
2026-04-23 01:34:50.253 10 INFO neutron.api.wsgi [None req-419edb01-2de1-4268-ab3f-66042c7da030 91ca839dbcda46d3af22ee5ad56de9d6 0803f8ff07b74f198445f884bcc37285 - - default default] 10.0.0.110 "GET /v2.0/security-groups?tenant_id=fea43a3129a24918a08d278bd8069344&name=default HTTP/1.1" status: 200 len: 3120 time: 0.2003667
2026-04-23 01:34:50.275 10 INFO neutron.api.wsgi [None req-17cdc793-3af0-443d-be78-fa6d283e4614 9b2adb74703b4ae8b6d8da361c29106d c649a7a85ba54658a0ec24ce2373354f - - default default] 10.0.0.110 "POST /v2.0/networks HTTP/1.1" status: 201 len: 832 time: 0.4448543
2026-04-23 01:34:50.290 9 WARNING neutron_lib.context [None req-046a0068-c0ce-4ea9-aaa6-45fec461c542 9b2adb74703b4ae8b6d8da361c29106d c649a7a85ba54658a0ec24ce2373354f - - default default] Method 'is_advsvc' is deprecated since 2023.2 release (neutron-lib 3.8.0) and will be removed once support for the old RBAC API policies will be removed from Neutron. Please use method 'is_service_role' instead.
2026-04-23 01:34:50.349 10 INFO neutron.db.ovn_revision_numbers_db [None req-19630155-e167-47d9-99b3-0c8134d14bf5 91ca839dbcda46d3af22ee5ad56de9d6 0803f8ff07b74f198445f884bcc37285 - - default default] Successfully bumped revision number for resource 61da3cc7-6d37-4c95-b343-e01fd95e4960 (type: security_groups) to 1
2026-04-23 01:34:50.366 10 INFO neutron.db.ovn_revision_numbers_db [None req-19630155-e167-47d9-99b3-0c8134d14bf5 91ca839dbcda46d3af22ee5ad56de9d6 0803f8ff07b74f198445f884bcc37285 - - default default] Successfully bumped revision number for resource 5f1bffb2-336c-41b2-9c6f-5fac21641938 (type: security_group_rules) to 0
2026-04-23 01:34:50.382 10 INFO neutron.db.ovn_revision_numbers_db [None req-19630155-e167-47d9-99b3-0c8134d14bf5 91ca839dbcda46d3af22ee5ad56de9d6 0803f8ff07b74f198445f884bcc37285 - - default default] Successfully bumped revision number for resource 752484eb-dc45-4e96-88c6-58bbb21ca709 (type: security_group_rules) to 0
2026-04-23 01:34:50.401 10 INFO neutron.db.ovn_revision_numbers_db [None req-19630155-e167-47d9-99b3-0c8134d14bf5 91ca839dbcda46d3af22ee5ad56de9d6 0803f8ff07b74f198445f884bcc37285 - - default default] Successfully bumped revision number for resource 7f3659be-f02d-452a-8279-961e047e6a21 (type: security_group_rules) to 0
2026-04-23 01:34:50.415 10 INFO neutron.db.ovn_revision_numbers_db [None req-19630155-e167-47d9-99b3-0c8134d14bf5 91ca839dbcda46d3af22ee5ad56de9d6 0803f8ff07b74f198445f884bcc37285 - - default default] Successfully bumped revision number for resource a921519a-46a2-4291-b9c6-d8f3b20f0a62 (type: security_group_rules) to 0
2026-04-23 01:34:50.449 10 INFO neutron.api.wsgi [None req-19630155-e167-47d9-99b3-0c8134d14bf5 91ca839dbcda46d3af22ee5ad56de9d6 0803f8ff07b74f198445f884bcc37285 - - default default] 10.0.0.110 "GET /v2.0/security-groups?tenant_id=d9b65e69c37b4ac18760ea675d447afe&name=default HTTP/1.1" status: 200 len: 3120 time: 0.4196770
2026-04-23 01:34:50.461 9 WARNING neutron.scheduler.dhcp_agent_scheduler [None req-046a0068-c0ce-4ea9-aaa6-45fec461c542 9b2adb74703b4ae8b6d8da361c29106d c649a7a85ba54658a0ec24ce2373354f - - default default] No more DHCP agents
2026-04-23 01:34:50.463 9 WARNING neutron.api.rpc.agentnotifiers.dhcp_rpc_agent_api [None req-046a0068-c0ce-4ea9-aaa6-45fec461c542 9b2adb74703b4ae8b6d8da361c29106d c649a7a85ba54658a0ec24ce2373354f - - default default] Unable to schedule network 7eac2509-1752-4e1b-bfea-88b09ced1820: no agents available; will retry on subsequent port and subnet creation events.
2026-04-23 01:34:50.472 10 INFO neutron.api.wsgi [None req-e568870b-977a-40c5-ba25-34f9776d0e7c 91ca839dbcda46d3af22ee5ad56de9d6 0803f8ff07b74f198445f884bcc37285 - - default default] 10.0.0.110 "DELETE /v2.0/security-groups/a2bea398-eb6a-48e3-bb33-bc6794a3010c HTTP/1.1" status: 204 len: 168 time: 0.2137134
2026-04-23 01:34:50.502 9 INFO neutron.db.ovn_revision_numbers_db [None req-046a0068-c0ce-4ea9-aaa6-45fec461c542 9b2adb74703b4ae8b6d8da361c29106d c649a7a85ba54658a0ec24ce2373354f - - default default] Successfully bumped revision number for resource e59fda66-c07f-4daf-8143-8dc4e61a8931 (type: subnets) to 0
2026-04-23 01:34:50.516 9 INFO neutron.api.wsgi [None req-046a0068-c0ce-4ea9-aaa6-45fec461c542 9b2adb74703b4ae8b6d8da361c29106d c649a7a85ba54658a0ec24ce2373354f - - default default] 10.0.0.110 "POST /v2.0/subnets HTTP/1.1" status: 201 len: 845 time: 0.2326238
2026-04-23 01:34:50.528 10 WARNING neutron_lib.context [None req-995c14ce-ae5b-4bab-8334-6d66c696b12c 9b2adb74703b4ae8b6d8da361c29106d c649a7a85ba54658a0ec24ce2373354f - - default default] Method 'is_advsvc' is deprecated since 2023.2 release (neutron-lib 3.8.0) and will be removed once support for the old RBAC API policies will be removed from Neutron. Please use method 'is_service_role' instead.
2026-04-23 01:34:50.631 10 INFO neutron.db.ovn_revision_numbers_db [None req-995c14ce-ae5b-4bab-8334-6d66c696b12c 9b2adb74703b4ae8b6d8da361c29106d c649a7a85ba54658a0ec24ce2373354f - - default default] Successfully bumped revision number for resource c0814161-e553-4d20-8c54-259bb2b6e579 (type: routers) to 1
2026-04-23 01:34:50.636 9 INFO neutron.api.wsgi [None req-05588dde-e89e-421c-8fb5-74e792c5761a 91ca839dbcda46d3af22ee5ad56de9d6 0803f8ff07b74f198445f884bcc37285 - - default default] 10.0.0.110 "DELETE /v2.0/security-groups/61da3cc7-6d37-4c95-b343-e01fd95e4960 HTTP/1.1" status: 204 len: 168 time: 0.1797545
2026-04-23 01:34:50.649 10 INFO neutron.api.wsgi [None req-995c14ce-ae5b-4bab-8334-6d66c696b12c 9b2adb74703b4ae8b6d8da361c29106d c649a7a85ba54658a0ec24ce2373354f - - default default] 10.0.0.110 "POST /v2.0/routers HTTP/1.1" status: 201 len: 805 time: 0.1277087
2026-04-23 01:34:50.855 9 INFO neutron.db.ovn_revision_numbers_db [None req-ec61ce43-3cda-4590-9d14-dae412c20d85 91ca839dbcda46d3af22ee5ad56de9d6 0803f8ff07b74f198445f884bcc37285 - - default default] Successfully bumped revision number for resource f6a84262-ee0f-4876-bfe6-393ca6967172 (type: security_groups) to 1
2026-04-23 01:34:50.876 9 INFO neutron.db.ovn_revision_numbers_db [None req-ec61ce43-3cda-4590-9d14-dae412c20d85 91ca839dbcda46d3af22ee5ad56de9d6 0803f8ff07b74f198445f884bcc37285 - - default default] Successfully bumped revision number for resource 174749eb-05ba-4f7c-ae47-c7b561731fae (type: security_group_rules) to 0
2026-04-23 01:34:50.897 9 INFO neutron.db.ovn_revision_numbers_db [None req-ec61ce43-3cda-4590-9d14-dae412c20d85 91ca839dbcda46d3af22ee5ad56de9d6 0803f8ff07b74f198445f884bcc37285 - - default default] Successfully bumped revision number for resource 46f2c2e5-5ded-42a4-8b13-56dea8863184 (type: security_group_rules) to 0
2026-04-23 01:34:50.913 9 INFO neutron.db.ovn_revision_numbers_db [None req-ec61ce43-3cda-4590-9d14-dae412c20d85 91ca839dbcda46d3af22ee5ad56de9d6 0803f8ff07b74f198445f884bcc37285 - - default default] Successfully bumped revision number for resource ddf7f58c-8f08-41dc-a248-a0e83ae0c7ee (type: security_group_rules) to 0
2026-04-23 01:34:50.919 9 INFO neutron.db.ovn_revision_numbers_db [None req-61886606-3293-4719-8937-97bb2dc555fd 91ca839dbcda46d3af22ee5ad56de9d6 0803f8ff07b74f198445f884bcc37285 - - default default] Successfully bumped revision number for resource ca06bcce-18c2-4b4a-85d9-4cf5506a8337 (type: security_groups) to 1
2026-04-23 01:34:50.930 9 INFO neutron.db.ovn_revision_numbers_db [None req-ec61ce43-3cda-4590-9d14-dae412c20d85 91ca839dbcda46d3af22ee5ad56de9d6 0803f8ff07b74f198445f884bcc37285 - - default default] Successfully bumped revision number for resource f4307e6f-61ab-4c54-b043-bf6a1be9ed86 (type: security_group_rules) to 0
2026-04-23 01:34:50.935 9 INFO neutron.db.ovn_revision_numbers_db [None req-61886606-3293-4719-8937-97bb2dc555fd 91ca839dbcda46d3af22ee5ad56de9d6 0803f8ff07b74f198445f884bcc37285 - - default default] Successfully bumped revision number for resource a733fc35-8d91-47cb-be58-73929585a512 (type: security_group_rules) to 0
2026-04-23 01:34:50.951 9 INFO neutron.db.ovn_revision_numbers_db [None req-61886606-3293-4719-8937-97bb2dc555fd 91ca839dbcda46d3af22ee5ad56de9d6 0803f8ff07b74f198445f884bcc37285 - - default default] Successfully bumped revision number for resource ad4ac1de-9f2f-44b3-8ec1-dff174f94c7c (type: security_group_rules) to 0
2026-04-23 01:34:50.965 9 INFO neutron.api.wsgi [None req-ec61ce43-3cda-4590-9d14-dae412c20d85 91ca839dbcda46d3af22ee5ad56de9d6 0803f8ff07b74f198445f884bcc37285 - - default default] 10.0.0.110 "GET /v2.0/security-groups?tenant_id=391cd0a2d9cf44589be3de607103a5d4&name=default HTTP/1.1" status: 200 len: 3120 time: 0.3826025
2026-04-23 01:34:50.968 9 INFO neutron.db.ovn_revision_numbers_db [None req-61886606-3293-4719-8937-97bb2dc555fd 91ca839dbcda46d3af22ee5ad56de9d6 0803f8ff07b74f198445f884bcc37285 - - default default] Successfully bumped revision number for resource dfa5dbbb-f113-471f-a7ce-bd25ab7dac54 (type: security_group_rules) to 0
2026-04-23 01:34:50.992 9 INFO neutron.db.ovn_revision_numbers_db [None req-61886606-3293-4719-8937-97bb2dc555fd 91ca839dbcda46d3af22ee5ad56de9d6 0803f8ff07b74f198445f884bcc37285 - - default default] Successfully bumped revision number for resource f01d0bef-8853-4194-9286-a8e304c59515 (type: security_group_rules) to 0
2026-04-23 01:34:51.000 10 WARNING neutron.scheduler.dhcp_agent_scheduler [None req-b5102f66-f54b-4b75-8b2d-a93b0e3c5c25 9b2adb74703b4ae8b6d8da361c29106d c649a7a85ba54658a0ec24ce2373354f - - default default] No more DHCP agents
2026-04-23 01:34:51.006 10 WARNING neutron.api.rpc.agentnotifiers.dhcp_rpc_agent_api [None req-b5102f66-f54b-4b75-8b2d-a93b0e3c5c25 9b2adb74703b4ae8b6d8da361c29106d c649a7a85ba54658a0ec24ce2373354f - - default default] Unable to schedule network 7eac2509-1752-4e1b-bfea-88b09ced1820: no agents available; will retry on subsequent port and subnet creation events.
2026-04-23 01:34:51.034 9 INFO neutron.api.wsgi [None req-61886606-3293-4719-8937-97bb2dc555fd 91ca839dbcda46d3af22ee5ad56de9d6 0803f8ff07b74f198445f884bcc37285 - - default default] 10.0.0.110 "GET /v2.0/security-groups?tenant_id=e0cb044d927c4690afb3d0078e3dc3a2&name=default HTTP/1.1" status: 200 len: 3120 time: 0.2492955
2026-04-23 01:34:51.104 10 INFO neutron.db.ovn_revision_numbers_db [None req-b5102f66-f54b-4b75-8b2d-a93b0e3c5c25 9b2adb74703b4ae8b6d8da361c29106d c649a7a85ba54658a0ec24ce2373354f - - default default] Successfully bumped revision number for resource 14c9439f-3de5-4940-aec3-683470dcaea7 (type: ports) to 1
2026-04-23 01:34:51.210 10 INFO neutron.api.wsgi [None req-a9e05666-cd9f-4b58-a2e9-739ab935d3af 91ca839dbcda46d3af22ee5ad56de9d6 0803f8ff07b74f198445f884bcc37285 - - default default] 10.0.0.110 "DELETE /v2.0/security-groups/f6a84262-ee0f-4876-bfe6-393ca6967172 HTTP/1.1" status: 204 len: 168 time: 0.2384098
2026-04-23 01:34:51.251 9 INFO neutron.api.wsgi [None req-d67726c3-61af-4cd5-8755-d8b8f89f0536 91ca839dbcda46d3af22ee5ad56de9d6 0803f8ff07b74f198445f884bcc37285 - - default default] 10.0.0.110 "DELETE /v2.0/security-groups/ca06bcce-18c2-4b4a-85d9-4cf5506a8337 HTTP/1.1" status: 204 len: 168 time: 0.2132838
2026-04-23 01:34:51.423 9 INFO neutron.db.ovn_revision_numbers_db [None req-2d54c6a9-defd-4d01-8bc7-be1617ffce38 91ca839dbcda46d3af22ee5ad56de9d6 0803f8ff07b74f198445f884bcc37285 - - default default] Successfully bumped revision number for resource 263bc725-80eb-46e5-94ab-d4525b1f8bd9 (type: security_groups) to 1
2026-04-23 01:34:51.434 9 INFO neutron.db.ovn_revision_numbers_db [None req-2d54c6a9-defd-4d01-8bc7-be1617ffce38 91ca839dbcda46d3af22ee5ad56de9d6 0803f8ff07b74f198445f884bcc37285 - - default default] Successfully bumped revision number for resource 3dce074b-660c-478e-82c0-aaa0b6ee844a (type: security_group_rules) to 0
2026-04-23 01:34:51.451 9 INFO neutron.db.ovn_revision_numbers_db [None req-2d54c6a9-defd-4d01-8bc7-be1617ffce38 91ca839dbcda46d3af22ee5ad56de9d6 0803f8ff07b74f198445f884bcc37285 - - default default] Successfully bumped revision number for resource 560c4643-480c-4566-aa6d-dcebcb7cc96e (type: security_group_rules) to 0
2026-04-23 01:34:51.465 9 INFO neutron.db.ovn_revision_numbers_db [None req-2d54c6a9-defd-4d01-8bc7-be1617ffce38 91ca839dbcda46d3af22ee5ad56de9d6 0803f8ff07b74f198445f884bcc37285 - - default default] Successfully bumped revision number for resource b62de4e0-fec1-429a-817b-b65c7a6b976b (type: security_group_rules) to 0
2026-04-23 01:34:51.482 9 INFO neutron.db.ovn_revision_numbers_db [None req-2d54c6a9-defd-4d01-8bc7-be1617ffce38 91ca839dbcda46d3af22ee5ad56de9d6 0803f8ff07b74f198445f884bcc37285 - - default default] Successfully bumped revision number for resource f0de0bed-2e34-4663-b230-5978da0fdf8e (type: security_group_rules) to 0
2026-04-23 01:34:51.518 9 INFO neutron.api.wsgi [None req-2d54c6a9-defd-4d01-8bc7-be1617ffce38 91ca839dbcda46d3af22ee5ad56de9d6 0803f8ff07b74f198445f884bcc37285 - - default default] 10.0.0.110 "GET /v2.0/security-groups?tenant_id=46597559f3cc439a8871f14851f4ad11&name=default HTTP/1.1" status: 200 len: 3120 time: 0.2093008
2026-04-23 01:34:51.523 10 INFO neutron.db.ovn_revision_numbers_db [None req-b5102f66-f54b-4b75-8b2d-a93b0e3c5c25 9b2adb74703b4ae8b6d8da361c29106d c649a7a85ba54658a0ec24ce2373354f - - default default] Successfully bumped revision number for resource 14c9439f-3de5-4940-aec3-683470dcaea7 (type: ports) to 1
2026-04-23 01:34:51.576 10 WARNING neutron.scheduler.dhcp_agent_scheduler [None req-b5102f66-f54b-4b75-8b2d-a93b0e3c5c25 9b2adb74703b4ae8b6d8da361c29106d c649a7a85ba54658a0ec24ce2373354f - - default default] No more DHCP agents
2026-04-23 01:34:51.577 10 WARNING neutron.api.rpc.agentnotifiers.dhcp_rpc_agent_api [None req-b5102f66-f54b-4b75-8b2d-a93b0e3c5c25 9b2adb74703b4ae8b6d8da361c29106d c649a7a85ba54658a0ec24ce2373354f - - default default] Unable to schedule network 7eac2509-1752-4e1b-bfea-88b09ced1820: no agents available; will retry on subsequent port and subnet creation events.
2026-04-23 01:34:51.608 10 INFO neutron.services.segments.plugin [-] Segment 24590e80-75c9-4fdc-84f4-813285047aab resource provider aggregate not found
2026-04-23 01:34:51.612 10 INFO neutron.services.segments.plugin [-] Segment 24590e80-75c9-4fdc-84f4-813285047aab resource provider aggregate not found
2026-04-23 01:34:51.626 10 INFO neutron.services.segments.plugin [-] Segment 24590e80-75c9-4fdc-84f4-813285047aab resource provider not found; error: Placement Client Error (4xx): {"errors": [{"status": 404, "title": "Not Found", "detail": "The resource could not be found.\n\n No resource provider with uuid 24590e80-75c9-4fdc-84f4-813285047aab found for delete ", "request_id": "req-1ca7ebb4-3ebb-4cf7-b052-3c38c97a114a"}]}
2026-04-23 01:34:51.639 10 INFO neutron.services.segments.plugin [-] Segment 24590e80-75c9-4fdc-84f4-813285047aab resource provider not found; error: Placement Client Error (4xx): {"errors": [{"status": 404, "title": "Not Found", "detail": "The resource could not be found.\n\n No resource provider with uuid 24590e80-75c9-4fdc-84f4-813285047aab found for delete ", "request_id": "req-5fe8fe9c-27b5-4c08-9f99-23539454f91d"}]}
2026-04-23 01:34:51.749 9 INFO neutron.api.wsgi [None req-8903df6b-9db3-411e-8297-201eadd12b86 91ca839dbcda46d3af22ee5ad56de9d6 0803f8ff07b74f198445f884bcc37285 - - default default] 10.0.0.110 "DELETE /v2.0/security-groups/263bc725-80eb-46e5-94ab-d4525b1f8bd9 HTTP/1.1" status: 204 len: 168 time: 0.2251840
2026-04-23 01:34:51.781 10 INFO neutron.db.ovn_revision_numbers_db [None req-b5102f66-f54b-4b75-8b2d-a93b0e3c5c25 9b2adb74703b4ae8b6d8da361c29106d c649a7a85ba54658a0ec24ce2373354f - - default default] Successfully bumped revision number for resource 14c9439f-3de5-4940-aec3-683470dcaea7 (type: router_ports) to 1
2026-04-23 01:34:51.786 10 INFO neutron.api.wsgi [None req-b5102f66-f54b-4b75-8b2d-a93b0e3c5c25 9b2adb74703b4ae8b6d8da361c29106d c649a7a85ba54658a0ec24ce2373354f - - default default] 10.0.0.110 "PUT /v2.0/routers/c0814161-e553-4d20-8c54-259bb2b6e579/add_router_interface HTTP/1.1" status: 200 len: 503 time: 1.1329792
2026-04-23 01:34:51.858 10 INFO neutron.api.wsgi [None req-ecbdaee4-ccb3-4e75-ae08-1b4d5a13313f 9b2adb74703b4ae8b6d8da361c29106d c649a7a85ba54658a0ec24ce2373354f - - default default] 10.0.0.110 "GET /v2.0/ports/14c9439f-3de5-4940-aec3-683470dcaea7 HTTP/1.1" status: 200 len: 1139 time: 0.0672784
2026-04-23 01:34:51.891 10 INFO neutron.api.wsgi [None req-a85b345f-306f-42f9-b6cb-91ba90451472 9b2adb74703b4ae8b6d8da361c29106d c649a7a85ba54658a0ec24ce2373354f - - default default] 10.0.0.110 "GET /v2.0/ports/14c9439f-3de5-4940-aec3-683470dcaea7 HTTP/1.1" status: 200 len: 1139 time: 0.0277996
2026-04-23 01:34:52.030 9 INFO neutron.db.ovn_revision_numbers_db [None req-cc8646a0-4ac0-4b57-9aa8-c8badd8c986d 91ca839dbcda46d3af22ee5ad56de9d6 0803f8ff07b74f198445f884bcc37285 - - default default] Successfully bumped revision number for resource f69cd487-9bac-41e5-9a0e-2dcd07fef9f0 (type: security_groups) to 1
2026-04-23 01:34:52.044 9 INFO neutron.db.ovn_revision_numbers_db [None req-cc8646a0-4ac0-4b57-9aa8-c8badd8c986d 91ca839dbcda46d3af22ee5ad56de9d6 0803f8ff07b74f198445f884bcc37285 - - default default] Successfully bumped revision number for resource 8a3827ab-8dc4-4c69-8653-fa3d2584d2bd (type: security_group_rules) to 0
2026-04-23 01:34:52.058 9 INFO neutron.db.ovn_revision_numbers_db [None req-cc8646a0-4ac0-4b57-9aa8-c8badd8c986d 91ca839dbcda46d3af22ee5ad56de9d6 0803f8ff07b74f198445f884bcc37285 - - default default] Successfully bumped revision number for resource b339c091-f24e-4542-9bc7-d529527293cc (type: security_group_rules) to 0
2026-04-23 01:34:52.077 9 INFO neutron.db.ovn_revision_numbers_db [None req-cc8646a0-4ac0-4b57-9aa8-c8badd8c986d 91ca839dbcda46d3af22ee5ad56de9d6 0803f8ff07b74f198445f884bcc37285 - - default default] Successfully bumped revision number for resource d5c4e340-2c95-4dd7-8f62-6dc5548fc4bd (type: security_group_rules) to 0
2026-04-23 01:34:52.093 9 INFO neutron.db.ovn_revision_numbers_db [None req-cc8646a0-4ac0-4b57-9aa8-c8badd8c986d 91ca839dbcda46d3af22ee5ad56de9d6 0803f8ff07b74f198445f884bcc37285 - - default default] Successfully bumped revision number for resource f462ad3f-5018-41e8-a676-027301eb1fe2 (type: security_group_rules) to 0
2026-04-23 01:34:52.128 9 INFO neutron.api.wsgi [None req-cc8646a0-4ac0-4b57-9aa8-c8badd8c986d 91ca839dbcda46d3af22ee5ad56de9d6 0803f8ff07b74f198445f884bcc37285 - - default default] 10.0.0.110 "GET /v2.0/security-groups?tenant_id=99b8804628004cf2a2aed5b32ba97583&name=default HTTP/1.1" status: 200 len: 3120 time: 0.2140288
2026-04-23 01:34:52.419 9 INFO neutron.api.wsgi [None req-4a6d62a6-8efb-49ed-9376-c720d220a8b4 91ca839dbcda46d3af22ee5ad56de9d6 0803f8ff07b74f198445f884bcc37285 - - default default] 10.0.0.110 "DELETE /v2.0/security-groups/f69cd487-9bac-41e5-9a0e-2dcd07fef9f0 HTTP/1.1" status: 204 len: 168 time: 0.2851353
2026-04-23 01:34:52.451 9 INFO neutron.api.wsgi [-] 10.0.0.55 "GET / HTTP/1.1" status: 200 len: 247 time: 0.0034471
2026-04-23 01:34:52.451 10 INFO neutron.api.wsgi [-] 10.0.0.55 "GET / HTTP/1.1" status: 200 len: 247 time: 0.0042660
2026-04-23 01:34:52.695 9 WARNING neutron_lib.context [None req-65e693bf-fa1a-421e-9706-3762e39ef245 399df2a248004ba4bcab095413736897 52a832bb2efe4ac5953c8f3395c3cb70 - - default default] Method 'is_advsvc' is deprecated since 2023.2 release (neutron-lib 3.8.0) and will be removed once support for the old RBAC API policies will be removed from Neutron. Please use method 'is_service_role' instead.
2026-04-23 01:34:52.853 9 INFO neutron.db.ovn_revision_numbers_db [None req-65e693bf-fa1a-421e-9706-3762e39ef245 399df2a248004ba4bcab095413736897 52a832bb2efe4ac5953c8f3395c3cb70 - - default default] Successfully bumped revision number for resource 03801a8f-1987-4cae-8935-ed3958b493fd (type: security_groups) to 1
2026-04-23 01:34:52.871 9 INFO neutron.db.ovn_revision_numbers_db [None req-65e693bf-fa1a-421e-9706-3762e39ef245 399df2a248004ba4bcab095413736897 52a832bb2efe4ac5953c8f3395c3cb70 - - default default] Successfully bumped revision number for resource 3f999686-02fc-47cf-ab05-9eafb5b14b3b (type: security_group_rules) to 0
2026-04-23 01:34:52.885 9 INFO neutron.db.ovn_revision_numbers_db [None req-65e693bf-fa1a-421e-9706-3762e39ef245 399df2a248004ba4bcab095413736897 52a832bb2efe4ac5953c8f3395c3cb70 - - default default] Successfully bumped revision number for resource 9accf467-7f70-4340-b146-bae82dc02c75 (type: security_group_rules) to 0
2026-04-23 01:34:52.903 9 INFO neutron.db.ovn_revision_numbers_db [None req-65e693bf-fa1a-421e-9706-3762e39ef245 399df2a248004ba4bcab095413736897 52a832bb2efe4ac5953c8f3395c3cb70 - - default default] Successfully bumped revision number for resource babfeaf8-1bc6-4695-a382-d08dc1c1d704 (type: security_group_rules) to 0
2026-04-23 01:34:52.921 9 INFO neutron.db.ovn_revision_numbers_db [None req-65e693bf-fa1a-421e-9706-3762e39ef245 399df2a248004ba4bcab095413736897 52a832bb2efe4ac5953c8f3395c3cb70 - - default default] Successfully bumped revision number for resource f8b420d5-4d76-4433-b994-718c7b04f27e (type: security_group_rules) to 0
2026-04-23 01:34:52.929 9 INFO neutron.api.wsgi [None req-ea38a739-0ccc-4753-a115-95e67581c77a 9b2adb74703b4ae8b6d8da361c29106d c649a7a85ba54658a0ec24ce2373354f - - default default] 10.0.0.110 "GET /v2.0/ports/14c9439f-3de5-4940-aec3-683470dcaea7 HTTP/1.1" status: 200 len: 1139 time: 0.0319490
2026-04-23 01:34:53.014 9 INFO neutron.db.ovn_revision_numbers_db [None req-65e693bf-fa1a-421e-9706-3762e39ef245 399df2a248004ba4bcab095413736897 52a832bb2efe4ac5953c8f3395c3cb70 - - default default] Successfully bumped revision number for resource d053e92c-47c0-4715-bf00-5ba092d89b63 (type: security_groups) to 1
2026-04-23 01:34:53.026 9 INFO neutron.db.ovn_revision_numbers_db [None req-65e693bf-fa1a-421e-9706-3762e39ef245 399df2a248004ba4bcab095413736897 52a832bb2efe4ac5953c8f3395c3cb70 - - default default] Successfully bumped revision number for resource 4ec85373-7338-4408-b679-40e49d195ab7 (type: security_group_rules) to 0
2026-04-23 01:34:53.038 9 INFO neutron.db.ovn_revision_numbers_db [None req-65e693bf-fa1a-421e-9706-3762e39ef245 399df2a248004ba4bcab095413736897 52a832bb2efe4ac5953c8f3395c3cb70 - - default default] Successfully bumped revision number for resource b851d6be-d479-4275-89ad-4b2b67ce3a1f (type: security_group_rules) to 0
2026-04-23 01:34:53.073 9 INFO neutron.api.wsgi [None req-65e693bf-fa1a-421e-9706-3762e39ef245 399df2a248004ba4bcab095413736897 52a832bb2efe4ac5953c8f3395c3cb70 - - default default] 10.0.0.110 "POST /v2.0/security-groups HTTP/1.1" status: 201 len: 1825 time: 0.6204672
2026-04-23 01:34:53.106 9 INFO neutron.api.wsgi [None req-60146287-5953-4d04-8c63-57baedde30a3 399df2a248004ba4bcab095413736897 52a832bb2efe4ac5953c8f3395c3cb70 - - default default] 10.0.0.110 "GET /v2.0/security-groups HTTP/1.1" status: 200 len: 4725 time: 0.0274332
2026-04-23 01:34:53.180 9 INFO neutron.db.ovn_revision_numbers_db [None req-8f08e621-c94d-4a17-baf3-a6aa29ce6930 399df2a248004ba4bcab095413736897 52a832bb2efe4ac5953c8f3395c3cb70 - - default default] Successfully bumped revision number for resource d053e92c-47c0-4715-bf00-5ba092d89b63 (type: security_groups) to 2
2026-04-23 01:34:53.206 9 INFO neutron.api.wsgi [None req-8f08e621-c94d-4a17-baf3-a6aa29ce6930 399df2a248004ba4bcab095413736897 52a832bb2efe4ac5953c8f3395c3cb70 - - default default] 10.0.0.110 "PUT /v2.0/security-groups/d053e92c-47c0-4715-bf00-5ba092d89b63 HTTP/1.1" status: 200 len: 1859 time: 0.0959022
2026-04-23 01:34:53.238 9 INFO neutron.api.wsgi [None req-f148181e-f64a-4d8b-b6bd-c47883b07ace 399df2a248004ba4bcab095413736897 52a832bb2efe4ac5953c8f3395c3cb70 - - default default] 10.0.0.110 "GET /v2.0/security-groups/d053e92c-47c0-4715-bf00-5ba092d89b63 HTTP/1.1" status: 200 len: 1859 time: 0.0262384
2026-04-23 01:34:53.366 9 INFO neutron.api.wsgi [None req-6b51fb2d-1474-4337-95d0-516a1750de05 399df2a248004ba4bcab095413736897 52a832bb2efe4ac5953c8f3395c3cb70 - - default default] 10.0.0.110 "DELETE /v2.0/security-groups/d053e92c-47c0-4715-bf00-5ba092d89b63 HTTP/1.1" status: 204 len: 168 time: 0.1234958
2026-04-23 01:34:53.410 9 INFO neutron.api.wsgi [None req-67bd582d-be75-44bc-8b5d-6d723d86509e 399df2a248004ba4bcab095413736897 52a832bb2efe4ac5953c8f3395c3cb70 - - default default] 10.0.0.110 "GET /v2.0/security-groups HTTP/1.1" status: 200 len: 3120 time: 0.0400693
2026-04-23 01:34:53.433 9 INFO neutron.api.v2.resource [None req-8e6a64b5-9e0c-4a57-8ec0-496844a45fe1 399df2a248004ba4bcab095413736897 52a832bb2efe4ac5953c8f3395c3cb70 - - default default] delete failed (client error): The resource could not be found.
2026-04-23 01:34:53.434 9 INFO neutron.api.wsgi [None req-8e6a64b5-9e0c-4a57-8ec0-496844a45fe1 399df2a248004ba4bcab095413736897 52a832bb2efe4ac5953c8f3395c3cb70 - - default default] 10.0.0.110 "DELETE /v2.0/security-groups/d053e92c-47c0-4715-bf00-5ba092d89b63 HTTP/1.1" status: 404 len: 347 time: 0.0185022
2026-04-23 01:34:53.444 9 WARNING neutron_lib.context [None req-ad3f29c7-b606-4135-900d-b9fce1a81506 399df2a248004ba4bcab095413736897 52a832bb2efe4ac5953c8f3395c3cb70 - - default default] Method 'is_advsvc' is deprecated since 2023.2 release (neutron-lib 3.8.0) and will be removed once support for the old RBAC API policies will be removed from Neutron. Please use method 'is_service_role' instead.
2026-04-23 01:34:53.527 9 WARNING neutron.plugins.ml2.drivers.ovn.mech_driver.ovsdb.ovn_client [None req-597e3e87-0e6c-4638-9740-2d5c9c9b9836 - - - - - -] No port found with ID 1de20b5d-48aa-4cb2-8450-7dea7b4a8b38: RuntimeError: No port found with ID 1de20b5d-48aa-4cb2-8450-7dea7b4a8b38
2026-04-23 01:34:53.537 9 INFO neutron.plugins.ml2.drivers.ovn.mech_driver.mech_driver [None req-597e3e87-0e6c-4638-9740-2d5c9c9b9836 - - - - - -] OVN reports status down for port: d2aea7d6-62ed-4934-8239-6e939d8fd4b5
2026-04-23 01:34:53.553 9 INFO neutron.plugins.ml2.drivers.ovn.mech_driver.mech_driver [None req-597e3e87-0e6c-4638-9740-2d5c9c9b9836 - - - - - -] OVN reports status up for port: 14c9439f-3de5-4940-aec3-683470dcaea7
2026-04-23 01:34:53.562 9 INFO neutron.plugins.ml2.plugin [None req-597e3e87-0e6c-4638-9740-2d5c9c9b9836 - - - - - -] Attempt 1 to provision port 14c9439f-3de5-4940-aec3-683470dcaea7
2026-04-23 01:34:53.581 9 INFO neutron.db.ovn_revision_numbers_db [None req-ad3f29c7-b606-4135-900d-b9fce1a81506 399df2a248004ba4bcab095413736897 52a832bb2efe4ac5953c8f3395c3cb70 - - default default] Successfully bumped revision number for resource be68547f-0d79-404d-bb78-e5b6e2faf763 (type: security_groups) to 1
2026-04-23 01:34:53.598 9 INFO neutron.db.ovn_revision_numbers_db [None req-ad3f29c7-b606-4135-900d-b9fce1a81506 399df2a248004ba4bcab095413736897 52a832bb2efe4ac5953c8f3395c3cb70 - - default default] Successfully bumped revision number for resource 05bf8009-e229-4e3f-98d8-cb0ec46c5b66 (type: security_group_rules) to 0
2026-04-23 01:34:53.613 9 INFO neutron.db.ovn_revision_numbers_db [None req-ad3f29c7-b606-4135-900d-b9fce1a81506 399df2a248004ba4bcab095413736897 52a832bb2efe4ac5953c8f3395c3cb70 - - default default] Successfully bumped revision number for resource bb84d3b7-20e9-47b1-bddc-37296a6ebd17 (type: security_group_rules) to 0
2026-04-23 01:34:53.644 9 INFO neutron.api.wsgi [None req-ad3f29c7-b606-4135-900d-b9fce1a81506 399df2a248004ba4bcab095413736897 52a832bb2efe4ac5953c8f3395c3cb70 - - default default] 10.0.0.110 "POST /v2.0/security-groups HTTP/1.1" status: 201 len: 1825 time: 0.2050424
2026-04-23 01:34:53.653 9 WARNING neutron_lib.context [None req-4d62d40b-fa71-49ad-b1e9-fd749462e5a1 399df2a248004ba4bcab095413736897 52a832bb2efe4ac5953c8f3395c3cb70 - - default default] Method 'is_advsvc' is deprecated since 2023.2 release (neutron-lib 3.8.0) and will be removed once support for the old RBAC API policies will be removed from Neutron. Please use method 'is_service_role' instead.
2026-04-23 01:34:53.969 10 INFO neutron.api.wsgi [None req-97e666e6-d999-45b9-aca4-da82a17ca769 9b2adb74703b4ae8b6d8da361c29106d c649a7a85ba54658a0ec24ce2373354f - - default default] 10.0.0.110 "GET /v2.0/ports/14c9439f-3de5-4940-aec3-683470dcaea7 HTTP/1.1" status: 200 len: 1141 time: 0.0348945
2026-04-23 01:34:54.033 9 INFO neutron.db.ovn_revision_numbers_db [None req-4d62d40b-fa71-49ad-b1e9-fd749462e5a1 399df2a248004ba4bcab095413736897 52a832bb2efe4ac5953c8f3395c3cb70 - - default default] Successfully bumped revision number for resource 9889df6c-4612-43bf-850e-fc9732a314eb (type: security_group_rules) to 0
2026-04-23 01:34:54.071 9 INFO neutron.api.wsgi [None req-4d62d40b-fa71-49ad-b1e9-fd749462e5a1 399df2a248004ba4bcab095413736897 52a832bb2efe4ac5953c8f3395c3cb70 - - default default] 10.0.0.110 "POST /v2.0/security-group-rules HTTP/1.1" status: 201 len: 800 time: 0.4221766
2026-04-23 01:34:54.094 9 INFO neutron.api.wsgi [None req-44a06592-0a88-4ab6-94c4-537ee4c697e4 399df2a248004ba4bcab095413736897 52a832bb2efe4ac5953c8f3395c3cb70 - - default default] 10.0.0.110 "GET /v2.0/security-group-rules/9889df6c-4612-43bf-850e-fc9732a314eb HTTP/1.1" status: 200 len: 795 time: 0.0140402
2026-04-23 01:34:54.194 9 INFO neutron.api.wsgi [None req-4b713ded-47ee-49ab-a5c0-72186236cd6d 399df2a248004ba4bcab095413736897 52a832bb2efe4ac5953c8f3395c3cb70 - - default default] 10.0.0.110 "GET /v2.0/security-group-rules HTTP/1.1" status: 200 len: 4333 time: 0.0942183
2026-04-23 01:34:54.199 9 INFO neutron.db.ovn_revision_numbers_db [None req-597e3e87-0e6c-4638-9740-2d5c9c9b9836 - - - - - -] Successfully bumped revision number for resource 14c9439f-3de5-4940-aec3-683470dcaea7 (type: ports) to 2
2026-04-23 01:34:54.332 9 INFO neutron.api.wsgi [None req-74aef1ce-ebde-4b40-9c89-ea9d0fff7c19 399df2a248004ba4bcab095413736897 52a832bb2efe4ac5953c8f3395c3cb70 - - default default] 10.0.0.110 "DELETE /v2.0/security-group-rules/9889df6c-4612-43bf-850e-fc9732a314eb HTTP/1.1" status: 204 len: 168 time: 0.1305883
2026-04-23 01:34:54.381 10 INFO neutron.db.ovn_revision_numbers_db [None req-6163b462-5ef7-4dc6-a752-5315201b65f7 91ca839dbcda46d3af22ee5ad56de9d6 0803f8ff07b74f198445f884bcc37285 - - default default] Successfully bumped revision number for resource f80ae962-bfea-474e-8abd-adcf3d15d47b (type: security_groups) to 1
2026-04-23 01:34:54.398 10 INFO neutron.db.ovn_revision_numbers_db [None req-6163b462-5ef7-4dc6-a752-5315201b65f7 91ca839dbcda46d3af22ee5ad56de9d6 0803f8ff07b74f198445f884bcc37285 - - default default] Successfully bumped revision number for resource 0f2d802d-d2ab-4b21-9451-8eded3cc8f9e (type: security_group_rules) to 0
2026-04-23 01:34:54.419 10 INFO neutron.db.ovn_revision_numbers_db [None req-6163b462-5ef7-4dc6-a752-5315201b65f7 91ca839dbcda46d3af22ee5ad56de9d6 0803f8ff07b74f198445f884bcc37285 - - default default] Successfully bumped revision number for resource 4127ce16-dcf5-481d-aa41-5a05e45b2306 (type: security_group_rules) to 0
2026-04-23 01:34:54.440 10 INFO neutron.db.ovn_revision_numbers_db [None req-6163b462-5ef7-4dc6-a752-5315201b65f7 91ca839dbcda46d3af22ee5ad56de9d6 0803f8ff07b74f198445f884bcc37285 - - default default] Successfully bumped revision number for resource 8627ffad-90ce-41e1-88e6-6e34d2fef2ae (type: security_group_rules) to 0
2026-04-23 01:34:54.450 10 INFO neutron.api.wsgi [None req-b4ea796a-b4e6-494d-adc6-5bb46a65daf4 399df2a248004ba4bcab095413736897 52a832bb2efe4ac5953c8f3395c3cb70 - - default default] 10.0.0.110 "GET /v2.0/security-group-rules HTTP/1.1" status: 200 len: 3755 time: 0.1069100
2026-04-23 01:34:54.464 10 INFO neutron.db.ovn_revision_numbers_db [None req-6163b462-5ef7-4dc6-a752-5315201b65f7 91ca839dbcda46d3af22ee5ad56de9d6 0803f8ff07b74f198445f884bcc37285 - - default default] Successfully bumped revision number for resource 96fe2ee2-6f0b-4cbe-8e5f-de9b8f6b5a0e (type: security_group_rules) to 0
2026-04-23 01:34:54.468 9 WARNING neutron_lib.context [None req-452c1966-e205-48e0-ac51-672ddd48bccc 399df2a248004ba4bcab095413736897 52a832bb2efe4ac5953c8f3395c3cb70 - - default default] Method 'is_advsvc' is deprecated since 2023.2 release (neutron-lib 3.8.0) and will be removed once support for the old RBAC API policies will be removed from Neutron. Please use method 'is_service_role' instead.
2026-04-23 01:34:54.502 10 INFO neutron.api.wsgi [None req-6163b462-5ef7-4dc6-a752-5315201b65f7 91ca839dbcda46d3af22ee5ad56de9d6 0803f8ff07b74f198445f884bcc37285 - - default default] 10.0.0.110 "GET /v2.0/security-groups?tenant_id=610a7d9680c042b88d1c706808b451e3&name=default HTTP/1.1" status: 200 len: 3120 time: 0.5971344
2026-04-23 01:34:54.595 9 INFO neutron.db.ovn_revision_numbers_db [None req-452c1966-e205-48e0-ac51-672ddd48bccc 399df2a248004ba4bcab095413736897 52a832bb2efe4ac5953c8f3395c3cb70 - - default default] Successfully bumped revision number for resource 66a6f1ef-14f1-4abb-945b-5bb5742c10c3 (type: security_group_rules) to 0
2026-04-23 01:34:54.632 9 INFO neutron.api.wsgi [None req-452c1966-e205-48e0-ac51-672ddd48bccc 399df2a248004ba4bcab095413736897 52a832bb2efe4ac5953c8f3395c3cb70 - - default default] 10.0.0.110 "POST /v2.0/security-group-rules HTTP/1.1" status: 201 len: 800 time: 0.1766217
2026-04-23 01:34:54.661 10 INFO neutron.api.wsgi [None req-b5d7f8e8-0744-4d54-8c75-1c2af6ecc110 399df2a248004ba4bcab095413736897 52a832bb2efe4ac5953c8f3395c3cb70 - - default default] 10.0.0.110 "GET /v2.0/security-group-rules/66a6f1ef-14f1-4abb-945b-5bb5742c10c3 HTTP/1.1" status: 200 len: 795 time: 0.0217965
2026-04-23 01:34:54.716 9 INFO neutron.api.wsgi [None req-6344ba6e-0077-414f-81d0-c5b391ee3949 91ca839dbcda46d3af22ee5ad56de9d6 0803f8ff07b74f198445f884bcc37285 - - default default] 10.0.0.110 "DELETE /v2.0/security-groups/f80ae962-bfea-474e-8abd-adcf3d15d47b HTTP/1.1" status: 204 len: 168 time: 0.2078643
2026-04-23 01:34:54.730 10 INFO neutron.api.wsgi [None req-72516415-7fb6-4e95-884b-d94549bfab51 399df2a248004ba4bcab095413736897 52a832bb2efe4ac5953c8f3395c3cb70 - - default default] 10.0.0.110 "GET /v2.0/security-group-rules HTTP/1.1" status: 200 len: 4333 time: 0.0647423
2026-04-23 01:34:54.832 10 INFO neutron.api.wsgi [None req-d47e033f-67be-4482-8d2f-67d798637b2e 9b2adb74703b4ae8b6d8da361c29106d c649a7a85ba54658a0ec24ce2373354f - - default default] 10.0.0.110 "PUT /v2.0/routers/c0814161-e553-4d20-8c54-259bb2b6e579/remove_router_interface HTTP/1.1" status: 200 len: 503 time: 0.8576572 /var/lib/openstack/lib/python3.12/site-packages/pycadf/identifier.py:71: UserWarning: Invalid uuid: neutron. To ensure interoperability, identifiers should be a valid uuid. warnings.warn(('Invalid uuid: %s. To ensure interoperability, '
2026-04-23 01:34:54.857 10 INFO neutron.api.wsgi [None req-b67dd544-e615-419a-97d9-b97460eebe12 9b2adb74703b4ae8b6d8da361c29106d c649a7a85ba54658a0ec24ce2373354f - - default default] 10.0.0.110 "GET /v2.0/ports?device_id=c0814161-e553-4d20-8c54-259bb2b6e579 HTTP/1.1" status: 200 len: 205 time: 0.0195611
2026-04-23 01:34:54.875 9 INFO neutron.api.wsgi [None req-362ee86b-011e-4e92-9803-f4461cf7450f 399df2a248004ba4bcab095413736897 52a832bb2efe4ac5953c8f3395c3cb70 - - default default] 10.0.0.110 "DELETE /v2.0/security-group-rules/66a6f1ef-14f1-4abb-945b-5bb5742c10c3 HTTP/1.1" status: 204 len: 168 time: 0.1392071
2026-04-23 01:34:54.987 10 INFO neutron.api.wsgi [None req-a8a62b99-c2af-4b3f-9569-1634985262dc 399df2a248004ba4bcab095413736897 52a832bb2efe4ac5953c8f3395c3cb70 - - default default] 10.0.0.110 "GET /v2.0/security-group-rules HTTP/1.1" status: 200 len: 3755 time: 0.1078312
2026-04-23 01:34:54.997 10 WARNING neutron_lib.context [None req-3aa8cf38-fcaf-476e-81e5-544e63e765aa 399df2a248004ba4bcab095413736897 52a832bb2efe4ac5953c8f3395c3cb70 - - default default] Method 'is_advsvc' is deprecated since 2023.2 release (neutron-lib 3.8.0) and will be removed once support for the old RBAC API policies will be removed from Neutron. Please use method 'is_service_role' instead.
2026-04-23 01:34:55.034 10 INFO neutron.api.wsgi [None req-9f759832-9956-4109-8888-67fb87186bca 9b2adb74703b4ae8b6d8da361c29106d c649a7a85ba54658a0ec24ce2373354f - - default default] 10.0.0.110 "DELETE /v2.0/routers/c0814161-e553-4d20-8c54-259bb2b6e579 HTTP/1.1" status: 204 len: 168 time: 0.1722794
2026-04-23 01:34:55.140 10 INFO neutron.db.ovn_revision_numbers_db [None req-3aa8cf38-fcaf-476e-81e5-544e63e765aa 399df2a248004ba4bcab095413736897 52a832bb2efe4ac5953c8f3395c3cb70 - - default default] Successfully bumped revision number for resource 642bd8b7-ac3c-41cf-8487-775e3b7ece7c (type: security_group_rules) to 0
2026-04-23 01:34:55.174 10 INFO neutron.api.wsgi [None req-3aa8cf38-fcaf-476e-81e5-544e63e765aa 399df2a248004ba4bcab095413736897 52a832bb2efe4ac5953c8f3395c3cb70 - - default default] 10.0.0.110 "POST /v2.0/security-group-rules HTTP/1.1" status: 201 len: 801 time: 0.1815886
2026-04-23 01:34:55.194 10 INFO neutron.api.wsgi [None req-7f14b2ac-f645-4a2e-a330-f59d295988d2 399df2a248004ba4bcab095413736897 52a832bb2efe4ac5953c8f3395c3cb70 - - default default] 10.0.0.110 "GET /v2.0/security-group-rules/642bd8b7-ac3c-41cf-8487-775e3b7ece7c HTTP/1.1" status: 200 len: 796 time: 0.0149336
2026-04-23 01:34:55.208 10 INFO neutron.api.wsgi [None req-b45d3b11-5f6c-4aef-8f98-69ea813764c1 9b2adb74703b4ae8b6d8da361c29106d c649a7a85ba54658a0ec24ce2373354f - - default default] 10.0.0.110 "DELETE /v2.0/subnets/e59fda66-c07f-4daf-8143-8dc4e61a8931 HTTP/1.1" status: 204 len: 168 time: 0.1669152
2026-04-23 01:34:55.262 9 INFO neutron.api.wsgi [None req-6bbc0558-725c-4c95-8768-994ef0e09e2c 399df2a248004ba4bcab095413736897 52a832bb2efe4ac5953c8f3395c3cb70 - - default default] 10.0.0.110 "GET /v2.0/security-group-rules HTTP/1.1" status: 200 len: 4334 time: 0.0615253
2026-04-23 01:34:55.387 9 INFO neutron.api.wsgi [None req-b3953659-3ce0-4440-86ff-87dd3f8bc6dd 399df2a248004ba4bcab095413736897 52a832bb2efe4ac5953c8f3395c3cb70 - - default default] 10.0.0.110 "DELETE /v2.0/security-group-rules/642bd8b7-ac3c-41cf-8487-775e3b7ece7c HTTP/1.1" status: 204 len: 168 time: 0.1203604
2026-04-23 01:34:55.448 9 INFO neutron.api.wsgi [None req-a35255e6-9c34-43c6-be26-d6ff4efdcc33 399df2a248004ba4bcab095413736897 52a832bb2efe4ac5953c8f3395c3cb70 - - default default] 10.0.0.110 "GET /v2.0/security-group-rules HTTP/1.1" status: 200 len: 3755 time: 0.0550981
2026-04-23 01:34:55.492 10 INFO neutron.services.segments.plugin [-] Segment da800957-5d6c-4603-b5da-459dc6be3206 resource provider aggregate not found
2026-04-23 01:34:55.498 10 INFO neutron.services.segments.plugin [-] Segment da800957-5d6c-4603-b5da-459dc6be3206 resource provider aggregate not found
2026-04-23 01:34:55.513 10 INFO neutron.services.segments.plugin [-] Segment da800957-5d6c-4603-b5da-459dc6be3206 resource provider not found; error: Placement Client Error (4xx): {"errors": [{"status": 404, "title": "Not Found", "detail": "The resource could not be found.\n\n No resource provider with uuid da800957-5d6c-4603-b5da-459dc6be3206 found for delete ", "request_id": "req-eeae55bc-5486-4494-b57e-043cd7d0de53"}]}
2026-04-23 01:34:55.517 10 INFO neutron.services.segments.plugin [-] Segment da800957-5d6c-4603-b5da-459dc6be3206 resource provider not found; error: Placement Client Error (4xx): {"errors": [{"status": 404, "title": "Not Found", "detail": "The resource could not be found.\n\n No resource provider with uuid da800957-5d6c-4603-b5da-459dc6be3206 found for delete ", "request_id": "req-e7d6064a-5d0f-4313-bdb2-6e1f7f0d0d21"}]}
2026-04-23 01:34:55.526 10 INFO neutron.api.wsgi [None req-07cd86c6-9943-461e-9abb-677c3b80dd69 9b2adb74703b4ae8b6d8da361c29106d c649a7a85ba54658a0ec24ce2373354f - - default default] 10.0.0.110 "DELETE /v2.0/networks/7eac2509-1752-4e1b-bfea-88b09ced1820 HTTP/1.1" status: 204 len: 168 time: 0.3118281
2026-04-23 01:34:55.538 9 WARNING neutron_lib.context [None req-e006dab7-5982-4fdf-873b-1036ca803ad1 9b2adb74703b4ae8b6d8da361c29106d c649a7a85ba54658a0ec24ce2373354f - - default default] Method 'is_advsvc' is deprecated since 2023.2 release (neutron-lib 3.8.0) and will be removed once support for the old RBAC API policies will be removed from Neutron. Please use method 'is_service_role' instead.
2026-04-23 01:34:55.571 9 INFO neutron.api.wsgi [None req-2810783a-1f0b-49b0-9908-543ad0bc1d96 399df2a248004ba4bcab095413736897 52a832bb2efe4ac5953c8f3395c3cb70 - - default default] 10.0.0.110 "DELETE /v2.0/security-groups/be68547f-0d79-404d-bb78-e5b6e2faf763 HTTP/1.1" status: 204 len: 168 time: 0.1174610
2026-04-23 01:34:55.622 9 INFO neutron.api.wsgi [None req-464ce587-059b-4063-8bfc-33fd254368b6 399df2a248004ba4bcab095413736897 52a832bb2efe4ac5953c8f3395c3cb70 - - default default] 10.0.0.110 "GET /v2.0/security-groups HTTP/1.1" status: 200 len: 3120 time: 0.0463686
2026-04-23 01:34:55.672 9 INFO neutron.api.wsgi [None req-25821d25-47a2-49c4-88da-8e6b3b524839 399df2a248004ba4bcab095413736897 52a832bb2efe4ac5953c8f3395c3cb70 - - default default] 10.0.0.110 "GET /v2.0/security-groups HTTP/1.1" status: 200 len: 3120 time: 0.0447366
2026-04-23 01:34:55.956 9 WARNING neutron.scheduler.dhcp_agent_scheduler [None req-e006dab7-5982-4fdf-873b-1036ca803ad1 9b2adb74703b4ae8b6d8da361c29106d c649a7a85ba54658a0ec24ce2373354f - - default default] No more DHCP agents
2026-04-23 01:34:55.958 9 WARNING neutron.api.rpc.agentnotifiers.dhcp_rpc_agent_api [None req-e006dab7-5982-4fdf-873b-1036ca803ad1 9b2adb74703b4ae8b6d8da361c29106d c649a7a85ba54658a0ec24ce2373354f - - default default] Unable to schedule network c667ea11-65b5-47cc-9e60-cd6d0f9f0c0c: no agents available; will retry on subsequent port and subnet creation events.
2026-04-23 01:34:56.078 9 INFO neutron.db.ovn_revision_numbers_db [None req-e006dab7-5982-4fdf-873b-1036ca803ad1 9b2adb74703b4ae8b6d8da361c29106d c649a7a85ba54658a0ec24ce2373354f - - default default] Successfully bumped revision number for resource 16271a0b-a52f-4211-a3bf-f53ecdb795e7 (type: ports) to 1
2026-04-23 01:34:56.416 10 INFO neutron.api.wsgi [None req-f8bf43a0-2af3-46ca-b7a6-756f4e36f861 91ca839dbcda46d3af22ee5ad56de9d6 0803f8ff07b74f198445f884bcc37285 - - default default] 10.0.0.110 "GET /v2.0/security-groups?tenant_id=52a832bb2efe4ac5953c8f3395c3cb70&name=default HTTP/1.1" status: 200 len: 3120 time: 0.1515820
2026-04-23 01:34:56.531 10 WARNING neutron_lib.context [None req-2a559407-de19-4bdc-8524-56e8e61f474a 467f8029621947c2b55da6abd31ee11a a3bcd6abd8504a4da040ea09d076991e - - default default] Method 'is_advsvc' is deprecated since 2023.2 release (neutron-lib 3.8.0) and will be removed once support for the old RBAC API policies will be removed from Neutron. Please use method 'is_service_role' instead.
2026-04-23 01:34:56.619 9 INFO neutron.plugins.ml2.drivers.ovn.mech_driver.ovsdb.commands [None req-eb9c0c3e-a625-4d63-99fc-a6040febb665 - - - - - -] Schedule LRP lrp-16271a0b-a52f-4211-a3bf-f53ecdb795e7 on gateway 5d7fbcc1-0c7c-47fc-bf15-80b384121cac with priority 1
2026-04-23 01:34:56.637 10 INFO neutron.plugins.ml2.drivers.ovn.mech_driver.mech_driver [None req-4fce37bf-196b-4479-8e8b-14b4f4452647 - - - - - -] OVN reports status up for port: 16271a0b-a52f-4211-a3bf-f53ecdb795e7
2026-04-23 01:34:56.645 10 INFO neutron.api.wsgi [None req-9d4a36aa-8aca-41eb-b95c-94681ff721ea 91ca839dbcda46d3af22ee5ad56de9d6 0803f8ff07b74f198445f884bcc37285 - - default default] 10.0.0.110 "DELETE /v2.0/security-groups/03801a8f-1987-4cae-8935-ed3958b493fd HTTP/1.1" status: 204 len: 168 time: 0.2254601
2026-04-23 01:34:56.647 10 INFO neutron.plugins.ml2.plugin [None req-4fce37bf-196b-4479-8e8b-14b4f4452647 - - - - - -] Attempt 1 to provision port 16271a0b-a52f-4211-a3bf-f53ecdb795e7
