2026-04-23 01:36:24.756 10 WARNING neutron_lib.context [None req-ef68e41b-2966-4a26-86ee-e6c114335f6b 191cf5154a0f4b18a11a34016b5fa16a a3e7dea2416a466789277274bda78dc8 - - default default] Method 'is_advsvc' is deprecated since 2023.2 release (neutron-lib 3.8.0) and will be removed once support for the old RBAC API policies will be removed from Neutron. Please use method 'is_service_role' instead.
2026-04-23 01:36:24.919 10 INFO neutron.api.wsgi [None req-ef68e41b-2966-4a26-86ee-e6c114335f6b 191cf5154a0f4b18a11a34016b5fa16a a3e7dea2416a466789277274bda78dc8 - - default default] 10.0.0.110 "POST /v2.0/trunks HTTP/1.1" status: 201 len: 608 time: 0.1696448
2026-04-23 01:36:24.948 10 INFO neutron.api.wsgi [None req-96f0d087-4323-48bc-8e5f-4b2a05ad8986 191cf5154a0f4b18a11a34016b5fa16a a3e7dea2416a466789277274bda78dc8 - - default default] 10.0.0.110 "PUT /v2.0/trunks/2b96a182-0519-4e6b-b23b-740ee643399d/tags HTTP/1.1" status: 200 len: 218 time: 0.0236228
2026-04-23 01:36:24.973 10 INFO neutron.api.wsgi [None req-954f2f7a-175d-4718-ae3b-9108eaf29f63 191cf5154a0f4b18a11a34016b5fa16a a3e7dea2416a466789277274bda78dc8 - - default default] 10.0.0.110 "GET /v2.0/trunks/2b96a182-0519-4e6b-b23b-740ee643399d/tags HTTP/1.1" status: 200 len: 218 time: 0.0205135
2026-04-23 01:36:25.006 10 INFO neutron.api.wsgi [None req-04b17c70-7d59-46e5-bdc8-94ea7bbd9208 191cf5154a0f4b18a11a34016b5fa16a a3e7dea2416a466789277274bda78dc8 - - default default] 10.0.0.110 "PUT /v2.0/trunks/2b96a182-0519-4e6b-b23b-740ee643399d/tags/green HTTP/1.1" status: 201 len: 201 time: 0.0280824
2026-04-23 01:36:25.029 10 INFO neutron.api.wsgi [None req-63957b09-2a96-4055-92e5-b6745f5bdbe5 191cf5154a0f4b18a11a34016b5fa16a a3e7dea2416a466789277274bda78dc8 - - default default] 10.0.0.110 "GET /v2.0/trunks/2b96a182-0519-4e6b-b23b-740ee643399d/tags HTTP/1.1" status: 200 len: 227 time: 0.0179191
2026-04-23 01:36:25.052 10 INFO neutron.api.wsgi [None req-f4285ff6-87f8-4581-9228-5b32cf5838da 191cf5154a0f4b18a11a34016b5fa16a a3e7dea2416a466789277274bda78dc8 - - default default] 10.0.0.110 "PUT /v2.0/trunks/2b96a182-0519-4e6b-b23b-740ee643399d/tags/red HTTP/1.1" status: 201 len: 201 time: 0.0178075
2026-04-23 01:36:25.071 10 INFO neutron.api.wsgi [None req-b76c773e-9612-444f-b04a-5dc35d645dce 191cf5154a0f4b18a11a34016b5fa16a a3e7dea2416a466789277274bda78dc8 - - default default] 10.0.0.110 "GET /v2.0/trunks/2b96a182-0519-4e6b-b23b-740ee643399d/tags HTTP/1.1" status: 200 len: 227 time: 0.0137365
2026-04-23 01:36:25.105 10 INFO neutron.api.wsgi [None req-9c44bcc0-ae79-48d2-8888-0d75aba1aa02 191cf5154a0f4b18a11a34016b5fa16a a3e7dea2416a466789277274bda78dc8 - - default default] 10.0.0.110 "PUT /v2.0/trunks/2b96a182-0519-4e6b-b23b-740ee643399d/tags/black.or.white HTTP/1.1" status: 201 len: 201 time: 0.0280435
2026-04-23 01:36:25.128 9 INFO neutron.api.wsgi [None req-e5acd5c3-b33a-4e4c-9645-6afc3e4a4e15 191cf5154a0f4b18a11a34016b5fa16a a3e7dea2416a466789277274bda78dc8 - - default default] 10.0.0.110 "GET /v2.0/trunks/2b96a182-0519-4e6b-b23b-740ee643399d/tags HTTP/1.1" status: 200 len: 245 time: 0.0186689
2026-04-23 01:36:25.150 10 INFO neutron.api.wsgi [req-72dbff0c-75ce-4c52-8409-701f921b20fe req-a69b25e7-cf4c-420e-8956-425dc9f12fc1 1e32f8a2ae764705924c00daa5214912 9dc1b7acfea74c36a754536cc7954589 - - default default] 199.204.45.30 "GET /v2.0/networks?id=35b4ab4e-8932-46c0-be38-98e1c06d3c08 HTTP/1.1" status: 200 len: 904 time: 0.0439987
2026-04-23 01:36:25.161 9 INFO neutron.api.wsgi [None req-886acbf5-f228-4e8e-b319-71e72e8a70c6 191cf5154a0f4b18a11a34016b5fa16a a3e7dea2416a466789277274bda78dc8 - - default default] 10.0.0.110 "PUT /v2.0/trunks/2b96a182-0519-4e6b-b23b-740ee643399d/tags HTTP/1.1" status: 200 len: 230 time: 0.0288498
2026-04-23 01:36:25.181 9 INFO neutron.api.wsgi [None req-1697d809-1b45-4514-9814-9873f10a985b 191cf5154a0f4b18a11a34016b5fa16a a3e7dea2416a466789277274bda78dc8 - - default default] 10.0.0.110 "GET /v2.0/trunks/2b96a182-0519-4e6b-b23b-740ee643399d/tags HTTP/1.1" status: 200 len: 230 time: 0.0156350
2026-04-23 01:36:25.191 10 INFO neutron.api.wsgi [req-72dbff0c-75ce-4c52-8409-701f921b20fe req-37927dbe-c66a-4d52-b1cf-11fcc3e35290 1e32f8a2ae764705924c00daa5214912 9dc1b7acfea74c36a754536cc7954589 - - default default] 199.204.45.30 "GET /v2.0/security-groups?fields=id&fields=name&tenant_id=9dc1b7acfea74c36a754536cc7954589 HTTP/1.1" status: 200 len: 378 time: 0.0334232
2026-04-23 01:36:25.200 10 WARNING neutron_lib.context [req-72dbff0c-75ce-4c52-8409-701f921b20fe req-4ece60bb-d37e-48ee-9236-4939bb676525 1e32f8a2ae764705924c00daa5214912 9dc1b7acfea74c36a754536cc7954589 - - default default] Method 'is_advsvc' is deprecated since 2023.2 release (neutron-lib 3.8.0) and will be removed once support for the old RBAC API policies will be removed from Neutron. Please use method 'is_service_role' instead.
2026-04-23 01:36:25.204 9 INFO neutron.api.wsgi [None req-6adc519e-7621-4314-8334-8f6408c25dd7 191cf5154a0f4b18a11a34016b5fa16a a3e7dea2416a466789277274bda78dc8 - - default default] 10.0.0.110 "GET /v2.0/trunks/2b96a182-0519-4e6b-b23b-740ee643399d/tags/red HTTP/1.1" status: 204 len: 168 time: 0.0180304
2026-04-23 01:36:25.224 9 INFO neutron.api.v2.resource [None req-b3a45e1d-047a-4d0f-9e76-eae97c089810 191cf5154a0f4b18a11a34016b5fa16a a3e7dea2416a466789277274bda78dc8 - - default default] show failed (client error): The resource could not be found.
2026-04-23 01:36:25.225 9 INFO neutron.api.wsgi [None req-b3a45e1d-047a-4d0f-9e76-eae97c089810 191cf5154a0f4b18a11a34016b5fa16a a3e7dea2416a466789277274bda78dc8 - - default default] 10.0.0.110 "GET /v2.0/trunks/2b96a182-0519-4e6b-b23b-740ee643399d/tags/green HTTP/1.1" status: 404 len: 299 time: 0.0157731
2026-04-23 01:36:25.250 9 INFO neutron.api.wsgi [None req-6cf82497-f4d5-48f1-9dd9-7cda3eeddace 191cf5154a0f4b18a11a34016b5fa16a a3e7dea2416a466789277274bda78dc8 - - default default] 10.0.0.110 "DELETE /v2.0/trunks/2b96a182-0519-4e6b-b23b-740ee643399d/tags/red HTTP/1.1" status: 204 len: 168 time: 0.0210848
2026-04-23 01:36:25.269 9 INFO neutron.api.wsgi [None req-c1419be9-a200-4c29-9fd9-4fc20b5f2950 191cf5154a0f4b18a11a34016b5fa16a a3e7dea2416a466789277274bda78dc8 - - default default] 10.0.0.110 "GET /v2.0/trunks/2b96a182-0519-4e6b-b23b-740ee643399d/tags HTTP/1.1" status: 200 len: 223 time: 0.0150876
2026-04-23 01:36:25.302 10 INFO neutron.api.v2.resource [None req-365839cb-2535-43a6-b0fe-c0086d34d511 191cf5154a0f4b18a11a34016b5fa16a a3e7dea2416a466789277274bda78dc8 - - default default] delete failed (client error): The resource could not be found.
2026-04-23 01:36:25.303 10 INFO neutron.api.wsgi [None req-365839cb-2535-43a6-b0fe-c0086d34d511 191cf5154a0f4b18a11a34016b5fa16a a3e7dea2416a466789277274bda78dc8 - - default default] 10.0.0.110 "DELETE /v2.0/trunks/2b96a182-0519-4e6b-b23b-740ee643399d/tags/green HTTP/1.1" status: 404 len: 299 time: 0.0304956
2026-04-23 01:36:25.336 9 INFO neutron.api.wsgi [None req-8e5d0158-7047-4258-b039-efc490f3935d 191cf5154a0f4b18a11a34016b5fa16a a3e7dea2416a466789277274bda78dc8 - - default default] 10.0.0.110 "DELETE /v2.0/trunks/2b96a182-0519-4e6b-b23b-740ee643399d/tags HTTP/1.1" status: 204 len: 168 time: 0.0282590
2026-04-23 01:36:25.356 9 INFO neutron.api.wsgi [None req-9c2fd495-cad5-4d02-8839-e7d32e1af534 191cf5154a0f4b18a11a34016b5fa16a a3e7dea2416a466789277274bda78dc8 - - default default] 10.0.0.110 "GET /v2.0/trunks/2b96a182-0519-4e6b-b23b-740ee643399d/tags HTTP/1.1" status: 200 len: 205 time: 0.0153046
2026-04-23 01:36:25.397 10 INFO neutron.api.wsgi [None req-f5ac70df-5f72-4516-915a-c8255e3fa92e 191cf5154a0f4b18a11a34016b5fa16a a3e7dea2416a466789277274bda78dc8 - - default default] 10.0.0.110 "GET /v2.0/trunks/2b96a182-0519-4e6b-b23b-740ee643399d HTTP/1.1" status: 200 len: 603 time: 0.0176697
2026-04-23 01:36:25.477 9 INFO neutron.api.wsgi [None req-407fdc48-49d8-4c53-8b67-12ca0286c043 191cf5154a0f4b18a11a34016b5fa16a a3e7dea2416a466789277274bda78dc8 - - default default] 10.0.0.110 "GET /v2.0/ports/05cb895a-29ab-420b-a25c-1b504272afa4 HTTP/1.1" status: 200 len: 1020 time: 0.0749764
2026-04-23 01:36:25.516 10 WARNING neutron.scheduler.dhcp_agent_scheduler [req-72dbff0c-75ce-4c52-8409-701f921b20fe req-4ece60bb-d37e-48ee-9236-4939bb676525 1e32f8a2ae764705924c00daa5214912 9dc1b7acfea74c36a754536cc7954589 - - default default] No more DHCP agents
2026-04-23 01:36:25.518 10 WARNING neutron.api.rpc.agentnotifiers.dhcp_rpc_agent_api [req-72dbff0c-75ce-4c52-8409-701f921b20fe req-4ece60bb-d37e-48ee-9236-4939bb676525 1e32f8a2ae764705924c00daa5214912 9dc1b7acfea74c36a754536cc7954589 - - default default] Unable to schedule network 35b4ab4e-8932-46c0-be38-98e1c06d3c08: no agents available; will retry on subsequent port and subnet creation events.
2026-04-23 01:36:25.583 9 INFO neutron.api.wsgi [None req-6965301c-4e10-454b-9b80-028384690006 191cf5154a0f4b18a11a34016b5fa16a a3e7dea2416a466789277274bda78dc8 - - default default] 10.0.0.110 "DELETE /v2.0/trunks/2b96a182-0519-4e6b-b23b-740ee643399d HTTP/1.1" status: 204 len: 168 time: 0.1012316
2026-04-23 01:36:25.663 10 INFO neutron.db.ovn_revision_numbers_db [req-72dbff0c-75ce-4c52-8409-701f921b20fe req-4ece60bb-d37e-48ee-9236-4939bb676525 1e32f8a2ae764705924c00daa5214912 9dc1b7acfea74c36a754536cc7954589 - - default default] Successfully bumped revision number for resource 266333df-32e0-4faa-846b-4153afde5f93 (type: ports) to 1
2026-04-23 01:36:25.688 10 INFO neutron.api.wsgi [req-72dbff0c-75ce-4c52-8409-701f921b20fe req-4ece60bb-d37e-48ee-9236-4939bb676525 1e32f8a2ae764705924c00daa5214912 9dc1b7acfea74c36a754536cc7954589 - - default default] 199.204.45.30 "POST /v2.0/ports HTTP/1.1" status: 201 len: 1384 time: 0.4923999 /var/lib/openstack/lib/python3.12/site-packages/pycadf/identifier.py:71: UserWarning: Invalid uuid: neutron. To ensure interoperability, identifiers should be a valid uuid. warnings.warn(('Invalid uuid: %s. To ensure interoperability, '
2026-04-23 01:36:25.705 10 WARNING neutron.plugins.ml2.drivers.ovn.mech_driver.ovsdb.ovn_client [None req-9673288e-3d98-46a0-85ba-51a990b607b2 - - - - - -] No hosting information found for port 138aeaf2-0e3c-47b5-ae99-d414171822dc: RuntimeError: No hosting information found for port 138aeaf2-0e3c-47b5-ae99-d414171822dc
2026-04-23 01:36:25.783 10 INFO neutron.db.ovn_revision_numbers_db [None req-9673288e-3d98-46a0-85ba-51a990b607b2 - - - - - -] Successfully bumped revision number for resource 138aeaf2-0e3c-47b5-ae99-d414171822dc (type: router_ports) to 2
2026-04-23 01:36:25.829 9 INFO neutron.api.wsgi [None req-31dd2006-fab2-4bf8-921b-5cb7f20c5c6f 191cf5154a0f4b18a11a34016b5fa16a a3e7dea2416a466789277274bda78dc8 - - default default] 10.0.0.110 "DELETE /v2.0/ports/05cb895a-29ab-420b-a25c-1b504272afa4 HTTP/1.1" status: 204 len: 168 time: 0.2402782
2026-04-23 01:36:26.005 10 INFO neutron.api.wsgi [req-b66a54cc-eddc-45ba-b871-35a54a19585d req-e55fae99-25c6-4271-b10b-76c973b5eb3b 1e32f8a2ae764705924c00daa5214912 9dc1b7acfea74c36a754536cc7954589 - - default default] 10.0.0.163 "GET /v2.0/ports?device_id=93ac8f33-a858-41aa-a1f2-55e138278617 HTTP/1.1" status: 200 len: 1382 time: 0.1132064 /var/lib/openstack/lib/python3.12/site-packages/pycadf/identifier.py:71: UserWarning: Invalid uuid: neutron. To ensure interoperability, identifiers should be a valid uuid. warnings.warn(('Invalid uuid: %s. To ensure interoperability, '
2026-04-23 01:36:26.050 10 INFO neutron.api.wsgi [req-b66a54cc-eddc-45ba-b871-35a54a19585d req-9054eda2-5a81-40e4-bd5d-209faa30c54a 1e32f8a2ae764705924c00daa5214912 9dc1b7acfea74c36a754536cc7954589 - - default default] 10.0.0.163 "GET /v2.0/security-groups?id=ea396bf4-89df-487b-8f94-21af6e9b12bc&fields=id&fields=name HTTP/1.1" status: 200 len: 311 time: 0.0389419
2026-04-23 01:36:26.096 10 INFO neutron.db.ovn_revision_numbers_db [req-72dbff0c-75ce-4c52-8409-701f921b20fe req-b47aabf7-7b34-4c2f-9a8c-bd553e4b190d ac89d56221214e9781827e73aac2a8d1 bc6adab9e9c04d77ab58d03b74f45e78 - - 6670a3f505bc44f7ba8b1edd2de6f792 6670a3f505bc44f7ba8b1edd2de6f792] Successfully bumped revision number for resource 266333df-32e0-4faa-846b-4153afde5f93 (type: ports) to 2
2026-04-23 01:36:26.159 9 INFO neutron.services.segments.plugin [-] Segment 1f4175f2-1dd7-49c4-b93c-2e6d863f0745 resource provider aggregate not found
2026-04-23 01:36:26.164 9 INFO neutron.services.segments.plugin [-] Segment 1f4175f2-1dd7-49c4-b93c-2e6d863f0745 resource provider aggregate not found
2026-04-23 01:36:26.176 9 INFO neutron.services.segments.plugin [-] Segment 1f4175f2-1dd7-49c4-b93c-2e6d863f0745 resource provider not found; error: Placement Client Error (4xx): {"errors": [{"status": 404, "title": "Not Found", "detail": "The resource could not be found.\n\n No resource provider with uuid 1f4175f2-1dd7-49c4-b93c-2e6d863f0745 found for delete ", "request_id": "req-b2f7b071-1058-4ed7-a01f-efde72d94e21"}]}
2026-04-23 01:36:26.181 9 INFO neutron.services.segments.plugin [-] Segment 1f4175f2-1dd7-49c4-b93c-2e6d863f0745 resource provider not found; error: Placement Client Error (4xx): {"errors": [{"status": 404, "title": "Not Found", "detail": "The resource could not be found.\n\n No resource provider with uuid 1f4175f2-1dd7-49c4-b93c-2e6d863f0745 found for delete ", "request_id": "req-36a1ee41-ec99-4fa3-b432-ed9702fda6d8"}]}
2026-04-23 01:36:26.191 9 INFO neutron.api.wsgi [None req-148070ea-ead5-4c50-b495-dbfc7ec49f89 191cf5154a0f4b18a11a34016b5fa16a a3e7dea2416a466789277274bda78dc8 - - default default] 10.0.0.110 "DELETE /v2.0/networks/9b77c776-e746-4a4a-9a75-047accf499bc HTTP/1.1" status: 204 len: 168 time: 0.3565500
2026-04-23 01:36:26.296 10 INFO neutron.db.ovn_revision_numbers_db [req-72dbff0c-75ce-4c52-8409-701f921b20fe req-b47aabf7-7b34-4c2f-9a8c-bd553e4b190d ac89d56221214e9781827e73aac2a8d1 bc6adab9e9c04d77ab58d03b74f45e78 - - 6670a3f505bc44f7ba8b1edd2de6f792 6670a3f505bc44f7ba8b1edd2de6f792] Successfully bumped revision number for resource 266333df-32e0-4faa-846b-4153afde5f93 (type: ports) to 4
2026-04-23 01:36:26.314 10 INFO neutron.api.wsgi [req-72dbff0c-75ce-4c52-8409-701f921b20fe req-b47aabf7-7b34-4c2f-9a8c-bd553e4b190d ac89d56221214e9781827e73aac2a8d1 bc6adab9e9c04d77ab58d03b74f45e78 - - 6670a3f505bc44f7ba8b1edd2de6f792 6670a3f505bc44f7ba8b1edd2de6f792] 199.204.45.30 "PUT /v2.0/ports/266333df-32e0-4faa-846b-4153afde5f93 HTTP/1.1" status: 200 len: 1629 time: 0.6207714
2026-04-23 01:36:26.351 10 INFO neutron.notifiers.nova [-] Nova event matching ['req-14965c54-c97c-4dc0-ac6a-2e55471f1e52'] response: {'name': 'network-changed', 'server_uuid': '93ac8f33-a858-41aa-a1f2-55e138278617', 'tag': '266333df-32e0-4faa-846b-4153afde5f93', 'status': 'completed', 'code': 200}
2026-04-23 01:36:26.599 9 INFO neutron.api.wsgi [req-b931e3d5-60b3-4329-b0e3-5d81d1d8e4ee req-a60abea7-83b0-4bef-89f8-79a12f1f369e ac89d56221214e9781827e73aac2a8d1 bc6adab9e9c04d77ab58d03b74f45e78 - - 6670a3f505bc44f7ba8b1edd2de6f792 6670a3f505bc44f7ba8b1edd2de6f792] 10.0.0.166 "GET /v2.0/ports?device_id=da2cb1c9-607c-4feb-a44c-8f65b9c2b6ff HTTP/1.1" status: 200 len: 1413 time: 0.0280018
2026-04-23 01:36:26.639 9 INFO neutron.api.wsgi [req-b931e3d5-60b3-4329-b0e3-5d81d1d8e4ee req-30f3bcc3-3e0a-45b5-b5d0-27eaf8ed9fb6 ac89d56221214e9781827e73aac2a8d1 bc6adab9e9c04d77ab58d03b74f45e78 - - 6670a3f505bc44f7ba8b1edd2de6f792 6670a3f505bc44f7ba8b1edd2de6f792] 10.0.0.166 "GET /v2.0/security-groups?id=e90b924e-9e9f-45f1-8175-c791c980b974&fields=id&fields=name HTTP/1.1" status: 200 len: 312 time: 0.0339453 /var/lib/openstack/lib/python3.12/site-packages/pycadf/identifier.py:71: UserWarning: Invalid uuid: neutron. To ensure interoperability, identifiers should be a valid uuid. warnings.warn(('Invalid uuid: %s. To ensure interoperability, '
2026-04-23 01:36:26.903 10 INFO neutron.api.wsgi [req-106d30cb-4bd7-4750-8d24-fe84bd15e915 req-357c1c81-add2-465a-bc82-7b9e8bcb9c6c ac89d56221214e9781827e73aac2a8d1 bc6adab9e9c04d77ab58d03b74f45e78 - - 6670a3f505bc44f7ba8b1edd2de6f792 6670a3f505bc44f7ba8b1edd2de6f792] 199.204.45.30 "GET /v2.0/ports?tenant_id=9dc1b7acfea74c36a754536cc7954589&device_id=93ac8f33-a858-41aa-a1f2-55e138278617 HTTP/1.1" status: 200 len: 1632 time: 0.0414476
2026-04-23 01:36:26.962 10 INFO neutron.api.wsgi [None req-debe49a0-1f40-47ac-ab77-f4818e1bdeb7 91ca839dbcda46d3af22ee5ad56de9d6 0803f8ff07b74f198445f884bcc37285 - - default default] 10.0.0.110 "GET /v2.0/security-groups?tenant_id=a3e7dea2416a466789277274bda78dc8&name=default HTTP/1.1" status: 200 len: 3124 time: 0.1403565
2026-04-23 01:36:26.969 10 INFO neutron.api.wsgi [req-106d30cb-4bd7-4750-8d24-fe84bd15e915 req-ad68e5f3-8284-40ff-8e3b-348ad526b572 ac89d56221214e9781827e73aac2a8d1 bc6adab9e9c04d77ab58d03b74f45e78 - - 6670a3f505bc44f7ba8b1edd2de6f792 6670a3f505bc44f7ba8b1edd2de6f792] 199.204.45.30 "GET /v2.0/networks?tenant_id=9dc1b7acfea74c36a754536cc7954589&shared=False HTTP/1.1" status: 200 len: 2585 time: 0.0614235
2026-04-23 01:36:27.030 10 INFO neutron.api.wsgi [req-106d30cb-4bd7-4750-8d24-fe84bd15e915 req-b122c5cc-3d3d-4190-b479-045def7efcfa ac89d56221214e9781827e73aac2a8d1 bc6adab9e9c04d77ab58d03b74f45e78 - - 6670a3f505bc44f7ba8b1edd2de6f792 6670a3f505bc44f7ba8b1edd2de6f792] 199.204.45.30 "GET /v2.0/networks?shared=True HTTP/1.1" status: 200 len: 952 time: 0.0541017
2026-04-23 01:36:27.175 9 INFO neutron.api.wsgi [None req-3a6d92ee-b4da-4d90-9d1f-f4002829ad31 91ca839dbcda46d3af22ee5ad56de9d6 0803f8ff07b74f198445f884bcc37285 - - default default] 10.0.0.110 "DELETE /v2.0/security-groups/92c25286-d9dc-4075-b204-339d16b0bc1b HTTP/1.1" status: 204 len: 168 time: 0.2082100
2026-04-23 01:36:27.404 10 INFO neutron.db.ovn_revision_numbers_db [None req-066e1b1d-3b40-4106-b276-f9751ec45662 91ca839dbcda46d3af22ee5ad56de9d6 0803f8ff07b74f198445f884bcc37285 - - default default] Successfully bumped revision number for resource 287cc13a-78e6-4200-8e54-679d57d9bd2d (type: security_groups) to 1
2026-04-23 01:36:27.420 10 INFO neutron.db.ovn_revision_numbers_db [None req-066e1b1d-3b40-4106-b276-f9751ec45662 91ca839dbcda46d3af22ee5ad56de9d6 0803f8ff07b74f198445f884bcc37285 - - default default] Successfully bumped revision number for resource 791ef50d-57e3-41c3-86a4-5ddd74942aa4 (type: security_group_rules) to 0
2026-04-23 01:36:27.434 10 INFO neutron.db.ovn_revision_numbers_db [None req-066e1b1d-3b40-4106-b276-f9751ec45662 91ca839dbcda46d3af22ee5ad56de9d6 0803f8ff07b74f198445f884bcc37285 - - default default] Successfully bumped revision number for resource b16e173e-a0eb-402d-8430-08283e13b7bb (type: security_group_rules) to 0
2026-04-23 01:36:27.447 10 INFO neutron.db.ovn_revision_numbers_db [None req-066e1b1d-3b40-4106-b276-f9751ec45662 91ca839dbcda46d3af22ee5ad56de9d6 0803f8ff07b74f198445f884bcc37285 - - default default] Successfully bumped revision number for resource e87e23cc-be24-4d14-a208-0108416838ca (type: security_group_rules) to 0
2026-04-23 01:36:27.460 10 INFO neutron.db.ovn_revision_numbers_db [None req-066e1b1d-3b40-4106-b276-f9751ec45662 91ca839dbcda46d3af22ee5ad56de9d6 0803f8ff07b74f198445f884bcc37285 - - default default] Successfully bumped revision number for resource fc22a2e8-ebc2-42d3-bd6f-4796fb64b792 (type: security_group_rules) to 0
2026-04-23 01:36:27.498 10 INFO neutron.api.wsgi [None req-066e1b1d-3b40-4106-b276-f9751ec45662 91ca839dbcda46d3af22ee5ad56de9d6 0803f8ff07b74f198445f884bcc37285 - - default default] 10.0.0.110 "GET /v2.0/security-groups?tenant_id=9615d2916d4b46eb9ca5ebac17da40c5&name=default HTTP/1.1" status: 200 len: 3124 time: 0.2271712
2026-04-23 01:36:27.712 10 INFO neutron.api.wsgi [None req-367aa31e-8e55-4347-b4a9-e909e4f482e0 91ca839dbcda46d3af22ee5ad56de9d6 0803f8ff07b74f198445f884bcc37285 - - default default] 10.0.0.110 "DELETE /v2.0/security-groups/287cc13a-78e6-4200-8e54-679d57d9bd2d HTTP/1.1" status: 204 len: 168 time: 0.2086051
2026-04-23 01:36:28.087 10 INFO neutron.api.wsgi [req-72dbff0c-75ce-4c52-8409-701f921b20fe req-92a7c2ff-4ade-44c4-b37c-be43c16bbbd6 ac89d56221214e9781827e73aac2a8d1 bc6adab9e9c04d77ab58d03b74f45e78 - - 6670a3f505bc44f7ba8b1edd2de6f792 6670a3f505bc44f7ba8b1edd2de6f792] 199.204.45.30 "GET /v2.0/ports?tenant_id=9dc1b7acfea74c36a754536cc7954589&device_id=93ac8f33-a858-41aa-a1f2-55e138278617 HTTP/1.1" status: 200 len: 1632 time: 0.0428975
2026-04-23 01:36:28.111 10 INFO neutron.api.wsgi [req-72dbff0c-75ce-4c52-8409-701f921b20fe req-96c5f5c0-a508-4ed7-beaf-33e7d57f4e88 ac89d56221214e9781827e73aac2a8d1 bc6adab9e9c04d77ab58d03b74f45e78 - - 6670a3f505bc44f7ba8b1edd2de6f792 6670a3f505bc44f7ba8b1edd2de6f792] 199.204.45.30 "GET /v2.0/floatingips?fixed_ip_address=10.2.1.63&port_id=266333df-32e0-4faa-846b-4153afde5f93 HTTP/1.1" status: 200 len: 217 time: 0.0173726
2026-04-23 01:36:28.137 10 INFO neutron.api.wsgi [req-72dbff0c-75ce-4c52-8409-701f921b20fe req-7527247c-3246-4786-9e91-818f2f931d70 ac89d56221214e9781827e73aac2a8d1 bc6adab9e9c04d77ab58d03b74f45e78 - - 6670a3f505bc44f7ba8b1edd2de6f792 6670a3f505bc44f7ba8b1edd2de6f792] 199.204.45.30 "GET /v2.0/floatingips?fixed_ip_address=fd7b%3Af9f7%3Afff%3A4eca%3A%3A2e7&port_id=266333df-32e0-4faa-846b-4153afde5f93 HTTP/1.1" status: 200 len: 217 time: 0.0193210
2026-04-23 01:36:28.142 10 INFO neutron.api.wsgi [req-d06b430b-2bc2-41b0-bfd8-2f886f930b01 req-4177f764-1dc4-42aa-a938-d8027f77cf25 2660e6c9de8840a29cf4fa7cec55f347 95b663a3f6f74b17af39c52517e686fc - - default default] 10.0.0.163 "GET /v2.0/ports?device_id=da2cb1c9-607c-4feb-a44c-8f65b9c2b6ff HTTP/1.1" status: 200 len: 1174 time: 0.1162238
2026-04-23 01:36:28.172 10 INFO neutron.api.wsgi [req-72dbff0c-75ce-4c52-8409-701f921b20fe req-ed050d87-1666-4911-9595-a197fa01ab61 ac89d56221214e9781827e73aac2a8d1 bc6adab9e9c04d77ab58d03b74f45e78 - - 6670a3f505bc44f7ba8b1edd2de6f792 6670a3f505bc44f7ba8b1edd2de6f792] 199.204.45.30 "GET /v2.0/subnets?id=7830096d-9f69-451c-ab56-97faeb44e805&id=accdb132-a310-4ec2-ad8c-d5bdd9360c79 HTTP/1.1" status: 200 len: 1611 time: 0.0288751
2026-04-23 01:36:28.196 10 INFO neutron.api.wsgi [req-72dbff0c-75ce-4c52-8409-701f921b20fe req-f5873997-6e2f-4927-905c-e3cbe91acecd ac89d56221214e9781827e73aac2a8d1 bc6adab9e9c04d77ab58d03b74f45e78 - - 6670a3f505bc44f7ba8b1edd2de6f792 6670a3f505bc44f7ba8b1edd2de6f792] 199.204.45.30 "GET /v2.0/ports?network_id=35b4ab4e-8932-46c0-be38-98e1c06d3c08&device_owner=network%3Adhcp HTTP/1.1" status: 200 len: 210 time: 0.0185421
2026-04-23 01:36:28.198 10 INFO neutron.api.wsgi [req-d06b430b-2bc2-41b0-bfd8-2f886f930b01 req-2799d30c-079f-42a2-b5db-fb06796d5bf0 2660e6c9de8840a29cf4fa7cec55f347 95b663a3f6f74b17af39c52517e686fc - - default default] 10.0.0.163 "GET /v2.0/security-groups?id=e90b924e-9e9f-45f1-8175-c791c980b974&fields=id&fields=name HTTP/1.1" status: 200 len: 312 time: 0.0492790
2026-04-23 01:36:28.216 10 INFO neutron.api.wsgi [req-72dbff0c-75ce-4c52-8409-701f921b20fe req-76f74016-f0cd-4fe8-982f-3764256befbc ac89d56221214e9781827e73aac2a8d1 bc6adab9e9c04d77ab58d03b74f45e78 - - 6670a3f505bc44f7ba8b1edd2de6f792 6670a3f505bc44f7ba8b1edd2de6f792] 199.204.45.30 "GET /v2.0/ports?network_id=35b4ab4e-8932-46c0-be38-98e1c06d3c08&device_owner=network%3Adhcp HTTP/1.1" status: 200 len: 210 time: 0.0142519
2026-04-23 01:36:28.261 10 INFO neutron.api.wsgi [req-72dbff0c-75ce-4c52-8409-701f921b20fe req-8bb94cce-5c89-4386-83d7-8cdb3309615b ac89d56221214e9781827e73aac2a8d1 bc6adab9e9c04d77ab58d03b74f45e78 - - 6670a3f505bc44f7ba8b1edd2de6f792 6670a3f505bc44f7ba8b1edd2de6f792] 199.204.45.30 "GET /v2.0/networks/35b4ab4e-8932-46c0-be38-98e1c06d3c08?fields=segments HTTP/1.1" status: 200 len: 212 time: 0.0380590
2026-04-23 01:36:28.312 10 INFO neutron.api.wsgi [req-72dbff0c-75ce-4c52-8409-701f921b20fe req-3f4662ee-1134-4c31-aaf2-7e64b7287339 ac89d56221214e9781827e73aac2a8d1 bc6adab9e9c04d77ab58d03b74f45e78 - - 6670a3f505bc44f7ba8b1edd2de6f792 6670a3f505bc44f7ba8b1edd2de6f792] 199.204.45.30 "GET /v2.0/networks/35b4ab4e-8932-46c0-be38-98e1c06d3c08?fields=provider%3Aphysical_network&fields=provider%3Anetwork_type HTTP/1.1" status: 200 len: 277 time: 0.0457940
2026-04-23 01:36:28.587 10 INFO neutron.plugins.ml2.drivers.ovn.mech_driver.mech_driver [None req-9673288e-3d98-46a0-85ba-51a990b607b2 - - - - - -] OVN reports status down for port: 5943b14f-b643-419a-861c-db68b53dece1
2026-04-23 01:36:28.724 10 INFO neutron.notifiers.nova [-] Nova event matching ['req-19a9664a-1d0e-45c8-838c-f1e41a728c9c'] response: {'server_uuid': 'da2cb1c9-607c-4feb-a44c-8f65b9c2b6ff', 'name': 'network-vif-unplugged', 'status': 'completed', 'tag': '5943b14f-b643-419a-861c-db68b53dece1', 'code': 200}
2026-04-23 01:36:28.805 9 INFO neutron.api.wsgi [None req-ae390217-578b-4e56-a728-7b173a1fbf13 91ca839dbcda46d3af22ee5ad56de9d6 0803f8ff07b74f198445f884bcc37285 - - default default] 10.0.0.65 "GET /v2.0/floatingips HTTP/1.1" status: 200 len: 1034 time: 0.1567392
2026-04-23 01:36:28.845 10 INFO neutron.db.ovn_revision_numbers_db [None req-9673288e-3d98-46a0-85ba-51a990b607b2 - - - - - -] Successfully bumped revision number for resource 5943b14f-b643-419a-861c-db68b53dece1 (type: ports) to 6
2026-04-23 01:36:28.861 9 INFO neutron.api.wsgi [None req-adc14c8a-98cc-49c3-9363-a373b70444be 91ca839dbcda46d3af22ee5ad56de9d6 0803f8ff07b74f198445f884bcc37285 - - default default] 10.0.0.65 "GET /v2.0/networks HTTP/1.1" status: 200 len: 5466 time: 0.0550492
2026-04-23 01:36:28.911 9 INFO neutron.api.wsgi [None req-38c06967-2cd6-4a67-96c6-5d7cac32aa3a 91ca839dbcda46d3af22ee5ad56de9d6 0803f8ff07b74f198445f884bcc37285 - - default default] 10.0.0.65 "GET /v2.0/security-groups HTTP/1.1" status: 200 len: 42408 time: 0.0476711
2026-04-23 01:36:29.003 9 INFO neutron.api.wsgi [None req-ff269122-e910-4f7b-9bee-901d115eaf7a 91ca839dbcda46d3af22ee5ad56de9d6 0803f8ff07b74f198445f884bcc37285 - - default default] 10.0.0.65 "GET /v2.0/ports HTTP/1.1" status: 200 len: 20779 time: 0.0819182
2026-04-23 01:36:29.086 9 INFO neutron.api.wsgi [None req-4fc961ea-8d06-40ae-856a-56b482cd39bc 91ca839dbcda46d3af22ee5ad56de9d6 0803f8ff07b74f198445f884bcc37285 - - default default] 10.0.0.65 "GET /v2.0/routers HTTP/1.1" status: 200 len: 2103 time: 0.0674391
2026-04-23 01:36:29.100 9 INFO neutron.api.wsgi [None req-9df85043-452e-459c-8a18-a57115199775 91ca839dbcda46d3af22ee5ad56de9d6 0803f8ff07b74f198445f884bcc37285 - - default default] 10.0.0.65 "GET /v2.0/agents?binary=ovn-controller HTTP/1.1" status: 200 len: 591 time: 0.0122266
2026-04-23 01:36:29.144 9 INFO neutron.api.wsgi [None req-e67582e9-94e0-4f4d-9013-5d2c5a7179c3 91ca839dbcda46d3af22ee5ad56de9d6 0803f8ff07b74f198445f884bcc37285 - - default default] 10.0.0.65 "GET /v2.0/subnets HTTP/1.1" status: 200 len: 6351 time: 0.0418720
2026-04-23 01:36:29.153 9 INFO neutron.api.wsgi [None req-b8fa527f-dfc1-47cb-b6a2-a9ae6b0951e5 91ca839dbcda46d3af22ee5ad56de9d6 0803f8ff07b74f198445f884bcc37285 - - default default] 10.0.0.65 "GET /v2.0/subnetpools HTTP/1.1" status: 200 len: 193 time: 0.0077763
2026-04-23 01:36:29.199 9 INFO neutron.api.wsgi [None req-1035a6e7-8502-4b62-b061-5524bddea102 91ca839dbcda46d3af22ee5ad56de9d6 0803f8ff07b74f198445f884bcc37285 - - default default] 10.0.0.65 "GET /v2.0/subnets HTTP/1.1" status: 200 len: 6351 time: 0.0446007
2026-04-23 01:36:29.214 9 INFO neutron.api.wsgi [None req-fd3e7d56-84c3-445f-b1f4-949439b8cbe4 91ca839dbcda46d3af22ee5ad56de9d6 0803f8ff07b74f198445f884bcc37285 - - default default] 10.0.0.65 "GET /v2.0/agents HTTP/1.1" status: 200 len: 1390 time: 0.0118694
2026-04-23 01:36:29.231 9 INFO neutron.api.wsgi [None req-d6aeeacb-b334-4bbd-baa1-09da8fc41d8f 91ca839dbcda46d3af22ee5ad56de9d6 0803f8ff07b74f198445f884bcc37285 - - default default] 10.0.0.65 "GET /v2.0/network-ip-availabilities HTTP/1.1" status: 200 len: 3809 time: 0.0156133 /var/lib/openstack/lib/python3.12/site-packages/pycadf/identifier.py:71: UserWarning: Invalid uuid: neutron. To ensure interoperability, identifiers should be a valid uuid. warnings.warn(('Invalid uuid: %s. To ensure interoperability, '
2026-04-23 01:36:29.296 10 INFO neutron.api.wsgi [req-e3cbe7e1-c4d4-4025-934e-f4226040bf88 req-bdc09644-fbf3-46bf-bfa8-70275d24fc3e 2660e6c9de8840a29cf4fa7cec55f347 95b663a3f6f74b17af39c52517e686fc - - default default] 10.0.0.163 "GET /v2.0/ports?device_id=da2cb1c9-607c-4feb-a44c-8f65b9c2b6ff HTTP/1.1" status: 200 len: 1172 time: 0.0386074
2026-04-23 01:36:29.336 10 INFO neutron.api.wsgi [req-e3cbe7e1-c4d4-4025-934e-f4226040bf88 req-00c577f0-9ac1-4762-95df-c50102c8fa46 2660e6c9de8840a29cf4fa7cec55f347 95b663a3f6f74b17af39c52517e686fc - - default default] 10.0.0.163 "GET /v2.0/security-groups?id=e90b924e-9e9f-45f1-8175-c791c980b974&fields=id&fields=name HTTP/1.1" status: 200 len: 312 time: 0.0326784
2026-04-23 01:36:29.803 10 INFO neutron.api.wsgi [req-2b185105-804b-415b-84a4-d0b1d776633e req-9ceb2c3d-d601-498f-81a1-213d8681543f 2660e6c9de8840a29cf4fa7cec55f347 95b663a3f6f74b17af39c52517e686fc - - default default] 199.204.45.30 "GET /v2.0/ports?device_id=da2cb1c9-607c-4feb-a44c-8f65b9c2b6ff HTTP/1.1" status: 200 len: 1172 time: 0.0286670
2026-04-23 01:36:30.108 10 INFO neutron.db.l3_db [req-2b185105-804b-415b-84a4-d0b1d776633e req-c41683d7-fea3-4aea-a3b2-d2dda3c5cf73 2660e6c9de8840a29cf4fa7cec55f347 95b663a3f6f74b17af39c52517e686fc - - default default] Floating IP bd885221-2f74-45e4-80f7-391629349895 disassociated. External IP: 10.96.250.220, port: 5943b14f-b643-419a-861c-db68b53dece1.
2026-04-23 01:36:30.216 10 INFO neutron.api.wsgi [req-2b185105-804b-415b-84a4-d0b1d776633e req-c41683d7-fea3-4aea-a3b2-d2dda3c5cf73 2660e6c9de8840a29cf4fa7cec55f347 95b663a3f6f74b17af39c52517e686fc - - default default] 199.204.45.30 "DELETE /v2.0/ports/5943b14f-b643-419a-861c-db68b53dece1 HTTP/1.1" status: 204 len: 173 time: 0.4073324
2026-04-23 01:36:30.413 10 INFO neutron.api.wsgi [req-8caa1a00-f311-4d27-993c-f507665cb3d9 req-c091f2f6-c0a5-4102-b27a-b17ab940d783 2660e6c9de8840a29cf4fa7cec55f347 95b663a3f6f74b17af39c52517e686fc - - default default] 10.0.0.163 "GET /v2.0/ports?device_id=da2cb1c9-607c-4feb-a44c-8f65b9c2b6ff HTTP/1.1" status: 200 len: 210 time: 0.0191627
2026-04-23 01:36:30.481 9 INFO neutron.plugins.ml2.drivers.ovn.mech_driver.mech_driver [None req-f4388edf-1f54-43cc-9919-64619803d9eb - - - - - -] OVN reports status up for port: 266333df-32e0-4faa-846b-4153afde5f93
2026-04-23 01:36:30.494 9 INFO neutron.plugins.ml2.plugin [None req-f4388edf-1f54-43cc-9919-64619803d9eb - - - - - -] Attempt 1 to provision port 266333df-32e0-4faa-846b-4153afde5f93
2026-04-23 01:36:30.620 9 INFO neutron.notifiers.nova [-] Nova event matching ['req-5db0ca74-fd78-4872-bf75-54e10cc591b0'] response: {'server_uuid': '93ac8f33-a858-41aa-a1f2-55e138278617', 'name': 'network-vif-plugged', 'status': 'completed', 'tag': '266333df-32e0-4faa-846b-4153afde5f93', 'code': 200}
2026-04-23 01:36:30.739 9 INFO neutron.db.ovn_revision_numbers_db [None req-f4388edf-1f54-43cc-9919-64619803d9eb - - - - - -] Successfully bumped revision number for resource 266333df-32e0-4faa-846b-4153afde5f93 (type: ports) to 5
2026-04-23 01:36:30.760 10 INFO neutron.notifiers.nova [-] Nova event matching ['req-f7045c29-82ba-4888-8e50-0e6b0b97564e'] response: {'server_uuid': 'da2cb1c9-607c-4feb-a44c-8f65b9c2b6ff', 'name': 'network-vif-unplugged', 'status': 'completed', 'tag': '5943b14f-b643-419a-861c-db68b53dece1', 'code': 200}
2026-04-23 01:36:30.760 10 INFO neutron.notifiers.nova [-] Nova event matching ['req-f7045c29-82ba-4888-8e50-0e6b0b97564e'] response: {'server_uuid': 'da2cb1c9-607c-4feb-a44c-8f65b9c2b6ff', 'name': 'network-vif-deleted', 'tag': '5943b14f-b643-419a-861c-db68b53dece1', 'status': 'completed', 'code': 200}
2026-04-23 01:36:31.196 10 INFO neutron.api.wsgi [req-53d5a7e0-7b2f-43af-9e28-16deae371a78 req-631b485e-7681-4b12-9dd0-45b85de64101 1e32f8a2ae764705924c00daa5214912 9dc1b7acfea74c36a754536cc7954589 - - default default] 10.0.0.163 "GET /v2.0/ports?device_id=93ac8f33-a858-41aa-a1f2-55e138278617 HTTP/1.1" status: 200 len: 1396 time: 0.0877063
2026-04-23 01:36:31.259 10 INFO neutron.api.wsgi [req-53d5a7e0-7b2f-43af-9e28-16deae371a78 req-ddfe5537-daf5-48be-adfa-7c269e1348d8 1e32f8a2ae764705924c00daa5214912 9dc1b7acfea74c36a754536cc7954589 - - default default] 10.0.0.163 "GET /v2.0/security-groups?id=ea396bf4-89df-487b-8f94-21af6e9b12bc&fields=id&fields=name HTTP/1.1" status: 200 len: 311 time: 0.0570040
2026-04-23 01:36:31.506 10 INFO neutron.api.wsgi [req-c573fbd6-0df5-4bc5-b164-fe596da03c62 req-b300e2b2-179f-4078-babf-e138c59e6b4f 2660e6c9de8840a29cf4fa7cec55f347 95b663a3f6f74b17af39c52517e686fc - - default default] 10.0.0.163 "GET /v2.0/ports?device_id=da2cb1c9-607c-4feb-a44c-8f65b9c2b6ff HTTP/1.1" status: 200 len: 210 time: 0.0233736
2026-04-23 01:36:32.593 10 INFO neutron.api.wsgi [req-d9d4198c-7550-4114-9d91-7861fe8d00bc req-c96f4ee8-8a62-4de4-912d-ace3b089275e 2660e6c9de8840a29cf4fa7cec55f347 95b663a3f6f74b17af39c52517e686fc - - default default] 10.0.0.163 "GET /v2.0/ports?device_id=da2cb1c9-607c-4feb-a44c-8f65b9c2b6ff HTTP/1.1" status: 200 len: 210 time: 0.0186791
2026-04-23 01:36:32.663 9 INFO neutron.notifiers.nova [-] Nova event matching ['req-8fd65cbe-2e1d-4090-954e-739019c47817'] response: {'server_uuid': '93ac8f33-a858-41aa-a1f2-55e138278617', 'name': 'network-vif-plugged', 'status': 'completed', 'tag': '266333df-32e0-4faa-846b-4153afde5f93', 'code': 200}
2026-04-23 01:36:33.826 10 INFO neutron.api.wsgi [None req-9787fd7f-311a-4962-a7c8-2de7f0dab0fb 2660e6c9de8840a29cf4fa7cec55f347 95b663a3f6f74b17af39c52517e686fc - - default default] 10.0.0.110 "DELETE /v2.0/security-groups/e90b924e-9e9f-45f1-8175-c791c980b974 HTTP/1.1" status: 204 len: 168 time: 0.1690905
2026-04-23 01:36:34.148 10 INFO neutron.api.wsgi [None req-bcc3778e-3edb-48d3-beda-1eac844a617f 2660e6c9de8840a29cf4fa7cec55f347 95b663a3f6f74b17af39c52517e686fc - - default default] 10.0.0.110 "DELETE /v2.0/floatingips/bd885221-2f74-45e4-80f7-391629349895 HTTP/1.1" status: 204 len: 168 time: 0.2909477
2026-04-23 01:36:34.400 10 INFO neutron.api.wsgi [req-b23f970d-5c66-432d-aa68-e7422546a3a3 req-508ddd66-c38d-47fa-b248-0710a93f26fa 2660e6c9de8840a29cf4fa7cec55f347 95b663a3f6f74b17af39c52517e686fc - - default default] 10.0.0.163 "GET /v2.0/ports?device_id=afec020d-6b7b-4d49-9163-4428cf3916a9 HTTP/1.1" status: 200 len: 1174 time: 0.1035197
2026-04-23 01:36:34.438 10 INFO neutron.api.wsgi [req-b23f970d-5c66-432d-aa68-e7422546a3a3 req-5064f1b6-ed55-4687-8f32-5849df21ac1a 2660e6c9de8840a29cf4fa7cec55f347 95b663a3f6f74b17af39c52517e686fc - - default default] 10.0.0.163 "GET /v2.0/security-groups?id=4ea4f257-34ee-4b47-bd29-fcd5c6ba5f16&fields=id&fields=name HTTP/1.1" status: 200 len: 313 time: 0.0323963
2026-04-23 01:36:34.863 10 INFO neutron.plugins.ml2.drivers.ovn.mech_driver.mech_driver [None req-536aa901-8318-4db1-8bfd-8c85dd97d8fd - - - - - -] OVN reports status down for port: fa034787-c436-4e69-90c7-29c9b6bdd175
2026-04-23 01:36:34.986 10 INFO neutron.notifiers.nova [-] Nova event matching ['req-c4b01137-c76b-4a72-baaa-16f48310090a'] response: {'server_uuid': 'afec020d-6b7b-4d49-9163-4428cf3916a9', 'name': 'network-vif-unplugged', 'status': 'completed', 'tag': 'fa034787-c436-4e69-90c7-29c9b6bdd175', 'code': 200}
2026-04-23 01:36:35.111 10 INFO neutron.db.ovn_revision_numbers_db [None req-536aa901-8318-4db1-8bfd-8c85dd97d8fd - - - - - -] Successfully bumped revision number for resource fa034787-c436-4e69-90c7-29c9b6bdd175 (type: ports) to 6 /var/lib/openstack/lib/python3.12/site-packages/pycadf/identifier.py:71: UserWarning: Invalid uuid: neutron. To ensure interoperability, identifiers should be a valid uuid. warnings.warn(('Invalid uuid: %s. To ensure interoperability, '
2026-04-23 01:36:35.539 10 INFO neutron.api.wsgi [req-ae46400e-54e9-4ca6-8cf8-26ba1f426ae5 req-aa9fa2b6-b021-4c17-9a3d-769786701f8d 2660e6c9de8840a29cf4fa7cec55f347 95b663a3f6f74b17af39c52517e686fc - - default default] 10.0.0.163 "GET /v2.0/ports?device_id=afec020d-6b7b-4d49-9163-4428cf3916a9 HTTP/1.1" status: 200 len: 1172 time: 0.0374591
2026-04-23 01:36:35.590 10 INFO neutron.api.wsgi [req-ae46400e-54e9-4ca6-8cf8-26ba1f426ae5 req-f2954c6a-b889-4544-a5f0-e0f416622b18 2660e6c9de8840a29cf4fa7cec55f347 95b663a3f6f74b17af39c52517e686fc - - default default] 10.0.0.163 "GET /v2.0/security-groups?id=4ea4f257-34ee-4b47-bd29-fcd5c6ba5f16&fields=id&fields=name HTTP/1.1" status: 200 len: 313 time: 0.0448885
2026-04-23 01:36:36.083 10 INFO neutron.api.wsgi [req-ffe50a94-01af-4ae8-ad2a-954ee1527b28 req-77acaa46-4d7e-4dd4-9781-5a2c4ab190d1 2660e6c9de8840a29cf4fa7cec55f347 95b663a3f6f74b17af39c52517e686fc - - default default] 199.204.45.30 "GET /v2.0/ports?device_id=afec020d-6b7b-4d49-9163-4428cf3916a9 HTTP/1.1" status: 200 len: 1172 time: 0.0372941
2026-04-23 01:36:36.358 10 INFO neutron.api.wsgi [req-ffe50a94-01af-4ae8-ad2a-954ee1527b28 req-821cb303-35bc-492e-920e-ba3fef2d90e4 2660e6c9de8840a29cf4fa7cec55f347 95b663a3f6f74b17af39c52517e686fc - - default default] 199.204.45.30 "DELETE /v2.0/ports/fa034787-c436-4e69-90c7-29c9b6bdd175 HTTP/1.1" status: 204 len: 173 time: 0.2707901
2026-04-23 01:36:36.398 10 INFO neutron.api.wsgi [req-18feaa42-3f1f-48e5-aade-36821a3f5594 req-eaa85b24-b943-4bce-b73d-af5bf3994678 1e32f8a2ae764705924c00daa5214912 9dc1b7acfea74c36a754536cc7954589 - - default default] 10.0.0.163 "GET /v2.0/ports?device_id=93ac8f33-a858-41aa-a1f2-55e138278617 HTTP/1.1" status: 200 len: 1396 time: 0.0792322
2026-04-23 01:36:36.439 10 INFO neutron.api.wsgi [req-18feaa42-3f1f-48e5-aade-36821a3f5594 req-d7760298-8527-4055-bee1-58c0a6127380 1e32f8a2ae764705924c00daa5214912 9dc1b7acfea74c36a754536cc7954589 - - default default] 10.0.0.163 "GET /v2.0/security-groups?id=ea396bf4-89df-487b-8f94-21af6e9b12bc&fields=id&fields=name HTTP/1.1" status: 200 len: 311 time: 0.0352945
2026-04-23 01:36:36.524 10 INFO neutron.api.wsgi [None req-f2c5ee88-f47b-47e9-b3a4-3476f77fb04b 1e32f8a2ae764705924c00daa5214912 9dc1b7acfea74c36a754536cc7954589 - - default default] 10.0.0.110 "GET /v2.0/ports?network_id=35b4ab4e-8932-46c0-be38-98e1c06d3c08&mac_address=fa%3A16%3A3e%3Acd%3A5d%3A8e HTTP/1.1" status: 200 len: 1391 time: 0.0601742
2026-04-23 01:36:36.534 10 WARNING neutron_lib.context [None req-64051f1d-ff3f-4243-bfbd-05cb5932bf1b 1e32f8a2ae764705924c00daa5214912 9dc1b7acfea74c36a754536cc7954589 - - default default] Method 'is_advsvc' is deprecated since 2023.2 release (neutron-lib 3.8.0) and will be removed once support for the old RBAC API policies will be removed from Neutron. Please use method 'is_service_role' instead.
2026-04-23 01:36:36.682 10 INFO neutron.api.wsgi [req-4e082a88-f077-4e94-9972-7a4df89d3c76 req-3f139309-ea54-45f6-a54a-c5ccc10d63b7 2660e6c9de8840a29cf4fa7cec55f347 95b663a3f6f74b17af39c52517e686fc - - default default] 10.0.0.163 "GET /v2.0/ports?device_id=afec020d-6b7b-4d49-9163-4428cf3916a9 HTTP/1.1" status: 200 len: 210 time: 0.0250978
2026-04-23 01:36:36.754 10 WARNING neutron.scheduler.dhcp_agent_scheduler [None req-64051f1d-ff3f-4243-bfbd-05cb5932bf1b 1e32f8a2ae764705924c00daa5214912 9dc1b7acfea74c36a754536cc7954589 - - default default] No more DHCP agents
2026-04-23 01:36:36.756 10 WARNING neutron.api.rpc.agentnotifiers.dhcp_rpc_agent_api [None req-64051f1d-ff3f-4243-bfbd-05cb5932bf1b 1e32f8a2ae764705924c00daa5214912 9dc1b7acfea74c36a754536cc7954589 - - default default] Unable to schedule network c667ea11-65b5-47cc-9e60-cd6d0f9f0c0c: no agents available; will retry on subsequent port and subnet creation events.
2026-04-23 01:36:37.024 10 INFO neutron.notifiers.nova [-] Nova event matching ['req-5c56b07b-32ee-41e7-8bb5-c88ffb4dfcb6'] response: {'server_uuid': 'afec020d-6b7b-4d49-9163-4428cf3916a9', 'name': 'network-vif-unplugged', 'status': 'completed', 'tag': 'fa034787-c436-4e69-90c7-29c9b6bdd175', 'code': 200}
2026-04-23 01:36:37.025 10 INFO neutron.notifiers.nova [-] Nova event matching ['req-5c56b07b-32ee-41e7-8bb5-c88ffb4dfcb6'] response: {'server_uuid': 'afec020d-6b7b-4d49-9163-4428cf3916a9', 'name': 'network-vif-deleted', 'tag': 'fa034787-c436-4e69-90c7-29c9b6bdd175', 'status': 'completed', 'code': 200}
2026-04-23 01:36:37.413 10 INFO neutron.db.ovn_revision_numbers_db [None req-64051f1d-ff3f-4243-bfbd-05cb5932bf1b 1e32f8a2ae764705924c00daa5214912 9dc1b7acfea74c36a754536cc7954589 - - default default] Successfully bumped revision number for resource 67ca398e-4d0f-45c5-b4d8-02fde2dbc156 (type: floatingips) to -1
2026-04-23 01:36:37.451 9 INFO neutron.api.wsgi [-] 10.0.0.55 "GET / HTTP/1.1" status: 200 len: 247 time: 0.0043159
2026-04-23 01:36:37.454 9 INFO neutron.api.wsgi [-] 10.0.0.55 "GET / HTTP/1.1" status: 200 len: 247 time: 0.0019848
2026-04-23 01:36:37.518 10 INFO neutron.db.ovn_revision_numbers_db [None req-64051f1d-ff3f-4243-bfbd-05cb5932bf1b 1e32f8a2ae764705924c00daa5214912 9dc1b7acfea74c36a754536cc7954589 - - default default] Successfully bumped revision number for resource 67ca398e-4d0f-45c5-b4d8-02fde2dbc156 (type: floatingips) to 1
2026-04-23 01:36:37.518 10 INFO neutron.db.l3_db [None req-64051f1d-ff3f-4243-bfbd-05cb5932bf1b 1e32f8a2ae764705924c00daa5214912 9dc1b7acfea74c36a754536cc7954589 - - default default] Floating IP 67ca398e-4d0f-45c5-b4d8-02fde2dbc156 associated. External IP: 10.96.250.217, port: 266333df-32e0-4faa-846b-4153afde5f93.
2026-04-23 01:36:37.556 10 INFO neutron.api.wsgi [None req-64051f1d-ff3f-4243-bfbd-05cb5932bf1b 1e32f8a2ae764705924c00daa5214912 9dc1b7acfea74c36a754536cc7954589 - - default default] 10.0.0.110 "POST /v2.0/floatingips HTTP/1.1" status: 201 len: 1053 time: 1.0258415
2026-04-23 01:36:37.661 10 INFO neutron.api.wsgi [req-3d13a1f8-a51b-4d54-b94d-5f2b02e81291 req-f6cc55ff-c661-4445-9786-0c31d04ade02 1e32f8a2ae764705924c00daa5214912 9dc1b7acfea74c36a754536cc7954589 - - default default] 10.0.0.163 "GET /v2.0/security-groups?name=tempest-lb_member_SG-1796698089&fields=id&tenant_id=9dc1b7acfea74c36a754536cc7954589 HTTP/1.1" status: 200 len: 267 time: 0.0351114
2026-04-23 01:36:37.721 10 INFO neutron.api.wsgi [req-3d13a1f8-a51b-4d54-b94d-5f2b02e81291 req-6cffb128-6eea-49f8-8612-54b3e7d3b357 1e32f8a2ae764705924c00daa5214912 9dc1b7acfea74c36a754536cc7954589 - - default default] 10.0.0.163 "GET /v2.0/networks?id=5d2fe9b9-8318-416f-8b8a-0ad031b969ee HTTP/1.1" status: 200 len: 904 time: 0.0505304
2026-04-23 01:36:37.733 10 INFO neutron.api.wsgi [req-3d13a1f8-a51b-4d54-b94d-5f2b02e81291 req-f0cae840-20d6-4d15-8de0-52d654cd21a2 1e32f8a2ae764705924c00daa5214912 9dc1b7acfea74c36a754536cc7954589 - - default default] 10.0.0.163 "GET /v2.0/quotas/9dc1b7acfea74c36a754536cc7954589 HTTP/1.1" status: 200 len: 491 time: 0.0077024
2026-04-23 01:36:37.799 10 INFO neutron.api.wsgi [req-36aabcff-c6b3-4e1c-a7fe-3a8459b67258 req-bc871f61-097f-4248-aaa9-408227504a8d 2660e6c9de8840a29cf4fa7cec55f347 95b663a3f6f74b17af39c52517e686fc - - default default] 10.0.0.163 "GET /v2.0/ports?device_id=afec020d-6b7b-4d49-9163-4428cf3916a9 HTTP/1.1" status: 200 len: 210 time: 0.0208318
2026-04-23 01:36:37.857 10 INFO neutron.api.wsgi [req-3d13a1f8-a51b-4d54-b94d-5f2b02e81291 req-3f815747-1572-4c9d-8c4f-315b8d3718eb 1e32f8a2ae764705924c00daa5214912 9dc1b7acfea74c36a754536cc7954589 - - default default] 10.0.0.163 "GET /v2.0/ports?tenant_id=9dc1b7acfea74c36a754536cc7954589&fields=id HTTP/1.1" status: 200 len: 532 time: 0.1186967
2026-04-23 01:36:37.911 10 INFO neutron.api.wsgi [req-3d13a1f8-a51b-4d54-b94d-5f2b02e81291 req-588ec872-0eab-4dbd-9712-44e1b7b99c42 ac89d56221214e9781827e73aac2a8d1 bc6adab9e9c04d77ab58d03b74f45e78 - - 6670a3f505bc44f7ba8b1edd2de6f792 6670a3f505bc44f7ba8b1edd2de6f792] 10.0.0.163 "GET /v2.0/networks/5d2fe9b9-8318-416f-8b8a-0ad031b969ee?fields=segments HTTP/1.1" status: 200 len: 212 time: 0.0415676
2026-04-23 01:36:37.955 10 INFO neutron.api.wsgi [req-3d13a1f8-a51b-4d54-b94d-5f2b02e81291 req-c2dc0516-34cf-4bf8-92d1-26e15c455b1d ac89d56221214e9781827e73aac2a8d1 bc6adab9e9c04d77ab58d03b74f45e78 - - 6670a3f505bc44f7ba8b1edd2de6f792 6670a3f505bc44f7ba8b1edd2de6f792] 10.0.0.163 "GET /v2.0/networks/5d2fe9b9-8318-416f-8b8a-0ad031b969ee?fields=provider%3Aphysical_network&fields=provider%3Anetwork_type HTTP/1.1" status: 200 len: 277 time: 0.0389307
2026-04-23 01:36:38.064 10 INFO neutron.api.wsgi [req-bcb2f1bd-4455-4014-9e89-8d0ba1c97237 req-8da7bbeb-b023-41c7-9e1b-ca1087589cb7 1e32f8a2ae764705924c00daa5214912 9dc1b7acfea74c36a754536cc7954589 - - default default] 10.0.0.163 "GET /v2.0/ports?device_id=aec6d9e1-1466-4feb-9710-0dafbaf31d95 HTTP/1.1" status: 200 len: 210 time: 0.0192642
2026-04-23 01:36:38.880 10 INFO neutron.api.wsgi [req-fc8244e8-4f40-4d62-9179-f8401c833c2d req-21c86b09-7829-465c-98f4-22015d2dea59 2660e6c9de8840a29cf4fa7cec55f347 95b663a3f6f74b17af39c52517e686fc - - default default] 10.0.0.163 "GET /v2.0/ports?device_id=afec020d-6b7b-4d49-9163-4428cf3916a9 HTTP/1.1" status: 200 len: 210 time: 0.0172832
2026-04-23 01:36:39.061 10 INFO neutron.notifiers.nova [-] Nova event matching ['req-f6993bd2-d3d3-4471-a254-23382eb96d43'] response: {'name': 'network-changed', 'server_uuid': '93ac8f33-a858-41aa-a1f2-55e138278617', 'tag': '266333df-32e0-4faa-846b-4153afde5f93', 'status': 'completed', 'code': 200}
2026-04-23 01:36:39.600 10 INFO neutron.api.wsgi [req-59211608-3c3b-4ea2-be0f-bda429555f0a req-98b49ff2-1e36-450d-92e4-113f2f9c18d2 ac89d56221214e9781827e73aac2a8d1 bc6adab9e9c04d77ab58d03b74f45e78 - - 6670a3f505bc44f7ba8b1edd2de6f792 6670a3f505bc44f7ba8b1edd2de6f792] 199.204.45.30 "GET /v2.0/ports?tenant_id=9dc1b7acfea74c36a754536cc7954589&device_id=93ac8f33-a858-41aa-a1f2-55e138278617 HTTP/1.1" status: 200 len: 1634 time: 0.0312610
2026-04-23 01:36:39.645 10 INFO neutron.api.wsgi [req-59211608-3c3b-4ea2-be0f-bda429555f0a req-f0638e45-10ac-4be1-ba07-2a9a59e1f37c ac89d56221214e9781827e73aac2a8d1 bc6adab9e9c04d77ab58d03b74f45e78 - - 6670a3f505bc44f7ba8b1edd2de6f792 6670a3f505bc44f7ba8b1edd2de6f792] 199.204.45.30 "GET /v2.0/networks?id=35b4ab4e-8932-46c0-be38-98e1c06d3c08 HTTP/1.1" status: 200 len: 1003 time: 0.0411572
2026-04-23 01:36:39.678 10 INFO neutron.api.wsgi [req-59211608-3c3b-4ea2-be0f-bda429555f0a req-d5961071-bc26-459b-af7e-08995add451b ac89d56221214e9781827e73aac2a8d1 bc6adab9e9c04d77ab58d03b74f45e78 - - 6670a3f505bc44f7ba8b1edd2de6f792 6670a3f505bc44f7ba8b1edd2de6f792] 199.204.45.30 "GET /v2.0/floatingips?fixed_ip_address=10.2.1.63&port_id=266333df-32e0-4faa-846b-4153afde5f93 HTTP/1.1" status: 200 len: 1058 time: 0.0279746
2026-04-23 01:36:39.708 10 INFO neutron.api.wsgi [req-59211608-3c3b-4ea2-be0f-bda429555f0a req-ee5f239d-9d0f-4e23-bcdc-3f8f22f4406d ac89d56221214e9781827e73aac2a8d1 bc6adab9e9c04d77ab58d03b74f45e78 - - 6670a3f505bc44f7ba8b1edd2de6f792 6670a3f505bc44f7ba8b1edd2de6f792] 199.204.45.30 "GET /v2.0/floatingips?fixed_ip_address=fd7b%3Af9f7%3Afff%3A4eca%3A%3A2e7&port_id=266333df-32e0-4faa-846b-4153afde5f93 HTTP/1.1" status: 200 len: 217 time: 0.0185378
2026-04-23 01:36:39.742 10 INFO neutron.api.wsgi [req-59211608-3c3b-4ea2-be0f-bda429555f0a req-d4987f32-2a4e-41db-bd0e-ac89e4bab8b6 ac89d56221214e9781827e73aac2a8d1 bc6adab9e9c04d77ab58d03b74f45e78 - - 6670a3f505bc44f7ba8b1edd2de6f792 6670a3f505bc44f7ba8b1edd2de6f792] 199.204.45.30 "GET /v2.0/subnets?id=7830096d-9f69-451c-ab56-97faeb44e805&id=accdb132-a310-4ec2-ad8c-d5bdd9360c79 HTTP/1.1" status: 200 len: 1611 time: 0.0241411
2026-04-23 01:36:39.761 10 INFO neutron.api.wsgi [req-59211608-3c3b-4ea2-be0f-bda429555f0a req-eaa7bf44-526e-46d0-9cc4-4a840c7ffc3e ac89d56221214e9781827e73aac2a8d1 bc6adab9e9c04d77ab58d03b74f45e78 - - 6670a3f505bc44f7ba8b1edd2de6f792 6670a3f505bc44f7ba8b1edd2de6f792] 199.204.45.30 "GET /v2.0/ports?network_id=35b4ab4e-8932-46c0-be38-98e1c06d3c08&device_owner=network%3Adhcp HTTP/1.1" status: 200 len: 210 time: 0.0151322
2026-04-23 01:36:39.784 10 INFO neutron.api.wsgi [req-59211608-3c3b-4ea2-be0f-bda429555f0a req-a4e8b9b2-7845-4ca7-bfa6-4ade1dd13c44 ac89d56221214e9781827e73aac2a8d1 bc6adab9e9c04d77ab58d03b74f45e78 - - 6670a3f505bc44f7ba8b1edd2de6f792 6670a3f505bc44f7ba8b1edd2de6f792] 199.204.45.30 "GET /v2.0/ports?network_id=35b4ab4e-8932-46c0-be38-98e1c06d3c08&device_owner=network%3Adhcp HTTP/1.1" status: 200 len: 210 time: 0.0169168
2026-04-23 01:36:39.828 10 INFO neutron.api.wsgi [req-59211608-3c3b-4ea2-be0f-bda429555f0a req-c128a9de-c2b4-4cda-a15a-e85730b7637a ac89d56221214e9781827e73aac2a8d1 bc6adab9e9c04d77ab58d03b74f45e78 - - 6670a3f505bc44f7ba8b1edd2de6f792 6670a3f505bc44f7ba8b1edd2de6f792] 199.204.45.30 "GET /v2.0/networks/35b4ab4e-8932-46c0-be38-98e1c06d3c08?fields=segments HTTP/1.1" status: 200 len: 212 time: 0.0384700
2026-04-23 01:36:39.874 10 INFO neutron.api.wsgi [req-59211608-3c3b-4ea2-be0f-bda429555f0a req-4e9e238d-f3b1-429c-8542-3eb610fe961c ac89d56221214e9781827e73aac2a8d1 bc6adab9e9c04d77ab58d03b74f45e78 - - 6670a3f505bc44f7ba8b1edd2de6f792 6670a3f505bc44f7ba8b1edd2de6f792] 199.204.45.30 "GET /v2.0/networks/35b4ab4e-8932-46c0-be38-98e1c06d3c08?fields=provider%3Aphysical_network&fields=provider%3Anetwork_type HTTP/1.1" status: 200 len: 277 time: 0.0399578 /var/lib/openstack/lib/python3.12/site-packages/pycadf/identifier.py:71: UserWarning: Invalid uuid: neutron. To ensure interoperability, identifiers should be a valid uuid. warnings.warn(('Invalid uuid: %s. To ensure interoperability, '
2026-04-23 01:36:40.084 9 INFO neutron.api.wsgi [None req-17699b79-b682-4f04-bfcd-d956b56a55e1 2660e6c9de8840a29cf4fa7cec55f347 95b663a3f6f74b17af39c52517e686fc - - default default] 10.0.0.110 "DELETE /v2.0/security-groups/4ea4f257-34ee-4b47-bd29-fcd5c6ba5f16 HTTP/1.1" status: 204 len: 168 time: 0.1511970
2026-04-23 01:36:40.914 9 INFO neutron.api.wsgi [None req-d6dc18d5-bf25-4c9f-a4e4-71b2371213ff 2660e6c9de8840a29cf4fa7cec55f347 95b663a3f6f74b17af39c52517e686fc - - default default] 10.0.0.110 "PUT /v2.0/routers/e8c1b634-b75f-4014-b17f-819b0e7a4909/remove_router_interface HTTP/1.1" status: 200 len: 503 time: 0.7990313
2026-04-23 01:36:41.079 10 INFO neutron.api.wsgi [None req-c7bcfd0a-26fc-4b9e-9e13-9ad7b9b70fda 2660e6c9de8840a29cf4fa7cec55f347 95b663a3f6f74b17af39c52517e686fc - - default default] 10.0.0.110 "DELETE /v2.0/subnets/e49be870-24e0-4f85-84bc-8fc8f9ce7e57 HTTP/1.1" status: 204 len: 168 time: 0.1591418
