2026-04-23 01:32:21.333 9 INFO neutron.api.wsgi [None req-79c27a66-a91d-413b-9fc8-512c8424c021 91ca839dbcda46d3af22ee5ad56de9d6 0803f8ff07b74f198445f884bcc37285 - - default default] 10.0.0.110 "GET /v2.0/floatingips HTTP/1.1" status: 200 len: 212 time: 0.0213108
2026-04-23 01:32:21.356 9 INFO neutron.api.wsgi [None req-53a68216-a4d8-4f74-9e03-1f703316c5ce 91ca839dbcda46d3af22ee5ad56de9d6 0803f8ff07b74f198445f884bcc37285 - - default default] 10.0.0.110 "GET /v2.0/routers HTTP/1.1" status: 200 len: 208 time: 0.0164211
2026-04-23 01:32:21.400 9 INFO neutron.api.wsgi [None req-e149e10c-fa96-49da-b709-993ac508f36d 91ca839dbcda46d3af22ee5ad56de9d6 0803f8ff07b74f198445f884bcc37285 - - default default] 10.0.0.110 "GET /v2.0/ports HTTP/1.1" status: 200 len: 5366 time: 0.0395050
2026-04-23 01:32:21.429 9 INFO neutron.api.wsgi [None req-1da5e36a-5bd4-4383-81ff-1c9dae172e95 91ca839dbcda46d3af22ee5ad56de9d6 0803f8ff07b74f198445f884bcc37285 - - default default] 10.0.0.110 "GET /v2.0/subnets HTTP/1.1" status: 200 len: 1503 time: 0.0241280
2026-04-23 01:32:21.486 9 INFO neutron.api.wsgi [None req-f4b405b9-11dd-4b76-87c0-9750f3a7a2b7 91ca839dbcda46d3af22ee5ad56de9d6 0803f8ff07b74f198445f884bcc37285 - - default default] 10.0.0.110 "GET /v2.0/networks HTTP/1.1" status: 200 len: 2368 time: 0.0507452
2026-04-23 01:32:21.527 9 INFO neutron.api.wsgi [None req-822f1f30-428c-4464-9537-26c152192eac 91ca839dbcda46d3af22ee5ad56de9d6 0803f8ff07b74f198445f884bcc37285 - - default default] 10.0.0.110 "GET /v2.0/security-groups HTTP/1.1" status: 200 len: 17593 time: 0.0364087
2026-04-23 01:32:21.540 9 INFO neutron.api.wsgi [None req-3e624f92-493c-4a4b-b6d3-6e51c7359f46 91ca839dbcda46d3af22ee5ad56de9d6 0803f8ff07b74f198445f884bcc37285 - - default default] 10.0.0.110 "GET /v2.0/subnetpools HTTP/1.1" status: 200 len: 212 time: 0.0075269
2026-04-23 01:32:22.449 9 INFO neutron.api.wsgi [-] 10.0.0.55 "GET / HTTP/1.1" status: 200 len: 247 time: 0.0022020
2026-04-23 01:32:22.451 9 INFO neutron.api.wsgi [-] 10.0.0.55 "GET / HTTP/1.1" status: 200 len: 247 time: 0.0015111
2026-04-23 01:32:28.605 9 INFO neutron.api.wsgi [None req-ee2ece09-328c-4a0c-b893-b7b548012b30 91ca839dbcda46d3af22ee5ad56de9d6 0803f8ff07b74f198445f884bcc37285 - - default default] 10.0.0.65 "GET /v2.0/routers HTTP/1.1" status: 200 len: 189 time: 0.0567729
2026-04-23 01:32:28.629 9 INFO neutron.api.wsgi [None req-c0432dc6-5835-4048-aca5-af0befc664fa 91ca839dbcda46d3af22ee5ad56de9d6 0803f8ff07b74f198445f884bcc37285 - - default default] 10.0.0.65 "GET /v2.0/agents?binary=ovn-controller HTTP/1.1" status: 200 len: 591 time: 0.0237854
2026-04-23 01:32:28.680 9 INFO neutron.api.wsgi [None req-2aeeb86a-92d7-4bef-be04-5463107cd6a8 91ca839dbcda46d3af22ee5ad56de9d6 0803f8ff07b74f198445f884bcc37285 - - default default] 10.0.0.65 "GET /v2.0/ports HTTP/1.1" status: 200 len: 5347 time: 0.0494077
2026-04-23 01:32:28.739 9 INFO neutron.api.wsgi [None req-11feaab1-6257-4dff-9590-5d3a28030ad5 91ca839dbcda46d3af22ee5ad56de9d6 0803f8ff07b74f198445f884bcc37285 - - default default] 10.0.0.65 "GET /v2.0/security-groups HTTP/1.1" status: 200 len: 17574 time: 0.0472410
2026-04-23 01:32:28.784 9 INFO neutron.api.wsgi [None req-e16eb58a-5964-4a75-b133-9d28dae7f24f 91ca839dbcda46d3af22ee5ad56de9d6 0803f8ff07b74f198445f884bcc37285 - - default default] 10.0.0.65 "GET /v2.0/subnets HTTP/1.1" status: 200 len: 1484 time: 0.0402012
2026-04-23 01:32:28.794 9 INFO neutron.api.wsgi [None req-e9d83924-95e8-4304-87d5-977895a61fe3 91ca839dbcda46d3af22ee5ad56de9d6 0803f8ff07b74f198445f884bcc37285 - - default default] 10.0.0.65 "GET /v2.0/agents HTTP/1.1" status: 200 len: 1390 time: 0.0086136
2026-04-23 01:32:28.829 9 INFO neutron.api.wsgi [None req-e75a0ac4-d220-4e71-aa1c-01f8b27526d1 91ca839dbcda46d3af22ee5ad56de9d6 0803f8ff07b74f198445f884bcc37285 - - default default] 10.0.0.65 "GET /v2.0/network-ip-availabilities HTTP/1.1" status: 200 len: 1280 time: 0.0146210
2026-04-23 01:32:28.876 9 INFO neutron.api.wsgi [None req-95620b7a-255f-41d1-8c27-507ad8754a4d 91ca839dbcda46d3af22ee5ad56de9d6 0803f8ff07b74f198445f884bcc37285 - - default default] 10.0.0.65 "GET /v2.0/subnets HTTP/1.1" status: 200 len: 1484 time: 0.0461938
2026-04-23 01:32:28.893 9 INFO neutron.api.wsgi [None req-c7ee0d30-5ad4-4766-8f49-ea1171b285b1 91ca839dbcda46d3af22ee5ad56de9d6 0803f8ff07b74f198445f884bcc37285 - - default default] 10.0.0.65 "GET /v2.0/subnetpools HTTP/1.1" status: 200 len: 193 time: 0.0132675
2026-04-23 01:32:28.923 9 INFO neutron.api.wsgi [None req-2c64f566-e27b-48c6-b6d8-e6b7cb5d0e07 91ca839dbcda46d3af22ee5ad56de9d6 0803f8ff07b74f198445f884bcc37285 - - default default] 10.0.0.65 "GET /v2.0/floatingips HTTP/1.1" status: 200 len: 193 time: 0.0243831
2026-04-23 01:32:29.002 9 INFO neutron.api.wsgi [None req-d29b0ebe-5217-4668-aacf-4723d99ac200 91ca839dbcda46d3af22ee5ad56de9d6 0803f8ff07b74f198445f884bcc37285 - - default default] 10.0.0.65 "GET /v2.0/networks HTTP/1.1" status: 200 len: 2349 time: 0.0781443
2026-04-23 01:32:32.348 9 INFO neutron.db.ovn_revision_numbers_db [None req-1e9d523e-163d-4eda-bda4-2031977f8aed 91ca839dbcda46d3af22ee5ad56de9d6 0803f8ff07b74f198445f884bcc37285 - - default default] Successfully bumped revision number for resource 5fec2b91-5c23-4cd5-a618-a79ec0cc456e (type: security_groups) to 1
2026-04-23 01:32:32.360 9 INFO neutron.db.ovn_revision_numbers_db [None req-1e9d523e-163d-4eda-bda4-2031977f8aed 91ca839dbcda46d3af22ee5ad56de9d6 0803f8ff07b74f198445f884bcc37285 - - default default] Successfully bumped revision number for resource 123fb4e0-71c5-472d-bb92-f48041f43c73 (type: security_group_rules) to 0
2026-04-23 01:32:32.375 9 INFO neutron.db.ovn_revision_numbers_db [None req-1e9d523e-163d-4eda-bda4-2031977f8aed 91ca839dbcda46d3af22ee5ad56de9d6 0803f8ff07b74f198445f884bcc37285 - - default default] Successfully bumped revision number for resource 49a21082-fa39-4c4e-a3db-3d254306ba16 (type: security_group_rules) to 0
2026-04-23 01:32:32.387 10 INFO neutron.db.ovn_revision_numbers_db [None req-4fb880d8-47e0-4a1d-87e7-9571715658f2 91ca839dbcda46d3af22ee5ad56de9d6 0803f8ff07b74f198445f884bcc37285 - - default default] Successfully bumped revision number for resource a9fa1735-58ee-4c74-b1f9-f4fd3c5a0f54 (type: security_groups) to 1
2026-04-23 01:32:32.387 9 INFO neutron.db.ovn_revision_numbers_db [None req-1e9d523e-163d-4eda-bda4-2031977f8aed 91ca839dbcda46d3af22ee5ad56de9d6 0803f8ff07b74f198445f884bcc37285 - - default default] Successfully bumped revision number for resource 4a57c4a9-e3b6-4d03-b8e5-772dcbd0962b (type: security_group_rules) to 0
2026-04-23 01:32:32.401 9 INFO neutron.db.ovn_revision_numbers_db [None req-1e9d523e-163d-4eda-bda4-2031977f8aed 91ca839dbcda46d3af22ee5ad56de9d6 0803f8ff07b74f198445f884bcc37285 - - default default] Successfully bumped revision number for resource aac0659a-7f99-46b5-a59b-0ed4d6eaa260 (type: security_group_rules) to 0
2026-04-23 01:32:32.402 10 INFO neutron.db.ovn_revision_numbers_db [None req-4fb880d8-47e0-4a1d-87e7-9571715658f2 91ca839dbcda46d3af22ee5ad56de9d6 0803f8ff07b74f198445f884bcc37285 - - default default] Successfully bumped revision number for resource 0b1964f9-af44-47b9-b869-2d658e3a71f4 (type: security_group_rules) to 0
2026-04-23 01:32:32.418 10 INFO neutron.db.ovn_revision_numbers_db [None req-4fb880d8-47e0-4a1d-87e7-9571715658f2 91ca839dbcda46d3af22ee5ad56de9d6 0803f8ff07b74f198445f884bcc37285 - - default default] Successfully bumped revision number for resource 260a81c1-2c97-4ebb-a5cb-52356ece594a (type: security_group_rules) to 0
2026-04-23 01:32:32.422 10 INFO neutron.db.ovn_revision_numbers_db [None req-5dfda5b0-2a1e-4c63-9af3-833a807dd581 91ca839dbcda46d3af22ee5ad56de9d6 0803f8ff07b74f198445f884bcc37285 - - default default] Successfully bumped revision number for resource a6e0ed9e-8824-4a6c-a331-365a519043ca (type: security_groups) to 1
2026-04-23 01:32:32.430 10 INFO neutron.db.ovn_revision_numbers_db [None req-4fb880d8-47e0-4a1d-87e7-9571715658f2 91ca839dbcda46d3af22ee5ad56de9d6 0803f8ff07b74f198445f884bcc37285 - - default default] Successfully bumped revision number for resource 6af4e69f-5f00-4939-8c3f-a569c86da57b (type: security_group_rules) to 0
2026-04-23 01:32:32.435 10 INFO neutron.db.ovn_revision_numbers_db [None req-5dfda5b0-2a1e-4c63-9af3-833a807dd581 91ca839dbcda46d3af22ee5ad56de9d6 0803f8ff07b74f198445f884bcc37285 - - default default] Successfully bumped revision number for resource 24e28b1c-77ea-416e-bf01-23507ab60bd5 (type: security_group_rules) to 0
2026-04-23 01:32:32.441 10 INFO neutron.db.ovn_revision_numbers_db [None req-4fb880d8-47e0-4a1d-87e7-9571715658f2 91ca839dbcda46d3af22ee5ad56de9d6 0803f8ff07b74f198445f884bcc37285 - - default default] Successfully bumped revision number for resource 8306a982-f6c7-44ae-9e7d-1c58c8dbab60 (type: security_group_rules) to 0
2026-04-23 01:32:32.450 10 INFO neutron.db.ovn_revision_numbers_db [None req-5dfda5b0-2a1e-4c63-9af3-833a807dd581 91ca839dbcda46d3af22ee5ad56de9d6 0803f8ff07b74f198445f884bcc37285 - - default default] Successfully bumped revision number for resource 640c1f9f-0f88-4666-a689-89a140c8a8b1 (type: security_group_rules) to 0
2026-04-23 01:32:32.475 10 INFO neutron.db.ovn_revision_numbers_db [None req-5dfda5b0-2a1e-4c63-9af3-833a807dd581 91ca839dbcda46d3af22ee5ad56de9d6 0803f8ff07b74f198445f884bcc37285 - - default default] Successfully bumped revision number for resource 99c2f25a-a4bc-4d42-95e9-69f5aa322bd7 (type: security_group_rules) to 0
2026-04-23 01:32:32.485 9 INFO neutron.db.segments_db [None req-1e9d523e-163d-4eda-bda4-2031977f8aed 91ca839dbcda46d3af22ee5ad56de9d6 0803f8ff07b74f198445f884bcc37285 - - default default] Added segment c7219160-52c1-4951-81d8-6d0c31cf8d08 of type geneve for network 01f8cf52-6ea4-4bd3-9bfd-fc1a8813e747
2026-04-23 01:32:32.501 10 INFO neutron.db.ovn_revision_numbers_db [None req-5dfda5b0-2a1e-4c63-9af3-833a807dd581 91ca839dbcda46d3af22ee5ad56de9d6 0803f8ff07b74f198445f884bcc37285 - - default default] Successfully bumped revision number for resource cb92d29b-63b5-485f-95cc-8bebb3d164f9 (type: security_group_rules) to 0
2026-04-23 01:32:32.541 10 INFO neutron.db.segments_db [None req-4fb880d8-47e0-4a1d-87e7-9571715658f2 91ca839dbcda46d3af22ee5ad56de9d6 0803f8ff07b74f198445f884bcc37285 - - default default] Added segment d798dbcc-4cf7-40f7-8e48-6d4e27b19f24 of type geneve for network 3edbe0e0-c30a-4b0d-8b2b-25ac8ac34018
2026-04-23 01:32:32.588 10 INFO neutron.db.segments_db [None req-5dfda5b0-2a1e-4c63-9af3-833a807dd581 91ca839dbcda46d3af22ee5ad56de9d6 0803f8ff07b74f198445f884bcc37285 - - default default] Added segment 3b84b85f-f27d-4de3-a13e-3ac8887bedb8 of type geneve for network 7b189942-4bf6-4d6e-b03e-84fdedcbb820
2026-04-23 01:32:32.615 9 INFO neutron.db.ovn_revision_numbers_db [None req-1e9d523e-163d-4eda-bda4-2031977f8aed 91ca839dbcda46d3af22ee5ad56de9d6 0803f8ff07b74f198445f884bcc37285 - - default default] Successfully bumped revision number for resource 01f8cf52-6ea4-4bd3-9bfd-fc1a8813e747 (type: networks) to 1
2026-04-23 01:32:32.673 10 INFO neutron.db.ovn_revision_numbers_db [None req-4fb880d8-47e0-4a1d-87e7-9571715658f2 91ca839dbcda46d3af22ee5ad56de9d6 0803f8ff07b74f198445f884bcc37285 - - default default] Successfully bumped revision number for resource 3edbe0e0-c30a-4b0d-8b2b-25ac8ac34018 (type: networks) to 1
2026-04-23 01:32:32.716 10 INFO neutron.db.ovn_revision_numbers_db [None req-5dfda5b0-2a1e-4c63-9af3-833a807dd581 91ca839dbcda46d3af22ee5ad56de9d6 0803f8ff07b74f198445f884bcc37285 - - default default] Successfully bumped revision number for resource 7b189942-4bf6-4d6e-b03e-84fdedcbb820 (type: networks) to 1
2026-04-23 01:32:32.772 9 WARNING neutron.scheduler.dhcp_agent_scheduler [None req-1e9d523e-163d-4eda-bda4-2031977f8aed 91ca839dbcda46d3af22ee5ad56de9d6 0803f8ff07b74f198445f884bcc37285 - - default default] No more DHCP agents
2026-04-23 01:32:32.773 9 WARNING neutron.api.rpc.agentnotifiers.dhcp_rpc_agent_api [None req-1e9d523e-163d-4eda-bda4-2031977f8aed 91ca839dbcda46d3af22ee5ad56de9d6 0803f8ff07b74f198445f884bcc37285 - - default default] Unable to schedule network 01f8cf52-6ea4-4bd3-9bfd-fc1a8813e747: no agents available; will retry on subsequent port and subnet creation events.
2026-04-23 01:32:32.841 9 INFO neutron.db.ovn_revision_numbers_db [None req-1e9d523e-163d-4eda-bda4-2031977f8aed 91ca839dbcda46d3af22ee5ad56de9d6 0803f8ff07b74f198445f884bcc37285 - - default default] Successfully bumped revision number for resource 49f443b2-8018-47dc-979e-2699da796dcd (type: ports) to 1
2026-04-23 01:32:32.847 10 WARNING neutron.scheduler.dhcp_agent_scheduler [None req-4fb880d8-47e0-4a1d-87e7-9571715658f2 91ca839dbcda46d3af22ee5ad56de9d6 0803f8ff07b74f198445f884bcc37285 - - default default] No more DHCP agents
2026-04-23 01:32:32.850 10 WARNING neutron.api.rpc.agentnotifiers.dhcp_rpc_agent_api [None req-4fb880d8-47e0-4a1d-87e7-9571715658f2 91ca839dbcda46d3af22ee5ad56de9d6 0803f8ff07b74f198445f884bcc37285 - - default default] Unable to schedule network 3edbe0e0-c30a-4b0d-8b2b-25ac8ac34018: no agents available; will retry on subsequent port and subnet creation events.
2026-04-23 01:32:32.861 9 INFO neutron.api.wsgi [None req-1e9d523e-163d-4eda-bda4-2031977f8aed 91ca839dbcda46d3af22ee5ad56de9d6 0803f8ff07b74f198445f884bcc37285 - - default default] 10.0.0.110 "POST /v2.0/networks HTTP/1.1" status: 201 len: 946 time: 0.7404048
2026-04-23 01:32:32.865 10 WARNING neutron.scheduler.dhcp_agent_scheduler [None req-5dfda5b0-2a1e-4c63-9af3-833a807dd581 91ca839dbcda46d3af22ee5ad56de9d6 0803f8ff07b74f198445f884bcc37285 - - default default] No more DHCP agents
2026-04-23 01:32:32.867 10 WARNING neutron.api.rpc.agentnotifiers.dhcp_rpc_agent_api [None req-5dfda5b0-2a1e-4c63-9af3-833a807dd581 91ca839dbcda46d3af22ee5ad56de9d6 0803f8ff07b74f198445f884bcc37285 - - default default] Unable to schedule network 7b189942-4bf6-4d6e-b03e-84fdedcbb820: no agents available; will retry on subsequent port and subnet creation events.
2026-04-23 01:32:32.930 10 INFO neutron.db.ovn_revision_numbers_db [None req-4fb880d8-47e0-4a1d-87e7-9571715658f2 91ca839dbcda46d3af22ee5ad56de9d6 0803f8ff07b74f198445f884bcc37285 - - default default] Successfully bumped revision number for resource c06cdb8e-a655-4673-b343-68be8ae06067 (type: ports) to 1
2026-04-23 01:32:32.939 10 INFO neutron.db.ovn_revision_numbers_db [None req-5dfda5b0-2a1e-4c63-9af3-833a807dd581 91ca839dbcda46d3af22ee5ad56de9d6 0803f8ff07b74f198445f884bcc37285 - - default default] Successfully bumped revision number for resource 229c39e9-7859-4f38-963e-0069477cc311 (type: ports) to 1
2026-04-23 01:32:32.959 10 INFO neutron.api.wsgi [None req-5dfda5b0-2a1e-4c63-9af3-833a807dd581 91ca839dbcda46d3af22ee5ad56de9d6 0803f8ff07b74f198445f884bcc37285 - - default default] 10.0.0.110 "POST /v2.0/networks HTTP/1.1" status: 201 len: 953 time: 0.7860959
2026-04-23 01:32:32.962 10 INFO neutron.api.wsgi [None req-4fb880d8-47e0-4a1d-87e7-9571715658f2 91ca839dbcda46d3af22ee5ad56de9d6 0803f8ff07b74f198445f884bcc37285 - - default default] 10.0.0.110 "POST /v2.0/networks HTTP/1.1" status: 201 len: 949 time: 0.7662568
2026-04-23 01:32:33.021 9 WARNING neutron.scheduler.dhcp_agent_scheduler [None req-81372aa3-3c09-47a0-ad85-fa618790c329 91ca839dbcda46d3af22ee5ad56de9d6 0803f8ff07b74f198445f884bcc37285 - - default default] No more DHCP agents
2026-04-23 01:32:33.024 9 WARNING neutron.api.rpc.agentnotifiers.dhcp_rpc_agent_api [None req-81372aa3-3c09-47a0-ad85-fa618790c329 91ca839dbcda46d3af22ee5ad56de9d6 0803f8ff07b74f198445f884bcc37285 - - default default] Unable to schedule network 01f8cf52-6ea4-4bd3-9bfd-fc1a8813e747: no agents available; will retry on subsequent port and subnet creation events.
2026-04-23 01:32:33.093 10 WARNING neutron.scheduler.dhcp_agent_scheduler [None req-154653a2-d745-4a7c-8212-7162c09fc3ae 91ca839dbcda46d3af22ee5ad56de9d6 0803f8ff07b74f198445f884bcc37285 - - default default] No more DHCP agents
2026-04-23 01:32:33.095 10 WARNING neutron.api.rpc.agentnotifiers.dhcp_rpc_agent_api [None req-154653a2-d745-4a7c-8212-7162c09fc3ae 91ca839dbcda46d3af22ee5ad56de9d6 0803f8ff07b74f198445f884bcc37285 - - default default] Unable to schedule network 7b189942-4bf6-4d6e-b03e-84fdedcbb820: no agents available; will retry on subsequent port and subnet creation events.
2026-04-23 01:32:33.160 9 WARNING neutron.scheduler.dhcp_agent_scheduler [None req-5e5765c5-b70a-41ee-9a28-ce06ee78e0d5 91ca839dbcda46d3af22ee5ad56de9d6 0803f8ff07b74f198445f884bcc37285 - - default default] No more DHCP agents
2026-04-23 01:32:33.164 9 WARNING neutron.api.rpc.agentnotifiers.dhcp_rpc_agent_api [None req-5e5765c5-b70a-41ee-9a28-ce06ee78e0d5 91ca839dbcda46d3af22ee5ad56de9d6 0803f8ff07b74f198445f884bcc37285 - - default default] Unable to schedule network 3edbe0e0-c30a-4b0d-8b2b-25ac8ac34018: no agents available; will retry on subsequent port and subnet creation events.
2026-04-23 01:32:33.236 9 INFO neutron.db.ovn_revision_numbers_db [None req-d4cb5c8f-523b-4a0b-848e-056a8b24d6ff 91ca839dbcda46d3af22ee5ad56de9d6 0803f8ff07b74f198445f884bcc37285 - - default default] Successfully bumped revision number for resource f9878ee4-7eab-4471-90dc-8f36c547fadf (type: security_groups) to 1
2026-04-23 01:32:33.260 9 INFO neutron.db.ovn_revision_numbers_db [None req-d4cb5c8f-523b-4a0b-848e-056a8b24d6ff 91ca839dbcda46d3af22ee5ad56de9d6 0803f8ff07b74f198445f884bcc37285 - - default default] Successfully bumped revision number for resource 40e75bc2-534d-48af-9854-d7ffbfe0fa33 (type: security_group_rules) to 0
2026-04-23 01:32:33.283 9 INFO neutron.db.ovn_revision_numbers_db [None req-d4cb5c8f-523b-4a0b-848e-056a8b24d6ff 91ca839dbcda46d3af22ee5ad56de9d6 0803f8ff07b74f198445f884bcc37285 - - default default] Successfully bumped revision number for resource 45779b31-3312-4d20-9ea2-6ba64a92014f (type: security_group_rules) to 0
2026-04-23 01:32:33.307 9 INFO neutron.db.ovn_revision_numbers_db [None req-d4cb5c8f-523b-4a0b-848e-056a8b24d6ff 91ca839dbcda46d3af22ee5ad56de9d6 0803f8ff07b74f198445f884bcc37285 - - default default] Successfully bumped revision number for resource 7550d5eb-7860-4404-a7f6-b11666b29dc2 (type: security_group_rules) to 0
2026-04-23 01:32:33.326 9 INFO neutron.db.ovn_revision_numbers_db [None req-d4cb5c8f-523b-4a0b-848e-056a8b24d6ff 91ca839dbcda46d3af22ee5ad56de9d6 0803f8ff07b74f198445f884bcc37285 - - default default] Successfully bumped revision number for resource b672f737-5747-439b-971d-4fa6b52781eb (type: security_group_rules) to 0
2026-04-23 01:32:33.388 9 INFO neutron.api.wsgi [None req-d4cb5c8f-523b-4a0b-848e-056a8b24d6ff 91ca839dbcda46d3af22ee5ad56de9d6 0803f8ff07b74f198445f884bcc37285 - - default default] 10.0.0.110 "GET /v2.0/security-groups?tenant_id=a99a631cacc04a66939ce94a13bd2ca3&name=default HTTP/1.1" status: 200 len: 3116 time: 0.4572072
2026-04-23 01:32:33.556 10 INFO neutron.db.ovn_revision_numbers_db [None req-7e4305e2-4adc-4a04-8383-f7842e623528 - - - - - -] Successfully bumped revision number for resource 229c39e9-7859-4f38-963e-0069477cc311 (type: ports) to 2
2026-04-23 01:32:33.598 10 INFO neutron.db.ovn_revision_numbers_db [None req-7e4305e2-4adc-4a04-8383-f7842e623528 - - - - - -] Successfully bumped revision number for resource 04f6caeb-f9ff-4f20-8582-a6fad6c298ce (type: subnets) to 0
2026-04-23 01:32:33.614 10 INFO neutron.api.wsgi [None req-154653a2-d745-4a7c-8212-7162c09fc3ae 91ca839dbcda46d3af22ee5ad56de9d6 0803f8ff07b74f198445f884bcc37285 - - default default] 10.0.0.110 "POST /v2.0/subnets HTTP/1.1" status: 201 len: 897 time: 0.6498966
2026-04-23 01:32:33.617 9 INFO neutron.db.ovn_revision_numbers_db [None req-29a1495c-a082-40d4-b453-21ff4fcc533e - - - - - -] Successfully bumped revision number for resource 49f443b2-8018-47dc-979e-2699da796dcd (type: ports) to 2
2026-04-23 01:32:33.656 9 INFO neutron.db.ovn_revision_numbers_db [None req-29a1495c-a082-40d4-b453-21ff4fcc533e - - - - - -] Successfully bumped revision number for resource 2f446bfb-4c13-4f89-9516-72baf7079c6f (type: subnets) to 0
2026-04-23 01:32:33.673 9 INFO neutron.api.wsgi [None req-81372aa3-3c09-47a0-ad85-fa618790c329 91ca839dbcda46d3af22ee5ad56de9d6 0803f8ff07b74f198445f884bcc37285 - - default default] 10.0.0.110 "POST /v2.0/subnets HTTP/1.1" status: 201 len: 890 time: 0.8070028
2026-04-23 01:32:33.686 9 INFO neutron.db.ovn_revision_numbers_db [None req-511c880c-927e-478e-a1fb-d312b431d7ce - - - - - -] Successfully bumped revision number for resource c06cdb8e-a655-4673-b343-68be8ae06067 (type: ports) to 2
2026-04-23 01:32:33.711 9 INFO neutron.db.ovn_revision_numbers_db [None req-511c880c-927e-478e-a1fb-d312b431d7ce - - - - - -] Successfully bumped revision number for resource 5f3e7ebb-68c2-49cd-a9b0-3e21dbc8a556 (type: subnets) to 0
2026-04-23 01:32:33.720 10 INFO neutron.api.wsgi [None req-72481fca-b18a-44e2-81e4-8bc4a1219b09 91ca839dbcda46d3af22ee5ad56de9d6 0803f8ff07b74f198445f884bcc37285 - - default default] 10.0.0.110 "DELETE /v2.0/security-groups/f9878ee4-7eab-4471-90dc-8f36c547fadf HTTP/1.1" status: 204 len: 168 time: 0.3258524
2026-04-23 01:32:33.725 9 INFO neutron.api.wsgi [None req-5e5765c5-b70a-41ee-9a28-ce06ee78e0d5 91ca839dbcda46d3af22ee5ad56de9d6 0803f8ff07b74f198445f884bcc37285 - - default default] 10.0.0.110 "POST /v2.0/subnets HTTP/1.1" status: 201 len: 894 time: 0.7574222
2026-04-23 01:32:34.388 10 WARNING neutron.scheduler.dhcp_agent_scheduler [None req-2d58d4a4-6b43-4de6-b66d-41bc3a945a75 91ca839dbcda46d3af22ee5ad56de9d6 0803f8ff07b74f198445f884bcc37285 - - default default] No more DHCP agents
2026-04-23 01:32:34.395 10 WARNING neutron.api.rpc.agentnotifiers.dhcp_rpc_agent_api [None req-2d58d4a4-6b43-4de6-b66d-41bc3a945a75 91ca839dbcda46d3af22ee5ad56de9d6 0803f8ff07b74f198445f884bcc37285 - - default default] Unable to schedule network c667ea11-65b5-47cc-9e60-cd6d0f9f0c0c: no agents available; will retry on subsequent port and subnet creation events.
2026-04-23 01:32:34.516 10 INFO neutron.db.ovn_revision_numbers_db [None req-2d58d4a4-6b43-4de6-b66d-41bc3a945a75 91ca839dbcda46d3af22ee5ad56de9d6 0803f8ff07b74f198445f884bcc37285 - - default default] Successfully bumped revision number for resource 46225f5e-7add-4e2a-bbfa-1ebe4a5e2eed (type: ports) to 1
2026-04-23 01:32:34.538 10 WARNING neutron.scheduler.dhcp_agent_scheduler [None req-959f48ae-870e-4b25-a130-faac39ca637e 91ca839dbcda46d3af22ee5ad56de9d6 0803f8ff07b74f198445f884bcc37285 - - default default] No more DHCP agents
2026-04-23 01:32:34.545 10 WARNING neutron.api.rpc.agentnotifiers.dhcp_rpc_agent_api [None req-959f48ae-870e-4b25-a130-faac39ca637e 91ca839dbcda46d3af22ee5ad56de9d6 0803f8ff07b74f198445f884bcc37285 - - default default] Unable to schedule network c667ea11-65b5-47cc-9e60-cd6d0f9f0c0c: no agents available; will retry on subsequent port and subnet creation events.
2026-04-23 01:32:34.590 10 WARNING neutron.scheduler.dhcp_agent_scheduler [None req-f9843b2b-3f9c-4004-ae70-8d71421f918b 91ca839dbcda46d3af22ee5ad56de9d6 0803f8ff07b74f198445f884bcc37285 - - default default] No more DHCP agents
2026-04-23 01:32:34.595 10 WARNING neutron.api.rpc.agentnotifiers.dhcp_rpc_agent_api [None req-f9843b2b-3f9c-4004-ae70-8d71421f918b 91ca839dbcda46d3af22ee5ad56de9d6 0803f8ff07b74f198445f884bcc37285 - - default default] Unable to schedule network c667ea11-65b5-47cc-9e60-cd6d0f9f0c0c: no agents available; will retry on subsequent port and subnet creation events.
2026-04-23 01:32:34.747 10 INFO neutron.db.ovn_revision_numbers_db [None req-959f48ae-870e-4b25-a130-faac39ca637e 91ca839dbcda46d3af22ee5ad56de9d6 0803f8ff07b74f198445f884bcc37285 - - default default] Successfully bumped revision number for resource 86d21888-aeb6-463b-9b6f-17fa97b36b76 (type: ports) to 1
2026-04-23 01:32:34.848 10 INFO neutron.db.ovn_revision_numbers_db [None req-f9843b2b-3f9c-4004-ae70-8d71421f918b 91ca839dbcda46d3af22ee5ad56de9d6 0803f8ff07b74f198445f884bcc37285 - - default default] Successfully bumped revision number for resource 753bc0b1-af94-4a2f-8372-ec39846315f2 (type: ports) to 1
2026-04-23 01:32:34.938 10 INFO neutron.plugins.ml2.drivers.ovn.mech_driver.ovsdb.extensions.qos [None req-2d58d4a4-6b43-4de6-b66d-41bc3a945a75 91ca839dbcda46d3af22ee5ad56de9d6 0803f8ff07b74f198445f884bcc37285 - - default default] Starting OVNClientQosExtension
2026-04-23 01:32:35.537 10 INFO neutron.plugins.ml2.drivers.ovn.mech_driver.ovsdb.commands [None req-eb29098c-a4b6-4ea8-ba48-e466cb38a33e - - - - - -] Schedule LRP lrp-46225f5e-7add-4e2a-bbfa-1ebe4a5e2eed on gateway 5d7fbcc1-0c7c-47fc-bf15-80b384121cac with priority 1
2026-04-23 01:32:35.545 9 INFO neutron.plugins.ml2.drivers.ovn.mech_driver.mech_driver [None req-bb1df29a-78b6-4f0d-84e8-4f04d456a699 - - - - - -] OVN reports status up for port: 46225f5e-7add-4e2a-bbfa-1ebe4a5e2eed
2026-04-23 01:32:35.571 9 INFO neutron.plugins.ml2.plugin [None req-bb1df29a-78b6-4f0d-84e8-4f04d456a699 - - - - - -] Attempt 1 to provision port 46225f5e-7add-4e2a-bbfa-1ebe4a5e2eed
2026-04-23 01:32:35.610 10 INFO neutron.db.ovn_revision_numbers_db [None req-2d58d4a4-6b43-4de6-b66d-41bc3a945a75 91ca839dbcda46d3af22ee5ad56de9d6 0803f8ff07b74f198445f884bcc37285 - - default default] Successfully bumped revision number for resource 46225f5e-7add-4e2a-bbfa-1ebe4a5e2eed (type: router_ports) to 1
2026-04-23 01:32:35.702 10 INFO neutron.db.ovn_revision_numbers_db [None req-2d58d4a4-6b43-4de6-b66d-41bc3a945a75 91ca839dbcda46d3af22ee5ad56de9d6 0803f8ff07b74f198445f884bcc37285 - - default default] Successfully bumped revision number for resource ee6e9260-1d85-4ae6-a0df-b55590b38cb5 (type: routers) to 2
2026-04-23 01:32:35.740 10 INFO neutron.api.wsgi [None req-2d58d4a4-6b43-4de6-b66d-41bc3a945a75 91ca839dbcda46d3af22ee5ad56de9d6 0803f8ff07b74f198445f884bcc37285 - - default default] 10.0.0.110 "POST /v2.0/routers HTTP/1.1" status: 201 len: 1175 time: 2.1168227
2026-04-23 01:32:35.779 10 INFO neutron.plugins.ml2.drivers.ovn.mech_driver.ovsdb.commands [None req-eb29098c-a4b6-4ea8-ba48-e466cb38a33e - - - - - -] Schedule LRP lrp-86d21888-aeb6-463b-9b6f-17fa97b36b76 on gateway 5d7fbcc1-0c7c-47fc-bf15-80b384121cac with priority 1
2026-04-23 01:32:35.815 10 INFO neutron.plugins.ml2.drivers.ovn.mech_driver.ovsdb.commands [None req-eb29098c-a4b6-4ea8-ba48-e466cb38a33e - - - - - -] Schedule LRP lrp-753bc0b1-af94-4a2f-8372-ec39846315f2 on gateway 5d7fbcc1-0c7c-47fc-bf15-80b384121cac with priority 1
2026-04-23 01:32:35.844 10 INFO neutron.plugins.ml2.drivers.ovn.mech_driver.ovsdb.ovsdb_monitor [-] Router 97e1f6b3-7092-4769-a7be-832c273f88f2 is bound to host instance
2026-04-23 01:32:35.858 10 INFO neutron.db.ovn_revision_numbers_db [None req-959f48ae-870e-4b25-a130-faac39ca637e 91ca839dbcda46d3af22ee5ad56de9d6 0803f8ff07b74f198445f884bcc37285 - - default default] Successfully bumped revision number for resource 86d21888-aeb6-463b-9b6f-17fa97b36b76 (type: router_ports) to 1
2026-04-23 01:32:35.870 9 INFO neutron.plugins.ml2.drivers.ovn.mech_driver.ovsdb.ovsdb_monitor [-] Router 5fcef80e-781a-4378-ae95-aaf508230983 is bound to host instance
2026-04-23 01:32:35.902 10 INFO neutron.db.ovn_revision_numbers_db [None req-f9843b2b-3f9c-4004-ae70-8d71421f918b 91ca839dbcda46d3af22ee5ad56de9d6 0803f8ff07b74f198445f884bcc37285 - - default default] Successfully bumped revision number for resource 753bc0b1-af94-4a2f-8372-ec39846315f2 (type: router_ports) to 1
2026-04-23 01:32:35.977 10 INFO neutron.db.ovn_revision_numbers_db [None req-959f48ae-870e-4b25-a130-faac39ca637e 91ca839dbcda46d3af22ee5ad56de9d6 0803f8ff07b74f198445f884bcc37285 - - default default] Successfully bumped revision number for resource 5fcef80e-781a-4378-ae95-aaf508230983 (type: routers) to 2
2026-04-23 01:32:36.005 10 INFO neutron.api.wsgi [None req-959f48ae-870e-4b25-a130-faac39ca637e 91ca839dbcda46d3af22ee5ad56de9d6 0803f8ff07b74f198445f884bcc37285 - - default default] 10.0.0.110 "POST /v2.0/routers HTTP/1.1" status: 201 len: 1168 time: 2.3266675
2026-04-23 01:32:36.006 10 INFO neutron.db.ovn_revision_numbers_db [None req-f9843b2b-3f9c-4004-ae70-8d71421f918b 91ca839dbcda46d3af22ee5ad56de9d6 0803f8ff07b74f198445f884bcc37285 - - default default] Successfully bumped revision number for resource 97e1f6b3-7092-4769-a7be-832c273f88f2 (type: routers) to 2
2026-04-23 01:32:36.031 10 INFO neutron.api.wsgi [None req-f9843b2b-3f9c-4004-ae70-8d71421f918b 91ca839dbcda46d3af22ee5ad56de9d6 0803f8ff07b74f198445f884bcc37285 - - default default] 10.0.0.110 "POST /v2.0/routers HTTP/1.1" status: 201 len: 1172 time: 2.3003120
2026-04-23 01:32:36.385 9 INFO neutron.db.ovn_revision_numbers_db [None req-1307a20b-bb0b-40f0-be5f-7b2a86f1b603 - - - - - -] Successfully bumped revision number for resource 86d21888-aeb6-463b-9b6f-17fa97b36b76 (type: ports) to 1
2026-04-23 01:32:36.429 9 WARNING neutron.scheduler.dhcp_agent_scheduler [None req-42fbd2c0-d854-45c8-8734-b4d3bbee31aa 91ca839dbcda46d3af22ee5ad56de9d6 0803f8ff07b74f198445f884bcc37285 - - default default] No more DHCP agents
2026-04-23 01:32:36.431 9 WARNING neutron.api.rpc.agentnotifiers.dhcp_rpc_agent_api [None req-42fbd2c0-d854-45c8-8734-b4d3bbee31aa 91ca839dbcda46d3af22ee5ad56de9d6 0803f8ff07b74f198445f884bcc37285 - - default default] Unable to schedule network 7b189942-4bf6-4d6e-b03e-84fdedcbb820: no agents available; will retry on subsequent port and subnet creation events.
2026-04-23 01:32:36.553 9 INFO neutron.db.ovn_revision_numbers_db [None req-42fbd2c0-d854-45c8-8734-b4d3bbee31aa 91ca839dbcda46d3af22ee5ad56de9d6 0803f8ff07b74f198445f884bcc37285 - - default default] Successfully bumped revision number for resource bce2c7a0-64fe-49e2-ad96-628caec69e9d (type: ports) to 1
2026-04-23 01:32:36.628 10 INFO neutron.db.ovn_revision_numbers_db [None req-4d2cba45-5c6f-4eb5-b86d-7fddd60734c2 - - - - - -] Successfully bumped revision number for resource 753bc0b1-af94-4a2f-8372-ec39846315f2 (type: ports) to 1
2026-04-23 01:32:36.722 10 WARNING neutron.scheduler.dhcp_agent_scheduler [None req-41af2d26-85b2-4d9f-af83-94ae561d79ef 91ca839dbcda46d3af22ee5ad56de9d6 0803f8ff07b74f198445f884bcc37285 - - default default] No more DHCP agents
2026-04-23 01:32:36.729 10 WARNING neutron.api.rpc.agentnotifiers.dhcp_rpc_agent_api [None req-41af2d26-85b2-4d9f-af83-94ae561d79ef 91ca839dbcda46d3af22ee5ad56de9d6 0803f8ff07b74f198445f884bcc37285 - - default default] Unable to schedule network 01f8cf52-6ea4-4bd3-9bfd-fc1a8813e747: no agents available; will retry on subsequent port and subnet creation events.
2026-04-23 01:32:36.787 10 WARNING neutron.scheduler.dhcp_agent_scheduler [None req-8c97f6ee-4278-41da-b5cc-9aed8396f8da 91ca839dbcda46d3af22ee5ad56de9d6 0803f8ff07b74f198445f884bcc37285 - - default default] No more DHCP agents
2026-04-23 01:32:36.789 10 WARNING neutron.api.rpc.agentnotifiers.dhcp_rpc_agent_api [None req-8c97f6ee-4278-41da-b5cc-9aed8396f8da 91ca839dbcda46d3af22ee5ad56de9d6 0803f8ff07b74f198445f884bcc37285 - - default default] Unable to schedule network 3edbe0e0-c30a-4b0d-8b2b-25ac8ac34018: no agents available; will retry on subsequent port and subnet creation events.
2026-04-23 01:32:36.880 10 INFO neutron.db.ovn_revision_numbers_db [None req-41af2d26-85b2-4d9f-af83-94ae561d79ef 91ca839dbcda46d3af22ee5ad56de9d6 0803f8ff07b74f198445f884bcc37285 - - default default] Successfully bumped revision number for resource 690c6e3d-5410-4b0a-b74f-3df45224222a (type: ports) to 1
2026-04-23 01:32:36.886 9 INFO neutron.db.ovn_revision_numbers_db [None req-1307a20b-bb0b-40f0-be5f-7b2a86f1b603 - - - - - -] Successfully bumped revision number for resource 86d21888-aeb6-463b-9b6f-17fa97b36b76 (type: ports) to 4
2026-04-23 01:32:36.990 10 INFO neutron.db.ovn_revision_numbers_db [None req-8c97f6ee-4278-41da-b5cc-9aed8396f8da 91ca839dbcda46d3af22ee5ad56de9d6 0803f8ff07b74f198445f884bcc37285 - - default default] Successfully bumped revision number for resource 79577fac-4908-4491-a6c3-62ff843aff72 (type: ports) to 1
2026-04-23 01:32:37.120 10 INFO neutron.db.ovn_revision_numbers_db [None req-4d2cba45-5c6f-4eb5-b86d-7fddd60734c2 - - - - - -] Successfully bumped revision number for resource 753bc0b1-af94-4a2f-8372-ec39846315f2 (type: ports) to 4
2026-04-23 01:32:37.309 9 INFO neutron.db.ovn_revision_numbers_db [None req-1307a20b-bb0b-40f0-be5f-7b2a86f1b603 - - - - - -] Successfully bumped revision number for resource 86d21888-aeb6-463b-9b6f-17fa97b36b76 (type: ports) to 5
2026-04-23 01:32:37.351 10 INFO neutron.plugins.ml2.drivers.ovn.mech_driver.mech_driver [-] OVN reports status up for port: bce2c7a0-64fe-49e2-ad96-628caec69e9d
2026-04-23 01:32:37.383 9 INFO neutron.db.ovn_revision_numbers_db [None req-42fbd2c0-d854-45c8-8734-b4d3bbee31aa 91ca839dbcda46d3af22ee5ad56de9d6 0803f8ff07b74f198445f884bcc37285 - - default default] Successfully bumped revision number for resource bce2c7a0-64fe-49e2-ad96-628caec69e9d (type: ports) to 1
2026-04-23 01:32:37.383 10 INFO neutron.plugins.ml2.plugin [None req-83d8a824-83b1-4d2c-8f81-ca39bcb3f744 - - - - - -] Attempt 1 to provision port bce2c7a0-64fe-49e2-ad96-628caec69e9d
2026-04-23 01:32:37.437 9 WARNING neutron.scheduler.dhcp_agent_scheduler [None req-42fbd2c0-d854-45c8-8734-b4d3bbee31aa 91ca839dbcda46d3af22ee5ad56de9d6 0803f8ff07b74f198445f884bcc37285 - - default default] No more DHCP agents
2026-04-23 01:32:37.438 9 WARNING neutron.api.rpc.agentnotifiers.dhcp_rpc_agent_api [None req-42fbd2c0-d854-45c8-8734-b4d3bbee31aa 91ca839dbcda46d3af22ee5ad56de9d6 0803f8ff07b74f198445f884bcc37285 - - default default] Unable to schedule network 7b189942-4bf6-4d6e-b03e-84fdedcbb820: no agents available; will retry on subsequent port and subnet creation events.
2026-04-23 01:32:37.439 9 INFO neutron.plugins.ml2.drivers.ovn.mech_driver.ovsdb.extensions.qos [None req-42fbd2c0-d854-45c8-8734-b4d3bbee31aa 91ca839dbcda46d3af22ee5ad56de9d6 0803f8ff07b74f198445f884bcc37285 - - default default] Starting OVNClientQosExtension
2026-04-23 01:32:37.458 10 INFO neutron.api.wsgi [-] 10.0.0.55 "GET / HTTP/1.1" status: 200 len: 247 time: 0.0013456
2026-04-23 01:32:37.460 10 INFO neutron.api.wsgi [-] 10.0.0.55 "GET / HTTP/1.1" status: 200 len: 247 time: 0.0010347
2026-04-23 01:32:37.755 10 INFO neutron.db.ovn_revision_numbers_db [None req-4d2cba45-5c6f-4eb5-b86d-7fddd60734c2 - - - - - -] Successfully bumped revision number for resource 753bc0b1-af94-4a2f-8372-ec39846315f2 (type: ports) to 5
2026-04-23 01:32:37.808 9 INFO neutron.db.ovn_revision_numbers_db [None req-1a98a8e2-387e-4676-9e85-ea75b50b2505 91ca839dbcda46d3af22ee5ad56de9d6 0803f8ff07b74f198445f884bcc37285 - - default default] Successfully bumped revision number for resource f7b55a62-e3f8-43ea-b054-1016304c9e4f (type: security_groups) to 1
2026-04-23 01:32:37.827 9 INFO neutron.db.ovn_revision_numbers_db [None req-1a98a8e2-387e-4676-9e85-ea75b50b2505 91ca839dbcda46d3af22ee5ad56de9d6 0803f8ff07b74f198445f884bcc37285 - - default default] Successfully bumped revision number for resource 4071dbb5-67f4-41dd-b01c-1e0cfef3d8fc (type: security_group_rules) to 0
2026-04-23 01:32:37.844 9 INFO neutron.db.ovn_revision_numbers_db [None req-1a98a8e2-387e-4676-9e85-ea75b50b2505 91ca839dbcda46d3af22ee5ad56de9d6 0803f8ff07b74f198445f884bcc37285 - - default default] Successfully bumped revision number for resource 560efad7-93d3-4449-922e-58dc3f064424 (type: security_group_rules) to 0
2026-04-23 01:32:37.860 9 INFO neutron.db.ovn_revision_numbers_db [None req-1a98a8e2-387e-4676-9e85-ea75b50b2505 91ca839dbcda46d3af22ee5ad56de9d6 0803f8ff07b74f198445f884bcc37285 - - default default] Successfully bumped revision number for resource 98fedaba-8d9c-4088-aa0f-4506d96a0a6a (type: security_group_rules) to 0
2026-04-23 01:32:37.883 9 INFO neutron.db.ovn_revision_numbers_db [None req-1a98a8e2-387e-4676-9e85-ea75b50b2505 91ca839dbcda46d3af22ee5ad56de9d6 0803f8ff07b74f198445f884bcc37285 - - default default] Successfully bumped revision number for resource dcb5354a-b8fa-45ff-86f5-17769087ce16 (type: security_group_rules) to 0
2026-04-23 01:32:37.930 9 INFO neutron.api.wsgi [None req-1a98a8e2-387e-4676-9e85-ea75b50b2505 91ca839dbcda46d3af22ee5ad56de9d6 0803f8ff07b74f198445f884bcc37285 - - default default] 10.0.0.110 "GET /v2.0/security-groups?tenant_id=8a94757e56f1471ab5002e616d4cec42&name=default HTTP/1.1" status: 200 len: 3116 time: 0.4311624
2026-04-23 01:32:37.949 10 INFO neutron.db.ovn_revision_numbers_db [None req-41af2d26-85b2-4d9f-af83-94ae561d79ef 91ca839dbcda46d3af22ee5ad56de9d6 0803f8ff07b74f198445f884bcc37285 - - default default] Successfully bumped revision number for resource 690c6e3d-5410-4b0a-b74f-3df45224222a (type: ports) to 1
2026-04-23 01:32:38.018 10 INFO neutron.db.ovn_revision_numbers_db [None req-83d8a824-83b1-4d2c-8f81-ca39bcb3f744 - - - - - -] Successfully bumped revision number for resource bce2c7a0-64fe-49e2-ad96-628caec69e9d (type: ports) to 2
2026-04-23 01:32:38.039 10 WARNING neutron.scheduler.dhcp_agent_scheduler [None req-41af2d26-85b2-4d9f-af83-94ae561d79ef 91ca839dbcda46d3af22ee5ad56de9d6 0803f8ff07b74f198445f884bcc37285 - - default default] No more DHCP agents
2026-04-23 01:32:38.042 10 WARNING neutron.api.rpc.agentnotifiers.dhcp_rpc_agent_api [None req-41af2d26-85b2-4d9f-af83-94ae561d79ef 91ca839dbcda46d3af22ee5ad56de9d6 0803f8ff07b74f198445f884bcc37285 - - default default] Unable to schedule network 01f8cf52-6ea4-4bd3-9bfd-fc1a8813e747: no agents available; will retry on subsequent port and subnet creation events.
2026-04-23 01:32:38.045 10 INFO neutron.db.ovn_revision_numbers_db [None req-8c97f6ee-4278-41da-b5cc-9aed8396f8da 91ca839dbcda46d3af22ee5ad56de9d6 0803f8ff07b74f198445f884bcc37285 - - default default] Successfully bumped revision number for resource 79577fac-4908-4491-a6c3-62ff843aff72 (type: ports) to 1
2026-04-23 01:32:38.138 10 WARNING neutron.scheduler.dhcp_agent_scheduler [None req-8c97f6ee-4278-41da-b5cc-9aed8396f8da 91ca839dbcda46d3af22ee5ad56de9d6 0803f8ff07b74f198445f884bcc37285 - - default default] No more DHCP agents
2026-04-23 01:32:38.140 10 WARNING neutron.api.rpc.agentnotifiers.dhcp_rpc_agent_api [None req-8c97f6ee-4278-41da-b5cc-9aed8396f8da 91ca839dbcda46d3af22ee5ad56de9d6 0803f8ff07b74f198445f884bcc37285 - - default default] Unable to schedule network 3edbe0e0-c30a-4b0d-8b2b-25ac8ac34018: no agents available; will retry on subsequent port and subnet creation events.
2026-04-23 01:32:38.202 9 INFO neutron.api.wsgi [None req-06ecd303-6244-4a52-905d-4a5d8b51af74 91ca839dbcda46d3af22ee5ad56de9d6 0803f8ff07b74f198445f884bcc37285 - - default default] 10.0.0.110 "DELETE /v2.0/security-groups/f7b55a62-e3f8-43ea-b054-1016304c9e4f HTTP/1.1" status: 204 len: 168 time: 0.2653120
2026-04-23 01:32:38.208 9 INFO neutron.db.ovn_revision_numbers_db [None req-42fbd2c0-d854-45c8-8734-b4d3bbee31aa 91ca839dbcda46d3af22ee5ad56de9d6 0803f8ff07b74f198445f884bcc37285 - - default default] Successfully bumped revision number for resource bce2c7a0-64fe-49e2-ad96-628caec69e9d (type: router_ports) to 1
2026-04-23 01:32:38.227 9 INFO neutron.api.wsgi [None req-42fbd2c0-d854-45c8-8734-b4d3bbee31aa 91ca839dbcda46d3af22ee5ad56de9d6 0803f8ff07b74f198445f884bcc37285 - - default default] 10.0.0.110 "PUT /v2.0/routers/ee6e9260-1d85-4ae6-a0df-b55590b38cb5/add_router_interface HTTP/1.1" status: 200 len: 503 time: 2.4785304
2026-04-23 01:32:38.434 9 INFO neutron.db.ovn_revision_numbers_db [None req-7984559e-5f7c-46e3-a9f9-de1ca3f739b3 91ca839dbcda46d3af22ee5ad56de9d6 0803f8ff07b74f198445f884bcc37285 - - default default] Successfully bumped revision number for resource 9b51bd92-f22a-4520-8ef1-02532fa93985 (type: security_groups) to 1
2026-04-23 01:32:38.452 9 INFO neutron.db.ovn_revision_numbers_db [None req-7984559e-5f7c-46e3-a9f9-de1ca3f739b3 91ca839dbcda46d3af22ee5ad56de9d6 0803f8ff07b74f198445f884bcc37285 - - default default] Successfully bumped revision number for resource 10ecdc26-2701-43b8-9f10-44b8a8049558 (type: security_group_rules) to 0
2026-04-23 01:32:38.465 9 INFO neutron.db.ovn_revision_numbers_db [None req-7984559e-5f7c-46e3-a9f9-de1ca3f739b3 91ca839dbcda46d3af22ee5ad56de9d6 0803f8ff07b74f198445f884bcc37285 - - default default] Successfully bumped revision number for resource 49b6a451-ac03-46dc-ad72-f5605d0caa23 (type: security_group_rules) to 0
2026-04-23 01:32:38.480 9 INFO neutron.db.ovn_revision_numbers_db [None req-7984559e-5f7c-46e3-a9f9-de1ca3f739b3 91ca839dbcda46d3af22ee5ad56de9d6 0803f8ff07b74f198445f884bcc37285 - - default default] Successfully bumped revision number for resource 4edc5a22-4f82-4a20-9552-0a524bba8152 (type: security_group_rules) to 0
2026-04-23 01:32:38.503 9 INFO neutron.db.ovn_revision_numbers_db [None req-7984559e-5f7c-46e3-a9f9-de1ca3f739b3 91ca839dbcda46d3af22ee5ad56de9d6 0803f8ff07b74f198445f884bcc37285 - - default default] Successfully bumped revision number for resource a9efefa5-9a2e-4f66-a99a-cf03bc5bab58 (type: security_group_rules) to 0
2026-04-23 01:32:38.536 9 INFO neutron.api.wsgi [None req-7984559e-5f7c-46e3-a9f9-de1ca3f739b3 91ca839dbcda46d3af22ee5ad56de9d6 0803f8ff07b74f198445f884bcc37285 - - default default] 10.0.0.110 "GET /v2.0/security-groups?tenant_id=2c1ef85e033c472291ca692ee5099985&name=default HTTP/1.1" status: 200 len: 3116 time: 0.2157276
2026-04-23 01:32:38.752 9 INFO neutron.api.wsgi [None req-58419696-657d-42f5-b86d-6c1af3a4cf66 91ca839dbcda46d3af22ee5ad56de9d6 0803f8ff07b74f198445f884bcc37285 - - default default] 10.0.0.110 "DELETE /v2.0/security-groups/9b51bd92-f22a-4520-8ef1-02532fa93985 HTTP/1.1" status: 204 len: 168 time: 0.2103748
2026-04-23 01:32:38.841 9 WARNING neutron_lib.context [None req-f049c1a2-e726-41f8-9a1f-052af1af3b74 ecd94fa4928a4c5db9e52d14c434a653 a66bee319c40466e82b0d24a086f7856 - - default default] Method 'is_advsvc' is deprecated since 2023.2 release (neutron-lib 3.8.0) and will be removed once support for the old RBAC API policies will be removed from Neutron. Please use method 'is_service_role' instead.
2026-04-23 01:32:38.949 9 INFO neutron.db.ovn_revision_numbers_db [None req-f049c1a2-e726-41f8-9a1f-052af1af3b74 ecd94fa4928a4c5db9e52d14c434a653 a66bee319c40466e82b0d24a086f7856 - - default default] Successfully bumped revision number for resource fedcee2e-7dfe-4537-a2c6-65e211bed285 (type: security_groups) to 1
2026-04-23 01:32:38.959 9 INFO neutron.db.ovn_revision_numbers_db [None req-f049c1a2-e726-41f8-9a1f-052af1af3b74 ecd94fa4928a4c5db9e52d14c434a653 a66bee319c40466e82b0d24a086f7856 - - default default] Successfully bumped revision number for resource 970b0e48-4dc2-4d51-af90-2faa8d58408a (type: security_group_rules) to 0
2026-04-23 01:32:38.981 9 INFO neutron.db.ovn_revision_numbers_db [None req-f049c1a2-e726-41f8-9a1f-052af1af3b74 ecd94fa4928a4c5db9e52d14c434a653 a66bee319c40466e82b0d24a086f7856 - - default default] Successfully bumped revision number for resource d5749e3a-722b-49ca-b510-e354b3b0560c (type: security_group_rules) to 0
2026-04-23 01:32:39.042 9 INFO neutron.api.wsgi [None req-f049c1a2-e726-41f8-9a1f-052af1af3b74 ecd94fa4928a4c5db9e52d14c434a653 a66bee319c40466e82b0d24a086f7856 - - default default] 10.0.0.110 "POST /v2.0/security-groups HTTP/1.1" status: 201 len: 1859 time: 0.2087076
2026-04-23 01:32:39.054 10 WARNING neutron_lib.context [None req-ff14b2be-123d-444d-ae00-dccec791f379 ecd94fa4928a4c5db9e52d14c434a653 a66bee319c40466e82b0d24a086f7856 - - default default] Method 'is_advsvc' is deprecated since 2023.2 release (neutron-lib 3.8.0) and will be removed once support for the old RBAC API policies will be removed from Neutron. Please use method 'is_service_role' instead.
2026-04-23 01:32:39.056 10 INFO neutron.db.ovn_revision_numbers_db [None req-41af2d26-85b2-4d9f-af83-94ae561d79ef 91ca839dbcda46d3af22ee5ad56de9d6 0803f8ff07b74f198445f884bcc37285 - - default default] Successfully bumped revision number for resource 690c6e3d-5410-4b0a-b74f-3df45224222a (type: router_ports) to 1
2026-04-23 01:32:39.060 10 INFO neutron.api.wsgi [None req-41af2d26-85b2-4d9f-af83-94ae561d79ef 91ca839dbcda46d3af22ee5ad56de9d6 0803f8ff07b74f198445f884bcc37285 - - default default] 10.0.0.110 "PUT /v2.0/routers/5fcef80e-781a-4378-ae95-aaf508230983/add_router_interface HTTP/1.1" status: 200 len: 503 time: 3.0496216
2026-04-23 01:32:39.063 10 INFO neutron.db.ovn_revision_numbers_db [None req-8c97f6ee-4278-41da-b5cc-9aed8396f8da 91ca839dbcda46d3af22ee5ad56de9d6 0803f8ff07b74f198445f884bcc37285 - - default default] Successfully bumped revision number for resource 79577fac-4908-4491-a6c3-62ff843aff72 (type: router_ports) to 1
2026-04-23 01:32:39.067 10 INFO neutron.api.wsgi [None req-8c97f6ee-4278-41da-b5cc-9aed8396f8da 91ca839dbcda46d3af22ee5ad56de9d6 0803f8ff07b74f198445f884bcc37285 - - default default] 10.0.0.110 "PUT /v2.0/routers/97e1f6b3-7092-4769-a7be-832c273f88f2/add_router_interface HTTP/1.1" status: 200 len: 503 time: 3.0291111
2026-04-23 01:32:39.221 10 INFO neutron.db.ovn_revision_numbers_db [None req-ff14b2be-123d-444d-ae00-dccec791f379 ecd94fa4928a4c5db9e52d14c434a653 a66bee319c40466e82b0d24a086f7856 - - default default] Successfully bumped revision number for resource dcc9c4ca-f740-4f9f-844a-2bb5148f6afd (type: security_group_rules) to 0
2026-04-23 01:32:39.264 10 INFO neutron.api.wsgi [None req-ff14b2be-123d-444d-ae00-dccec791f379 ecd94fa4928a4c5db9e52d14c434a653 a66bee319c40466e82b0d24a086f7856 - - default default] 10.0.0.110 "POST /v2.0/security-group-rules HTTP/1.1" status: 201 len: 796 time: 0.2165539
2026-04-23 01:32:39.273 10 WARNING neutron_lib.context [None req-4d6f2b46-0a3f-4443-bec4-bb8f1edf52a5 ecd94fa4928a4c5db9e52d14c434a653 a66bee319c40466e82b0d24a086f7856 - - default default] Method 'is_advsvc' is deprecated since 2023.2 release (neutron-lib 3.8.0) and will be removed once support for the old RBAC API policies will be removed from Neutron. Please use method 'is_service_role' instead.
2026-04-23 01:32:39.391 10 INFO neutron.db.ovn_revision_numbers_db [None req-4d6f2b46-0a3f-4443-bec4-bb8f1edf52a5 ecd94fa4928a4c5db9e52d14c434a653 a66bee319c40466e82b0d24a086f7856 - - default default] Successfully bumped revision number for resource 820414e7-ecf3-4f29-adb4-3395e492661d (type: security_group_rules) to 0
2026-04-23 01:32:39.424 10 INFO neutron.api.wsgi [None req-4d6f2b46-0a3f-4443-bec4-bb8f1edf52a5 ecd94fa4928a4c5db9e52d14c434a653 a66bee319c40466e82b0d24a086f7856 - - default default] 10.0.0.110 "POST /v2.0/security-group-rules HTTP/1.1" status: 201 len: 801 time: 0.1543741
2026-04-23 01:32:39.435 10 WARNING neutron_lib.context [None req-a7369075-fb38-494e-8bb5-fc3cee0a812e ecd94fa4928a4c5db9e52d14c434a653 a66bee319c40466e82b0d24a086f7856 - - default default] Method 'is_advsvc' is deprecated since 2023.2 release (neutron-lib 3.8.0) and will be removed once support for the old RBAC API policies will be removed from Neutron. Please use method 'is_service_role' instead.
2026-04-23 01:32:39.650 9 WARNING neutron_lib.context [None req-d50884eb-da1e-43f3-be3c-bb08593fd893 08710d2e6f094d42899a226f5945e9ce c7477469814e4e78b956d1ca363f8d09 - - default default] Method 'is_advsvc' is deprecated since 2023.2 release (neutron-lib 3.8.0) and will be removed once support for the old RBAC API policies will be removed from Neutron. Please use method 'is_service_role' instead.
2026-04-23 01:32:39.691 10 WARNING neutron.scheduler.dhcp_agent_scheduler [None req-a7369075-fb38-494e-8bb5-fc3cee0a812e ecd94fa4928a4c5db9e52d14c434a653 a66bee319c40466e82b0d24a086f7856 - - default default] No more DHCP agents
2026-04-23 01:32:39.692 10 WARNING neutron.api.rpc.agentnotifiers.dhcp_rpc_agent_api [None req-a7369075-fb38-494e-8bb5-fc3cee0a812e ecd94fa4928a4c5db9e52d14c434a653 a66bee319c40466e82b0d24a086f7856 - - default default] Unable to schedule network c667ea11-65b5-47cc-9e60-cd6d0f9f0c0c: no agents available; will retry on subsequent port and subnet creation events.
2026-04-23 01:32:39.756 9 INFO neutron.db.ovn_revision_numbers_db [None req-d50884eb-da1e-43f3-be3c-bb08593fd893 08710d2e6f094d42899a226f5945e9ce c7477469814e4e78b956d1ca363f8d09 - - default default] Successfully bumped revision number for resource 991a3320-afe7-4a53-bc0f-c49f79b72990 (type: security_groups) to 1
2026-04-23 01:32:39.770 9 INFO neutron.db.ovn_revision_numbers_db [None req-d50884eb-da1e-43f3-be3c-bb08593fd893 08710d2e6f094d42899a226f5945e9ce c7477469814e4e78b956d1ca363f8d09 - - default default] Successfully bumped revision number for resource ea6430fc-26c8-495b-9d71-e5e8f5b4a9cd (type: security_group_rules) to 0
2026-04-23 01:32:39.782 9 INFO neutron.db.ovn_revision_numbers_db [None req-d50884eb-da1e-43f3-be3c-bb08593fd893 08710d2e6f094d42899a226f5945e9ce c7477469814e4e78b956d1ca363f8d09 - - default default] Successfully bumped revision number for resource f42a68ec-34be-4229-8515-943963ab08cb (type: security_group_rules) to 0
2026-04-23 01:32:39.818 9 INFO neutron.api.wsgi [None req-d50884eb-da1e-43f3-be3c-bb08593fd893 08710d2e6f094d42899a226f5945e9ce c7477469814e4e78b956d1ca363f8d09 - - default default] 10.0.0.110 "POST /v2.0/security-groups HTTP/1.1" status: 201 len: 1859 time: 0.1729960
2026-04-23 01:32:39.832 9 WARNING neutron_lib.context [None req-b35f0f07-ea03-4a6f-84dc-6e98047b524b 08710d2e6f094d42899a226f5945e9ce c7477469814e4e78b956d1ca363f8d09 - - default default] Method 'is_advsvc' is deprecated since 2023.2 release (neutron-lib 3.8.0) and will be removed once support for the old RBAC API policies will be removed from Neutron. Please use method 'is_service_role' instead.
2026-04-23 01:32:39.978 10 INFO neutron.api.wsgi [None req-a7369075-fb38-494e-8bb5-fc3cee0a812e ecd94fa4928a4c5db9e52d14c434a653 a66bee319c40466e82b0d24a086f7856 - - default default] 10.0.0.110 "POST /v2.0/floatingips HTTP/1.1" status: 201 len: 751 time: 0.5477614
2026-04-23 01:32:40.058 9 INFO neutron.db.ovn_revision_numbers_db [None req-b35f0f07-ea03-4a6f-84dc-6e98047b524b 08710d2e6f094d42899a226f5945e9ce c7477469814e4e78b956d1ca363f8d09 - - default default] Successfully bumped revision number for resource 42b37f72-f698-4cfe-be0d-79314a6b253f (type: security_group_rules) to 0
