2026-04-23 01:38:35.999 10 WARNING neutron_lib.context [None req-23cd398a-3792-4062-adc0-89f734806273 8b7fe67f8a80482d9a46dc6c95c58924 60964a395cf4481189f8f2505c5fda82 - - default default] Method 'is_advsvc' is deprecated since 2023.2 release (neutron-lib 3.8.0) and will be removed once support for the old RBAC API policies will be removed from Neutron. Please use method 'is_service_role' instead.
2026-04-23 01:38:36.085 10 INFO neutron.db.segments_db [None req-23cd398a-3792-4062-adc0-89f734806273 8b7fe67f8a80482d9a46dc6c95c58924 60964a395cf4481189f8f2505c5fda82 - - default default] Added segment 4c3f2b31-5f85-4b1d-af33-181145674ba1 of type geneve for network 5fd31be4-5ac6-447b-9985-c788e71682a8
2026-04-23 01:38:36.205 10 INFO neutron.db.ovn_revision_numbers_db [None req-23cd398a-3792-4062-adc0-89f734806273 8b7fe67f8a80482d9a46dc6c95c58924 60964a395cf4481189f8f2505c5fda82 - - default default] Successfully bumped revision number for resource 5fd31be4-5ac6-447b-9985-c788e71682a8 (type: networks) to 1
2026-04-23 01:38:36.356 10 WARNING neutron.scheduler.dhcp_agent_scheduler [None req-23cd398a-3792-4062-adc0-89f734806273 8b7fe67f8a80482d9a46dc6c95c58924 60964a395cf4481189f8f2505c5fda82 - - default default] No more DHCP agents
2026-04-23 01:38:36.357 10 WARNING neutron.api.rpc.agentnotifiers.dhcp_rpc_agent_api [None req-23cd398a-3792-4062-adc0-89f734806273 8b7fe67f8a80482d9a46dc6c95c58924 60964a395cf4481189f8f2505c5fda82 - - default default] Unable to schedule network 5fd31be4-5ac6-447b-9985-c788e71682a8: no agents available; will retry on subsequent port and subnet creation events.
2026-04-23 01:38:36.414 10 INFO neutron.db.ovn_revision_numbers_db [None req-23cd398a-3792-4062-adc0-89f734806273 8b7fe67f8a80482d9a46dc6c95c58924 60964a395cf4481189f8f2505c5fda82 - - default default] Successfully bumped revision number for resource e5d04549-7936-4817-9e75-f51b611233f6 (type: ports) to 1
2026-04-23 01:38:36.435 10 INFO neutron.api.wsgi [None req-23cd398a-3792-4062-adc0-89f734806273 8b7fe67f8a80482d9a46dc6c95c58924 60964a395cf4481189f8f2505c5fda82 - - default default] 10.0.0.110 "POST /v2.0/networks HTTP/1.1" status: 201 len: 830 time: 0.4394400
2026-04-23 01:38:36.445 10 WARNING neutron_lib.context [None req-9acb0e2a-8f4a-4d2f-971a-db73155edc30 8b7fe67f8a80482d9a46dc6c95c58924 60964a395cf4481189f8f2505c5fda82 - - default default] Method 'is_advsvc' is deprecated since 2023.2 release (neutron-lib 3.8.0) and will be removed once support for the old RBAC API policies will be removed from Neutron. Please use method 'is_service_role' instead.
2026-04-23 01:38:36.604 10 WARNING neutron.scheduler.dhcp_agent_scheduler [None req-9acb0e2a-8f4a-4d2f-971a-db73155edc30 8b7fe67f8a80482d9a46dc6c95c58924 60964a395cf4481189f8f2505c5fda82 - - default default] No more DHCP agents
2026-04-23 01:38:36.605 10 WARNING neutron.api.rpc.agentnotifiers.dhcp_rpc_agent_api [None req-9acb0e2a-8f4a-4d2f-971a-db73155edc30 8b7fe67f8a80482d9a46dc6c95c58924 60964a395cf4481189f8f2505c5fda82 - - default default] Unable to schedule network 5fd31be4-5ac6-447b-9985-c788e71682a8: no agents available; will retry on subsequent port and subnet creation events.
2026-04-23 01:38:37.019 10 INFO neutron.db.ovn_revision_numbers_db [None req-e1818d9d-563c-44fa-b194-3fd950833e7f - - - - - -] Successfully bumped revision number for resource e5d04549-7936-4817-9e75-f51b611233f6 (type: ports) to 2
2026-04-23 01:38:37.048 10 INFO neutron.db.ovn_revision_numbers_db [None req-e1818d9d-563c-44fa-b194-3fd950833e7f - - - - - -] Successfully bumped revision number for resource 84b0f7b6-10a1-4592-a9bd-390d0d9bf2e2 (type: subnets) to 0
2026-04-23 01:38:37.064 10 INFO neutron.api.wsgi [None req-9acb0e2a-8f4a-4d2f-971a-db73155edc30 8b7fe67f8a80482d9a46dc6c95c58924 60964a395cf4481189f8f2505c5fda82 - - default default] 10.0.0.110 "POST /v2.0/subnets HTTP/1.1" status: 201 len: 828 time: 0.6250920
2026-04-23 01:38:37.075 10 WARNING neutron_lib.context [None req-415a325d-0411-4a03-a05c-65cb00f2c1f8 8b7fe67f8a80482d9a46dc6c95c58924 60964a395cf4481189f8f2505c5fda82 - - default default] Method 'is_advsvc' is deprecated since 2023.2 release (neutron-lib 3.8.0) and will be removed once support for the old RBAC API policies will be removed from Neutron. Please use method 'is_service_role' instead.
2026-04-23 01:38:37.448 10 INFO neutron.api.wsgi [-] 10.0.0.55 "GET / HTTP/1.1" status: 200 len: 247 time: 0.0016241
2026-04-23 01:38:37.449 9 INFO neutron.api.wsgi [-] 10.0.0.55 "GET / HTTP/1.1" status: 200 len: 247 time: 0.0021257
2026-04-23 01:38:37.465 10 WARNING neutron.scheduler.dhcp_agent_scheduler [None req-415a325d-0411-4a03-a05c-65cb00f2c1f8 8b7fe67f8a80482d9a46dc6c95c58924 60964a395cf4481189f8f2505c5fda82 - - default default] No more DHCP agents
2026-04-23 01:38:37.467 10 WARNING neutron.api.rpc.agentnotifiers.dhcp_rpc_agent_api [None req-415a325d-0411-4a03-a05c-65cb00f2c1f8 8b7fe67f8a80482d9a46dc6c95c58924 60964a395cf4481189f8f2505c5fda82 - - default default] Unable to schedule network c667ea11-65b5-47cc-9e60-cd6d0f9f0c0c: no agents available; will retry on subsequent port and subnet creation events.
2026-04-23 01:38:37.593 10 INFO neutron.db.ovn_revision_numbers_db [None req-415a325d-0411-4a03-a05c-65cb00f2c1f8 8b7fe67f8a80482d9a46dc6c95c58924 60964a395cf4481189f8f2505c5fda82 - - default default] Successfully bumped revision number for resource 017f5748-d0b7-4a11-997d-4c4018d8f75a (type: ports) to 1
2026-04-23 01:38:38.248 10 INFO neutron.plugins.ml2.drivers.ovn.mech_driver.ovsdb.commands [None req-eb29098c-a4b6-4ea8-ba48-e466cb38a33e - - - - - -] Schedule LRP lrp-017f5748-d0b7-4a11-997d-4c4018d8f75a on gateway 5d7fbcc1-0c7c-47fc-bf15-80b384121cac with priority 1
2026-04-23 01:38:38.293 10 INFO neutron.db.ovn_revision_numbers_db [None req-415a325d-0411-4a03-a05c-65cb00f2c1f8 8b7fe67f8a80482d9a46dc6c95c58924 60964a395cf4481189f8f2505c5fda82 - - default default] Successfully bumped revision number for resource 017f5748-d0b7-4a11-997d-4c4018d8f75a (type: router_ports) to 1
2026-04-23 01:38:38.357 10 INFO neutron.db.ovn_revision_numbers_db [None req-415a325d-0411-4a03-a05c-65cb00f2c1f8 8b7fe67f8a80482d9a46dc6c95c58924 60964a395cf4481189f8f2505c5fda82 - - default default] Successfully bumped revision number for resource a9799824-5643-49bf-acf7-fc83f4792d2e (type: routers) to 2
2026-04-23 01:38:38.374 10 INFO neutron.api.wsgi [None req-415a325d-0411-4a03-a05c-65cb00f2c1f8 8b7fe67f8a80482d9a46dc6c95c58924 60964a395cf4481189f8f2505c5fda82 - - default default] 10.0.0.110 "POST /v2.0/routers HTTP/1.1" status: 201 len: 1136 time: 1.3037267 /var/lib/openstack/lib/python3.12/site-packages/pycadf/identifier.py:71: UserWarning: Invalid uuid: neutron. To ensure interoperability, identifiers should be a valid uuid. warnings.warn(('Invalid uuid: %s. To ensure interoperability, '
2026-04-23 01:38:38.940 9 WARNING neutron.scheduler.dhcp_agent_scheduler [None req-de28174e-b874-4a2c-8b18-5fc47c85377f 8b7fe67f8a80482d9a46dc6c95c58924 60964a395cf4481189f8f2505c5fda82 - - default default] No more DHCP agents
2026-04-23 01:38:38.941 9 WARNING neutron.api.rpc.agentnotifiers.dhcp_rpc_agent_api [None req-de28174e-b874-4a2c-8b18-5fc47c85377f 8b7fe67f8a80482d9a46dc6c95c58924 60964a395cf4481189f8f2505c5fda82 - - default default] Unable to schedule network 5fd31be4-5ac6-447b-9985-c788e71682a8: no agents available; will retry on subsequent port and subnet creation events.
2026-04-23 01:38:39.042 9 WARNING neutron.plugins.ml2.drivers.ovn.mech_driver.ovsdb.ovn_client [None req-48683056-486b-4141-a433-c820219b3a86 - - - - - -] No hosting information found for port 3cf2f35d-b577-4f6f-9734-356215b883d9: RuntimeError: No hosting information found for port 3cf2f35d-b577-4f6f-9734-356215b883d9
2026-04-23 01:38:39.091 9 INFO neutron.db.ovn_revision_numbers_db [None req-de28174e-b874-4a2c-8b18-5fc47c85377f 8b7fe67f8a80482d9a46dc6c95c58924 60964a395cf4481189f8f2505c5fda82 - - default default] Successfully bumped revision number for resource a10d451c-7783-4f9a-bd38-b3284bb01421 (type: ports) to 1
2026-04-23 01:38:39.125 9 INFO neutron.db.ovn_revision_numbers_db [None req-48683056-486b-4141-a433-c820219b3a86 - - - - - -] Successfully bumped revision number for resource 3cf2f35d-b577-4f6f-9734-356215b883d9 (type: router_ports) to 2
2026-04-23 01:38:39.184 9 INFO neutron.plugins.ml2.drivers.ovn.mech_driver.mech_driver [None req-48683056-486b-4141-a433-c820219b3a86 - - - - - -] OVN reports status up for port: 017f5748-d0b7-4a11-997d-4c4018d8f75a
2026-04-23 01:38:39.191 9 INFO neutron.plugins.ml2.plugin [None req-48683056-486b-4141-a433-c820219b3a86 - - - - - -] Attempt 1 to provision port 017f5748-d0b7-4a11-997d-4c4018d8f75a
2026-04-23 01:38:39.696 10 INFO neutron.plugins.ml2.drivers.ovn.mech_driver.mech_driver [None req-2b846730-ee15-4aa4-b10b-24a7ffe72364 - - - - - -] OVN reports status up for port: a10d451c-7783-4f9a-bd38-b3284bb01421
2026-04-23 01:38:39.704 10 INFO neutron.plugins.ml2.plugin [None req-2b846730-ee15-4aa4-b10b-24a7ffe72364 - - - - - -] Attempt 1 to provision port a10d451c-7783-4f9a-bd38-b3284bb01421
2026-04-23 01:38:39.717 9 INFO neutron.db.ovn_revision_numbers_db [None req-de28174e-b874-4a2c-8b18-5fc47c85377f 8b7fe67f8a80482d9a46dc6c95c58924 60964a395cf4481189f8f2505c5fda82 - - default default] Successfully bumped revision number for resource a10d451c-7783-4f9a-bd38-b3284bb01421 (type: ports) to 1
2026-04-23 01:38:39.774 9 WARNING neutron.scheduler.dhcp_agent_scheduler [None req-de28174e-b874-4a2c-8b18-5fc47c85377f 8b7fe67f8a80482d9a46dc6c95c58924 60964a395cf4481189f8f2505c5fda82 - - default default] No more DHCP agents
2026-04-23 01:38:39.776 9 WARNING neutron.api.rpc.agentnotifiers.dhcp_rpc_agent_api [None req-de28174e-b874-4a2c-8b18-5fc47c85377f 8b7fe67f8a80482d9a46dc6c95c58924 60964a395cf4481189f8f2505c5fda82 - - default default] Unable to schedule network 5fd31be4-5ac6-447b-9985-c788e71682a8: no agents available; will retry on subsequent port and subnet creation events.
2026-04-23 01:38:40.004 10 INFO neutron.db.ovn_revision_numbers_db [None req-2b846730-ee15-4aa4-b10b-24a7ffe72364 - - - - - -] Successfully bumped revision number for resource a10d451c-7783-4f9a-bd38-b3284bb01421 (type: ports) to 2
2026-04-23 01:38:40.109 9 INFO neutron.db.ovn_revision_numbers_db [None req-de28174e-b874-4a2c-8b18-5fc47c85377f 8b7fe67f8a80482d9a46dc6c95c58924 60964a395cf4481189f8f2505c5fda82 - - default default] Successfully bumped revision number for resource a10d451c-7783-4f9a-bd38-b3284bb01421 (type: router_ports) to 1
2026-04-23 01:38:40.116 9 INFO neutron.api.wsgi [None req-de28174e-b874-4a2c-8b18-5fc47c85377f 8b7fe67f8a80482d9a46dc6c95c58924 60964a395cf4481189f8f2505c5fda82 - - default default] 10.0.0.110 "PUT /v2.0/routers/a9799824-5643-49bf-acf7-fc83f4792d2e/add_router_interface HTTP/1.1" status: 200 len: 503 time: 1.7346635
2026-04-23 01:38:40.197 10 INFO neutron.api.wsgi [None req-617566ff-2d03-4023-b17b-fbade2a44e2a 91ca839dbcda46d3af22ee5ad56de9d6 0803f8ff07b74f198445f884bcc37285 - - default default] 10.0.0.155 "GET /v2.0/extensions/security-group HTTP/1.1" status: 200 len: 369 time: 0.0371528
2026-04-23 01:38:40.208 10 INFO neutron.api.wsgi [None req-1c3e664a-7328-486e-a893-44dfbfe3d047 91ca839dbcda46d3af22ee5ad56de9d6 0803f8ff07b74f198445f884bcc37285 - - default default] 10.0.0.155 "GET /v2.0/extensions/dns-integration HTTP/1.1" status: 200 len: 371 time: 0.0043449
2026-04-23 01:38:40.217 10 INFO neutron.api.wsgi [None req-719285fa-3b7c-4ff0-a72a-6b277ad50925 91ca839dbcda46d3af22ee5ad56de9d6 0803f8ff07b74f198445f884bcc37285 - - default default] 10.0.0.155 "GET /v2.0/extensions/qos HTTP/1.1" status: 200 len: 365 time: 0.0039554
2026-04-23 01:38:40.226 10 INFO neutron.api.wsgi [None req-906e8b57-b8ba-4df6-86cb-9f4d42673506 91ca839dbcda46d3af22ee5ad56de9d6 0803f8ff07b74f198445f884bcc37285 - - default default] 10.0.0.155 "GET /v2.0/extensions/allowed-address-pairs HTTP/1.1" status: 200 len: 383 time: 0.0044377
2026-04-23 01:38:40.745 9 INFO neutron.api.wsgi [-] 10.0.0.155 "GET / HTTP/1.1" status: 200 len: 284 time: 0.0018620
2026-04-23 01:38:40.788 9 INFO neutron.api.wsgi [None req-51b77418-8c80-445b-84c4-f26864f2a6b2 1e32f8a2ae764705924c00daa5214912 9dc1b7acfea74c36a754536cc7954589 - - default default] 10.0.0.155 "GET /v2.0/subnets/7830096d-9f69-451c-ab56-97faeb44e805 HTTP/1.1" status: 200 len: 855 time: 0.0250320
2026-04-23 01:38:40.803 9 WARNING neutron.scheduler.dhcp_agent_scheduler [None req-12e46950-1165-48da-8322-2b5bb9622ec3 - - - - - -] No more DHCP agents
2026-04-23 01:38:40.804 9 WARNING neutron.api.rpc.agentnotifiers.dhcp_rpc_agent_api [None req-12e46950-1165-48da-8322-2b5bb9622ec3 - - - - - -] Unable to schedule network c667ea11-65b5-47cc-9e60-cd6d0f9f0c0c: no agents available; will retry on subsequent port and subnet creation events.
2026-04-23 01:38:40.931 9 INFO neutron.db.ovn_revision_numbers_db [None req-12e46950-1165-48da-8322-2b5bb9622ec3 - - - - - -] Successfully bumped revision number for resource c92cba54-bc16-4596-9b6f-daeb55eed87b (type: ports) to 1
2026-04-23 01:38:41.144 9 INFO neutron.db.ovn_revision_numbers_db [None req-12e46950-1165-48da-8322-2b5bb9622ec3 - - - - - -] Successfully bumped revision number for resource c92cba54-bc16-4596-9b6f-daeb55eed87b (type: ports) to 3
2026-04-23 01:38:41.204 9 INFO neutron.db.segments_db [None req-12e46950-1165-48da-8322-2b5bb9622ec3 - - - - - -] Added segment 70b4f322-443a-499e-8631-5a170c703f4a of type geneve for network 1b1e274d-fcf2-4442-bb02-7ee41aa29328
2026-04-23 01:38:41.325 9 INFO neutron.db.ovn_revision_numbers_db [None req-57828725-7b47-4abd-99fe-86de9b15a0bd - - - - - -] Successfully bumped revision number for resource 1b1e274d-fcf2-4442-bb02-7ee41aa29328 (type: networks) to 1
2026-04-23 01:38:41.493 9 WARNING neutron.scheduler.dhcp_agent_scheduler [None req-57828725-7b47-4abd-99fe-86de9b15a0bd - - - - - -] No more DHCP agents
2026-04-23 01:38:41.494 9 WARNING neutron.api.rpc.agentnotifiers.dhcp_rpc_agent_api [None req-57828725-7b47-4abd-99fe-86de9b15a0bd - - - - - -] Unable to schedule network 1b1e274d-fcf2-4442-bb02-7ee41aa29328: no agents available; will retry on subsequent port and subnet creation events.
2026-04-23 01:38:41.560 9 INFO neutron.db.ovn_revision_numbers_db [None req-57828725-7b47-4abd-99fe-86de9b15a0bd - - - - - -] Successfully bumped revision number for resource d5d1b866-3a8b-4b38-a87a-6ae401164fee (type: ports) to 1
2026-04-23 01:38:41.700 10 INFO neutron.api.wsgi [None req-42f28240-6db9-4db9-9ea1-7d21f3e9eb20 91ca839dbcda46d3af22ee5ad56de9d6 0803f8ff07b74f198445f884bcc37285 - - default default] 199.204.45.30 "GET /v2.0/extensions/security-group HTTP/1.1" status: 200 len: 369 time: 0.0060885
2026-04-23 01:38:41.709 10 INFO neutron.api.wsgi [None req-b4357890-87e0-4b86-add5-7c0d3157f757 91ca839dbcda46d3af22ee5ad56de9d6 0803f8ff07b74f198445f884bcc37285 - - default default] 199.204.45.30 "GET /v2.0/extensions/dns-integration HTTP/1.1" status: 200 len: 371 time: 0.0045524
2026-04-23 01:38:41.716 10 INFO neutron.api.wsgi [None req-bce247a1-412c-4779-a59b-264294bfae14 91ca839dbcda46d3af22ee5ad56de9d6 0803f8ff07b74f198445f884bcc37285 - - default default] 199.204.45.30 "GET /v2.0/extensions/qos HTTP/1.1" status: 200 len: 365 time: 0.0038378
2026-04-23 01:38:41.718 9 WARNING neutron.scheduler.dhcp_agent_scheduler [None req-57828725-7b47-4abd-99fe-86de9b15a0bd - - - - - -] No more DHCP agents
2026-04-23 01:38:41.719 9 WARNING neutron.api.rpc.agentnotifiers.dhcp_rpc_agent_api [None req-57828725-7b47-4abd-99fe-86de9b15a0bd - - - - - -] Unable to schedule network 1b1e274d-fcf2-4442-bb02-7ee41aa29328: no agents available; will retry on subsequent port and subnet creation events.
2026-04-23 01:38:41.724 10 INFO neutron.api.wsgi [None req-ceb01642-0a18-4529-a3e1-26bb408c7716 91ca839dbcda46d3af22ee5ad56de9d6 0803f8ff07b74f198445f884bcc37285 - - default default] 199.204.45.30 "GET /v2.0/extensions/allowed-address-pairs HTTP/1.1" status: 200 len: 383 time: 0.0035923
2026-04-23 01:38:41.744 9 INFO neutron.db.ovn_revision_numbers_db [None req-57828725-7b47-4abd-99fe-86de9b15a0bd - - - - - -] Successfully bumped revision number for resource 790ae745-a4df-484d-80d5-c313f1de25eb (type: subnets) to 0
2026-04-23 01:38:41.749 10 INFO neutron.api.wsgi [None req-1a652078-59b8-4ff3-ad36-e55d8077124d 91ca839dbcda46d3af22ee5ad56de9d6 0803f8ff07b74f198445f884bcc37285 - - default default] 199.204.45.30 "GET /v2.0/subnets/7830096d-9f69-451c-ab56-97faeb44e805 HTTP/1.1" status: 200 len: 873 time: 0.0217354
2026-04-23 01:38:41.789 10 INFO neutron.api.wsgi [None req-0c91f378-5027-4018-973a-337db1733ed5 91ca839dbcda46d3af22ee5ad56de9d6 0803f8ff07b74f198445f884bcc37285 - - default default] 199.204.45.30 "GET /v2.0/ports?device_id=907e065c-e6b6-4ea7-a079-222978c79755 HTTP/1.1" status: 200 len: 2723 time: 0.0353405
2026-04-23 01:38:41.924 10 INFO neutron.api.wsgi [None req-6fbaa23a-97f0-47f3-a8e2-50869dfd8fe8 91ca839dbcda46d3af22ee5ad56de9d6 0803f8ff07b74f198445f884bcc37285 - - default default] 199.204.45.30 "GET /v2.0/extensions/security-group HTTP/1.1" status: 200 len: 369 time: 0.0060122
2026-04-23 01:38:41.931 10 INFO neutron.api.wsgi [None req-ae72c769-549d-4c04-90a8-223186086544 91ca839dbcda46d3af22ee5ad56de9d6 0803f8ff07b74f198445f884bcc37285 - - default default] 199.204.45.30 "GET /v2.0/extensions/dns-integration HTTP/1.1" status: 200 len: 371 time: 0.0036588
2026-04-23 01:38:41.938 10 INFO neutron.api.wsgi [None req-bf636ed1-0694-4fbd-8c1b-dc0599091360 91ca839dbcda46d3af22ee5ad56de9d6 0803f8ff07b74f198445f884bcc37285 - - default default] 199.204.45.30 "GET /v2.0/extensions/qos HTTP/1.1" status: 200 len: 365 time: 0.0036690
2026-04-23 01:38:41.945 10 INFO neutron.api.wsgi [None req-2e1bbf62-71fc-434b-a087-ca0d4a9c0762 91ca839dbcda46d3af22ee5ad56de9d6 0803f8ff07b74f198445f884bcc37285 - - default default] 199.204.45.30 "GET /v2.0/extensions/allowed-address-pairs HTTP/1.1" status: 200 len: 383 time: 0.0036874
2026-04-23 01:38:42.107 9 WARNING neutron.scheduler.dhcp_agent_scheduler [None req-57828725-7b47-4abd-99fe-86de9b15a0bd - - - - - -] No more DHCP agents
2026-04-23 01:38:42.109 9 WARNING neutron.api.rpc.agentnotifiers.dhcp_rpc_agent_api [None req-57828725-7b47-4abd-99fe-86de9b15a0bd - - - - - -] Unable to schedule network 1b1e274d-fcf2-4442-bb02-7ee41aa29328: no agents available; will retry on subsequent port and subnet creation events.
2026-04-23 01:38:42.255 9 INFO neutron.db.ovn_revision_numbers_db [None req-57828725-7b47-4abd-99fe-86de9b15a0bd - - - - - -] Successfully bumped revision number for resource bb0e9e41-17e3-464c-b3e4-80486a7bedd9 (type: ports) to 1
2026-04-23 01:38:42.792 9 INFO neutron.db.ovn_revision_numbers_db [None req-57828725-7b47-4abd-99fe-86de9b15a0bd - - - - - -] Successfully bumped revision number for resource bb0e9e41-17e3-464c-b3e4-80486a7bedd9 (type: ports) to 1
2026-04-23 01:38:42.841 9 WARNING neutron.scheduler.dhcp_agent_scheduler [None req-57828725-7b47-4abd-99fe-86de9b15a0bd - - - - - -] No more DHCP agents
2026-04-23 01:38:42.842 9 WARNING neutron.api.rpc.agentnotifiers.dhcp_rpc_agent_api [None req-57828725-7b47-4abd-99fe-86de9b15a0bd - - - - - -] Unable to schedule network 1b1e274d-fcf2-4442-bb02-7ee41aa29328: no agents available; will retry on subsequent port and subnet creation events.
2026-04-23 01:38:43.088 10 INFO neutron.api.wsgi [req-b284921b-bebb-4a71-9322-e2cba36ecb1e req-5b509281-12fe-41aa-8171-ffd67a79135c ac89d56221214e9781827e73aac2a8d1 bc6adab9e9c04d77ab58d03b74f45e78 - - 6670a3f505bc44f7ba8b1edd2de6f792 6670a3f505bc44f7ba8b1edd2de6f792] 199.204.45.30 "GET /v2.0/networks/35b4ab4e-8932-46c0-be38-98e1c06d3c08?fields=segments HTTP/1.1" status: 200 len: 212 time: 0.0490112
2026-04-23 01:38:43.135 10 INFO neutron.api.wsgi [req-b284921b-bebb-4a71-9322-e2cba36ecb1e req-f7f5b94f-99a3-44f7-9f27-3667ba3b0be7 ac89d56221214e9781827e73aac2a8d1 bc6adab9e9c04d77ab58d03b74f45e78 - - 6670a3f505bc44f7ba8b1edd2de6f792 6670a3f505bc44f7ba8b1edd2de6f792] 199.204.45.30 "GET /v2.0/networks/35b4ab4e-8932-46c0-be38-98e1c06d3c08?fields=provider%3Aphysical_network&fields=provider%3Anetwork_type HTTP/1.1" status: 200 len: 277 time: 0.0411837
2026-04-23 01:38:43.525 9 INFO neutron.db.ovn_revision_numbers_db [None req-57828725-7b47-4abd-99fe-86de9b15a0bd - - - - - -] Successfully bumped revision number for resource bb0e9e41-17e3-464c-b3e4-80486a7bedd9 (type: router_ports) to 1
2026-04-23 01:38:43.687 10 INFO neutron.api.wsgi [req-b284921b-bebb-4a71-9322-e2cba36ecb1e req-f45daae4-43de-4269-b04e-7d5c9d9dfd0f 91ca839dbcda46d3af22ee5ad56de9d6 0803f8ff07b74f198445f884bcc37285 - - default default] 199.204.45.30 "GET /v2.0/networks?id=35b4ab4e-8932-46c0-be38-98e1c06d3c08 HTTP/1.1" status: 200 len: 1003 time: 0.0405302
2026-04-23 01:38:43.717 9 WARNING neutron.scheduler.dhcp_agent_scheduler [None req-57828725-7b47-4abd-99fe-86de9b15a0bd - - - - - -] No more DHCP agents
2026-04-23 01:38:43.719 9 WARNING neutron.api.rpc.agentnotifiers.dhcp_rpc_agent_api [None req-57828725-7b47-4abd-99fe-86de9b15a0bd - - - - - -] Unable to schedule network 1b1e274d-fcf2-4442-bb02-7ee41aa29328: no agents available; will retry on subsequent port and subnet creation events.
2026-04-23 01:38:43.831 9 INFO neutron.db.ovn_revision_numbers_db [None req-57828725-7b47-4abd-99fe-86de9b15a0bd - - - - - -] Successfully bumped revision number for resource d3e0de77-b039-46b9-a9ac-0db2c7e9d789 (type: ports) to 1
2026-04-23 01:38:43.990 10 WARNING neutron.scheduler.dhcp_agent_scheduler [req-b284921b-bebb-4a71-9322-e2cba36ecb1e req-d5ee8ad4-a56b-4fe6-9a21-355db7d9f27f 91ca839dbcda46d3af22ee5ad56de9d6 0803f8ff07b74f198445f884bcc37285 - - default default] No more DHCP agents
2026-04-23 01:38:43.991 10 WARNING neutron.api.rpc.agentnotifiers.dhcp_rpc_agent_api [req-b284921b-bebb-4a71-9322-e2cba36ecb1e req-d5ee8ad4-a56b-4fe6-9a21-355db7d9f27f 91ca839dbcda46d3af22ee5ad56de9d6 0803f8ff07b74f198445f884bcc37285 - - default default] Unable to schedule network 35b4ab4e-8932-46c0-be38-98e1c06d3c08: no agents available; will retry on subsequent port and subnet creation events.
2026-04-23 01:38:44.045 9 INFO neutron.db.ovn_revision_numbers_db [None req-57828725-7b47-4abd-99fe-86de9b15a0bd - - - - - -] Successfully bumped revision number for resource d3e0de77-b039-46b9-a9ac-0db2c7e9d789 (type: ports) to 3
2026-04-23 01:38:44.135 10 INFO neutron.db.ovn_revision_numbers_db [req-b284921b-bebb-4a71-9322-e2cba36ecb1e req-d5ee8ad4-a56b-4fe6-9a21-355db7d9f27f 91ca839dbcda46d3af22ee5ad56de9d6 0803f8ff07b74f198445f884bcc37285 - - default default] Successfully bumped revision number for resource 7d875bb4-783e-4bde-86eb-4eee2d19442e (type: ports) to 1
2026-04-23 01:38:44.151 9 WARNING neutron.plugins.ml2.drivers.ovn.mech_driver.ovsdb.ovn_client [None req-48683056-486b-4141-a433-c820219b3a86 - - - - - -] No hosting information found for port 017f5748-d0b7-4a11-997d-4c4018d8f75a: RuntimeError: No hosting information found for port 017f5748-d0b7-4a11-997d-4c4018d8f75a
2026-04-23 01:38:44.151 9 INFO neutron.plugins.ml2.drivers.ovn.mech_driver.mech_driver [None req-48683056-486b-4141-a433-c820219b3a86 - - - - - -] OVN reports status up for port: e33083e5-c95b-462a-99ef-7fb7f42337bf
2026-04-23 01:38:44.158 10 INFO neutron.api.wsgi [req-b284921b-bebb-4a71-9322-e2cba36ecb1e req-d5ee8ad4-a56b-4fe6-9a21-355db7d9f27f 91ca839dbcda46d3af22ee5ad56de9d6 0803f8ff07b74f198445f884bcc37285 - - default default] 199.204.45.30 "POST /v2.0/ports HTTP/1.1" status: 201 len: 1508 time: 0.4672644
2026-04-23 01:38:44.168 9 INFO neutron.plugins.ml2.plugin [None req-48683056-486b-4141-a433-c820219b3a86 - - - - - -] Attempt 1 to provision port e33083e5-c95b-462a-99ef-7fb7f42337bf /var/lib/openstack/lib/python3.12/site-packages/pycadf/identifier.py:71: UserWarning: Invalid uuid: neutron. To ensure interoperability, identifiers should be a valid uuid. warnings.warn(('Invalid uuid: %s. To ensure interoperability, '
2026-04-23 01:38:44.523 10 INFO neutron.db.ovn_revision_numbers_db [req-b284921b-bebb-4a71-9322-e2cba36ecb1e req-ba4bb475-04c8-41f8-bbfb-0d75461c19d2 ac89d56221214e9781827e73aac2a8d1 bc6adab9e9c04d77ab58d03b74f45e78 - - 6670a3f505bc44f7ba8b1edd2de6f792 6670a3f505bc44f7ba8b1edd2de6f792] Successfully bumped revision number for resource 7d875bb4-783e-4bde-86eb-4eee2d19442e (type: ports) to 2
2026-04-23 01:38:44.722 9 INFO neutron.api.wsgi [None req-a59312e8-0bec-46c8-97a7-ce60398eb1fd 5290c9111c874f9ea66a4e0e18e1a8f9 89da3c3fc3f346a8b547870df53e6c06 - - default default] 10.0.0.110 "POST /v2.0/vpn/vpnservices HTTP/1.1" status: 201 len: 657 time: 4.5991871 /var/lib/openstack/lib/python3.12/site-packages/pycadf/identifier.py:71: UserWarning: Invalid uuid: neutron. To ensure interoperability, identifiers should be a valid uuid. warnings.warn(('Invalid uuid: %s. To ensure interoperability, '
2026-04-23 01:38:44.732 10 INFO neutron.db.ovn_revision_numbers_db [req-b284921b-bebb-4a71-9322-e2cba36ecb1e req-ba4bb475-04c8-41f8-bbfb-0d75461c19d2 ac89d56221214e9781827e73aac2a8d1 bc6adab9e9c04d77ab58d03b74f45e78 - - 6670a3f505bc44f7ba8b1edd2de6f792 6670a3f505bc44f7ba8b1edd2de6f792] Successfully bumped revision number for resource 7d875bb4-783e-4bde-86eb-4eee2d19442e (type: ports) to 4
2026-04-23 01:38:44.741 10 INFO neutron.api.wsgi [None req-455232b7-78f9-4f98-8f62-6ed315650225 8b7fe67f8a80482d9a46dc6c95c58924 60964a395cf4481189f8f2505c5fda82 - - default default] 10.0.0.110 "GET /v2.0/vpn/vpnservices HTTP/1.1" status: 200 len: 1508 time: 0.0126698
2026-04-23 01:38:44.757 10 INFO neutron.api.wsgi [req-b284921b-bebb-4a71-9322-e2cba36ecb1e req-ba4bb475-04c8-41f8-bbfb-0d75461c19d2 ac89d56221214e9781827e73aac2a8d1 bc6adab9e9c04d77ab58d03b74f45e78 - - 6670a3f505bc44f7ba8b1edd2de6f792 6670a3f505bc44f7ba8b1edd2de6f792] 199.204.45.30 "PUT /v2.0/ports/7d875bb4-783e-4bde-86eb-4eee2d19442e HTTP/1.1" status: 200 len: 1633 time: 0.5912373
2026-04-23 01:38:44.832 9 INFO neutron.db.ovn_revision_numbers_db [None req-48683056-486b-4141-a433-c820219b3a86 - - - - - -] Successfully bumped revision number for resource e33083e5-c95b-462a-99ef-7fb7f42337bf (type: ports) to 4
2026-04-23 01:38:45.020 10 INFO neutron.notifiers.nova [-] Nova event matching ['req-f7c39db7-e74f-4dfc-9c63-3673b0e1468f'] response: {'name': 'network-changed', 'server_uuid': '907e065c-e6b6-4ea7-a079-222978c79755', 'tag': '7d875bb4-783e-4bde-86eb-4eee2d19442e', 'status': 'completed', 'code': 200}
2026-04-23 01:38:45.239 10 WARNING neutron.plugins.ml2.drivers.ovn.mech_driver.ovsdb.ovn_client [None req-1b88342d-a2fd-409d-9a1c-cd78662437e0 - - - - - -] No hosting information found for port a10d451c-7783-4f9a-bd38-b3284bb01421: RuntimeError: No hosting information found for port a10d451c-7783-4f9a-bd38-b3284bb01421
2026-04-23 01:38:45.350 10 INFO neutron.api.wsgi [req-19b4dc75-3532-4494-ae0f-509f172ca110 req-831d52e8-604a-498b-bea2-82a1452cc385 ac89d56221214e9781827e73aac2a8d1 bc6adab9e9c04d77ab58d03b74f45e78 - - 6670a3f505bc44f7ba8b1edd2de6f792 6670a3f505bc44f7ba8b1edd2de6f792] 199.204.45.30 "GET /v2.0/ports?tenant_id=0803f8ff07b74f198445f884bcc37285&device_id=907e065c-e6b6-4ea7-a079-222978c79755 HTTP/1.1" status: 200 len: 4148 time: 0.0397782
2026-04-23 01:38:45.351 10 INFO neutron.db.ovn_revision_numbers_db [None req-1b88342d-a2fd-409d-9a1c-cd78662437e0 - - - - - -] Successfully bumped revision number for resource a10d451c-7783-4f9a-bd38-b3284bb01421 (type: router_ports) to 2
2026-04-23 01:38:45.351 10 INFO neutron.plugins.ml2.drivers.ovn.mech_driver.mech_driver [None req-1b88342d-a2fd-409d-9a1c-cd78662437e0 - - - - - -] OVN reports status up for port: 7e15ff85-c7dd-44cd-b6f8-3b90ed79a24c
2026-04-23 01:38:45.368 10 INFO neutron.plugins.ml2.plugin [None req-1b88342d-a2fd-409d-9a1c-cd78662437e0 - - - - - -] Attempt 1 to provision port 7e15ff85-c7dd-44cd-b6f8-3b90ed79a24c
2026-04-23 01:38:45.411 10 INFO neutron.api.wsgi [req-19b4dc75-3532-4494-ae0f-509f172ca110 req-fb8e2b1c-ecb0-4525-a134-dd275aa9ee6f ac89d56221214e9781827e73aac2a8d1 bc6adab9e9c04d77ab58d03b74f45e78 - - 6670a3f505bc44f7ba8b1edd2de6f792 6670a3f505bc44f7ba8b1edd2de6f792] 199.204.45.30 "GET /v2.0/networks?id=35b4ab4e-8932-46c0-be38-98e1c06d3c08 HTTP/1.1" status: 200 len: 1003 time: 0.0560272
2026-04-23 01:38:45.441 10 INFO neutron.api.wsgi [req-19b4dc75-3532-4494-ae0f-509f172ca110 req-81cd9de1-642b-4740-a245-b43584d863f7 ac89d56221214e9781827e73aac2a8d1 bc6adab9e9c04d77ab58d03b74f45e78 - - 6670a3f505bc44f7ba8b1edd2de6f792 6670a3f505bc44f7ba8b1edd2de6f792] 199.204.45.30 "GET /v2.0/floatingips?fixed_ip_address=10.2.1.136&port_id=7d875bb4-783e-4bde-86eb-4eee2d19442e HTTP/1.1" status: 200 len: 217 time: 0.0201237
2026-04-23 01:38:45.468 10 INFO neutron.api.wsgi [req-19b4dc75-3532-4494-ae0f-509f172ca110 req-d09d3b01-7c27-44c7-b794-3619df1ffab4 ac89d56221214e9781827e73aac2a8d1 bc6adab9e9c04d77ab58d03b74f45e78 - - 6670a3f505bc44f7ba8b1edd2de6f792 6670a3f505bc44f7ba8b1edd2de6f792] 199.204.45.30 "GET /v2.0/floatingips?fixed_ip_address=fd7b%3Af9f7%3Afff%3A4eca%3A%3A361&port_id=7d875bb4-783e-4bde-86eb-4eee2d19442e HTTP/1.1" status: 200 len: 217 time: 0.0208611
2026-04-23 01:38:45.510 10 INFO neutron.api.wsgi [req-19b4dc75-3532-4494-ae0f-509f172ca110 req-fb24784a-fadd-40fc-ad87-3bf137a107c9 ac89d56221214e9781827e73aac2a8d1 bc6adab9e9c04d77ab58d03b74f45e78 - - 6670a3f505bc44f7ba8b1edd2de6f792 6670a3f505bc44f7ba8b1edd2de6f792] 199.204.45.30 "GET /v2.0/subnets?id=7830096d-9f69-451c-ab56-97faeb44e805&id=accdb132-a310-4ec2-ad8c-d5bdd9360c79 HTTP/1.1" status: 200 len: 1611 time: 0.0359302
2026-04-23 01:38:45.537 10 INFO neutron.api.wsgi [req-19b4dc75-3532-4494-ae0f-509f172ca110 req-899182fe-e0e8-4124-be0f-fc0d71c563aa ac89d56221214e9781827e73aac2a8d1 bc6adab9e9c04d77ab58d03b74f45e78 - - 6670a3f505bc44f7ba8b1edd2de6f792 6670a3f505bc44f7ba8b1edd2de6f792] 199.204.45.30 "GET /v2.0/ports?network_id=35b4ab4e-8932-46c0-be38-98e1c06d3c08&device_owner=network%3Adhcp HTTP/1.1" status: 200 len: 210 time: 0.0209372
2026-04-23 01:38:45.566 10 INFO neutron.api.wsgi [req-19b4dc75-3532-4494-ae0f-509f172ca110 req-fb50b678-5ee3-48b8-a3e4-589e7b424294 ac89d56221214e9781827e73aac2a8d1 bc6adab9e9c04d77ab58d03b74f45e78 - - 6670a3f505bc44f7ba8b1edd2de6f792 6670a3f505bc44f7ba8b1edd2de6f792] 199.204.45.30 "GET /v2.0/ports?network_id=35b4ab4e-8932-46c0-be38-98e1c06d3c08&device_owner=network%3Adhcp HTTP/1.1" status: 200 len: 210 time: 0.0248296
2026-04-23 01:38:45.627 10 INFO neutron.api.wsgi [req-19b4dc75-3532-4494-ae0f-509f172ca110 req-42f4d4df-47bb-4902-b0dc-ea266adcaec4 ac89d56221214e9781827e73aac2a8d1 bc6adab9e9c04d77ab58d03b74f45e78 - - 6670a3f505bc44f7ba8b1edd2de6f792 6670a3f505bc44f7ba8b1edd2de6f792] 199.204.45.30 "GET /v2.0/networks/35b4ab4e-8932-46c0-be38-98e1c06d3c08?fields=segments HTTP/1.1" status: 200 len: 212 time: 0.0548074
2026-04-23 01:38:45.687 10 INFO neutron.db.ovn_revision_numbers_db [None req-1b88342d-a2fd-409d-9a1c-cd78662437e0 - - - - - -] Successfully bumped revision number for resource 7e15ff85-c7dd-44cd-b6f8-3b90ed79a24c (type: ports) to 4
2026-04-23 01:38:45.697 10 INFO neutron.api.wsgi [req-19b4dc75-3532-4494-ae0f-509f172ca110 req-0fb59830-fe10-41ff-954e-815ec7f4f90c ac89d56221214e9781827e73aac2a8d1 bc6adab9e9c04d77ab58d03b74f45e78 - - 6670a3f505bc44f7ba8b1edd2de6f792 6670a3f505bc44f7ba8b1edd2de6f792] 199.204.45.30 "GET /v2.0/networks/35b4ab4e-8932-46c0-be38-98e1c06d3c08?fields=provider%3Aphysical_network&fields=provider%3Anetwork_type HTTP/1.1" status: 200 len: 277 time: 0.0639658
2026-04-23 01:38:45.820 10 INFO neutron.plugins.ml2.drivers.ovn.mech_driver.mech_driver [None req-04c70883-8ecd-44b7-a85d-f3b3a559f931 - - - - - -] OVN reports status up for port: bb0e9e41-17e3-464c-b3e4-80486a7bedd9
2026-04-23 01:38:45.842 10 INFO neutron.plugins.ml2.plugin [None req-04c70883-8ecd-44b7-a85d-f3b3a559f931 - - - - - -] Attempt 1 to provision port bb0e9e41-17e3-464c-b3e4-80486a7bedd9
2026-04-23 01:38:46.464 10 ERROR ovsdbapp.backend.ovs_idl.command [None req-213f6cc2-fa36-45db-b0c7-b7e65b7ff174 - - - - - -] Error executing command (LspGetUpCommand): ovsdbapp.backend.ovs_idl.idlutils.RowNotFound: Cannot find Logical_Switch_Port with name=bb0e9e41-17e3-464c-b3e4-80486a7bedd9
2026-04-23 01:38:46.464 10 ERROR ovsdbapp.backend.ovs_idl.command
Traceback (most recent call last):
2026-04-23 01:38:46.464 10 ERROR ovsdbapp.backend.ovs_idl.command
File "/var/lib/openstack/lib/python3.12/site-packages/ovsdbapp/backend/ovs_idl/command.py", line 47, in execute
2026-04-23 01:38:46.464 10 ERROR ovsdbapp.backend.ovs_idl.command self.run_idl(None)
2026-04-23 01:38:46.464 10 ERROR ovsdbapp.backend.ovs_idl.command
File "/var/lib/openstack/lib/python3.12/site-packages/ovsdbapp/schema/ovn_northbound/commands.py", line 679, in run_idl
2026-04-23 01:38:46.464 10 ERROR ovsdbapp.backend.ovs_idl.command lsp = self.api.lookup('Logical_Switch_Port', self.port)
2026-04-23 01:38:46.464 10 ERROR ovsdbapp.backend.ovs_idl.command ^^^^^^^^^^^^^^^^^^^^^^^^^^^^^^^^^^^^^^^^^^^^^^^^^
2026-04-23 01:38:46.464 10 ERROR ovsdbapp.backend.ovs_idl.command
File "/var/lib/openstack/lib/python3.12/site-packages/ovsdbapp/backend/ovs_idl/__init__.py", line 184, in lookup
2026-04-23 01:38:46.464 10 ERROR ovsdbapp.backend.ovs_idl.command return self._lookup(table, record)
2026-04-23 01:38:46.464 10 ERROR ovsdbapp.backend.ovs_idl.command ^^^^^^^^^^^^^^^^^^^^^^^^^^^
2026-04-23 01:38:46.464 10 ERROR ovsdbapp.backend.ovs_idl.command
File "/var/lib/openstack/lib/python3.12/site-packages/ovsdbapp/backend/ovs_idl/__init__.py", line 235, in _lookup
2026-04-23 01:38:46.464 10 ERROR ovsdbapp.backend.ovs_idl.command row = idlutils.row_by_value(self, rl.table, rl.column, record)
2026-04-23 01:38:46.464 10 ERROR ovsdbapp.backend.ovs_idl.command ^^^^^^^^^^^^^^^^^^^^^^^^^^^^^^^^^^^^^^^^^^^^^^^^^^^^^^^^
2026-04-23 01:38:46.464 10 ERROR ovsdbapp.backend.ovs_idl.command
File "/var/lib/openstack/lib/python3.12/site-packages/ovsdbapp/backend/ovs_idl/idlutils.py", line 114, in row_by_value
2026-04-23 01:38:46.464 10 ERROR ovsdbapp.backend.ovs_idl.command raise RowNotFound(table=table, col=column, match=match)
2026-04-23 01:38:46.464 10 ERROR ovsdbapp.backend.ovs_idl.command ovsdbapp.backend.ovs_idl.idlutils.RowNotFound: Cannot find Logical_Switch_Port with name=bb0e9e41-17e3-464c-b3e4-80486a7bedd9
2026-04-23 01:38:46.464 10 ERROR ovsdbapp.backend.ovs_idl.command
2026-04-23 01:38:46.465 10 ERROR ovsdbapp.event [None req-213f6cc2-fa36-45db-b0c7-b7e65b7ff174 - - - - - -] Unexpected exception in notify_loop: ovsdbapp.backend.ovs_idl.idlutils.RowNotFound: Cannot find Logical_Switch_Port with name=bb0e9e41-17e3-464c-b3e4-80486a7bedd9
2026-04-23 01:38:46.465 10 ERROR ovsdbapp.event
Traceback (most recent call last):
2026-04-23 01:38:46.465 10 ERROR ovsdbapp.event
File "/var/lib/openstack/lib/python3.12/site-packages/ovsdbapp/event.py", line 177, in notify_loop
2026-04-23 01:38:46.465 10 ERROR ovsdbapp.event match.run(event, row, updates)
2026-04-23 01:38:46.465 10 ERROR ovsdbapp.event
File "/var/lib/openstack/lib/python3.12/site-packages/neutron/plugins/ml2/drivers/ovn/mech_driver/ovsdb/ovsdb_monitor.py", line 511, in run
2026-04-23 01:38:46.465 10 ERROR ovsdbapp.event self.driver.set_port_status_up(row.name)
2026-04-23 01:38:46.465 10 ERROR ovsdbapp.event
File "/var/lib/openstack/lib/python3.12/site-packages/neutron/plugins/ml2/drivers/ovn/mech_driver/mech_driver.py", line 1286, in set_port_status_up
2026-04-23 01:38:46.465 10 ERROR ovsdbapp.event self._ovn_client.update_lsp_host_info(admin_context, db_port)
2026-04-23 01:38:46.465 10 ERROR ovsdbapp.event
File "/var/lib/openstack/lib/python3.12/site-packages/neutron/plugins/ml2/drivers/ovn/mech_driver/ovsdb/ovn_client.py", line 314, in update_lsp_host_info
2026-04-23 01:38:46.465 10 ERROR ovsdbapp.event port_up = self._nb_idl.lsp_get_up(db_port.id).execute(
2026-04-23 01:38:46.465 10 ERROR ovsdbapp.event ^^^^^^^^^^^^^^^^^^^^^^^^^^^^^^^^^^^^^^^^^^^^
2026-04-23 01:38:46.465 10 ERROR ovsdbapp.event
File "/var/lib/openstack/lib/python3.12/site-packages/ovsdbapp/backend/ovs_idl/command.py", line 47, in execute
2026-04-23 01:38:46.465 10 ERROR ovsdbapp.event self.run_idl(None)
2026-04-23 01:38:46.465 10 ERROR ovsdbapp.event
File "/var/lib/openstack/lib/python3.12/site-packages/ovsdbapp/schema/ovn_northbound/commands.py", line 679, in run_idl
2026-04-23 01:38:46.465 10 ERROR ovsdbapp.event lsp = self.api.lookup('Logical_Switch_Port', self.port)
2026-04-23 01:38:46.465 10 ERROR ovsdbapp.event ^^^^^^^^^^^^^^^^^^^^^^^^^^^^^^^^^^^^^^^^^^^^^^^^^
2026-04-23 01:38:46.465 10 ERROR ovsdbapp.event
File "/var/lib/openstack/lib/python3.12/site-packages/ovsdbapp/backend/ovs_idl/__init__.py", line 184, in lookup
2026-04-23 01:38:46.465 10 ERROR ovsdbapp.event return self._lookup(table, record)
2026-04-23 01:38:46.465 10 ERROR ovsdbapp.event ^^^^^^^^^^^^^^^^^^^^^^^^^^^
2026-04-23 01:38:46.465 10 ERROR ovsdbapp.event
File "/var/lib/openstack/lib/python3.12/site-packages/ovsdbapp/backend/ovs_idl/__init__.py", line 235, in _lookup
2026-04-23 01:38:46.465 10 ERROR ovsdbapp.event row = idlutils.row_by_value(self, rl.table, rl.column, record)
2026-04-23 01:38:46.465 10 ERROR ovsdbapp.event ^^^^^^^^^^^^^^^^^^^^^^^^^^^^^^^^^^^^^^^^^^^^^^^^^^^^^^^^
2026-04-23 01:38:46.465 10 ERROR ovsdbapp.event
File "/var/lib/openstack/lib/python3.12/site-packages/ovsdbapp/backend/ovs_idl/idlutils.py", line 114, in row_by_value
2026-04-23 01:38:46.465 10 ERROR ovsdbapp.event raise RowNotFound(table=table, col=column, match=match)
2026-04-23 01:38:46.465 10 ERROR ovsdbapp.event ovsdbapp.backend.ovs_idl.idlutils.RowNotFound: Cannot find Logical_Switch_Port with name=bb0e9e41-17e3-464c-b3e4-80486a7bedd9
2026-04-23 01:38:46.465 10 ERROR ovsdbapp.event
2026-04-23 01:38:46.758 10 INFO neutron.api.wsgi [req-b284921b-bebb-4a71-9322-e2cba36ecb1e req-f3384340-1dfc-4a41-9470-3693d9d5807c ac89d56221214e9781827e73aac2a8d1 bc6adab9e9c04d77ab58d03b74f45e78 - - 6670a3f505bc44f7ba8b1edd2de6f792 6670a3f505bc44f7ba8b1edd2de6f792] 199.204.45.30 "GET /v2.0/ports?tenant_id=0803f8ff07b74f198445f884bcc37285&device_id=907e065c-e6b6-4ea7-a079-222978c79755 HTTP/1.1" status: 200 len: 4148 time: 0.0438948
2026-04-23 01:38:46.782 10 INFO neutron.api.wsgi [req-b284921b-bebb-4a71-9322-e2cba36ecb1e req-4bb2c989-4f24-4da6-932a-9a24fb5b13bf ac89d56221214e9781827e73aac2a8d1 bc6adab9e9c04d77ab58d03b74f45e78 - - 6670a3f505bc44f7ba8b1edd2de6f792 6670a3f505bc44f7ba8b1edd2de6f792] 199.204.45.30 "GET /v2.0/floatingips?fixed_ip_address=172.24.2.29&port_id=32b300af-cf5a-4273-80f1-20e83d8efc5d HTTP/1.1" status: 200 len: 217 time: 0.0173435
2026-04-23 01:38:46.830 10 INFO neutron.api.wsgi [req-b284921b-bebb-4a71-9322-e2cba36ecb1e req-98aeb9dc-f848-420d-adf9-265a2a32205d ac89d56221214e9781827e73aac2a8d1 bc6adab9e9c04d77ab58d03b74f45e78 - - 6670a3f505bc44f7ba8b1edd2de6f792 6670a3f505bc44f7ba8b1edd2de6f792] 199.204.45.30 "GET /v2.0/subnets?id=2d5eb957-2d32-4a15-827b-05e0024104ed HTTP/1.1" status: 200 len: 853 time: 0.0402453
2026-04-23 01:38:46.856 10 INFO neutron.api.wsgi [req-b284921b-bebb-4a71-9322-e2cba36ecb1e req-11cbfb97-ca89-41ac-a972-3e127a1d663a ac89d56221214e9781827e73aac2a8d1 bc6adab9e9c04d77ab58d03b74f45e78 - - 6670a3f505bc44f7ba8b1edd2de6f792 6670a3f505bc44f7ba8b1edd2de6f792] 199.204.45.30 "GET /v2.0/ports?network_id=8c3b3424-acf6-4849-b2bc-1284f52b6b54&device_owner=network%3Adhcp HTTP/1.1" status: 200 len: 210 time: 0.0176215
2026-04-23 01:38:46.922 10 INFO neutron.api.wsgi [req-b284921b-bebb-4a71-9322-e2cba36ecb1e req-cc6e1e30-bd2a-489f-93c1-963362591629 ac89d56221214e9781827e73aac2a8d1 bc6adab9e9c04d77ab58d03b74f45e78 - - 6670a3f505bc44f7ba8b1edd2de6f792 6670a3f505bc44f7ba8b1edd2de6f792] 199.204.45.30 "GET /v2.0/networks/8c3b3424-acf6-4849-b2bc-1284f52b6b54?fields=segments HTTP/1.1" status: 200 len: 212 time: 0.0586522
2026-04-23 01:38:46.972 10 INFO neutron.api.wsgi [req-b284921b-bebb-4a71-9322-e2cba36ecb1e req-d93c7ba2-25a3-4850-ba13-bde7c45717b3 ac89d56221214e9781827e73aac2a8d1 bc6adab9e9c04d77ab58d03b74f45e78 - - 6670a3f505bc44f7ba8b1edd2de6f792 6670a3f505bc44f7ba8b1edd2de6f792] 199.204.45.30 "GET /v2.0/networks/8c3b3424-acf6-4849-b2bc-1284f52b6b54?fields=provider%3Aphysical_network&fields=provider%3Anetwork_type HTTP/1.1" status: 200 len: 277 time: 0.0441256
2026-04-23 01:38:46.995 10 INFO neutron.api.wsgi [req-b284921b-bebb-4a71-9322-e2cba36ecb1e req-2581ca0a-2f34-49c7-a9f1-7ca688f06803 ac89d56221214e9781827e73aac2a8d1 bc6adab9e9c04d77ab58d03b74f45e78 - - 6670a3f505bc44f7ba8b1edd2de6f792 6670a3f505bc44f7ba8b1edd2de6f792] 199.204.45.30 "GET /v2.0/floatingips?fixed_ip_address=10.1.1.101&port_id=94d9c780-950d-4c92-92af-585bdf4c7d38 HTTP/1.1" status: 200 len: 217 time: 0.0165665
2026-04-23 01:38:47.032 10 INFO neutron.api.wsgi [req-b284921b-bebb-4a71-9322-e2cba36ecb1e req-a6e48d74-17ee-4e8f-94b3-7e16176996df ac89d56221214e9781827e73aac2a8d1 bc6adab9e9c04d77ab58d03b74f45e78 - - 6670a3f505bc44f7ba8b1edd2de6f792 6670a3f505bc44f7ba8b1edd2de6f792] 199.204.45.30 "GET /v2.0/subnets?id=97f088b2-e02a-4723-99e1-037579b62047 HTTP/1.1" status: 200 len: 877 time: 0.0268810
2026-04-23 01:38:47.055 10 INFO neutron.api.wsgi [req-b284921b-bebb-4a71-9322-e2cba36ecb1e req-64badeff-9cda-42e9-af93-2958beea3560 ac89d56221214e9781827e73aac2a8d1 bc6adab9e9c04d77ab58d03b74f45e78 - - 6670a3f505bc44f7ba8b1edd2de6f792 6670a3f505bc44f7ba8b1edd2de6f792] 199.204.45.30 "GET /v2.0/ports?network_id=ea518446-6303-46f6-bb7d-386457e6bcef&device_owner=network%3Adhcp HTTP/1.1" status: 200 len: 210 time: 0.0145497 /var/lib/openstack/lib/python3.12/site-packages/pycadf/identifier.py:71: UserWarning: Invalid uuid: neutron. To ensure interoperability, identifiers should be a valid uuid. warnings.warn(('Invalid uuid: %s. To ensure interoperability, '
2026-04-23 01:38:47.143 10 INFO neutron.api.wsgi [req-b284921b-bebb-4a71-9322-e2cba36ecb1e req-7523dd0d-d6ba-43f8-a5d6-54f27544f0e1 ac89d56221214e9781827e73aac2a8d1 bc6adab9e9c04d77ab58d03b74f45e78 - - 6670a3f505bc44f7ba8b1edd2de6f792 6670a3f505bc44f7ba8b1edd2de6f792] 199.204.45.30 "GET /v2.0/networks/ea518446-6303-46f6-bb7d-386457e6bcef?fields=segments HTTP/1.1" status: 200 len: 212 time: 0.0631981
2026-04-23 01:38:47.201 10 INFO neutron.api.wsgi [req-b284921b-bebb-4a71-9322-e2cba36ecb1e req-4a7452a7-d4f3-4f5c-819a-8aafd3e75062 ac89d56221214e9781827e73aac2a8d1 bc6adab9e9c04d77ab58d03b74f45e78 - - 6670a3f505bc44f7ba8b1edd2de6f792 6670a3f505bc44f7ba8b1edd2de6f792] 199.204.45.30 "GET /v2.0/networks/ea518446-6303-46f6-bb7d-386457e6bcef?fields=provider%3Aphysical_network&fields=provider%3Anetwork_type HTTP/1.1" status: 200 len: 277 time: 0.0501423
2026-04-23 01:38:47.239 10 INFO neutron.api.wsgi [req-b284921b-bebb-4a71-9322-e2cba36ecb1e req-81df9e04-fe58-49b1-86f2-d840d527a1d4 ac89d56221214e9781827e73aac2a8d1 bc6adab9e9c04d77ab58d03b74f45e78 - - 6670a3f505bc44f7ba8b1edd2de6f792 6670a3f505bc44f7ba8b1edd2de6f792] 199.204.45.30 "GET /v2.0/floatingips?fixed_ip_address=10.2.1.136&port_id=7d875bb4-783e-4bde-86eb-4eee2d19442e HTTP/1.1" status: 200 len: 217 time: 0.0304146
2026-04-23 01:38:47.266 10 INFO neutron.api.wsgi [req-b284921b-bebb-4a71-9322-e2cba36ecb1e req-5a128415-fe47-4510-8e06-19dce0b23859 ac89d56221214e9781827e73aac2a8d1 bc6adab9e9c04d77ab58d03b74f45e78 - - 6670a3f505bc44f7ba8b1edd2de6f792 6670a3f505bc44f7ba8b1edd2de6f792] 199.204.45.30 "GET /v2.0/floatingips?fixed_ip_address=fd7b%3Af9f7%3Afff%3A4eca%3A%3A361&port_id=7d875bb4-783e-4bde-86eb-4eee2d19442e HTTP/1.1" status: 200 len: 217 time: 0.0207007
2026-04-23 01:38:47.299 10 INFO neutron.api.wsgi [req-b284921b-bebb-4a71-9322-e2cba36ecb1e req-770a21a1-a252-408b-b9ec-d07ecaa2b29f ac89d56221214e9781827e73aac2a8d1 bc6adab9e9c04d77ab58d03b74f45e78 - - 6670a3f505bc44f7ba8b1edd2de6f792 6670a3f505bc44f7ba8b1edd2de6f792] 199.204.45.30 "GET /v2.0/subnets?id=7830096d-9f69-451c-ab56-97faeb44e805&id=accdb132-a310-4ec2-ad8c-d5bdd9360c79 HTTP/1.1" status: 200 len: 1611 time: 0.0272598
2026-04-23 01:38:47.329 10 INFO neutron.api.wsgi [req-b284921b-bebb-4a71-9322-e2cba36ecb1e req-b3d95cc9-1aec-4aa1-a912-610131e7598e ac89d56221214e9781827e73aac2a8d1 bc6adab9e9c04d77ab58d03b74f45e78 - - 6670a3f505bc44f7ba8b1edd2de6f792 6670a3f505bc44f7ba8b1edd2de6f792] 199.204.45.30 "GET /v2.0/ports?network_id=35b4ab4e-8932-46c0-be38-98e1c06d3c08&device_owner=network%3Adhcp HTTP/1.1" status: 200 len: 210 time: 0.0183039
2026-04-23 01:38:47.355 10 INFO neutron.api.wsgi [req-b284921b-bebb-4a71-9322-e2cba36ecb1e req-f0023ebc-18bf-455a-9fdb-86eab9f25c9c ac89d56221214e9781827e73aac2a8d1 bc6adab9e9c04d77ab58d03b74f45e78 - - 6670a3f505bc44f7ba8b1edd2de6f792 6670a3f505bc44f7ba8b1edd2de6f792] 199.204.45.30 "GET /v2.0/ports?network_id=35b4ab4e-8932-46c0-be38-98e1c06d3c08&device_owner=network%3Adhcp HTTP/1.1" status: 200 len: 210 time: 0.0187042
2026-04-23 01:38:47.408 10 INFO neutron.api.wsgi [req-b284921b-bebb-4a71-9322-e2cba36ecb1e req-4071a159-be77-4e6b-8646-3dfa88136858 ac89d56221214e9781827e73aac2a8d1 bc6adab9e9c04d77ab58d03b74f45e78 - - 6670a3f505bc44f7ba8b1edd2de6f792 6670a3f505bc44f7ba8b1edd2de6f792] 199.204.45.30 "GET /v2.0/networks/35b4ab4e-8932-46c0-be38-98e1c06d3c08?fields=segments HTTP/1.1" status: 200 len: 212 time: 0.0469527
2026-04-23 01:38:47.461 10 INFO neutron.api.wsgi [req-b284921b-bebb-4a71-9322-e2cba36ecb1e req-6ec95d18-9326-4f9f-96b6-33ff1bb74e8f ac89d56221214e9781827e73aac2a8d1 bc6adab9e9c04d77ab58d03b74f45e78 - - 6670a3f505bc44f7ba8b1edd2de6f792 6670a3f505bc44f7ba8b1edd2de6f792] 199.204.45.30 "GET /v2.0/networks/35b4ab4e-8932-46c0-be38-98e1c06d3c08?fields=provider%3Aphysical_network&fields=provider%3Anetwork_type HTTP/1.1" status: 200 len: 277 time: 0.0439901
2026-04-23 01:38:47.633 10 INFO neutron.api.wsgi [None req-fd217f20-18cf-42b1-9fc3-aff0de51a774 5290c9111c874f9ea66a4e0e18e1a8f9 89da3c3fc3f346a8b547870df53e6c06 - - default default] 10.0.0.110 "DELETE /v2.0/vpn/vpnservices/186cdf07-9155-4c54-875d-69da4a51eafe HTTP/1.1" status: 204 len: 168 time: 2.8863595
2026-04-23 01:38:47.652 9 WARNING neutron_lib.context [None req-df8e9bf5-fe18-45a6-b1a1-1a9646312b91 8b7fe67f8a80482d9a46dc6c95c58924 60964a395cf4481189f8f2505c5fda82 - - default default] Method 'is_advsvc' is deprecated since 2023.2 release (neutron-lib 3.8.0) and will be removed once support for the old RBAC API policies will be removed from Neutron. Please use method 'is_service_role' instead.
2026-04-23 01:38:47.705 9 INFO neutron.api.wsgi [None req-df8e9bf5-fe18-45a6-b1a1-1a9646312b91 8b7fe67f8a80482d9a46dc6c95c58924 60964a395cf4481189f8f2505c5fda82 - - default default] 10.0.0.110 "POST /v2.0/vpn/endpoint-groups HTTP/1.1" status: 201 len: 500 time: 0.0594041
2026-04-23 01:38:47.706 10 INFO neutron.services.segments.plugin [-] Segment 70b4f322-443a-499e-8631-5a170c703f4a resource provider aggregate not found
2026-04-23 01:38:47.711 10 INFO neutron.services.segments.plugin [-] Segment 70b4f322-443a-499e-8631-5a170c703f4a resource provider aggregate not found
2026-04-23 01:38:47.718 10 INFO neutron.services.segments.plugin [-] Segment 70b4f322-443a-499e-8631-5a170c703f4a resource provider not found; error: Placement Client Error (4xx): {"errors": [{"status": 404, "title": "Not Found", "detail": "The resource could not be found.\n\n No resource provider with uuid 70b4f322-443a-499e-8631-5a170c703f4a found for delete ", "request_id": "req-1611b67d-3bdc-4cc4-88a6-67236473695c"}]}
2026-04-23 01:38:47.719 9 WARNING neutron_lib.context [None req-f4848edd-8402-49a0-82d0-39ce14f1ab51 8b7fe67f8a80482d9a46dc6c95c58924 60964a395cf4481189f8f2505c5fda82 - - default default] Method 'is_advsvc' is deprecated since 2023.2 release (neutron-lib 3.8.0) and will be removed once support for the old RBAC API policies will be removed from Neutron. Please use method 'is_service_role' instead.
2026-04-23 01:38:47.721 10 INFO neutron.services.segments.plugin [-] Segment 70b4f322-443a-499e-8631-5a170c703f4a resource provider not found; error: Placement Client Error (4xx): {"errors": [{"status": 404, "title": "Not Found", "detail": "The resource could not be found.\n\n No resource provider with uuid 70b4f322-443a-499e-8631-5a170c703f4a found for delete ", "request_id": "req-62a6bfed-5484-4951-856e-40ef926bf534"}]}
2026-04-23 01:38:47.751 9 INFO neutron.api.wsgi [None req-f4848edd-8402-49a0-82d0-39ce14f1ab51 8b7fe67f8a80482d9a46dc6c95c58924 60964a395cf4481189f8f2505c5fda82 - - default default] 10.0.0.110 "POST /v2.0/vpn/endpoint-groups HTTP/1.1" status: 201 len: 492 time: 0.0388985
2026-04-23 01:38:47.760 9 WARNING neutron.api.v2.base [None req-c68cce0f-cbb7-4eb0-9f03-da573e2bd138 8b7fe67f8a80482d9a46dc6c95c58924 60964a395cf4481189f8f2505c5fda82 - - default default] An exception happened while processing the request body. The exception message is [Unrecognized attribute(s) 'peer_cidr'].: webob.exc.HTTPBadRequest: Unrecognized attribute(s) 'peer_cidr'
2026-04-23 01:38:47.760 9 INFO neutron.api.v2.resource [None req-c68cce0f-cbb7-4eb0-9f03-da573e2bd138 8b7fe67f8a80482d9a46dc6c95c58924 60964a395cf4481189f8f2505c5fda82 - - default default] create failed (client error): Unrecognized attribute(s) 'peer_cidr'
2026-04-23 01:38:47.761 9 INFO neutron.api.wsgi [None req-c68cce0f-cbb7-4eb0-9f03-da573e2bd138 8b7fe67f8a80482d9a46dc6c95c58924 60964a395cf4481189f8f2505c5fda82 - - default default] 10.0.0.110 "POST /v2.0/vpn/ipsec-site-connections HTTP/1.1" status: 400 len: 313 time: 0.0053198
2026-04-23 01:38:47.776 9 INFO neutron.api.wsgi [None req-4e046444-0a03-4a20-bd48-37ce440351b7 8b7fe67f8a80482d9a46dc6c95c58924 60964a395cf4481189f8f2505c5fda82 - - default default] 10.0.0.110 "GET /v2.0/vpn/endpoint-groups HTTP/1.1" status: 200 len: 1387 time: 0.0119507
2026-04-23 01:38:47.813 9 INFO neutron.api.wsgi [None req-0aa83ba7-f404-4cf1-92e9-c238ecb9f2fb 8b7fe67f8a80482d9a46dc6c95c58924 60964a395cf4481189f8f2505c5fda82 - - default default] 10.0.0.110 "DELETE /v2.0/vpn/endpoint-groups/7ec123b8-37d3-423c-b6e9-aa90fe0ab6a5 HTTP/1.1" status: 204 len: 168 time: 0.0328362
2026-04-23 01:38:47.827 9 INFO neutron.api.wsgi [None req-ef490ff0-0a75-4d53-99a9-b75d936675da 8b7fe67f8a80482d9a46dc6c95c58924 60964a395cf4481189f8f2505c5fda82 - - default default] 10.0.0.110 "GET /v2.0/vpn/endpoint-groups HTTP/1.1" status: 200 len: 1111 time: 0.0092709
