Jun 10 00:26:37.940581 np0000179362 devstack@neutron-api.service[103460]: DEBUG neutron.api.extensions [None req-474cdace-8524-45db-8c56-971cc47b7647 None None] Ext name="Normalized CIDR field for security group rules" alias="security-groups-normalized-cidr" description="Add new field with normalized remote_ip_prefix cidr in SG rule" updated="2020-07-28T10:00:00-00:00" {{(pid=103460) _check_extension /opt/stack/neutron/neutron/api/extensions.py:415}}
Jun 10 00:26:37.940761 np0000179362 devstack@neutron-api.service[103460]: INFO neutron.api.extensions [None req-474cdace-8524-45db-8c56-971cc47b7647 None None] Loaded extension: security-groups-normalized-cidr
Jun 10 00:26:37.940859 np0000179362 devstack@neutron-api.service[103460]: DEBUG neutron.api.extensions [None req-474cdace-8524-45db-8c56-971cc47b7647 None None] Loading extension file: security_groups_port_filtering.py {{(pid=103460) _load_all_extensions_from_path /opt/stack/neutron/neutron/api/extensions.py:449}}
Jun 10 00:26:37.941102 np0000179362 devstack@neutron-api.service[103460]: DEBUG neutron.api.extensions [None req-474cdace-8524-45db-8c56-971cc47b7647 None None] Ext name="Port filtering on security groups" alias="port-security-groups-filtering" description="Provides security groups filtering when listing ports" updated="2018-01-09T09:00:00-00:00" {{(pid=103460) _check_extension /opt/stack/neutron/neutron/api/extensions.py:415}}
Jun 10 00:26:37.941273 np0000179362 devstack@neutron-api.service[103460]: INFO neutron.api.extensions [None req-474cdace-8524-45db-8c56-971cc47b7647 None None] Extension port-security-groups-filtering not supported by any of loaded plugins
Jun 10 00:26:37.941385 np0000179362 devstack@neutron-api.service[103460]: DEBUG neutron.api.extensions [None req-474cdace-8524-45db-8c56-971cc47b7647 None None] Loading extension file: security_groups_remote_address_group.py {{(pid=103460) _load_all_extensions_from_path /opt/stack/neutron/neutron/api/extensions.py:449}}
Jun 10 00:26:37.941651 np0000179362 devstack@neutron-api.service[103460]: DEBUG neutron.api.extensions [None req-474cdace-8524-45db-8c56-971cc47b7647 None None] Ext name="Remote address group id field for security group rules" alias="security-groups-remote-address-group" description="Add new field of remote address group id in SG rules" updated="2020-08-25T10:00:00-00:00" {{(pid=103460) _check_extension /opt/stack/neutron/neutron/api/extensions.py:415}}
Jun 10 00:26:37.941820 np0000179362 devstack@neutron-api.service[103460]: INFO neutron.api.extensions [None req-474cdace-8524-45db-8c56-971cc47b7647 None None] Loaded extension: security-groups-remote-address-group
Jun 10 00:26:37.941905 np0000179362 devstack@neutron-api.service[103460]: DEBUG neutron.api.extensions [None req-474cdace-8524-45db-8c56-971cc47b7647 None None] Loading extension file: security_groups_rules_belongs_to_default_sg.py {{(pid=103460) _load_all_extensions_from_path /opt/stack/neutron/neutron/api/extensions.py:449}}
Jun 10 00:26:37.942015 np0000179362 devstack@neutron-api.service[103458]: DEBUG neutron_lib.callbacks.manager [None req-eac1a10b-61df-4e3d-8f8a-63cdedbafaf8 None None] Publish callbacks ['neutron.plugins.ml2.drivers.ovn.mech_driver.mech_driver.OVNMechanismDriver.pre_fork_initialize-498180'] for process (None), before_spawn {{(pid=103458) _notify_loop /opt/stack/data/venv/lib/python3.12/site-packages/neutron_lib/callbacks/manager.py:184}}
Jun 10 00:26:37.942148 np0000179362 devstack@neutron-api.service[103460]: DEBUG neutron.api.extensions [None req-474cdace-8524-45db-8c56-971cc47b7647 None None] Ext name="Security group rule belongs to the project's default security group" alias="security-groups-rules-belongs-to-default-sg" description="Flag to determine if the security group rule belongs to the project's default security group" updated="2023-05-23T10:00:00-00:00" {{(pid=103460) _check_extension /opt/stack/neutron/neutron/api/extensions.py:415}}
Jun 10 00:26:37.942367 np0000179362 devstack@neutron-api.service[103460]: INFO neutron.api.extensions [None req-474cdace-8524-45db-8c56-971cc47b7647 None None] Loaded extension: security-groups-rules-belongs-to-default-sg
Jun 10 00:26:37.942484 np0000179362 devstack@neutron-api.service[103458]: DEBUG oslo_concurrency.processutils [None req-eac1a10b-61df-4e3d-8f8a-63cdedbafaf8 None None] Running cmd (subprocess): ovsdb-client transact ssl:199.204.45.22:6641 --timeout 180 -p /opt/stack/data/CA/int-ca/private/devstack-cert.key -c /opt/stack/data/CA/int-ca/devstack-cert.crt -C /opt/stack/data/CA/int-ca/ca-chain.pem ["OVN_Northbound", {"op": "wait", "timeout": 0, "table": "Port_Group", "where": [["name", "==", "neutron_pg_drop"]], "until": "==", "rows": []}, {"op": "insert", "table": "ACL", "row": {"action": "drop", "direction": "to-lport", "match": "outport == @neutron_pg_drop && ip", "priority": 1001}, "uuid-name": "droptoport"}, {"op": "insert", "table": "ACL", "row": {"action": "drop", "direction": "from-lport", "match": "inport == @neutron_pg_drop && ip", "priority": 1001}, "uuid-name": "dropfromport"}, {"op": "insert", "table": "Port_Group", "row": {"name": "neutron_pg_drop", "acls": ["set", [["named-uuid", "droptoport"], ["named-uuid", "dropfromport"]]]}}] {{(pid=103458) execute /opt/stack/data/venv/lib/python3.12/site-packages/oslo_concurrency/processutils.py:440}}
Jun 10 00:26:37.942583 np0000179362 devstack@neutron-api.service[103460]: DEBUG neutron.api.extensions [None req-474cdace-8524-45db-8c56-971cc47b7647 None None] Loading extension file: security_groups_shared_filtering.py {{(pid=103460) _load_all_extensions_from_path /opt/stack/neutron/neutron/api/extensions.py:449}}
Jun 10 00:26:37.942798 np0000179362 devstack@neutron-api.service[103460]: DEBUG neutron.api.extensions [None req-474cdace-8524-45db-8c56-971cc47b7647 None None] Ext name="Security group filtering on the shared field" alias="security-groups-shared-filtering" description="Support filtering security groups on the shared field" updated="2021-10-05T09:00:00-00:00" {{(pid=103460) _check_extension /opt/stack/neutron/neutron/api/extensions.py:415}}
Jun 10 00:26:37.943043 np0000179362 devstack@neutron-api.service[103460]: INFO neutron.api.extensions [None req-474cdace-8524-45db-8c56-971cc47b7647 None None] Loaded extension: security-groups-shared-filtering
Jun 10 00:26:37.943185 np0000179362 devstack@neutron-api.service[103460]: DEBUG neutron.api.extensions [None req-474cdace-8524-45db-8c56-971cc47b7647 None None] Loading extension file: securitygroup.py {{(pid=103460) _load_all_extensions_from_path /opt/stack/neutron/neutron/api/extensions.py:449}}
Jun 10 00:26:37.945524 np0000179362 devstack@neutron-api.service[103459]: DEBUG neutron.common.ovn.hash_ring_manager [None req-9a3911ed-015a-4d75-89db-f28d9f723aee None None] Hash Ring loaded. 2 active nodes. 0 offline nodes {{(pid=103459) _load_hash_ring /opt/stack/neutron/neutron/common/ovn/hash_ring_manager.py:102}}
Jun 10 00:26:37.945754 np0000179362 devstack@neutron-api.service[103459]: DEBUG neutron.plugins.ml2.drivers.ovn.mech_driver.ovsdb.ovsdb_monitor [None req-9a3911ed-015a-4d75-89db-f28d9f723aee None None] Hash Ring: Node cf097b1cb90f5314980a8d9bcf3a6c2a (host: np0000179362) handling event "create" for row 5876f9b7-5394-40d1-a21c-d6469f393b84 (table: Port_Group) {{(pid=103459) notify /opt/stack/neutron/neutron/plugins/ml2/drivers/ovn/mech_driver/ovsdb/ovsdb_monitor.py:1015}}
Jun 10 00:26:37.946132 np0000179362 devstack@neutron-api.service[103460]: DEBUG neutron.api.extensions [None req-474cdace-8524-45db-8c56-971cc47b7647 None None] Ext name="security-group" alias="security-group" description="The security groups extension." updated="2012-10-05T10:00:00-00:00" {{(pid=103460) _check_extension /opt/stack/neutron/neutron/api/extensions.py:415}}
Jun 10 00:26:37.946347 np0000179362 devstack@neutron-api.service[103460]: INFO neutron.api.extensions [None req-474cdace-8524-45db-8c56-971cc47b7647 None None] Loaded extension: security-group
Jun 10 00:26:37.946457 np0000179362 devstack@neutron-api.service[103460]: DEBUG neutron.api.extensions [None req-474cdace-8524-45db-8c56-971cc47b7647 None None] Loading extension file: segment.py {{(pid=103460) _load_all_extensions_from_path /opt/stack/neutron/neutron/api/extensions.py:449}}
Jun 10 00:26:37.946823 np0000179362 devstack@neutron-api.service[103460]: DEBUG neutron.api.extensions [None req-474cdace-8524-45db-8c56-971cc47b7647 None None] Ext name="Segment" alias="segment" description="Segments extension." updated="2016-02-24T17:00:00-00:00" {{(pid=103460) _check_extension /opt/stack/neutron/neutron/api/extensions.py:415}}
Jun 10 00:26:37.947019 np0000179362 devstack@neutron-api.service[103460]: INFO neutron.api.extensions [None req-474cdace-8524-45db-8c56-971cc47b7647 None None] Extension segment not supported by any of loaded plugins
Jun 10 00:26:37.947169 np0000179362 devstack@neutron-api.service[103460]: DEBUG neutron.api.extensions [None req-474cdace-8524-45db-8c56-971cc47b7647 None None] Loading extension file: segments_peer_subnet_host_routes.py {{(pid=103460) _load_all_extensions_from_path /opt/stack/neutron/neutron/api/extensions.py:449}}
Jun 10 00:26:37.947546 np0000179362 devstack@neutron-api.service[103460]: DEBUG neutron.api.extensions [None req-474cdace-8524-45db-8c56-971cc47b7647 None None] Ext name="Segments peer-subnet host routes" alias="segments-peer-subnet-host-routes" description="Add host routes to subnets on a routed network (segments)" updated="2018-06-12T10:00:00-00:00" {{(pid=103460) _check_extension /opt/stack/neutron/neutron/api/extensions.py:415}}
Jun 10 00:26:37.947816 np0000179362 devstack@neutron-api.service[103460]: INFO neutron.api.extensions [None req-474cdace-8524-45db-8c56-971cc47b7647 None None] Extension segments-peer-subnet-host-routes not supported by any of loaded plugins
Jun 10 00:26:37.947963 np0000179362 devstack@neutron-api.service[103460]: DEBUG neutron.api.extensions [None req-474cdace-8524-45db-8c56-971cc47b7647 None None] Loading extension file: servicetype.py {{(pid=103460) _load_all_extensions_from_path /opt/stack/neutron/neutron/api/extensions.py:449}}
Jun 10 00:26:37.948342 np0000179362 devstack@neutron-api.service[103460]: DEBUG neutron.api.extensions [None req-474cdace-8524-45db-8c56-971cc47b7647 None None] Ext name="Neutron Service Type Management" alias="service-type" description="API for retrieving service providers for Neutron advanced services" updated="2013-01-20T00:00:00-00:00" {{(pid=103460) _check_extension /opt/stack/neutron/neutron/api/extensions.py:415}}
Jun 10 00:26:37.948612 np0000179362 devstack@neutron-api.service[103460]: INFO neutron.api.extensions [None req-474cdace-8524-45db-8c56-971cc47b7647 None None] Loaded extension: service-type
Jun 10 00:26:37.948745 np0000179362 devstack@neutron-api.service[103460]: DEBUG neutron.api.extensions [None req-474cdace-8524-45db-8c56-971cc47b7647 None None] Loading extension file: sorting.py {{(pid=103460) _load_all_extensions_from_path /opt/stack/neutron/neutron/api/extensions.py:449}}
Jun 10 00:26:37.949091 np0000179362 devstack@neutron-api.service[103460]: DEBUG neutron.api.extensions [None req-474cdace-8524-45db-8c56-971cc47b7647 None None] Ext name="Sorting support" alias="sorting" description="Extension that indicates that sorting is enabled." updated="2016-06-12T00:00:00-00:00" {{(pid=103460) _check_extension /opt/stack/neutron/neutron/api/extensions.py:415}}
Jun 10 00:26:37.949315 np0000179362 devstack@neutron-api.service[103460]: INFO neutron.api.extensions [None req-474cdace-8524-45db-8c56-971cc47b7647 None None] Loaded extension: sorting
Jun 10 00:26:37.949867 np0000179362 devstack@neutron-api.service[103460]: DEBUG neutron.api.extensions [None req-474cdace-8524-45db-8c56-971cc47b7647 None None] Loading extension file: standard_attr_segment.py {{(pid=103460) _load_all_extensions_from_path /opt/stack/neutron/neutron/api/extensions.py:449}}
Jun 10 00:26:37.950418 np0000179362 devstack@neutron-api.service[103460]: DEBUG neutron.api.extensions [None req-474cdace-8524-45db-8c56-971cc47b7647 None None] Ext name="Standard Attribute Segment Extension" alias="standard-attr-segment" description="Add standard attributes to Segment resource" updated="2018-04-09T10:00:00-00:00" {{(pid=103460) _check_extension /opt/stack/neutron/neutron/api/extensions.py:415}}
Jun 10 00:26:37.950784 np0000179362 devstack@neutron-api.service[103460]: INFO neutron.api.extensions [None req-474cdace-8524-45db-8c56-971cc47b7647 None None] Extension standard-attr-segment not supported by any of loaded plugins
Jun 10 00:26:37.950983 np0000179362 devstack@neutron-api.service[103460]: DEBUG neutron.api.extensions [None req-474cdace-8524-45db-8c56-971cc47b7647 None None] Loading extension file: standardattrdescription.py {{(pid=103460) _load_all_extensions_from_path /opt/stack/neutron/neutron/api/extensions.py:449}}
Jun 10 00:26:37.951384 np0000179362 devstack@neutron-api.service[103460]: DEBUG neutron.api.extensions [None req-474cdace-8524-45db-8c56-971cc47b7647 None None] Ext name="standard-attr-description" alias="standard-attr-description" description="Extension to add descriptions to standard attributes" updated="2016-02-10T10:00:00-00:00" {{(pid=103460) _check_extension /opt/stack/neutron/neutron/api/extensions.py:415}}
Jun 10 00:26:37.951534 np0000179362 devstack@neutron-api.service[103459]: DEBUG neutron.common.ovn.hash_ring_manager [None req-9a3911ed-015a-4d75-89db-f28d9f723aee None None] Hash Ring loaded. 2 active nodes. 0 offline nodes {{(pid=103459) _load_hash_ring /opt/stack/neutron/neutron/common/ovn/hash_ring_manager.py:102}}
Jun 10 00:26:37.951621 np0000179362 devstack@neutron-api.service[103460]: INFO neutron.api.extensions [None req-474cdace-8524-45db-8c56-971cc47b7647 None None] Loaded extension: standard-attr-description
Jun 10 00:26:37.951710 np0000179362 devstack@neutron-api.service[103459]: DEBUG neutron.plugins.ml2.drivers.ovn.mech_driver.ovsdb.ovsdb_monitor [None req-9a3911ed-015a-4d75-89db-f28d9f723aee None None] Hash Ring: Node cf097b1cb90f5314980a8d9bcf3a6c2a (host: np0000179362) handling event "create" for row 597150b7-27c3-448f-a190-5f52dc285b64 (table: SSL) {{(pid=103459) notify /opt/stack/neutron/neutron/plugins/ml2/drivers/ovn/mech_driver/ovsdb/ovsdb_monitor.py:1015}}
Jun 10 00:26:37.951765 np0000179362 devstack@neutron-api.service[103460]: DEBUG neutron.api.extensions [None req-474cdace-8524-45db-8c56-971cc47b7647 None None] Loading extension file: stateful_security_group.py {{(pid=103460) _load_all_extensions_from_path /opt/stack/neutron/neutron/api/extensions.py:449}}
Jun 10 00:26:37.952115 np0000179362 devstack@neutron-api.service[103460]: DEBUG neutron.api.extensions [None req-474cdace-8524-45db-8c56-971cc47b7647 None None] Ext name="Stateful security group" alias="stateful-security-group" description="Indicates if the security group is stateful or not" updated="2019-11-26T09:00:00-00:00" {{(pid=103460) _check_extension /opt/stack/neutron/neutron/api/extensions.py:415}}
Jun 10 00:26:37.952427 np0000179362 devstack@neutron-api.service[103460]: INFO neutron.api.extensions [None req-474cdace-8524-45db-8c56-971cc47b7647 None None] Loaded extension: stateful-security-group
Jun 10 00:26:37.952582 np0000179362 devstack@neutron-api.service[103460]: DEBUG neutron.api.extensions [None req-474cdace-8524-45db-8c56-971cc47b7647 None None] Loading extension file: stdattrs_common.py {{(pid=103460) _load_all_extensions_from_path /opt/stack/neutron/neutron/api/extensions.py:449}}
Jun 10 00:26:37.952804 np0000179362 devstack@neutron-api.service[103459]: INFO neutron.plugins.ml2.drivers.ovn.mech_driver.ovsdb.impl_idl_ovn [None req-9a3911ed-015a-4d75-89db-f28d9f723aee None None] Getting OvsdbSbOvnIdl for WorkerService with retry
Jun 10 00:26:37.952909 np0000179362 devstack@neutron-api.service[103460]: WARNING neutron.api.extensions [None req-474cdace-8524-45db-8c56-971cc47b7647 None None] Did not find expected name "Stdattrs_common" in /opt/stack/neutron/neutron/extensions/stdattrs_common.py
Jun 10 00:26:37.953072 np0000179362 devstack@neutron-api.service[103460]: DEBUG neutron.api.extensions [None req-474cdace-8524-45db-8c56-971cc47b7647 None None] Loading extension file: subnet_dns_publish_fixed_ip.py {{(pid=103460) _load_all_extensions_from_path /opt/stack/neutron/neutron/api/extensions.py:449}}
Jun 10 00:26:37.953449 np0000179362 devstack@neutron-api.service[103460]: DEBUG neutron.api.extensions [None req-474cdace-8524-45db-8c56-971cc47b7647 None None] Ext name="Subnet DNS publish fixed IP" alias="subnet-dns-publish-fixed-ip" description="Support choosing to publish DNS records for IPs from a subnet" updated="2019-05-24T10:00:00-00:00" {{(pid=103460) _check_extension /opt/stack/neutron/neutron/api/extensions.py:415}}
Jun 10 00:26:37.953772 np0000179362 devstack@neutron-api.service[103460]: INFO neutron.api.extensions [None req-474cdace-8524-45db-8c56-971cc47b7647 None None] Loaded extension: subnet-dns-publish-fixed-ip
Jun 10 00:26:37.953922 np0000179362 devstack@neutron-api.service[103460]: DEBUG neutron.api.extensions [None req-474cdace-8524-45db-8c56-971cc47b7647 None None] Loading extension file: subnet_external_network.py {{(pid=103460) _load_all_extensions_from_path /opt/stack/neutron/neutron/api/extensions.py:449}}
Jun 10 00:26:37.954265 np0000179362 devstack@neutron-api.service[103460]: DEBUG neutron.api.extensions [None req-474cdace-8524-45db-8c56-971cc47b7647 None None] Ext name="Subnet belongs to an external network" alias="subnet-external-network" description="Informs if the subnet belongs to an external network" updated="2024-02-05T18:00:00-00:00" {{(pid=103460) _check_extension /opt/stack/neutron/neutron/api/extensions.py:415}}
Jun 10 00:26:37.954548 np0000179362 devstack@neutron-api.service[103460]: INFO neutron.api.extensions [None req-474cdace-8524-45db-8c56-971cc47b7647 None None] Loaded extension: subnet-external-network
Jun 10 00:26:37.954695 np0000179362 devstack@neutron-api.service[103460]: DEBUG neutron.api.extensions [None req-474cdace-8524-45db-8c56-971cc47b7647 None None] Loading extension file: subnet_onboard.py {{(pid=103460) _load_all_extensions_from_path /opt/stack/neutron/neutron/api/extensions.py:449}}
Jun 10 00:26:37.955016 np0000179362 devstack@neutron-api.service[103460]: DEBUG neutron.api.extensions [None req-474cdace-8524-45db-8c56-971cc47b7647 None None] Ext name="Subnet Onboard" alias="subnet_onboard" description="Provides support for onboarding subnets into subnet pools" updated="2018-12-18T09:00:00-00:00" {{(pid=103460) _check_extension /opt/stack/neutron/neutron/api/extensions.py:415}}
Jun 10 00:26:37.955683 np0000179362 devstack@neutron-api.service[103460]: INFO neutron.api.extensions [None req-474cdace-8524-45db-8c56-971cc47b7647 None None] Loaded extension: subnet_onboard
Jun 10 00:26:37.955683 np0000179362 devstack@neutron-api.service[103460]: DEBUG neutron.api.extensions [None req-474cdace-8524-45db-8c56-971cc47b7647 None None] Loading extension file: subnet_segmentid_writable.py {{(pid=103460) _load_all_extensions_from_path /opt/stack/neutron/neutron/api/extensions.py:449}}
Jun 10 00:26:37.955683 np0000179362 devstack@neutron-api.service[103460]: DEBUG neutron.api.extensions [None req-474cdace-8524-45db-8c56-971cc47b7647 None None] Ext name="Subnet SegmentID (writable)" alias="subnet-segmentid-writable" description="Provides a writable segment_id attribute for a subnet resource." updated="2018-03-12T00:00:00-00:00" {{(pid=103460) _check_extension /opt/stack/neutron/neutron/api/extensions.py:415}}
Jun 10 00:26:37.956374 np0000179362 devstack@neutron-api.service[103460]: INFO neutron.api.extensions [None req-474cdace-8524-45db-8c56-971cc47b7647 None None] Extension subnet-segmentid-writable not supported by any of loaded plugins
Jun 10 00:26:37.956374 np0000179362 devstack@neutron-api.service[103460]: DEBUG neutron.api.extensions [None req-474cdace-8524-45db-8c56-971cc47b7647 None None] Loading extension file: subnet_service_types.py {{(pid=103460) _load_all_extensions_from_path /opt/stack/neutron/neutron/api/extensions.py:449}}
Jun 10 00:26:37.956374 np0000179362 devstack@neutron-api.service[103460]: DEBUG neutron.api.extensions [None req-474cdace-8524-45db-8c56-971cc47b7647 None None] Ext name="Subnet service types" alias="subnet-service-types" description="Provides ability to set the subnet service_types field" updated="2016-03-15T18:00:00-00:00" {{(pid=103460) _check_extension /opt/stack/neutron/neutron/api/extensions.py:415}}
Jun 10 00:26:37.956700 np0000179362 devstack@neutron-api.service[103460]: INFO neutron.api.extensions [None req-474cdace-8524-45db-8c56-971cc47b7647 None None] Loaded extension: subnet-service-types
Jun 10 00:26:37.956700 np0000179362 devstack@neutron-api.service[103460]: DEBUG neutron.api.extensions [None req-474cdace-8524-45db-8c56-971cc47b7647 None None] Loading extension file: subnetallocation.py {{(pid=103460) _load_all_extensions_from_path /opt/stack/neutron/neutron/api/extensions.py:449}}
Jun 10 00:26:37.957049 np0000179362 devstack@neutron-api.service[103460]: DEBUG neutron.api.extensions [None req-474cdace-8524-45db-8c56-971cc47b7647 None None] Ext name="Subnet Allocation" alias="subnet_allocation" description="Enables allocation of subnets from a subnet pool" updated="2015-03-30T10:00:00-00:00" {{(pid=103460) _check_extension /opt/stack/neutron/neutron/api/extensions.py:415}}
Jun 10 00:26:37.957356 np0000179362 devstack@neutron-api.service[103460]: INFO neutron.api.extensions [None req-474cdace-8524-45db-8c56-971cc47b7647 None None] Loaded extension: subnet_allocation
Jun 10 00:26:37.957513 np0000179362 devstack@neutron-api.service[103460]: DEBUG neutron.api.extensions [None req-474cdace-8524-45db-8c56-971cc47b7647 None None] Loading extension file: subnetpool_prefix_ops.py {{(pid=103460) _load_all_extensions_from_path /opt/stack/neutron/neutron/api/extensions.py:449}}
Jun 10 00:26:37.957890 np0000179362 devstack@neutron-api.service[103460]: DEBUG neutron.api.extensions [None req-474cdace-8524-45db-8c56-971cc47b7647 None None] Ext name="Subnet Pool Prefix Operations" alias="subnetpool-prefix-ops" description="Provides support for adjusting the prefix list of subnet pools" updated="2019-02-08T10:00:00-00:00" {{(pid=103460) _check_extension /opt/stack/neutron/neutron/api/extensions.py:415}}
Jun 10 00:26:37.958089 np0000179362 devstack@neutron-api.service[103460]: INFO neutron.api.extensions [None req-474cdace-8524-45db-8c56-971cc47b7647 None None] Loaded extension: subnetpool-prefix-ops
Jun 10 00:26:37.958089 np0000179362 devstack@neutron-api.service[103460]: DEBUG neutron.api.extensions [None req-474cdace-8524-45db-8c56-971cc47b7647 None None] Loading extension file: tag_creation.py {{(pid=103460) _load_all_extensions_from_path /opt/stack/neutron/neutron/api/extensions.py:449}}
Jun 10 00:26:37.958471 np0000179362 devstack@neutron-api.service[103460]: DEBUG neutron.api.extensions [None req-474cdace-8524-45db-8c56-971cc47b7647 None None] Ext name="Tag creation extension" alias="tag-creation" description="Allow to create multiple tags for a resource" updated="2024-23-07T10:00:00-00:00" {{(pid=103460) _check_extension /opt/stack/neutron/neutron/api/extensions.py:415}}
Jun 10 00:26:37.958718 np0000179362 devstack@neutron-api.service[103460]: INFO neutron.api.extensions [None req-474cdace-8524-45db-8c56-971cc47b7647 None None] Loaded extension: tag-creation
Jun 10 00:26:37.958870 np0000179362 devstack@neutron-api.service[103460]: DEBUG neutron.api.extensions [None req-474cdace-8524-45db-8c56-971cc47b7647 None None] Loading extension file: tag_ports_during_bulk_creation.py {{(pid=103460) _load_all_extensions_from_path /opt/stack/neutron/neutron/api/extensions.py:449}}
Jun 10 00:26:37.959220 np0000179362 devstack@neutron-api.service[103460]: DEBUG neutron.api.extensions [None req-474cdace-8524-45db-8c56-971cc47b7647 None None] Ext name="Tag Ports During Bulk Creation" alias="tag-ports-during-bulk-creation" description="Allow to tag ports during bulk creation" updated="2019-12-29T19:00:00-00:00" {{(pid=103460) _check_extension /opt/stack/neutron/neutron/api/extensions.py:415}}
Jun 10 00:26:37.959487 np0000179362 devstack@neutron-api.service[103460]: INFO neutron.api.extensions [None req-474cdace-8524-45db-8c56-971cc47b7647 None None] Extension tag-ports-during-bulk-creation not supported by any of loaded plugins
Jun 10 00:26:37.959592 np0000179362 devstack@neutron-api.service[103460]: DEBUG neutron.api.extensions [None req-474cdace-8524-45db-8c56-971cc47b7647 None None] Loading extension file: tagging.py {{(pid=103460) _load_all_extensions_from_path /opt/stack/neutron/neutron/api/extensions.py:449}}
Jun 10 00:26:37.960890 np0000179362 devstack@neutron-api.service[103460]: DEBUG neutron.api.extensions [None req-474cdace-8524-45db-8c56-971cc47b7647 None None] Ext name="Tag support for resources with standard attribute: port, subnet, subnetpool, network, security_group, router, floatingip, policy, trunk, network_segment_range" alias="standard-attr-tag" description="Enables to set tag on resources with standard attribute." updated="2017-01-01T00:00:00-00:00" {{(pid=103460) _check_extension /opt/stack/neutron/neutron/api/extensions.py:415}}
Jun 10 00:26:37.961174 np0000179362 devstack@neutron-api.service[103460]: INFO neutron.api.extensions [None req-474cdace-8524-45db-8c56-971cc47b7647 None None] Loaded extension: standard-attr-tag
Jun 10 00:26:37.961440 np0000179362 devstack@neutron-api.service[103460]: DEBUG neutron.api.extensions [None req-474cdace-8524-45db-8c56-971cc47b7647 None None] Loading extension file: timestamp.py {{(pid=103460) _load_all_extensions_from_path /opt/stack/neutron/neutron/api/extensions.py:449}}
Jun 10 00:26:37.961828 np0000179362 devstack@neutron-api.service[103460]: DEBUG neutron.api.extensions [None req-474cdace-8524-45db-8c56-971cc47b7647 None None] Ext name="Resource timestamps" alias="standard-attr-timestamp" description="Adds created_at and updated_at fields to all Neutron resources that have Neutron standard attributes." updated="2016-09-12T10:00:00-00:00" {{(pid=103460) _check_extension /opt/stack/neutron/neutron/api/extensions.py:415}}
Jun 10 00:26:37.962159 np0000179362 devstack@neutron-api.service[103460]: INFO neutron.api.extensions [None req-474cdace-8524-45db-8c56-971cc47b7647 None None] Loaded extension: standard-attr-timestamp
Jun 10 00:26:37.962265 np0000179362 devstack@neutron-api.service[103460]: DEBUG neutron.api.extensions [None req-474cdace-8524-45db-8c56-971cc47b7647 None None] Loading extension file: trunk.py {{(pid=103460) _load_all_extensions_from_path /opt/stack/neutron/neutron/api/extensions.py:449}}
Jun 10 00:26:37.962701 np0000179362 devstack@neutron-api.service[103460]: DEBUG neutron.api.extensions [None req-474cdace-8524-45db-8c56-971cc47b7647 None None] Ext name="Trunk Extension" alias="trunk" description="Provides support for trunk ports" updated="2016-01-01T10:00:00-00:00" {{(pid=103460) _check_extension /opt/stack/neutron/neutron/api/extensions.py:415}}
Jun 10 00:26:37.963020 np0000179362 devstack@neutron-api.service[103460]: INFO neutron.api.extensions [None req-474cdace-8524-45db-8c56-971cc47b7647 None None] Extension trunk not supported by any of loaded plugins
Jun 10 00:26:37.963020 np0000179362 devstack@neutron-api.service[103460]: DEBUG neutron.api.extensions [None req-474cdace-8524-45db-8c56-971cc47b7647 None None] Loading extension file: trunk_details.py {{(pid=103460) _load_all_extensions_from_path /opt/stack/neutron/neutron/api/extensions.py:449}}
Jun 10 00:26:37.963523 np0000179362 devstack@neutron-api.service[103460]: DEBUG neutron.api.extensions [None req-474cdace-8524-45db-8c56-971cc47b7647 None None] Ext name="Trunk port details" alias="trunk-details" description="Expose trunk port details" updated="2016-01-01T10:00:00-00:00" {{(pid=103460) _check_extension /opt/stack/neutron/neutron/api/extensions.py:415}}
Jun 10 00:26:37.963698 np0000179362 devstack@neutron-api.service[103460]: INFO neutron.api.extensions [None req-474cdace-8524-45db-8c56-971cc47b7647 None None] Extension trunk-details not supported by any of loaded plugins
Jun 10 00:26:37.963818 np0000179362 devstack@neutron-api.service[103460]: DEBUG neutron.api.extensions [None req-474cdace-8524-45db-8c56-971cc47b7647 None None] Loading extension file: uplink_status_propagation.py {{(pid=103460) _load_all_extensions_from_path /opt/stack/neutron/neutron/api/extensions.py:449}}
Jun 10 00:26:37.964093 np0000179362 devstack@neutron-api.service[103460]: DEBUG neutron.api.extensions [None req-474cdace-8524-45db-8c56-971cc47b7647 None None] Ext name="Uplink status propagation extension" alias="uplink-status-propagation" description="Provides ability to propagate port uplink status." updated="2018-05-31T18:00:00-00:00" {{(pid=103460) _check_extension /opt/stack/neutron/neutron/api/extensions.py:415}}
Jun 10 00:26:37.964394 np0000179362 devstack@neutron-api.service[103460]: INFO neutron.api.extensions [None req-474cdace-8524-45db-8c56-971cc47b7647 None None] Extension uplink-status-propagation not supported by any of loaded plugins
Jun 10 00:26:37.964550 np0000179362 devstack@neutron-api.service[103460]: DEBUG neutron.api.extensions [None req-474cdace-8524-45db-8c56-971cc47b7647 None None] Loading extension file: uplink_status_propagation_updatable.py {{(pid=103460) _load_all_extensions_from_path /opt/stack/neutron/neutron/api/extensions.py:449}}
Jun 10 00:26:37.964853 np0000179362 devstack@neutron-api.service[103460]: DEBUG neutron.api.extensions [None req-474cdace-8524-45db-8c56-971cc47b7647 None None] Ext name="Uplink status propagation updatable extension" alias="uplink-status-propagation-updatable" description="Provides ability to update the port uplink status." updated="2024-09-03T18:00:00-00:00" {{(pid=103460) _check_extension /opt/stack/neutron/neutron/api/extensions.py:415}}
Jun 10 00:26:37.965086 np0000179362 devstack@neutron-api.service[103460]: INFO neutron.api.extensions [None req-474cdace-8524-45db-8c56-971cc47b7647 None None] Extension uplink-status-propagation-updatable not supported by any of loaded plugins
Jun 10 00:26:37.965240 np0000179362 devstack@neutron-api.service[103460]: DEBUG neutron.api.extensions [None req-474cdace-8524-45db-8c56-971cc47b7647 None None] Loading extension file: vlantransparent.py {{(pid=103460) _load_all_extensions_from_path /opt/stack/neutron/neutron/api/extensions.py:449}}
Jun 10 00:26:37.965691 np0000179362 devstack@neutron-api.service[103460]: DEBUG neutron.api.extensions [None req-474cdace-8524-45db-8c56-971cc47b7647 None None] Ext name="Vlantransparent" alias="vlan-transparent" description="Provides Vlan Transparent Networks" updated="2015-03-23T09:00:00-00:00" {{(pid=103460) _check_extension /opt/stack/neutron/neutron/api/extensions.py:415}}
Jun 10 00:26:37.965969 np0000179362 devstack@neutron-api.service[103460]: INFO neutron.api.extensions [None req-474cdace-8524-45db-8c56-971cc47b7647 None None] Loaded extension: vlan-transparent
Jun 10 00:26:37.968915 np0000179362 devstack@neutron-api.service[103460]: INFO neutron.quota.resource_registry [None req-474cdace-8524-45db-8c56-971cc47b7647 None None] Creating instance of TrackedResource for resource:network
Jun 10 00:26:37.969286 np0000179362 devstack@neutron-api.service[103460]: INFO neutron.quota.resource_registry [None req-474cdace-8524-45db-8c56-971cc47b7647 None None] Creating instance of TrackedResource for resource:subnet
Jun 10 00:26:37.969531 np0000179362 devstack@neutron-api.service[103460]: INFO neutron.quota.resource_registry [None req-474cdace-8524-45db-8c56-971cc47b7647 None None] Creating instance of TrackedResource for resource:subnetpool
Jun 10 00:26:37.969747 np0000179362 devstack@neutron-api.service[103460]: INFO neutron.quota.resource_registry [None req-474cdace-8524-45db-8c56-971cc47b7647 None None] Creating instance of TrackedResource for resource:port
Jun 10 00:26:37.971955 np0000179362 devstack@neutron-api.service[103460]: DEBUG neutron.api.v2.resource_helper [None req-474cdace-8524-45db-8c56-971cc47b7647 None None] Service L3_ROUTER_NAT assigned prefix: {{(pid=103460) build_resource_info /opt/stack/neutron/neutron/api/v2/resource_helper.py:77}}
Jun 10 00:26:37.972395 np0000179362 devstack@neutron-api.service[103460]: DEBUG neutron.api.v2.resource_helper [None req-474cdace-8524-45db-8c56-971cc47b7647 None None] Service FLAVORS assigned prefix: {{(pid=103460) build_resource_info /opt/stack/neutron/neutron/api/v2/resource_helper.py:77}}
Jun 10 00:26:37.973818 np0000179362 devstack@neutron-api.service[103460]: DEBUG neutron.api.v2.resource_helper [None req-474cdace-8524-45db-8c56-971cc47b7647 None None] Service L3_ROUTER_NAT assigned prefix: {{(pid=103460) build_resource_info /opt/stack/neutron/neutron/api/v2/resource_helper.py:77}}
Jun 10 00:26:37.974408 np0000179362 devstack@neutron-api.service[103460]: DEBUG neutron.api.v2.resource_helper [None req-474cdace-8524-45db-8c56-971cc47b7647 None None] Service L3_ROUTER_NAT assigned prefix: {{(pid=103460) build_resource_info /opt/stack/neutron/neutron/api/v2/resource_helper.py:77}}
Jun 10 00:26:37.974614 np0000179362 devstack@neutron-api.service[103460]: INFO neutron.quota.resource_registry [None req-474cdace-8524-45db-8c56-971cc47b7647 None None] Creating instance of TrackedResource for resource:router
Jun 10 00:26:37.975450 np0000179362 devstack@neutron-api.service[103460]: INFO neutron.quota.resource_registry [None req-474cdace-8524-45db-8c56-971cc47b7647 None None] Creating instance of TrackedResource for resource:floatingip
Jun 10 00:26:37.976903 np0000179362 devstack@neutron-api.service[103460]: INFO neutron.quota.resource_registry [None req-474cdace-8524-45db-8c56-971cc47b7647 None None] Creating instance of CountableResource for resource:rbac_policy
Jun 10 00:26:37.977615 np0000179362 devstack@neutron-api.service[103460]: INFO neutron.quota.resource_registry [None req-474cdace-8524-45db-8c56-971cc47b7647 None None] Creating instance of TrackedResource for resource:security_group
Jun 10 00:26:37.978007 np0000179362 devstack@neutron-api.service[103460]: INFO neutron.quota.resource_registry [None req-474cdace-8524-45db-8c56-971cc47b7647 None None] Creating instance of TrackedResource for resource:security_group_rule
Jun 10 00:26:37.978624 np0000179362 devstack@neutron-api.service[103460]: DEBUG neutron.api.v2.resource_helper [None req-474cdace-8524-45db-8c56-971cc47b7647 None None] Service CORE assigned prefix: {{(pid=103460) build_resource_info /opt/stack/neutron/neutron/api/v2/resource_helper.py:77}}
Jun 10 00:26:37.978758 np0000179362 devstack@neutron-api.service[103460]: INFO neutron.quota.resource_registry [None req-474cdace-8524-45db-8c56-971cc47b7647 None None] Creating instance of TrackedResource for resource:subnetpool
Jun 10 00:26:37.978912 np0000179362 devstack@neutron-api.service[103460]: WARNING neutron.quota.resource_registry [None req-474cdace-8524-45db-8c56-971cc47b7647 None None] subnetpool is already registered
Jun 10 00:26:37.979501 np0000179362 devstack@neutron-api.service[103460]: DEBUG neutron.api.v2.resource_helper [None req-474cdace-8524-45db-8c56-971cc47b7647 None None] Service CORE assigned prefix: {{(pid=103460) build_resource_info /opt/stack/neutron/neutron/api/v2/resource_helper.py:77}}
Jun 10 00:26:37.979691 np0000179362 devstack@neutron-api.service[103460]: INFO neutron.quota.resource_registry [None req-474cdace-8524-45db-8c56-971cc47b7647 None None] Creating instance of TrackedResource for resource:subnetpool
Jun 10 00:26:37.979954 np0000179362 devstack@neutron-api.service[103460]: WARNING neutron.quota.resource_registry [None req-474cdace-8524-45db-8c56-971cc47b7647 None None] subnetpool is already registered
Jun 10 00:26:37.983523 np0000179362 devstack@neutron-api.service[103460]: DEBUG neutron.api.v2.resource_helper [None req-474cdace-8524-45db-8c56-971cc47b7647 None None] Service L3_ROUTER_NAT assigned prefix: {{(pid=103460) build_resource_info /opt/stack/neutron/neutron/api/v2/resource_helper.py:77}}
Jun 10 00:26:37.983588 np0000179362 devstack@neutron-api.service[103458]: DEBUG oslo_concurrency.processutils [None req-eac1a10b-61df-4e3d-8f8a-63cdedbafaf8 None None] CMD "ovsdb-client transact ssl:199.204.45.22:6641 --timeout 180 -p /opt/stack/data/CA/int-ca/private/devstack-cert.key -c /opt/stack/data/CA/int-ca/devstack-cert.crt -C /opt/stack/data/CA/int-ca/ca-chain.pem ["OVN_Northbound", {"op": "wait", "timeout": 0, "table": "Port_Group", "where": [["name", "==", "neutron_pg_drop"]], "until": "==", "rows": []}, {"op": "insert", "table": "ACL", "row": {"action": "drop", "direction": "to-lport", "match": "outport == @neutron_pg_drop && ip", "priority": 1001}, "uuid-name": "droptoport"}, {"op": "insert", "table": "ACL", "row": {"action": "drop", "direction": "from-lport", "match": "inport == @neutron_pg_drop && ip", "priority": 1001}, "uuid-name": "dropfromport"}, {"op": "insert", "table": "Port_Group", "row": {"name": "neutron_pg_drop", "acls": ["set", [["named-uuid", "droptoport"], ["named-uuid", "dropfromport"]]]}}]" returned: 0 in 0.040s {{(pid=103458) execute /opt/stack/data/venv/lib/python3.12/site-packages/oslo_concurrency/processutils.py:468}}
Jun 10 00:26:37.983969 np0000179362 devstack@neutron-api.service[103459]: DEBUG ovsdbapp.backend.ovs_idl [None req-9a3911ed-015a-4d75-89db-f28d9f723aee None None] Created lookup_table index Chassis.name {{(pid=103459) autocreate_indices /opt/stack/data/venv/lib/python3.12/site-packages/ovsdbapp/backend/ovs_idl/__init__.py:87}}
Jun 10 00:26:37.984075 np0000179362 devstack@neutron-api.service[103459]: DEBUG ovsdbapp.backend.ovs_idl [None req-9a3911ed-015a-4d75-89db-f28d9f723aee None None] Created lookup_table index Port_Binding.logical_port {{(pid=103459) autocreate_indices /opt/stack/data/venv/lib/python3.12/site-packages/ovsdbapp/backend/ovs_idl/__init__.py:87}}
Jun 10 00:26:37.984129 np0000179362 devstack@neutron-api.service[103460]: DEBUG neutron.api.v2.resource_helper [None req-474cdace-8524-45db-8c56-971cc47b7647 None None] Service FLAVORS assigned prefix: {{(pid=103460) build_resource_info /opt/stack/neutron/neutron/api/v2/resource_helper.py:77}}
Jun 10 00:26:37.984182 np0000179362 devstack@neutron-api.service[103459]: DEBUG ovsdbapp.backend.ovs_idl [None req-9a3911ed-015a-4d75-89db-f28d9f723aee None None] Created schema index Chassis_Private.name {{(pid=103459) autocreate_indices /opt/stack/data/venv/lib/python3.12/site-packages/ovsdbapp/backend/ovs_idl/__init__.py:106}}
Jun 10 00:26:37.984261 np0000179362 devstack@neutron-api.service[103459]: DEBUG ovsdbapp.backend.ovs_idl [None req-9a3911ed-015a-4d75-89db-f28d9f723aee None None] Created schema index Datapath_Binding.tunnel_key {{(pid=103459) autocreate_indices /opt/stack/data/venv/lib/python3.12/site-packages/ovsdbapp/backend/ovs_idl/__init__.py:106}}
Jun 10 00:26:37.984355 np0000179362 devstack@neutron-api.service[103458]: DEBUG neutron_lib.callbacks.manager [None req-eac1a10b-61df-4e3d-8f8a-63cdedbafaf8 None None] Publish callbacks ['neutron.plugins.ml2.drivers.ovn.mech_driver.mech_driver.OVNMechanismDriver.post_fork_initialize-498412', 'neutron.services.pvlan.drivers.ovn.driver._initialize_pvlan_pg_drop-8375658761036', 'neutron.services.ovn_l3.plugin.OVNL3RouterPlugin._post_fork_initialize-104621'] for process (None), after_init {{(pid=103458) _notify_loop /opt/stack/data/venv/lib/python3.12/site-packages/neutron_lib/callbacks/manager.py:184}}
Jun 10 00:26:37.985092 np0000179362 devstack@neutron-api.service[103458]: DEBUG oslo_concurrency.lockutils [None req-eac1a10b-61df-4e3d-8f8a-63cdedbafaf8 None None] Acquiring lock "singleton_lock" {{(pid=103458) lock /opt/stack/data/venv/lib/python3.12/site-packages/oslo_concurrency/lockutils.py:395}}
Jun 10 00:26:37.985338 np0000179362 devstack@neutron-api.service[103458]: DEBUG oslo_concurrency.lockutils [None req-eac1a10b-61df-4e3d-8f8a-63cdedbafaf8 None None] Acquired lock "singleton_lock" {{(pid=103458) lock /opt/stack/data/venv/lib/python3.12/site-packages/oslo_concurrency/lockutils.py:398}}
Jun 10 00:26:37.985475 np0000179362 devstack@neutron-api.service[103460]: DEBUG neutron.api.v2.resource_helper [None req-474cdace-8524-45db-8c56-971cc47b7647 None None] Service L3_ROUTER_NAT assigned prefix: {{(pid=103460) build_resource_info /opt/stack/neutron/neutron/api/v2/resource_helper.py:77}}
Jun 10 00:26:37.985891 np0000179362 devstack@neutron-api.service[103458]: DEBUG oslo_concurrency.lockutils [None req-eac1a10b-61df-4e3d-8f8a-63cdedbafaf8 None None] Releasing lock "singleton_lock" {{(pid=103458) lock /opt/stack/data/venv/lib/python3.12/site-packages/oslo_concurrency/lockutils.py:418}}
Jun 10 00:26:37.985952 np0000179362 devstack@neutron-api.service[103460]: DEBUG neutron.api.v2.resource_helper [None req-474cdace-8524-45db-8c56-971cc47b7647 None None] Service L3_ROUTER_NAT assigned prefix: {{(pid=103460) build_resource_info /opt/stack/neutron/neutron/api/v2/resource_helper.py:77}}
Jun 10 00:26:37.986104 np0000179362 devstack@neutron-api.service[103460]: INFO neutron.quota.resource_registry [None req-474cdace-8524-45db-8c56-971cc47b7647 None None] Creating instance of TrackedResource for resource:router
Jun 10 00:26:37.986314 np0000179362 devstack@neutron-api.service[103460]: WARNING neutron.quota.resource_registry [None req-474cdace-8524-45db-8c56-971cc47b7647 None None] router is already registered
Jun 10 00:26:37.986559 np0000179362 devstack@neutron-api.service[103459]: INFO ovsdbapp.backend.ovs_idl.vlog [None req-9a3911ed-015a-4d75-89db-f28d9f723aee None None] ssl:199.204.45.22:6642: connecting...
Jun 10 00:26:37.987071 np0000179362 devstack@neutron-api.service[103460]: INFO neutron.quota.resource_registry [None req-474cdace-8524-45db-8c56-971cc47b7647 None None] Creating instance of TrackedResource for resource:floatingip
Jun 10 00:26:37.987267 np0000179362 devstack@neutron-api.service[103460]: WARNING neutron.quota.resource_registry [None req-474cdace-8524-45db-8c56-971cc47b7647 None None] floatingip is already registered
Jun 10 00:26:37.988647 np0000179362 devstack@neutron-api.service[103460]: INFO neutron.quota.resource_registry [None req-474cdace-8524-45db-8c56-971cc47b7647 None None] Creating instance of CountableResource for resource:rbac_policy
Jun 10 00:26:37.988884 np0000179362 devstack@neutron-api.service[103460]: WARNING neutron.quota.resource_registry [None req-474cdace-8524-45db-8c56-971cc47b7647 None None] rbac_policy is already registered
Jun 10 00:26:37.989273 np0000179362 devstack@neutron-api.service[103458]: DEBUG neutron.plugins.ml2.drivers.ovn.mech_driver.mech_driver [None req-eac1a10b-61df-4e3d-8f8a-63cdedbafaf8 None None] Hash Ring setup using WSGI start time 2026-06-10 00:26:30+00:00 {{(pid=103458) _init_hash_ring /opt/stack/neutron/neutron/plugins/ml2/drivers/ovn/mech_driver/mech_driver.py:404}}
Jun 10 00:26:37.989698 np0000179362 devstack@neutron-api.service[103460]: INFO neutron.quota.resource_registry [None req-474cdace-8524-45db-8c56-971cc47b7647 None None] Creating instance of TrackedResource for resource:security_group
Jun 10 00:26:37.989844 np0000179362 devstack@neutron-api.service[103460]: WARNING neutron.quota.resource_registry [None req-474cdace-8524-45db-8c56-971cc47b7647 None None] security_group is already registered
Jun 10 00:26:37.990523 np0000179362 devstack@neutron-api.service[103460]: INFO neutron.quota.resource_registry [None req-474cdace-8524-45db-8c56-971cc47b7647 None None] Creating instance of TrackedResource for resource:security_group_rule
Jun 10 00:26:37.990735 np0000179362 devstack@neutron-api.service[103460]: WARNING neutron.quota.resource_registry [None req-474cdace-8524-45db-8c56-971cc47b7647 None None] security_group_rule is already registered
Jun 10 00:26:37.991408 np0000179362 devstack@neutron-api.service[103459]: INFO ovsdbapp.backend.ovs_idl.vlog [None req-9a3911ed-015a-4d75-89db-f28d9f723aee None None] ssl:199.204.45.22:6642: connected
Jun 10 00:26:37.991610 np0000179362 devstack@neutron-api.service[103460]: DEBUG neutron.api.v2.resource_helper [None req-474cdace-8524-45db-8c56-971cc47b7647 None None] Service CORE assigned prefix: {{(pid=103460) build_resource_info /opt/stack/neutron/neutron/api/v2/resource_helper.py:77}}
Jun 10 00:26:37.991787 np0000179362 devstack@neutron-api.service[103460]: INFO neutron.quota.resource_registry [None req-474cdace-8524-45db-8c56-971cc47b7647 None None] Creating instance of TrackedResource for resource:subnetpool
Jun 10 00:26:37.991996 np0000179362 devstack@neutron-api.service[103460]: WARNING neutron.quota.resource_registry [None req-474cdace-8524-45db-8c56-971cc47b7647 None None] subnetpool is already registered
Jun 10 00:26:37.992573 np0000179362 devstack@neutron-api.service[103460]: DEBUG neutron.api.v2.resource_helper [None req-474cdace-8524-45db-8c56-971cc47b7647 None None] Service CORE assigned prefix: {{(pid=103460) build_resource_info /opt/stack/neutron/neutron/api/v2/resource_helper.py:77}}
Jun 10 00:26:37.992705 np0000179362 devstack@neutron-api.service[103460]: INFO neutron.quota.resource_registry [None req-474cdace-8524-45db-8c56-971cc47b7647 None None] Creating instance of TrackedResource for resource:subnetpool
Jun 10 00:26:37.992937 np0000179362 devstack@neutron-api.service[103460]: WARNING neutron.quota.resource_registry [None req-474cdace-8524-45db-8c56-971cc47b7647 None None] subnetpool is already registered
Jun 10 00:26:37.993784 np0000179362 devstack@neutron-api.service[103460]: DEBUG neutron.api.extensions [None req-474cdace-8524-45db-8c56-971cc47b7647 None None] Extended resource: extensions {{(pid=103460) __init__ /opt/stack/neutron/neutron/api/extensions.py:156}}
Jun 10 00:26:37.994780 np0000179362 devstack@neutron-api.service[103460]: DEBUG neutron.api.extensions [None req-474cdace-8524-45db-8c56-971cc47b7647 None None] Extended resource: address-groups {{(pid=103460) __init__ /opt/stack/neutron/neutron/api/extensions.py:156}}
Jun 10 00:26:37.995707 np0000179362 devstack@neutron-api.service[103458]: INFO neutron.db.ovn_hash_ring_db [None req-eac1a10b-61df-4e3d-8f8a-63cdedbafaf8 None None] Nodes from host "np0000179362" and group "mechanism_driver" removed from the Hash Ring created at 2026-06-10 00:26:30+00:00
Jun 10 00:26:37.995785 np0000179362 devstack@neutron-api.service[103460]: DEBUG neutron.api.extensions [None req-474cdace-8524-45db-8c56-971cc47b7647 None None] Extended resource: address-scopes {{(pid=103460) __init__ /opt/stack/neutron/neutron/api/extensions.py:156}}
Jun 10 00:26:37.996424 np0000179362 devstack@neutron-api.service[103460]: DEBUG neutron.api.extensions [None req-474cdace-8524-45db-8c56-971cc47b7647 None None] Extended resource: agents {{(pid=103460) __init__ /opt/stack/neutron/neutron/api/extensions.py:156}}
Jun 10 00:26:37.997136 np0000179362 devstack@neutron-api.service[103460]: DEBUG neutron.api.extensions [None req-474cdace-8524-45db-8c56-971cc47b7647 None None] Extended resource: auto-allocated-topology {{(pid=103460) __init__ /opt/stack/neutron/neutron/api/extensions.py:156}}
Jun 10 00:26:37.997991 np0000179362 devstack@neutron-api.service[103460]: DEBUG neutron.api.extensions [None req-474cdace-8524-45db-8c56-971cc47b7647 None None] Extended resource: availability_zones {{(pid=103460) __init__ /opt/stack/neutron/neutron/api/extensions.py:156}}
Jun 10 00:26:37.998484 np0000179362 devstack@neutron-api.service[103458]: INFO neutron.db.ovn_hash_ring_db [None req-eac1a10b-61df-4e3d-8f8a-63cdedbafaf8 None None] Node 333e6b784d4d5692b19cbb456c0591ab from host "np0000179362" and group "mechanism_driver" added to the Hash Ring
Jun 10 00:26:37.998861 np0000179362 devstack@neutron-api.service[103460]: DEBUG neutron.api.extensions [None req-474cdace-8524-45db-8c56-971cc47b7647 None None] Extended resource: dhcp-networks {{(pid=103460) __init__ /opt/stack/neutron/neutron/api/extensions.py:156}}
Jun 10 00:26:37.999985 np0000179362 devstack@neutron-api.service[103460]: DEBUG neutron.api.extensions [None req-474cdace-8524-45db-8c56-971cc47b7647 None None] Extended resource: dhcp-agents {{(pid=103460) __init__ /opt/stack/neutron/neutron/api/extensions.py:156}}
Jun 10 00:26:38.000964 np0000179362 devstack@neutron-api.service[103460]: DEBUG neutron.api.extensions [None req-474cdace-8524-45db-8c56-971cc47b7647 None None] Extended resource: routers {{(pid=103460) __init__ /opt/stack/neutron/neutron/api/extensions.py:156}}
Jun 10 00:26:38.001953 np0000179362 devstack@neutron-api.service[103458]: DEBUG neutron.plugins.ml2.drivers.ovn.mech_driver.mech_driver [None req-eac1a10b-61df-4e3d-8f8a-63cdedbafaf8 None None] Hash Ring setup, this worker has detected 3 OVN hash ring registers in the database {{(pid=103458) _init_hash_ring /opt/stack/neutron/neutron/plugins/ml2/drivers/ovn/mech_driver/mech_driver.py:414}}
Jun 10 00:26:38.002618 np0000179362 devstack@neutron-api.service[103460]: DEBUG neutron.api.extensions [None req-474cdace-8524-45db-8c56-971cc47b7647 None None] Extended resource: flavors {{(pid=103460) __init__ /opt/stack/neutron/neutron/api/extensions.py:156}}
Jun 10 00:26:38.003513 np0000179362 devstack@neutron-api.service[103460]: DEBUG neutron.api.extensions [None req-474cdace-8524-45db-8c56-971cc47b7647 None None] Extended resource: service_profiles {{(pid=103460) __init__ /opt/stack/neutron/neutron/api/extensions.py:156}}
Jun 10 00:26:38.004427 np0000179362 devstack@neutron-api.service[103460]: DEBUG neutron.api.extensions [None req-474cdace-8524-45db-8c56-971cc47b7647 None None] Extended resource: next_providers {{(pid=103460) __init__ /opt/stack/neutron/neutron/api/extensions.py:156}}
Jun 10 00:26:38.005534 np0000179362 devstack@neutron-api.service[103460]: DEBUG neutron.api.extensions [None req-474cdace-8524-45db-8c56-971cc47b7647 None None] Extended resource: service_profiles {{(pid=103460) __init__ /opt/stack/neutron/neutron/api/extensions.py:156}}
