May 28 01:35:38.902163 np0000177120 systemd[1]: Starting devstack@n-api-meta.service - Devstack devstack@n-api-meta.service...
May 28 01:35:38.909683 np0000177120 devstack@n-api-meta.service[108839]: [uWSGI] getting INI configuration from /etc/nova/nova-metadata-uwsgi.ini
May 28 01:35:38.913178 np0000177120 devstack@n-api-meta.service[108839]: *** Starting uWSGI 2.0.24-debian (64bit) on [Thu May 28 01:35:38 2026] ***
May 28 01:35:38.913178 np0000177120 devstack@n-api-meta.service[108839]: compiled with version: 13.2.0 on 17 April 2024 16:23:48
May 28 01:35:38.913178 np0000177120 devstack@n-api-meta.service[108839]: os: Linux-6.8.0-117-generic #117-Ubuntu SMP PREEMPT_DYNAMIC Tue May 5 19:26:24 UTC 2026
May 28 01:35:38.913178 np0000177120 devstack@n-api-meta.service[108839]: nodename: np0000177120
May 28 01:35:38.913178 np0000177120 devstack@n-api-meta.service[108839]: machine: x86_64
May 28 01:35:38.913178 np0000177120 devstack@n-api-meta.service[108839]: clock source: unix
May 28 01:35:38.913178 np0000177120 devstack@n-api-meta.service[108839]: pcre jit disabled
May 28 01:35:38.913178 np0000177120 devstack@n-api-meta.service[108839]: detected number of CPU cores: 16
May 28 01:35:38.913178 np0000177120 devstack@n-api-meta.service[108839]: current working directory: /
May 28 01:35:38.913178 np0000177120 devstack@n-api-meta.service[108839]: detected binary path: /usr/bin/uwsgi-core
May 28 01:35:38.913178 np0000177120 devstack@n-api-meta.service[108839]: your processes number limit is 256917
May 28 01:35:38.913178 np0000177120 devstack@n-api-meta.service[108839]: your memory page size is 4096 bytes
May 28 01:35:38.913178 np0000177120 devstack@n-api-meta.service[108839]: detected max file descriptor number: 2048
May 28 01:35:38.913178 np0000177120 devstack@n-api-meta.service[108839]: lock engine: pthread robust mutexes
May 28 01:35:38.914119 np0000177120 devstack@n-api-meta.service[108839]: thunder lock: enabled
May 28 01:35:38.914119 np0000177120 devstack@n-api-meta.service[108839]: uWSGI http bound on 0.0.0.0:8775 fd 5
May 28 01:35:38.914119 np0000177120 devstack@n-api-meta.service[108839]: uwsgi socket 0 bound to TCP address 127.0.0.1:45649 (port auto-assigned) fd 4
May 28 01:35:38.914119 np0000177120 devstack@n-api-meta.service[108839]: Python version: 3.12.3 (main, Mar 23 2026, 19:04:32) [GCC 13.3.0]
May 28 01:35:38.914119 np0000177120 devstack@n-api-meta.service[108839]: PEP 405 virtualenv detected: /opt/stack/data/venv
May 28 01:35:38.914119 np0000177120 devstack@n-api-meta.service[108839]: Set PythonHome to /opt/stack/data/venv
May 28 01:35:38.948995 np0000177120 devstack@n-api-meta.service[108839]: Python main interpreter initialized at 0x7d60120a3668
May 28 01:35:38.948995 np0000177120 devstack@n-api-meta.service[108839]: python threads support enabled
May 28 01:35:38.948995 np0000177120 devstack@n-api-meta.service[108839]: your server socket listen backlog is limited to 100 connections
May 28 01:35:38.948995 np0000177120 devstack@n-api-meta.service[108839]: your mercy for graceful operations on workers is 80 seconds
May 28 01:35:38.949488 np0000177120 devstack@n-api-meta.service[108839]: mapped 671795 bytes (656 KB) for 4 cores
May 28 01:35:38.949600 np0000177120 devstack@n-api-meta.service[108839]: *** Operational MODE: preforking ***
May 28 01:35:38.949746 np0000177120 devstack@n-api-meta.service[108839]: *** uWSGI is running in multiple interpreter mode ***
May 28 01:35:38.949746 np0000177120 devstack@n-api-meta.service[108839]: spawned uWSGI master process (pid: 108839)
May 28 01:35:38.949925 np0000177120 systemd[1]: Started devstack@n-api-meta.service - Devstack devstack@n-api-meta.service.
May 28 01:35:38.950747 np0000177120 devstack@n-api-meta.service[108839]: spawned uWSGI worker 1 (pid: 108840, cores: 1)
May 28 01:35:38.951430 np0000177120 devstack@n-api-meta.service[108839]: spawned uWSGI worker 2 (pid: 108841, cores: 1)
May 28 01:35:38.951969 np0000177120 devstack@n-api-meta.service[108839]: spawned uWSGI worker 3 (pid: 108842, cores: 1)
May 28 01:35:38.952613 np0000177120 devstack@n-api-meta.service[108839]: spawned uWSGI worker 4 (pid: 108843, cores: 1)
May 28 01:35:38.953547 np0000177120 devstack@n-api-meta.service[108839]: spawned uWSGI http 1 (pid: 108844)
May 28 01:35:38.953547 np0000177120 devstack@n-api-meta.service[108839]: running "unix_signal:15 gracefully_kill_them_all" (master-start)...
May 28 01:35:40.701325 np0000177120 devstack@n-api-meta.service[108842]: INFO dbcounter [None req-d05ddaac-dcea-4dc8-9173-6f45040fa198 None None] Registered counter for database nova_api
May 28 01:35:40.743006 np0000177120 devstack@n-api-meta.service[108840]: INFO dbcounter [None req-a99a3fe5-29bc-4d79-b62e-ae5a2ba2aaee None None] Registered counter for database nova_api
May 28 01:35:40.751481 np0000177120 devstack@n-api-meta.service[108842]: DEBUG oslo_db.sqlalchemy.engines [None req-d05ddaac-dcea-4dc8-9173-6f45040fa198 None None] MySQL server mode set to STRICT_TRANS_TABLES,STRICT_ALL_TABLES,NO_ZERO_IN_DATE,NO_ZERO_DATE,ERROR_FOR_DIVISION_BY_ZERO,TRADITIONAL,NO_ENGINE_SUBSTITUTION {{(pid=108842) _check_effective_sql_mode /opt/stack/data/venv/lib/python3.12/site-packages/oslo_db/sqlalchemy/engines.py:325}}
May 28 01:35:40.761236 np0000177120 devstack@n-api-meta.service[108843]: INFO dbcounter [None req-161437bb-394f-40b8-94cf-7957a49d52df None None] Registered counter for database nova_api
May 28 01:35:40.784465 np0000177120 devstack@n-api-meta.service[108842]: DEBUG dbcounter [-] [108842] Writer thread running {{(pid=108842) stat_writer /opt/stack/data/venv/lib/python3.12/site-packages/dbcounter.py:102}}
May 28 01:35:40.786738 np0000177120 devstack@n-api-meta.service[108842]: DEBUG nova.context [None req-d05ddaac-dcea-4dc8-9173-6f45040fa198 None None] Found 2 cells: 00000000-0000-0000-0000-000000000000(cell0),8fa1677f-1fe6-4afd-b5f4-19cb044b0151(cell1) {{(pid=108842) load_cells /opt/stack/nova/nova/context.py:509}}
May 28 01:35:40.787000 np0000177120 devstack@n-api-meta.service[108842]: INFO nova.utils [None req-d05ddaac-dcea-4dc8-9173-6f45040fa198 None None] The cell worker thread pool MainProcess.cell_worker is initialized
May 28 01:35:40.788736 np0000177120 devstack@n-api-meta.service[108842]: DEBUG oslo_concurrency.lockutils [None req-d05ddaac-dcea-4dc8-9173-6f45040fa198 None None] Acquiring lock "00000000-0000-0000-0000-000000000000" by "nova.context.set_target_cell..get_or_set_cached_cell_and_set_connections" {{(pid=108842) inner /opt/stack/data/venv/lib/python3.12/site-packages/oslo_concurrency/lockutils.py:511}}
May 28 01:35:40.788935 np0000177120 devstack@n-api-meta.service[108842]: DEBUG oslo_concurrency.lockutils [None req-d05ddaac-dcea-4dc8-9173-6f45040fa198 None None] Lock "00000000-0000-0000-0000-000000000000" acquired by "nova.context.set_target_cell..get_or_set_cached_cell_and_set_connections" :: waited 0.000s {{(pid=108842) inner /opt/stack/data/venv/lib/python3.12/site-packages/oslo_concurrency/lockutils.py:524}}
May 28 01:35:40.789302 np0000177120 devstack@n-api-meta.service[108842]: DEBUG oslo_concurrency.lockutils [None req-d05ddaac-dcea-4dc8-9173-6f45040fa198 None None] Lock "00000000-0000-0000-0000-000000000000" "released" by "nova.context.set_target_cell..get_or_set_cached_cell_and_set_connections" :: held 0.000s {{(pid=108842) inner /opt/stack/data/venv/lib/python3.12/site-packages/oslo_concurrency/lockutils.py:543}}
May 28 01:35:40.790207 np0000177120 devstack@n-api-meta.service[108842]: DEBUG oslo_concurrency.lockutils [None req-d05ddaac-dcea-4dc8-9173-6f45040fa198 None None] Acquiring lock "8fa1677f-1fe6-4afd-b5f4-19cb044b0151" by "nova.context.set_target_cell..get_or_set_cached_cell_and_set_connections" {{(pid=108842) inner /opt/stack/data/venv/lib/python3.12/site-packages/oslo_concurrency/lockutils.py:511}}
May 28 01:35:40.790350 np0000177120 devstack@n-api-meta.service[108842]: DEBUG oslo_concurrency.lockutils [None req-d05ddaac-dcea-4dc8-9173-6f45040fa198 None None] Lock "8fa1677f-1fe6-4afd-b5f4-19cb044b0151" acquired by "nova.context.set_target_cell..get_or_set_cached_cell_and_set_connections" :: waited 0.000s {{(pid=108842) inner /opt/stack/data/venv/lib/python3.12/site-packages/oslo_concurrency/lockutils.py:524}}
May 28 01:35:40.790547 np0000177120 devstack@n-api-meta.service[108840]: DEBUG oslo_db.sqlalchemy.engines [None req-a99a3fe5-29bc-4d79-b62e-ae5a2ba2aaee None None] MySQL server mode set to STRICT_TRANS_TABLES,STRICT_ALL_TABLES,NO_ZERO_IN_DATE,NO_ZERO_DATE,ERROR_FOR_DIVISION_BY_ZERO,TRADITIONAL,NO_ENGINE_SUBSTITUTION {{(pid=108840) _check_effective_sql_mode /opt/stack/data/venv/lib/python3.12/site-packages/oslo_db/sqlalchemy/engines.py:325}}
May 28 01:35:40.791216 np0000177120 devstack@n-api-meta.service[108842]: DEBUG oslo_concurrency.lockutils [None req-d05ddaac-dcea-4dc8-9173-6f45040fa198 None None] Lock "8fa1677f-1fe6-4afd-b5f4-19cb044b0151" "released" by "nova.context.set_target_cell..get_or_set_cached_cell_and_set_connections" :: held 0.001s {{(pid=108842) inner /opt/stack/data/venv/lib/python3.12/site-packages/oslo_concurrency/lockutils.py:543}}
May 28 01:35:40.794223 np0000177120 devstack@n-api-meta.service[108842]: INFO dbcounter [None req-d05ddaac-dcea-4dc8-9173-6f45040fa198 None None] Registered counter for database nova_cell0
May 28 01:35:40.800201 np0000177120 devstack@n-api-meta.service[108841]: INFO dbcounter [None req-98d71707-5e22-4583-8616-429499091b57 None None] Registered counter for database nova_api
May 28 01:35:40.802334 np0000177120 devstack@n-api-meta.service[108842]: INFO dbcounter [None req-d05ddaac-dcea-4dc8-9173-6f45040fa198 None None] Registered counter for database nova_cell1
May 28 01:35:40.814704 np0000177120 devstack@n-api-meta.service[108843]: DEBUG oslo_db.sqlalchemy.engines [None req-161437bb-394f-40b8-94cf-7957a49d52df None None] MySQL server mode set to STRICT_TRANS_TABLES,STRICT_ALL_TABLES,NO_ZERO_IN_DATE,NO_ZERO_DATE,ERROR_FOR_DIVISION_BY_ZERO,TRADITIONAL,NO_ENGINE_SUBSTITUTION {{(pid=108843) _check_effective_sql_mode /opt/stack/data/venv/lib/python3.12/site-packages/oslo_db/sqlalchemy/engines.py:325}}
May 28 01:35:40.838639 np0000177120 devstack@n-api-meta.service[108840]: DEBUG dbcounter [-] [108840] Writer thread running {{(pid=108840) stat_writer /opt/stack/data/venv/lib/python3.12/site-packages/dbcounter.py:102}}
May 28 01:35:40.844481 np0000177120 devstack@n-api-meta.service[108840]: DEBUG nova.context [None req-a99a3fe5-29bc-4d79-b62e-ae5a2ba2aaee None None] Found 2 cells: 00000000-0000-0000-0000-000000000000(cell0),8fa1677f-1fe6-4afd-b5f4-19cb044b0151(cell1) {{(pid=108840) load_cells /opt/stack/nova/nova/context.py:509}}
May 28 01:35:40.844481 np0000177120 devstack@n-api-meta.service[108840]: INFO nova.utils [None req-a99a3fe5-29bc-4d79-b62e-ae5a2ba2aaee None None] The cell worker thread pool MainProcess.cell_worker is initialized
May 28 01:35:40.844481 np0000177120 devstack@n-api-meta.service[108840]: DEBUG oslo_concurrency.lockutils [None req-a99a3fe5-29bc-4d79-b62e-ae5a2ba2aaee None None] Acquiring lock "00000000-0000-0000-0000-000000000000" by "nova.context.set_target_cell..get_or_set_cached_cell_and_set_connections" {{(pid=108840) inner /opt/stack/data/venv/lib/python3.12/site-packages/oslo_concurrency/lockutils.py:511}}
May 28 01:35:40.844722 np0000177120 devstack@n-api-meta.service[108840]: DEBUG oslo_concurrency.lockutils [None req-a99a3fe5-29bc-4d79-b62e-ae5a2ba2aaee None None] Lock "00000000-0000-0000-0000-000000000000" acquired by "nova.context.set_target_cell..get_or_set_cached_cell_and_set_connections" :: waited 0.000s {{(pid=108840) inner /opt/stack/data/venv/lib/python3.12/site-packages/oslo_concurrency/lockutils.py:524}}
May 28 01:35:40.845049 np0000177120 devstack@n-api-meta.service[108840]: DEBUG oslo_concurrency.lockutils [None req-a99a3fe5-29bc-4d79-b62e-ae5a2ba2aaee None None] Lock "00000000-0000-0000-0000-000000000000" "released" by "nova.context.set_target_cell..get_or_set_cached_cell_and_set_connections" :: held 0.000s {{(pid=108840) inner /opt/stack/data/venv/lib/python3.12/site-packages/oslo_concurrency/lockutils.py:543}}
May 28 01:35:40.845895 np0000177120 devstack@n-api-meta.service[108840]: DEBUG oslo_concurrency.lockutils [None req-a99a3fe5-29bc-4d79-b62e-ae5a2ba2aaee None None] Acquiring lock "8fa1677f-1fe6-4afd-b5f4-19cb044b0151" by "nova.context.set_target_cell..get_or_set_cached_cell_and_set_connections" {{(pid=108840) inner /opt/stack/data/venv/lib/python3.12/site-packages/oslo_concurrency/lockutils.py:511}}
May 28 01:35:40.848310 np0000177120 devstack@n-api-meta.service[108843]: DEBUG dbcounter [-] [108843] Writer thread running {{(pid=108843) stat_writer /opt/stack/data/venv/lib/python3.12/site-packages/dbcounter.py:102}}
May 28 01:35:40.848626 np0000177120 devstack@n-api-meta.service[108840]: DEBUG oslo_concurrency.lockutils [None req-a99a3fe5-29bc-4d79-b62e-ae5a2ba2aaee None None] Lock "8fa1677f-1fe6-4afd-b5f4-19cb044b0151" acquired by "nova.context.set_target_cell..get_or_set_cached_cell_and_set_connections" :: waited 0.003s {{(pid=108840) inner /opt/stack/data/venv/lib/python3.12/site-packages/oslo_concurrency/lockutils.py:524}}
May 28 01:35:40.851817 np0000177120 devstack@n-api-meta.service[108843]: DEBUG nova.context [None req-161437bb-394f-40b8-94cf-7957a49d52df None None] Found 2 cells: 00000000-0000-0000-0000-000000000000(cell0),8fa1677f-1fe6-4afd-b5f4-19cb044b0151(cell1) {{(pid=108843) load_cells /opt/stack/nova/nova/context.py:509}}
May 28 01:35:40.851892 np0000177120 devstack@n-api-meta.service[108840]: INFO dbcounter [None req-a99a3fe5-29bc-4d79-b62e-ae5a2ba2aaee None None] Registered counter for database nova_cell0
May 28 01:35:40.851934 np0000177120 devstack@n-api-meta.service[108843]: INFO nova.utils [None req-161437bb-394f-40b8-94cf-7957a49d52df None None] The cell worker thread pool MainProcess.cell_worker is initialized
May 28 01:35:40.852184 np0000177120 devstack@n-api-meta.service[108843]: DEBUG oslo_concurrency.lockutils [None req-161437bb-394f-40b8-94cf-7957a49d52df None None] Acquiring lock "00000000-0000-0000-0000-000000000000" by "nova.context.set_target_cell..get_or_set_cached_cell_and_set_connections" {{(pid=108843) inner /opt/stack/data/venv/lib/python3.12/site-packages/oslo_concurrency/lockutils.py:511}}
May 28 01:35:40.852347 np0000177120 devstack@n-api-meta.service[108843]: DEBUG oslo_concurrency.lockutils [None req-161437bb-394f-40b8-94cf-7957a49d52df None None] Lock "00000000-0000-0000-0000-000000000000" acquired by "nova.context.set_target_cell..get_or_set_cached_cell_and_set_connections" :: waited 0.000s {{(pid=108843) inner /opt/stack/data/venv/lib/python3.12/site-packages/oslo_concurrency/lockutils.py:524}}
May 28 01:35:40.852703 np0000177120 devstack@n-api-meta.service[108843]: DEBUG oslo_concurrency.lockutils [None req-161437bb-394f-40b8-94cf-7957a49d52df None None] Lock "00000000-0000-0000-0000-000000000000" "released" by "nova.context.set_target_cell..get_or_set_cached_cell_and_set_connections" :: held 0.000s {{(pid=108843) inner /opt/stack/data/venv/lib/python3.12/site-packages/oslo_concurrency/lockutils.py:543}}
May 28 01:35:40.853538 np0000177120 devstack@n-api-meta.service[108843]: DEBUG oslo_concurrency.lockutils [None req-161437bb-394f-40b8-94cf-7957a49d52df None None] Acquiring lock "8fa1677f-1fe6-4afd-b5f4-19cb044b0151" by "nova.context.set_target_cell..get_or_set_cached_cell_and_set_connections" {{(pid=108843) inner /opt/stack/data/venv/lib/python3.12/site-packages/oslo_concurrency/lockutils.py:511}}
May 28 01:35:40.853683 np0000177120 devstack@n-api-meta.service[108843]: DEBUG oslo_concurrency.lockutils [None req-161437bb-394f-40b8-94cf-7957a49d52df None None] Lock "8fa1677f-1fe6-4afd-b5f4-19cb044b0151" acquired by "nova.context.set_target_cell..get_or_set_cached_cell_and_set_connections" :: waited 0.000s {{(pid=108843) inner /opt/stack/data/venv/lib/python3.12/site-packages/oslo_concurrency/lockutils.py:524}}
May 28 01:35:40.854555 np0000177120 devstack@n-api-meta.service[108843]: DEBUG oslo_concurrency.lockutils [None req-161437bb-394f-40b8-94cf-7957a49d52df None None] Lock "8fa1677f-1fe6-4afd-b5f4-19cb044b0151" "released" by "nova.context.set_target_cell..get_or_set_cached_cell_and_set_connections" :: held 0.001s {{(pid=108843) inner /opt/stack/data/venv/lib/python3.12/site-packages/oslo_concurrency/lockutils.py:543}}
May 28 01:35:40.855247 np0000177120 devstack@n-api-meta.service[108841]: DEBUG oslo_db.sqlalchemy.engines [None req-98d71707-5e22-4583-8616-429499091b57 None None] MySQL server mode set to STRICT_TRANS_TABLES,STRICT_ALL_TABLES,NO_ZERO_IN_DATE,NO_ZERO_DATE,ERROR_FOR_DIVISION_BY_ZERO,TRADITIONAL,NO_ENGINE_SUBSTITUTION {{(pid=108841) _check_effective_sql_mode /opt/stack/data/venv/lib/python3.12/site-packages/oslo_db/sqlalchemy/engines.py:325}}
May 28 01:35:40.855949 np0000177120 devstack@n-api-meta.service[108840]: DEBUG oslo_concurrency.lockutils [None req-a99a3fe5-29bc-4d79-b62e-ae5a2ba2aaee None None] Lock "8fa1677f-1fe6-4afd-b5f4-19cb044b0151" "released" by "nova.context.set_target_cell..get_or_set_cached_cell_and_set_connections" :: held 0.001s {{(pid=108840) inner /opt/stack/data/venv/lib/python3.12/site-packages/oslo_concurrency/lockutils.py:543}}
May 28 01:35:40.857731 np0000177120 devstack@n-api-meta.service[108843]: INFO dbcounter [None req-161437bb-394f-40b8-94cf-7957a49d52df None None] Registered counter for database nova_cell0
May 28 01:35:40.858895 np0000177120 devstack@n-api-meta.service[108840]: INFO dbcounter [None req-a99a3fe5-29bc-4d79-b62e-ae5a2ba2aaee None None] Registered counter for database nova_cell1
May 28 01:35:40.866808 np0000177120 devstack@n-api-meta.service[108843]: INFO dbcounter [None req-161437bb-394f-40b8-94cf-7957a49d52df None None] Registered counter for database nova_cell1
May 28 01:35:40.869482 np0000177120 devstack@n-api-meta.service[108842]: DEBUG oslo_db.sqlalchemy.engines [None req-d05ddaac-dcea-4dc8-9173-6f45040fa198 None None] MySQL server mode set to STRICT_TRANS_TABLES,STRICT_ALL_TABLES,NO_ZERO_IN_DATE,NO_ZERO_DATE,ERROR_FOR_DIVISION_BY_ZERO,TRADITIONAL,NO_ENGINE_SUBSTITUTION {{(pid=108842) _check_effective_sql_mode /opt/stack/data/venv/lib/python3.12/site-packages/oslo_db/sqlalchemy/engines.py:325}}
May 28 01:35:40.890747 np0000177120 devstack@n-api-meta.service[108841]: DEBUG dbcounter [-] [108841] Writer thread running {{(pid=108841) stat_writer /opt/stack/data/venv/lib/python3.12/site-packages/dbcounter.py:102}}
May 28 01:35:40.893949 np0000177120 devstack@n-api-meta.service[108841]: DEBUG nova.context [None req-98d71707-5e22-4583-8616-429499091b57 None None] Found 2 cells: 00000000-0000-0000-0000-000000000000(cell0),8fa1677f-1fe6-4afd-b5f4-19cb044b0151(cell1) {{(pid=108841) load_cells /opt/stack/nova/nova/context.py:509}}
May 28 01:35:40.894259 np0000177120 devstack@n-api-meta.service[108841]: INFO nova.utils [None req-98d71707-5e22-4583-8616-429499091b57 None None] The cell worker thread pool MainProcess.cell_worker is initialized
May 28 01:35:40.896391 np0000177120 devstack@n-api-meta.service[108841]: DEBUG oslo_concurrency.lockutils [None req-98d71707-5e22-4583-8616-429499091b57 None None] Acquiring lock "00000000-0000-0000-0000-000000000000" by "nova.context.set_target_cell..get_or_set_cached_cell_and_set_connections" {{(pid=108841) inner /opt/stack/data/venv/lib/python3.12/site-packages/oslo_concurrency/lockutils.py:511}}
May 28 01:35:40.896574 np0000177120 devstack@n-api-meta.service[108841]: DEBUG oslo_concurrency.lockutils [None req-98d71707-5e22-4583-8616-429499091b57 None None] Lock "00000000-0000-0000-0000-000000000000" acquired by "nova.context.set_target_cell..get_or_set_cached_cell_and_set_connections" :: waited 0.000s {{(pid=108841) inner /opt/stack/data/venv/lib/python3.12/site-packages/oslo_concurrency/lockutils.py:524}}
May 28 01:35:40.896994 np0000177120 devstack@n-api-meta.service[108841]: DEBUG oslo_concurrency.lockutils [None req-98d71707-5e22-4583-8616-429499091b57 None None] Lock "00000000-0000-0000-0000-000000000000" "released" by "nova.context.set_target_cell..get_or_set_cached_cell_and_set_connections" :: held 0.000s {{(pid=108841) inner /opt/stack/data/venv/lib/python3.12/site-packages/oslo_concurrency/lockutils.py:543}}
May 28 01:35:40.897732 np0000177120 devstack@n-api-meta.service[108841]: DEBUG oslo_concurrency.lockutils [None req-98d71707-5e22-4583-8616-429499091b57 None None] Acquiring lock "8fa1677f-1fe6-4afd-b5f4-19cb044b0151" by "nova.context.set_target_cell..get_or_set_cached_cell_and_set_connections" {{(pid=108841) inner /opt/stack/data/venv/lib/python3.12/site-packages/oslo_concurrency/lockutils.py:511}}
May 28 01:35:40.901244 np0000177120 devstack@n-api-meta.service[108841]: INFO dbcounter [None req-98d71707-5e22-4583-8616-429499091b57 None None] Registered counter for database nova_cell0
May 28 01:35:40.903576 np0000177120 devstack@n-api-meta.service[108841]: DEBUG oslo_concurrency.lockutils [None req-98d71707-5e22-4583-8616-429499091b57 None None] Lock "8fa1677f-1fe6-4afd-b5f4-19cb044b0151" acquired by "nova.context.set_target_cell..get_or_set_cached_cell_and_set_connections" :: waited 0.003s {{(pid=108841) inner /opt/stack/data/venv/lib/python3.12/site-packages/oslo_concurrency/lockutils.py:524}}
May 28 01:35:40.905515 np0000177120 devstack@n-api-meta.service[108841]: DEBUG oslo_concurrency.lockutils [None req-98d71707-5e22-4583-8616-429499091b57 None None] Lock "8fa1677f-1fe6-4afd-b5f4-19cb044b0151" "released" by "nova.context.set_target_cell..get_or_set_cached_cell_and_set_connections" :: held 0.005s {{(pid=108841) inner /opt/stack/data/venv/lib/python3.12/site-packages/oslo_concurrency/lockutils.py:543}}
May 28 01:35:40.909591 np0000177120 devstack@n-api-meta.service[108841]: INFO dbcounter [None req-98d71707-5e22-4583-8616-429499091b57 None None] Registered counter for database nova_cell1
May 28 01:35:40.928032 np0000177120 devstack@n-api-meta.service[108840]: DEBUG oslo_db.sqlalchemy.engines [None req-a99a3fe5-29bc-4d79-b62e-ae5a2ba2aaee None None] MySQL server mode set to STRICT_TRANS_TABLES,STRICT_ALL_TABLES,NO_ZERO_IN_DATE,NO_ZERO_DATE,ERROR_FOR_DIVISION_BY_ZERO,TRADITIONAL,NO_ENGINE_SUBSTITUTION {{(pid=108840) _check_effective_sql_mode /opt/stack/data/venv/lib/python3.12/site-packages/oslo_db/sqlalchemy/engines.py:325}}
May 28 01:35:40.939432 np0000177120 devstack@n-api-meta.service[108843]: DEBUG oslo_db.sqlalchemy.engines [None req-161437bb-394f-40b8-94cf-7957a49d52df None None] MySQL server mode set to STRICT_TRANS_TABLES,STRICT_ALL_TABLES,NO_ZERO_IN_DATE,NO_ZERO_DATE,ERROR_FOR_DIVISION_BY_ZERO,TRADITIONAL,NO_ENGINE_SUBSTITUTION {{(pid=108843) _check_effective_sql_mode /opt/stack/data/venv/lib/python3.12/site-packages/oslo_db/sqlalchemy/engines.py:325}}
May 28 01:35:40.940987 np0000177120 devstack@n-api-meta.service[108840]: DEBUG oslo_db.sqlalchemy.engines [None req-a99a3fe5-29bc-4d79-b62e-ae5a2ba2aaee None None] MySQL server mode set to STRICT_TRANS_TABLES,STRICT_ALL_TABLES,NO_ZERO_IN_DATE,NO_ZERO_DATE,ERROR_FOR_DIVISION_BY_ZERO,TRADITIONAL,NO_ENGINE_SUBSTITUTION {{(pid=108840) _check_effective_sql_mode /opt/stack/data/venv/lib/python3.12/site-packages/oslo_db/sqlalchemy/engines.py:325}}
May 28 01:35:40.952020 np0000177120 devstack@n-api-meta.service[108842]: DEBUG oslo_db.sqlalchemy.engines [None req-d05ddaac-dcea-4dc8-9173-6f45040fa198 None None] MySQL server mode set to STRICT_TRANS_TABLES,STRICT_ALL_TABLES,NO_ZERO_IN_DATE,NO_ZERO_DATE,ERROR_FOR_DIVISION_BY_ZERO,TRADITIONAL,NO_ENGINE_SUBSTITUTION {{(pid=108842) _check_effective_sql_mode /opt/stack/data/venv/lib/python3.12/site-packages/oslo_db/sqlalchemy/engines.py:325}}
May 28 01:35:40.956083 np0000177120 devstack@n-api-meta.service[108843]: DEBUG oslo_db.sqlalchemy.engines [None req-161437bb-394f-40b8-94cf-7957a49d52df None None] MySQL server mode set to STRICT_TRANS_TABLES,STRICT_ALL_TABLES,NO_ZERO_IN_DATE,NO_ZERO_DATE,ERROR_FOR_DIVISION_BY_ZERO,TRADITIONAL,NO_ENGINE_SUBSTITUTION {{(pid=108843) _check_effective_sql_mode /opt/stack/data/venv/lib/python3.12/site-packages/oslo_db/sqlalchemy/engines.py:325}}
May 28 01:35:40.968725 np0000177120 devstack@n-api-meta.service[108842]: DEBUG dbcounter [-] [108842] Writer thread running {{(pid=108842) stat_writer /opt/stack/data/venv/lib/python3.12/site-packages/dbcounter.py:102}}
May 28 01:35:40.979285 np0000177120 devstack@n-api-meta.service[108842]: DEBUG dbcounter [-] [108842] Writer thread running {{(pid=108842) stat_writer /opt/stack/data/venv/lib/python3.12/site-packages/dbcounter.py:102}}
May 28 01:35:40.979453 np0000177120 devstack@n-api-meta.service[108841]: DEBUG oslo_db.sqlalchemy.engines [None req-98d71707-5e22-4583-8616-429499091b57 None None] MySQL server mode set to STRICT_TRANS_TABLES,STRICT_ALL_TABLES,NO_ZERO_IN_DATE,NO_ZERO_DATE,ERROR_FOR_DIVISION_BY_ZERO,TRADITIONAL,NO_ENGINE_SUBSTITUTION {{(pid=108841) _check_effective_sql_mode /opt/stack/data/venv/lib/python3.12/site-packages/oslo_db/sqlalchemy/engines.py:325}}
May 28 01:35:40.984881 np0000177120 devstack@n-api-meta.service[108841]: DEBUG oslo_db.sqlalchemy.engines [None req-98d71707-5e22-4583-8616-429499091b57 None None] MySQL server mode set to STRICT_TRANS_TABLES,STRICT_ALL_TABLES,NO_ZERO_IN_DATE,NO_ZERO_DATE,ERROR_FOR_DIVISION_BY_ZERO,TRADITIONAL,NO_ENGINE_SUBSTITUTION {{(pid=108841) _check_effective_sql_mode /opt/stack/data/venv/lib/python3.12/site-packages/oslo_db/sqlalchemy/engines.py:325}}
May 28 01:35:40.985697 np0000177120 devstack@n-api-meta.service[108842]: INFO dbcounter [None req-d05ddaac-dcea-4dc8-9173-6f45040fa198 None None] Registered counter for database nova_cell0
May 28 01:35:41.018029 np0000177120 devstack@n-api-meta.service[108840]: DEBUG dbcounter [-] [108840] Writer thread running {{(pid=108840) stat_writer /opt/stack/data/venv/lib/python3.12/site-packages/dbcounter.py:102}}
May 28 01:35:41.026759 np0000177120 devstack@n-api-meta.service[108840]: DEBUG dbcounter [-] [108840] Writer thread running {{(pid=108840) stat_writer /opt/stack/data/venv/lib/python3.12/site-packages/dbcounter.py:102}}
May 28 01:35:41.030635 np0000177120 devstack@n-api-meta.service[108842]: DEBUG oslo_db.sqlalchemy.engines [None req-d05ddaac-dcea-4dc8-9173-6f45040fa198 None None] MySQL server mode set to STRICT_TRANS_TABLES,STRICT_ALL_TABLES,NO_ZERO_IN_DATE,NO_ZERO_DATE,ERROR_FOR_DIVISION_BY_ZERO,TRADITIONAL,NO_ENGINE_SUBSTITUTION {{(pid=108842) _check_effective_sql_mode /opt/stack/data/venv/lib/python3.12/site-packages/oslo_db/sqlalchemy/engines.py:325}}
May 28 01:35:41.032640 np0000177120 devstack@n-api-meta.service[108840]: INFO dbcounter [None req-a99a3fe5-29bc-4d79-b62e-ae5a2ba2aaee None None] Registered counter for database nova_cell0
May 28 01:35:41.038576 np0000177120 devstack@n-api-meta.service[108843]: DEBUG dbcounter [-] [108843] Writer thread running {{(pid=108843) stat_writer /opt/stack/data/venv/lib/python3.12/site-packages/dbcounter.py:102}}
May 28 01:35:41.042513 np0000177120 devstack@n-api-meta.service[108842]: DEBUG dbcounter [-] [108842] Writer thread running {{(pid=108842) stat_writer /opt/stack/data/venv/lib/python3.12/site-packages/dbcounter.py:102}}
May 28 01:35:41.047481 np0000177120 devstack@n-api-meta.service[108843]: DEBUG dbcounter [-] [108843] Writer thread running {{(pid=108843) stat_writer /opt/stack/data/venv/lib/python3.12/site-packages/dbcounter.py:102}}
May 28 01:35:41.053811 np0000177120 devstack@n-api-meta.service[108843]: INFO dbcounter [None req-161437bb-394f-40b8-94cf-7957a49d52df None None] Registered counter for database nova_cell0
May 28 01:35:41.085725 np0000177120 devstack@n-api-meta.service[108840]: DEBUG oslo_db.sqlalchemy.engines [None req-a99a3fe5-29bc-4d79-b62e-ae5a2ba2aaee None None] MySQL server mode set to STRICT_TRANS_TABLES,STRICT_ALL_TABLES,NO_ZERO_IN_DATE,NO_ZERO_DATE,ERROR_FOR_DIVISION_BY_ZERO,TRADITIONAL,NO_ENGINE_SUBSTITUTION {{(pid=108840) _check_effective_sql_mode /opt/stack/data/venv/lib/python3.12/site-packages/oslo_db/sqlalchemy/engines.py:325}}
May 28 01:35:41.089374 np0000177120 devstack@n-api-meta.service[108841]: DEBUG dbcounter [-] [108841] Writer thread running {{(pid=108841) stat_writer /opt/stack/data/venv/lib/python3.12/site-packages/dbcounter.py:102}}
May 28 01:35:41.091192 np0000177120 devstack@n-api-meta.service[108842]: WARNING nova.api.metadata.handler [None req-d05ddaac-dcea-4dc8-9173-6f45040fa198 None None] metadata_proxy_shared_secret is not configured, the metadata information returned by the proxy cannot be trusted
May 28 01:35:41.093896 np0000177120 devstack@n-api-meta.service[108842]: DEBUG nova.api.openstack.wsgi_app [None req-d05ddaac-dcea-4dc8-9173-6f45040fa198 None None] ******************************************************************************** {{(pid=108842) log_opt_values /opt/stack/data/venv/lib/python3.12/site-packages/oslo_config/cfg.py:3229}}
May 28 01:35:41.094030 np0000177120 devstack@n-api-meta.service[108842]: DEBUG nova.api.openstack.wsgi_app [None req-d05ddaac-dcea-4dc8-9173-6f45040fa198 None None] Configuration options gathered from: {{(pid=108842) log_opt_values /opt/stack/data/venv/lib/python3.12/site-packages/oslo_config/cfg.py:3230}}
May 28 01:35:41.094120 np0000177120 devstack@n-api-meta.service[108842]: DEBUG nova.api.openstack.wsgi_app [None req-d05ddaac-dcea-4dc8-9173-6f45040fa198 None None] command line args: [] {{(pid=108842) log_opt_values /opt/stack/data/venv/lib/python3.12/site-packages/oslo_config/cfg.py:3231}}
May 28 01:35:41.094283 np0000177120 devstack@n-api-meta.service[108842]: DEBUG nova.api.openstack.wsgi_app [None req-d05ddaac-dcea-4dc8-9173-6f45040fa198 None None] config files: ['/etc/nova/api-paste.ini', '/etc/nova/nova.conf'] {{(pid=108842) log_opt_values /opt/stack/data/venv/lib/python3.12/site-packages/oslo_config/cfg.py:3232}}
May 28 01:35:41.094380 np0000177120 devstack@n-api-meta.service[108842]: DEBUG nova.api.openstack.wsgi_app [None req-d05ddaac-dcea-4dc8-9173-6f45040fa198 None None] ================================================================================ {{(pid=108842) log_opt_values /opt/stack/data/venv/lib/python3.12/site-packages/oslo_config/cfg.py:3237}}
May 28 01:35:41.094564 np0000177120 devstack@n-api-meta.service[108842]: DEBUG nova.api.openstack.wsgi_app [None req-d05ddaac-dcea-4dc8-9173-6f45040fa198 None None] allow_resize_to_same_host = True {{(pid=108842) log_opt_values /opt/stack/data/venv/lib/python3.12/site-packages/oslo_config/cfg.py:3245}}
May 28 01:35:41.094709 np0000177120 devstack@n-api-meta.service[108842]: DEBUG nova.api.openstack.wsgi_app [None req-d05ddaac-dcea-4dc8-9173-6f45040fa198 None None] arq_binding_timeout = 300 {{(pid=108842) log_opt_values /opt/stack/data/venv/lib/python3.12/site-packages/oslo_config/cfg.py:3245}}
May 28 01:35:41.094847 np0000177120 devstack@n-api-meta.service[108840]: DEBUG dbcounter [-] [108840] Writer thread running {{(pid=108840) stat_writer /opt/stack/data/venv/lib/python3.12/site-packages/dbcounter.py:102}}
May 28 01:35:41.094943 np0000177120 devstack@n-api-meta.service[108842]: DEBUG nova.api.openstack.wsgi_app [None req-d05ddaac-dcea-4dc8-9173-6f45040fa198 None None] block_device_allocate_retries = 60 {{(pid=108842) log_opt_values /opt/stack/data/venv/lib/python3.12/site-packages/oslo_config/cfg.py:3245}}
May 28 01:35:41.095079 np0000177120 devstack@n-api-meta.service[108842]: DEBUG nova.api.openstack.wsgi_app [None req-d05ddaac-dcea-4dc8-9173-6f45040fa198 None None] block_device_allocate_retries_interval = 3 {{(pid=108842) log_opt_values /opt/stack/data/venv/lib/python3.12/site-packages/oslo_config/cfg.py:3245}}
May 28 01:35:41.095210 np0000177120 devstack@n-api-meta.service[108842]: DEBUG nova.api.openstack.wsgi_app [None req-d05ddaac-dcea-4dc8-9173-6f45040fa198 None None] cell_worker_thread_pool_size = 5 {{(pid=108842) log_opt_values /opt/stack/data/venv/lib/python3.12/site-packages/oslo_config/cfg.py:3245}}
May 28 01:35:41.095347 np0000177120 devstack@n-api-meta.service[108842]: DEBUG nova.api.openstack.wsgi_app [None req-d05ddaac-dcea-4dc8-9173-6f45040fa198 None None] cert = self.pem {{(pid=108842) log_opt_values /opt/stack/data/venv/lib/python3.12/site-packages/oslo_config/cfg.py:3245}}
May 28 01:35:41.095482 np0000177120 devstack@n-api-meta.service[108842]: DEBUG nova.api.openstack.wsgi_app [None req-d05ddaac-dcea-4dc8-9173-6f45040fa198 None None] compute_driver = libvirt.LibvirtDriver {{(pid=108842) log_opt_values /opt/stack/data/venv/lib/python3.12/site-packages/oslo_config/cfg.py:3245}}
May 28 01:35:41.095615 np0000177120 devstack@n-api-meta.service[108842]: DEBUG nova.api.openstack.wsgi_app [None req-d05ddaac-dcea-4dc8-9173-6f45040fa198 None None] compute_monitors = [] {{(pid=108842) log_opt_values /opt/stack/data/venv/lib/python3.12/site-packages/oslo_config/cfg.py:3245}}
May 28 01:35:41.095750 np0000177120 devstack@n-api-meta.service[108842]: DEBUG nova.api.openstack.wsgi_app [None req-d05ddaac-dcea-4dc8-9173-6f45040fa198 None None] config_dir = [] {{(pid=108842) log_opt_values /opt/stack/data/venv/lib/python3.12/site-packages/oslo_config/cfg.py:3245}}
May 28 01:35:41.095908 np0000177120 devstack@n-api-meta.service[108842]: DEBUG nova.api.openstack.wsgi_app [None req-d05ddaac-dcea-4dc8-9173-6f45040fa198 None None] config_drive_format = iso9660 {{(pid=108842) log_opt_values /opt/stack/data/venv/lib/python3.12/site-packages/oslo_config/cfg.py:3245}}
May 28 01:35:41.096012 np0000177120 devstack@n-api-meta.service[108842]: DEBUG nova.api.openstack.wsgi_app [None req-d05ddaac-dcea-4dc8-9173-6f45040fa198 None None] config_file = ['/etc/nova/api-paste.ini', '/etc/nova/nova.conf'] {{(pid=108842) log_opt_values /opt/stack/data/venv/lib/python3.12/site-packages/oslo_config/cfg.py:3245}}
May 28 01:35:41.096168 np0000177120 devstack@n-api-meta.service[108842]: DEBUG nova.api.openstack.wsgi_app [None req-d05ddaac-dcea-4dc8-9173-6f45040fa198 None None] config_source = [] {{(pid=108842) log_opt_values /opt/stack/data/venv/lib/python3.12/site-packages/oslo_config/cfg.py:3245}}
May 28 01:35:41.096281 np0000177120 devstack@n-api-meta.service[108841]: DEBUG dbcounter [-] [108841] Writer thread running {{(pid=108841) stat_writer /opt/stack/data/venv/lib/python3.12/site-packages/dbcounter.py:102}}
May 28 01:35:41.096341 np0000177120 devstack@n-api-meta.service[108842]: DEBUG nova.api.openstack.wsgi_app [None req-d05ddaac-dcea-4dc8-9173-6f45040fa198 None None] console_host = np0000177120 {{(pid=108842) log_opt_values /opt/stack/data/venv/lib/python3.12/site-packages/oslo_config/cfg.py:3245}}
May 28 01:35:41.096433 np0000177120 devstack@n-api-meta.service[108842]: DEBUG nova.api.openstack.wsgi_app [None req-d05ddaac-dcea-4dc8-9173-6f45040fa198 None None] control_exchange = nova {{(pid=108842) log_opt_values /opt/stack/data/venv/lib/python3.12/site-packages/oslo_config/cfg.py:3245}}
May 28 01:35:41.096560 np0000177120 devstack@n-api-meta.service[108842]: DEBUG nova.api.openstack.wsgi_app [None req-d05ddaac-dcea-4dc8-9173-6f45040fa198 None None] cpu_allocation_ratio = None {{(pid=108842) log_opt_values /opt/stack/data/venv/lib/python3.12/site-packages/oslo_config/cfg.py:3245}}
May 28 01:35:41.096688 np0000177120 devstack@n-api-meta.service[108842]: DEBUG nova.api.openstack.wsgi_app [None req-d05ddaac-dcea-4dc8-9173-6f45040fa198 None None] daemon = False {{(pid=108842) log_opt_values /opt/stack/data/venv/lib/python3.12/site-packages/oslo_config/cfg.py:3245}}
May 28 01:35:41.096842 np0000177120 devstack@n-api-meta.service[108842]: DEBUG nova.api.openstack.wsgi_app [None req-d05ddaac-dcea-4dc8-9173-6f45040fa198 None None] debug = True {{(pid=108842) log_opt_values /opt/stack/data/venv/lib/python3.12/site-packages/oslo_config/cfg.py:3245}}
May 28 01:35:41.096973 np0000177120 devstack@n-api-meta.service[108842]: DEBUG nova.api.openstack.wsgi_app [None req-d05ddaac-dcea-4dc8-9173-6f45040fa198 None None] default_access_ip_network_name = None {{(pid=108842) log_opt_values /opt/stack/data/venv/lib/python3.12/site-packages/oslo_config/cfg.py:3245}}
May 28 01:35:41.097107 np0000177120 devstack@n-api-meta.service[108842]: DEBUG nova.api.openstack.wsgi_app [None req-d05ddaac-dcea-4dc8-9173-6f45040fa198 None None] default_availability_zone = nova {{(pid=108842) log_opt_values /opt/stack/data/venv/lib/python3.12/site-packages/oslo_config/cfg.py:3245}}
May 28 01:35:41.097241 np0000177120 devstack@n-api-meta.service[108842]: DEBUG nova.api.openstack.wsgi_app [None req-d05ddaac-dcea-4dc8-9173-6f45040fa198 None None] default_ephemeral_format = ext4 {{(pid=108842) log_opt_values /opt/stack/data/venv/lib/python3.12/site-packages/oslo_config/cfg.py:3245}}
May 28 01:35:41.097381 np0000177120 devstack@n-api-meta.service[108842]: DEBUG nova.api.openstack.wsgi_app [None req-d05ddaac-dcea-4dc8-9173-6f45040fa198 None None] default_green_pool_size = 1000 {{(pid=108842) log_opt_values /opt/stack/data/venv/lib/python3.12/site-packages/oslo_config/cfg.py:3245}}
May 28 01:35:41.097613 np0000177120 devstack@n-api-meta.service[108842]: DEBUG nova.api.openstack.wsgi_app [None req-d05ddaac-dcea-4dc8-9173-6f45040fa198 None None] default_log_levels = ['amqp=WARN', 'boto=WARN', 'sqlalchemy=WARN', 'suds=INFO', 'oslo.messaging=INFO', 'oslo_messaging=INFO', 'iso8601=WARN', 'requests.packages.urllib3.connectionpool=WARN', 'urllib3.connectionpool=WARN', 'websocket=WARN', 'requests.packages.urllib3.util.retry=WARN', 'urllib3.util.retry=WARN', 'keystonemiddleware=WARN', 'routes.middleware=WARN', 'stevedore=WARN', 'taskflow=WARN', 'keystoneauth=WARN', 'oslo.cache=INFO', 'oslo_policy=INFO', 'dogpile.core.dogpile=INFO', 'glanceclient=WARN', 'oslo.privsep.daemon=INFO'] {{(pid=108842) log_opt_values /opt/stack/data/venv/lib/python3.12/site-packages/oslo_config/cfg.py:3245}}
May 28 01:35:41.097751 np0000177120 devstack@n-api-meta.service[108842]: DEBUG nova.api.openstack.wsgi_app [None req-d05ddaac-dcea-4dc8-9173-6f45040fa198 None None] default_schedule_zone = None {{(pid=108842) log_opt_values /opt/stack/data/venv/lib/python3.12/site-packages/oslo_config/cfg.py:3245}}
May 28 01:35:41.097880 np0000177120 devstack@n-api-meta.service[108842]: DEBUG nova.api.openstack.wsgi_app [None req-d05ddaac-dcea-4dc8-9173-6f45040fa198 None None] default_thread_pool_size = 10 {{(pid=108842) log_opt_values /opt/stack/data/venv/lib/python3.12/site-packages/oslo_config/cfg.py:3245}}
May 28 01:35:41.098007 np0000177120 devstack@n-api-meta.service[108842]: DEBUG nova.api.openstack.wsgi_app [None req-d05ddaac-dcea-4dc8-9173-6f45040fa198 None None] disk_allocation_ratio = None {{(pid=108842) log_opt_values /opt/stack/data/venv/lib/python3.12/site-packages/oslo_config/cfg.py:3245}}
May 28 01:35:41.098143 np0000177120 devstack@n-api-meta.service[108842]: DEBUG nova.api.openstack.wsgi_app [None req-d05ddaac-dcea-4dc8-9173-6f45040fa198 None None] enable_new_services = True {{(pid=108842) log_opt_values /opt/stack/data/venv/lib/python3.12/site-packages/oslo_config/cfg.py:3245}}
May 28 01:35:41.098269 np0000177120 devstack@n-api-meta.service[108842]: DEBUG nova.api.openstack.wsgi_app [None req-d05ddaac-dcea-4dc8-9173-6f45040fa198 None None] flat_injected = False {{(pid=108842) log_opt_values /opt/stack/data/venv/lib/python3.12/site-packages/oslo_config/cfg.py:3245}}
May 28 01:35:41.098407 np0000177120 devstack@n-api-meta.service[108842]: DEBUG nova.api.openstack.wsgi_app [None req-d05ddaac-dcea-4dc8-9173-6f45040fa198 None None] force_config_drive = False {{(pid=108842) log_opt_values /opt/stack/data/venv/lib/python3.12/site-packages/oslo_config/cfg.py:3245}}
May 28 01:35:41.098546 np0000177120 devstack@n-api-meta.service[108842]: DEBUG nova.api.openstack.wsgi_app [None req-d05ddaac-dcea-4dc8-9173-6f45040fa198 None None] force_raw_images = True {{(pid=108842) log_opt_values /opt/stack/data/venv/lib/python3.12/site-packages/oslo_config/cfg.py:3245}}
May 28 01:35:41.098704 np0000177120 devstack@n-api-meta.service[108842]: DEBUG nova.api.openstack.wsgi_app [None req-d05ddaac-dcea-4dc8-9173-6f45040fa198 None None] graceful_shutdown_timeout = 5 {{(pid=108842) log_opt_values /opt/stack/data/venv/lib/python3.12/site-packages/oslo_config/cfg.py:3245}}
May 28 01:35:41.098856 np0000177120 devstack@n-api-meta.service[108842]: DEBUG nova.api.openstack.wsgi_app [None req-d05ddaac-dcea-4dc8-9173-6f45040fa198 None None] heal_instance_info_cache_interval = -1 {{(pid=108842) log_opt_values /opt/stack/data/venv/lib/python3.12/site-packages/oslo_config/cfg.py:3245}}
May 28 01:35:41.099038 np0000177120 devstack@n-api-meta.service[108842]: DEBUG nova.api.openstack.wsgi_app [None req-d05ddaac-dcea-4dc8-9173-6f45040fa198 None None] host = np0000177120 {{(pid=108842) log_opt_values /opt/stack/data/venv/lib/python3.12/site-packages/oslo_config/cfg.py:3245}}
May 28 01:35:41.099175 np0000177120 devstack@n-api-meta.service[108842]: DEBUG nova.api.openstack.wsgi_app [None req-d05ddaac-dcea-4dc8-9173-6f45040fa198 None None] initial_cpu_allocation_ratio = 4.0 {{(pid=108842) log_opt_values /opt/stack/data/venv/lib/python3.12/site-packages/oslo_config/cfg.py:3245}}
May 28 01:35:41.099306 np0000177120 devstack@n-api-meta.service[108842]: DEBUG nova.api.openstack.wsgi_app [None req-d05ddaac-dcea-4dc8-9173-6f45040fa198 None None] initial_disk_allocation_ratio = 1.0 {{(pid=108842) log_opt_values /opt/stack/data/venv/lib/python3.12/site-packages/oslo_config/cfg.py:3245}}
May 28 01:35:41.099435 np0000177120 devstack@n-api-meta.service[108842]: DEBUG nova.api.openstack.wsgi_app [None req-d05ddaac-dcea-4dc8-9173-6f45040fa198 None None] initial_ram_allocation_ratio = 1.0 {{(pid=108842) log_opt_values /opt/stack/data/venv/lib/python3.12/site-packages/oslo_config/cfg.py:3245}}
May 28 01:35:41.099611 np0000177120 devstack@n-api-meta.service[108842]: DEBUG nova.api.openstack.wsgi_app [None req-d05ddaac-dcea-4dc8-9173-6f45040fa198 None None] injected_network_template = /opt/stack/nova/nova/virt/interfaces.template {{(pid=108842) log_opt_values /opt/stack/data/venv/lib/python3.12/site-packages/oslo_config/cfg.py:3245}}
May 28 01:35:41.099740 np0000177120 devstack@n-api-meta.service[108842]: DEBUG nova.api.openstack.wsgi_app [None req-d05ddaac-dcea-4dc8-9173-6f45040fa198 None None] instance_build_timeout = 0 {{(pid=108842) log_opt_values /opt/stack/data/venv/lib/python3.12/site-packages/oslo_config/cfg.py:3245}}
May 28 01:35:41.099893 np0000177120 devstack@n-api-meta.service[108842]: DEBUG nova.api.openstack.wsgi_app [None req-d05ddaac-dcea-4dc8-9173-6f45040fa198 None None] instance_delete_interval = 300 {{(pid=108842) log_opt_values /opt/stack/data/venv/lib/python3.12/site-packages/oslo_config/cfg.py:3245}}
May 28 01:35:41.100029 np0000177120 devstack@n-api-meta.service[108842]: DEBUG nova.api.openstack.wsgi_app [None req-d05ddaac-dcea-4dc8-9173-6f45040fa198 None None] instance_format = [instance: %(uuid)s] {{(pid=108842) log_opt_values /opt/stack/data/venv/lib/python3.12/site-packages/oslo_config/cfg.py:3245}}
May 28 01:35:41.100212 np0000177120 devstack@n-api-meta.service[108842]: DEBUG nova.api.openstack.wsgi_app [None req-d05ddaac-dcea-4dc8-9173-6f45040fa198 None None] instance_name_template = instance-%08x {{(pid=108842) log_opt_values /opt/stack/data/venv/lib/python3.12/site-packages/oslo_config/cfg.py:3245}}
May 28 01:35:41.100344 np0000177120 devstack@n-api-meta.service[108842]: DEBUG nova.api.openstack.wsgi_app [None req-d05ddaac-dcea-4dc8-9173-6f45040fa198 None None] instance_usage_audit = False {{(pid=108842) log_opt_values /opt/stack/data/venv/lib/python3.12/site-packages/oslo_config/cfg.py:3245}}
May 28 01:35:41.100480 np0000177120 devstack@n-api-meta.service[108842]: DEBUG nova.api.openstack.wsgi_app [None req-d05ddaac-dcea-4dc8-9173-6f45040fa198 None None] instance_usage_audit_period = month {{(pid=108842) log_opt_values /opt/stack/data/venv/lib/python3.12/site-packages/oslo_config/cfg.py:3245}}
May 28 01:35:41.100611 np0000177120 devstack@n-api-meta.service[108842]: DEBUG nova.api.openstack.wsgi_app [None req-d05ddaac-dcea-4dc8-9173-6f45040fa198 None None] instance_uuid_format = [instance: %(uuid)s] {{(pid=108842) log_opt_values /opt/stack/data/venv/lib/python3.12/site-packages/oslo_config/cfg.py:3245}}
May 28 01:35:41.100742 np0000177120 devstack@n-api-meta.service[108842]: DEBUG nova.api.openstack.wsgi_app [None req-d05ddaac-dcea-4dc8-9173-6f45040fa198 None None] instances_path = /opt/stack/data/nova/instances {{(pid=108842) log_opt_values /opt/stack/data/venv/lib/python3.12/site-packages/oslo_config/cfg.py:3245}}
May 28 01:35:41.100892 np0000177120 devstack@n-api-meta.service[108842]: DEBUG nova.api.openstack.wsgi_app [None req-d05ddaac-dcea-4dc8-9173-6f45040fa198 None None] internal_service_availability_zone = internal {{(pid=108842) log_opt_values /opt/stack/data/venv/lib/python3.12/site-packages/oslo_config/cfg.py:3245}}
May 28 01:35:41.101017 np0000177120 devstack@n-api-meta.service[108842]: DEBUG nova.api.openstack.wsgi_app [None req-d05ddaac-dcea-4dc8-9173-6f45040fa198 None None] key = None {{(pid=108842) log_opt_values /opt/stack/data/venv/lib/python3.12/site-packages/oslo_config/cfg.py:3245}}
May 28 01:35:41.101156 np0000177120 devstack@n-api-meta.service[108842]: DEBUG nova.api.openstack.wsgi_app [None req-d05ddaac-dcea-4dc8-9173-6f45040fa198 None None] live_migration_retry_count = 30 {{(pid=108842) log_opt_values /opt/stack/data/venv/lib/python3.12/site-packages/oslo_config/cfg.py:3245}}
May 28 01:35:41.101313 np0000177120 devstack@n-api-meta.service[108842]: DEBUG nova.api.openstack.wsgi_app [None req-d05ddaac-dcea-4dc8-9173-6f45040fa198 None None] log_color = False {{(pid=108842) log_opt_values /opt/stack/data/venv/lib/python3.12/site-packages/oslo_config/cfg.py:3245}}
May 28 01:35:41.101456 np0000177120 devstack@n-api-meta.service[108842]: DEBUG nova.api.openstack.wsgi_app [None req-d05ddaac-dcea-4dc8-9173-6f45040fa198 None None] log_config_append = None {{(pid=108842) log_opt_values /opt/stack/data/venv/lib/python3.12/site-packages/oslo_config/cfg.py:3245}}
May 28 01:35:41.101601 np0000177120 devstack@n-api-meta.service[108842]: DEBUG nova.api.openstack.wsgi_app [None req-d05ddaac-dcea-4dc8-9173-6f45040fa198 None None] log_date_format = %Y-%m-%d %H:%M:%S {{(pid=108842) log_opt_values /opt/stack/data/venv/lib/python3.12/site-packages/oslo_config/cfg.py:3245}}
May 28 01:35:41.101744 np0000177120 devstack@n-api-meta.service[108842]: DEBUG nova.api.openstack.wsgi_app [None req-d05ddaac-dcea-4dc8-9173-6f45040fa198 None None] log_dir = None {{(pid=108842) log_opt_values /opt/stack/data/venv/lib/python3.12/site-packages/oslo_config/cfg.py:3245}}
May 28 01:35:41.101902 np0000177120 devstack@n-api-meta.service[108842]: DEBUG nova.api.openstack.wsgi_app [None req-d05ddaac-dcea-4dc8-9173-6f45040fa198 None None] log_file = None {{(pid=108842) log_opt_values /opt/stack/data/venv/lib/python3.12/site-packages/oslo_config/cfg.py:3245}}
May 28 01:35:41.102017 np0000177120 devstack@n-api-meta.service[108842]: DEBUG nova.api.openstack.wsgi_app [None req-d05ddaac-dcea-4dc8-9173-6f45040fa198 None None] log_options = True {{(pid=108842) log_opt_values /opt/stack/data/venv/lib/python3.12/site-packages/oslo_config/cfg.py:3245}}
May 28 01:35:41.102076 np0000177120 devstack@n-api-meta.service[108841]: INFO dbcounter [None req-98d71707-5e22-4583-8616-429499091b57 None None] Registered counter for database nova_cell0
May 28 01:35:41.102136 np0000177120 devstack@n-api-meta.service[108842]: DEBUG nova.api.openstack.wsgi_app [None req-d05ddaac-dcea-4dc8-9173-6f45040fa198 None None] log_rotate_interval = 1 {{(pid=108842) log_opt_values /opt/stack/data/venv/lib/python3.12/site-packages/oslo_config/cfg.py:3245}}
May 28 01:35:41.102291 np0000177120 devstack@n-api-meta.service[108842]: DEBUG nova.api.openstack.wsgi_app [None req-d05ddaac-dcea-4dc8-9173-6f45040fa198 None None] log_rotate_interval_type = days {{(pid=108842) log_opt_values /opt/stack/data/venv/lib/python3.12/site-packages/oslo_config/cfg.py:3245}}
May 28 01:35:41.102438 np0000177120 devstack@n-api-meta.service[108842]: DEBUG nova.api.openstack.wsgi_app [None req-d05ddaac-dcea-4dc8-9173-6f45040fa198 None None] log_rotation_type = none {{(pid=108842) log_opt_values /opt/stack/data/venv/lib/python3.12/site-packages/oslo_config/cfg.py:3245}}
May 28 01:35:41.102544 np0000177120 devstack@n-api-meta.service[108842]: DEBUG nova.api.openstack.wsgi_app [None req-d05ddaac-dcea-4dc8-9173-6f45040fa198 None None] logging_context_format_string = %(color)s%(levelname)s %(name)s [%(global_request_id)s %(request_id)s %(project_name)s %(user_name)s%(color)s] %(instance)s%(color)s%(message)s {{(pid=108842) log_opt_values /opt/stack/data/venv/lib/python3.12/site-packages/oslo_config/cfg.py:3245}}
May 28 01:35:41.102644 np0000177120 devstack@n-api-meta.service[108842]: DEBUG nova.api.openstack.wsgi_app [None req-d05ddaac-dcea-4dc8-9173-6f45040fa198 None None] logging_debug_format_suffix = {{(pid=%(process)d) %(funcName)s %(pathname)s:%(lineno)d}} {{(pid=108842) log_opt_values /opt/stack/data/venv/lib/python3.12/site-packages/oslo_config/cfg.py:3245}}
May 28 01:35:41.102779 np0000177120 devstack@n-api-meta.service[108842]: DEBUG nova.api.openstack.wsgi_app [None req-d05ddaac-dcea-4dc8-9173-6f45040fa198 None None] logging_default_format_string = %(color)s%(levelname)s %(name)s [-%(color)s] %(instance)s%(color)s%(message)s {{(pid=108842) log_opt_values /opt/stack/data/venv/lib/python3.12/site-packages/oslo_config/cfg.py:3245}}
May 28 01:35:41.102934 np0000177120 devstack@n-api-meta.service[108842]: DEBUG nova.api.openstack.wsgi_app [None req-d05ddaac-dcea-4dc8-9173-6f45040fa198 None None] logging_exception_prefix = ERROR %(name)s %(instance)s {{(pid=108842) log_opt_values /opt/stack/data/venv/lib/python3.12/site-packages/oslo_config/cfg.py:3245}}
May 28 01:35:41.103019 np0000177120 devstack@n-api-meta.service[108842]: DEBUG nova.api.openstack.wsgi_app [None req-d05ddaac-dcea-4dc8-9173-6f45040fa198 None None] logging_user_identity_format = %(user)s %(project)s %(domain)s %(system_scope)s %(user_domain)s %(project_domain)s {{(pid=108842) log_opt_values /opt/stack/data/venv/lib/python3.12/site-packages/oslo_config/cfg.py:3245}}
