Jun 09 09:37:35.111129 np0000179134 devstack@neutron-api.service[103766]: INFO neutron.api.extensions [None req-8071b819-bc8f-48f2-aa24-0d6d00cf0304 None None] Extension floating-ip-port-forwarding-description not supported by any of loaded plugins
Jun 09 09:37:35.111250 np0000179134 devstack@neutron-api.service[103766]: DEBUG neutron.api.extensions [None req-8071b819-bc8f-48f2-aa24-0d6d00cf0304 None None] Loading extension file: fip_pf_detail.py {{(pid=103766) _load_all_extensions_from_path /opt/stack/neutron/neutron/api/extensions.py:449}}
Jun 09 09:37:35.111558 np0000179134 devstack@neutron-api.service[103766]: DEBUG neutron.api.extensions [None req-8071b819-bc8f-48f2-aa24-0d6d00cf0304 None None] Ext name="Floating IP port forwarding detail" alias="floating-ip-port-forwarding-detail" description="Allow list floating ip return more port forwarding data, include'id' and 'internal_port_id'" updated="2022-05-06T10:00:00-00:00" {{(pid=103766) _check_extension /opt/stack/neutron/neutron/api/extensions.py:415}}
Jun 09 09:37:35.111779 np0000179134 devstack@neutron-api.service[103766]: INFO neutron.api.extensions [None req-8071b819-bc8f-48f2-aa24-0d6d00cf0304 None None] Loaded extension: floating-ip-port-forwarding-detail
Jun 09 09:37:35.111892 np0000179134 devstack@neutron-api.service[103766]: DEBUG neutron.api.extensions [None req-8071b819-bc8f-48f2-aa24-0d6d00cf0304 None None] Loading extension file: fip_pf_port_range.py {{(pid=103766) _load_all_extensions_from_path /opt/stack/neutron/neutron/api/extensions.py:449}}
Jun 09 09:37:35.112195 np0000179134 devstack@neutron-api.service[103766]: DEBUG neutron.api.extensions [None req-8071b819-bc8f-48f2-aa24-0d6d00cf0304 None None] Ext name="Floating IP Port Forwarding support port ranges" alias="floating-ip-port-forwarding-port-ranges" description="Add support to port ranges" updated="2020-07-01T10:00:00-00:00" {{(pid=103766) _check_extension /opt/stack/neutron/neutron/api/extensions.py:415}}
Jun 09 09:37:35.112438 np0000179134 devstack@neutron-api.service[103766]: INFO neutron.api.extensions [None req-8071b819-bc8f-48f2-aa24-0d6d00cf0304 None None] Extension floating-ip-port-forwarding-port-ranges not supported by any of loaded plugins
Jun 09 09:37:35.112554 np0000179134 devstack@neutron-api.service[103766]: DEBUG neutron.api.extensions [None req-8071b819-bc8f-48f2-aa24-0d6d00cf0304 None None] Loading extension file: fip_port_details.py {{(pid=103766) _load_all_extensions_from_path /opt/stack/neutron/neutron/api/extensions.py:449}}
Jun 09 09:37:35.112844 np0000179134 devstack@neutron-api.service[103766]: DEBUG neutron.api.extensions [None req-8071b819-bc8f-48f2-aa24-0d6d00cf0304 None None] Ext name="Floating IP Port Details Extension" alias="fip-port-details" description="Add port_details attribute to Floating IP resource" updated="2018-04-09T10:00:00-00:00" {{(pid=103766) _check_extension /opt/stack/neutron/neutron/api/extensions.py:415}}
Jun 09 09:37:35.113068 np0000179134 devstack@neutron-api.service[103766]: INFO neutron.api.extensions [None req-8071b819-bc8f-48f2-aa24-0d6d00cf0304 None None] Loaded extension: fip-port-details
Jun 09 09:37:35.113176 np0000179134 devstack@neutron-api.service[103766]: DEBUG neutron.api.extensions [None req-8071b819-bc8f-48f2-aa24-0d6d00cf0304 None None] Loading extension file: flavors.py {{(pid=103766) _load_all_extensions_from_path /opt/stack/neutron/neutron/api/extensions.py:449}}
Jun 09 09:37:35.113540 np0000179134 devstack@neutron-api.service[103766]: DEBUG neutron.api.extensions [None req-8071b819-bc8f-48f2-aa24-0d6d00cf0304 None None] Ext name="Neutron Service Flavors" alias="flavors" description="Flavor specification for Neutron advanced services." updated="2015-09-17T10:00:00-00:00" {{(pid=103766) _check_extension /opt/stack/neutron/neutron/api/extensions.py:415}}
Jun 09 09:37:35.113809 np0000179134 devstack@neutron-api.service[103766]: INFO neutron.api.extensions [None req-8071b819-bc8f-48f2-aa24-0d6d00cf0304 None None] Loaded extension: flavors
Jun 09 09:37:35.113910 np0000179134 devstack@neutron-api.service[103766]: DEBUG neutron.api.extensions [None req-8071b819-bc8f-48f2-aa24-0d6d00cf0304 None None] Loading extension file: floating_ip_port_forwarding.py {{(pid=103766) _load_all_extensions_from_path /opt/stack/neutron/neutron/api/extensions.py:449}}
Jun 09 09:37:35.114349 np0000179134 devstack@neutron-api.service[103766]: DEBUG neutron.api.extensions [None req-8071b819-bc8f-48f2-aa24-0d6d00cf0304 None None] Ext name="Floating IP Port Forwarding" alias="floating-ip-port-forwarding" description="Allow port forwarding from floating IP port to an internal port" updated="2018-01-19T10:00:00-00:00" {{(pid=103766) _check_extension /opt/stack/neutron/neutron/api/extensions.py:415}}
Jun 09 09:37:35.114586 np0000179134 devstack@neutron-api.service[103766]: INFO neutron.api.extensions [None req-8071b819-bc8f-48f2-aa24-0d6d00cf0304 None None] Extension floating-ip-port-forwarding not supported by any of loaded plugins
Jun 09 09:37:35.114690 np0000179134 devstack@neutron-api.service[103766]: DEBUG neutron.api.extensions [None req-8071b819-bc8f-48f2-aa24-0d6d00cf0304 None None] Loading extension file: floatingip_pools.py {{(pid=103766) _load_all_extensions_from_path /opt/stack/neutron/neutron/api/extensions.py:449}}
Jun 09 09:37:35.115048 np0000179134 devstack@neutron-api.service[103766]: DEBUG neutron.api.extensions [None req-8071b819-bc8f-48f2-aa24-0d6d00cf0304 None None] Ext name="Floating IP Pools Extension" alias="floatingip-pools" description="Provides a floating IP pools API." updated="2018-03-21T10:00:00-00:00" {{(pid=103766) _check_extension /opt/stack/neutron/neutron/api/extensions.py:415}}
Jun 09 09:37:35.115275 np0000179134 devstack@neutron-api.service[103766]: INFO neutron.api.extensions [None req-8071b819-bc8f-48f2-aa24-0d6d00cf0304 None None] Loaded extension: floatingip-pools
Jun 09 09:37:35.115398 np0000179134 devstack@neutron-api.service[103766]: DEBUG neutron.api.extensions [None req-8071b819-bc8f-48f2-aa24-0d6d00cf0304 None None] Loading extension file: ip_allocation.py {{(pid=103766) _load_all_extensions_from_path /opt/stack/neutron/neutron/api/extensions.py:449}}
Jun 09 09:37:35.115714 np0000179134 devstack@neutron-api.service[103766]: DEBUG neutron.api.extensions [None req-8071b819-bc8f-48f2-aa24-0d6d00cf0304 None None] Ext name="IP Allocation" alias="ip_allocation" description="IP allocation extension." updated="2016-06-10T23:00:00-00:00" {{(pid=103766) _check_extension /opt/stack/neutron/neutron/api/extensions.py:415}}
Jun 09 09:37:35.116069 np0000179134 devstack@neutron-api.service[103766]: INFO neutron.api.extensions [None req-8071b819-bc8f-48f2-aa24-0d6d00cf0304 None None] Extension ip_allocation not supported by any of loaded plugins
Jun 09 09:37:35.116190 np0000179134 devstack@neutron-api.service[103766]: DEBUG neutron.api.extensions [None req-8071b819-bc8f-48f2-aa24-0d6d00cf0304 None None] Loading extension file: ip_substring_port_filtering.py {{(pid=103766) _load_all_extensions_from_path /opt/stack/neutron/neutron/api/extensions.py:449}}
Jun 09 09:37:35.116519 np0000179134 devstack@neutron-api.service[103766]: DEBUG neutron.api.extensions [None req-8071b819-bc8f-48f2-aa24-0d6d00cf0304 None None] Ext name="IP address substring filtering" alias="ip-substring-filtering" description="Provides IP address substring filtering when listing ports" updated="2017-11-28T09:00:00-00:00" {{(pid=103766) _check_extension /opt/stack/neutron/neutron/api/extensions.py:415}}
Jun 09 09:37:35.116740 np0000179134 devstack@neutron-api.service[103766]: INFO neutron.api.extensions [None req-8071b819-bc8f-48f2-aa24-0d6d00cf0304 None None] Extension ip-substring-filtering not supported by any of loaded plugins
Jun 09 09:37:35.116851 np0000179134 devstack@neutron-api.service[103766]: DEBUG neutron.api.extensions [None req-8071b819-bc8f-48f2-aa24-0d6d00cf0304 None None] Loading extension file: l2_adjacency.py {{(pid=103766) _load_all_extensions_from_path /opt/stack/neutron/neutron/api/extensions.py:449}}
Jun 09 09:37:35.117144 np0000179134 devstack@neutron-api.service[103766]: DEBUG neutron.api.extensions [None req-8071b819-bc8f-48f2-aa24-0d6d00cf0304 None None] Ext name="L2 Adjacency" alias="l2_adjacency" description="Display L2 Adjacency for Neutron Networks." updated="2016-04-12T16:00:00-00:00" {{(pid=103766) _check_extension /opt/stack/neutron/neutron/api/extensions.py:415}}
Jun 09 09:37:35.117394 np0000179134 devstack@neutron-api.service[103766]: INFO neutron.api.extensions [None req-8071b819-bc8f-48f2-aa24-0d6d00cf0304 None None] Extension l2_adjacency not supported by any of loaded plugins
Jun 09 09:37:35.117511 np0000179134 devstack@neutron-api.service[103766]: DEBUG neutron.api.extensions [None req-8071b819-bc8f-48f2-aa24-0d6d00cf0304 None None] Loading extension file: l3.py {{(pid=103766) _load_all_extensions_from_path /opt/stack/neutron/neutron/api/extensions.py:449}}
Jun 09 09:37:35.118113 np0000179134 devstack@neutron-api.service[103766]: DEBUG neutron.api.extensions [None req-8071b819-bc8f-48f2-aa24-0d6d00cf0304 None None] Ext name="Neutron L3 Router" alias="router" description="Router abstraction for basic L3 forwarding between L2 Neutron networks and access to external networks via a NAT gateway." updated="2012-07-20T10:00:00-00:00" {{(pid=103766) _check_extension /opt/stack/neutron/neutron/api/extensions.py:415}}
Jun 09 09:37:35.118346 np0000179134 devstack@neutron-api.service[103766]: INFO neutron.api.extensions [None req-8071b819-bc8f-48f2-aa24-0d6d00cf0304 None None] Loaded extension: router
Jun 09 09:37:35.118475 np0000179134 devstack@neutron-api.service[103766]: DEBUG neutron.api.extensions [None req-8071b819-bc8f-48f2-aa24-0d6d00cf0304 None None] Loading extension file: l3_agent_scheduler_ha_chassis_priority.py {{(pid=103766) _load_all_extensions_from_path /opt/stack/neutron/neutron/api/extensions.py:449}}
Jun 09 09:37:35.118773 np0000179134 devstack@neutron-api.service[103766]: DEBUG neutron.api.extensions [None req-8071b819-bc8f-48f2-aa24-0d6d00cf0304 None None] Ext name="L3 Agent Scheduler HA Chassis Priority" alias="l3-agent-scheduler-ha-chassis-priority" description="Exposes the HA_Chassis priority in the L3 Agent Scheduler API responses and allows setting priority when scheduling a router to a chassis." updated="2026-03-31T00:00:00-00:00" {{(pid=103766) _check_extension /opt/stack/neutron/neutron/api/extensions.py:415}}
Jun 09 09:37:35.119004 np0000179134 devstack@neutron-api.service[103766]: INFO neutron.api.extensions [None req-8071b819-bc8f-48f2-aa24-0d6d00cf0304 None None] Loaded extension: l3-agent-scheduler-ha-chassis-priority
Jun 09 09:37:35.119125 np0000179134 devstack@neutron-api.service[103766]: DEBUG neutron.api.extensions [None req-8071b819-bc8f-48f2-aa24-0d6d00cf0304 None None] Loading extension file: l3_conntrack_helper.py {{(pid=103766) _load_all_extensions_from_path /opt/stack/neutron/neutron/api/extensions.py:449}}
Jun 09 09:37:35.119932 np0000179134 devstack@neutron-api.service[103766]: DEBUG neutron.api.extensions [None req-8071b819-bc8f-48f2-aa24-0d6d00cf0304 None None] Ext name="L3 Conntrack helper" alias="l3-conntrack-helper" description="Allow adding CT target rules for conntrack helper" updated="2019-04-04T10:00:00-00:00" {{(pid=103766) _check_extension /opt/stack/neutron/neutron/api/extensions.py:415}}
Jun 09 09:37:35.120162 np0000179134 devstack@neutron-api.service[103766]: INFO neutron.api.extensions [None req-8071b819-bc8f-48f2-aa24-0d6d00cf0304 None None] Extension l3-conntrack-helper not supported by any of loaded plugins
Jun 09 09:37:35.120224 np0000179134 devstack@neutron-api.service[103768]: DEBUG neutron_lib.callbacks.manager [None req-36de1ac9-a59f-4c3d-bd55-d4feac9c7918 None None] Subscribe: > router before_delete 55550000, False {{(pid=103768) subscribe /opt/stack/data/venv/lib/python3.12/site-packages/neutron_lib/callbacks/manager.py:52}}
Jun 09 09:37:35.120264 np0000179134 devstack@neutron-api.service[103766]: DEBUG neutron.api.extensions [None req-8071b819-bc8f-48f2-aa24-0d6d00cf0304 None None] Loading extension file: l3_enable_default_route_bfd.py {{(pid=103766) _load_all_extensions_from_path /opt/stack/neutron/neutron/api/extensions.py:449}}
Jun 09 09:37:35.120577 np0000179134 devstack@neutron-api.service[103768]: DEBUG neutron_lib.callbacks.manager [None req-36de1ac9-a59f-4c3d-bd55-d4feac9c7918 None None] Subscribe: port before_update 55550000, False {{(pid=103768) subscribe /opt/stack/data/venv/lib/python3.12/site-packages/neutron_lib/callbacks/manager.py:52}}
Jun 09 09:37:35.120720 np0000179134 devstack@neutron-api.service[103766]: DEBUG neutron.api.extensions [None req-8071b819-bc8f-48f2-aa24-0d6d00cf0304 None None] Ext name="Enable Default Route BFD" alias="enable-default-route-bfd" description="Enables configurable BFD behavior for default routes" updated="2023-02-27T00:00:00-00:00" {{(pid=103766) _check_extension /opt/stack/neutron/neutron/api/extensions.py:415}}
Jun 09 09:37:35.120756 np0000179134 devstack@neutron-api.service[103768]: DEBUG neutron_lib.callbacks.manager [None req-36de1ac9-a59f-4c3d-bd55-d4feac9c7918 None None] Subscribe: port after_update 55550000, False {{(pid=103768) subscribe /opt/stack/data/venv/lib/python3.12/site-packages/neutron_lib/callbacks/manager.py:52}}
Jun 09 09:37:35.120941 np0000179134 devstack@neutron-api.service[103766]: INFO neutron.api.extensions [None req-8071b819-bc8f-48f2-aa24-0d6d00cf0304 None None] Loaded extension: enable-default-route-bfd
Jun 09 09:37:35.121100 np0000179134 devstack@neutron-api.service[103768]: DEBUG neutron_lib.callbacks.manager [None req-36de1ac9-a59f-4c3d-bd55-d4feac9c7918 None None] Subscribe: > port precommit_delete 55550000, False {{(pid=103768) subscribe /opt/stack/data/venv/lib/python3.12/site-packages/neutron_lib/callbacks/manager.py:52}}
Jun 09 09:37:35.121174 np0000179134 devstack@neutron-api.service[103766]: DEBUG neutron.api.extensions [None req-8071b819-bc8f-48f2-aa24-0d6d00cf0304 None None] Loading extension file: l3_enable_default_route_ecmp.py {{(pid=103766) _load_all_extensions_from_path /opt/stack/neutron/neutron/api/extensions.py:449}}
Jun 09 09:37:35.121246 np0000179134 devstack@neutron-api.service[103768]: DEBUG neutron_lib.callbacks.manager [None req-36de1ac9-a59f-4c3d-bd55-d4feac9c7918 None None] Subscribe: port before_update 55550000, False {{(pid=103768) subscribe /opt/stack/data/venv/lib/python3.12/site-packages/neutron_lib/callbacks/manager.py:52}}
Jun 09 09:37:35.121246 np0000179134 devstack@neutron-api.service[103768]: DEBUG neutron_lib.callbacks.manager [None req-36de1ac9-a59f-4c3d-bd55-d4feac9c7918 None None] Subscribe: port before_delete 55550000, False {{(pid=103768) subscribe /opt/stack/data/venv/lib/python3.12/site-packages/neutron_lib/callbacks/manager.py:52}}
Jun 09 09:37:35.121392 np0000179134 devstack@neutron-api.service[103766]: DEBUG neutron.api.extensions [None req-8071b819-bc8f-48f2-aa24-0d6d00cf0304 None None] Ext name="Enable Default Route ECMP" alias="enable-default-route-ecmp" description="Enables configurable ECMP behavior for default routes" updated="2023-02-27T00:00:00-00:00" {{(pid=103766) _check_extension /opt/stack/neutron/neutron/api/extensions.py:415}}
Jun 09 09:37:35.121445 np0000179134 devstack@neutron-api.service[103768]: DEBUG neutron_lib.callbacks.manager [None req-36de1ac9-a59f-4c3d-bd55-d4feac9c7918 None None] Subscribe: > router precommit_create 55550000, False {{(pid=103768) subscribe /opt/stack/data/venv/lib/python3.12/site-packages/neutron_lib/callbacks/manager.py:52}}
Jun 09 09:37:35.121482 np0000179134 devstack@neutron-api.service[103768]: DEBUG neutron_lib.callbacks.manager [None req-36de1ac9-a59f-4c3d-bd55-d4feac9c7918 None None] Subscribe: > router precommit_create 55550000, False {{(pid=103768) subscribe /opt/stack/data/venv/lib/python3.12/site-packages/neutron_lib/callbacks/manager.py:52}}
Jun 09 09:37:35.121524 np0000179134 devstack@neutron-api.service[103766]: INFO neutron.api.extensions [None req-8071b819-bc8f-48f2-aa24-0d6d00cf0304 None None] Loaded extension: enable-default-route-ecmp
Jun 09 09:37:35.121680 np0000179134 devstack@neutron-api.service[103768]: DEBUG neutron_lib.callbacks.manager [None req-36de1ac9-a59f-4c3d-bd55-d4feac9c7918 None None] Subscribe: > router precommit_update 55550000, False {{(pid=103768) subscribe /opt/stack/data/venv/lib/python3.12/site-packages/neutron_lib/callbacks/manager.py:52}}
Jun 09 09:37:35.121766 np0000179134 devstack@neutron-api.service[103766]: DEBUG neutron.api.extensions [None req-8071b819-bc8f-48f2-aa24-0d6d00cf0304 None None] Loading extension file: l3_ext_gw_mode.py {{(pid=103766) _load_all_extensions_from_path /opt/stack/neutron/neutron/api/extensions.py:449}}
Jun 09 09:37:35.121852 np0000179134 devstack@neutron-api.service[103768]: DEBUG neutron_lib.callbacks.manager [None req-36de1ac9-a59f-4c3d-bd55-d4feac9c7918 None None] Subscribe: subnet after_update 55550000, False {{(pid=103768) subscribe /opt/stack/data/venv/lib/python3.12/site-packages/neutron_lib/callbacks/manager.py:52}}
Jun 09 09:37:35.121982 np0000179134 devstack@neutron-api.service[103766]: DEBUG neutron.api.extensions [None req-8071b819-bc8f-48f2-aa24-0d6d00cf0304 None None] Ext name="Neutron L3 Configurable external gateway mode" alias="ext-gw-mode" description="Extension of the router abstraction for specifying whether SNAT should occur on the external gateway" updated="2013-03-28T10:00:00-00:00" {{(pid=103766) _check_extension /opt/stack/neutron/neutron/api/extensions.py:415}}
Jun 09 09:37:35.122135 np0000179134 devstack@neutron-api.service[103768]: DEBUG neutron.quota.resource_registry [None req-36de1ac9-a59f-4c3d-bd55-d4feac9c7918 None None] Tracking information for resource: router configured {{(pid=103768) set_tracked_resource /opt/stack/neutron/neutron/quota/resource_registry.py:203}}
Jun 09 09:37:35.122233 np0000179134 devstack@neutron-api.service[103768]: DEBUG neutron.quota.resource_registry [None req-36de1ac9-a59f-4c3d-bd55-d4feac9c7918 None None] Tracking information for resource: floatingip configured {{(pid=103768) set_tracked_resource /opt/stack/neutron/neutron/quota/resource_registry.py:203}}
Jun 09 09:37:35.122350 np0000179134 devstack@neutron-api.service[103768]: INFO neutron.services.ovn_l3.plugin [None req-36de1ac9-a59f-4c3d-bd55-d4feac9c7918 None None] Starting OVNL3RouterPlugin
Jun 09 09:37:35.122466 np0000179134 devstack@neutron-api.service[103766]: INFO neutron.api.extensions [None req-8071b819-bc8f-48f2-aa24-0d6d00cf0304 None None] Loaded extension: ext-gw-mode
Jun 09 09:37:35.122577 np0000179134 devstack@neutron-api.service[103768]: DEBUG neutron_lib.callbacks.manager [None req-36de1ac9-a59f-4c3d-bd55-d4feac9c7918 None None] Subscribe: > port_forwarding_plugin after_init 55550000, False {{(pid=103768) subscribe /opt/stack/data/venv/lib/python3.12/site-packages/neutron_lib/callbacks/manager.py:52}}
Jun 09 09:37:35.122623 np0000179134 devstack@neutron-api.service[103766]: DEBUG neutron.api.extensions [None req-8071b819-bc8f-48f2-aa24-0d6d00cf0304 None None] Loading extension file: l3_ext_ha_mode.py {{(pid=103766) _load_all_extensions_from_path /opt/stack/neutron/neutron/api/extensions.py:449}}
Jun 09 09:37:35.122793 np0000179134 devstack@neutron-api.service[103768]: DEBUG neutron_lib.callbacks.manager [None req-36de1ac9-a59f-4c3d-bd55-d4feac9c7918 None None] Subscribe: > router before_create 55550100, False {{(pid=103768) subscribe /opt/stack/data/venv/lib/python3.12/site-packages/neutron_lib/callbacks/manager.py:52}}
Jun 09 09:37:35.122861 np0000179134 devstack@neutron-api.service[103766]: DEBUG neutron.api.extensions [None req-8071b819-bc8f-48f2-aa24-0d6d00cf0304 None None] Ext name="HA Router extension" alias="l3-ha" description="Adds HA capability to routers." updated="2014-04-26T00:00:00-00:00" {{(pid=103766) _check_extension /opt/stack/neutron/neutron/api/extensions.py:415}}
Jun 09 09:37:35.122900 np0000179134 devstack@neutron-api.service[103768]: DEBUG neutron_lib.callbacks.manager [None req-36de1ac9-a59f-4c3d-bd55-d4feac9c7918 None None] Subscribe: > router precommit_delete 55550100, False {{(pid=103768) subscribe /opt/stack/data/venv/lib/python3.12/site-packages/neutron_lib/callbacks/manager.py:52}}
Jun 09 09:37:35.123014 np0000179134 devstack@neutron-api.service[103768]: DEBUG neutron_lib.callbacks.manager [None req-36de1ac9-a59f-4c3d-bd55-d4feac9c7918 None None] Subscribe: > router precommit_create 55550100, False {{(pid=103768) subscribe /opt/stack/data/venv/lib/python3.12/site-packages/neutron_lib/callbacks/manager.py:52}}
Jun 09 09:37:35.123095 np0000179134 devstack@neutron-api.service[103768]: DEBUG neutron_lib.callbacks.manager [None req-36de1ac9-a59f-4c3d-bd55-d4feac9c7918 None None] Subscribe: > router precommit_update 55550100, False {{(pid=103768) subscribe /opt/stack/data/venv/lib/python3.12/site-packages/neutron_lib/callbacks/manager.py:52}}
Jun 09 09:37:35.123292 np0000179134 devstack@neutron-api.service[103766]: INFO neutron.api.extensions [None req-8071b819-bc8f-48f2-aa24-0d6d00cf0304 None None] Loaded extension: l3-ha
Jun 09 09:37:35.123430 np0000179134 devstack@neutron-api.service[103766]: DEBUG neutron.api.extensions [None req-8071b819-bc8f-48f2-aa24-0d6d00cf0304 None None] Loading extension file: l3_ext_ndp_proxy.py {{(pid=103766) _load_all_extensions_from_path /opt/stack/neutron/neutron/api/extensions.py:449}}
Jun 09 09:37:35.123739 np0000179134 devstack@neutron-api.service[103766]: DEBUG neutron.api.extensions [None req-8071b819-bc8f-48f2-aa24-0d6d00cf0304 None None] Ext name="Router support to enable NDP proxy" alias="l3-ext-ndp-proxy" description="Router extension to enable ndp proxy" updated="2020-08-25T00:00:00-00:00" {{(pid=103766) _check_extension /opt/stack/neutron/neutron/api/extensions.py:415}}
Jun 09 09:37:35.123953 np0000179134 devstack@neutron-api.service[103766]: INFO neutron.api.extensions [None req-8071b819-bc8f-48f2-aa24-0d6d00cf0304 None None] Extension l3-ext-ndp-proxy not supported by any of loaded plugins
Jun 09 09:37:35.124075 np0000179134 devstack@neutron-api.service[103766]: DEBUG neutron.api.extensions [None req-8071b819-bc8f-48f2-aa24-0d6d00cf0304 None None] Loading extension file: l3_extra_gws.py {{(pid=103766) _load_all_extensions_from_path /opt/stack/neutron/neutron/api/extensions.py:449}}
Jun 09 09:37:35.124394 np0000179134 devstack@neutron-api.service[103766]: DEBUG neutron.api.extensions [None req-8071b819-bc8f-48f2-aa24-0d6d00cf0304 None None] Ext name="Neutron L3 External Gateway Multihoming" alias="external-gateway-multihoming" description="Allow multiple external gateway ports per router" updated="2023-01-18T00:00:00-00:00" {{(pid=103766) _check_extension /opt/stack/neutron/neutron/api/extensions.py:415}}
Jun 09 09:37:35.124621 np0000179134 devstack@neutron-api.service[103766]: INFO neutron.api.extensions [None req-8071b819-bc8f-48f2-aa24-0d6d00cf0304 None None] Loaded extension: external-gateway-multihoming
Jun 09 09:37:35.124742 np0000179134 devstack@neutron-api.service[103766]: DEBUG neutron.api.extensions [None req-8071b819-bc8f-48f2-aa24-0d6d00cf0304 None None] Loading extension file: l3_flavors.py {{(pid=103766) _load_all_extensions_from_path /opt/stack/neutron/neutron/api/extensions.py:449}}
Jun 09 09:37:35.125060 np0000179134 devstack@neutron-api.service[103766]: DEBUG neutron.api.extensions [None req-8071b819-bc8f-48f2-aa24-0d6d00cf0304 None None] Ext name="Router Flavor Extension" alias="l3-flavors" description="Flavor support for routers." updated="2016-05-17T00:00:00-00:00" {{(pid=103766) _check_extension /opt/stack/neutron/neutron/api/extensions.py:415}}
Jun 09 09:37:35.125261 np0000179134 devstack@neutron-api.service[103766]: INFO neutron.api.extensions [None req-8071b819-bc8f-48f2-aa24-0d6d00cf0304 None None] Loaded extension: l3-flavors
Jun 09 09:37:35.125467 np0000179134 devstack@neutron-api.service[103766]: DEBUG neutron.api.extensions [None req-8071b819-bc8f-48f2-aa24-0d6d00cf0304 None None] Loading extension file: l3_ndp_proxy.py {{(pid=103766) _load_all_extensions_from_path /opt/stack/neutron/neutron/api/extensions.py:449}}
Jun 09 09:37:35.125952 np0000179134 devstack@neutron-api.service[103766]: DEBUG neutron.api.extensions [None req-8071b819-bc8f-48f2-aa24-0d6d00cf0304 None None] Ext name="name" alias="l3-ndp-proxy" description="description" updated="2021-06-29T10:00:00-00:00" {{(pid=103766) _check_extension /opt/stack/neutron/neutron/api/extensions.py:415}}
Jun 09 09:37:35.126244 np0000179134 devstack@neutron-api.service[103766]: INFO neutron.api.extensions [None req-8071b819-bc8f-48f2-aa24-0d6d00cf0304 None None] Extension l3-ndp-proxy not supported by any of loaded plugins
Jun 09 09:37:35.126536 np0000179134 devstack@neutron-api.service[103766]: DEBUG neutron.api.extensions [None req-8071b819-bc8f-48f2-aa24-0d6d00cf0304 None None] Loading extension file: l3_port_ip_change_not_allowed.py {{(pid=103766) _load_all_extensions_from_path /opt/stack/neutron/neutron/api/extensions.py:449}}
Jun 09 09:37:35.126767 np0000179134 devstack@neutron-api.service[103768]: DEBUG neutron.services.provider_configuration [None req-36de1ac9-a59f-4c3d-bd55-d4feac9c7918 None None] Service providers = [] {{(pid=103768) parse_service_provider_opt /opt/stack/neutron/neutron/services/provider_configuration.py:170}}
Jun 09 09:37:35.126767 np0000179134 devstack@neutron-api.service[103768]: DEBUG neutron.db.servicetype_db [None req-36de1ac9-a59f-4c3d-bd55-d4feac9c7918 None None] Adding provider configuration for service L3_ROUTER_NAT {{(pid=103768) add_provider_configuration /opt/stack/neutron/neutron/db/servicetype_db.py:45}}
Jun 09 09:37:35.126982 np0000179134 devstack@neutron-api.service[103766]: DEBUG neutron.api.extensions [None req-8071b819-bc8f-48f2-aa24-0d6d00cf0304 None None] Ext name="Prevent L3 router ports IP address change extension" alias="l3-port-ip-change-not-allowed" description="Prevent change of IP address for some L3 router ports" updated="2018-10-09T10:00:00-00:00" {{(pid=103766) _check_extension /opt/stack/neutron/neutron/api/extensions.py:415}}
Jun 09 09:37:35.126982 np0000179134 devstack@neutron-api.service[103766]: INFO neutron.api.extensions [None req-8071b819-bc8f-48f2-aa24-0d6d00cf0304 None None] Extension l3-port-ip-change-not-allowed not supported by any of loaded plugins
Jun 09 09:37:35.126982 np0000179134 devstack@neutron-api.service[103766]: DEBUG neutron.api.extensions [None req-8071b819-bc8f-48f2-aa24-0d6d00cf0304 None None] Loading extension file: l3agentscheduler.py {{(pid=103766) _load_all_extensions_from_path /opt/stack/neutron/neutron/api/extensions.py:449}}
Jun 09 09:37:35.127879 np0000179134 devstack@neutron-api.service[103766]: DEBUG neutron.api.extensions [None req-8071b819-bc8f-48f2-aa24-0d6d00cf0304 None None] Ext name="L3 Agent Scheduler" alias="l3_agent_scheduler" description="Schedule routers among l3 agents" updated="2013-02-07T10:00:00-00:00" {{(pid=103766) _check_extension /opt/stack/neutron/neutron/api/extensions.py:415}}
Jun 09 09:37:35.127993 np0000179134 devstack@neutron-api.service[103768]: DEBUG neutron_lib.callbacks.manager [None req-36de1ac9-a59f-4c3d-bd55-d4feac9c7918 None None] Subscribe: > router precommit_create 55549900, False {{(pid=103768) subscribe /opt/stack/data/venv/lib/python3.12/site-packages/neutron_lib/callbacks/manager.py:52}}
Jun 09 09:37:35.128106 np0000179134 devstack@neutron-api.service[103766]: INFO neutron.api.extensions [None req-8071b819-bc8f-48f2-aa24-0d6d00cf0304 None None] Loaded extension: l3_agent_scheduler
Jun 09 09:37:35.128193 np0000179134 devstack@neutron-api.service[103768]: DEBUG neutron_lib.callbacks.manager [None req-36de1ac9-a59f-4c3d-bd55-d4feac9c7918 None None] Subscribe: > router_interface after_create 55550000, False {{(pid=103768) subscribe /opt/stack/data/venv/lib/python3.12/site-packages/neutron_lib/callbacks/manager.py:52}}
Jun 09 09:37:35.128193 np0000179134 devstack@neutron-api.service[103768]: DEBUG neutron_lib.callbacks.manager [None req-36de1ac9-a59f-4c3d-bd55-d4feac9c7918 None None] Subscribe: > floatingip after_create 55550000, False {{(pid=103768) subscribe /opt/stack/data/venv/lib/python3.12/site-packages/neutron_lib/callbacks/manager.py:52}}
Jun 09 09:37:35.128377 np0000179134 devstack@neutron-api.service[103766]: DEBUG neutron.api.extensions [None req-8071b819-bc8f-48f2-aa24-0d6d00cf0304 None None] Loading extension file: local_ip.py {{(pid=103766) _load_all_extensions_from_path /opt/stack/neutron/neutron/api/extensions.py:449}}
Jun 09 09:37:35.128480 np0000179134 devstack@neutron-api.service[103768]: DEBUG neutron_lib.callbacks.manager [None req-36de1ac9-a59f-4c3d-bd55-d4feac9c7918 None None] Subscribe: > floatingip precommit_create 55550000, False {{(pid=103768) subscribe /opt/stack/data/venv/lib/python3.12/site-packages/neutron_lib/callbacks/manager.py:52}}
Jun 09 09:37:35.128480 np0000179134 devstack@neutron-api.service[103768]: DEBUG neutron_lib.callbacks.manager [None req-36de1ac9-a59f-4c3d-bd55-d4feac9c7918 None None] Subscribe: > floatingip precommit_update 55550000, False {{(pid=103768) subscribe /opt/stack/data/venv/lib/python3.12/site-packages/neutron_lib/callbacks/manager.py:52}}
Jun 09 09:37:35.128480 np0000179134 devstack@neutron-api.service[103768]: DEBUG neutron_lib.callbacks.manager [None req-36de1ac9-a59f-4c3d-bd55-d4feac9c7918 None None] Subscribe: > floatingip after_delete 55550000, False {{(pid=103768) subscribe /opt/stack/data/venv/lib/python3.12/site-packages/neutron_lib/callbacks/manager.py:52}}
Jun 09 09:37:35.128713 np0000179134 devstack@neutron-api.service[103768]: DEBUG neutron_lib.callbacks.manager [None req-36de1ac9-a59f-4c3d-bd55-d4feac9c7918 None None] Subscribe: > floatingip after_status_update 55550000, False {{(pid=103768) subscribe /opt/stack/data/venv/lib/python3.12/site-packages/neutron_lib/callbacks/manager.py:52}}
Jun 09 09:37:35.128838 np0000179134 devstack@neutron-api.service[103766]: DEBUG neutron.api.extensions [None req-8071b819-bc8f-48f2-aa24-0d6d00cf0304 None None] Ext name="Local IP" alias="local_ip" description="Support Node Local Virtual IP" updated="2021-07-26T10:00:00-00:00" {{(pid=103766) _check_extension /opt/stack/neutron/neutron/api/extensions.py:415}}
Jun 09 09:37:35.128897 np0000179134 devstack@neutron-api.service[103768]: DEBUG neutron_lib.callbacks.manager [None req-36de1ac9-a59f-4c3d-bd55-d4feac9c7918 None None] Subscribe: > floatingip after_update 55550000, False {{(pid=103768) subscribe /opt/stack/data/venv/lib/python3.12/site-packages/neutron_lib/callbacks/manager.py:52}}
Jun 09 09:37:35.128897 np0000179134 devstack@neutron-api.service[103768]: DEBUG neutron_lib.callbacks.manager [None req-36de1ac9-a59f-4c3d-bd55-d4feac9c7918 None None] Subscribe: > port_forwarding after_create 55550000, False {{(pid=103768) subscribe /opt/stack/data/venv/lib/python3.12/site-packages/neutron_lib/callbacks/manager.py:52}}
Jun 09 09:37:35.129006 np0000179134 devstack@neutron-api.service[103766]: INFO neutron.api.extensions [None req-8071b819-bc8f-48f2-aa24-0d6d00cf0304 None None] Extension local_ip not supported by any of loaded plugins
Jun 09 09:37:35.129059 np0000179134 devstack@neutron-api.service[103768]: DEBUG neutron_lib.callbacks.manager [None req-36de1ac9-a59f-4c3d-bd55-d4feac9c7918 None None] Subscribe: > router_interface after_delete 55550000, False {{(pid=103768) subscribe /opt/stack/data/venv/lib/python3.12/site-packages/neutron_lib/callbacks/manager.py:52}}
Jun 09 09:37:35.129109 np0000179134 devstack@neutron-api.service[103766]: DEBUG neutron.api.extensions [None req-8071b819-bc8f-48f2-aa24-0d6d00cf0304 None None] Loading extension file: logging.py {{(pid=103766) _load_all_extensions_from_path /opt/stack/neutron/neutron/api/extensions.py:449}}
Jun 09 09:37:35.129156 np0000179134 devstack@neutron-api.service[103768]: DEBUG neutron_lib.callbacks.manager [None req-36de1ac9-a59f-4c3d-bd55-d4feac9c7918 None None] Subscribe: > router after_create 55550000, False {{(pid=103768) subscribe /opt/stack/data/venv/lib/python3.12/site-packages/neutron_lib/callbacks/manager.py:52}}
Jun 09 09:37:35.129156 np0000179134 devstack@neutron-api.service[103768]: DEBUG neutron_lib.callbacks.manager [None req-36de1ac9-a59f-4c3d-bd55-d4feac9c7918 None None] Subscribe: > router precommit_create 55550000, False {{(pid=103768) subscribe /opt/stack/data/venv/lib/python3.12/site-packages/neutron_lib/callbacks/manager.py:52}}
Jun 09 09:37:35.129242 np0000179134 devstack@neutron-api.service[103768]: DEBUG neutron_lib.callbacks.manager [None req-36de1ac9-a59f-4c3d-bd55-d4feac9c7918 None None] Subscribe: > router after_delete 55550000, False {{(pid=103768) subscribe /opt/stack/data/venv/lib/python3.12/site-packages/neutron_lib/callbacks/manager.py:52}}
Jun 09 09:37:35.129305 np0000179134 devstack@neutron-api.service[103768]: DEBUG neutron_lib.callbacks.manager [None req-36de1ac9-a59f-4c3d-bd55-d4feac9c7918 None None] Subscribe: > router after_update 55550000, False {{(pid=103768) subscribe /opt/stack/data/venv/lib/python3.12/site-packages/neutron_lib/callbacks/manager.py:52}}
Jun 09 09:37:35.129560 np0000179134 devstack@neutron-api.service[103768]: DEBUG neutron.services.service_base [None req-36de1ac9-a59f-4c3d-bd55-d4feac9c7918 None None] Loaded 'neutron.services.ovn_l3.service_providers.ovn.OvnDriver' provider for service L3_ROUTER_NAT {{(pid=103768) load_drivers /opt/stack/neutron/neutron/services/service_base.py:49}}
Jun 09 09:37:35.129560 np0000179134 devstack@neutron-api.service[103768]: DEBUG neutron_lib.callbacks.manager [None req-36de1ac9-a59f-4c3d-bd55-d4feac9c7918 None None] Subscribe: > process after_init 55550001, True {{(pid=103768) subscribe /opt/stack/data/venv/lib/python3.12/site-packages/neutron_lib/callbacks/manager.py:52}}
Jun 09 09:37:35.129825 np0000179134 devstack@neutron-api.service[103768]: DEBUG neutron.manager [None req-36de1ac9-a59f-4c3d-bd55-d4feac9c7918 None None] Successfully loaded L3_ROUTER_NAT plugin. Description: L3 Router Service Plugin for basic L3 forwarding using OVN {{(pid=103768) _create_and_add_service_plugin /opt/stack/neutron/neutron/manager.py:239}}
Jun 09 09:37:35.129825 np0000179134 devstack@neutron-api.service[103768]: INFO neutron.manager [None req-36de1ac9-a59f-4c3d-bd55-d4feac9c7918 None None] Loading Plugin: auto_allocate
Jun 09 09:37:35.129992 np0000179134 devstack@neutron-api.service[103766]: DEBUG neutron.api.extensions [None req-8071b819-bc8f-48f2-aa24-0d6d00cf0304 None None] Ext name="Logging API Extension" alias="logging" description="Provides a logging API for resources such as security group and firewall." updated="2017-01-01T10:00:00-00:00" {{(pid=103766) _check_extension /opt/stack/neutron/neutron/api/extensions.py:415}}
Jun 09 09:37:35.130840 np0000179134 devstack@neutron-api.service[103768]: DEBUG neutron_lib.callbacks.manager [None req-36de1ac9-a59f-4c3d-bd55-d4feac9c7918 None None] Subscribe: network precommit_update 55550000, False {{(pid=103768) subscribe /opt/stack/data/venv/lib/python3.12/site-packages/neutron_lib/callbacks/manager.py:52}}
Jun 09 09:37:35.130938 np0000179134 devstack@neutron-api.service[103766]: INFO neutron.api.extensions [None req-8071b819-bc8f-48f2-aa24-0d6d00cf0304 None None] Extension logging not supported by any of loaded plugins
Jun 09 09:37:35.131017 np0000179134 devstack@neutron-api.service[103768]: DEBUG neutron_lib.callbacks.manager [None req-36de1ac9-a59f-4c3d-bd55-d4feac9c7918 None None] Subscribe: network precommit_create 55550000, False {{(pid=103768) subscribe /opt/stack/data/venv/lib/python3.12/site-packages/neutron_lib/callbacks/manager.py:52}}
Jun 09 09:37:35.131092 np0000179134 devstack@neutron-api.service[103766]: DEBUG neutron.api.extensions [None req-8071b819-bc8f-48f2-aa24-0d6d00cf0304 None None] Loading extension file: metering.py {{(pid=103766) _load_all_extensions_from_path /opt/stack/neutron/neutron/api/extensions.py:449}}
Jun 09 09:37:35.131167 np0000179134 devstack@neutron-api.service[103768]: DEBUG neutron.manager [None req-36de1ac9-a59f-4c3d-bd55-d4feac9c7918 None None] Successfully loaded auto-allocated-topology plugin. Description: Auto Allocated Topology - aka get me a network. {{(pid=103768) _create_and_add_service_plugin /opt/stack/neutron/neutron/manager.py:239}}
Jun 09 09:37:35.131251 np0000179134 devstack@neutron-api.service[103768]: INFO neutron.manager [None req-36de1ac9-a59f-4c3d-bd55-d4feac9c7918 None None] Loading Plugin: tag
Jun 09 09:37:35.131799 np0000179134 devstack@neutron-api.service[103766]: DEBUG neutron.api.extensions [None req-8071b819-bc8f-48f2-aa24-0d6d00cf0304 None None] Ext name="Neutron Metering" alias="metering" description="Neutron Metering extension." updated="2013-06-12T10:00:00-00:00" {{(pid=103766) _check_extension /opt/stack/neutron/neutron/api/extensions.py:415}}
Jun 09 09:37:35.132245 np0000179134 devstack@neutron-api.service[103766]: INFO neutron.api.extensions [None req-8071b819-bc8f-48f2-aa24-0d6d00cf0304 None None] Extension metering not supported by any of loaded plugins
Jun 09 09:37:35.132501 np0000179134 devstack@neutron-api.service[103766]: DEBUG neutron.api.extensions [None req-8071b819-bc8f-48f2-aa24-0d6d00cf0304 None None] Loading extension file: metering_source_and_destination_fields.py {{(pid=103766) _load_all_extensions_from_path /opt/stack/neutron/neutron/api/extensions.py:449}}
Jun 09 09:37:35.132864 np0000179134 devstack@neutron-api.service[103766]: DEBUG neutron.api.extensions [None req-8071b819-bc8f-48f2-aa24-0d6d00cf0304 None None] Ext name="Neutron Metering with source and destination filtering" alias="metering_source_and_destination_fields" description="Neutron Metering extension that enables the use of source and destination IP prefixes to create metering label rules." updated="2020-08-21T08:12:00-00:00" {{(pid=103766) _check_extension /opt/stack/neutron/neutron/api/extensions.py:415}}
Jun 09 09:37:35.133206 np0000179134 devstack@neutron-api.service[103766]: INFO neutron.api.extensions [None req-8071b819-bc8f-48f2-aa24-0d6d00cf0304 None None] Extension metering_source_and_destination_fields not supported by any of loaded plugins
Jun 09 09:37:35.133354 np0000179134 devstack@neutron-api.service[103766]: DEBUG neutron.api.extensions [None req-8071b819-bc8f-48f2-aa24-0d6d00cf0304 None None] Loading extension file: multiprovidernet.py {{(pid=103766) _load_all_extensions_from_path /opt/stack/neutron/neutron/api/extensions.py:449}}
Jun 09 09:37:35.134103 np0000179134 devstack@neutron-api.service[103766]: DEBUG neutron.api.extensions [None req-8071b819-bc8f-48f2-aa24-0d6d00cf0304 None None] Ext name="Multi Provider Network" alias="multi-provider" description="Expose mapping of virtual networks to multiple physical networks" updated="2013-06-27T10:00:00-00:00" {{(pid=103766) _check_extension /opt/stack/neutron/neutron/api/extensions.py:415}}
Jun 09 09:37:35.134179 np0000179134 devstack@neutron-api.service[103768]: DEBUG neutron.manager [None req-36de1ac9-a59f-4c3d-bd55-d4feac9c7918 None None] Successfully loaded TAG plugin. Description: Tag support {{(pid=103768) _create_and_add_service_plugin /opt/stack/neutron/neutron/manager.py:239}}
Jun 09 09:37:35.134179 np0000179134 devstack@neutron-api.service[103768]: INFO neutron.manager [None req-36de1ac9-a59f-4c3d-bd55-d4feac9c7918 None None] Loading Plugin: timestamp
Jun 09 09:37:35.134422 np0000179134 devstack@neutron-api.service[103766]: INFO neutron.api.extensions [None req-8071b819-bc8f-48f2-aa24-0d6d00cf0304 None None] Loaded extension: multi-provider
Jun 09 09:37:35.134796 np0000179134 devstack@neutron-api.service[103766]: DEBUG neutron.api.extensions [None req-8071b819-bc8f-48f2-aa24-0d6d00cf0304 None None] Loading extension file: netmtu.py {{(pid=103766) _load_all_extensions_from_path /opt/stack/neutron/neutron/api/extensions.py:449}}
Jun 09 09:37:35.135117 np0000179134 devstack@neutron-api.service[103766]: DEBUG neutron.api.extensions [None req-8071b819-bc8f-48f2-aa24-0d6d00cf0304 None None] Ext name="Network MTU" alias="net-mtu" description="Provides MTU attribute for a network resource." updated="2015-03-25T10:00:00-00:00" {{(pid=103766) _check_extension /opt/stack/neutron/neutron/api/extensions.py:415}}
Jun 09 09:37:35.135547 np0000179134 devstack@neutron-api.service[103768]: DEBUG neutron.manager [None req-36de1ac9-a59f-4c3d-bd55-d4feac9c7918 None None] Successfully loaded timestamp plugin. Description: Adds timestamps to Neutron resources with standard attributes {{(pid=103768) _create_and_add_service_plugin /opt/stack/neutron/neutron/manager.py:239}}
Jun 09 09:37:35.135608 np0000179134 devstack@neutron-api.service[103766]: INFO neutron.api.extensions [None req-8071b819-bc8f-48f2-aa24-0d6d00cf0304 None None] Loaded extension: net-mtu
Jun 09 09:37:35.135648 np0000179134 devstack@neutron-api.service[103768]: INFO neutron.manager [None req-36de1ac9-a59f-4c3d-bd55-d4feac9c7918 None None] Loading Plugin: network_ip_availability
Jun 09 09:37:35.135755 np0000179134 devstack@neutron-api.service[103766]: DEBUG neutron.api.extensions [None req-8071b819-bc8f-48f2-aa24-0d6d00cf0304 None None] Loading extension file: netmtu_writable.py {{(pid=103766) _load_all_extensions_from_path /opt/stack/neutron/neutron/api/extensions.py:449}}
Jun 09 09:37:35.136071 np0000179134 devstack@neutron-api.service[103766]: DEBUG neutron.api.extensions [None req-8071b819-bc8f-48f2-aa24-0d6d00cf0304 None None] Ext name="Network MTU (writable)" alias="net-mtu-writable" description="Provides a writable MTU attribute for a network resource." updated="2017-07-12T00:00:00-00:00" {{(pid=103766) _check_extension /opt/stack/neutron/neutron/api/extensions.py:415}}
Jun 09 09:37:35.136311 np0000179134 devstack@neutron-api.service[103766]: INFO neutron.api.extensions [None req-8071b819-bc8f-48f2-aa24-0d6d00cf0304 None None] Loaded extension: net-mtu-writable
Jun 09 09:37:35.136557 np0000179134 devstack@neutron-api.service[103766]: DEBUG neutron.api.extensions [None req-8071b819-bc8f-48f2-aa24-0d6d00cf0304 None None] Loading extension file: network_availability_zone.py {{(pid=103766) _load_all_extensions_from_path /opt/stack/neutron/neutron/api/extensions.py:449}}
Jun 09 09:37:35.136906 np0000179134 devstack@neutron-api.service[103766]: DEBUG neutron.api.extensions [None req-8071b819-bc8f-48f2-aa24-0d6d00cf0304 None None] Ext name="Network Availability Zone" alias="network_availability_zone" description="Availability zone support for network." updated="2015-01-01T10:00:00-00:00" {{(pid=103766) _check_extension /opt/stack/neutron/neutron/api/extensions.py:415}}
Jun 09 09:37:35.137241 np0000179134 devstack@neutron-api.service[103768]: DEBUG neutron.manager [None req-36de1ac9-a59f-4c3d-bd55-d4feac9c7918 None None] Successfully loaded network-ip-availability plugin. Description: Provides IP availability data for each network and subnet. {{(pid=103768) _create_and_add_service_plugin /opt/stack/neutron/neutron/manager.py:239}}
Jun 09 09:37:35.137314 np0000179134 devstack@neutron-api.service[103768]: INFO neutron.manager [None req-36de1ac9-a59f-4c3d-bd55-d4feac9c7918 None None] Loading Plugin: flavors
Jun 09 09:37:35.137509 np0000179134 devstack@neutron-api.service[103766]: INFO neutron.api.extensions [None req-8071b819-bc8f-48f2-aa24-0d6d00cf0304 None None] Loaded extension: network_availability_zone
Jun 09 09:37:35.137832 np0000179134 devstack@neutron-api.service[103766]: DEBUG neutron.api.extensions [None req-8071b819-bc8f-48f2-aa24-0d6d00cf0304 None None] Loading extension file: network_ha.py {{(pid=103766) _load_all_extensions_from_path /opt/stack/neutron/neutron/api/extensions.py:449}}
Jun 09 09:37:35.138206 np0000179134 devstack@neutron-api.service[103768]: DEBUG neutron.manager [None req-36de1ac9-a59f-4c3d-bd55-d4feac9c7918 None None] Successfully loaded FLAVORS plugin. Description: Neutron Flavors and Service Profiles manager plugin {{(pid=103768) _create_and_add_service_plugin /opt/stack/neutron/neutron/manager.py:239}}
Jun 09 09:37:35.138245 np0000179134 devstack@neutron-api.service[103766]: DEBUG neutron.api.extensions [None req-8071b819-bc8f-48f2-aa24-0d6d00cf0304 None None] Ext name="Network HA creation flag" alias="network_ha" description="Network high availability creation flag." updated="2023-04-27T10:00:00-00:00" {{(pid=103766) _check_extension /opt/stack/neutron/neutron/api/extensions.py:415}}
Jun 09 09:37:35.138283 np0000179134 devstack@neutron-api.service[103765]: DEBUG neutron.common.ovn.hash_ring_manager [-] Hash Ring loaded. 1 active nodes. 0 offline nodes {{(pid=103765) _load_hash_ring /opt/stack/neutron/neutron/common/ovn/hash_ring_manager.py:102}}
Jun 09 09:37:35.138591 np0000179134 devstack@neutron-api.service[103768]: INFO neutron.manager [None req-36de1ac9-a59f-4c3d-bd55-d4feac9c7918 None None] Loading Plugin: revisions
Jun 09 09:37:35.138618 np0000179134 devstack@neutron-api.service[103765]: DEBUG neutron.plugins.ml2.drivers.ovn.mech_driver.ovsdb.ovsdb_monitor [-] Hash Ring: Node 1fb1acace6d856de9cecfa2ac01dac1c (host: np0000179134) handling event "update" for row 557fdc18-26f4-4eec-b2bd-64fcc619df58 (table: Connection) {{(pid=103765) notify /opt/stack/neutron/neutron/plugins/ml2/drivers/ovn/mech_driver/ovsdb/ovsdb_monitor.py:1015}}
Jun 09 09:37:35.138643 np0000179134 devstack@neutron-api.service[103766]: INFO neutron.api.extensions [None req-8071b819-bc8f-48f2-aa24-0d6d00cf0304 None None] Extension network_ha not supported by any of loaded plugins
Jun 09 09:37:35.138643 np0000179134 devstack@neutron-api.service[103766]: DEBUG neutron.api.extensions [None req-8071b819-bc8f-48f2-aa24-0d6d00cf0304 None None] Loading extension file: network_ip_availability.py {{(pid=103766) _load_all_extensions_from_path /opt/stack/neutron/neutron/api/extensions.py:449}}
Jun 09 09:37:35.138928 np0000179134 devstack@neutron-api.service[103766]: DEBUG neutron.api.extensions [None req-8071b819-bc8f-48f2-aa24-0d6d00cf0304 None None] Ext name="Network IP Availability" alias="network-ip-availability" description="Provides IP availability data for each network and subnet." updated="2015-09-24T00:00:00-00:00" {{(pid=103766) _check_extension /opt/stack/neutron/neutron/api/extensions.py:415}}
Jun 09 09:37:35.139161 np0000179134 devstack@neutron-api.service[103766]: INFO neutron.api.extensions [None req-8071b819-bc8f-48f2-aa24-0d6d00cf0304 None None] Loaded extension: network-ip-availability
Jun 09 09:37:35.139270 np0000179134 devstack@neutron-api.service[103766]: DEBUG neutron.api.extensions [None req-8071b819-bc8f-48f2-aa24-0d6d00cf0304 None None] Loading extension file: network_ip_availability_details.py {{(pid=103766) _load_all_extensions_from_path /opt/stack/neutron/neutron/api/extensions.py:449}}
Jun 09 09:37:35.139308 np0000179134 devstack@neutron-api.service[103768]: DEBUG neutron.manager [None req-36de1ac9-a59f-4c3d-bd55-d4feac9c7918 None None] Successfully loaded revision_plugin plugin. Description: Adds revision numbers to resources. {{(pid=103768) _create_and_add_service_plugin /opt/stack/neutron/neutron/manager.py:239}}
Jun 09 09:37:35.139472 np0000179134 devstack@neutron-api.service[103768]: DEBUG oslo_concurrency.lockutils [None req-36de1ac9-a59f-4c3d-bd55-d4feac9c7918 None None] Lock "manager" "released" by "neutron.manager.NeutronManager._create_instance" :: held 4.983s {{(pid=103768) inner /opt/stack/data/venv/lib/python3.12/site-packages/oslo_concurrency/lockutils.py:543}}
Jun 09 09:37:35.139614 np0000179134 devstack@neutron-api.service[103766]: DEBUG neutron.api.extensions [None req-8071b819-bc8f-48f2-aa24-0d6d00cf0304 None None] Ext name="Network IP Availability Details Extension" alias="network-ip-availability-details" description="Add ip_availability_details attribute to network-ip-availabilities resource." updated="2025-10-31T00:00:00-00:00" {{(pid=103766) _check_extension /opt/stack/neutron/neutron/api/extensions.py:415}}
Jun 09 09:37:35.139689 np0000179134 devstack@neutron-api.service[103768]: DEBUG neutron.api.extensions [None req-36de1ac9-a59f-4c3d-bd55-d4feac9c7918 None None] get_extension_paths = OrderedDict({'/opt/stack/neutron/neutron/extensions': 1}) {{(pid=103768) get_extensions_path /opt/stack/neutron/neutron/api/extensions.py:640}}
Jun 09 09:37:35.139793 np0000179134 devstack@neutron-api.service[103768]: INFO neutron.api.extensions [None req-36de1ac9-a59f-4c3d-bd55-d4feac9c7918 None None] Initializing extension manager.
Jun 09 09:37:35.139825 np0000179134 devstack@neutron-api.service[103766]: INFO neutron.api.extensions [None req-8071b819-bc8f-48f2-aa24-0d6d00cf0304 None None] Loaded extension: network-ip-availability-details
Jun 09 09:37:35.140067 np0000179134 devstack@neutron-api.service[103768]: DEBUG neutron.api.extensions [None req-36de1ac9-a59f-4c3d-bd55-d4feac9c7918 None None] Loading extension file: __init__.py {{(pid=103768) _load_all_extensions_from_path /opt/stack/neutron/neutron/api/extensions.py:449}}
Jun 09 09:37:35.140128 np0000179134 devstack@neutron-api.service[103766]: DEBUG neutron.api.extensions [None req-8071b819-bc8f-48f2-aa24-0d6d00cf0304 None None] Loading extension file: network_segment_range.py {{(pid=103766) _load_all_extensions_from_path /opt/stack/neutron/neutron/api/extensions.py:449}}
Jun 09 09:37:35.140171 np0000179134 devstack@neutron-api.service[103768]: DEBUG neutron.api.extensions [None req-36de1ac9-a59f-4c3d-bd55-d4feac9c7918 None None] Loading extension file: __pycache__ {{(pid=103768) _load_all_extensions_from_path /opt/stack/neutron/neutron/api/extensions.py:449}}
Jun 09 09:37:35.140275 np0000179134 devstack@neutron-api.service[103768]: DEBUG neutron.api.extensions [None req-36de1ac9-a59f-4c3d-bd55-d4feac9c7918 None None] Loading extension file: aap_reject_multicast.py {{(pid=103768) _load_all_extensions_from_path /opt/stack/neutron/neutron/api/extensions.py:449}}
