2026-04-21 04:44:58.259 7 INFO placement.requestlog [req-98305185-909b-46e7-b2ce-a8b3711b8d04 req-1795e137-bc69-4504-944f-fa2e4385d79d d579a823a89a454c81efb183a9f8787f c406146ef9f2471e88f748c7c91d3d69 - - f926ddba5eeb477eb94cd91fb6ce20b3 f926ddba5eeb477eb94cd91fb6ce20b3] 199.204.45.144 "GET /allocations/6eaf4865-f0b3-4aa2-aeb9-738b562e4847" status: 200 len: 258 microversion: 1.28 [pid: 7|app: 0|req: 554/1112] 199.204.45.144 () {34 vars in 863 bytes} [Tue Apr 21 04:44:58 2026] GET /allocations/6eaf4865-f0b3-4aa2-aeb9-738b562e4847 => generated 258 bytes in 14 msecs (HTTP/1.1 200) 8 headers in 296 bytes (1 switches on core 0)
2026-04-21 04:44:59.302 8 INFO placement.requestlog [req-98305185-909b-46e7-b2ce-a8b3711b8d04 req-5aa5b25d-8e27-4f9a-8cc3-7366eda14541 d579a823a89a454c81efb183a9f8787f c406146ef9f2471e88f748c7c91d3d69 - - f926ddba5eeb477eb94cd91fb6ce20b3 f926ddba5eeb477eb94cd91fb6ce20b3] 199.204.45.144 "GET /resource_providers/661aafa1-d874-4310-82aa-fd026b94b53b/allocations" status: 200 len: 440 microversion: 1.0 [pid: 8|app: 0|req: 559/1113] 199.204.45.144 () {32 vars in 857 bytes} [Tue Apr 21 04:44:59 2026] GET /resource_providers/661aafa1-d874-4310-82aa-fd026b94b53b/allocations => generated 440 bytes in 14 msecs (HTTP/1.1 200) 6 headers in 224 bytes (1 switches on core 0)
2026-04-21 04:44:59.322 7 INFO placement.requestlog [req-98305185-909b-46e7-b2ce-a8b3711b8d04 req-f90ad4c1-7a62-49fa-91ca-716e16ff812f d579a823a89a454c81efb183a9f8787f c406146ef9f2471e88f748c7c91d3d69 - - f926ddba5eeb477eb94cd91fb6ce20b3 f926ddba5eeb477eb94cd91fb6ce20b3] 199.204.45.144 "GET /allocations/4f5912e6-9698-4d37-ac86-cad09fd8afef" status: 200 len: 258 microversion: 1.28 [pid: 7|app: 0|req: 555/1114] 199.204.45.144 () {34 vars in 863 bytes} [Tue Apr 21 04:44:59 2026] GET /allocations/4f5912e6-9698-4d37-ac86-cad09fd8afef => generated 258 bytes in 12 msecs (HTTP/1.1 200) 8 headers in 296 bytes (1 switches on core 0)
2026-04-21 04:44:59.337 8 INFO placement.requestlog [req-98305185-909b-46e7-b2ce-a8b3711b8d04 req-0404b79d-4505-490c-820e-5557dc8f0f5e d579a823a89a454c81efb183a9f8787f c406146ef9f2471e88f748c7c91d3d69 - - f926ddba5eeb477eb94cd91fb6ce20b3 f926ddba5eeb477eb94cd91fb6ce20b3] 199.204.45.144 "GET /allocations/6eaf4865-f0b3-4aa2-aeb9-738b562e4847" status: 200 len: 258 microversion: 1.28 [pid: 8|app: 0|req: 560/1115] 199.204.45.144 () {34 vars in 863 bytes} [Tue Apr 21 04:44:59 2026] GET /allocations/6eaf4865-f0b3-4aa2-aeb9-738b562e4847 => generated 258 bytes in 11 msecs (HTTP/1.1 200) 8 headers in 296 bytes (1 switches on core 0)
2026-04-21 04:44:59.355 7 INFO placement.requestlog [req-98305185-909b-46e7-b2ce-a8b3711b8d04 req-3a9089b0-37ea-4be2-8fa7-4f74bebbdae7 d579a823a89a454c81efb183a9f8787f c406146ef9f2471e88f748c7c91d3d69 - - f926ddba5eeb477eb94cd91fb6ce20b3 f926ddba5eeb477eb94cd91fb6ce20b3] 199.204.45.144 "GET /allocations/3bf6ac55-c098-41a9-b08a-12bb0def3a66" status: 200 len: 245 microversion: 1.28 [pid: 7|app: 0|req: 556/1116] 199.204.45.144 () {34 vars in 863 bytes} [Tue Apr 21 04:44:59 2026] GET /allocations/3bf6ac55-c098-41a9-b08a-12bb0def3a66 => generated 245 bytes in 12 msecs (HTTP/1.1 200) 8 headers in 296 bytes (1 switches on core 0)
2026-04-21 04:44:59.376 8 INFO placement.requestlog [req-98305185-909b-46e7-b2ce-a8b3711b8d04 req-65b5a2e1-cebd-43fd-8c28-c8110f5c3dba d579a823a89a454c81efb183a9f8787f c406146ef9f2471e88f748c7c91d3d69 - - f926ddba5eeb477eb94cd91fb6ce20b3 f926ddba5eeb477eb94cd91fb6ce20b3] 199.204.45.144 "GET /allocations/3605f2a4-881b-4e64-996c-6a39db4d2b92" status: 200 len: 258 microversion: 1.28 [pid: 8|app: 0|req: 561/1117] 199.204.45.144 () {34 vars in 863 bytes} [Tue Apr 21 04:44:59 2026] GET /allocations/3605f2a4-881b-4e64-996c-6a39db4d2b92 => generated 258 bytes in 16 msecs (HTTP/1.1 200) 8 headers in 296 bytes (1 switches on core 0)
2026-04-21 04:45:02.035 8 INFO placement.requestlog [None req-68488533-17a3-497a-850c-b488d199910d - - - - - -] 10.0.0.73 "GET /" status: 200 len: 136 microversion: 1.0
2026-04-21 04:45:02.035 7 INFO placement.requestlog [None req-960269c4-49cf-4008-ae98-e933ec2381d6 - - - - - -] 10.0.0.73 "GET /" status: 200 len: 136 microversion: 1.0
2026-04-21 04:45:12.034 8 INFO placement.requestlog [None req-1bca86e1-b235-43a8-bdca-f24e9cc72b81 - - - - - -] 10.0.0.73 "GET /" status: 200 len: 136 microversion: 1.0
2026-04-21 04:45:12.034 7 INFO placement.requestlog [None req-493757f9-fa4f-43b5-8892-c5585f742597 - - - - - -] 10.0.0.73 "GET /" status: 200 len: 136 microversion: 1.0
2026-04-21 04:45:22.033 8 INFO placement.requestlog [None req-047fe6e9-63dd-44cf-af0c-87556de5bb0f - - - - - -] 10.0.0.73 "GET /" status: 200 len: 136 microversion: 1.0
2026-04-21 04:45:22.033 7 INFO placement.requestlog [None req-050ac37a-5733-431f-9c3b-65e5049ff57e - - - - - -] 10.0.0.73 "GET /" status: 200 len: 136 microversion: 1.0
2026-04-21 04:45:26.013 8 INFO placement.requestlog [req-bb64b46a-d582-4cd7-8b34-83c5a976054f req-af021915-1fa2-4d43-9be7-6d68bd28eb35 d579a823a89a454c81efb183a9f8787f c406146ef9f2471e88f748c7c91d3d69 - - f926ddba5eeb477eb94cd91fb6ce20b3 f926ddba5eeb477eb94cd91fb6ce20b3] 199.204.45.144 "GET /resource_providers/661aafa1-d874-4310-82aa-fd026b94b53b/allocations" status: 200 len: 440 microversion: 1.0 [pid: 8|app: 0|req: 565/1124] 199.204.45.144 () {32 vars in 857 bytes} [Tue Apr 21 04:45:25 2026] GET /resource_providers/661aafa1-d874-4310-82aa-fd026b94b53b/allocations => generated 440 bytes in 125 msecs (HTTP/1.1 200) 6 headers in 224 bytes (1 switches on core 0)
2026-04-21 04:45:26.042 7 INFO placement.requestlog [req-bb64b46a-d582-4cd7-8b34-83c5a976054f req-39c54188-f5d5-4978-9982-ce47825bef2c d579a823a89a454c81efb183a9f8787f c406146ef9f2471e88f748c7c91d3d69 - - f926ddba5eeb477eb94cd91fb6ce20b3 f926ddba5eeb477eb94cd91fb6ce20b3] 199.204.45.144 "GET /resource_providers?in_tree=661aafa1-d874-4310-82aa-fd026b94b53b" status: 200 len: 798 microversion: 1.14 [pid: 7|app: 0|req: 560/1125] 199.204.45.144 () {34 vars in 892 bytes} [Tue Apr 21 04:45:26 2026] GET /resource_providers?in_tree=661aafa1-d874-4310-82aa-fd026b94b53b => generated 798 bytes in 20 msecs (HTTP/1.1 200) 6 headers in 225 bytes (1 switches on core 0)
2026-04-21 04:45:26.069 8 INFO placement.requestlog [req-bb64b46a-d582-4cd7-8b34-83c5a976054f req-13649ed4-2882-4455-b85b-995eb7cc1963 d579a823a89a454c81efb183a9f8787f c406146ef9f2471e88f748c7c91d3d69 - - f926ddba5eeb477eb94cd91fb6ce20b3 f926ddba5eeb477eb94cd91fb6ce20b3] 199.204.45.144 "GET /resource_providers/661aafa1-d874-4310-82aa-fd026b94b53b/inventories" status: 200 len: 401 microversion: 1.0 [pid: 8|app: 0|req: 566/1126] 199.204.45.144 () {32 vars in 857 bytes} [Tue Apr 21 04:45:26 2026] GET /resource_providers/661aafa1-d874-4310-82aa-fd026b94b53b/inventories => generated 401 bytes in 18 msecs (HTTP/1.1 200) 6 headers in 224 bytes (1 switches on core 0)
2026-04-21 04:45:26.086 7 INFO placement.requestlog [req-bb64b46a-d582-4cd7-8b34-83c5a976054f req-bb6ca183-f75d-4ea4-9d89-867c96f0f241 d579a823a89a454c81efb183a9f8787f c406146ef9f2471e88f748c7c91d3d69 - - f926ddba5eeb477eb94cd91fb6ce20b3 f926ddba5eeb477eb94cd91fb6ce20b3] 199.204.45.144 "GET /resource_providers/661aafa1-d874-4310-82aa-fd026b94b53b/aggregates" status: 200 len: 54 microversion: 1.19 [pid: 7|app: 0|req: 561/1127] 199.204.45.144 () {34 vars in 899 bytes} [Tue Apr 21 04:45:26 2026] GET /resource_providers/661aafa1-d874-4310-82aa-fd026b94b53b/aggregates => generated 54 bytes in 12 msecs (HTTP/1.1 200) 8 headers in 295 bytes (1 switches on core 0)
2026-04-21 04:45:26.113 8 INFO placement.requestlog [req-bb64b46a-d582-4cd7-8b34-83c5a976054f req-e0e72bfd-5dec-4761-bf01-8a2220f4d272 d579a823a89a454c81efb183a9f8787f c406146ef9f2471e88f748c7c91d3d69 - - f926ddba5eeb477eb94cd91fb6ce20b3 f926ddba5eeb477eb94cd91fb6ce20b3] 199.204.45.144 "GET /resource_providers/661aafa1-d874-4310-82aa-fd026b94b53b/traits" status: 200 len: 2317 microversion: 1.6 [pid: 8|app: 0|req: 567/1128] 199.204.45.144 () {34 vars in 890 bytes} [Tue Apr 21 04:45:26 2026] GET /resource_providers/661aafa1-d874-4310-82aa-fd026b94b53b/traits => generated 2317 bytes in 22 msecs (HTTP/1.1 200) 6 headers in 225 bytes (1 switches on core 0)
2026-04-21 04:45:26.141 7 INFO placement.requestlog [req-bb64b46a-d582-4cd7-8b34-83c5a976054f req-4823ccf2-fbfd-4e7b-9d29-5afc40eeae82 d579a823a89a454c81efb183a9f8787f c406146ef9f2471e88f748c7c91d3d69 - - f926ddba5eeb477eb94cd91fb6ce20b3 f926ddba5eeb477eb94cd91fb6ce20b3] 199.204.45.144 "GET /resource_providers/661aafa1-d874-4310-82aa-fd026b94b53b/allocations" status: 200 len: 440 microversion: 1.0 [pid: 7|app: 0|req: 562/1129] 199.204.45.144 () {32 vars in 857 bytes} [Tue Apr 21 04:45:26 2026] GET /resource_providers/661aafa1-d874-4310-82aa-fd026b94b53b/allocations => generated 440 bytes in 22 msecs (HTTP/1.1 200) 6 headers in 224 bytes (1 switches on core 0)
2026-04-21 04:45:26.161 8 INFO placement.requestlog [req-bb64b46a-d582-4cd7-8b34-83c5a976054f req-f604bf49-0919-4653-bceb-5c1b14c02bed d579a823a89a454c81efb183a9f8787f c406146ef9f2471e88f748c7c91d3d69 - - f926ddba5eeb477eb94cd91fb6ce20b3 f926ddba5eeb477eb94cd91fb6ce20b3] 199.204.45.144 "GET /allocations/4f5912e6-9698-4d37-ac86-cad09fd8afef" status: 200 len: 258 microversion: 1.28 [pid: 8|app: 0|req: 568/1130] 199.204.45.144 () {34 vars in 863 bytes} [Tue Apr 21 04:45:26 2026] GET /allocations/4f5912e6-9698-4d37-ac86-cad09fd8afef => generated 258 bytes in 15 msecs (HTTP/1.1 200) 8 headers in 296 bytes (1 switches on core 0)
2026-04-21 04:45:26.181 7 INFO placement.requestlog [req-bb64b46a-d582-4cd7-8b34-83c5a976054f req-c0f44946-811d-453f-ac8a-75876a668cc7 d579a823a89a454c81efb183a9f8787f c406146ef9f2471e88f748c7c91d3d69 - - f926ddba5eeb477eb94cd91fb6ce20b3 f926ddba5eeb477eb94cd91fb6ce20b3] 199.204.45.144 "GET /allocations/6eaf4865-f0b3-4aa2-aeb9-738b562e4847" status: 200 len: 258 microversion: 1.28 [pid: 7|app: 0|req: 563/1131] 199.204.45.144 () {34 vars in 863 bytes} [Tue Apr 21 04:45:26 2026] GET /allocations/6eaf4865-f0b3-4aa2-aeb9-738b562e4847 => generated 258 bytes in 13 msecs (HTTP/1.1 200) 8 headers in 296 bytes (1 switches on core 0)
2026-04-21 04:45:26.201 8 INFO placement.requestlog [req-bb64b46a-d582-4cd7-8b34-83c5a976054f req-a2241a16-4763-4a73-bfd9-741ace53fab2 d579a823a89a454c81efb183a9f8787f c406146ef9f2471e88f748c7c91d3d69 - - f926ddba5eeb477eb94cd91fb6ce20b3 f926ddba5eeb477eb94cd91fb6ce20b3] 199.204.45.144 "GET /allocations/3bf6ac55-c098-41a9-b08a-12bb0def3a66" status: 200 len: 245 microversion: 1.28 [pid: 8|app: 0|req: 569/1132] 199.204.45.144 () {34 vars in 863 bytes} [Tue Apr 21 04:45:26 2026] GET /allocations/3bf6ac55-c098-41a9-b08a-12bb0def3a66 => generated 245 bytes in 14 msecs (HTTP/1.1 200) 8 headers in 296 bytes (1 switches on core 0)
2026-04-21 04:45:26.223 7 INFO placement.requestlog [req-bb64b46a-d582-4cd7-8b34-83c5a976054f req-806eb371-1446-437d-9afe-a41dce20805b d579a823a89a454c81efb183a9f8787f c406146ef9f2471e88f748c7c91d3d69 - - f926ddba5eeb477eb94cd91fb6ce20b3 f926ddba5eeb477eb94cd91fb6ce20b3] 199.204.45.144 "GET /allocations/3605f2a4-881b-4e64-996c-6a39db4d2b92" status: 200 len: 258 microversion: 1.28 [pid: 7|app: 0|req: 564/1133] 199.204.45.144 () {34 vars in 863 bytes} [Tue Apr 21 04:45:26 2026] GET /allocations/3605f2a4-881b-4e64-996c-6a39db4d2b92 => generated 258 bytes in 15 msecs (HTTP/1.1 200) 8 headers in 296 bytes (1 switches on core 0)
2026-04-21 04:45:32.033 7 INFO placement.requestlog [None req-5a375d2b-a3ab-4a2d-a6d2-982e8f1376c1 - - - - - -] 10.0.0.73 "GET /" status: 200 len: 136 microversion: 1.0
2026-04-21 04:45:32.034 8 INFO placement.requestlog [None req-f23c0f70-e179-45d7-bd8a-5ad6947971af - - - - - -] 10.0.0.73 "GET /" status: 200 len: 136 microversion: 1.0
2026-04-21 04:45:35.938 7 INFO placement.requestlog [req-1a9d2fdb-28e5-49cb-986c-983c0639c501 req-669536b5-667d-4441-bf99-12a363c5bd73 d579a823a89a454c81efb183a9f8787f c406146ef9f2471e88f748c7c91d3d69 - - f926ddba5eeb477eb94cd91fb6ce20b3 f926ddba5eeb477eb94cd91fb6ce20b3] 10.0.0.71 "GET /allocation_candidates?limit=1000&resources=DISK_GB%3A1%2CMEMORY_MB%3A512%2CVCPU%3A1&root_required=%21COMPUTE_STATUS_DISABLED" status: 200 len: 2784 microversion: 1.36 [pid: 7|app: 0|req: 566/1136] 10.0.0.71 () {34 vars in 1011 bytes} [Tue Apr 21 04:45:35 2026] GET /allocation_candidates?limit=1000&resources=DISK_GB%3A1%2CMEMORY_MB%3A512%2CVCPU%3A1&root_required=%21COMPUTE_STATUS_DISABLED => generated 2784 bytes in 42 msecs (HTTP/1.1 200) 8 headers in 297 bytes (1 switches on core 0)
2026-04-21 04:45:35.969 8 INFO placement.requestlog [req-1a9d2fdb-28e5-49cb-986c-983c0639c501 req-204e348c-b551-4325-973a-28fb8205a25a d579a823a89a454c81efb183a9f8787f c406146ef9f2471e88f748c7c91d3d69 - - f926ddba5eeb477eb94cd91fb6ce20b3 f926ddba5eeb477eb94cd91fb6ce20b3] 10.0.0.71 "GET /allocations/2c94cc9b-8d2c-4090-a0c9-37858ab44937" status: 200 len: 19 microversion: 1.28 [pid: 8|app: 0|req: 571/1137] 10.0.0.71 () {34 vars in 860 bytes} [Tue Apr 21 04:45:35 2026] GET /allocations/2c94cc9b-8d2c-4090-a0c9-37858ab44937 => generated 19 bytes in 9 msecs (HTTP/1.1 200) 8 headers in 295 bytes (1 switches on core 0)
2026-04-21 04:45:36.027 7 INFO placement.requestlog [req-1a9d2fdb-28e5-49cb-986c-983c0639c501 req-318ae155-4e10-46c7-9aa9-be9eb64090a2 d579a823a89a454c81efb183a9f8787f c406146ef9f2471e88f748c7c91d3d69 - - f926ddba5eeb477eb94cd91fb6ce20b3 f926ddba5eeb477eb94cd91fb6ce20b3] 10.0.0.71 "PUT /allocations/2c94cc9b-8d2c-4090-a0c9-37858ab44937" status: 204 len: 0 microversion: 1.36 [pid: 7|app: 0|req: 567/1138] 10.0.0.71 () {38 vars in 913 bytes} [Tue Apr 21 04:45:35 2026] PUT /allocations/2c94cc9b-8d2c-4090-a0c9-37858ab44937 => generated 0 bytes in 49 msecs (HTTP/1.1 204) 5 headers in 199 bytes (1 switches on core 0)
2026-04-21 04:45:37.546 8 INFO placement.requestlog [req-1a9d2fdb-28e5-49cb-986c-983c0639c501 req-5f810f20-f86e-403a-8bcb-a472fd6493eb d579a823a89a454c81efb183a9f8787f c406146ef9f2471e88f748c7c91d3d69 - - f926ddba5eeb477eb94cd91fb6ce20b3 f926ddba5eeb477eb94cd91fb6ce20b3] 199.204.45.144 "GET /allocations/2c94cc9b-8d2c-4090-a0c9-37858ab44937" status: 200 len: 258 microversion: 1.28 [pid: 8|app: 0|req: 572/1139] 199.204.45.144 () {34 vars in 863 bytes} [Tue Apr 21 04:45:37 2026] GET /allocations/2c94cc9b-8d2c-4090-a0c9-37858ab44937 => generated 258 bytes in 14 msecs (HTTP/1.1 200) 8 headers in 296 bytes (1 switches on core 0)
2026-04-21 04:45:38.592 7 INFO placement.requestlog [req-1a9d2fdb-28e5-49cb-986c-983c0639c501 req-d45fe371-cc63-4280-b30a-532d535e9800 d579a823a89a454c81efb183a9f8787f c406146ef9f2471e88f748c7c91d3d69 - - f926ddba5eeb477eb94cd91fb6ce20b3 f926ddba5eeb477eb94cd91fb6ce20b3] 199.204.45.144 "GET /resource_providers/661aafa1-d874-4310-82aa-fd026b94b53b/allocations" status: 200 len: 540 microversion: 1.0 [pid: 7|app: 0|req: 568/1140] 199.204.45.144 () {32 vars in 857 bytes} [Tue Apr 21 04:45:38 2026] GET /resource_providers/661aafa1-d874-4310-82aa-fd026b94b53b/allocations => generated 540 bytes in 17 msecs (HTTP/1.1 200) 6 headers in 224 bytes (1 switches on core 0)
2026-04-21 04:45:38.610 8 INFO placement.requestlog [req-1a9d2fdb-28e5-49cb-986c-983c0639c501 req-69eff966-4ac8-41e4-b7af-d5c0e8669437 d579a823a89a454c81efb183a9f8787f c406146ef9f2471e88f748c7c91d3d69 - - f926ddba5eeb477eb94cd91fb6ce20b3 f926ddba5eeb477eb94cd91fb6ce20b3] 199.204.45.144 "GET /allocations/6eaf4865-f0b3-4aa2-aeb9-738b562e4847" status: 200 len: 258 microversion: 1.28 [pid: 8|app: 0|req: 573/1141] 199.204.45.144 () {34 vars in 863 bytes} [Tue Apr 21 04:45:38 2026] GET /allocations/6eaf4865-f0b3-4aa2-aeb9-738b562e4847 => generated 258 bytes in 13 msecs (HTTP/1.1 200) 8 headers in 296 bytes (1 switches on core 0)
2026-04-21 04:45:38.629 7 INFO placement.requestlog [req-1a9d2fdb-28e5-49cb-986c-983c0639c501 req-42f92ff3-40f3-460a-abf4-5bea62d6c052 d579a823a89a454c81efb183a9f8787f c406146ef9f2471e88f748c7c91d3d69 - - f926ddba5eeb477eb94cd91fb6ce20b3 f926ddba5eeb477eb94cd91fb6ce20b3] 199.204.45.144 "GET /allocations/3605f2a4-881b-4e64-996c-6a39db4d2b92" status: 200 len: 258 microversion: 1.28 [pid: 7|app: 0|req: 569/1142] 199.204.45.144 () {34 vars in 863 bytes} [Tue Apr 21 04:45:38 2026] GET /allocations/3605f2a4-881b-4e64-996c-6a39db4d2b92 => generated 258 bytes in 12 msecs (HTTP/1.1 200) 8 headers in 296 bytes (1 switches on core 0)
2026-04-21 04:45:38.644 8 INFO placement.requestlog [req-1a9d2fdb-28e5-49cb-986c-983c0639c501 req-b7a9d0ee-14c7-4665-92fb-a149493fc117 d579a823a89a454c81efb183a9f8787f c406146ef9f2471e88f748c7c91d3d69 - - f926ddba5eeb477eb94cd91fb6ce20b3 f926ddba5eeb477eb94cd91fb6ce20b3] 199.204.45.144 "GET /allocations/2c94cc9b-8d2c-4090-a0c9-37858ab44937" status: 200 len: 258 microversion: 1.28 [pid: 8|app: 0|req: 574/1143] 199.204.45.144 () {34 vars in 863 bytes} [Tue Apr 21 04:45:38 2026] GET /allocations/2c94cc9b-8d2c-4090-a0c9-37858ab44937 => generated 258 bytes in 11 msecs (HTTP/1.1 200) 8 headers in 296 bytes (1 switches on core 0)
2026-04-21 04:45:38.662 7 INFO placement.requestlog [req-1a9d2fdb-28e5-49cb-986c-983c0639c501 req-0e61d814-73f4-4195-86f5-264340b2a826 d579a823a89a454c81efb183a9f8787f c406146ef9f2471e88f748c7c91d3d69 - - f926ddba5eeb477eb94cd91fb6ce20b3 f926ddba5eeb477eb94cd91fb6ce20b3] 199.204.45.144 "GET /allocations/4f5912e6-9698-4d37-ac86-cad09fd8afef" status: 200 len: 258 microversion: 1.28 [pid: 7|app: 0|req: 570/1144] 199.204.45.144 () {34 vars in 863 bytes} [Tue Apr 21 04:45:38 2026] GET /allocations/4f5912e6-9698-4d37-ac86-cad09fd8afef => generated 258 bytes in 11 msecs (HTTP/1.1 200) 8 headers in 296 bytes (1 switches on core 0)
2026-04-21 04:45:38.681 8 INFO placement.requestlog [req-1a9d2fdb-28e5-49cb-986c-983c0639c501 req-2a0536cf-86f3-4e50-bc69-2008438dee54 d579a823a89a454c81efb183a9f8787f c406146ef9f2471e88f748c7c91d3d69 - - f926ddba5eeb477eb94cd91fb6ce20b3 f926ddba5eeb477eb94cd91fb6ce20b3] 199.204.45.144 "GET /allocations/3bf6ac55-c098-41a9-b08a-12bb0def3a66" status: 200 len: 245 microversion: 1.28 [pid: 8|app: 0|req: 575/1145] 199.204.45.144 () {34 vars in 863 bytes} [Tue Apr 21 04:45:38 2026] GET /allocations/3bf6ac55-c098-41a9-b08a-12bb0def3a66 => generated 245 bytes in 14 msecs (HTTP/1.1 200) 8 headers in 296 bytes (1 switches on core 0)
2026-04-21 04:45:42.034 7 INFO placement.requestlog [None req-696d9696-52a1-4aab-aea6-c43f777cce5b - - - - - -] 10.0.0.73 "GET /" status: 200 len: 136 microversion: 1.0
2026-04-21 04:45:42.034 8 INFO placement.requestlog [None req-1242fb66-54de-497e-b797-b22700ddab28 - - - - - -] 10.0.0.73 "GET /" status: 200 len: 136 microversion: 1.0
2026-04-21 04:45:52.033 8 INFO placement.requestlog [None req-f1233dd9-3f5f-4ae3-89a4-d2fdfe6c93ed - - - - - -] 10.0.0.73 "GET /" status: 200 len: 136 microversion: 1.0
2026-04-21 04:45:52.034 7 INFO placement.requestlog [None req-bb389735-3821-4479-b652-22c2f28d9f83 - - - - - -] 10.0.0.73 "GET /" status: 200 len: 136 microversion: 1.0
2026-04-21 04:46:02.034 8 INFO placement.requestlog [None req-f7b69e52-3c1a-49ae-aafb-4b3754df662f - - - - - -] 10.0.0.73 "GET /" status: 200 len: 136 microversion: 1.0
2026-04-21 04:46:02.034 7 INFO placement.requestlog [None req-afea8d51-bfaa-4cff-b45b-48f692b408ad - - - - - -] 10.0.0.73 "GET /" status: 200 len: 136 microversion: 1.0
2026-04-21 04:46:12.033 7 INFO placement.requestlog [None req-8b11b961-b1fb-47c1-9f32-3c5f1aa4014c - - - - - -] 10.0.0.73 "GET /" status: 200 len: 136 microversion: 1.0
2026-04-21 04:46:12.033 8 INFO placement.requestlog [None req-094698cb-8bb7-4ee3-90d2-4e23566ec538 - - - - - -] 10.0.0.73 "GET /" status: 200 len: 136 microversion: 1.0
2026-04-21 04:46:12.127 7 INFO placement.requestlog [req-c3346378-bc3f-407f-b64a-dcdf8924de11 req-615192d1-b3da-4c4b-9aea-40c6871c2c80 d579a823a89a454c81efb183a9f8787f c406146ef9f2471e88f748c7c91d3d69 - - f926ddba5eeb477eb94cd91fb6ce20b3 f926ddba5eeb477eb94cd91fb6ce20b3] 199.204.45.144 "GET /resource_providers/661aafa1-d874-4310-82aa-fd026b94b53b/allocations" status: 200 len: 540 microversion: 1.0 [pid: 7|app: 0|req: 575/1154] 199.204.45.144 () {32 vars in 857 bytes} [Tue Apr 21 04:46:12 2026] GET /resource_providers/661aafa1-d874-4310-82aa-fd026b94b53b/allocations => generated 540 bytes in 18 msecs (HTTP/1.1 200) 6 headers in 224 bytes (1 switches on core 0)
2026-04-21 04:46:12.149 8 INFO placement.requestlog [req-c3346378-bc3f-407f-b64a-dcdf8924de11 req-773e9493-2983-47ca-911e-2c987fd4b78a d579a823a89a454c81efb183a9f8787f c406146ef9f2471e88f748c7c91d3d69 - - f926ddba5eeb477eb94cd91fb6ce20b3 f926ddba5eeb477eb94cd91fb6ce20b3] 199.204.45.144 "GET /allocations/6eaf4865-f0b3-4aa2-aeb9-738b562e4847" status: 200 len: 258 microversion: 1.28 [pid: 8|app: 0|req: 580/1155] 199.204.45.144 () {34 vars in 863 bytes} [Tue Apr 21 04:46:12 2026] GET /allocations/6eaf4865-f0b3-4aa2-aeb9-738b562e4847 => generated 258 bytes in 16 msecs (HTTP/1.1 200) 8 headers in 296 bytes (1 switches on core 0)
2026-04-21 04:46:12.170 7 INFO placement.requestlog [req-c3346378-bc3f-407f-b64a-dcdf8924de11 req-7ed3f99f-a98f-403e-b1ee-88e92cc46283 d579a823a89a454c81efb183a9f8787f c406146ef9f2471e88f748c7c91d3d69 - - f926ddba5eeb477eb94cd91fb6ce20b3 f926ddba5eeb477eb94cd91fb6ce20b3] 199.204.45.144 "GET /allocations/3605f2a4-881b-4e64-996c-6a39db4d2b92" status: 200 len: 258 microversion: 1.28 [pid: 7|app: 0|req: 576/1156] 199.204.45.144 () {34 vars in 863 bytes} [Tue Apr 21 04:46:12 2026] GET /allocations/3605f2a4-881b-4e64-996c-6a39db4d2b92 => generated 258 bytes in 12 msecs (HTTP/1.1 200) 8 headers in 296 bytes (1 switches on core 0)
2026-04-21 04:46:12.189 8 INFO placement.requestlog [req-c3346378-bc3f-407f-b64a-dcdf8924de11 req-e31b32f1-39d9-4fd0-a307-69b4c88aea27 d579a823a89a454c81efb183a9f8787f c406146ef9f2471e88f748c7c91d3d69 - - f926ddba5eeb477eb94cd91fb6ce20b3 f926ddba5eeb477eb94cd91fb6ce20b3] 199.204.45.144 "GET /allocations/2c94cc9b-8d2c-4090-a0c9-37858ab44937" status: 200 len: 258 microversion: 1.28 [pid: 8|app: 0|req: 581/1157] 199.204.45.144 () {34 vars in 863 bytes} [Tue Apr 21 04:46:12 2026] GET /allocations/2c94cc9b-8d2c-4090-a0c9-37858ab44937 => generated 258 bytes in 12 msecs (HTTP/1.1 200) 8 headers in 296 bytes (1 switches on core 0)
2026-04-21 04:46:12.210 7 INFO placement.requestlog [req-c3346378-bc3f-407f-b64a-dcdf8924de11 req-9c456b2c-7e10-488a-8efe-6cf2abad770f d579a823a89a454c81efb183a9f8787f c406146ef9f2471e88f748c7c91d3d69 - - f926ddba5eeb477eb94cd91fb6ce20b3 f926ddba5eeb477eb94cd91fb6ce20b3] 199.204.45.144 "GET /allocations/4f5912e6-9698-4d37-ac86-cad09fd8afef" status: 200 len: 258 microversion: 1.28 [pid: 7|app: 0|req: 577/1158] 199.204.45.144 () {34 vars in 863 bytes} [Tue Apr 21 04:46:12 2026] GET /allocations/4f5912e6-9698-4d37-ac86-cad09fd8afef => generated 258 bytes in 13 msecs (HTTP/1.1 200) 8 headers in 296 bytes (1 switches on core 0)
2026-04-21 04:46:12.231 8 INFO placement.requestlog [req-c3346378-bc3f-407f-b64a-dcdf8924de11 req-d1749c59-de49-42ac-bc1c-3596b9c77056 d579a823a89a454c81efb183a9f8787f c406146ef9f2471e88f748c7c91d3d69 - - f926ddba5eeb477eb94cd91fb6ce20b3 f926ddba5eeb477eb94cd91fb6ce20b3] 199.204.45.144 "GET /allocations/3bf6ac55-c098-41a9-b08a-12bb0def3a66" status: 200 len: 245 microversion: 1.28 [pid: 8|app: 0|req: 582/1159] 199.204.45.144 () {34 vars in 863 bytes} [Tue Apr 21 04:46:12 2026] GET /allocations/3bf6ac55-c098-41a9-b08a-12bb0def3a66 => generated 245 bytes in 13 msecs (HTTP/1.1 200) 8 headers in 296 bytes (1 switches on core 0)
2026-04-21 04:46:13.285 7 INFO placement.requestlog [req-c3346378-bc3f-407f-b64a-dcdf8924de11 req-30d28913-4ab9-42a9-8485-7a7ec474e60c d579a823a89a454c81efb183a9f8787f c406146ef9f2471e88f748c7c91d3d69 - - f926ddba5eeb477eb94cd91fb6ce20b3 f926ddba5eeb477eb94cd91fb6ce20b3] 199.204.45.144 "DELETE /allocations/2c94cc9b-8d2c-4090-a0c9-37858ab44937" status: 204 len: 0 microversion: 1.0 [pid: 7|app: 0|req: 578/1160] 199.204.45.144 () {34 vars in 841 bytes} [Tue Apr 21 04:46:13 2026] DELETE /allocations/2c94cc9b-8d2c-4090-a0c9-37858ab44937 => generated 0 bytes in 26 msecs (HTTP/1.1 204) 5 headers in 198 bytes (1 switches on core 0)
2026-04-21 04:46:19.158 8 INFO placement.requestlog [req-687c60b4-7de9-405f-8128-597944bc525c req-0fde1d8b-0991-4b59-ad5d-fe92810d01da d579a823a89a454c81efb183a9f8787f c406146ef9f2471e88f748c7c91d3d69 - - f926ddba5eeb477eb94cd91fb6ce20b3 f926ddba5eeb477eb94cd91fb6ce20b3] 199.204.45.144 "GET /resource_providers/661aafa1-d874-4310-82aa-fd026b94b53b/allocations" status: 200 len: 440 microversion: 1.0 [pid: 8|app: 0|req: 583/1161] 199.204.45.144 () {32 vars in 857 bytes} [Tue Apr 21 04:46:19 2026] GET /resource_providers/661aafa1-d874-4310-82aa-fd026b94b53b/allocations => generated 440 bytes in 20 msecs (HTTP/1.1 200) 6 headers in 224 bytes (1 switches on core 0)
2026-04-21 04:46:19.178 7 INFO placement.requestlog [req-687c60b4-7de9-405f-8128-597944bc525c req-5299dd28-647d-49d0-908a-7ca739e36c4f d579a823a89a454c81efb183a9f8787f c406146ef9f2471e88f748c7c91d3d69 - - f926ddba5eeb477eb94cd91fb6ce20b3 f926ddba5eeb477eb94cd91fb6ce20b3] 199.204.45.144 "GET /allocations/4f5912e6-9698-4d37-ac86-cad09fd8afef" status: 200 len: 258 microversion: 1.28 [pid: 7|app: 0|req: 579/1162] 199.204.45.144 () {34 vars in 863 bytes} [Tue Apr 21 04:46:19 2026] GET /allocations/4f5912e6-9698-4d37-ac86-cad09fd8afef => generated 258 bytes in 14 msecs (HTTP/1.1 200) 8 headers in 296 bytes (1 switches on core 0)
2026-04-21 04:46:19.197 8 INFO placement.requestlog [req-687c60b4-7de9-405f-8128-597944bc525c req-e3c24462-c717-436a-bceb-f7334c620756 d579a823a89a454c81efb183a9f8787f c406146ef9f2471e88f748c7c91d3d69 - - f926ddba5eeb477eb94cd91fb6ce20b3 f926ddba5eeb477eb94cd91fb6ce20b3] 199.204.45.144 "GET /allocations/6eaf4865-f0b3-4aa2-aeb9-738b562e4847" status: 200 len: 258 microversion: 1.28 [pid: 8|app: 0|req: 584/1163] 199.204.45.144 () {34 vars in 863 bytes} [Tue Apr 21 04:46:19 2026] GET /allocations/6eaf4865-f0b3-4aa2-aeb9-738b562e4847 => generated 258 bytes in 13 msecs (HTTP/1.1 200) 8 headers in 296 bytes (1 switches on core 0)
2026-04-21 04:46:19.218 7 INFO placement.requestlog [req-687c60b4-7de9-405f-8128-597944bc525c req-9fdf1524-a220-43d7-83f0-aebd94cee4b8 d579a823a89a454c81efb183a9f8787f c406146ef9f2471e88f748c7c91d3d69 - - f926ddba5eeb477eb94cd91fb6ce20b3 f926ddba5eeb477eb94cd91fb6ce20b3] 199.204.45.144 "GET /allocations/3bf6ac55-c098-41a9-b08a-12bb0def3a66" status: 200 len: 245 microversion: 1.28 [pid: 7|app: 0|req: 580/1164] 199.204.45.144 () {34 vars in 863 bytes} [Tue Apr 21 04:46:19 2026] GET /allocations/3bf6ac55-c098-41a9-b08a-12bb0def3a66 => generated 245 bytes in 14 msecs (HTTP/1.1 200) 8 headers in 296 bytes (1 switches on core 0)
2026-04-21 04:46:19.235 8 INFO placement.requestlog [req-687c60b4-7de9-405f-8128-597944bc525c req-dd752f6e-928b-48e0-b386-7a6fe2b21594 d579a823a89a454c81efb183a9f8787f c406146ef9f2471e88f748c7c91d3d69 - - f926ddba5eeb477eb94cd91fb6ce20b3 f926ddba5eeb477eb94cd91fb6ce20b3] 199.204.45.144 "GET /allocations/3605f2a4-881b-4e64-996c-6a39db4d2b92" status: 200 len: 258 microversion: 1.28 [pid: 8|app: 0|req: 585/1165] 199.204.45.144 () {34 vars in 863 bytes} [Tue Apr 21 04:46:19 2026] GET /allocations/3605f2a4-881b-4e64-996c-6a39db4d2b92 => generated 258 bytes in 13 msecs (HTTP/1.1 200) 8 headers in 296 bytes (1 switches on core 0)
2026-04-21 04:46:20.284 7 INFO placement.requestlog [req-687c60b4-7de9-405f-8128-597944bc525c req-06880e02-2262-4d23-938e-263d9f6a5831 d579a823a89a454c81efb183a9f8787f c406146ef9f2471e88f748c7c91d3d69 - - f926ddba5eeb477eb94cd91fb6ce20b3 f926ddba5eeb477eb94cd91fb6ce20b3] 199.204.45.144 "DELETE /allocations/6eaf4865-f0b3-4aa2-aeb9-738b562e4847" status: 204 len: 0 microversion: 1.0 [pid: 7|app: 0|req: 581/1166] 199.204.45.144 () {34 vars in 841 bytes} [Tue Apr 21 04:46:20 2026] DELETE /allocations/6eaf4865-f0b3-4aa2-aeb9-738b562e4847 => generated 0 bytes in 26 msecs (HTTP/1.1 204) 5 headers in 198 bytes (1 switches on core 0)
2026-04-21 04:46:22.034 8 INFO placement.requestlog [None req-627a3c4c-1f8e-4191-a156-bcaf837ae573 - - - - - -] 10.0.0.73 "GET /" status: 200 len: 136 microversion: 1.0
2026-04-21 04:46:22.034 7 INFO placement.requestlog [None req-6ffa942b-7931-4542-a5ba-65a0ec3dbf77 - - - - - -] 10.0.0.73 "GET /" status: 200 len: 136 microversion: 1.0
2026-04-21 04:46:23.696 8 INFO placement.requestlog [None req-ee568c70-8ab8-46ff-aadd-865f66004997 50f7e843a21c478ea253a3723f80a25c c406146ef9f2471e88f748c7c91d3d69 - - f926ddba5eeb477eb94cd91fb6ce20b3 f926ddba5eeb477eb94cd91fb6ce20b3] 10.0.0.98 "GET /resource_providers/63b84692-b388-40e3-81eb-7e40a5a2425d/aggregates" status: 404 len: 235 microversion: 1.1 [pid: 8|app: 0|req: 587/1169] 10.0.0.98 () {32 vars in 815 bytes} [Tue Apr 21 04:46:23 2026] GET /resource_providers/63b84692-b388-40e3-81eb-7e40a5a2425d/aggregates => generated 235 bytes in 52 msecs (HTTP/1.1 404) 5 headers in 202 bytes (1 switches on core 0)
2026-04-21 04:46:23.706 7 INFO placement.requestlog [None req-e1c6994b-686b-4c9e-9bb8-f02bfb5c9172 50f7e843a21c478ea253a3723f80a25c c406146ef9f2471e88f748c7c91d3d69 - - f926ddba5eeb477eb94cd91fb6ce20b3 f926ddba5eeb477eb94cd91fb6ce20b3] 10.0.0.98 "GET /resource_providers/63b84692-b388-40e3-81eb-7e40a5a2425d/aggregates" status: 404 len: 235 microversion: 1.1 [pid: 7|app: 0|req: 583/1170] 10.0.0.98 () {32 vars in 815 bytes} [Tue Apr 21 04:46:23 2026] GET /resource_providers/63b84692-b388-40e3-81eb-7e40a5a2425d/aggregates => generated 235 bytes in 61 msecs (HTTP/1.1 404) 5 headers in 202 bytes (1 switches on core 0)
2026-04-21 04:46:23.710 8 INFO placement.requestlog [None req-322b018d-8538-4cc4-9ac7-425613e9d85c 50f7e843a21c478ea253a3723f80a25c c406146ef9f2471e88f748c7c91d3d69 - - f926ddba5eeb477eb94cd91fb6ce20b3 f926ddba5eeb477eb94cd91fb6ce20b3] 10.0.0.98 "DELETE /resource_providers/63b84692-b388-40e3-81eb-7e40a5a2425d" status: 404 len: 246 microversion: 1.1 [pid: 8|app: 0|req: 588/1171] 10.0.0.98 () {34 vars in 815 bytes} [Tue Apr 21 04:46:23 2026] DELETE /resource_providers/63b84692-b388-40e3-81eb-7e40a5a2425d => generated 246 bytes in 6 msecs (HTTP/1.1 404) 6 headers in 231 bytes (1 switches on core 0)
2026-04-21 04:46:23.724 7 INFO placement.requestlog [None req-47936fcb-44c3-43a4-a23f-c6f122636d34 50f7e843a21c478ea253a3723f80a25c c406146ef9f2471e88f748c7c91d3d69 - - f926ddba5eeb477eb94cd91fb6ce20b3 f926ddba5eeb477eb94cd91fb6ce20b3] 10.0.0.98 "DELETE /resource_providers/63b84692-b388-40e3-81eb-7e40a5a2425d" status: 404 len: 246 microversion: 1.1 [pid: 7|app: 0|req: 584/1172] 10.0.0.98 () {34 vars in 815 bytes} [Tue Apr 21 04:46:23 2026] DELETE /resource_providers/63b84692-b388-40e3-81eb-7e40a5a2425d => generated 246 bytes in 10 msecs (HTTP/1.1 404) 6 headers in 231 bytes (1 switches on core 0)
2026-04-21 04:46:24.012 8 INFO placement.requestlog [None req-52859055-59e8-4ff0-9a72-57b06bbe99fd 50f7e843a21c478ea253a3723f80a25c c406146ef9f2471e88f748c7c91d3d69 - - f926ddba5eeb477eb94cd91fb6ce20b3 f926ddba5eeb477eb94cd91fb6ce20b3] 10.0.0.98 "GET /resource_providers/2a8a4156-b128-43c1-a40c-ed16d1829f13/aggregates" status: 404 len: 235 microversion: 1.1 [pid: 8|app: 0|req: 589/1173] 10.0.0.98 () {32 vars in 815 bytes} [Tue Apr 21 04:46:23 2026] GET /resource_providers/2a8a4156-b128-43c1-a40c-ed16d1829f13/aggregates => generated 235 bytes in 54 msecs (HTTP/1.1 404) 5 headers in 202 bytes (1 switches on core 0)
2026-04-21 04:46:24.032 8 INFO placement.requestlog [None req-dcd1a195-8aed-484a-93d1-0c5f7c6f699e 50f7e843a21c478ea253a3723f80a25c c406146ef9f2471e88f748c7c91d3d69 - - f926ddba5eeb477eb94cd91fb6ce20b3 f926ddba5eeb477eb94cd91fb6ce20b3] 10.0.0.98 "DELETE /resource_providers/2a8a4156-b128-43c1-a40c-ed16d1829f13" status: 404 len: 246 microversion: 1.1 [pid: 8|app: 0|req: 590/1174] 10.0.0.98 () {34 vars in 815 bytes} [Tue Apr 21 04:46:24 2026] DELETE /resource_providers/2a8a4156-b128-43c1-a40c-ed16d1829f13 => generated 246 bytes in 13 msecs (HTTP/1.1 404) 6 headers in 231 bytes (1 switches on core 0)
2026-04-21 04:46:24.033 7 INFO placement.requestlog [None req-d8c473fe-8618-407a-b257-cc8632a22a7b 50f7e843a21c478ea253a3723f80a25c c406146ef9f2471e88f748c7c91d3d69 - - f926ddba5eeb477eb94cd91fb6ce20b3 f926ddba5eeb477eb94cd91fb6ce20b3] 10.0.0.98 "GET /resource_providers/2a8a4156-b128-43c1-a40c-ed16d1829f13/aggregates" status: 404 len: 235 microversion: 1.1 [pid: 7|app: 0|req: 585/1175] 10.0.0.98 () {32 vars in 815 bytes} [Tue Apr 21 04:46:23 2026] GET /resource_providers/2a8a4156-b128-43c1-a40c-ed16d1829f13/aggregates => generated 235 bytes in 74 msecs (HTTP/1.1 404) 5 headers in 202 bytes (1 switches on core 0)
2026-04-21 04:46:24.055 8 INFO placement.requestlog [None req-d69cb695-af98-45b8-b699-ffaf87dca9e4 50f7e843a21c478ea253a3723f80a25c c406146ef9f2471e88f748c7c91d3d69 - - f926ddba5eeb477eb94cd91fb6ce20b3 f926ddba5eeb477eb94cd91fb6ce20b3] 10.0.0.98 "DELETE /resource_providers/2a8a4156-b128-43c1-a40c-ed16d1829f13" status: 404 len: 246 microversion: 1.1 [pid: 8|app: 0|req: 591/1176] 10.0.0.98 () {34 vars in 815 bytes} [Tue Apr 21 04:46:24 2026] DELETE /resource_providers/2a8a4156-b128-43c1-a40c-ed16d1829f13 => generated 246 bytes in 12 msecs (HTTP/1.1 404) 6 headers in 231 bytes (1 switches on core 0)
2026-04-21 04:46:27.864 7 INFO placement.requestlog [req-df211097-6c46-474e-89f1-ed51553ae74f req-6731b64c-b043-405f-bf51-1da6e182e062 d579a823a89a454c81efb183a9f8787f c406146ef9f2471e88f748c7c91d3d69 - - f926ddba5eeb477eb94cd91fb6ce20b3 f926ddba5eeb477eb94cd91fb6ce20b3] 199.204.45.144 "GET /resource_providers/661aafa1-d874-4310-82aa-fd026b94b53b/allocations" status: 200 len: 340 microversion: 1.0 [pid: 7|app: 0|req: 586/1177] 199.204.45.144 () {32 vars in 857 bytes} [Tue Apr 21 04:46:27 2026] GET /resource_providers/661aafa1-d874-4310-82aa-fd026b94b53b/allocations => generated 340 bytes in 19 msecs (HTTP/1.1 200) 6 headers in 224 bytes (1 switches on core 0)
2026-04-21 04:46:27.888 8 INFO placement.requestlog [req-df211097-6c46-474e-89f1-ed51553ae74f req-509f5d89-8ab7-4cfd-9739-5f5991de01da d579a823a89a454c81efb183a9f8787f c406146ef9f2471e88f748c7c91d3d69 - - f926ddba5eeb477eb94cd91fb6ce20b3 f926ddba5eeb477eb94cd91fb6ce20b3] 199.204.45.144 "GET /resource_providers/661aafa1-d874-4310-82aa-fd026b94b53b/allocations" status: 200 len: 340 microversion: 1.0 [pid: 8|app: 0|req: 592/1178] 199.204.45.144 () {32 vars in 857 bytes} [Tue Apr 21 04:46:27 2026] GET /resource_providers/661aafa1-d874-4310-82aa-fd026b94b53b/allocations => generated 340 bytes in 16 msecs (HTTP/1.1 200) 6 headers in 224 bytes (1 switches on core 0)
2026-04-21 04:46:27.909 7 INFO placement.requestlog [req-df211097-6c46-474e-89f1-ed51553ae74f req-464869a4-87e5-42d9-ab6a-31ee46bece98 d579a823a89a454c81efb183a9f8787f c406146ef9f2471e88f748c7c91d3d69 - - f926ddba5eeb477eb94cd91fb6ce20b3 f926ddba5eeb477eb94cd91fb6ce20b3] 199.204.45.144 "GET /allocations/4f5912e6-9698-4d37-ac86-cad09fd8afef" status: 200 len: 258 microversion: 1.28 [pid: 7|app: 0|req: 587/1179] 199.204.45.144 () {34 vars in 863 bytes} [Tue Apr 21 04:46:27 2026] GET /allocations/4f5912e6-9698-4d37-ac86-cad09fd8afef => generated 258 bytes in 13 msecs (HTTP/1.1 200) 8 headers in 296 bytes (1 switches on core 0)
2026-04-21 04:46:27.932 8 INFO placement.requestlog [req-df211097-6c46-474e-89f1-ed51553ae74f req-5c9f81ef-9315-4716-b11f-19f0c48e3739 d579a823a89a454c81efb183a9f8787f c406146ef9f2471e88f748c7c91d3d69 - - f926ddba5eeb477eb94cd91fb6ce20b3 f926ddba5eeb477eb94cd91fb6ce20b3] 199.204.45.144 "GET /allocations/3bf6ac55-c098-41a9-b08a-12bb0def3a66" status: 200 len: 245 microversion: 1.28 [pid: 8|app: 0|req: 593/1180] 199.204.45.144 () {34 vars in 863 bytes} [Tue Apr 21 04:46:27 2026] GET /allocations/3bf6ac55-c098-41a9-b08a-12bb0def3a66 => generated 245 bytes in 17 msecs (HTTP/1.1 200) 8 headers in 296 bytes (1 switches on core 0)
2026-04-21 04:46:27.953 7 INFO placement.requestlog [req-df211097-6c46-474e-89f1-ed51553ae74f req-bf57a4c2-c2cf-4803-8d64-e2ba41830eb6 d579a823a89a454c81efb183a9f8787f c406146ef9f2471e88f748c7c91d3d69 - - f926ddba5eeb477eb94cd91fb6ce20b3 f926ddba5eeb477eb94cd91fb6ce20b3] 199.204.45.144 "GET /allocations/3605f2a4-881b-4e64-996c-6a39db4d2b92" status: 200 len: 258 microversion: 1.28 [pid: 7|app: 0|req: 588/1181] 199.204.45.144 () {34 vars in 863 bytes} [Tue Apr 21 04:46:27 2026] GET /allocations/3605f2a4-881b-4e64-996c-6a39db4d2b92 => generated 258 bytes in 13 msecs (HTTP/1.1 200) 8 headers in 296 bytes (1 switches on core 0)
2026-04-21 04:46:32.034 7 INFO placement.requestlog [None req-439a341b-79ee-4481-80df-127585758a3e - - - - - -] 10.0.0.73 "GET /" status: 200 len: 136 microversion: 1.0
2026-04-21 04:46:32.033 8 INFO placement.requestlog [None req-6d79fd4c-cebe-42f3-a2e6-8b261657cd28 - - - - - -] 10.0.0.73 "GET /" status: 200 len: 136 microversion: 1.0
2026-04-21 04:46:33.294 8 INFO placement.requestlog [None req-3b721e31-008c-488a-a705-3f3df77fba4d 50f7e843a21c478ea253a3723f80a25c c406146ef9f2471e88f748c7c91d3d69 - - f926ddba5eeb477eb94cd91fb6ce20b3 f926ddba5eeb477eb94cd91fb6ce20b3] 10.0.0.98 "GET /resource_providers/3d02b248-d916-4e4b-a53c-ad0ca102c411/aggregates" status: 404 len: 235 microversion: 1.1 [pid: 8|app: 0|req: 595/1184] 10.0.0.98 () {32 vars in 815 bytes} [Tue Apr 21 04:46:33 2026] GET /resource_providers/3d02b248-d916-4e4b-a53c-ad0ca102c411/aggregates => generated 235 bytes in 8 msecs (HTTP/1.1 404) 5 headers in 202 bytes (1 switches on core 0)
2026-04-21 04:46:33.296 7 INFO placement.requestlog [None req-6f419f0a-11ef-4cf1-92da-ac63c7dec87e 50f7e843a21c478ea253a3723f80a25c c406146ef9f2471e88f748c7c91d3d69 - - f926ddba5eeb477eb94cd91fb6ce20b3 f926ddba5eeb477eb94cd91fb6ce20b3] 10.0.0.98 "GET /resource_providers/3d02b248-d916-4e4b-a53c-ad0ca102c411/aggregates" status: 404 len: 235 microversion: 1.1 [pid: 7|app: 0|req: 590/1185] 10.0.0.98 () {32 vars in 815 bytes} [Tue Apr 21 04:46:33 2026] GET /resource_providers/3d02b248-d916-4e4b-a53c-ad0ca102c411/aggregates => generated 235 bytes in 10 msecs (HTTP/1.1 404) 5 headers in 202 bytes (1 switches on core 0)
2026-04-21 04:46:33.311 8 INFO placement.requestlog [None req-e0868287-a3e8-4b69-98d5-25bc22610eb9 50f7e843a21c478ea253a3723f80a25c c406146ef9f2471e88f748c7c91d3d69 - - f926ddba5eeb477eb94cd91fb6ce20b3 f926ddba5eeb477eb94cd91fb6ce20b3] 10.0.0.98 "DELETE /resource_providers/3d02b248-d916-4e4b-a53c-ad0ca102c411" status: 404 len: 246 microversion: 1.1 [pid: 8|app: 0|req: 596/1186] 10.0.0.98 () {34 vars in 815 bytes} [Tue Apr 21 04:46:33 2026] DELETE /resource_providers/3d02b248-d916-4e4b-a53c-ad0ca102c411 => generated 246 bytes in 9 msecs (HTTP/1.1 404) 6 headers in 231 bytes (1 switches on core 0)
2026-04-21 04:46:33.311 7 INFO placement.requestlog [None req-ef6cf887-3207-4733-a936-a37fa12f6935 50f7e843a21c478ea253a3723f80a25c c406146ef9f2471e88f748c7c91d3d69 - - f926ddba5eeb477eb94cd91fb6ce20b3 f926ddba5eeb477eb94cd91fb6ce20b3] 10.0.0.98 "DELETE /resource_providers/3d02b248-d916-4e4b-a53c-ad0ca102c411" status: 404 len: 246 microversion: 1.1 [pid: 7|app: 0|req: 591/1187] 10.0.0.98 () {34 vars in 815 bytes} [Tue Apr 21 04:46:33 2026] DELETE /resource_providers/3d02b248-d916-4e4b-a53c-ad0ca102c411 => generated 246 bytes in 8 msecs (HTTP/1.1 404) 6 headers in 231 bytes (1 switches on core 0)
2026-04-21 04:46:35.333 7 INFO placement.requestlog [None req-cde4a9d2-4fbd-473d-b712-f97247b3e9f5 50f7e843a21c478ea253a3723f80a25c c406146ef9f2471e88f748c7c91d3d69 - - f926ddba5eeb477eb94cd91fb6ce20b3 f926ddba5eeb477eb94cd91fb6ce20b3] 10.0.0.98 "GET /resource_providers/16ee54f2-1a18-4657-8c6a-ad1aa6d94248/aggregates" status: 404 len: 235 microversion: 1.1 [pid: 7|app: 0|req: 592/1188] 10.0.0.98 () {32 vars in 815 bytes} [Tue Apr 21 04:46:35 2026] GET /resource_providers/16ee54f2-1a18-4657-8c6a-ad1aa6d94248/aggregates => generated 235 bytes in 7 msecs (HTTP/1.1 404) 5 headers in 202 bytes (1 switches on core 0)
2026-04-21 04:46:35.334 8 INFO placement.requestlog [None req-223381df-d61f-4f6e-b940-a75bba1d1e10 50f7e843a21c478ea253a3723f80a25c c406146ef9f2471e88f748c7c91d3d69 - - f926ddba5eeb477eb94cd91fb6ce20b3 f926ddba5eeb477eb94cd91fb6ce20b3] 10.0.0.98 "GET /resource_providers/16ee54f2-1a18-4657-8c6a-ad1aa6d94248/aggregates" status: 404 len: 235 microversion: 1.1 [pid: 8|app: 0|req: 597/1189] 10.0.0.98 () {32 vars in 815 bytes} [Tue Apr 21 04:46:35 2026] GET /resource_providers/16ee54f2-1a18-4657-8c6a-ad1aa6d94248/aggregates => generated 235 bytes in 11 msecs (HTTP/1.1 404) 5 headers in 202 bytes (1 switches on core 0)
2026-04-21 04:46:35.356 8 INFO placement.requestlog [None req-c5059dc9-fbc6-4b8f-a0da-28302436ce97 50f7e843a21c478ea253a3723f80a25c c406146ef9f2471e88f748c7c91d3d69 - - f926ddba5eeb477eb94cd91fb6ce20b3 f926ddba5eeb477eb94cd91fb6ce20b3] 10.0.0.98 "DELETE /resource_providers/16ee54f2-1a18-4657-8c6a-ad1aa6d94248" status: 404 len: 246 microversion: 1.1 [pid: 8|app: 0|req: 598/1190] 10.0.0.98 () {34 vars in 815 bytes} [Tue Apr 21 04:46:35 2026] DELETE /resource_providers/16ee54f2-1a18-4657-8c6a-ad1aa6d94248 => generated 246 bytes in 9 msecs (HTTP/1.1 404) 6 headers in 231 bytes (1 switches on core 0)
2026-04-21 04:46:35.357 7 INFO placement.requestlog [None req-b9b61b44-95ba-4331-b18b-f95ba4199868 50f7e843a21c478ea253a3723f80a25c c406146ef9f2471e88f748c7c91d3d69 - - f926ddba5eeb477eb94cd91fb6ce20b3 f926ddba5eeb477eb94cd91fb6ce20b3] 10.0.0.98 "DELETE /resource_providers/16ee54f2-1a18-4657-8c6a-ad1aa6d94248" status: 404 len: 246 microversion: 1.1 [pid: 7|app: 0|req: 593/1191] 10.0.0.98 () {34 vars in 815 bytes} [Tue Apr 21 04:46:35 2026] DELETE /resource_providers/16ee54f2-1a18-4657-8c6a-ad1aa6d94248 => generated 246 bytes in 9 msecs (HTTP/1.1 404) 6 headers in 231 bytes (1 switches on core 0)
2026-04-21 04:46:35.380 8 INFO placement.requestlog [None req-f4fc0ff7-e6dc-45ec-a23b-61f54fe962b6 50f7e843a21c478ea253a3723f80a25c c406146ef9f2471e88f748c7c91d3d69 - - f926ddba5eeb477eb94cd91fb6ce20b3 f926ddba5eeb477eb94cd91fb6ce20b3] 10.0.0.98 "GET /resource_providers/e1e1cd37-cf80-484f-a6ec-bd2b6b277aa2/aggregates" status: 404 len: 235 microversion: 1.1 [pid: 8|app: 0|req: 599/1192] 10.0.0.98 () {32 vars in 815 bytes} [Tue Apr 21 04:46:35 2026] GET /resource_providers/e1e1cd37-cf80-484f-a6ec-bd2b6b277aa2/aggregates => generated 235 bytes in 9 msecs (HTTP/1.1 404) 5 headers in 202 bytes (1 switches on core 0)
2026-04-21 04:46:35.381 7 INFO placement.requestlog [None req-20813689-0f74-43de-a8c2-bae358c3679f 50f7e843a21c478ea253a3723f80a25c c406146ef9f2471e88f748c7c91d3d69 - - f926ddba5eeb477eb94cd91fb6ce20b3 f926ddba5eeb477eb94cd91fb6ce20b3] 10.0.0.98 "GET /resource_providers/e1e1cd37-cf80-484f-a6ec-bd2b6b277aa2/aggregates" status: 404 len: 235 microversion: 1.1 [pid: 7|app: 0|req: 594/1193] 10.0.0.98 () {32 vars in 815 bytes} [Tue Apr 21 04:46:35 2026] GET /resource_providers/e1e1cd37-cf80-484f-a6ec-bd2b6b277aa2/aggregates => generated 235 bytes in 10 msecs (HTTP/1.1 404) 5 headers in 202 bytes (1 switches on core 0)
2026-04-21 04:46:35.395 8 INFO placement.requestlog [None req-14feb957-ec56-4f0f-b680-b6b31006be65 50f7e843a21c478ea253a3723f80a25c c406146ef9f2471e88f748c7c91d3d69 - - f926ddba5eeb477eb94cd91fb6ce20b3 f926ddba5eeb477eb94cd91fb6ce20b3] 10.0.0.98 "DELETE /resource_providers/e1e1cd37-cf80-484f-a6ec-bd2b6b277aa2" status: 404 len: 246 microversion: 1.1 [pid: 8|app: 0|req: 600/1194] 10.0.0.98 () {34 vars in 815 bytes} [Tue Apr 21 04:46:35 2026] DELETE /resource_providers/e1e1cd37-cf80-484f-a6ec-bd2b6b277aa2 => generated 246 bytes in 5 msecs (HTTP/1.1 404) 6 headers in 231 bytes (1 switches on core 0)
2026-04-21 04:46:35.398 7 INFO placement.requestlog [None req-0795bf44-5a91-447a-a962-b0379add86c9 50f7e843a21c478ea253a3723f80a25c c406146ef9f2471e88f748c7c91d3d69 - - f926ddba5eeb477eb94cd91fb6ce20b3 f926ddba5eeb477eb94cd91fb6ce20b3] 10.0.0.98 "DELETE /resource_providers/e1e1cd37-cf80-484f-a6ec-bd2b6b277aa2" status: 404 len: 246 microversion: 1.1 [pid: 7|app: 0|req: 595/1195] 10.0.0.98 () {34 vars in 815 bytes} [Tue Apr 21 04:46:35 2026] DELETE /resource_providers/e1e1cd37-cf80-484f-a6ec-bd2b6b277aa2 => generated 246 bytes in 6 msecs (HTTP/1.1 404) 6 headers in 231 bytes (1 switches on core 0)
2026-04-21 04:46:35.413 8 INFO placement.requestlog [None req-0394c56a-57ac-4ea9-b665-54755321942c 50f7e843a21c478ea253a3723f80a25c c406146ef9f2471e88f748c7c91d3d69 - - f926ddba5eeb477eb94cd91fb6ce20b3 f926ddba5eeb477eb94cd91fb6ce20b3] 10.0.0.98 "GET /resource_providers/d726b2b6-f1ee-4b18-bbe1-0e95e92943ce/aggregates" status: 404 len: 235 microversion: 1.1 [pid: 8|app: 0|req: 601/1196] 10.0.0.98 () {32 vars in 815 bytes} [Tue Apr 21 04:46:35 2026] GET /resource_providers/d726b2b6-f1ee-4b18-bbe1-0e95e92943ce/aggregates => generated 235 bytes in 8 msecs (HTTP/1.1 404) 5 headers in 202 bytes (1 switches on core 0)
2026-04-21 04:46:35.421 7 INFO placement.requestlog [None req-2c249690-30f5-431c-b78b-7b474bef9bfe 50f7e843a21c478ea253a3723f80a25c c406146ef9f2471e88f748c7c91d3d69 - - f926ddba5eeb477eb94cd91fb6ce20b3 f926ddba5eeb477eb94cd91fb6ce20b3] 10.0.0.98 "GET /resource_providers/d726b2b6-f1ee-4b18-bbe1-0e95e92943ce/aggregates" status: 404 len: 235 microversion: 1.1 [pid: 7|app: 0|req: 596/1197] 10.0.0.98 () {32 vars in 815 bytes} [Tue Apr 21 04:46:35 2026] GET /resource_providers/d726b2b6-f1ee-4b18-bbe1-0e95e92943ce/aggregates => generated 235 bytes in 8 msecs (HTTP/1.1 404) 5 headers in 202 bytes (1 switches on core 0)
2026-04-21 04:46:35.433 8 INFO placement.requestlog [None req-c65d09bd-dd82-450d-b696-201b8391c287 50f7e843a21c478ea253a3723f80a25c c406146ef9f2471e88f748c7c91d3d69 - - f926ddba5eeb477eb94cd91fb6ce20b3 f926ddba5eeb477eb94cd91fb6ce20b3] 10.0.0.98 "DELETE /resource_providers/d726b2b6-f1ee-4b18-bbe1-0e95e92943ce" status: 404 len: 246 microversion: 1.1 [pid: 8|app: 0|req: 602/1198] 10.0.0.98 () {34 vars in 815 bytes} [Tue Apr 21 04:46:35 2026] DELETE /resource_providers/d726b2b6-f1ee-4b18-bbe1-0e95e92943ce => generated 246 bytes in 13 msecs (HTTP/1.1 404) 6 headers in 231 bytes (1 switches on core 0)
2026-04-21 04:46:35.446 7 INFO placement.requestlog [None req-bf07ca3d-325e-4277-b6e2-71ec965334d0 50f7e843a21c478ea253a3723f80a25c c406146ef9f2471e88f748c7c91d3d69 - - f926ddba5eeb477eb94cd91fb6ce20b3 f926ddba5eeb477eb94cd91fb6ce20b3] 10.0.0.98 "DELETE /resource_providers/d726b2b6-f1ee-4b18-bbe1-0e95e92943ce" status: 404 len: 246 microversion: 1.1 [pid: 7|app: 0|req: 597/1199] 10.0.0.98 () {34 vars in 815 bytes} [Tue Apr 21 04:46:35 2026] DELETE /resource_providers/d726b2b6-f1ee-4b18-bbe1-0e95e92943ce => generated 246 bytes in 9 msecs (HTTP/1.1 404) 6 headers in 231 bytes (1 switches on core 0)
2026-04-21 04:46:35.451 8 INFO placement.requestlog [None req-213aed1b-95f8-4d1c-83cd-de4f0a5839e6 50f7e843a21c478ea253a3723f80a25c c406146ef9f2471e88f748c7c91d3d69 - - f926ddba5eeb477eb94cd91fb6ce20b3 f926ddba5eeb477eb94cd91fb6ce20b3] 10.0.0.98 "GET /resource_providers/afd91d53-a55a-4cbd-9470-376630149d57/aggregates" status: 404 len: 235 microversion: 1.1 [pid: 8|app: 0|req: 603/1200] 10.0.0.98 () {32 vars in 815 bytes} [Tue Apr 21 04:46:35 2026] GET /resource_providers/afd91d53-a55a-4cbd-9470-376630149d57/aggregates => generated 235 bytes in 9 msecs (HTTP/1.1 404) 5 headers in 202 bytes (1 switches on core 0)
2026-04-21 04:46:35.469 7 INFO placement.requestlog [None req-24c10c8c-0f28-431a-be38-eb395bf0bd16 50f7e843a21c478ea253a3723f80a25c c406146ef9f2471e88f748c7c91d3d69 - - f926ddba5eeb477eb94cd91fb6ce20b3 f926ddba5eeb477eb94cd91fb6ce20b3] 10.0.0.98 "GET /resource_providers/afd91d53-a55a-4cbd-9470-376630149d57/aggregates" status: 404 len: 235 microversion: 1.1 [pid: 7|app: 0|req: 598/1201] 10.0.0.98 () {32 vars in 815 bytes} [Tue Apr 21 04:46:35 2026] GET /resource_providers/afd91d53-a55a-4cbd-9470-376630149d57/aggregates => generated 235 bytes in 8 msecs (HTTP/1.1 404) 5 headers in 202 bytes (1 switches on core 0)
2026-04-21 04:46:35.471 8 INFO placement.requestlog [None req-43a657b1-7f36-4400-b05d-a59726063718 50f7e843a21c478ea253a3723f80a25c c406146ef9f2471e88f748c7c91d3d69 - - f926ddba5eeb477eb94cd91fb6ce20b3 f926ddba5eeb477eb94cd91fb6ce20b3] 10.0.0.98 "DELETE /resource_providers/afd91d53-a55a-4cbd-9470-376630149d57" status: 404 len: 246 microversion: 1.1 [pid: 8|app: 0|req: 604/1202] 10.0.0.98 () {34 vars in 815 bytes} [Tue Apr 21 04:46:35 2026] DELETE /resource_providers/afd91d53-a55a-4cbd-9470-376630149d57 => generated 246 bytes in 9 msecs (HTTP/1.1 404) 6 headers in 231 bytes (1 switches on core 0)
2026-04-21 04:46:35.487 7 INFO placement.requestlog [None req-e4facd04-9525-4e1b-8f5b-c4d7d7d2dfc3 50f7e843a21c478ea253a3723f80a25c c406146ef9f2471e88f748c7c91d3d69 - - f926ddba5eeb477eb94cd91fb6ce20b3 f926ddba5eeb477eb94cd91fb6ce20b3] 10.0.0.98 "DELETE /resource_providers/afd91d53-a55a-4cbd-9470-376630149d57" status: 404 len: 246 microversion: 1.1 [pid: 7|app: 0|req: 599/1203] 10.0.0.98 () {34 vars in 815 bytes} [Tue Apr 21 04:46:35 2026] DELETE /resource_providers/afd91d53-a55a-4cbd-9470-376630149d57 => generated 246 bytes in 8 msecs (HTTP/1.1 404) 6 headers in 231 bytes (1 switches on core 0)
2026-04-21 04:46:42.034 8 INFO placement.requestlog [None req-8cceed95-1772-4e74-a768-a60f71a7a8b7 - - - - - -] 10.0.0.73 "GET /" status: 200 len: 136 microversion: 1.0
2026-04-21 04:46:42.035 7 INFO placement.requestlog [None req-a588ede4-9055-44a8-a122-1a3541404711 - - - - - -] 10.0.0.73 "GET /" status: 200 len: 136 microversion: 1.0
2026-04-21 04:46:51.213 8 INFO placement.requestlog [None req-89313b4e-9670-4fa8-b048-099238b38b3c 50f7e843a21c478ea253a3723f80a25c c406146ef9f2471e88f748c7c91d3d69 - - f926ddba5eeb477eb94cd91fb6ce20b3 f926ddba5eeb477eb94cd91fb6ce20b3] 10.0.0.98 "GET /resource_providers/fb8cfa46-9817-4d78-a3a9-d71b607ae9e9/aggregates" status: 404 len: 235 microversion: 1.1 [pid: 8|app: 0|req: 606/1206] 10.0.0.98 () {32 vars in 815 bytes} [Tue Apr 21 04:46:51 2026] GET /resource_providers/fb8cfa46-9817-4d78-a3a9-d71b607ae9e9/aggregates => generated 235 bytes in 14 msecs (HTTP/1.1 404) 5 headers in 202 bytes (1 switches on core 0)
