Apr 22 02:42:32.290111 np0000169031 devstack@neutron-api.service[104002]: DEBUG oslo_concurrency.lockutils [None req-7845c310-e19c-478a-ab46-a609821edf4e None None] Releasing lock "singleton_lock" {{(pid=104002) lock /opt/stack/data/venv/lib/python3.12/site-packages/oslo_concurrency/lockutils.py:413}}
Apr 22 02:42:32.290716 np0000169031 devstack@neutron-api.service[104004]: DEBUG neutron.api.extensions [None req-67908cfa-44a7-4886-99a6-5439df9a4edc None None] Extended resource: tags {{(pid=104004) __init__ /opt/stack/neutron/neutron/api/extensions.py:156}}
Apr 22 02:42:32.291971 np0000169031 devstack@neutron-api.service[104004]: DEBUG neutron.api.extensions [None req-67908cfa-44a7-4886-99a6-5439df9a4edc None None] Extended resource: tags {{(pid=104004) __init__ /opt/stack/neutron/neutron/api/extensions.py:156}}
Apr 22 02:42:32.292125 np0000169031 devstack@neutron-api.service[104003]: DEBUG neutron.api.v2.resource_helper [None req-579a90df-f2f8-4949-ac8c-d75090735e42 None None] Service L3_ROUTER_NAT assigned prefix: {{(pid=104003) build_resource_info /opt/stack/neutron/neutron/api/v2/resource_helper.py:77}}
Apr 22 02:42:32.292441 np0000169031 devstack@neutron-api.service[104004]: DEBUG neutron.api.extensions [None req-67908cfa-44a7-4886-99a6-5439df9a4edc None None] Extended resource: tags {{(pid=104004) __init__ /opt/stack/neutron/neutron/api/extensions.py:156}}
Apr 22 02:42:32.292530 np0000169031 devstack@neutron-api.service[104003]: DEBUG neutron.api.v2.resource_helper [None req-579a90df-f2f8-4949-ac8c-d75090735e42 None None] Service FLAVORS assigned prefix: {{(pid=104003) build_resource_info /opt/stack/neutron/neutron/api/v2/resource_helper.py:77}}
Apr 22 02:42:32.293224 np0000169031 devstack@neutron-api.service[104004]: DEBUG neutron.api.extensions [None req-67908cfa-44a7-4886-99a6-5439df9a4edc None None] Extended resource: tags {{(pid=104004) __init__ /opt/stack/neutron/neutron/api/extensions.py:156}}
Apr 22 02:42:32.293365 np0000169031 devstack@neutron-api.service[104003]: DEBUG neutron.api.v2.resource_helper [None req-579a90df-f2f8-4949-ac8c-d75090735e42 None None] Service L3_ROUTER_NAT assigned prefix: {{(pid=104003) build_resource_info /opt/stack/neutron/neutron/api/v2/resource_helper.py:77}}
Apr 22 02:42:32.293459 np0000169031 devstack@neutron-api.service[104002]: DEBUG neutron.plugins.ml2.drivers.ovn.mech_driver.mech_driver [None req-7845c310-e19c-478a-ab46-a609821edf4e None None] Hash Ring setup using WSGI start time 2026-04-22 02:42:24+00:00 {{(pid=104002) _init_hash_ring /opt/stack/neutron/neutron/plugins/ml2/drivers/ovn/mech_driver/mech_driver.py:402}}
Apr 22 02:42:32.293807 np0000169031 devstack@neutron-api.service[104003]: DEBUG neutron.api.v2.resource_helper [None req-579a90df-f2f8-4949-ac8c-d75090735e42 None None] Service L3_ROUTER_NAT assigned prefix: {{(pid=104003) build_resource_info /opt/stack/neutron/neutron/api/v2/resource_helper.py:77}}
Apr 22 02:42:32.293938 np0000169031 devstack@neutron-api.service[104003]: INFO neutron.quota.resource_registry [None req-579a90df-f2f8-4949-ac8c-d75090735e42 None None] Creating instance of TrackedResource for resource:router
Apr 22 02:42:32.294002 np0000169031 devstack@neutron-api.service[104004]: DEBUG neutron.api.extensions [None req-67908cfa-44a7-4886-99a6-5439df9a4edc None None] Extended resource: tags {{(pid=104004) __init__ /opt/stack/neutron/neutron/api/extensions.py:156}}
Apr 22 02:42:32.294080 np0000169031 devstack@neutron-api.service[104003]: WARNING neutron.quota.resource_registry [None req-579a90df-f2f8-4949-ac8c-d75090735e42 None None] router is already registered
Apr 22 02:42:32.294473 np0000169031 devstack@neutron-api.service[104003]: INFO neutron.quota.resource_registry [None req-579a90df-f2f8-4949-ac8c-d75090735e42 None None] Creating instance of TrackedResource for resource:floatingip
Apr 22 02:42:32.294568 np0000169031 devstack@neutron-api.service[104003]: WARNING neutron.quota.resource_registry [None req-579a90df-f2f8-4949-ac8c-d75090735e42 None None] floatingip is already registered
Apr 22 02:42:32.295579 np0000169031 devstack@neutron-api.service[104003]: INFO neutron.quota.resource_registry [None req-579a90df-f2f8-4949-ac8c-d75090735e42 None None] Creating instance of CountableResource for resource:rbac_policy
Apr 22 02:42:32.295683 np0000169031 devstack@neutron-api.service[104003]: WARNING neutron.quota.resource_registry [None req-579a90df-f2f8-4949-ac8c-d75090735e42 None None] rbac_policy is already registered
Apr 22 02:42:32.296249 np0000169031 devstack@neutron-api.service[104003]: INFO neutron.quota.resource_registry [None req-579a90df-f2f8-4949-ac8c-d75090735e42 None None] Creating instance of TrackedResource for resource:security_group
Apr 22 02:42:32.296374 np0000169031 devstack@neutron-api.service[104003]: WARNING neutron.quota.resource_registry [None req-579a90df-f2f8-4949-ac8c-d75090735e42 None None] security_group is already registered
Apr 22 02:42:32.296730 np0000169031 devstack@neutron-api.service[104003]: INFO neutron.quota.resource_registry [None req-579a90df-f2f8-4949-ac8c-d75090735e42 None None] Creating instance of TrackedResource for resource:security_group_rule
Apr 22 02:42:32.296845 np0000169031 devstack@neutron-api.service[104003]: WARNING neutron.quota.resource_registry [None req-579a90df-f2f8-4949-ac8c-d75090735e42 None None] security_group_rule is already registered
Apr 22 02:42:32.297345 np0000169031 devstack@neutron-api.service[104004]: WARNING keystonemiddleware.auth_token [None req-67908cfa-44a7-4886-99a6-5439df9a4edc None None] AuthToken middleware is set with keystone_authtoken.service_token_roles_required set to False. This is backwards compatible but deprecated behaviour. Please set this to True.
Apr 22 02:42:32.297468 np0000169031 devstack@neutron-api.service[104003]: DEBUG neutron.api.v2.resource_helper [None req-579a90df-f2f8-4949-ac8c-d75090735e42 None None] Service CORE assigned prefix: {{(pid=104003) build_resource_info /opt/stack/neutron/neutron/api/v2/resource_helper.py:77}}
Apr 22 02:42:32.297887 np0000169031 devstack@neutron-api.service[104003]: INFO neutron.quota.resource_registry [None req-579a90df-f2f8-4949-ac8c-d75090735e42 None None] Creating instance of TrackedResource for resource:subnetpool
Apr 22 02:42:32.297887 np0000169031 devstack@neutron-api.service[104003]: WARNING neutron.quota.resource_registry [None req-579a90df-f2f8-4949-ac8c-d75090735e42 None None] subnetpool is already registered
Apr 22 02:42:32.298183 np0000169031 devstack@neutron-api.service[104003]: DEBUG neutron.api.extensions [None req-579a90df-f2f8-4949-ac8c-d75090735e42 None None] Extended resource: extensions {{(pid=104003) __init__ /opt/stack/neutron/neutron/api/extensions.py:156}}
Apr 22 02:42:32.298917 np0000169031 devstack@neutron-api.service[104003]: DEBUG neutron.api.extensions [None req-579a90df-f2f8-4949-ac8c-d75090735e42 None None] Extended resource: address-groups {{(pid=104003) __init__ /opt/stack/neutron/neutron/api/extensions.py:156}}
Apr 22 02:42:32.299702 np0000169031 devstack@neutron-api.service[104003]: DEBUG neutron.api.extensions [None req-579a90df-f2f8-4949-ac8c-d75090735e42 None None] Extended resource: address-scopes {{(pid=104003) __init__ /opt/stack/neutron/neutron/api/extensions.py:156}}
Apr 22 02:42:32.300118 np0000169031 devstack@neutron-api.service[104002]: INFO neutron.db.ovn_hash_ring_db [None req-7845c310-e19c-478a-ab46-a609821edf4e None None] Nodes from host "np0000169031" and group "mechanism_driver" removed from the Hash Ring created at 2026-04-22 02:42:24+00:00
Apr 22 02:42:32.300147 np0000169031 devstack@neutron-api.service[104003]: DEBUG neutron.api.extensions [None req-579a90df-f2f8-4949-ac8c-d75090735e42 None None] Extended resource: agents {{(pid=104003) __init__ /opt/stack/neutron/neutron/api/extensions.py:156}}
Apr 22 02:42:32.300606 np0000169031 devstack@neutron-api.service[104003]: DEBUG neutron.api.extensions [None req-579a90df-f2f8-4949-ac8c-d75090735e42 None None] Extended resource: auto-allocated-topology {{(pid=104003) __init__ /opt/stack/neutron/neutron/api/extensions.py:156}}
Apr 22 02:42:32.301159 np0000169031 devstack@neutron-api.service[104003]: DEBUG neutron.api.extensions [None req-579a90df-f2f8-4949-ac8c-d75090735e42 None None] Extended resource: availability_zones {{(pid=104003) __init__ /opt/stack/neutron/neutron/api/extensions.py:156}}
Apr 22 02:42:32.301668 np0000169031 devstack@neutron-api.service[104003]: DEBUG neutron.api.extensions [None req-579a90df-f2f8-4949-ac8c-d75090735e42 None None] Extended resource: dhcp-networks {{(pid=104003) __init__ /opt/stack/neutron/neutron/api/extensions.py:156}}
Apr 22 02:42:32.302376 np0000169031 devstack@neutron-api.service[104003]: DEBUG neutron.api.extensions [None req-579a90df-f2f8-4949-ac8c-d75090735e42 None None] Extended resource: dhcp-agents {{(pid=104003) __init__ /opt/stack/neutron/neutron/api/extensions.py:156}}
Apr 22 02:42:32.302801 np0000169031 devstack@neutron-api.service[104002]: INFO neutron.db.ovn_hash_ring_db [None req-7845c310-e19c-478a-ab46-a609821edf4e None None] Node 97f3da9929605ff1aea5bd4f49a10576 from host "np0000169031" and group "mechanism_driver" added to the Hash Ring
Apr 22 02:42:32.303047 np0000169031 devstack@neutron-api.service[104003]: DEBUG neutron.api.extensions [None req-579a90df-f2f8-4949-ac8c-d75090735e42 None None] Extended resource: routers {{(pid=104003) __init__ /opt/stack/neutron/neutron/api/extensions.py:156}}
Apr 22 02:42:32.304025 np0000169031 devstack@neutron-api.service[104003]: DEBUG neutron.api.extensions [None req-579a90df-f2f8-4949-ac8c-d75090735e42 None None] Extended resource: flavors {{(pid=104003) __init__ /opt/stack/neutron/neutron/api/extensions.py:156}}
Apr 22 02:42:32.304406 np0000169031 devstack@neutron-api.service[104004]: DEBUG neutron_lib.callbacks.manager [None req-67908cfa-44a7-4886-99a6-5439df9a4edc None None] Publish callbacks ['neutron.plugins.ml2.drivers.ovn.mech_driver.mech_driver.OVNMechanismDriver.pre_fork_initialize-251480'] for process (None), before_spawn {{(pid=104004) _notify_loop /opt/stack/data/venv/lib/python3.12/site-packages/neutron_lib/callbacks/manager.py:184}}
Apr 22 02:42:32.304573 np0000169031 devstack@neutron-api.service[104003]: DEBUG neutron.api.extensions [None req-579a90df-f2f8-4949-ac8c-d75090735e42 None None] Extended resource: service_profiles {{(pid=104003) __init__ /opt/stack/neutron/neutron/api/extensions.py:156}}
Apr 22 02:42:32.305091 np0000169031 devstack@neutron-api.service[104004]: DEBUG oslo_concurrency.processutils [None req-67908cfa-44a7-4886-99a6-5439df9a4edc None None] Running cmd (subprocess): ovsdb-client transact ssl:199.19.213.35:6641 --timeout 180 -p /opt/stack/data/CA/int-ca/private/devstack-cert.key -c /opt/stack/data/CA/int-ca/devstack-cert.crt -C /opt/stack/data/CA/int-ca/ca-chain.pem ["OVN_Northbound", {"op": "wait", "timeout": 0, "table": "Port_Group", "where": [["name", "==", "neutron_pg_drop"]], "until": "==", "rows": []}, {"op": "insert", "table": "ACL", "row": {"action": "drop", "direction": "to-lport", "match": "outport == @neutron_pg_drop && ip", "priority": 1001}, "uuid-name": "droptoport"}, {"op": "insert", "table": "ACL", "row": {"action": "drop", "direction": "from-lport", "match": "inport == @neutron_pg_drop && ip", "priority": 1001}, "uuid-name": "dropfromport"}, {"op": "insert", "table": "Port_Group", "row": {"name": "neutron_pg_drop", "acls": ["set", [["named-uuid", "droptoport"], ["named-uuid", "dropfromport"]]]}}] {{(pid=104004) execute /opt/stack/data/venv/lib/python3.12/site-packages/oslo_concurrency/processutils.py:440}}
Apr 22 02:42:32.305208 np0000169031 devstack@neutron-api.service[104003]: DEBUG neutron.api.extensions [None req-579a90df-f2f8-4949-ac8c-d75090735e42 None None] Extended resource: next_providers {{(pid=104003) __init__ /opt/stack/neutron/neutron/api/extensions.py:156}}
Apr 22 02:42:32.305830 np0000169031 devstack@neutron-api.service[104003]: DEBUG neutron.api.extensions [None req-579a90df-f2f8-4949-ac8c-d75090735e42 None None] Extended resource: service_profiles {{(pid=104003) __init__ /opt/stack/neutron/neutron/api/extensions.py:156}}
Apr 22 02:42:32.306254 np0000169031 devstack@neutron-api.service[104002]: DEBUG neutron.plugins.ml2.drivers.ovn.mech_driver.mech_driver [None req-7845c310-e19c-478a-ab46-a609821edf4e None None] Hash Ring setup, this worker has detected 2 OVN hash ring registers in the database {{(pid=104002) _init_hash_ring /opt/stack/neutron/neutron/plugins/ml2/drivers/ovn/mech_driver/mech_driver.py:412}}
Apr 22 02:42:32.306590 np0000169031 devstack@neutron-api.service[104003]: DEBUG neutron.api.extensions [None req-579a90df-f2f8-4949-ac8c-d75090735e42 None None] Extended resource: floatingip-pools {{(pid=104003) __init__ /opt/stack/neutron/neutron/api/extensions.py:156}}
Apr 22 02:42:32.307150 np0000169031 devstack@neutron-api.service[104003]: DEBUG neutron.api.extensions [None req-579a90df-f2f8-4949-ac8c-d75090735e42 None None] Extended resource: routers {{(pid=104003) __init__ /opt/stack/neutron/neutron/api/extensions.py:156}}
Apr 22 02:42:32.308174 np0000169031 devstack@neutron-api.service[104003]: DEBUG neutron.api.extensions [None req-579a90df-f2f8-4949-ac8c-d75090735e42 None None] Extended resource: floatingips {{(pid=104003) __init__ /opt/stack/neutron/neutron/api/extensions.py:156}}
Apr 22 02:42:32.308691 np0000169031 devstack@neutron-api.service[104003]: DEBUG neutron.api.extensions [None req-579a90df-f2f8-4949-ac8c-d75090735e42 None None] Extended resource: network-ip-availabilities {{(pid=104003) __init__ /opt/stack/neutron/neutron/api/extensions.py:156}}
Apr 22 02:42:32.309265 np0000169031 devstack@neutron-api.service[104003]: DEBUG neutron.api.extensions [None req-579a90df-f2f8-4949-ac8c-d75090735e42 None None] Extended resource: network-ip-availabilities {{(pid=104003) __init__ /opt/stack/neutron/neutron/api/extensions.py:156}}
Apr 22 02:42:32.309848 np0000169031 devstack@neutron-api.service[104003]: DEBUG neutron.api.extensions [None req-579a90df-f2f8-4949-ac8c-d75090735e42 None None] Extended resource: bindings {{(pid=104003) __init__ /opt/stack/neutron/neutron/api/extensions.py:156}}
Apr 22 02:42:32.310707 np0000169031 devstack@neutron-api.service[104003]: DEBUG neutron.api.extensions [None req-579a90df-f2f8-4949-ac8c-d75090735e42 None None] Extended resource: quotas {{(pid=104003) __init__ /opt/stack/neutron/neutron/api/extensions.py:156}}
Apr 22 02:42:32.311504 np0000169031 devstack@neutron-api.service[104003]: DEBUG neutron.api.extensions [None req-579a90df-f2f8-4949-ac8c-d75090735e42 None None] Extended resource: quotas {{(pid=104003) __init__ /opt/stack/neutron/neutron/api/extensions.py:156}}
Apr 22 02:42:32.313628 np0000169031 devstack@neutron-api.service[104002]: DEBUG neutron.plugins.ml2.drivers.ovn.mech_driver.ovsdb.maintenance [None req-7845c310-e19c-478a-ab46-a609821edf4e None None] Periodic task found: HashRingHealthCheckPeriodics.touch_hash_ring_node {{(pid=104002) add_periodics /opt/stack/neutron/neutron/plugins/ml2/drivers/ovn/mech_driver/ovsdb/maintenance.py:148}}
Apr 22 02:42:32.314630 np0000169031 devstack@neutron-api.service[104003]: DEBUG neutron.api.extensions [None req-579a90df-f2f8-4949-ac8c-d75090735e42 None None] Extended resource: rbac-policies {{(pid=104003) __init__ /opt/stack/neutron/neutron/api/extensions.py:156}}
Apr 22 02:42:32.314841 np0000169031 devstack@neutron-api.service[104002]: INFO neutron.plugins.ml2.drivers.ovn.mech_driver.mech_driver [None req-7845c310-e19c-478a-ab46-a609821edf4e None None] Hash Ring probing thread for node 97f3da9929605ff1aea5bd4f49a10576 has started
Apr 22 02:42:32.315212 np0000169031 devstack@neutron-api.service[104003]: DEBUG neutron.api.extensions [None req-579a90df-f2f8-4949-ac8c-d75090735e42 None None] Extended resource: default-security-group-rules {{(pid=104003) __init__ /opt/stack/neutron/neutron/api/extensions.py:156}}
Apr 22 02:42:32.315395 np0000169031 devstack@neutron-api.service[104002]: INFO neutron.plugins.ml2.drivers.ovn.mech_driver.ovsdb.impl_idl_ovn [None req-7845c310-e19c-478a-ab46-a609821edf4e None None] Getting OvsdbNbOvnIdl for WorkerService with retry
Apr 22 02:42:32.317655 np0000169031 devstack@neutron-api.service[104003]: DEBUG neutron.api.extensions [None req-579a90df-f2f8-4949-ac8c-d75090735e42 None None] Extended resource: security-groups {{(pid=104003) __init__ /opt/stack/neutron/neutron/api/extensions.py:156}}
Apr 22 02:42:32.319652 np0000169031 devstack@neutron-api.service[104003]: DEBUG neutron.api.extensions [None req-579a90df-f2f8-4949-ac8c-d75090735e42 None None] Extended resource: security-group-rules {{(pid=104003) __init__ /opt/stack/neutron/neutron/api/extensions.py:156}}
Apr 22 02:42:32.321759 np0000169031 devstack@neutron-api.service[104003]: DEBUG neutron.api.extensions [None req-579a90df-f2f8-4949-ac8c-d75090735e42 None None] Extended resource: service-providers {{(pid=104003) __init__ /opt/stack/neutron/neutron/api/extensions.py:156}}
Apr 22 02:42:32.324392 np0000169031 devstack@neutron-api.service[104003]: DEBUG neutron.api.extensions [None req-579a90df-f2f8-4949-ac8c-d75090735e42 None None] Extended resource: subnetpools {{(pid=104003) __init__ /opt/stack/neutron/neutron/api/extensions.py:156}}
Apr 22 02:42:32.325138 np0000169031 devstack@neutron-api.service[104003]: DEBUG neutron.api.extensions [None req-579a90df-f2f8-4949-ac8c-d75090735e42 None None] Extended resource: tags {{(pid=104003) __init__ /opt/stack/neutron/neutron/api/extensions.py:156}}
Apr 22 02:42:32.326138 np0000169031 devstack@neutron-api.service[104003]: DEBUG neutron.api.extensions [None req-579a90df-f2f8-4949-ac8c-d75090735e42 None None] Extended resource: tags {{(pid=104003) __init__ /opt/stack/neutron/neutron/api/extensions.py:156}}
Apr 22 02:42:32.328649 np0000169031 devstack@neutron-api.service[104003]: DEBUG neutron.api.extensions [None req-579a90df-f2f8-4949-ac8c-d75090735e42 None None] Extended resource: tags {{(pid=104003) __init__ /opt/stack/neutron/neutron/api/extensions.py:156}}
Apr 22 02:42:32.329439 np0000169031 devstack@neutron-api.service[104003]: DEBUG neutron.api.extensions [None req-579a90df-f2f8-4949-ac8c-d75090735e42 None None] Extended resource: tags {{(pid=104003) __init__ /opt/stack/neutron/neutron/api/extensions.py:156}}
Apr 22 02:42:32.331768 np0000169031 devstack@neutron-api.service[104003]: DEBUG neutron.api.extensions [None req-579a90df-f2f8-4949-ac8c-d75090735e42 None None] Extended resource: tags {{(pid=104003) __init__ /opt/stack/neutron/neutron/api/extensions.py:156}}
Apr 22 02:42:32.334377 np0000169031 devstack@neutron-api.service[104003]: DEBUG neutron.api.extensions [None req-579a90df-f2f8-4949-ac8c-d75090735e42 None None] Extended resource: tags {{(pid=104003) __init__ /opt/stack/neutron/neutron/api/extensions.py:156}}
Apr 22 02:42:32.338143 np0000169031 devstack@neutron-api.service[104003]: DEBUG neutron.api.extensions [None req-579a90df-f2f8-4949-ac8c-d75090735e42 None None] Extended resource: tags {{(pid=104003) __init__ /opt/stack/neutron/neutron/api/extensions.py:156}}
Apr 22 02:42:32.340961 np0000169031 devstack@neutron-api.service[104003]: DEBUG neutron.api.extensions [None req-579a90df-f2f8-4949-ac8c-d75090735e42 None None] Extended resource: tags {{(pid=104003) __init__ /opt/stack/neutron/neutron/api/extensions.py:156}}
Apr 22 02:42:32.342246 np0000169031 devstack@neutron-api.service[104003]: DEBUG neutron.api.extensions [None req-579a90df-f2f8-4949-ac8c-d75090735e42 None None] Extended resource: tags {{(pid=104003) __init__ /opt/stack/neutron/neutron/api/extensions.py:156}}
Apr 22 02:42:32.343868 np0000169031 devstack@neutron-api.service[104003]: DEBUG neutron.api.extensions [None req-579a90df-f2f8-4949-ac8c-d75090735e42 None None] Extended resource: tags {{(pid=104003) __init__ /opt/stack/neutron/neutron/api/extensions.py:156}}
Apr 22 02:42:32.349132 np0000169031 devstack@neutron-api.service[104003]: WARNING keystonemiddleware.auth_token [None req-579a90df-f2f8-4949-ac8c-d75090735e42 None None] AuthToken middleware is set with keystone_authtoken.service_token_roles_required set to False. This is backwards compatible but deprecated behaviour. Please set this to True.
Apr 22 02:42:32.350973 np0000169031 devstack@neutron-api.service[104004]: DEBUG oslo_concurrency.processutils [None req-67908cfa-44a7-4886-99a6-5439df9a4edc None None] CMD "ovsdb-client transact ssl:199.19.213.35:6641 --timeout 180 -p /opt/stack/data/CA/int-ca/private/devstack-cert.key -c /opt/stack/data/CA/int-ca/devstack-cert.crt -C /opt/stack/data/CA/int-ca/ca-chain.pem ["OVN_Northbound", {"op": "wait", "timeout": 0, "table": "Port_Group", "where": [["name", "==", "neutron_pg_drop"]], "until": "==", "rows": []}, {"op": "insert", "table": "ACL", "row": {"action": "drop", "direction": "to-lport", "match": "outport == @neutron_pg_drop && ip", "priority": 1001}, "uuid-name": "droptoport"}, {"op": "insert", "table": "ACL", "row": {"action": "drop", "direction": "from-lport", "match": "inport == @neutron_pg_drop && ip", "priority": 1001}, "uuid-name": "dropfromport"}, {"op": "insert", "table": "Port_Group", "row": {"name": "neutron_pg_drop", "acls": ["set", [["named-uuid", "droptoport"], ["named-uuid", "dropfromport"]]]}}]" returned: 0 in 0.045s {{(pid=104004) execute /opt/stack/data/venv/lib/python3.12/site-packages/oslo_concurrency/processutils.py:468}}
Apr 22 02:42:32.351703 np0000169031 devstack@neutron-api.service[104004]: DEBUG neutron_lib.callbacks.manager [None req-67908cfa-44a7-4886-99a6-5439df9a4edc None None] Publish callbacks ['neutron.plugins.ml2.drivers.ovn.mech_driver.mech_driver.OVNMechanismDriver.post_fork_initialize-251392', 'neutron.services.ovn_l3.plugin.OVNL3RouterPlugin._post_fork_initialize-5430'] for process (None), after_init {{(pid=104004) _notify_loop /opt/stack/data/venv/lib/python3.12/site-packages/neutron_lib/callbacks/manager.py:184}}
Apr 22 02:42:32.352423 np0000169031 devstack@neutron-api.service[104004]: DEBUG oslo_concurrency.lockutils [None req-67908cfa-44a7-4886-99a6-5439df9a4edc None None] Acquiring lock "singleton_lock" {{(pid=104004) lock /opt/stack/data/venv/lib/python3.12/site-packages/oslo_concurrency/lockutils.py:390}}
Apr 22 02:42:32.352608 np0000169031 devstack@neutron-api.service[104004]: DEBUG oslo_concurrency.lockutils [None req-67908cfa-44a7-4886-99a6-5439df9a4edc None None] Acquired lock "singleton_lock" {{(pid=104004) lock /opt/stack/data/venv/lib/python3.12/site-packages/oslo_concurrency/lockutils.py:393}}
Apr 22 02:42:32.353162 np0000169031 devstack@neutron-api.service[104004]: DEBUG oslo_concurrency.lockutils [None req-67908cfa-44a7-4886-99a6-5439df9a4edc None None] Releasing lock "singleton_lock" {{(pid=104004) lock /opt/stack/data/venv/lib/python3.12/site-packages/oslo_concurrency/lockutils.py:413}}
Apr 22 02:42:32.356500 np0000169031 devstack@neutron-api.service[104004]: DEBUG neutron.plugins.ml2.drivers.ovn.mech_driver.mech_driver [None req-67908cfa-44a7-4886-99a6-5439df9a4edc None None] Hash Ring setup using WSGI start time 2026-04-22 02:42:24+00:00 {{(pid=104004) _init_hash_ring /opt/stack/neutron/neutron/plugins/ml2/drivers/ovn/mech_driver/mech_driver.py:402}}
Apr 22 02:42:32.360071 np0000169031 devstack@neutron-api.service[104003]: DEBUG neutron_lib.callbacks.manager [None req-579a90df-f2f8-4949-ac8c-d75090735e42 None None] Publish callbacks ['neutron.plugins.ml2.drivers.ovn.mech_driver.mech_driver.OVNMechanismDriver.pre_fork_initialize-218947'] for process (None), before_spawn {{(pid=104003) _notify_loop /opt/stack/data/venv/lib/python3.12/site-packages/neutron_lib/callbacks/manager.py:184}}
Apr 22 02:42:32.361111 np0000169031 devstack@neutron-api.service[104003]: DEBUG oslo_concurrency.processutils [None req-579a90df-f2f8-4949-ac8c-d75090735e42 None None] Running cmd (subprocess): ovsdb-client transact ssl:199.19.213.35:6641 --timeout 180 -p /opt/stack/data/CA/int-ca/private/devstack-cert.key -c /opt/stack/data/CA/int-ca/devstack-cert.crt -C /opt/stack/data/CA/int-ca/ca-chain.pem ["OVN_Northbound", {"op": "wait", "timeout": 0, "table": "Port_Group", "where": [["name", "==", "neutron_pg_drop"]], "until": "==", "rows": []}, {"op": "insert", "table": "ACL", "row": {"action": "drop", "direction": "to-lport", "match": "outport == @neutron_pg_drop && ip", "priority": 1001}, "uuid-name": "droptoport"}, {"op": "insert", "table": "ACL", "row": {"action": "drop", "direction": "from-lport", "match": "inport == @neutron_pg_drop && ip", "priority": 1001}, "uuid-name": "dropfromport"}, {"op": "insert", "table": "Port_Group", "row": {"name": "neutron_pg_drop", "acls": ["set", [["named-uuid", "droptoport"], ["named-uuid", "dropfromport"]]]}}] {{(pid=104003) execute /opt/stack/data/venv/lib/python3.12/site-packages/oslo_concurrency/processutils.py:440}}
Apr 22 02:42:32.363638 np0000169031 devstack@neutron-api.service[104004]: INFO neutron.db.ovn_hash_ring_db [None req-67908cfa-44a7-4886-99a6-5439df9a4edc None None] Nodes from host "np0000169031" and group "mechanism_driver" removed from the Hash Ring created at 2026-04-22 02:42:24+00:00
Apr 22 02:42:32.366105 np0000169031 devstack@neutron-api.service[104004]: INFO neutron.db.ovn_hash_ring_db [None req-67908cfa-44a7-4886-99a6-5439df9a4edc None None] Node 153690a67ab15a3dbbe0482a0b7afd37 from host "np0000169031" and group "mechanism_driver" added to the Hash Ring
Apr 22 02:42:32.366944 np0000169031 devstack@neutron-api.service[104002]: DEBUG ovsdbapp.backend.ovs_idl [None req-7845c310-e19c-478a-ab46-a609821edf4e None None] Created lookup_table index Logical_Switch.name {{(pid=104002) autocreate_indices /opt/stack/data/venv/lib/python3.12/site-packages/ovsdbapp/backend/ovs_idl/__init__.py:87}}
Apr 22 02:42:32.367057 np0000169031 devstack@neutron-api.service[104002]: DEBUG ovsdbapp.backend.ovs_idl [None req-7845c310-e19c-478a-ab46-a609821edf4e None None] Created lookup_table index Logical_Router.name {{(pid=104002) autocreate_indices /opt/stack/data/venv/lib/python3.12/site-packages/ovsdbapp/backend/ovs_idl/__init__.py:87}}
Apr 22 02:42:32.367153 np0000169031 devstack@neutron-api.service[104002]: DEBUG ovsdbapp.backend.ovs_idl [None req-7845c310-e19c-478a-ab46-a609821edf4e None None] Created lookup_table index Load_Balancer.name {{(pid=104002) autocreate_indices /opt/stack/data/venv/lib/python3.12/site-packages/ovsdbapp/backend/ovs_idl/__init__.py:87}}
Apr 22 02:42:32.367260 np0000169031 devstack@neutron-api.service[104002]: DEBUG ovsdbapp.backend.ovs_idl [None req-7845c310-e19c-478a-ab46-a609821edf4e None None] Created schema index Copp.name {{(pid=104002) autocreate_indices /opt/stack/data/venv/lib/python3.12/site-packages/ovsdbapp/backend/ovs_idl/__init__.py:106}}
Apr 22 02:42:32.367355 np0000169031 devstack@neutron-api.service[104002]: DEBUG ovsdbapp.backend.ovs_idl [None req-7845c310-e19c-478a-ab46-a609821edf4e None None] Created schema index Meter.name {{(pid=104002) autocreate_indices /opt/stack/data/venv/lib/python3.12/site-packages/ovsdbapp/backend/ovs_idl/__init__.py:106}}
Apr 22 02:42:32.367469 np0000169031 devstack@neutron-api.service[104002]: DEBUG ovsdbapp.backend.ovs_idl [None req-7845c310-e19c-478a-ab46-a609821edf4e None None] Created schema index Load_Balancer_Group.name {{(pid=104002) autocreate_indices /opt/stack/data/venv/lib/python3.12/site-packages/ovsdbapp/backend/ovs_idl/__init__.py:106}}
Apr 22 02:42:32.367534 np0000169031 devstack@neutron-api.service[104002]: DEBUG ovsdbapp.backend.ovs_idl [None req-7845c310-e19c-478a-ab46-a609821edf4e None None] Created schema index HA_Chassis_Group.name {{(pid=104002) autocreate_indices /opt/stack/data/venv/lib/python3.12/site-packages/ovsdbapp/backend/ovs_idl/__init__.py:106}}
Apr 22 02:42:32.367623 np0000169031 devstack@neutron-api.service[104002]: DEBUG ovsdbapp.backend.ovs_idl [None req-7845c310-e19c-478a-ab46-a609821edf4e None None] Created schema index Address_Set.name {{(pid=104002) autocreate_indices /opt/stack/data/venv/lib/python3.12/site-packages/ovsdbapp/backend/ovs_idl/__init__.py:106}}
Apr 22 02:42:32.367744 np0000169031 devstack@neutron-api.service[104002]: DEBUG ovsdbapp.backend.ovs_idl [None req-7845c310-e19c-478a-ab46-a609821edf4e None None] Created schema index Connection.target {{(pid=104002) autocreate_indices /opt/stack/data/venv/lib/python3.12/site-packages/ovsdbapp/backend/ovs_idl/__init__.py:106}}
Apr 22 02:42:32.367828 np0000169031 devstack@neutron-api.service[104002]: DEBUG ovsdbapp.backend.ovs_idl [None req-7845c310-e19c-478a-ab46-a609821edf4e None None] Created schema index Gateway_Chassis.name {{(pid=104002) autocreate_indices /opt/stack/data/venv/lib/python3.12/site-packages/ovsdbapp/backend/ovs_idl/__init__.py:106}}
Apr 22 02:42:32.367923 np0000169031 devstack@neutron-api.service[104002]: DEBUG ovsdbapp.backend.ovs_idl [None req-7845c310-e19c-478a-ab46-a609821edf4e None None] Created schema index Mirror.name {{(pid=104002) autocreate_indices /opt/stack/data/venv/lib/python3.12/site-packages/ovsdbapp/backend/ovs_idl/__init__.py:106}}
Apr 22 02:42:32.368202 np0000169031 devstack@neutron-api.service[104002]: DEBUG ovsdbapp.backend.ovs_idl [None req-7845c310-e19c-478a-ab46-a609821edf4e None None] Created schema index Chassis_Template_Var.chassis {{(pid=104002) autocreate_indices /opt/stack/data/venv/lib/python3.12/site-packages/ovsdbapp/backend/ovs_idl/__init__.py:106}}
Apr 22 02:42:32.368202 np0000169031 devstack@neutron-api.service[104002]: DEBUG ovsdbapp.backend.ovs_idl [None req-7845c310-e19c-478a-ab46-a609821edf4e None None] Created schema index Logical_Router_Port.name {{(pid=104002) autocreate_indices /opt/stack/data/venv/lib/python3.12/site-packages/ovsdbapp/backend/ovs_idl/__init__.py:106}}
Apr 22 02:42:32.368202 np0000169031 devstack@neutron-api.service[104002]: DEBUG ovsdbapp.backend.ovs_idl [None req-7845c310-e19c-478a-ab46-a609821edf4e None None] Created schema index Port_Group.name {{(pid=104002) autocreate_indices /opt/stack/data/venv/lib/python3.12/site-packages/ovsdbapp/backend/ovs_idl/__init__.py:106}}
Apr 22 02:42:32.368349 np0000169031 devstack@neutron-api.service[104002]: DEBUG ovsdbapp.backend.ovs_idl [None req-7845c310-e19c-478a-ab46-a609821edf4e None None] Created schema index Logical_Switch_Port.name {{(pid=104002) autocreate_indices /opt/stack/data/venv/lib/python3.12/site-packages/ovsdbapp/backend/ovs_idl/__init__.py:106}}
Apr 22 02:42:32.369704 np0000169031 devstack@neutron-api.service[104004]: DEBUG neutron.plugins.ml2.drivers.ovn.mech_driver.mech_driver [None req-67908cfa-44a7-4886-99a6-5439df9a4edc None None] Hash Ring setup, this worker has detected 3 OVN hash ring registers in the database {{(pid=104004) _init_hash_ring /opt/stack/neutron/neutron/plugins/ml2/drivers/ovn/mech_driver/mech_driver.py:412}}
Apr 22 02:42:32.371007 np0000169031 devstack@neutron-api.service[104002]: INFO ovsdbapp.backend.ovs_idl.vlog [None req-7845c310-e19c-478a-ab46-a609821edf4e None None] ssl:199.19.213.35:6641: connecting...
Apr 22 02:42:32.375060 np0000169031 devstack@neutron-api.service[104004]: DEBUG neutron.plugins.ml2.drivers.ovn.mech_driver.ovsdb.maintenance [None req-67908cfa-44a7-4886-99a6-5439df9a4edc None None] Periodic task found: HashRingHealthCheckPeriodics.touch_hash_ring_node {{(pid=104004) add_periodics /opt/stack/neutron/neutron/plugins/ml2/drivers/ovn/mech_driver/ovsdb/maintenance.py:148}}
Apr 22 02:42:32.376170 np0000169031 devstack@neutron-api.service[104004]: INFO neutron.plugins.ml2.drivers.ovn.mech_driver.mech_driver [None req-67908cfa-44a7-4886-99a6-5439df9a4edc None None] Hash Ring probing thread for node 153690a67ab15a3dbbe0482a0b7afd37 has started
Apr 22 02:42:32.376669 np0000169031 devstack@neutron-api.service[104002]: INFO ovsdbapp.backend.ovs_idl.vlog [None req-7845c310-e19c-478a-ab46-a609821edf4e None None] ssl:199.19.213.35:6641: connected
Apr 22 02:42:32.377288 np0000169031 devstack@neutron-api.service[104004]: INFO neutron.plugins.ml2.drivers.ovn.mech_driver.ovsdb.impl_idl_ovn [None req-67908cfa-44a7-4886-99a6-5439df9a4edc None None] Getting OvsdbNbOvnIdl for WorkerService with retry
Apr 22 02:42:32.396408 np0000169031 devstack@neutron-api.service[104003]: DEBUG oslo_concurrency.processutils [None req-579a90df-f2f8-4949-ac8c-d75090735e42 None None] CMD "ovsdb-client transact ssl:199.19.213.35:6641 --timeout 180 -p /opt/stack/data/CA/int-ca/private/devstack-cert.key -c /opt/stack/data/CA/int-ca/devstack-cert.crt -C /opt/stack/data/CA/int-ca/ca-chain.pem ["OVN_Northbound", {"op": "wait", "timeout": 0, "table": "Port_Group", "where": [["name", "==", "neutron_pg_drop"]], "until": "==", "rows": []}, {"op": "insert", "table": "ACL", "row": {"action": "drop", "direction": "to-lport", "match": "outport == @neutron_pg_drop && ip", "priority": 1001}, "uuid-name": "droptoport"}, {"op": "insert", "table": "ACL", "row": {"action": "drop", "direction": "from-lport", "match": "inport == @neutron_pg_drop && ip", "priority": 1001}, "uuid-name": "dropfromport"}, {"op": "insert", "table": "Port_Group", "row": {"name": "neutron_pg_drop", "acls": ["set", [["named-uuid", "droptoport"], ["named-uuid", "dropfromport"]]]}}]" returned: 0 in 0.035s {{(pid=104003) execute /opt/stack/data/venv/lib/python3.12/site-packages/oslo_concurrency/processutils.py:468}}
Apr 22 02:42:32.397127 np0000169031 devstack@neutron-api.service[104003]: DEBUG neutron_lib.callbacks.manager [None req-579a90df-f2f8-4949-ac8c-d75090735e42 None None] Publish callbacks ['neutron.plugins.ml2.drivers.ovn.mech_driver.mech_driver.OVNMechanismDriver.post_fork_initialize-218987', 'neutron.services.ovn_l3.plugin.OVNL3RouterPlugin._post_fork_initialize-7962'] for process (None), after_init {{(pid=104003) _notify_loop /opt/stack/data/venv/lib/python3.12/site-packages/neutron_lib/callbacks/manager.py:184}}
Apr 22 02:42:32.397790 np0000169031 devstack@neutron-api.service[104003]: DEBUG oslo_concurrency.lockutils [None req-579a90df-f2f8-4949-ac8c-d75090735e42 None None] Acquiring lock "singleton_lock" {{(pid=104003) lock /opt/stack/data/venv/lib/python3.12/site-packages/oslo_concurrency/lockutils.py:390}}
Apr 22 02:42:32.397952 np0000169031 devstack@neutron-api.service[104003]: DEBUG oslo_concurrency.lockutils [None req-579a90df-f2f8-4949-ac8c-d75090735e42 None None] Acquired lock "singleton_lock" {{(pid=104003) lock /opt/stack/data/venv/lib/python3.12/site-packages/oslo_concurrency/lockutils.py:393}}
Apr 22 02:42:32.398397 np0000169031 devstack@neutron-api.service[104003]: DEBUG oslo_concurrency.lockutils [None req-579a90df-f2f8-4949-ac8c-d75090735e42 None None] Releasing lock "singleton_lock" {{(pid=104003) lock /opt/stack/data/venv/lib/python3.12/site-packages/oslo_concurrency/lockutils.py:413}}
Apr 22 02:42:32.401770 np0000169031 devstack@neutron-api.service[104003]: DEBUG neutron.plugins.ml2.drivers.ovn.mech_driver.mech_driver [None req-579a90df-f2f8-4949-ac8c-d75090735e42 None None] Hash Ring setup using WSGI start time 2026-04-22 02:42:24+00:00 {{(pid=104003) _init_hash_ring /opt/stack/neutron/neutron/plugins/ml2/drivers/ovn/mech_driver/mech_driver.py:402}}
Apr 22 02:42:32.408365 np0000169031 devstack@neutron-api.service[104003]: INFO neutron.db.ovn_hash_ring_db [None req-579a90df-f2f8-4949-ac8c-d75090735e42 None None] Nodes from host "np0000169031" and group "mechanism_driver" removed from the Hash Ring created at 2026-04-22 02:42:24+00:00
Apr 22 02:42:32.411326 np0000169031 devstack@neutron-api.service[104003]: INFO neutron.db.ovn_hash_ring_db [None req-579a90df-f2f8-4949-ac8c-d75090735e42 None None] Node 80bdb31aacad58769ff7fff5a50b0319 from host "np0000169031" and group "mechanism_driver" added to the Hash Ring
Apr 22 02:42:32.414380 np0000169031 devstack@neutron-api.service[104003]: DEBUG neutron.plugins.ml2.drivers.ovn.mech_driver.mech_driver [None req-579a90df-f2f8-4949-ac8c-d75090735e42 None None] Hash Ring setup, this worker has detected 4 OVN hash ring registers in the database {{(pid=104003) _init_hash_ring /opt/stack/neutron/neutron/plugins/ml2/drivers/ovn/mech_driver/mech_driver.py:412}}
Apr 22 02:42:32.419929 np0000169031 devstack@neutron-api.service[104002]: DEBUG neutron.common.ovn.hash_ring_manager [None req-7845c310-e19c-478a-ab46-a609821edf4e None None] Disallow caching, nodes 3<4 {{(pid=104002) _wait_startup_before_caching /opt/stack/neutron/neutron/common/ovn/hash_ring_manager.py:72}}
Apr 22 02:42:32.426301 np0000169031 devstack@neutron-api.service[104002]: DEBUG neutron.common.ovn.hash_ring_manager [None req-7845c310-e19c-478a-ab46-a609821edf4e None None] Hash Ring loaded. 3 active nodes. 0 offline nodes {{(pid=104002) _load_hash_ring /opt/stack/neutron/neutron/common/ovn/hash_ring_manager.py:102}}
Apr 22 02:42:32.426351 np0000169031 devstack@neutron-api.service[104003]: DEBUG neutron.plugins.ml2.drivers.ovn.mech_driver.ovsdb.maintenance [None req-579a90df-f2f8-4949-ac8c-d75090735e42 None None] Periodic task found: HashRingHealthCheckPeriodics.touch_hash_ring_node {{(pid=104003) add_periodics /opt/stack/neutron/neutron/plugins/ml2/drivers/ovn/mech_driver/ovsdb/maintenance.py:148}}
Apr 22 02:42:32.426530 np0000169031 devstack@neutron-api.service[104002]: DEBUG neutron.plugins.ml2.drivers.ovn.mech_driver.ovsdb.ovsdb_monitor [None req-7845c310-e19c-478a-ab46-a609821edf4e None None] Hash Ring: Node 97f3da9929605ff1aea5bd4f49a10576 (host: np0000169031) handling event "create" for row 8715d940-7fbe-47e5-ad08-7aab8edc97a0 (table: ACL) {{(pid=104002) notify /opt/stack/neutron/neutron/plugins/ml2/drivers/ovn/mech_driver/ovsdb/ovsdb_monitor.py:914}}
Apr 22 02:42:32.427301 np0000169031 devstack@neutron-api.service[104004]: DEBUG ovsdbapp.backend.ovs_idl [None req-67908cfa-44a7-4886-99a6-5439df9a4edc None None] Created lookup_table index Logical_Switch.name {{(pid=104004) autocreate_indices /opt/stack/data/venv/lib/python3.12/site-packages/ovsdbapp/backend/ovs_idl/__init__.py:87}}
Apr 22 02:42:32.427605 np0000169031 devstack@neutron-api.service[104004]: DEBUG ovsdbapp.backend.ovs_idl [None req-67908cfa-44a7-4886-99a6-5439df9a4edc None None] Created lookup_table index Logical_Router.name {{(pid=104004) autocreate_indices /opt/stack/data/venv/lib/python3.12/site-packages/ovsdbapp/backend/ovs_idl/__init__.py:87}}
Apr 22 02:42:32.427605 np0000169031 devstack@neutron-api.service[104004]: DEBUG ovsdbapp.backend.ovs_idl [None req-67908cfa-44a7-4886-99a6-5439df9a4edc None None] Created lookup_table index Load_Balancer.name {{(pid=104004) autocreate_indices /opt/stack/data/venv/lib/python3.12/site-packages/ovsdbapp/backend/ovs_idl/__init__.py:87}}
Apr 22 02:42:32.427605 np0000169031 devstack@neutron-api.service[104004]: DEBUG ovsdbapp.backend.ovs_idl [None req-67908cfa-44a7-4886-99a6-5439df9a4edc None None] Created schema index Copp.name {{(pid=104004) autocreate_indices /opt/stack/data/venv/lib/python3.12/site-packages/ovsdbapp/backend/ovs_idl/__init__.py:106}}
Apr 22 02:42:32.427720 np0000169031 devstack@neutron-api.service[104004]: DEBUG ovsdbapp.backend.ovs_idl [None req-67908cfa-44a7-4886-99a6-5439df9a4edc None None] Created schema index Meter.name {{(pid=104004) autocreate_indices /opt/stack/data/venv/lib/python3.12/site-packages/ovsdbapp/backend/ovs_idl/__init__.py:106}}
Apr 22 02:42:32.427835 np0000169031 devstack@neutron-api.service[104004]: DEBUG ovsdbapp.backend.ovs_idl [None req-67908cfa-44a7-4886-99a6-5439df9a4edc None None] Created schema index Load_Balancer_Group.name {{(pid=104004) autocreate_indices /opt/stack/data/venv/lib/python3.12/site-packages/ovsdbapp/backend/ovs_idl/__init__.py:106}}
Apr 22 02:42:32.427877 np0000169031 devstack@neutron-api.service[104004]: DEBUG ovsdbapp.backend.ovs_idl [None req-67908cfa-44a7-4886-99a6-5439df9a4edc None None] Created schema index HA_Chassis_Group.name {{(pid=104004) autocreate_indices /opt/stack/data/venv/lib/python3.12/site-packages/ovsdbapp/backend/ovs_idl/__init__.py:106}}
Apr 22 02:42:32.428004 np0000169031 devstack@neutron-api.service[104004]: DEBUG ovsdbapp.backend.ovs_idl [None req-67908cfa-44a7-4886-99a6-5439df9a4edc None None] Created schema index Address_Set.name {{(pid=104004) autocreate_indices /opt/stack/data/venv/lib/python3.12/site-packages/ovsdbapp/backend/ovs_idl/__init__.py:106}}
Apr 22 02:42:32.428038 np0000169031 devstack@neutron-api.service[104003]: INFO neutron.plugins.ml2.drivers.ovn.mech_driver.mech_driver [None req-579a90df-f2f8-4949-ac8c-d75090735e42 None None] Hash Ring probing thread for node 80bdb31aacad58769ff7fff5a50b0319 has started
Apr 22 02:42:32.428070 np0000169031 devstack@neutron-api.service[104004]: DEBUG ovsdbapp.backend.ovs_idl [None req-67908cfa-44a7-4886-99a6-5439df9a4edc None None] Created schema index Connection.target {{(pid=104004) autocreate_indices /opt/stack/data/venv/lib/python3.12/site-packages/ovsdbapp/backend/ovs_idl/__init__.py:106}}
Apr 22 02:42:32.428182 np0000169031 devstack@neutron-api.service[104004]: DEBUG ovsdbapp.backend.ovs_idl [None req-67908cfa-44a7-4886-99a6-5439df9a4edc None None] Created schema index Gateway_Chassis.name {{(pid=104004) autocreate_indices /opt/stack/data/venv/lib/python3.12/site-packages/ovsdbapp/backend/ovs_idl/__init__.py:106}}
Apr 22 02:42:32.428350 np0000169031 devstack@neutron-api.service[104004]: DEBUG ovsdbapp.backend.ovs_idl [None req-67908cfa-44a7-4886-99a6-5439df9a4edc None None] Created schema index Mirror.name {{(pid=104004) autocreate_indices /opt/stack/data/venv/lib/python3.12/site-packages/ovsdbapp/backend/ovs_idl/__init__.py:106}}
Apr 22 02:42:32.428350 np0000169031 devstack@neutron-api.service[104004]: DEBUG ovsdbapp.backend.ovs_idl [None req-67908cfa-44a7-4886-99a6-5439df9a4edc None None] Created schema index Chassis_Template_Var.chassis {{(pid=104004) autocreate_indices /opt/stack/data/venv/lib/python3.12/site-packages/ovsdbapp/backend/ovs_idl/__init__.py:106}}
Apr 22 02:42:32.428464 np0000169031 devstack@neutron-api.service[104004]: DEBUG ovsdbapp.backend.ovs_idl [None req-67908cfa-44a7-4886-99a6-5439df9a4edc None None] Created schema index Logical_Router_Port.name {{(pid=104004) autocreate_indices /opt/stack/data/venv/lib/python3.12/site-packages/ovsdbapp/backend/ovs_idl/__init__.py:106}}
Apr 22 02:42:32.428464 np0000169031 devstack@neutron-api.service[104004]: DEBUG ovsdbapp.backend.ovs_idl [None req-67908cfa-44a7-4886-99a6-5439df9a4edc None None] Created schema index Port_Group.name {{(pid=104004) autocreate_indices /opt/stack/data/venv/lib/python3.12/site-packages/ovsdbapp/backend/ovs_idl/__init__.py:106}}
Apr 22 02:42:32.428513 np0000169031 devstack@neutron-api.service[104002]: DEBUG neutron.common.ovn.hash_ring_manager [None req-7845c310-e19c-478a-ab46-a609821edf4e None None] Allow caching, nodes 4>=4 {{(pid=104002) _wait_startup_before_caching /opt/stack/neutron/neutron/common/ovn/hash_ring_manager.py:65}}
Apr 22 02:42:32.428590 np0000169031 devstack@neutron-api.service[104004]: DEBUG ovsdbapp.backend.ovs_idl [None req-67908cfa-44a7-4886-99a6-5439df9a4edc None None] Created schema index Logical_Switch_Port.name {{(pid=104004) autocreate_indices /opt/stack/data/venv/lib/python3.12/site-packages/ovsdbapp/backend/ovs_idl/__init__.py:106}}
Apr 22 02:42:32.428807 np0000169031 devstack@neutron-api.service[104002]: DEBUG neutron.plugins.ml2.drivers.ovn.mech_driver.ovsdb.ovsdb_monitor [None req-7845c310-e19c-478a-ab46-a609821edf4e None None] Hash Ring: Node 97f3da9929605ff1aea5bd4f49a10576 (host: np0000169031) handling event "create" for row 50b5293a-25cf-4c86-9c38-832a5a7014d6 (table: SSL) {{(pid=104002) notify /opt/stack/neutron/neutron/plugins/ml2/drivers/ovn/mech_driver/ovsdb/ovsdb_monitor.py:914}}
Apr 22 02:42:32.429368 np0000169031 devstack@neutron-api.service[104003]: INFO neutron.plugins.ml2.drivers.ovn.mech_driver.ovsdb.impl_idl_ovn [None req-579a90df-f2f8-4949-ac8c-d75090735e42 None None] Getting OvsdbNbOvnIdl for WorkerService with retry
Apr 22 02:42:32.429990 np0000169031 devstack@neutron-api.service[104002]: INFO neutron.plugins.ml2.drivers.ovn.mech_driver.ovsdb.impl_idl_ovn [None req-7845c310-e19c-478a-ab46-a609821edf4e None None] Getting OvsdbSbOvnIdl for WorkerService with retry
Apr 22 02:42:32.431091 np0000169031 devstack@neutron-api.service[104004]: INFO ovsdbapp.backend.ovs_idl.vlog [None req-67908cfa-44a7-4886-99a6-5439df9a4edc None None] ssl:199.19.213.35:6641: connecting...
Apr 22 02:42:32.439209 np0000169031 devstack@neutron-api.service[104004]: INFO ovsdbapp.backend.ovs_idl.vlog [None req-67908cfa-44a7-4886-99a6-5439df9a4edc None None] ssl:199.19.213.35:6641: connected
Apr 22 02:42:32.470327 np0000169031 devstack@neutron-api.service[104002]: DEBUG ovsdbapp.backend.ovs_idl [None req-7845c310-e19c-478a-ab46-a609821edf4e None None] Created lookup_table index Chassis.name {{(pid=104002) autocreate_indices /opt/stack/data/venv/lib/python3.12/site-packages/ovsdbapp/backend/ovs_idl/__init__.py:87}}
Apr 22 02:42:32.470327 np0000169031 devstack@neutron-api.service[104002]: DEBUG ovsdbapp.backend.ovs_idl [None req-7845c310-e19c-478a-ab46-a609821edf4e None None] Created lookup_table index Port_Binding.logical_port {{(pid=104002) autocreate_indices /opt/stack/data/venv/lib/python3.12/site-packages/ovsdbapp/backend/ovs_idl/__init__.py:87}}
Apr 22 02:42:32.470327 np0000169031 devstack@neutron-api.service[104002]: DEBUG ovsdbapp.backend.ovs_idl [None req-7845c310-e19c-478a-ab46-a609821edf4e None None] Created schema index Chassis_Private.name {{(pid=104002) autocreate_indices /opt/stack/data/venv/lib/python3.12/site-packages/ovsdbapp/backend/ovs_idl/__init__.py:106}}
Apr 22 02:42:32.470327 np0000169031 devstack@neutron-api.service[104002]: DEBUG ovsdbapp.backend.ovs_idl [None req-7845c310-e19c-478a-ab46-a609821edf4e None None] Created schema index Datapath_Binding.tunnel_key {{(pid=104002) autocreate_indices /opt/stack/data/venv/lib/python3.12/site-packages/ovsdbapp/backend/ovs_idl/__init__.py:106}}
Apr 22 02:42:32.474773 np0000169031 devstack@neutron-api.service[104004]: DEBUG neutron.common.ovn.hash_ring_manager [None req-67908cfa-44a7-4886-99a6-5439df9a4edc None None] Allow caching, nodes 4>=4 {{(pid=104004) _wait_startup_before_caching /opt/stack/neutron/neutron/common/ovn/hash_ring_manager.py:65}}
Apr 22 02:42:32.475499 np0000169031 devstack@neutron-api.service[104002]: INFO ovsdbapp.backend.ovs_idl.vlog [None req-7845c310-e19c-478a-ab46-a609821edf4e None None] ssl:199.19.213.35:6642: connecting...
Apr 22 02:42:32.478556 np0000169031 devstack@neutron-api.service[104004]: DEBUG neutron.common.ovn.hash_ring_manager [None req-67908cfa-44a7-4886-99a6-5439df9a4edc None None] Hash Ring loaded. 4 active nodes. 0 offline nodes {{(pid=104004) _load_hash_ring /opt/stack/neutron/neutron/common/ovn/hash_ring_manager.py:102}}
Apr 22 02:42:32.479620 np0000169031 devstack@neutron-api.service[104004]: INFO neutron.plugins.ml2.drivers.ovn.mech_driver.ovsdb.impl_idl_ovn [None req-67908cfa-44a7-4886-99a6-5439df9a4edc None None] Getting OvsdbSbOvnIdl for WorkerService with retry
Apr 22 02:42:32.480550 np0000169031 devstack@neutron-api.service[104002]: INFO ovsdbapp.backend.ovs_idl.vlog [None req-7845c310-e19c-478a-ab46-a609821edf4e None None] ssl:199.19.213.35:6642: connected
Apr 22 02:42:32.481941 np0000169031 devstack@neutron-api.service[104003]: DEBUG ovsdbapp.backend.ovs_idl [None req-579a90df-f2f8-4949-ac8c-d75090735e42 None None] Created lookup_table index Logical_Switch.name {{(pid=104003) autocreate_indices /opt/stack/data/venv/lib/python3.12/site-packages/ovsdbapp/backend/ovs_idl/__init__.py:87}}
Apr 22 02:42:32.482140 np0000169031 devstack@neutron-api.service[104003]: DEBUG ovsdbapp.backend.ovs_idl [None req-579a90df-f2f8-4949-ac8c-d75090735e42 None None] Created lookup_table index Logical_Router.name {{(pid=104003) autocreate_indices /opt/stack/data/venv/lib/python3.12/site-packages/ovsdbapp/backend/ovs_idl/__init__.py:87}}
Apr 22 02:42:32.482241 np0000169031 devstack@neutron-api.service[104003]: DEBUG ovsdbapp.backend.ovs_idl [None req-579a90df-f2f8-4949-ac8c-d75090735e42 None None] Created lookup_table index Load_Balancer.name {{(pid=104003) autocreate_indices /opt/stack/data/venv/lib/python3.12/site-packages/ovsdbapp/backend/ovs_idl/__init__.py:87}}
Apr 22 02:42:32.482329 np0000169031 devstack@neutron-api.service[104003]: DEBUG ovsdbapp.backend.ovs_idl [None req-579a90df-f2f8-4949-ac8c-d75090735e42 None None] Created schema index Copp.name {{(pid=104003) autocreate_indices /opt/stack/data/venv/lib/python3.12/site-packages/ovsdbapp/backend/ovs_idl/__init__.py:106}}
Apr 22 02:42:32.482457 np0000169031 devstack@neutron-api.service[104003]: DEBUG ovsdbapp.backend.ovs_idl [None req-579a90df-f2f8-4949-ac8c-d75090735e42 None None] Created schema index Meter.name {{(pid=104003) autocreate_indices /opt/stack/data/venv/lib/python3.12/site-packages/ovsdbapp/backend/ovs_idl/__init__.py:106}}
Apr 22 02:42:32.482571 np0000169031 devstack@neutron-api.service[104003]: DEBUG ovsdbapp.backend.ovs_idl [None req-579a90df-f2f8-4949-ac8c-d75090735e42 None None] Created schema index Load_Balancer_Group.name {{(pid=104003) autocreate_indices /opt/stack/data/venv/lib/python3.12/site-packages/ovsdbapp/backend/ovs_idl/__init__.py:106}}
Apr 22 02:42:32.482706 np0000169031 devstack@neutron-api.service[104003]: DEBUG ovsdbapp.backend.ovs_idl [None req-579a90df-f2f8-4949-ac8c-d75090735e42 None None] Created schema index HA_Chassis_Group.name {{(pid=104003) autocreate_indices /opt/stack/data/venv/lib/python3.12/site-packages/ovsdbapp/backend/ovs_idl/__init__.py:106}}
Apr 22 02:42:32.482837 np0000169031 devstack@neutron-api.service[104003]: DEBUG ovsdbapp.backend.ovs_idl [None req-579a90df-f2f8-4949-ac8c-d75090735e42 None None] Created schema index Address_Set.name {{(pid=104003) autocreate_indices /opt/stack/data/venv/lib/python3.12/site-packages/ovsdbapp/backend/ovs_idl/__init__.py:106}}
Apr 22 02:42:32.482997 np0000169031 devstack@neutron-api.service[104003]: DEBUG ovsdbapp.backend.ovs_idl [None req-579a90df-f2f8-4949-ac8c-d75090735e42 None None] Created schema index Connection.target {{(pid=104003) autocreate_indices /opt/stack/data/venv/lib/python3.12/site-packages/ovsdbapp/backend/ovs_idl/__init__.py:106}}
