2026-05-11 11:56:28.166 10 ERROR neutron_lib.callbacks.manager
File "/var/lib/openstack/lib/python3.10/site-packages/neutron/plugins/ml2/drivers/ovn/mech_driver/ovsdb/ovn_client.py", line 1878, in update_router_port
2026-05-11 11:56:28.166 10 ERROR neutron_lib.callbacks.manager self._update_lrouter_port(context, port, if_exists=if_exists,
2026-05-11 11:56:28.166 10 ERROR neutron_lib.callbacks.manager
File "/var/lib/openstack/lib/python3.10/site-packages/neutron/plugins/ml2/drivers/ovn/mech_driver/ovsdb/ovn_client.py", line 1855, in _update_lrouter_port
2026-05-11 11:56:28.166 10 ERROR neutron_lib.callbacks.manager external_ids = self._nb_idl.db_get(
2026-05-11 11:56:28.166 10 ERROR neutron_lib.callbacks.manager
File "/var/lib/openstack/lib/python3.10/site-packages/ovsdbapp/backend/ovs_idl/command.py", line 47, in execute
2026-05-11 11:56:28.166 10 ERROR neutron_lib.callbacks.manager self.run_idl(None)
2026-05-11 11:56:28.166 10 ERROR neutron_lib.callbacks.manager
File "/var/lib/openstack/lib/python3.10/site-packages/ovsdbapp/backend/ovs_idl/command.py", line 235, in run_idl
2026-05-11 11:56:28.166 10 ERROR neutron_lib.callbacks.manager record = self.api.lookup(self.table, self.record)
2026-05-11 11:56:28.166 10 ERROR neutron_lib.callbacks.manager
File "/var/lib/openstack/lib/python3.10/site-packages/ovsdbapp/backend/ovs_idl/__init__.py", line 184, in lookup
2026-05-11 11:56:28.166 10 ERROR neutron_lib.callbacks.manager return self._lookup(table, record)
2026-05-11 11:56:28.166 10 ERROR neutron_lib.callbacks.manager
File "/var/lib/openstack/lib/python3.10/site-packages/ovsdbapp/backend/ovs_idl/__init__.py", line 235, in _lookup
2026-05-11 11:56:28.166 10 ERROR neutron_lib.callbacks.manager row = idlutils.row_by_value(self, rl.table, rl.column, record)
2026-05-11 11:56:28.166 10 ERROR neutron_lib.callbacks.manager
File "/var/lib/openstack/lib/python3.10/site-packages/ovsdbapp/backend/ovs_idl/idlutils.py", line 114, in row_by_value
2026-05-11 11:56:28.166 10 ERROR neutron_lib.callbacks.manager raise RowNotFound(table=table, col=column, match=match)
2026-05-11 11:56:28.166 10 ERROR neutron_lib.callbacks.manager ovsdbapp.backend.ovs_idl.idlutils.RowNotFound: Cannot find Logical_Router_Port with name=lrp-73623b72-6cf0-4b5d-88d2-889bde150387
2026-05-11 11:56:28.166 10 ERROR neutron_lib.callbacks.manager 
2026-05-11 11:56:28.218 10 WARNING neutron_lib.context [None req-3e06cad1-ae58-4d42-ab48-383b8fa12c55 fcb5de3aa049461c98355b36ada36d28 c1003f4870764c9bbe8af087e237fa14 - - default default] Method 'is_advsvc' is deprecated since 2023.2 release (neutron-lib 3.8.0) and will be removed once support for the old RBAC API policies will be removed from Neutron. Please use method 'is_service_role' instead.
2026-05-11 11:56:28.255 10 INFO neutron.wsgi [None req-5b7ef856-053d-4401-a15b-48052951d8ee f3f5f97eb76249029e44a4126801718c 6e9ff99e9b384559865da5526608b358 - - default default] 10.0.0.218 "DELETE /v2.0/security-groups/d4779209-9821-4112-a9ff-e235e8520fd0 HTTP/1.1" status: 204 len: 168 time: 0.3073981
2026-05-11 11:56:28.289 9 INFO neutron.services.segments.plugin [-] Segment 64da8802-302a-4463-88f8-ff8370bda71b resource provider aggregate not found
2026-05-11 11:56:28.299 9 INFO neutron.services.segments.plugin [-] Segment 64da8802-302a-4463-88f8-ff8370bda71b resource provider aggregate not found
2026-05-11 11:56:28.321 9 INFO neutron.services.segments.plugin [-] Segment 64da8802-302a-4463-88f8-ff8370bda71b resource provider not found; error: Placement Client Error (4xx): {"errors": [{"status": 404, "title": "Not Found", "detail": "The resource could not be found.\n\n No resource provider with uuid 64da8802-302a-4463-88f8-ff8370bda71b found for delete ", "request_id": "req-f25af50b-1085-4c75-af92-b2b8cf5ed6f1"}]}
2026-05-11 11:56:28.322 9 INFO neutron.services.segments.plugin [-] Segment 64da8802-302a-4463-88f8-ff8370bda71b resource provider not found; error: Placement Client Error (4xx): {"errors": [{"status": 404, "title": "Not Found", "detail": "The resource could not be found.\n\n No resource provider with uuid 64da8802-302a-4463-88f8-ff8370bda71b found for delete ", "request_id": "req-7da6a7c2-3f44-4874-a9ee-e090f274532a"}]}
2026-05-11 11:56:28.365 9 INFO neutron.wsgi [None req-fa3744aa-5a75-45c5-a79d-4b3d6e33f371 f3f5f97eb76249029e44a4126801718c 6e9ff99e9b384559865da5526608b358 - - default default] 10.0.0.218 "DELETE /v2.0/networks/52457271-cf2b-4246-a851-e8f0ea8ad9e0 HTTP/1.1" status: 204 len: 168 time: 0.8463161
2026-05-11 11:56:28.630 9 INFO neutron.wsgi [None req-7fa56084-abcb-47b8-bdd9-564099d05963 f3f5f97eb76249029e44a4126801718c 6e9ff99e9b384559865da5526608b358 - - default default] 10.0.0.218 "GET /v2.0/security-groups?tenant_id=75612bc3b2a04be686b3a6ab2737721c&name=default HTTP/1.1" status: 200 len: 3120 time: 0.0640211
2026-05-11 11:56:28.634 9 INFO neutron.db.ovn_revision_numbers_db [None req-594628f1-0743-48a9-b65c-ffd0231e67bf - - - - - -] Successfully bumped revision number for resource 8cfe540c-b698-47ab-80c6-2ce68b55d51c (type: router_ports) to 3
2026-05-11 11:56:28.638 9 INFO neutron.db.ovn_revision_numbers_db [None req-c72feb4f-94a8-498f-ac15-1ab1333fe70d f3f5f97eb76249029e44a4126801718c 6e9ff99e9b384559865da5526608b358 - - default default] Successfully bumped revision number for resource a0d82e38-ce88-48a6-afb0-cac3f20e32fd (type: security_groups) to 1
2026-05-11 11:56:28.654 10 INFO neutron.plugins.ml2.drivers.ovn.mech_driver.mech_driver [None req-4847deb7-108e-42a3-ab4e-88167580dd94 - - - - - -] OVN reports status up for port: 73623b72-6cf0-4b5d-88d2-889bde150387
2026-05-11 11:56:28.667 10 INFO neutron.plugins.ml2.plugin [None req-4847deb7-108e-42a3-ab4e-88167580dd94 - - - - - -] Attempt 1 to provision port 73623b72-6cf0-4b5d-88d2-889bde150387
2026-05-11 11:56:28.670 10 INFO neutron.db.ovn_revision_numbers_db [None req-3e06cad1-ae58-4d42-ab48-383b8fa12c55 fcb5de3aa049461c98355b36ada36d28 c1003f4870764c9bbe8af087e237fa14 - - default default] Successfully bumped revision number for resource bfdd811c-97f4-49c1-a63d-da0cb6df4c9c (type: security_groups) to 1
2026-05-11 11:56:28.672 9 INFO neutron.db.ovn_revision_numbers_db [None req-c72feb4f-94a8-498f-ac15-1ab1333fe70d f3f5f97eb76249029e44a4126801718c 6e9ff99e9b384559865da5526608b358 - - default default] Successfully bumped revision number for resource 0b58b561-6a78-4d25-a095-b5f985ade511 (type: security_group_rules) to 0
2026-05-11 11:56:28.686 10 INFO neutron.db.ovn_revision_numbers_db [None req-ab64afad-8e5c-4014-83ae-340d513883a9 f3f5f97eb76249029e44a4126801718c 6e9ff99e9b384559865da5526608b358 - - default default] Successfully bumped revision number for resource 73623b72-6cf0-4b5d-88d2-889bde150387 (type: ports) to 1
2026-05-11 11:56:28.701 10 INFO neutron.db.ovn_revision_numbers_db [None req-3e06cad1-ae58-4d42-ab48-383b8fa12c55 fcb5de3aa049461c98355b36ada36d28 c1003f4870764c9bbe8af087e237fa14 - - default default] Successfully bumped revision number for resource 0249309b-00e7-4757-8652-aaaf182128d4 (type: security_group_rules) to 0
2026-05-11 11:56:28.704 9 INFO neutron.db.ovn_revision_numbers_db [None req-c72feb4f-94a8-498f-ac15-1ab1333fe70d f3f5f97eb76249029e44a4126801718c 6e9ff99e9b384559865da5526608b358 - - default default] Successfully bumped revision number for resource 553d6d21-4e95-4f9f-924a-8695df784f6d (type: security_group_rules) to 0
2026-05-11 11:56:28.743 10 INFO neutron.db.ovn_revision_numbers_db [None req-3e06cad1-ae58-4d42-ab48-383b8fa12c55 fcb5de3aa049461c98355b36ada36d28 c1003f4870764c9bbe8af087e237fa14 - - default default] Successfully bumped revision number for resource 28269a57-d694-452c-be96-a8f3d913f74b (type: security_group_rules) to 0
2026-05-11 11:56:28.749 9 INFO neutron.db.ovn_revision_numbers_db [None req-c72feb4f-94a8-498f-ac15-1ab1333fe70d f3f5f97eb76249029e44a4126801718c 6e9ff99e9b384559865da5526608b358 - - default default] Successfully bumped revision number for resource 87258a16-e8e6-487d-a849-354edd421e5b (type: security_group_rules) to 0
2026-05-11 11:56:28.773 10 INFO neutron.db.ovn_revision_numbers_db [None req-3e06cad1-ae58-4d42-ab48-383b8fa12c55 fcb5de3aa049461c98355b36ada36d28 c1003f4870764c9bbe8af087e237fa14 - - default default] Successfully bumped revision number for resource a0ef71ff-bb59-4987-901e-e205e40b7fd0 (type: security_group_rules) to 0
2026-05-11 11:56:28.779 9 INFO neutron.db.ovn_revision_numbers_db [None req-c72feb4f-94a8-498f-ac15-1ab1333fe70d f3f5f97eb76249029e44a4126801718c 6e9ff99e9b384559865da5526608b358 - - default default] Successfully bumped revision number for resource d4fba2f5-5bf2-4b41-9b7a-034748059ab5 (type: security_group_rules) to 0
2026-05-11 11:56:28.794 10 INFO neutron.db.ovn_revision_numbers_db [None req-3e06cad1-ae58-4d42-ab48-383b8fa12c55 fcb5de3aa049461c98355b36ada36d28 c1003f4870764c9bbe8af087e237fa14 - - default default] Successfully bumped revision number for resource db801382-127e-4536-882e-499eef6bb584 (type: security_group_rules) to 0
2026-05-11 11:56:28.798 10 WARNING neutron.scheduler.dhcp_agent_scheduler [None req-ab64afad-8e5c-4014-83ae-340d513883a9 f3f5f97eb76249029e44a4126801718c 6e9ff99e9b384559865da5526608b358 - - default default] No more DHCP agents
2026-05-11 11:56:28.803 10 WARNING neutron.api.rpc.agentnotifiers.dhcp_rpc_agent_api [None req-ab64afad-8e5c-4014-83ae-340d513883a9 f3f5f97eb76249029e44a4126801718c 6e9ff99e9b384559865da5526608b358 - - default default] Unable to schedule network e185c114-6fb4-4862-b1db-3330d1add1b5: no agents available; will retry on subsequent port and subnet creation events.
2026-05-11 11:56:28.817 9 INFO neutron.wsgi [None req-c72feb4f-94a8-498f-ac15-1ab1333fe70d f3f5f97eb76249029e44a4126801718c 6e9ff99e9b384559865da5526608b358 - - default default] 10.0.0.218 "GET /v2.0/security-groups?tenant_id=c6400b73484342c4967575611084d667&name=default HTTP/1.1" status: 200 len: 3120 time: 0.3792536
2026-05-11 11:56:28.892 10 INFO neutron.db.segments_db [None req-3e06cad1-ae58-4d42-ab48-383b8fa12c55 fcb5de3aa049461c98355b36ada36d28 c1003f4870764c9bbe8af087e237fa14 - - default default] Added segment ce71a254-c1cb-40c5-94bb-fc38a7991295 of type geneve for network adac4321-5977-4620-a929-4404a78aa2b4
2026-05-11 11:56:28.997 9 INFO neutron.wsgi [None req-3fb2944d-587b-4227-b090-68addc6c0e89 f3f5f97eb76249029e44a4126801718c 6e9ff99e9b384559865da5526608b358 - - default default] 10.0.0.218 "DELETE /v2.0/security-groups/00e114ac-89ed-49b4-9bf9-02105e81083b HTTP/1.1" status: 204 len: 168 time: 0.3617766
2026-05-11 11:56:28.999 9 INFO neutron.db.ovn_revision_numbers_db [None req-594628f1-0743-48a9-b65c-ffd0231e67bf - - - - - -] Successfully bumped revision number for resource 8cfe540c-b698-47ab-80c6-2ce68b55d51c (type: ports) to 2
2026-05-11 11:56:29.130 9 INFO neutron.wsgi [None req-38df4068-0093-487a-a540-5e1ebb9e41e9 f3f5f97eb76249029e44a4126801718c 6e9ff99e9b384559865da5526608b358 - - default default] 10.0.0.218 "DELETE /v2.0/security-groups/a0d82e38-ce88-48a6-afb0-cac3f20e32fd HTTP/1.1" status: 204 len: 168 time: 0.3068314
2026-05-11 11:56:29.151 10 INFO neutron.db.ovn_revision_numbers_db [None req-3e06cad1-ae58-4d42-ab48-383b8fa12c55 fcb5de3aa049461c98355b36ada36d28 c1003f4870764c9bbe8af087e237fa14 - - default default] Successfully bumped revision number for resource adac4321-5977-4620-a929-4404a78aa2b4 (type: networks) to 1
2026-05-11 11:56:29.348 9 INFO neutron.db.ovn_revision_numbers_db [None req-594628f1-0743-48a9-b65c-ffd0231e67bf - - - - - -] Successfully bumped revision number for resource 8cfe540c-b698-47ab-80c6-2ce68b55d51c (type: ports) to 4
2026-05-11 11:56:29.506 10 WARNING neutron.scheduler.dhcp_agent_scheduler [None req-3e06cad1-ae58-4d42-ab48-383b8fa12c55 fcb5de3aa049461c98355b36ada36d28 c1003f4870764c9bbe8af087e237fa14 - - default default] No more DHCP agents
2026-05-11 11:56:29.510 10 WARNING neutron.api.rpc.agentnotifiers.dhcp_rpc_agent_api [None req-3e06cad1-ae58-4d42-ab48-383b8fa12c55 fcb5de3aa049461c98355b36ada36d28 c1003f4870764c9bbe8af087e237fa14 - - default default] Unable to schedule network adac4321-5977-4620-a929-4404a78aa2b4: no agents available; will retry on subsequent port and subnet creation events.
2026-05-11 11:56:29.519 10 INFO neutron.db.ovn_revision_numbers_db [None req-4847deb7-108e-42a3-ab4e-88167580dd94 - - - - - -] Successfully bumped revision number for resource 73623b72-6cf0-4b5d-88d2-889bde150387 (type: ports) to 2
2026-05-11 11:56:29.619 9 INFO neutron.db.ovn_revision_numbers_db [None req-594628f1-0743-48a9-b65c-ffd0231e67bf - - - - - -] Successfully bumped revision number for resource 8cfe540c-b698-47ab-80c6-2ce68b55d51c (type: router_ports) to 4
2026-05-11 11:56:29.661 10 INFO neutron.db.ovn_revision_numbers_db [None req-3e06cad1-ae58-4d42-ab48-383b8fa12c55 fcb5de3aa049461c98355b36ada36d28 c1003f4870764c9bbe8af087e237fa14 - - default default] Successfully bumped revision number for resource 2692ad47-7a8a-4dbe-9cb5-c508b54fb847 (type: ports) to 1
2026-05-11 11:56:29.713 10 INFO neutron.db.ovn_revision_numbers_db [None req-ab64afad-8e5c-4014-83ae-340d513883a9 f3f5f97eb76249029e44a4126801718c 6e9ff99e9b384559865da5526608b358 - - default default] Successfully bumped revision number for resource 73623b72-6cf0-4b5d-88d2-889bde150387 (type: router_ports) to 1
2026-05-11 11:56:29.724 10 INFO neutron.wsgi [None req-3e06cad1-ae58-4d42-ab48-383b8fa12c55 fcb5de3aa049461c98355b36ada36d28 c1003f4870764c9bbe8af087e237fa14 - - default default] 10.0.0.218 "POST /v2.0/networks HTTP/1.1" status: 201 len: 831 time: 1.7095742
2026-05-11 11:56:29.728 10 INFO neutron.wsgi [None req-ab64afad-8e5c-4014-83ae-340d513883a9 f3f5f97eb76249029e44a4126801718c 6e9ff99e9b384559865da5526608b358 - - default default] 10.0.0.218 "PUT /v2.0/routers/efae8b21-412e-449c-bf75-a45f4b450d9a/add_router_interface HTTP/1.1" status: 200 len: 503 time: 2.8063509
2026-05-11 11:56:29.737 9 WARNING neutron_lib.context [None req-5a1dcff5-f80a-482d-8c23-6daf185fd5ca fcb5de3aa049461c98355b36ada36d28 c1003f4870764c9bbe8af087e237fa14 - - default default] Method 'is_advsvc' is deprecated since 2023.2 release (neutron-lib 3.8.0) and will be removed once support for the old RBAC API policies will be removed from Neutron. Please use method 'is_service_role' instead.
2026-05-11 11:56:29.746 10 INFO neutron.db.ovn_revision_numbers_db [None req-4847deb7-108e-42a3-ab4e-88167580dd94 - - - - - -] Successfully bumped revision number for resource 73623b72-6cf0-4b5d-88d2-889bde150387 (type: router_ports) to 2
2026-05-11 11:56:30.557 9 WARNING neutron.scheduler.dhcp_agent_scheduler [None req-5a1dcff5-f80a-482d-8c23-6daf185fd5ca fcb5de3aa049461c98355b36ada36d28 c1003f4870764c9bbe8af087e237fa14 - - default default] No more DHCP agents
2026-05-11 11:56:30.558 9 WARNING neutron.api.rpc.agentnotifiers.dhcp_rpc_agent_api [None req-5a1dcff5-f80a-482d-8c23-6daf185fd5ca fcb5de3aa049461c98355b36ada36d28 c1003f4870764c9bbe8af087e237fa14 - - default default] Unable to schedule network 9ad427e5-221d-4e35-bd47-d79ef14f1049: no agents available; will retry on subsequent port and subnet creation events.
2026-05-11 11:56:30.711 9 INFO neutron.db.ovn_revision_numbers_db [None req-5a1dcff5-f80a-482d-8c23-6daf185fd5ca fcb5de3aa049461c98355b36ada36d28 c1003f4870764c9bbe8af087e237fa14 - - default default] Successfully bumped revision number for resource cb620615-d9f5-4e26-b306-a9e24554b278 (type: ports) to 1
2026-05-11 11:56:31.427 9 INFO neutron.plugins.ml2.drivers.ovn.mech_driver.ovsdb.commands [None req-f22090c4-b3fd-498e-8c94-cdf72fd917a7 - - - - - -] Schedule LRP lrp-cb620615-d9f5-4e26-b306-a9e24554b278 on gateway 6c4c97e3-097f-4a03-bebb-10879c8c22de with priority 1
2026-05-11 11:56:31.448 9 INFO neutron.plugins.ml2.drivers.ovn.mech_driver.mech_driver [None req-02fafce6-5186-4500-9df5-51c680abb6c7 - - - - - -] OVN reports status up for port: cb620615-d9f5-4e26-b306-a9e24554b278
2026-05-11 11:56:31.465 9 INFO neutron.plugins.ml2.drivers.ovn.mech_driver.ovsdb.ovsdb_monitor [None req-594628f1-0743-48a9-b65c-ffd0231e67bf - - - - - -] Router 5fcb1619-61be-49d2-aa99-c083bd8511ea is bound to host instance
2026-05-11 11:56:31.480 9 INFO neutron.plugins.ml2.plugin [None req-02fafce6-5186-4500-9df5-51c680abb6c7 - - - - - -] Attempt 1 to provision port cb620615-d9f5-4e26-b306-a9e24554b278
2026-05-11 11:56:31.506 9 INFO neutron.db.ovn_revision_numbers_db [None req-5a1dcff5-f80a-482d-8c23-6daf185fd5ca fcb5de3aa049461c98355b36ada36d28 c1003f4870764c9bbe8af087e237fa14 - - default default] Successfully bumped revision number for resource cb620615-d9f5-4e26-b306-a9e24554b278 (type: router_ports) to 1
2026-05-11 11:56:31.658 9 INFO neutron.db.ovn_revision_numbers_db [None req-5a1dcff5-f80a-482d-8c23-6daf185fd5ca fcb5de3aa049461c98355b36ada36d28 c1003f4870764c9bbe8af087e237fa14 - - default default] Successfully bumped revision number for resource 5fcb1619-61be-49d2-aa99-c083bd8511ea (type: routers) to 2
2026-05-11 11:56:31.681 9 INFO neutron.wsgi [None req-5a1dcff5-f80a-482d-8c23-6daf185fd5ca fcb5de3aa049461c98355b36ada36d28 c1003f4870764c9bbe8af087e237fa14 - - default default] 10.0.0.218 "POST /v2.0/routers HTTP/1.1" status: 201 len: 1153 time: 1.9511812
2026-05-11 11:56:31.959 10 INFO neutron.wsgi [None req-4aa15d05-215e-40b5-9b7b-d82f23b89fcf f8b776e1653f429db99ab49c812be003 2935ff21adca4afda2535d5b921ee73f - - default default] 10.0.0.218 "GET /v2.0/subnets?project_id=c1003f4870764c9bbe8af087e237fa14&cidr=10.100.0.0%2F28 HTTP/1.1" status: 200 len: 207 time: 0.2703521
2026-05-11 11:56:32.081 10 INFO neutron.wsgi [req-eac0ea12-875e-44ab-9d7d-25bf12948c1e req-f63873d5-81e4-4340-9522-eb2ef6a3cea1 bb0a3127ec054fa4ba4c4edf3e4d7c07 4bc59b2d12a14868979f674ecf7c57b0 - - default default] 10.0.0.160 "GET /v2.0/networks?id=e185c114-6fb4-4862-b1db-3330d1add1b5 HTTP/1.1" status: 200 len: 872 time: 0.1123931
2026-05-11 11:56:32.102 9 INFO neutron.wsgi [None req-71ea310d-0a5f-447a-9267-09d7981e4f17 f8b776e1653f429db99ab49c812be003 2935ff21adca4afda2535d5b921ee73f - - default default] 10.0.0.218 "GET /v2.0/networks?router%3Aexternal=True HTTP/1.1" status: 200 len: 947 time: 0.1345851
2026-05-11 11:56:32.103 10 INFO neutron.wsgi [req-eac0ea12-875e-44ab-9d7d-25bf12948c1e req-7d9f8773-7030-4208-9088-94ba3a58798a bb0a3127ec054fa4ba4c4edf3e4d7c07 4bc59b2d12a14868979f674ecf7c57b0 - - default default] 10.0.0.160 "GET /v2.0/quotas/4bc59b2d12a14868979f674ecf7c57b0 HTTP/1.1" status: 200 len: 491 time: 0.0143101
2026-05-11 11:56:32.144 10 INFO neutron.wsgi [None req-5ef06d3e-51ad-460c-ba57-658cf2648b77 f8b776e1653f429db99ab49c812be003 2935ff21adca4afda2535d5b921ee73f - - default default] 10.0.0.218 "GET /v2.0/subnets?network_id=9ad427e5-221d-4e35-bd47-d79ef14f1049&cidr=10.100.0.0%2F28 HTTP/1.1" status: 200 len: 207 time: 0.0372226
2026-05-11 11:56:32.156 10 WARNING neutron_lib.context [None req-4aaa76d5-aae5-44f0-8b46-fa27e0f73f4a fcb5de3aa049461c98355b36ada36d28 c1003f4870764c9bbe8af087e237fa14 - - default default] Method 'is_advsvc' is deprecated since 2023.2 release (neutron-lib 3.8.0) and will be removed once support for the old RBAC API policies will be removed from Neutron. Please use method 'is_service_role' instead.
2026-05-11 11:56:32.260 10 INFO neutron.wsgi [req-eac0ea12-875e-44ab-9d7d-25bf12948c1e req-315282f9-54cc-41ee-829b-b26c930a1afa bb0a3127ec054fa4ba4c4edf3e4d7c07 4bc59b2d12a14868979f674ecf7c57b0 - - default default] 10.0.0.160 "GET /v2.0/ports?tenant_id=4bc59b2d12a14868979f674ecf7c57b0&fields=id HTTP/1.1" status: 200 len: 302 time: 0.1437874
2026-05-11 11:56:32.568 10 INFO neutron.wsgi [req-eac0ea12-875e-44ab-9d7d-25bf12948c1e req-4b32f575-3719-4df2-b3bb-6b264d36a240 6fc3248cc7564687a7594a5d4cd32dea 67d5299d765c4122b546eb7bf13327ca - - 6554e4942acc46fd9188d05bf42ba876 6554e4942acc46fd9188d05bf42ba876] 10.0.0.160 "GET /v2.0/networks/e185c114-6fb4-4862-b1db-3330d1add1b5?fields=segments HTTP/1.1" status: 200 len: 212 time: 0.3005943
2026-05-11 11:56:32.601 9 INFO neutron.db.ovn_revision_numbers_db [None req-594628f1-0743-48a9-b65c-ffd0231e67bf - - - - - -] Successfully bumped revision number for resource cb620615-d9f5-4e26-b306-a9e24554b278 (type: ports) to 1
2026-05-11 11:56:32.655 10 INFO neutron.wsgi [req-eac0ea12-875e-44ab-9d7d-25bf12948c1e req-c1f195cb-d9bc-4ed7-b432-fa82b1842976 6fc3248cc7564687a7594a5d4cd32dea 67d5299d765c4122b546eb7bf13327ca - - 6554e4942acc46fd9188d05bf42ba876 6554e4942acc46fd9188d05bf42ba876] 10.0.0.160 "GET /v2.0/networks/e185c114-6fb4-4862-b1db-3330d1add1b5?fields=provider%3Aphysical_network&fields=provider%3Anetwork_type HTTP/1.1" status: 200 len: 277 time: 0.0825126
2026-05-11 11:56:32.707 10 WARNING neutron.scheduler.dhcp_agent_scheduler [None req-4aaa76d5-aae5-44f0-8b46-fa27e0f73f4a fcb5de3aa049461c98355b36ada36d28 c1003f4870764c9bbe8af087e237fa14 - - default default] No more DHCP agents
2026-05-11 11:56:32.709 10 WARNING neutron.api.rpc.agentnotifiers.dhcp_rpc_agent_api [None req-4aaa76d5-aae5-44f0-8b46-fa27e0f73f4a fcb5de3aa049461c98355b36ada36d28 c1003f4870764c9bbe8af087e237fa14 - - default default] Unable to schedule network adac4321-5977-4620-a929-4404a78aa2b4: no agents available; will retry on subsequent port and subnet creation events.
2026-05-11 11:56:32.831 9 INFO neutron.wsgi [req-7fee4c25-5488-4953-b161-c6f00246139f req-2e3318c6-b66e-41d3-b3d5-1d18295e211e bb0a3127ec054fa4ba4c4edf3e4d7c07 4bc59b2d12a14868979f674ecf7c57b0 - - default default] 10.0.0.160 "GET /v2.0/ports?device_id=5529baf6-5c62-45b6-a08c-bfa5d5df87e6 HTTP/1.1" status: 200 len: 210 time: 0.0336053
2026-05-11 11:56:33.089 9 INFO neutron.db.ovn_revision_numbers_db [None req-594628f1-0743-48a9-b65c-ffd0231e67bf - - - - - -] Successfully bumped revision number for resource cb620615-d9f5-4e26-b306-a9e24554b278 (type: router_ports) to 3
2026-05-11 11:56:33.280 10 INFO neutron.db.ovn_revision_numbers_db [None req-4aaa76d5-aae5-44f0-8b46-fa27e0f73f4a fcb5de3aa049461c98355b36ada36d28 c1003f4870764c9bbe8af087e237fa14 - - default default] Successfully bumped revision number for resource 2692ad47-7a8a-4dbe-9cb5-c508b54fb847 (type: ports) to 2
2026-05-11 11:56:33.324 9 INFO neutron.db.ovn_revision_numbers_db [None req-594628f1-0743-48a9-b65c-ffd0231e67bf - - - - - -] Successfully bumped revision number for resource cb620615-d9f5-4e26-b306-a9e24554b278 (type: ports) to 2
2026-05-11 11:56:33.334 10 INFO neutron.db.ovn_revision_numbers_db [None req-4aaa76d5-aae5-44f0-8b46-fa27e0f73f4a fcb5de3aa049461c98355b36ada36d28 c1003f4870764c9bbe8af087e237fa14 - - default default] Successfully bumped revision number for resource aaa7dcc5-0481-4625-aa2b-0a450f088a76 (type: subnets) to 0
2026-05-11 11:56:33.353 10 INFO neutron.wsgi [None req-4aaa76d5-aae5-44f0-8b46-fa27e0f73f4a fcb5de3aa049461c98355b36ada36d28 c1003f4870764c9bbe8af087e237fa14 - - default default] 10.0.0.218 "POST /v2.0/subnets HTTP/1.1" status: 201 len: 831 time: 1.2011964
2026-05-11 11:56:33.580 10 INFO neutron.wsgi [req-eac0ea12-875e-44ab-9d7d-25bf12948c1e req-49247f51-9493-471b-aef0-abb33f3e80f3 bb0a3127ec054fa4ba4c4edf3e4d7c07 4bc59b2d12a14868979f674ecf7c57b0 - - default default] 199.19.213.54 "GET /v2.0/networks?id=e185c114-6fb4-4862-b1db-3330d1add1b5 HTTP/1.1" status: 200 len: 872 time: 0.0806251
2026-05-11 11:56:33.590 10 WARNING neutron_lib.context [req-eac0ea12-875e-44ab-9d7d-25bf12948c1e req-330ac448-94f9-47d6-9d19-61d43efa2733 bb0a3127ec054fa4ba4c4edf3e4d7c07 4bc59b2d12a14868979f674ecf7c57b0 - - default default] Method 'is_advsvc' is deprecated since 2023.2 release (neutron-lib 3.8.0) and will be removed once support for the old RBAC API policies will be removed from Neutron. Please use method 'is_service_role' instead.
2026-05-11 11:56:33.769 9 INFO neutron.db.ovn_revision_numbers_db [None req-594628f1-0743-48a9-b65c-ffd0231e67bf - - - - - -] Successfully bumped revision number for resource cb620615-d9f5-4e26-b306-a9e24554b278 (type: ports) to 4
2026-05-11 11:56:33.932 10 INFO neutron.wsgi [req-def37898-203a-4701-acc2-7eb32a1b4d48 req-8d4c2ad7-ed86-4147-a50a-ce1cd4d33ec6 bb0a3127ec054fa4ba4c4edf3e4d7c07 4bc59b2d12a14868979f674ecf7c57b0 - - default default] 10.0.0.160 "GET /v2.0/ports?device_id=5529baf6-5c62-45b6-a08c-bfa5d5df87e6 HTTP/1.1" status: 200 len: 210 time: 0.0328887
2026-05-11 11:56:34.020 9 INFO neutron.db.ovn_revision_numbers_db [None req-594628f1-0743-48a9-b65c-ffd0231e67bf - - - - - -] Successfully bumped revision number for resource cb620615-d9f5-4e26-b306-a9e24554b278 (type: router_ports) to 4
2026-05-11 11:56:34.080 9 INFO neutron.db.ovn_revision_numbers_db [None req-190987bc-96d6-459e-9642-0a5839f0345d f3f5f97eb76249029e44a4126801718c 6e9ff99e9b384559865da5526608b358 - - default default] Successfully bumped revision number for resource 808a51d8-1681-4c33-819a-defdd61defc3 (type: security_groups) to 1
2026-05-11 11:56:34.094 9 INFO neutron.db.ovn_revision_numbers_db [None req-190987bc-96d6-459e-9642-0a5839f0345d f3f5f97eb76249029e44a4126801718c 6e9ff99e9b384559865da5526608b358 - - default default] Successfully bumped revision number for resource 3807bd0e-5fac-4a44-9566-d0f412244c0d (type: security_group_rules) to 0
2026-05-11 11:56:34.109 9 INFO neutron.db.ovn_revision_numbers_db [None req-190987bc-96d6-459e-9642-0a5839f0345d f3f5f97eb76249029e44a4126801718c 6e9ff99e9b384559865da5526608b358 - - default default] Successfully bumped revision number for resource 3c663244-1cdc-4f1a-b5f7-5cc2f9f6775e (type: security_group_rules) to 0
2026-05-11 11:56:34.124 9 INFO neutron.db.ovn_revision_numbers_db [None req-190987bc-96d6-459e-9642-0a5839f0345d f3f5f97eb76249029e44a4126801718c 6e9ff99e9b384559865da5526608b358 - - default default] Successfully bumped revision number for resource cad6dbb8-362e-43f6-89e1-3fa7d704036f (type: security_group_rules) to 0
2026-05-11 11:56:34.140 9 INFO neutron.db.ovn_revision_numbers_db [None req-190987bc-96d6-459e-9642-0a5839f0345d f3f5f97eb76249029e44a4126801718c 6e9ff99e9b384559865da5526608b358 - - default default] Successfully bumped revision number for resource eadbae32-7cb3-4c07-8d97-4a73f5dc07ec (type: security_group_rules) to 0
2026-05-11 11:56:34.166 9 INFO neutron.wsgi [None req-190987bc-96d6-459e-9642-0a5839f0345d f3f5f97eb76249029e44a4126801718c 6e9ff99e9b384559865da5526608b358 - - default default] 10.0.0.218 "GET /v2.0/security-groups?tenant_id=aa3bc98f97f94cd8bc1aefb9e04ad2dc&name=default HTTP/1.1" status: 200 len: 3120 time: 0.4950094
2026-05-11 11:56:34.174 10 WARNING neutron.scheduler.dhcp_agent_scheduler [req-eac0ea12-875e-44ab-9d7d-25bf12948c1e req-330ac448-94f9-47d6-9d19-61d43efa2733 bb0a3127ec054fa4ba4c4edf3e4d7c07 4bc59b2d12a14868979f674ecf7c57b0 - - default default] No more DHCP agents
2026-05-11 11:56:34.177 10 WARNING neutron.api.rpc.agentnotifiers.dhcp_rpc_agent_api [req-eac0ea12-875e-44ab-9d7d-25bf12948c1e req-330ac448-94f9-47d6-9d19-61d43efa2733 bb0a3127ec054fa4ba4c4edf3e4d7c07 4bc59b2d12a14868979f674ecf7c57b0 - - default default] Unable to schedule network e185c114-6fb4-4862-b1db-3330d1add1b5: no agents available; will retry on subsequent port and subnet creation events.
2026-05-11 11:56:34.218 10 WARNING neutron.scheduler.dhcp_agent_scheduler [None req-151f506c-0127-4733-8c4d-6c7d4b2248d1 fcb5de3aa049461c98355b36ada36d28 c1003f4870764c9bbe8af087e237fa14 - - default default] No more DHCP agents
2026-05-11 11:56:34.221 10 WARNING neutron.api.rpc.agentnotifiers.dhcp_rpc_agent_api [None req-151f506c-0127-4733-8c4d-6c7d4b2248d1 fcb5de3aa049461c98355b36ada36d28 c1003f4870764c9bbe8af087e237fa14 - - default default] Unable to schedule network adac4321-5977-4620-a929-4404a78aa2b4: no agents available; will retry on subsequent port and subnet creation events.
2026-05-11 11:56:34.435 10 INFO neutron.db.ovn_revision_numbers_db [req-eac0ea12-875e-44ab-9d7d-25bf12948c1e req-330ac448-94f9-47d6-9d19-61d43efa2733 bb0a3127ec054fa4ba4c4edf3e4d7c07 4bc59b2d12a14868979f674ecf7c57b0 - - default default] Successfully bumped revision number for resource 1e57d48b-a3d4-4a25-bfe5-e9be1c8584e1 (type: ports) to 1
2026-05-11 11:56:34.446 10 INFO neutron.db.ovn_revision_numbers_db [None req-151f506c-0127-4733-8c4d-6c7d4b2248d1 fcb5de3aa049461c98355b36ada36d28 c1003f4870764c9bbe8af087e237fa14 - - default default] Successfully bumped revision number for resource e4e0d2d2-2ead-43e7-b6a0-68e593951cf4 (type: ports) to 1
2026-05-11 11:56:34.456 10 INFO neutron.wsgi [req-eac0ea12-875e-44ab-9d7d-25bf12948c1e req-330ac448-94f9-47d6-9d19-61d43efa2733 bb0a3127ec054fa4ba4c4edf3e4d7c07 4bc59b2d12a14868979f674ecf7c57b0 - - default default] 199.19.213.54 "POST /v2.0/ports HTTP/1.1" status: 201 len: 1158 time: 0.8717582
2026-05-11 11:56:34.475 9 INFO neutron.wsgi [None req-3a99152a-acea-42f4-b9c0-21aa2bf15f0d f3f5f97eb76249029e44a4126801718c 6e9ff99e9b384559865da5526608b358 - - default default] 10.0.0.218 "DELETE /v2.0/security-groups/808a51d8-1681-4c33-819a-defdd61defc3 HTTP/1.1" status: 204 len: 168 time: 0.3036456 /var/lib/openstack/lib/python3.10/site-packages/pycadf/identifier.py:71: UserWarning: Invalid uuid: neutron. To ensure interoperability, identifiers should be a valid uuid. warnings.warn(('Invalid uuid: %s. To ensure interoperability, '
2026-05-11 11:56:34.869 9 INFO neutron.wsgi [-] 10.0.0.242 "GET / HTTP/1.1" status: 200 len: 247 time: 0.0022545
2026-05-11 11:56:34.871 9 INFO neutron.wsgi [-] 10.0.0.242 "GET / HTTP/1.1" status: 200 len: 247 time: 0.0015831
2026-05-11 11:56:35.017 10 WARNING neutron.plugins.ml2.drivers.ovn.mech_driver.ovsdb.ovn_client [None req-4847deb7-108e-42a3-ab4e-88167580dd94 - - - - - -] No hosting information found for port 73623b72-6cf0-4b5d-88d2-889bde150387: RuntimeError: No hosting information found for port 73623b72-6cf0-4b5d-88d2-889bde150387
2026-05-11 11:56:35.116 9 INFO neutron.wsgi [req-d95fda2e-b212-45e7-a85b-32b09a3ead85 req-615fdef8-b2e5-489a-b7c9-ead3404c1b8e bb0a3127ec054fa4ba4c4edf3e4d7c07 4bc59b2d12a14868979f674ecf7c57b0 - - default default] 10.0.0.160 "GET /v2.0/ports?device_id=5529baf6-5c62-45b6-a08c-bfa5d5df87e6 HTTP/1.1" status: 200 len: 1156 time: 0.1130049
2026-05-11 11:56:35.173 9 INFO neutron.wsgi [req-d95fda2e-b212-45e7-a85b-32b09a3ead85 req-5e14dfb8-7be1-4171-aa77-70a4e82fc5d1 bb0a3127ec054fa4ba4c4edf3e4d7c07 4bc59b2d12a14868979f674ecf7c57b0 - - default default] 10.0.0.160 "GET /v2.0/security-groups?id=5306e72b-ce4b-4230-9c62-16fbb1a7f804&fields=id&fields=name HTTP/1.1" status: 200 len: 286 time: 0.0497091
2026-05-11 11:56:35.222 9 INFO neutron.db.ovn_revision_numbers_db [None req-a9a7a8a9-7d66-4274-8d55-8f053cf10bc4 f3f5f97eb76249029e44a4126801718c 6e9ff99e9b384559865da5526608b358 - - default default] Successfully bumped revision number for resource 9bc381b6-37be-412f-bce1-f5c116570fb8 (type: security_groups) to 1
2026-05-11 11:56:35.239 9 INFO neutron.db.ovn_revision_numbers_db [None req-a9a7a8a9-7d66-4274-8d55-8f053cf10bc4 f3f5f97eb76249029e44a4126801718c 6e9ff99e9b384559865da5526608b358 - - default default] Successfully bumped revision number for resource 0fcf18f3-5d1b-435e-a132-ee0c3cbd9805 (type: security_group_rules) to 0
2026-05-11 11:56:35.255 9 INFO neutron.db.ovn_revision_numbers_db [None req-a9a7a8a9-7d66-4274-8d55-8f053cf10bc4 f3f5f97eb76249029e44a4126801718c 6e9ff99e9b384559865da5526608b358 - - default default] Successfully bumped revision number for resource 2b23c8fb-a40b-4eef-8bff-a8ef95d10491 (type: security_group_rules) to 0
2026-05-11 11:56:35.269 9 INFO neutron.db.ovn_revision_numbers_db [None req-a9a7a8a9-7d66-4274-8d55-8f053cf10bc4 f3f5f97eb76249029e44a4126801718c 6e9ff99e9b384559865da5526608b358 - - default default] Successfully bumped revision number for resource 8233ba51-5b12-4a0e-94f3-3068bf769d53 (type: security_group_rules) to 0
2026-05-11 11:56:35.284 10 INFO neutron.db.ovn_revision_numbers_db [req-eac0ea12-875e-44ab-9d7d-25bf12948c1e req-1f528332-26bb-47a2-be09-4860c60f8f79 6fc3248cc7564687a7594a5d4cd32dea 67d5299d765c4122b546eb7bf13327ca - - 6554e4942acc46fd9188d05bf42ba876 6554e4942acc46fd9188d05bf42ba876] Successfully bumped revision number for resource 1e57d48b-a3d4-4a25-bfe5-e9be1c8584e1 (type: ports) to 2
2026-05-11 11:56:35.286 9 INFO neutron.db.ovn_revision_numbers_db [None req-a9a7a8a9-7d66-4274-8d55-8f053cf10bc4 f3f5f97eb76249029e44a4126801718c 6e9ff99e9b384559865da5526608b358 - - default default] Successfully bumped revision number for resource f7064ba1-cedd-4931-b6ba-c4897c1e3a37 (type: security_group_rules) to 0
2026-05-11 11:56:35.310 9 INFO neutron.wsgi [None req-a9a7a8a9-7d66-4274-8d55-8f053cf10bc4 f3f5f97eb76249029e44a4126801718c 6e9ff99e9b384559865da5526608b358 - - default default] 10.0.0.218 "GET /v2.0/security-groups?tenant_id=fef66d7ae63a46789d24b973d6a4e7b0&name=default HTTP/1.1" status: 200 len: 3120 time: 0.4377801 /var/lib/openstack/lib/python3.10/site-packages/pycadf/identifier.py:71: UserWarning: Invalid uuid: neutron. To ensure interoperability, identifiers should be a valid uuid. warnings.warn(('Invalid uuid: %s. To ensure interoperability, '
2026-05-11 11:56:35.517 10 ERROR ovsdbapp.backend.ovs_idl.command [None req-151f506c-0127-4733-8c4d-6c7d4b2248d1 fcb5de3aa049461c98355b36ada36d28 c1003f4870764c9bbe8af087e237fa14 - - default default] Error executing command (DbGetCommand): ovsdbapp.backend.ovs_idl.idlutils.RowNotFound: Cannot find Logical_Router_Port with name=lrp-e4e0d2d2-2ead-43e7-b6a0-68e593951cf4
2026-05-11 11:56:35.517 10 ERROR ovsdbapp.backend.ovs_idl.command
Traceback (most recent call last):
2026-05-11 11:56:35.517 10 ERROR ovsdbapp.backend.ovs_idl.command
File "/var/lib/openstack/lib/python3.10/site-packages/ovsdbapp/backend/ovs_idl/command.py", line 47, in execute
2026-05-11 11:56:35.517 10 ERROR ovsdbapp.backend.ovs_idl.command self.run_idl(None)
2026-05-11 11:56:35.517 10 ERROR ovsdbapp.backend.ovs_idl.command
File "/var/lib/openstack/lib/python3.10/site-packages/ovsdbapp/backend/ovs_idl/command.py", line 235, in run_idl
2026-05-11 11:56:35.517 10 ERROR ovsdbapp.backend.ovs_idl.command record = self.api.lookup(self.table, self.record)
2026-05-11 11:56:35.517 10 ERROR ovsdbapp.backend.ovs_idl.command
File "/var/lib/openstack/lib/python3.10/site-packages/ovsdbapp/backend/ovs_idl/__init__.py", line 184, in lookup
2026-05-11 11:56:35.517 10 ERROR ovsdbapp.backend.ovs_idl.command return self._lookup(table, record)
2026-05-11 11:56:35.517 10 ERROR ovsdbapp.backend.ovs_idl.command
File "/var/lib/openstack/lib/python3.10/site-packages/ovsdbapp/backend/ovs_idl/__init__.py", line 235, in _lookup
2026-05-11 11:56:35.517 10 ERROR ovsdbapp.backend.ovs_idl.command row = idlutils.row_by_value(self, rl.table, rl.column, record)
2026-05-11 11:56:35.517 10 ERROR ovsdbapp.backend.ovs_idl.command
File "/var/lib/openstack/lib/python3.10/site-packages/ovsdbapp/backend/ovs_idl/idlutils.py", line 114, in row_by_value
2026-05-11 11:56:35.517 10 ERROR ovsdbapp.backend.ovs_idl.command raise RowNotFound(table=table, col=column, match=match)
2026-05-11 11:56:35.517 10 ERROR ovsdbapp.backend.ovs_idl.command ovsdbapp.backend.ovs_idl.idlutils.RowNotFound: Cannot find Logical_Router_Port with name=lrp-e4e0d2d2-2ead-43e7-b6a0-68e593951cf4
2026-05-11 11:56:35.517 10 ERROR ovsdbapp.backend.ovs_idl.command 
2026-05-11 11:56:35.518 10 ERROR neutron_lib.callbacks.manager [None req-151f506c-0127-4733-8c4d-6c7d4b2248d1 fcb5de3aa049461c98355b36ada36d28 c1003f4870764c9bbe8af087e237fa14 - - default default] Error during notification for neutron.services.ovn_l3.plugin.OVNL3RouterPlugin._port_update-8743407941359 port, after_update: ovsdbapp.backend.ovs_idl.idlutils.RowNotFound: Cannot find Logical_Router_Port with name=lrp-e4e0d2d2-2ead-43e7-b6a0-68e593951cf4
2026-05-11 11:56:35.518 10 ERROR neutron_lib.callbacks.manager
Traceback (most recent call last):
2026-05-11 11:56:35.518 10 ERROR neutron_lib.callbacks.manager
File "/var/lib/openstack/lib/python3.10/site-packages/neutron_lib/callbacks/manager.py", line 189, in _notify_loop
2026-05-11 11:56:35.518 10 ERROR neutron_lib.callbacks.manager callback.method(resource, event, trigger, payload=payload)
2026-05-11 11:56:35.518 10 ERROR neutron_lib.callbacks.manager
File "/var/lib/openstack/lib/python3.10/site-packages/neutron/services/ovn_l3/plugin.py", line 391, in _port_update
2026-05-11 11:56:35.518 10 ERROR neutron_lib.callbacks.manager l3plugin._ovn_client.update_router_port(context,
2026-05-11 11:56:35.518 10 ERROR neutron_lib.callbacks.manager
File "/var/lib/openstack/lib/python3.10/site-packages/neutron/plugins/ml2/drivers/ovn/mech_driver/ovsdb/ovn_client.py", line 1878, in update_router_port
2026-05-11 11:56:35.518 10 ERROR neutron_lib.callbacks.manager self._update_lrouter_port(context, port, if_exists=if_exists,
2026-05-11 11:56:35.518 10 ERROR neutron_lib.callbacks.manager
File "/var/lib/openstack/lib/python3.10/site-packages/neutron/plugins/ml2/drivers/ovn/mech_driver/ovsdb/ovn_client.py", line 1855, in _update_lrouter_port
2026-05-11 11:56:35.518 10 ERROR neutron_lib.callbacks.manager external_ids = self._nb_idl.db_get(
2026-05-11 11:56:35.518 10 ERROR neutron_lib.callbacks.manager
File "/var/lib/openstack/lib/python3.10/site-packages/ovsdbapp/backend/ovs_idl/command.py", line 47, in execute
2026-05-11 11:56:35.518 10 ERROR neutron_lib.callbacks.manager self.run_idl(None)
2026-05-11 11:56:35.518 10 ERROR neutron_lib.callbacks.manager
File "/var/lib/openstack/lib/python3.10/site-packages/ovsdbapp/backend/ovs_idl/command.py", line 235, in run_idl
2026-05-11 11:56:35.518 10 ERROR neutron_lib.callbacks.manager record = self.api.lookup(self.table, self.record)
2026-05-11 11:56:35.518 10 ERROR neutron_lib.callbacks.manager
File "/var/lib/openstack/lib/python3.10/site-packages/ovsdbapp/backend/ovs_idl/__init__.py", line 184, in lookup
2026-05-11 11:56:35.518 10 ERROR neutron_lib.callbacks.manager return self._lookup(table, record)
2026-05-11 11:56:35.518 10 ERROR neutron_lib.callbacks.manager
File "/var/lib/openstack/lib/python3.10/site-packages/ovsdbapp/backend/ovs_idl/__init__.py", line 235, in _lookup
2026-05-11 11:56:35.518 10 ERROR neutron_lib.callbacks.manager row = idlutils.row_by_value(self, rl.table, rl.column, record)
2026-05-11 11:56:35.518 10 ERROR neutron_lib.callbacks.manager
File "/var/lib/openstack/lib/python3.10/site-packages/ovsdbapp/backend/ovs_idl/idlutils.py", line 114, in row_by_value
2026-05-11 11:56:35.518 10 ERROR neutron_lib.callbacks.manager raise RowNotFound(table=table, col=column, match=match)
2026-05-11 11:56:35.518 10 ERROR neutron_lib.callbacks.manager ovsdbapp.backend.ovs_idl.idlutils.RowNotFound: Cannot find Logical_Router_Port with name=lrp-e4e0d2d2-2ead-43e7-b6a0-68e593951cf4
2026-05-11 11:56:35.518 10 ERROR neutron_lib.callbacks.manager 
2026-05-11 11:56:35.670 10 INFO neutron.db.ovn_revision_numbers_db [req-eac0ea12-875e-44ab-9d7d-25bf12948c1e req-1f528332-26bb-47a2-be09-4860c60f8f79 6fc3248cc7564687a7594a5d4cd32dea 67d5299d765c4122b546eb7bf13327ca - - 6554e4942acc46fd9188d05bf42ba876 6554e4942acc46fd9188d05bf42ba876] Successfully bumped revision number for resource 1e57d48b-a3d4-4a25-bfe5-e9be1c8584e1 (type: ports) to 2
2026-05-11 11:56:35.699 10 INFO neutron.wsgi [req-eac0ea12-875e-44ab-9d7d-25bf12948c1e req-1f528332-26bb-47a2-be09-4860c60f8f79 6fc3248cc7564687a7594a5d4cd32dea 67d5299d765c4122b546eb7bf13327ca - - 6554e4942acc46fd9188d05bf42ba876 6554e4942acc46fd9188d05bf42ba876] 199.19.213.54 "PUT /v2.0/ports/1e57d48b-a3d4-4a25-bfe5-e9be1c8584e1 HTTP/1.1" status: 200 len: 1376 time: 0.9942899
2026-05-11 11:56:35.755 10 INFO neutron.notifiers.nova [-] Nova event matching ['req-2e7f3e4b-38e5-4128-872b-5bcd57e4f7ef'] response: {'name': 'network-changed', 'server_uuid': '5529baf6-5c62-45b6-a08c-bfa5d5df87e6', 'tag': '1e57d48b-a3d4-4a25-bfe5-e9be1c8584e1', 'status': 'completed', 'code': 200} /var/lib/openstack/lib/python3.10/site-packages/pycadf/identifier.py:71: UserWarning: Invalid uuid: neutron. To ensure interoperability, identifiers should be a valid uuid. warnings.warn(('Invalid uuid: %s. To ensure interoperability, '
2026-05-11 11:56:35.776 10 INFO neutron.wsgi [None req-92cbadc2-bf96-4b13-b64f-1216ae5d7c4d f3f5f97eb76249029e44a4126801718c 6e9ff99e9b384559865da5526608b358 - - default default] 10.0.0.218 "DELETE /v2.0/security-groups/9bc381b6-37be-412f-bce1-f5c116570fb8 HTTP/1.1" status: 204 len: 168 time: 0.4586780
2026-05-11 11:56:35.806 10 INFO neutron.wsgi [req-eac0ea12-875e-44ab-9d7d-25bf12948c1e req-945f1551-e201-48e8-adc9-444d9699f093 6fc3248cc7564687a7594a5d4cd32dea 67d5299d765c4122b546eb7bf13327ca - - 6554e4942acc46fd9188d05bf42ba876 6554e4942acc46fd9188d05bf42ba876] 199.19.213.54 "GET /v2.0/ports?tenant_id=4bc59b2d12a14868979f674ecf7c57b0&device_id=5529baf6-5c62-45b6-a08c-bfa5d5df87e6 HTTP/1.1" status: 200 len: 1407 time: 0.0669386
2026-05-11 11:56:35.822 9 INFO neutron.plugins.ml2.drivers.ovn.mech_driver.mech_driver [None req-02fafce6-5186-4500-9df5-51c680abb6c7 - - - - - -] OVN reports status up for port: e4e0d2d2-2ead-43e7-b6a0-68e593951cf4
2026-05-11 11:56:35.832 9 INFO neutron.plugins.ml2.plugin [None req-02fafce6-5186-4500-9df5-51c680abb6c7 - - - - - -] Attempt 1 to provision port e4e0d2d2-2ead-43e7-b6a0-68e593951cf4
2026-05-11 11:56:35.850 10 INFO neutron.wsgi [req-eac0ea12-875e-44ab-9d7d-25bf12948c1e req-2cd5bcc3-4196-48d2-9bdd-16e014bed9d8 6fc3248cc7564687a7594a5d4cd32dea 67d5299d765c4122b546eb7bf13327ca - - 6554e4942acc46fd9188d05bf42ba876 6554e4942acc46fd9188d05bf42ba876] 199.19.213.54 "GET /v2.0/floatingips?fixed_ip_address=10.100.0.8&port_id=1e57d48b-a3d4-4a25-bfe5-e9be1c8584e1 HTTP/1.1" status: 200 len: 217 time: 0.0368946
2026-05-11 11:56:35.874 10 INFO neutron.db.ovn_revision_numbers_db [None req-151f506c-0127-4733-8c4d-6c7d4b2248d1 fcb5de3aa049461c98355b36ada36d28 c1003f4870764c9bbe8af087e237fa14 - - default default] Successfully bumped revision number for resource e4e0d2d2-2ead-43e7-b6a0-68e593951cf4 (type: ports) to 1
2026-05-11 11:56:35.891 10 INFO neutron.wsgi [req-eac0ea12-875e-44ab-9d7d-25bf12948c1e req-c04447d6-3d28-4014-97ba-caf8d6ff01cd 6fc3248cc7564687a7594a5d4cd32dea 67d5299d765c4122b546eb7bf13327ca - - 6554e4942acc46fd9188d05bf42ba876 6554e4942acc46fd9188d05bf42ba876] 199.19.213.54 "GET /v2.0/subnets?id=412735d4-e517-4c2b-9e19-bb53fcaf2a08 HTTP/1.1" status: 200 len: 866 time: 0.0325835
2026-05-11 11:56:35.932 10 INFO neutron.wsgi [req-eac0ea12-875e-44ab-9d7d-25bf12948c1e req-eaf1f81a-68ff-4ef5-96fb-34db4d15fd5f 6fc3248cc7564687a7594a5d4cd32dea 67d5299d765c4122b546eb7bf13327ca - - 6554e4942acc46fd9188d05bf42ba876 6554e4942acc46fd9188d05bf42ba876] 199.19.213.54 "GET /v2.0/ports?network_id=e185c114-6fb4-4862-b1db-3330d1add1b5&device_owner=network%3Adhcp HTTP/1.1" status: 200 len: 210 time: 0.0298808
2026-05-11 11:56:35.973 10 WARNING neutron.scheduler.dhcp_agent_scheduler [None req-151f506c-0127-4733-8c4d-6c7d4b2248d1 fcb5de3aa049461c98355b36ada36d28 c1003f4870764c9bbe8af087e237fa14 - - default default] No more DHCP agents
2026-05-11 11:56:35.975 10 WARNING neutron.api.rpc.agentnotifiers.dhcp_rpc_agent_api [None req-151f506c-0127-4733-8c4d-6c7d4b2248d1 fcb5de3aa049461c98355b36ada36d28 c1003f4870764c9bbe8af087e237fa14 - - default default] Unable to schedule network adac4321-5977-4620-a929-4404a78aa2b4: no agents available; will retry on subsequent port and subnet creation events.
2026-05-11 11:56:36.005 10 INFO neutron.wsgi [req-eac0ea12-875e-44ab-9d7d-25bf12948c1e req-52492e25-5331-4667-b9e2-c4bc25d28e30 6fc3248cc7564687a7594a5d4cd32dea 67d5299d765c4122b546eb7bf13327ca - - 6554e4942acc46fd9188d05bf42ba876 6554e4942acc46fd9188d05bf42ba876] 199.19.213.54 "GET /v2.0/networks/e185c114-6fb4-4862-b1db-3330d1add1b5?fields=segments HTTP/1.1" status: 200 len: 212 time: 0.0643487
2026-05-11 11:56:36.103 10 INFO neutron.wsgi [req-eac0ea12-875e-44ab-9d7d-25bf12948c1e req-36812588-dc25-404e-adb2-4419bf1c6023 6fc3248cc7564687a7594a5d4cd32dea 67d5299d765c4122b546eb7bf13327ca - - 6554e4942acc46fd9188d05bf42ba876 6554e4942acc46fd9188d05bf42ba876] 199.19.213.54 "GET /v2.0/networks/e185c114-6fb4-4862-b1db-3330d1add1b5?fields=provider%3Aphysical_network&fields=provider%3Anetwork_type HTTP/1.1" status: 200 len: 277 time: 0.0816164
2026-05-11 11:56:36.164 9 INFO neutron.db.ovn_revision_numbers_db [None req-3896b969-82bb-425e-986e-a59f9e7e43cb f3f5f97eb76249029e44a4126801718c 6e9ff99e9b384559865da5526608b358 - - default default] Successfully bumped revision number for resource 85348270-e62b-4061-aed8-f635dad8ee0c (type: security_groups) to 1
2026-05-11 11:56:36.181 9 INFO neutron.db.ovn_revision_numbers_db [None req-3896b969-82bb-425e-986e-a59f9e7e43cb f3f5f97eb76249029e44a4126801718c 6e9ff99e9b384559865da5526608b358 - - default default] Successfully bumped revision number for resource 1ce0c1a8-a4d5-4314-b22b-e576a0aeba59 (type: security_group_rules) to 0
2026-05-11 11:56:36.193 10 INFO neutron.wsgi [req-7e238592-fcc5-43f8-b588-718cd7889da6 req-5fd7dd24-daca-4432-8fd6-8ffb62551651 6fc3248cc7564687a7594a5d4cd32dea 67d5299d765c4122b546eb7bf13327ca - - 6554e4942acc46fd9188d05bf42ba876 6554e4942acc46fd9188d05bf42ba876] 199.19.213.54 "GET /v2.0/ports?tenant_id=4bc59b2d12a14868979f674ecf7c57b0&device_id=5529baf6-5c62-45b6-a08c-bfa5d5df87e6 HTTP/1.1" status: 200 len: 1407 time: 0.0471570
2026-05-11 11:56:36.212 9 INFO neutron.db.ovn_revision_numbers_db [None req-3896b969-82bb-425e-986e-a59f9e7e43cb f3f5f97eb76249029e44a4126801718c 6e9ff99e9b384559865da5526608b358 - - default default] Successfully bumped revision number for resource 4ce76946-5750-432c-b6ce-be962e97d88a (type: security_group_rules) to 0
2026-05-11 11:56:36.260 9 INFO neutron.db.ovn_revision_numbers_db [None req-3896b969-82bb-425e-986e-a59f9e7e43cb f3f5f97eb76249029e44a4126801718c 6e9ff99e9b384559865da5526608b358 - - default default] Successfully bumped revision number for resource cd53c35a-fc41-46d4-abb2-d1e63f4aac43 (type: security_group_rules) to 0
2026-05-11 11:56:36.291 9 INFO neutron.db.ovn_revision_numbers_db [None req-3896b969-82bb-425e-986e-a59f9e7e43cb f3f5f97eb76249029e44a4126801718c 6e9ff99e9b384559865da5526608b358 - - default default] Successfully bumped revision number for resource f715fa44-c882-43dc-82bb-056dbb3cba6d (type: security_group_rules) to 0
2026-05-11 11:56:36.338 9 INFO neutron.wsgi [req-a9ab3830-b2ec-47b1-975e-1b0e95cf9fc5 req-04cf8b4d-e1bc-4991-8db8-0ed1da4e6ce0 bb0a3127ec054fa4ba4c4edf3e4d7c07 4bc59b2d12a14868979f674ecf7c57b0 - - default default] 10.0.0.160 "GET /v2.0/ports?device_id=5529baf6-5c62-45b6-a08c-bfa5d5df87e6 HTTP/1.1" status: 200 len: 1168 time: 0.1049306
2026-05-11 11:56:36.346 9 INFO neutron.wsgi [None req-3896b969-82bb-425e-986e-a59f9e7e43cb f3f5f97eb76249029e44a4126801718c 6e9ff99e9b384559865da5526608b358 - - default default] 10.0.0.218 "GET /v2.0/security-groups?tenant_id=fd5cc2cc9e6045bb828f8e04799b9d0a&name=default HTTP/1.1" status: 200 len: 3120 time: 0.4057717
2026-05-11 11:56:36.350 9 WARNING neutron_lib.context [None req-65f92a01-eb30-4d3a-99ac-4427809360f7 1a2446aefc0a4ac7bba2a87fa97a8f41 6dbeb465191149b3a52a53f25145cc44 - - default default] Method 'is_advsvc' is deprecated since 2023.2 release (neutron-lib 3.8.0) and will be removed once support for the old RBAC API policies will be removed from Neutron. Please use method 'is_service_role' instead.
2026-05-11 11:56:36.462 9 INFO neutron.db.ovn_revision_numbers_db [None req-02fafce6-5186-4500-9df5-51c680abb6c7 - - - - - -] Successfully bumped revision number for resource e4e0d2d2-2ead-43e7-b6a0-68e593951cf4 (type: ports) to 2
2026-05-11 11:56:36.468 9 INFO neutron.wsgi [req-a9ab3830-b2ec-47b1-975e-1b0e95cf9fc5 req-f47ced4a-5394-469f-9ff6-af633a385b53 bb0a3127ec054fa4ba4c4edf3e4d7c07 4bc59b2d12a14868979f674ecf7c57b0 - - default default] 10.0.0.160 "GET /v2.0/security-groups?id=5306e72b-ce4b-4230-9c62-16fbb1a7f804&fields=id&fields=name HTTP/1.1" status: 200 len: 286 time: 0.1146224
2026-05-11 11:56:36.506 10 INFO neutron.plugins.ml2.drivers.ovn.mech_driver.mech_driver [None req-4847deb7-108e-42a3-ab4e-88167580dd94 - - - - - -] OVN reports status up for port: 1e57d48b-a3d4-4a25-bfe5-e9be1c8584e1
2026-05-11 11:56:36.530 10 INFO neutron.plugins.ml2.plugin [None req-4847deb7-108e-42a3-ab4e-88167580dd94 - - - - - -] Attempt 1 to provision port 1e57d48b-a3d4-4a25-bfe5-e9be1c8584e1
2026-05-11 11:56:36.535 10 INFO neutron.wsgi [req-7e238592-fcc5-43f8-b588-718cd7889da6 req-cd3606fc-8f52-4aa0-9f36-543798f51e1f 6fc3248cc7564687a7594a5d4cd32dea 67d5299d765c4122b546eb7bf13327ca - - 6554e4942acc46fd9188d05bf42ba876 6554e4942acc46fd9188d05bf42ba876] 199.19.213.54 "GET /v2.0/networks?id=e185c114-6fb4-4862-b1db-3330d1add1b5 HTTP/1.1" status: 200 len: 971 time: 0.3361259
2026-05-11 11:56:36.573 10 INFO neutron.wsgi [req-7e238592-fcc5-43f8-b588-718cd7889da6 req-fb8dd5bc-5599-4068-9fa2-5d063fa461b4 6fc3248cc7564687a7594a5d4cd32dea 67d5299d765c4122b546eb7bf13327ca - - 6554e4942acc46fd9188d05bf42ba876 6554e4942acc46fd9188d05bf42ba876] 199.19.213.54 "GET /v2.0/floatingips?fixed_ip_address=10.100.0.8&port_id=1e57d48b-a3d4-4a25-bfe5-e9be1c8584e1 HTTP/1.1" status: 200 len: 217 time: 0.0272245
2026-05-11 11:56:36.629 10 INFO neutron.wsgi [req-7e238592-fcc5-43f8-b588-718cd7889da6 req-ed04b169-edf8-4ec1-b248-bd3f56e56974 6fc3248cc7564687a7594a5d4cd32dea 67d5299d765c4122b546eb7bf13327ca - - 6554e4942acc46fd9188d05bf42ba876 6554e4942acc46fd9188d05bf42ba876] 199.19.213.54 "GET /v2.0/subnets?id=412735d4-e517-4c2b-9e19-bb53fcaf2a08 HTTP/1.1" status: 200 len: 866 time: 0.0463324
2026-05-11 11:56:36.646 9 ERROR ovsdbapp.backend.ovs_idl.command [None req-02fafce6-5186-4500-9df5-51c680abb6c7 - - - - - -] Error executing command (DbGetCommand): ovsdbapp.backend.ovs_idl.idlutils.RowNotFound: Cannot find Logical_Router_Port with name=lrp-e4e0d2d2-2ead-43e7-b6a0-68e593951cf4
2026-05-11 11:56:36.646 9 ERROR ovsdbapp.backend.ovs_idl.command
Traceback (most recent call last):
2026-05-11 11:56:36.646 9 ERROR ovsdbapp.backend.ovs_idl.command
File "/var/lib/openstack/lib/python3.10/site-packages/ovsdbapp/backend/ovs_idl/command.py", line 47, in execute
2026-05-11 11:56:36.646 9 ERROR ovsdbapp.backend.ovs_idl.command self.run_idl(None)
2026-05-11 11:56:36.646 9 ERROR ovsdbapp.backend.ovs_idl.command
File "/var/lib/openstack/lib/python3.10/site-packages/ovsdbapp/backend/ovs_idl/command.py", line 235, in run_idl
