2026-05-11 11:57:53.519 10 INFO neutron.wsgi [None req-d375923b-a42e-4d3c-8d31-b7a92c3a4a8c f3f5f97eb76249029e44a4126801718c 6e9ff99e9b384559865da5526608b358 - - default default] 10.0.0.218 "GET /v2.0/security-groups?tenant_id=e9de9f1dfe2248c2a0700590367e4d6f&name=default HTTP/1.1" status: 200 len: 3120 time: 0.4328063
2026-05-11 11:57:53.606 10 INFO neutron.wsgi [None req-6235627a-b3af-4175-9926-0d088f27d850 790917da430a47a697b32b2db8477be5 4573e5fdbe0f4ea6b1eac9a84fc7a9bd - - default default] 10.0.0.218 "DELETE /v2.0/networks/254858eb-7f00-4fdb-b2df-af9e6dbe2639 HTTP/1.1" status: 204 len: 168 time: 0.7748160
2026-05-11 11:57:53.791 10 INFO neutron.db.ovn_revision_numbers_db [None req-98b2b4bb-d951-4d40-8d96-544884097841 - - - - - -] Successfully bumped revision number for resource 2ac70462-7bf4-4203-bcec-6ad870595129 (type: ports) to 4
2026-05-11 11:57:53.916 9 INFO neutron.plugins.ml2.drivers.ovn.mech_driver.mech_driver [None req-02fafce6-5186-4500-9df5-51c680abb6c7 - - - - - -] OVN reports status up for port: 83e694b2-cec0-4372-bef7-d777aaa22406
2026-05-11 11:57:53.941 9 INFO neutron.plugins.ml2.plugin [None req-02fafce6-5186-4500-9df5-51c680abb6c7 - - - - - -] Attempt 1 to provision port 83e694b2-cec0-4372-bef7-d777aaa22406
2026-05-11 11:57:54.092 10 INFO neutron.db.ovn_revision_numbers_db [None req-98b2b4bb-d951-4d40-8d96-544884097841 - - - - - -] Successfully bumped revision number for resource 2ac70462-7bf4-4203-bcec-6ad870595129 (type: router_ports) to 4
2026-05-11 11:57:54.154 10 INFO neutron.plugins.ml2.drivers.ovn.mech_driver.mech_driver [None req-4847deb7-108e-42a3-ab4e-88167580dd94 - - - - - -] OVN reports status up for port: dbb5e912-25b8-4a7a-8db1-519cd651af47
2026-05-11 11:57:54.162 10 INFO neutron.plugins.ml2.plugin [None req-4847deb7-108e-42a3-ab4e-88167580dd94 - - - - - -] Attempt 1 to provision port dbb5e912-25b8-4a7a-8db1-519cd651af47
2026-05-11 11:57:54.199 9 INFO neutron.db.ovn_revision_numbers_db [None req-4f06e12f-d42e-4b3e-a50a-b5573a91c784 f3f5f97eb76249029e44a4126801718c 6e9ff99e9b384559865da5526608b358 - - default default] Successfully bumped revision number for resource dbb5e912-25b8-4a7a-8db1-519cd651af47 (type: ports) to 1
2026-05-11 11:57:54.218 9 INFO neutron.db.ovn_revision_numbers_db [None req-6ecbc01a-fd6c-4562-85a9-bd03fc48fac2 693b4b3ad46d4e50ac0c541e400bdea3 ce3b58d3ce664c7584f35e9657e87279 - - default default] Successfully bumped revision number for resource 997a8e0a-4f9e-427b-ba9e-345954e4cd77 (type: routers) to 3
2026-05-11 11:57:54.229 9 INFO neutron.wsgi [None req-6ecbc01a-fd6c-4562-85a9-bd03fc48fac2 693b4b3ad46d4e50ac0c541e400bdea3 ce3b58d3ce664c7584f35e9657e87279 - - default default] 10.0.0.218 "PUT /v2.0/routers/997a8e0a-4f9e-427b-ba9e-345954e4cd77 HTTP/1.1" status: 200 len: 1158 time: 1.0214477
2026-05-11 11:57:54.275 9 INFO neutron.wsgi [None req-a3c9fee3-4547-45a3-894b-366829f12342 f3f5f97eb76249029e44a4126801718c 6e9ff99e9b384559865da5526608b358 - - default default] 10.0.0.218 "DELETE /v2.0/security-groups/9a7c3517-05d8-4981-88cb-ba3643cbe1fd HTTP/1.1" status: 204 len: 168 time: 0.7448938
2026-05-11 11:57:54.311 9 WARNING neutron.scheduler.dhcp_agent_scheduler [None req-4f06e12f-d42e-4b3e-a50a-b5573a91c784 f3f5f97eb76249029e44a4126801718c 6e9ff99e9b384559865da5526608b358 - - default default] No more DHCP agents
2026-05-11 11:57:54.314 9 WARNING neutron.api.rpc.agentnotifiers.dhcp_rpc_agent_api [None req-4f06e12f-d42e-4b3e-a50a-b5573a91c784 f3f5f97eb76249029e44a4126801718c 6e9ff99e9b384559865da5526608b358 - - default default] Unable to schedule network 4b13225e-8c4e-4677-ab83-f4f579617d65: no agents available; will retry on subsequent port and subnet creation events.
2026-05-11 11:57:54.342 9 INFO neutron.wsgi [None req-a293f88a-4ffb-40ee-895d-f66193f36687 693b4b3ad46d4e50ac0c541e400bdea3 ce3b58d3ce664c7584f35e9657e87279 - - default default] 10.0.0.218 "GET /v2.0/routers/997a8e0a-4f9e-427b-ba9e-345954e4cd77 HTTP/1.1" status: 200 len: 1158 time: 0.1081755
2026-05-11 11:57:54.372 10 INFO neutron.wsgi [None req-b444ed6d-13af-4c69-a560-b38f4f962e6f 693b4b3ad46d4e50ac0c541e400bdea3 ce3b58d3ce664c7584f35e9657e87279 - - default default] 10.0.0.218 "GET /v2.0/ports?device_id=997a8e0a-4f9e-427b-ba9e-345954e4cd77 HTTP/1.1" status: 200 len: 205 time: 0.0248375
2026-05-11 11:57:54.475 9 INFO neutron.wsgi [None req-d6e26035-8f65-4af6-bc89-1479174834ea f3f5f97eb76249029e44a4126801718c 6e9ff99e9b384559865da5526608b358 - - default default] 10.0.0.218 "GET /v2.0/security-groups?tenant_id=4573e5fdbe0f4ea6b1eac9a84fc7a9bd&name=default HTTP/1.1" status: 200 len: 3120 time: 0.2087371
2026-05-11 11:57:54.494 10 INFO neutron.services.segments.plugin [-] Segment d6181712-8cc7-4a0a-8dab-74dd7dfe0dcd resource provider aggregate not found
2026-05-11 11:57:54.515 10 INFO neutron.services.segments.plugin [-] Segment d6181712-8cc7-4a0a-8dab-74dd7dfe0dcd resource provider not found; error: Placement Client Error (4xx): {"errors": [{"status": 404, "title": "Not Found", "detail": "The resource could not be found.\n\n No resource provider with uuid d6181712-8cc7-4a0a-8dab-74dd7dfe0dcd found for delete ", "request_id": "req-ada866dd-6aff-4249-920d-edfc8074878a"}]}
2026-05-11 11:57:54.518 10 INFO neutron.services.segments.plugin [-] Segment d6181712-8cc7-4a0a-8dab-74dd7dfe0dcd resource provider aggregate not found
2026-05-11 11:57:54.540 10 INFO neutron.services.segments.plugin [-] Segment d6181712-8cc7-4a0a-8dab-74dd7dfe0dcd resource provider not found; error: Placement Client Error (4xx): {"errors": [{"status": 404, "title": "Not Found", "detail": "The resource could not be found.\n\n No resource provider with uuid d6181712-8cc7-4a0a-8dab-74dd7dfe0dcd found for delete ", "request_id": "req-ee066dfc-b21d-4ca6-95c6-039f730992d3"}]}
2026-05-11 11:57:54.726 10 INFO neutron.db.ovn_revision_numbers_db [None req-f41e02a7-362c-4e58-9000-3add05341f01 f3f5f97eb76249029e44a4126801718c 6e9ff99e9b384559865da5526608b358 - - default default] Successfully bumped revision number for resource fdd76471-c080-49ed-bf2a-7238d6c24ecf (type: security_groups) to 1
2026-05-11 11:57:54.758 10 INFO neutron.db.ovn_revision_numbers_db [None req-f41e02a7-362c-4e58-9000-3add05341f01 f3f5f97eb76249029e44a4126801718c 6e9ff99e9b384559865da5526608b358 - - default default] Successfully bumped revision number for resource 3a129039-56b2-4579-a53c-c0ba53c79975 (type: security_group_rules) to 0
2026-05-11 11:57:54.763 10 INFO neutron.db.ovn_revision_numbers_db [None req-4847deb7-108e-42a3-ab4e-88167580dd94 - - - - - -] Successfully bumped revision number for resource dbb5e912-25b8-4a7a-8db1-519cd651af47 (type: ports) to 2
2026-05-11 11:57:54.789 10 INFO neutron.db.ovn_revision_numbers_db [None req-f41e02a7-362c-4e58-9000-3add05341f01 f3f5f97eb76249029e44a4126801718c 6e9ff99e9b384559865da5526608b358 - - default default] Successfully bumped revision number for resource 561ee266-7412-47ca-af8d-590987e7e95c (type: security_group_rules) to 0
2026-05-11 11:57:54.823 10 INFO neutron.db.ovn_revision_numbers_db [None req-f41e02a7-362c-4e58-9000-3add05341f01 f3f5f97eb76249029e44a4126801718c 6e9ff99e9b384559865da5526608b358 - - default default] Successfully bumped revision number for resource ba41f621-ddc0-4897-9ef2-f1e65b600f16 (type: security_group_rules) to 0
2026-05-11 11:57:54.832 9 INFO neutron.wsgi [None req-1f82171d-395e-46cd-841a-a2032f7d17b2 f3f5f97eb76249029e44a4126801718c 6e9ff99e9b384559865da5526608b358 - - default default] 10.0.0.218 "DELETE /v2.0/security-groups/35ac421c-928a-4595-944b-683e29f4afb5 HTTP/1.1" status: 204 len: 168 time: 0.3519499
2026-05-11 11:57:54.860 10 INFO neutron.db.ovn_revision_numbers_db [None req-f41e02a7-362c-4e58-9000-3add05341f01 f3f5f97eb76249029e44a4126801718c 6e9ff99e9b384559865da5526608b358 - - default default] Successfully bumped revision number for resource d9cc7fae-af18-41d5-a9d8-4b87b3a1759a (type: security_group_rules) to 0
2026-05-11 11:57:54.895 10 INFO neutron.wsgi [None req-f41e02a7-362c-4e58-9000-3add05341f01 f3f5f97eb76249029e44a4126801718c 6e9ff99e9b384559865da5526608b358 - - default default] 10.0.0.218 "GET /v2.0/security-groups?tenant_id=eea2b98d2298417082246f1d9b896ce5&name=default HTTP/1.1" status: 200 len: 3120 time: 0.4751563
2026-05-11 11:57:54.938 10 ERROR ovsdbapp.backend.ovs_idl.command [None req-4847deb7-108e-42a3-ab4e-88167580dd94 - - - - - -] Error executing command (DbGetCommand): ovsdbapp.backend.ovs_idl.idlutils.RowNotFound: Cannot find Logical_Router_Port with name=lrp-dbb5e912-25b8-4a7a-8db1-519cd651af47
2026-05-11 11:57:54.938 10 ERROR ovsdbapp.backend.ovs_idl.command
Traceback (most recent call last):
2026-05-11 11:57:54.938 10 ERROR ovsdbapp.backend.ovs_idl.command
File "/var/lib/openstack/lib/python3.10/site-packages/ovsdbapp/backend/ovs_idl/command.py", line 47, in execute
2026-05-11 11:57:54.938 10 ERROR ovsdbapp.backend.ovs_idl.command self.run_idl(None)
2026-05-11 11:57:54.938 10 ERROR ovsdbapp.backend.ovs_idl.command
File "/var/lib/openstack/lib/python3.10/site-packages/ovsdbapp/backend/ovs_idl/command.py", line 235, in run_idl
2026-05-11 11:57:54.938 10 ERROR ovsdbapp.backend.ovs_idl.command record = self.api.lookup(self.table, self.record)
2026-05-11 11:57:54.938 10 ERROR ovsdbapp.backend.ovs_idl.command
File "/var/lib/openstack/lib/python3.10/site-packages/ovsdbapp/backend/ovs_idl/__init__.py", line 184, in lookup
2026-05-11 11:57:54.938 10 ERROR ovsdbapp.backend.ovs_idl.command return self._lookup(table, record)
2026-05-11 11:57:54.938 10 ERROR ovsdbapp.backend.ovs_idl.command
File "/var/lib/openstack/lib/python3.10/site-packages/ovsdbapp/backend/ovs_idl/__init__.py", line 235, in _lookup
2026-05-11 11:57:54.938 10 ERROR ovsdbapp.backend.ovs_idl.command row = idlutils.row_by_value(self, rl.table, rl.column, record)
2026-05-11 11:57:54.938 10 ERROR ovsdbapp.backend.ovs_idl.command
File "/var/lib/openstack/lib/python3.10/site-packages/ovsdbapp/backend/ovs_idl/idlutils.py", line 114, in row_by_value
2026-05-11 11:57:54.938 10 ERROR ovsdbapp.backend.ovs_idl.command raise RowNotFound(table=table, col=column, match=match)
2026-05-11 11:57:54.938 10 ERROR ovsdbapp.backend.ovs_idl.command ovsdbapp.backend.ovs_idl.idlutils.RowNotFound: Cannot find Logical_Router_Port with name=lrp-dbb5e912-25b8-4a7a-8db1-519cd651af47
2026-05-11 11:57:54.938 10 ERROR ovsdbapp.backend.ovs_idl.command 
2026-05-11 11:57:54.939 10 ERROR neutron_lib.callbacks.manager [None req-4847deb7-108e-42a3-ab4e-88167580dd94 - - - - - -] Error during notification for neutron.services.ovn_l3.plugin.OVNL3RouterPlugin._port_update-8743407941359 port, after_update: ovsdbapp.backend.ovs_idl.idlutils.RowNotFound: Cannot find Logical_Router_Port with name=lrp-dbb5e912-25b8-4a7a-8db1-519cd651af47
2026-05-11 11:57:54.939 10 ERROR neutron_lib.callbacks.manager
Traceback (most recent call last):
2026-05-11 11:57:54.939 10 ERROR neutron_lib.callbacks.manager
File "/var/lib/openstack/lib/python3.10/site-packages/neutron_lib/callbacks/manager.py", line 189, in _notify_loop
2026-05-11 11:57:54.939 10 ERROR neutron_lib.callbacks.manager callback.method(resource, event, trigger, payload=payload)
2026-05-11 11:57:54.939 10 ERROR neutron_lib.callbacks.manager
File "/var/lib/openstack/lib/python3.10/site-packages/neutron/services/ovn_l3/plugin.py", line 391, in _port_update
2026-05-11 11:57:54.939 10 ERROR neutron_lib.callbacks.manager l3plugin._ovn_client.update_router_port(context,
2026-05-11 11:57:54.939 10 ERROR neutron_lib.callbacks.manager
File "/var/lib/openstack/lib/python3.10/site-packages/neutron/plugins/ml2/drivers/ovn/mech_driver/ovsdb/ovn_client.py", line 1878, in update_router_port
2026-05-11 11:57:54.939 10 ERROR neutron_lib.callbacks.manager self._update_lrouter_port(context, port, if_exists=if_exists,
2026-05-11 11:57:54.939 10 ERROR neutron_lib.callbacks.manager
File "/var/lib/openstack/lib/python3.10/site-packages/neutron/plugins/ml2/drivers/ovn/mech_driver/ovsdb/ovn_client.py", line 1855, in _update_lrouter_port
2026-05-11 11:57:54.939 10 ERROR neutron_lib.callbacks.manager external_ids = self._nb_idl.db_get(
2026-05-11 11:57:54.939 10 ERROR neutron_lib.callbacks.manager
File "/var/lib/openstack/lib/python3.10/site-packages/ovsdbapp/backend/ovs_idl/command.py", line 47, in execute
2026-05-11 11:57:54.939 10 ERROR neutron_lib.callbacks.manager self.run_idl(None)
2026-05-11 11:57:54.939 10 ERROR neutron_lib.callbacks.manager
File "/var/lib/openstack/lib/python3.10/site-packages/ovsdbapp/backend/ovs_idl/command.py", line 235, in run_idl
2026-05-11 11:57:54.939 10 ERROR neutron_lib.callbacks.manager record = self.api.lookup(self.table, self.record)
2026-05-11 11:57:54.939 10 ERROR neutron_lib.callbacks.manager
File "/var/lib/openstack/lib/python3.10/site-packages/ovsdbapp/backend/ovs_idl/__init__.py", line 184, in lookup
2026-05-11 11:57:54.939 10 ERROR neutron_lib.callbacks.manager return self._lookup(table, record)
2026-05-11 11:57:54.939 10 ERROR neutron_lib.callbacks.manager
File "/var/lib/openstack/lib/python3.10/site-packages/ovsdbapp/backend/ovs_idl/__init__.py", line 235, in _lookup
2026-05-11 11:57:54.939 10 ERROR neutron_lib.callbacks.manager row = idlutils.row_by_value(self, rl.table, rl.column, record)
2026-05-11 11:57:54.939 10 ERROR neutron_lib.callbacks.manager
File "/var/lib/openstack/lib/python3.10/site-packages/ovsdbapp/backend/ovs_idl/idlutils.py", line 114, in row_by_value
2026-05-11 11:57:54.939 10 ERROR neutron_lib.callbacks.manager raise RowNotFound(table=table, col=column, match=match)
2026-05-11 11:57:54.939 10 ERROR neutron_lib.callbacks.manager ovsdbapp.backend.ovs_idl.idlutils.RowNotFound: Cannot find Logical_Router_Port with name=lrp-dbb5e912-25b8-4a7a-8db1-519cd651af47
2026-05-11 11:57:54.939 10 ERROR neutron_lib.callbacks.manager 
2026-05-11 11:57:55.019 9 INFO neutron.db.ovn_revision_numbers_db [None req-4f06e12f-d42e-4b3e-a50a-b5573a91c784 f3f5f97eb76249029e44a4126801718c 6e9ff99e9b384559865da5526608b358 - - default default] Successfully bumped revision number for resource dbb5e912-25b8-4a7a-8db1-519cd651af47 (type: router_ports) to 2
2026-05-11 11:57:55.025 9 INFO neutron.wsgi [None req-4f06e12f-d42e-4b3e-a50a-b5573a91c784 f3f5f97eb76249029e44a4126801718c 6e9ff99e9b384559865da5526608b358 - - default default] 10.0.0.218 "PUT /v2.0/routers/915fbc0e-8c39-43b4-8484-9567369c51bb/add_router_interface HTTP/1.1" status: 200 len: 503 time: 3.8183706
2026-05-11 11:57:55.103 9 INFO neutron.db.ovn_revision_numbers_db [None req-91284c7b-d580-40f3-a244-8cb07247bae0 f3f5f97eb76249029e44a4126801718c 6e9ff99e9b384559865da5526608b358 - - default default] Successfully bumped revision number for resource fa2dbe33-3dbf-4cf0-a10f-77f85f9649aa (type: security_groups) to 1
2026-05-11 11:57:55.119 9 INFO neutron.db.ovn_revision_numbers_db [None req-91284c7b-d580-40f3-a244-8cb07247bae0 f3f5f97eb76249029e44a4126801718c 6e9ff99e9b384559865da5526608b358 - - default default] Successfully bumped revision number for resource 408556f0-bd24-4e58-80c3-be7a084353f0 (type: security_group_rules) to 0
2026-05-11 11:57:55.134 9 INFO neutron.db.ovn_revision_numbers_db [None req-91284c7b-d580-40f3-a244-8cb07247bae0 f3f5f97eb76249029e44a4126801718c 6e9ff99e9b384559865da5526608b358 - - default default] Successfully bumped revision number for resource 82389731-d24c-4e6d-a740-38d209f16c50 (type: security_group_rules) to 0
2026-05-11 11:57:55.148 9 INFO neutron.db.ovn_revision_numbers_db [None req-91284c7b-d580-40f3-a244-8cb07247bae0 f3f5f97eb76249029e44a4126801718c 6e9ff99e9b384559865da5526608b358 - - default default] Successfully bumped revision number for resource 94d49f3d-a8cf-4ea2-9597-c98e18b852c6 (type: security_group_rules) to 0
2026-05-11 11:57:55.161 9 INFO neutron.db.ovn_revision_numbers_db [None req-91284c7b-d580-40f3-a244-8cb07247bae0 f3f5f97eb76249029e44a4126801718c 6e9ff99e9b384559865da5526608b358 - - default default] Successfully bumped revision number for resource ae196296-290c-4170-89d4-a2be9abb36a3 (type: security_group_rules) to 0
2026-05-11 11:57:55.181 9 INFO neutron.wsgi [None req-91284c7b-d580-40f3-a244-8cb07247bae0 f3f5f97eb76249029e44a4126801718c 6e9ff99e9b384559865da5526608b358 - - default default] 10.0.0.218 "GET /v2.0/security-groups?tenant_id=c7a901dcbe2e40fc844e303838648d81&name=default HTTP/1.1" status: 200 len: 3120 time: 0.2034714
2026-05-11 11:57:55.285 10 INFO neutron.wsgi [None req-29709eb0-6dc0-4d9a-8e22-ca1822887e35 f3f5f97eb76249029e44a4126801718c 6e9ff99e9b384559865da5526608b358 - - default default] 10.0.0.218 "DELETE /v2.0/security-groups/fdd76471-c080-49ed-bf2a-7238d6c24ecf HTTP/1.1" status: 204 len: 168 time: 0.3781099
2026-05-11 11:57:55.410 15 INFO neutron.plugins.ml2.drivers.ovn.mech_driver.ovsdb.maintenance [None req-bc953683-7d9e-4deb-a1c1-3ce53f382c31 - - - - - -] Maintenance task: Synchronization completed (took 1.74 seconds)
2026-05-11 11:57:55.599 9 INFO neutron.db.ovn_revision_numbers_db [None req-9d963fba-ff05-4bd3-b966-cd0845ffd4a0 f3f5f97eb76249029e44a4126801718c 6e9ff99e9b384559865da5526608b358 - - default default] Successfully bumped revision number for resource caab17e2-1cc2-4c1a-8ef4-5d8b9c826d6d (type: security_groups) to 1
2026-05-11 11:57:55.611 9 INFO neutron.db.ovn_revision_numbers_db [None req-9d963fba-ff05-4bd3-b966-cd0845ffd4a0 f3f5f97eb76249029e44a4126801718c 6e9ff99e9b384559865da5526608b358 - - default default] Successfully bumped revision number for resource 2885038f-39b0-48ee-9566-7597c1dba5d1 (type: security_group_rules) to 0
2026-05-11 11:57:55.644 9 INFO neutron.db.ovn_revision_numbers_db [None req-9d963fba-ff05-4bd3-b966-cd0845ffd4a0 f3f5f97eb76249029e44a4126801718c 6e9ff99e9b384559865da5526608b358 - - default default] Successfully bumped revision number for resource 2b187394-98a2-45d2-a17a-0709a0d5ed31 (type: security_group_rules) to 0
2026-05-11 11:57:55.662 9 INFO neutron.db.ovn_revision_numbers_db [None req-9d963fba-ff05-4bd3-b966-cd0845ffd4a0 f3f5f97eb76249029e44a4126801718c 6e9ff99e9b384559865da5526608b358 - - default default] Successfully bumped revision number for resource d92c494e-a851-4608-85ee-0253e46d2028 (type: security_group_rules) to 0
2026-05-11 11:57:55.673 9 INFO neutron.db.ovn_revision_numbers_db [None req-9d963fba-ff05-4bd3-b966-cd0845ffd4a0 f3f5f97eb76249029e44a4126801718c 6e9ff99e9b384559865da5526608b358 - - default default] Successfully bumped revision number for resource fce9dc9e-17a5-4ecc-a5e3-023a0514a684 (type: security_group_rules) to 0
2026-05-11 11:57:55.693 9 INFO neutron.wsgi [None req-9d963fba-ff05-4bd3-b966-cd0845ffd4a0 f3f5f97eb76249029e44a4126801718c 6e9ff99e9b384559865da5526608b358 - - default default] 10.0.0.218 "GET /v2.0/security-groups?tenant_id=e8c63fcfe3c64dc7aa7ba3a41b70921d&name=default HTTP/1.1" status: 200 len: 3120 time: 0.2149212
2026-05-11 11:57:55.772 10 INFO neutron.wsgi [None req-5b348ef5-334c-4614-85f3-1e2f451f32b0 f3f5f97eb76249029e44a4126801718c 6e9ff99e9b384559865da5526608b358 - - default default] 10.0.0.218 "DELETE /v2.0/security-groups/fa2dbe33-3dbf-4cf0-a10f-77f85f9649aa HTTP/1.1" status: 204 len: 168 time: 0.5859807
2026-05-11 11:57:55.776 10 INFO neutron.wsgi [None req-46e330de-2d22-4bdf-9e3a-8cec0136dc2c 693b4b3ad46d4e50ac0c541e400bdea3 ce3b58d3ce664c7584f35e9657e87279 - - default default] 10.0.0.218 "DELETE /v2.0/routers/997a8e0a-4f9e-427b-ba9e-345954e4cd77 HTTP/1.1" status: 204 len: 168 time: 1.3994322
2026-05-11 11:57:55.808 10 INFO neutron.wsgi [None req-2c6ad43a-75fd-40db-a69c-e38344191a8e 693b4b3ad46d4e50ac0c541e400bdea3 ce3b58d3ce664c7584f35e9657e87279 - - default default] 10.0.0.218 "GET /v2.0/ports?device_id=997a8e0a-4f9e-427b-ba9e-345954e4cd77 HTTP/1.1" status: 200 len: 205 time: 0.0251422
2026-05-11 11:57:55.842 10 INFO neutron.api.v2.resource [None req-29ae7c06-7ee8-4d40-832e-9884bc7f0c3a 693b4b3ad46d4e50ac0c541e400bdea3 ce3b58d3ce664c7584f35e9657e87279 - - default default] delete failed (client error): The resource could not be found.
2026-05-11 11:57:55.843 10 INFO neutron.wsgi [None req-29ae7c06-7ee8-4d40-832e-9884bc7f0c3a 693b4b3ad46d4e50ac0c541e400bdea3 ce3b58d3ce664c7584f35e9657e87279 - - default default] 10.0.0.218 "DELETE /v2.0/routers/997a8e0a-4f9e-427b-ba9e-345954e4cd77 HTTP/1.1" status: 404 len: 336 time: 0.0283790
2026-05-11 11:57:55.875 9 INFO neutron.wsgi [None req-359c9be4-70df-4246-9fff-bf262354c04b 693b4b3ad46d4e50ac0c541e400bdea3 ce3b58d3ce664c7584f35e9657e87279 - - default default] 10.0.0.218 "GET /v2.0/ports?device_id=256d779f-c6dc-4cc3-be82-821c7fa9f72a HTTP/1.1" status: 200 len: 205 time: 0.0275419
2026-05-11 11:57:55.903 10 INFO neutron.api.v2.resource [None req-00c3862e-7749-4c9a-9704-2dc1e8e775ab 693b4b3ad46d4e50ac0c541e400bdea3 ce3b58d3ce664c7584f35e9657e87279 - - default default] delete failed (client error): The resource could not be found.
2026-05-11 11:57:55.904 10 INFO neutron.wsgi [None req-00c3862e-7749-4c9a-9704-2dc1e8e775ab 693b4b3ad46d4e50ac0c541e400bdea3 ce3b58d3ce664c7584f35e9657e87279 - - default default] 10.0.0.218 "DELETE /v2.0/routers/256d779f-c6dc-4cc3-be82-821c7fa9f72a HTTP/1.1" status: 404 len: 336 time: 0.0243289
2026-05-11 11:57:55.925 10 INFO neutron.pecan_wsgi.hooks.translation [None req-44d4252b-89af-4ff3-bcba-d5c15d78cde7 693b4b3ad46d4e50ac0c541e400bdea3 ce3b58d3ce664c7584f35e9657e87279 - - default default] DELETE failed (client error): The resource could not be found.
2026-05-11 11:57:55.927 10 INFO neutron.wsgi [None req-44d4252b-89af-4ff3-bcba-d5c15d78cde7 693b4b3ad46d4e50ac0c541e400bdea3 ce3b58d3ce664c7584f35e9657e87279 - - default default] 10.0.0.218 "DELETE /v2.0/subnets/0ff50cdc-c00d-4540-b36a-54bd189b6832 HTTP/1.1" status: 404 len: 337 time: 0.0188348
2026-05-11 11:57:55.933 9 INFO neutron.wsgi [None req-4dc50beb-dda0-4de1-8f6b-5a6c76b836f5 f3f5f97eb76249029e44a4126801718c 6e9ff99e9b384559865da5526608b358 - - default default] 10.0.0.218 "DELETE /v2.0/security-groups/caab17e2-1cc2-4c1a-8ef4-5d8b9c826d6d HTTP/1.1" status: 204 len: 168 time: 0.2334540
2026-05-11 11:57:55.952 10 INFO neutron.wsgi [None req-832604c6-e16c-4ce8-a19b-5a03207f00af 693b4b3ad46d4e50ac0c541e400bdea3 ce3b58d3ce664c7584f35e9657e87279 - - default default] 10.0.0.218 "GET /v2.0/ports?device_id=7e9e20f9-1620-45f7-bb30-51f3bc4f904d HTTP/1.1" status: 200 len: 205 time: 0.0205147
2026-05-11 11:57:55.983 10 INFO neutron.api.v2.resource [None req-ba77164d-14fd-4e41-812b-1e11906c2e37 693b4b3ad46d4e50ac0c541e400bdea3 ce3b58d3ce664c7584f35e9657e87279 - - default default] delete failed (client error): The resource could not be found.
2026-05-11 11:57:55.984 10 INFO neutron.wsgi [None req-ba77164d-14fd-4e41-812b-1e11906c2e37 693b4b3ad46d4e50ac0c541e400bdea3 ce3b58d3ce664c7584f35e9657e87279 - - default default] 10.0.0.218 "DELETE /v2.0/routers/7e9e20f9-1620-45f7-bb30-51f3bc4f904d HTTP/1.1" status: 404 len: 336 time: 0.0282819
2026-05-11 11:57:56.008 10 INFO neutron.pecan_wsgi.hooks.translation [None req-7bdde69d-d254-4c57-86d9-ff6b1d274496 693b4b3ad46d4e50ac0c541e400bdea3 ce3b58d3ce664c7584f35e9657e87279 - - default default] DELETE failed (client error): The resource could not be found.
2026-05-11 11:57:56.011 10 INFO neutron.wsgi [None req-7bdde69d-d254-4c57-86d9-ff6b1d274496 693b4b3ad46d4e50ac0c541e400bdea3 ce3b58d3ce664c7584f35e9657e87279 - - default default] 10.0.0.218 "DELETE /v2.0/subnets/5585dd87-19fb-442f-b79e-8914afc426e5 HTTP/1.1" status: 404 len: 337 time: 0.0221701
2026-05-11 11:57:56.034 10 INFO neutron.wsgi [None req-a4c1191c-17db-4c08-884a-6eff8b6214a2 693b4b3ad46d4e50ac0c541e400bdea3 ce3b58d3ce664c7584f35e9657e87279 - - default default] 10.0.0.218 "GET /v2.0/ports?device_id=8b5779bf-3808-405e-8219-c45e92c04ca2 HTTP/1.1" status: 200 len: 205 time: 0.0183620
2026-05-11 11:57:56.062 10 INFO neutron.api.v2.resource [None req-bb39c993-74a2-4e27-a4a4-15d3406f1287 693b4b3ad46d4e50ac0c541e400bdea3 ce3b58d3ce664c7584f35e9657e87279 - - default default] delete failed (client error): The resource could not be found.
2026-05-11 11:57:56.063 10 INFO neutron.wsgi [None req-bb39c993-74a2-4e27-a4a4-15d3406f1287 693b4b3ad46d4e50ac0c541e400bdea3 ce3b58d3ce664c7584f35e9657e87279 - - default default] 10.0.0.218 "DELETE /v2.0/routers/8b5779bf-3808-405e-8219-c45e92c04ca2 HTTP/1.1" status: 404 len: 336 time: 0.0246892
2026-05-11 11:57:56.085 10 INFO neutron.pecan_wsgi.hooks.translation [None req-8fa6b155-f043-451f-b58f-5daafd2f359a 693b4b3ad46d4e50ac0c541e400bdea3 ce3b58d3ce664c7584f35e9657e87279 - - default default] DELETE failed (client error): The resource could not be found.
2026-05-11 11:57:56.087 10 INFO neutron.wsgi [None req-8fa6b155-f043-451f-b58f-5daafd2f359a 693b4b3ad46d4e50ac0c541e400bdea3 ce3b58d3ce664c7584f35e9657e87279 - - default default] 10.0.0.218 "DELETE /v2.0/subnets/4f99ca9f-113d-4cd1-a368-e4ccfac02fe3 HTTP/1.1" status: 404 len: 337 time: 0.0199418
2026-05-11 11:57:56.105 10 INFO neutron.pecan_wsgi.hooks.translation [None req-e68b9137-247e-4184-a270-86d30e69fa38 693b4b3ad46d4e50ac0c541e400bdea3 ce3b58d3ce664c7584f35e9657e87279 - - default default] DELETE failed (client error): The resource could not be found.
2026-05-11 11:57:56.107 10 INFO neutron.wsgi [None req-e68b9137-247e-4184-a270-86d30e69fa38 693b4b3ad46d4e50ac0c541e400bdea3 ce3b58d3ce664c7584f35e9657e87279 - - default default] 10.0.0.218 "DELETE /v2.0/subnets/ff056523-5772-44c3-bf54-2b0ee284f1f6 HTTP/1.1" status: 404 len: 337 time: 0.0159380
2026-05-11 11:57:56.372 10 INFO neutron.db.ovn_revision_numbers_db [None req-1cc7c712-ff48-4aae-b15d-6d3adae120f7 f3f5f97eb76249029e44a4126801718c 6e9ff99e9b384559865da5526608b358 - - default default] Successfully bumped revision number for resource 4c588a12-0945-41b8-9d21-21ae7c9a333f (type: security_groups) to 1
2026-05-11 11:57:56.385 10 INFO neutron.db.ovn_revision_numbers_db [None req-1cc7c712-ff48-4aae-b15d-6d3adae120f7 f3f5f97eb76249029e44a4126801718c 6e9ff99e9b384559865da5526608b358 - - default default] Successfully bumped revision number for resource 86b681dc-41a2-409a-9d6a-21ed5689b80a (type: security_group_rules) to 0
2026-05-11 11:57:56.398 10 INFO neutron.db.ovn_revision_numbers_db [None req-1cc7c712-ff48-4aae-b15d-6d3adae120f7 f3f5f97eb76249029e44a4126801718c 6e9ff99e9b384559865da5526608b358 - - default default] Successfully bumped revision number for resource 9d1477ae-fe46-4a0d-b912-9ca5256c2d0d (type: security_group_rules) to 0
2026-05-11 11:57:56.413 10 INFO neutron.db.ovn_revision_numbers_db [None req-1cc7c712-ff48-4aae-b15d-6d3adae120f7 f3f5f97eb76249029e44a4126801718c 6e9ff99e9b384559865da5526608b358 - - default default] Successfully bumped revision number for resource bd11ec35-d273-48bb-99fe-49b41708b5ed (type: security_group_rules) to 0
2026-05-11 11:57:56.426 10 INFO neutron.db.ovn_revision_numbers_db [None req-1cc7c712-ff48-4aae-b15d-6d3adae120f7 f3f5f97eb76249029e44a4126801718c 6e9ff99e9b384559865da5526608b358 - - default default] Successfully bumped revision number for resource e7eb6597-1151-4360-9ab0-d856d408efb6 (type: security_group_rules) to 0
2026-05-11 11:57:56.474 10 INFO neutron.db.segments_db [None req-1cc7c712-ff48-4aae-b15d-6d3adae120f7 f3f5f97eb76249029e44a4126801718c 6e9ff99e9b384559865da5526608b358 - - default default] Added segment c65c9bd1-6470-4169-b686-c338c2bc279a of type geneve for network c8201682-c86b-46fb-abd0-5042e1e8699d
2026-05-11 11:57:56.597 10 INFO neutron.db.ovn_revision_numbers_db [None req-1cc7c712-ff48-4aae-b15d-6d3adae120f7 f3f5f97eb76249029e44a4126801718c 6e9ff99e9b384559865da5526608b358 - - default default] Successfully bumped revision number for resource c8201682-c86b-46fb-abd0-5042e1e8699d (type: networks) to 1
2026-05-11 11:57:56.759 10 WARNING neutron.scheduler.dhcp_agent_scheduler [None req-1cc7c712-ff48-4aae-b15d-6d3adae120f7 f3f5f97eb76249029e44a4126801718c 6e9ff99e9b384559865da5526608b358 - - default default] No more DHCP agents
2026-05-11 11:57:56.761 10 WARNING neutron.api.rpc.agentnotifiers.dhcp_rpc_agent_api [None req-1cc7c712-ff48-4aae-b15d-6d3adae120f7 f3f5f97eb76249029e44a4126801718c 6e9ff99e9b384559865da5526608b358 - - default default] Unable to schedule network c8201682-c86b-46fb-abd0-5042e1e8699d: no agents available; will retry on subsequent port and subnet creation events.
2026-05-11 11:57:56.835 10 INFO neutron.wsgi [None req-adeb8a76-b38c-4fb4-9f7c-8443d95343f9 f3f5f97eb76249029e44a4126801718c 6e9ff99e9b384559865da5526608b358 - - default default] 10.0.0.218 "GET /v2.0/security-groups?tenant_id=ce3b58d3ce664c7584f35e9657e87279&name=default HTTP/1.1" status: 200 len: 3120 time: 0.2417576
2026-05-11 11:57:56.854 10 INFO neutron.db.ovn_revision_numbers_db [None req-1cc7c712-ff48-4aae-b15d-6d3adae120f7 f3f5f97eb76249029e44a4126801718c 6e9ff99e9b384559865da5526608b358 - - default default] Successfully bumped revision number for resource 09a9054f-8efe-4b76-87a0-a57aef724229 (type: ports) to 1
2026-05-11 11:57:56.878 10 INFO neutron.wsgi [None req-1cc7c712-ff48-4aae-b15d-6d3adae120f7 f3f5f97eb76249029e44a4126801718c 6e9ff99e9b384559865da5526608b358 - - default default] 10.0.0.218 "POST /v2.0/networks HTTP/1.1" status: 201 len: 942 time: 0.6414499
2026-05-11 11:57:57.036 9 WARNING neutron.scheduler.dhcp_agent_scheduler [None req-4f8a3086-b3b7-43c1-b063-bea2e26318eb f3f5f97eb76249029e44a4126801718c 6e9ff99e9b384559865da5526608b358 - - default default] No more DHCP agents
2026-05-11 11:57:57.038 9 WARNING neutron.api.rpc.agentnotifiers.dhcp_rpc_agent_api [None req-4f8a3086-b3b7-43c1-b063-bea2e26318eb f3f5f97eb76249029e44a4126801718c 6e9ff99e9b384559865da5526608b358 - - default default] Unable to schedule network c8201682-c86b-46fb-abd0-5042e1e8699d: no agents available; will retry on subsequent port and subnet creation events.
2026-05-11 11:57:57.071 10 INFO neutron.wsgi [None req-091a30bf-6d57-467b-9d4e-1af23f303495 f3f5f97eb76249029e44a4126801718c 6e9ff99e9b384559865da5526608b358 - - default default] 10.0.0.218 "DELETE /v2.0/security-groups/b01d761c-be83-4f40-b787-cd42893e744d HTTP/1.1" status: 204 len: 168 time: 0.2250793
2026-05-11 11:57:57.689 9 INFO neutron.db.ovn_revision_numbers_db [None req-4f8a3086-b3b7-43c1-b063-bea2e26318eb f3f5f97eb76249029e44a4126801718c 6e9ff99e9b384559865da5526608b358 - - default default] Successfully bumped revision number for resource 09a9054f-8efe-4b76-87a0-a57aef724229 (type: ports) to 2
2026-05-11 11:57:57.717 9 INFO neutron.db.ovn_revision_numbers_db [None req-4f8a3086-b3b7-43c1-b063-bea2e26318eb f3f5f97eb76249029e44a4126801718c 6e9ff99e9b384559865da5526608b358 - - default default] Successfully bumped revision number for resource ea4f4925-27c8-45e5-884b-17302cadd647 (type: subnets) to 0
2026-05-11 11:57:57.730 9 INFO neutron.wsgi [None req-4f8a3086-b3b7-43c1-b063-bea2e26318eb f3f5f97eb76249029e44a4126801718c 6e9ff99e9b384559865da5526608b358 - - default default] 10.0.0.218 "POST /v2.0/subnets HTTP/1.1" status: 201 len: 863 time: 0.8462262
2026-05-11 11:57:58.209 9 WARNING neutron.scheduler.dhcp_agent_scheduler [None req-41e18795-c2a4-42e6-9226-27b9d8cc83bc f3f5f97eb76249029e44a4126801718c 6e9ff99e9b384559865da5526608b358 - - default default] No more DHCP agents
2026-05-11 11:57:58.211 9 WARNING neutron.api.rpc.agentnotifiers.dhcp_rpc_agent_api [None req-41e18795-c2a4-42e6-9226-27b9d8cc83bc f3f5f97eb76249029e44a4126801718c 6e9ff99e9b384559865da5526608b358 - - default default] Unable to schedule network 9ad427e5-221d-4e35-bd47-d79ef14f1049: no agents available; will retry on subsequent port and subnet creation events.
2026-05-11 11:57:58.382 9 INFO neutron.db.ovn_revision_numbers_db [None req-41e18795-c2a4-42e6-9226-27b9d8cc83bc f3f5f97eb76249029e44a4126801718c 6e9ff99e9b384559865da5526608b358 - - default default] Successfully bumped revision number for resource 0af2147c-985c-4009-b608-49da3a086348 (type: ports) to 1
2026-05-11 11:57:58.958 10 WARNING neutron_lib.context [None req-1558b035-504d-4d7f-aebc-2629075a5c81 3d3e5c3211c64d34a9f53dbc4ffcd04f 0461af1fd6b94c40aacf394383fdfa0d - - default default] Method 'is_advsvc' is deprecated since 2023.2 release (neutron-lib 3.8.0) and will be removed once support for the old RBAC API policies will be removed from Neutron. Please use method 'is_service_role' instead.
2026-05-11 11:57:59.061 9 INFO neutron.plugins.ml2.drivers.ovn.mech_driver.ovsdb.commands [None req-f22090c4-b3fd-498e-8c94-cdf72fd917a7 - - - - - -] Schedule LRP lrp-0af2147c-985c-4009-b608-49da3a086348 on gateway 6c4c97e3-097f-4a03-bebb-10879c8c22de with priority 1
2026-05-11 11:57:59.086 9 INFO neutron.plugins.ml2.drivers.ovn.mech_driver.ovsdb.ovsdb_monitor [None req-594628f1-0743-48a9-b65c-ffd0231e67bf - - - - - -] Router 3f7bf352-0f65-46bc-8476-d40794774326 is bound to host instance
2026-05-11 11:57:59.103 10 INFO neutron.db.ovn_revision_numbers_db [None req-1558b035-504d-4d7f-aebc-2629075a5c81 3d3e5c3211c64d34a9f53dbc4ffcd04f 0461af1fd6b94c40aacf394383fdfa0d - - default default] Successfully bumped revision number for resource 97e47a20-c503-44cd-bde7-26f281f1d7be (type: security_groups) to 1
2026-05-11 11:57:59.117 10 INFO neutron.db.ovn_revision_numbers_db [None req-1558b035-504d-4d7f-aebc-2629075a5c81 3d3e5c3211c64d34a9f53dbc4ffcd04f 0461af1fd6b94c40aacf394383fdfa0d - - default default] Successfully bumped revision number for resource 4639fece-95f4-4ca7-96e9-080af6dd7d1a (type: security_group_rules) to 0
2026-05-11 11:57:59.130 10 INFO neutron.db.ovn_revision_numbers_db [None req-1558b035-504d-4d7f-aebc-2629075a5c81 3d3e5c3211c64d34a9f53dbc4ffcd04f 0461af1fd6b94c40aacf394383fdfa0d - - default default] Successfully bumped revision number for resource 53a7f5d5-7fa3-4948-82e2-793a62907da5 (type: security_group_rules) to 0
2026-05-11 11:57:59.146 10 INFO neutron.db.ovn_revision_numbers_db [None req-1558b035-504d-4d7f-aebc-2629075a5c81 3d3e5c3211c64d34a9f53dbc4ffcd04f 0461af1fd6b94c40aacf394383fdfa0d - - default default] Successfully bumped revision number for resource 586c8d9a-223f-402e-8f27-02b4b2654d7c (type: security_group_rules) to 0
2026-05-11 11:57:59.152 9 INFO neutron.db.ovn_revision_numbers_db [None req-41e18795-c2a4-42e6-9226-27b9d8cc83bc f3f5f97eb76249029e44a4126801718c 6e9ff99e9b384559865da5526608b358 - - default default] Successfully bumped revision number for resource 0af2147c-985c-4009-b608-49da3a086348 (type: router_ports) to 1
2026-05-11 11:57:59.162 10 INFO neutron.db.ovn_revision_numbers_db [None req-1558b035-504d-4d7f-aebc-2629075a5c81 3d3e5c3211c64d34a9f53dbc4ffcd04f 0461af1fd6b94c40aacf394383fdfa0d - - default default] Successfully bumped revision number for resource b3f02273-0504-49a0-ae7d-580c9570a4c1 (type: security_group_rules) to 0
2026-05-11 11:57:59.221 9 WARNING neutron.plugins.ml2.drivers.ovn.mech_driver.ovsdb.ovn_client [None req-02fafce6-5186-4500-9df5-51c680abb6c7 - - - - - -] No port found with ID 83e694b2-cec0-4372-bef7-d777aaa22406: RuntimeError: No port found with ID 83e694b2-cec0-4372-bef7-d777aaa22406
2026-05-11 11:57:59.228 10 INFO neutron.db.segments_db [None req-1558b035-504d-4d7f-aebc-2629075a5c81 3d3e5c3211c64d34a9f53dbc4ffcd04f 0461af1fd6b94c40aacf394383fdfa0d - - default default] Added segment 0d6991d4-5cb2-4cef-9e25-a96bed620a7a of type geneve for network d341e397-5381-4c15-bf1d-eee4d51d00ae
2026-05-11 11:57:59.268 9 INFO neutron.db.ovn_revision_numbers_db [None req-41e18795-c2a4-42e6-9226-27b9d8cc83bc f3f5f97eb76249029e44a4126801718c 6e9ff99e9b384559865da5526608b358 - - default default] Successfully bumped revision number for resource 3f7bf352-0f65-46bc-8476-d40794774326 (type: routers) to 2
2026-05-11 11:57:59.297 9 INFO neutron.wsgi [None req-41e18795-c2a4-42e6-9226-27b9d8cc83bc f3f5f97eb76249029e44a4126801718c 6e9ff99e9b384559865da5526608b358 - - default default] 10.0.0.218 "POST /v2.0/routers HTTP/1.1" status: 201 len: 1165 time: 1.5630000
2026-05-11 11:57:59.420 10 INFO neutron.db.ovn_revision_numbers_db [None req-1558b035-504d-4d7f-aebc-2629075a5c81 3d3e5c3211c64d34a9f53dbc4ffcd04f 0461af1fd6b94c40aacf394383fdfa0d - - default default] Successfully bumped revision number for resource d341e397-5381-4c15-bf1d-eee4d51d00ae (type: networks) to 1
2026-05-11 11:57:59.636 10 WARNING neutron.scheduler.dhcp_agent_scheduler [None req-1558b035-504d-4d7f-aebc-2629075a5c81 3d3e5c3211c64d34a9f53dbc4ffcd04f 0461af1fd6b94c40aacf394383fdfa0d - - default default] No more DHCP agents
2026-05-11 11:57:59.642 10 WARNING neutron.api.rpc.agentnotifiers.dhcp_rpc_agent_api [None req-1558b035-504d-4d7f-aebc-2629075a5c81 3d3e5c3211c64d34a9f53dbc4ffcd04f 0461af1fd6b94c40aacf394383fdfa0d - - default default] Unable to schedule network d341e397-5381-4c15-bf1d-eee4d51d00ae: no agents available; will retry on subsequent port and subnet creation events.
2026-05-11 11:57:59.748 10 INFO neutron.db.ovn_revision_numbers_db [None req-1558b035-504d-4d7f-aebc-2629075a5c81 3d3e5c3211c64d34a9f53dbc4ffcd04f 0461af1fd6b94c40aacf394383fdfa0d - - default default] Successfully bumped revision number for resource c021c01d-b338-403e-8143-d70cfc4a7089 (type: ports) to 1
2026-05-11 11:57:59.782 10 INFO neutron.wsgi [None req-1558b035-504d-4d7f-aebc-2629075a5c81 3d3e5c3211c64d34a9f53dbc4ffcd04f 0461af1fd6b94c40aacf394383fdfa0d - - default default] 10.0.0.218 "POST /v2.0/networks HTTP/1.1" status: 201 len: 828 time: 0.9357903
2026-05-11 11:57:59.792 9 WARNING neutron_lib.context [None req-2322b12c-fb64-45b2-a4b2-d3971f7066da 3d3e5c3211c64d34a9f53dbc4ffcd04f 0461af1fd6b94c40aacf394383fdfa0d - - default default] Method 'is_advsvc' is deprecated since 2023.2 release (neutron-lib 3.8.0) and will be removed once support for the old RBAC API policies will be removed from Neutron. Please use method 'is_service_role' instead.
2026-05-11 11:57:59.872 9 INFO neutron.db.ovn_revision_numbers_db [None req-594628f1-0743-48a9-b65c-ffd0231e67bf - - - - - -] Successfully bumped revision number for resource 0af2147c-985c-4009-b608-49da3a086348 (type: ports) to 1
2026-05-11 11:57:59.920 9 INFO neutron.db.segments_db [None req-2322b12c-fb64-45b2-a4b2-d3971f7066da 3d3e5c3211c64d34a9f53dbc4ffcd04f 0461af1fd6b94c40aacf394383fdfa0d - - default default] Added segment 574dee42-6068-4822-8245-184c5c8f875a of type geneve for network a3ec4f15-114d-43c1-bf5b-75d636963090
2026-05-11 11:57:59.970 10 WARNING neutron.scheduler.dhcp_agent_scheduler [None req-26c62987-b5c7-4d8a-bc04-574b3211db1f f3f5f97eb76249029e44a4126801718c 6e9ff99e9b384559865da5526608b358 - - default default] No more DHCP agents
2026-05-11 11:57:59.971 10 WARNING neutron.api.rpc.agentnotifiers.dhcp_rpc_agent_api [None req-26c62987-b5c7-4d8a-bc04-574b3211db1f f3f5f97eb76249029e44a4126801718c 6e9ff99e9b384559865da5526608b358 - - default default] Unable to schedule network c8201682-c86b-46fb-abd0-5042e1e8699d: no agents available; will retry on subsequent port and subnet creation events.
2026-05-11 11:58:00.134 10 INFO neutron.db.ovn_revision_numbers_db [None req-26c62987-b5c7-4d8a-bc04-574b3211db1f f3f5f97eb76249029e44a4126801718c 6e9ff99e9b384559865da5526608b358 - - default default] Successfully bumped revision number for resource 423e1370-c8ec-4ef9-a6a3-218b836f0668 (type: ports) to 1
2026-05-11 11:58:00.373 9 INFO neutron.db.ovn_revision_numbers_db [None req-2322b12c-fb64-45b2-a4b2-d3971f7066da 3d3e5c3211c64d34a9f53dbc4ffcd04f 0461af1fd6b94c40aacf394383fdfa0d - - default default] Successfully bumped revision number for resource a3ec4f15-114d-43c1-bf5b-75d636963090 (type: networks) to 1
2026-05-11 11:58:00.405 10 WARNING neutron_lib.context [None req-0f5b6c76-3921-4987-94dd-1d29612531eb 8036420f20074077bafd451f6dae0bd9 8c101b5ff4ba491095387cf121e8f25b - - default default] Method 'is_advsvc' is deprecated since 2023.2 release (neutron-lib 3.8.0) and will be removed once support for the old RBAC API policies will be removed from Neutron. Please use method 'is_service_role' instead.
2026-05-11 11:58:00.684 9 WARNING neutron.scheduler.dhcp_agent_scheduler [None req-2322b12c-fb64-45b2-a4b2-d3971f7066da 3d3e5c3211c64d34a9f53dbc4ffcd04f 0461af1fd6b94c40aacf394383fdfa0d - - default default] No more DHCP agents
2026-05-11 11:58:00.688 9 WARNING neutron.api.rpc.agentnotifiers.dhcp_rpc_agent_api [None req-2322b12c-fb64-45b2-a4b2-d3971f7066da 3d3e5c3211c64d34a9f53dbc4ffcd04f 0461af1fd6b94c40aacf394383fdfa0d - - default default] Unable to schedule network a3ec4f15-114d-43c1-bf5b-75d636963090: no agents available; will retry on subsequent port and subnet creation events.
2026-05-11 11:58:00.699 10 INFO neutron.db.ovn_revision_numbers_db [None req-0f5b6c76-3921-4987-94dd-1d29612531eb 8036420f20074077bafd451f6dae0bd9 8c101b5ff4ba491095387cf121e8f25b - - default default] Successfully bumped revision number for resource 2537d5c1-9883-43d1-afd2-73d7c1220d78 (type: security_groups) to 1
2026-05-11 11:58:00.730 10 INFO neutron.db.ovn_revision_numbers_db [None req-0f5b6c76-3921-4987-94dd-1d29612531eb 8036420f20074077bafd451f6dae0bd9 8c101b5ff4ba491095387cf121e8f25b - - default default] Successfully bumped revision number for resource 55769297-0a18-4412-8fe7-f3c7ad0e91bb (type: security_group_rules) to 0
2026-05-11 11:58:00.752 10 INFO neutron.db.ovn_revision_numbers_db [None req-0f5b6c76-3921-4987-94dd-1d29612531eb 8036420f20074077bafd451f6dae0bd9 8c101b5ff4ba491095387cf121e8f25b - - default default] Successfully bumped revision number for resource 91ffef8a-5039-4852-87d4-be85d1173578 (type: security_group_rules) to 0
2026-05-11 11:58:00.757 9 INFO neutron.db.ovn_revision_numbers_db [None req-594628f1-0743-48a9-b65c-ffd0231e67bf - - - - - -] Successfully bumped revision number for resource 0af2147c-985c-4009-b608-49da3a086348 (type: router_ports) to 3
2026-05-11 11:58:00.775 10 INFO neutron.db.ovn_revision_numbers_db [None req-0f5b6c76-3921-4987-94dd-1d29612531eb 8036420f20074077bafd451f6dae0bd9 8c101b5ff4ba491095387cf121e8f25b - - default default] Successfully bumped revision number for resource 96475bd2-3c3c-415e-9887-de71a2539b0d (type: security_group_rules) to 0
2026-05-11 11:58:00.779 10 ERROR ovsdbapp.backend.ovs_idl.command [None req-26c62987-b5c7-4d8a-bc04-574b3211db1f f3f5f97eb76249029e44a4126801718c 6e9ff99e9b384559865da5526608b358 - - default default] Error executing command (DbGetCommand): ovsdbapp.backend.ovs_idl.idlutils.RowNotFound: Cannot find Logical_Router_Port with name=lrp-423e1370-c8ec-4ef9-a6a3-218b836f0668
2026-05-11 11:58:00.779 10 ERROR ovsdbapp.backend.ovs_idl.command
Traceback (most recent call last):
2026-05-11 11:58:00.779 10 ERROR ovsdbapp.backend.ovs_idl.command
File "/var/lib/openstack/lib/python3.10/site-packages/ovsdbapp/backend/ovs_idl/command.py", line 47, in execute
2026-05-11 11:58:00.779 10 ERROR ovsdbapp.backend.ovs_idl.command self.run_idl(None)
2026-05-11 11:58:00.779 10 ERROR ovsdbapp.backend.ovs_idl.command
File "/var/lib/openstack/lib/python3.10/site-packages/ovsdbapp/backend/ovs_idl/command.py", line 235, in run_idl
2026-05-11 11:58:00.779 10 ERROR ovsdbapp.backend.ovs_idl.command record = self.api.lookup(self.table, self.record)
2026-05-11 11:58:00.779 10 ERROR ovsdbapp.backend.ovs_idl.command
File "/var/lib/openstack/lib/python3.10/site-packages/ovsdbapp/backend/ovs_idl/__init__.py", line 184, in lookup
2026-05-11 11:58:00.779 10 ERROR ovsdbapp.backend.ovs_idl.command return self._lookup(table, record)
2026-05-11 11:58:00.779 10 ERROR ovsdbapp.backend.ovs_idl.command
File "/var/lib/openstack/lib/python3.10/site-packages/ovsdbapp/backend/ovs_idl/__init__.py", line 235, in _lookup
2026-05-11 11:58:00.779 10 ERROR ovsdbapp.backend.ovs_idl.command row = idlutils.row_by_value(self, rl.table, rl.column, record)
2026-05-11 11:58:00.779 10 ERROR ovsdbapp.backend.ovs_idl.command
File "/var/lib/openstack/lib/python3.10/site-packages/ovsdbapp/backend/ovs_idl/idlutils.py", line 114, in row_by_value
2026-05-11 11:58:00.779 10 ERROR ovsdbapp.backend.ovs_idl.command raise RowNotFound(table=table, col=column, match=match)
2026-05-11 11:58:00.779 10 ERROR ovsdbapp.backend.ovs_idl.command ovsdbapp.backend.ovs_idl.idlutils.RowNotFound: Cannot find Logical_Router_Port with name=lrp-423e1370-c8ec-4ef9-a6a3-218b836f0668
2026-05-11 11:58:00.779 10 ERROR ovsdbapp.backend.ovs_idl.command 
2026-05-11 11:58:00.780 10 ERROR neutron_lib.callbacks.manager [None req-26c62987-b5c7-4d8a-bc04-574b3211db1f f3f5f97eb76249029e44a4126801718c 6e9ff99e9b384559865da5526608b358 - - default default] Error during notification for neutron.services.ovn_l3.plugin.OVNL3RouterPlugin._port_update-8743407941359 port, after_update: ovsdbapp.backend.ovs_idl.idlutils.RowNotFound: Cannot find Logical_Router_Port with name=lrp-423e1370-c8ec-4ef9-a6a3-218b836f0668
2026-05-11 11:58:00.780 10 ERROR neutron_lib.callbacks.manager
Traceback (most recent call last):
2026-05-11 11:58:00.780 10 ERROR neutron_lib.callbacks.manager
File "/var/lib/openstack/lib/python3.10/site-packages/neutron_lib/callbacks/manager.py", line 189, in _notify_loop
2026-05-11 11:58:00.780 10 ERROR neutron_lib.callbacks.manager callback.method(resource, event, trigger, payload=payload)
2026-05-11 11:58:00.780 10 ERROR neutron_lib.callbacks.manager
File "/var/lib/openstack/lib/python3.10/site-packages/neutron/services/ovn_l3/plugin.py", line 391, in _port_update
2026-05-11 11:58:00.780 10 ERROR neutron_lib.callbacks.manager l3plugin._ovn_client.update_router_port(context,
2026-05-11 11:58:00.780 10 ERROR neutron_lib.callbacks.manager
File "/var/lib/openstack/lib/python3.10/site-packages/neutron/plugins/ml2/drivers/ovn/mech_driver/ovsdb/ovn_client.py", line 1878, in update_router_port
2026-05-11 11:58:00.780 10 ERROR neutron_lib.callbacks.manager self._update_lrouter_port(context, port, if_exists=if_exists,
2026-05-11 11:58:00.780 10 ERROR neutron_lib.callbacks.manager
File "/var/lib/openstack/lib/python3.10/site-packages/neutron/plugins/ml2/drivers/ovn/mech_driver/ovsdb/ovn_client.py", line 1855, in _update_lrouter_port
2026-05-11 11:58:00.780 10 ERROR neutron_lib.callbacks.manager external_ids = self._nb_idl.db_get(
2026-05-11 11:58:00.780 10 ERROR neutron_lib.callbacks.manager
File "/var/lib/openstack/lib/python3.10/site-packages/ovsdbapp/backend/ovs_idl/command.py", line 47, in execute
2026-05-11 11:58:00.780 10 ERROR neutron_lib.callbacks.manager self.run_idl(None)
2026-05-11 11:58:00.780 10 ERROR neutron_lib.callbacks.manager
File "/var/lib/openstack/lib/python3.10/site-packages/ovsdbapp/backend/ovs_idl/command.py", line 235, in run_idl
2026-05-11 11:58:00.780 10 ERROR neutron_lib.callbacks.manager record = self.api.lookup(self.table, self.record)
2026-05-11 11:58:00.780 10 ERROR neutron_lib.callbacks.manager
File "/var/lib/openstack/lib/python3.10/site-packages/ovsdbapp/backend/ovs_idl/__init__.py", line 184, in lookup
2026-05-11 11:58:00.780 10 ERROR neutron_lib.callbacks.manager return self._lookup(table, record)
2026-05-11 11:58:00.780 10 ERROR neutron_lib.callbacks.manager
File "/var/lib/openstack/lib/python3.10/site-packages/ovsdbapp/backend/ovs_idl/__init__.py", line 235, in _lookup
2026-05-11 11:58:00.780 10 ERROR neutron_lib.callbacks.manager row = idlutils.row_by_value(self, rl.table, rl.column, record)
2026-05-11 11:58:00.780 10 ERROR neutron_lib.callbacks.manager
File "/var/lib/openstack/lib/python3.10/site-packages/ovsdbapp/backend/ovs_idl/idlutils.py", line 114, in row_by_value
2026-05-11 11:58:00.780 10 ERROR neutron_lib.callbacks.manager raise RowNotFound(table=table, col=column, match=match)
2026-05-11 11:58:00.780 10 ERROR neutron_lib.callbacks.manager ovsdbapp.backend.ovs_idl.idlutils.RowNotFound: Cannot find Logical_Router_Port with name=lrp-423e1370-c8ec-4ef9-a6a3-218b836f0668
2026-05-11 11:58:00.780 10 ERROR neutron_lib.callbacks.manager 
2026-05-11 11:58:00.787 9 INFO neutron.db.ovn_revision_numbers_db [None req-2322b12c-fb64-45b2-a4b2-d3971f7066da 3d3e5c3211c64d34a9f53dbc4ffcd04f 0461af1fd6b94c40aacf394383fdfa0d - - default default] Successfully bumped revision number for resource 78f9a334-2048-4a6a-9a40-7a52f8ee444d (type: ports) to 1
2026-05-11 11:58:00.795 10 INFO neutron.db.ovn_revision_numbers_db [None req-0f5b6c76-3921-4987-94dd-1d29612531eb 8036420f20074077bafd451f6dae0bd9 8c101b5ff4ba491095387cf121e8f25b - - default default] Successfully bumped revision number for resource 9717d2af-971c-44cb-abc1-b92bc54cdef7 (type: security_group_rules) to 0
2026-05-11 11:58:00.814 9 INFO neutron.wsgi [None req-2322b12c-fb64-45b2-a4b2-d3971f7066da 3d3e5c3211c64d34a9f53dbc4ffcd04f 0461af1fd6b94c40aacf394383fdfa0d - - default default] 10.0.0.218 "POST /v2.0/networks HTTP/1.1" status: 201 len: 828 time: 1.0260997
2026-05-11 11:58:00.823 9 WARNING neutron_lib.context [None req-371dd939-ba36-4028-ab04-ee4a44dafa03 3d3e5c3211c64d34a9f53dbc4ffcd04f 0461af1fd6b94c40aacf394383fdfa0d - - default default] Method 'is_advsvc' is deprecated since 2023.2 release (neutron-lib 3.8.0) and will be removed once support for the old RBAC API policies will be removed from Neutron. Please use method 'is_service_role' instead.
2026-05-11 11:58:00.862 10 INFO neutron.db.segments_db [None req-0f5b6c76-3921-4987-94dd-1d29612531eb 8036420f20074077bafd451f6dae0bd9 8c101b5ff4ba491095387cf121e8f25b - - default default] Added segment b637cb64-f57d-4c24-b9a6-8c5b440e93d7 of type geneve for network 456ac89e-a9bf-4824-b998-27acfb17e755
2026-05-11 11:58:00.880 10 WARNING neutron.plugins.ml2.drivers.ovn.mech_driver.ovsdb.ovn_client [None req-4847deb7-108e-42a3-ab4e-88167580dd94 - - - - - -] No hosting information found for port dbb5e912-25b8-4a7a-8db1-519cd651af47: RuntimeError: No hosting information found for port dbb5e912-25b8-4a7a-8db1-519cd651af47
2026-05-11 11:58:00.880 10 INFO neutron.plugins.ml2.drivers.ovn.mech_driver.mech_driver [None req-4847deb7-108e-42a3-ab4e-88167580dd94 - - - - - -] OVN reports status up for port: 0af2147c-985c-4009-b608-49da3a086348
2026-05-11 11:58:01.042 9 INFO neutron.db.ovn_revision_numbers_db [None req-594628f1-0743-48a9-b65c-ffd0231e67bf - - - - - -] Successfully bumped revision number for resource 0af2147c-985c-4009-b608-49da3a086348 (type: ports) to 2
2026-05-11 11:58:01.135 10 INFO neutron.plugins.ml2.plugin [None req-4847deb7-108e-42a3-ab4e-88167580dd94 - - - - - -] Attempt 1 to provision port 0af2147c-985c-4009-b608-49da3a086348
