2026-05-11 11:58:01.143 9 WARNING neutron.scheduler.dhcp_agent_scheduler [None req-371dd939-ba36-4028-ab04-ee4a44dafa03 3d3e5c3211c64d34a9f53dbc4ffcd04f 0461af1fd6b94c40aacf394383fdfa0d - - default default] No more DHCP agents
2026-05-11 11:58:01.154 9 WARNING neutron.api.rpc.agentnotifiers.dhcp_rpc_agent_api [None req-371dd939-ba36-4028-ab04-ee4a44dafa03 3d3e5c3211c64d34a9f53dbc4ffcd04f 0461af1fd6b94c40aacf394383fdfa0d - - default default] Unable to schedule network d341e397-5381-4c15-bf1d-eee4d51d00ae: no agents available; will retry on subsequent port and subnet creation events.
2026-05-11 11:58:01.307 10 INFO neutron.db.ovn_revision_numbers_db [None req-0f5b6c76-3921-4987-94dd-1d29612531eb 8036420f20074077bafd451f6dae0bd9 8c101b5ff4ba491095387cf121e8f25b - - default default] Successfully bumped revision number for resource 456ac89e-a9bf-4824-b998-27acfb17e755 (type: networks) to 1
2026-05-11 11:58:01.325 10 INFO neutron.plugins.ml2.drivers.ovn.mech_driver.mech_driver [None req-4847deb7-108e-42a3-ab4e-88167580dd94 - - - - - -] OVN reports status up for port: 423e1370-c8ec-4ef9-a6a3-218b836f0668
2026-05-11 11:58:01.338 10 INFO neutron.db.ovn_revision_numbers_db [None req-26c62987-b5c7-4d8a-bc04-574b3211db1f f3f5f97eb76249029e44a4126801718c 6e9ff99e9b384559865da5526608b358 - - default default] Successfully bumped revision number for resource 423e1370-c8ec-4ef9-a6a3-218b836f0668 (type: ports) to 1
2026-05-11 11:58:01.342 10 INFO neutron.plugins.ml2.plugin [None req-4847deb7-108e-42a3-ab4e-88167580dd94 - - - - - -] Attempt 1 to provision port 423e1370-c8ec-4ef9-a6a3-218b836f0668
2026-05-11 11:58:01.465 10 WARNING neutron.scheduler.dhcp_agent_scheduler [None req-26c62987-b5c7-4d8a-bc04-574b3211db1f f3f5f97eb76249029e44a4126801718c 6e9ff99e9b384559865da5526608b358 - - default default] No more DHCP agents
2026-05-11 11:58:01.470 10 WARNING neutron.api.rpc.agentnotifiers.dhcp_rpc_agent_api [None req-26c62987-b5c7-4d8a-bc04-574b3211db1f f3f5f97eb76249029e44a4126801718c 6e9ff99e9b384559865da5526608b358 - - default default] Unable to schedule network c8201682-c86b-46fb-abd0-5042e1e8699d: no agents available; will retry on subsequent port and subnet creation events.
2026-05-11 11:58:01.484 9 INFO neutron.db.ovn_revision_numbers_db [None req-594628f1-0743-48a9-b65c-ffd0231e67bf - - - - - -] Successfully bumped revision number for resource 0af2147c-985c-4009-b608-49da3a086348 (type: ports) to 4
2026-05-11 11:58:01.595 10 WARNING neutron.scheduler.dhcp_agent_scheduler [None req-0f5b6c76-3921-4987-94dd-1d29612531eb 8036420f20074077bafd451f6dae0bd9 8c101b5ff4ba491095387cf121e8f25b - - default default] No more DHCP agents
2026-05-11 11:58:01.602 10 WARNING neutron.api.rpc.agentnotifiers.dhcp_rpc_agent_api [None req-0f5b6c76-3921-4987-94dd-1d29612531eb 8036420f20074077bafd451f6dae0bd9 8c101b5ff4ba491095387cf121e8f25b - - default default] Unable to schedule network 456ac89e-a9bf-4824-b998-27acfb17e755: no agents available; will retry on subsequent port and subnet creation events.
2026-05-11 11:58:01.735 10 INFO neutron.db.ovn_revision_numbers_db [None req-0f5b6c76-3921-4987-94dd-1d29612531eb 8036420f20074077bafd451f6dae0bd9 8c101b5ff4ba491095387cf121e8f25b - - default default] Successfully bumped revision number for resource 3d938d91-fc71-4529-b524-ca6ca42145ea (type: ports) to 1
2026-05-11 11:58:01.778 10 INFO neutron.wsgi [None req-0f5b6c76-3921-4987-94dd-1d29612531eb 8036420f20074077bafd451f6dae0bd9 8c101b5ff4ba491095387cf121e8f25b - - default default] 10.0.0.218 "POST /v2.0/networks HTTP/1.1" status: 201 len: 831 time: 1.5806136
2026-05-11 11:58:01.790 10 WARNING neutron_lib.context [None req-f144b627-6467-4ac1-8b3b-11f1fb35fab5 8036420f20074077bafd451f6dae0bd9 8c101b5ff4ba491095387cf121e8f25b - - default default] Method 'is_advsvc' is deprecated since 2023.2 release (neutron-lib 3.8.0) and will be removed once support for the old RBAC API policies will be removed from Neutron. Please use method 'is_service_role' instead.
2026-05-11 11:58:01.946 10 INFO neutron.db.segments_db [None req-f144b627-6467-4ac1-8b3b-11f1fb35fab5 8036420f20074077bafd451f6dae0bd9 8c101b5ff4ba491095387cf121e8f25b - - default default] Added segment 12aecb9c-4e17-4bc8-a21e-11ea91c42d75 of type geneve for network e6f7a305-874d-4e97-b394-777e12576146
2026-05-11 11:58:02.009 9 INFO neutron.db.ovn_revision_numbers_db [None req-371dd939-ba36-4028-ab04-ee4a44dafa03 3d3e5c3211c64d34a9f53dbc4ffcd04f 0461af1fd6b94c40aacf394383fdfa0d - - default default] Successfully bumped revision number for resource c021c01d-b338-403e-8143-d70cfc4a7089 (type: ports) to 2
2026-05-11 11:58:02.054 9 INFO neutron.db.ovn_revision_numbers_db [None req-371dd939-ba36-4028-ab04-ee4a44dafa03 3d3e5c3211c64d34a9f53dbc4ffcd04f 0461af1fd6b94c40aacf394383fdfa0d - - default default] Successfully bumped revision number for resource 0d4e15e6-31e2-4f3a-a107-754f976d91f9 (type: subnets) to 0
2026-05-11 11:58:02.059 9 INFO neutron.db.ovn_revision_numbers_db [None req-594628f1-0743-48a9-b65c-ffd0231e67bf - - - - - -] Successfully bumped revision number for resource 0af2147c-985c-4009-b608-49da3a086348 (type: router_ports) to 4
2026-05-11 11:58:02.080 9 INFO neutron.wsgi [None req-371dd939-ba36-4028-ab04-ee4a44dafa03 3d3e5c3211c64d34a9f53dbc4ffcd04f 0461af1fd6b94c40aacf394383fdfa0d - - default default] 10.0.0.218 "POST /v2.0/subnets HTTP/1.1" status: 201 len: 801 time: 1.2604067
2026-05-11 11:58:02.088 9 WARNING neutron_lib.context [None req-9d44b198-b05b-4282-946d-f1225817eaba 3d3e5c3211c64d34a9f53dbc4ffcd04f 0461af1fd6b94c40aacf394383fdfa0d - - default default] Method 'is_advsvc' is deprecated since 2023.2 release (neutron-lib 3.8.0) and will be removed once support for the old RBAC API policies will be removed from Neutron. Please use method 'is_service_role' instead.
2026-05-11 11:58:02.181 10 INFO neutron.db.ovn_revision_numbers_db [None req-4847deb7-108e-42a3-ab4e-88167580dd94 - - - - - -] Successfully bumped revision number for resource 423e1370-c8ec-4ef9-a6a3-218b836f0668 (type: ports) to 2
2026-05-11 11:58:02.335 9 WARNING neutron.scheduler.dhcp_agent_scheduler [None req-9d44b198-b05b-4282-946d-f1225817eaba 3d3e5c3211c64d34a9f53dbc4ffcd04f 0461af1fd6b94c40aacf394383fdfa0d - - default default] No more DHCP agents
2026-05-11 11:58:02.337 9 WARNING neutron.api.rpc.agentnotifiers.dhcp_rpc_agent_api [None req-9d44b198-b05b-4282-946d-f1225817eaba 3d3e5c3211c64d34a9f53dbc4ffcd04f 0461af1fd6b94c40aacf394383fdfa0d - - default default] Unable to schedule network a3ec4f15-114d-43c1-bf5b-75d636963090: no agents available; will retry on subsequent port and subnet creation events.
2026-05-11 11:58:02.449 10 INFO neutron.db.ovn_revision_numbers_db [None req-f144b627-6467-4ac1-8b3b-11f1fb35fab5 8036420f20074077bafd451f6dae0bd9 8c101b5ff4ba491095387cf121e8f25b - - default default] Successfully bumped revision number for resource e6f7a305-874d-4e97-b394-777e12576146 (type: networks) to 1
2026-05-11 11:58:02.583 10 ERROR ovsdbapp.backend.ovs_idl.command [None req-4847deb7-108e-42a3-ab4e-88167580dd94 - - - - - -] Error executing command (DbGetCommand): ovsdbapp.backend.ovs_idl.idlutils.RowNotFound: Cannot find Logical_Router_Port with name=lrp-423e1370-c8ec-4ef9-a6a3-218b836f0668
2026-05-11 11:58:02.583 10 ERROR ovsdbapp.backend.ovs_idl.command
Traceback (most recent call last):
2026-05-11 11:58:02.583 10 ERROR ovsdbapp.backend.ovs_idl.command
File "/var/lib/openstack/lib/python3.10/site-packages/ovsdbapp/backend/ovs_idl/command.py", line 47, in execute
2026-05-11 11:58:02.583 10 ERROR ovsdbapp.backend.ovs_idl.command self.run_idl(None)
2026-05-11 11:58:02.583 10 ERROR ovsdbapp.backend.ovs_idl.command
File "/var/lib/openstack/lib/python3.10/site-packages/ovsdbapp/backend/ovs_idl/command.py", line 235, in run_idl
2026-05-11 11:58:02.583 10 ERROR ovsdbapp.backend.ovs_idl.command record = self.api.lookup(self.table, self.record)
2026-05-11 11:58:02.583 10 ERROR ovsdbapp.backend.ovs_idl.command
File "/var/lib/openstack/lib/python3.10/site-packages/ovsdbapp/backend/ovs_idl/__init__.py", line 184, in lookup
2026-05-11 11:58:02.583 10 ERROR ovsdbapp.backend.ovs_idl.command return self._lookup(table, record)
2026-05-11 11:58:02.583 10 ERROR ovsdbapp.backend.ovs_idl.command
File "/var/lib/openstack/lib/python3.10/site-packages/ovsdbapp/backend/ovs_idl/__init__.py", line 235, in _lookup
2026-05-11 11:58:02.583 10 ERROR ovsdbapp.backend.ovs_idl.command row = idlutils.row_by_value(self, rl.table, rl.column, record)
2026-05-11 11:58:02.583 10 ERROR ovsdbapp.backend.ovs_idl.command
File "/var/lib/openstack/lib/python3.10/site-packages/ovsdbapp/backend/ovs_idl/idlutils.py", line 114, in row_by_value
2026-05-11 11:58:02.583 10 ERROR ovsdbapp.backend.ovs_idl.command raise RowNotFound(table=table, col=column, match=match)
2026-05-11 11:58:02.583 10 ERROR ovsdbapp.backend.ovs_idl.command ovsdbapp.backend.ovs_idl.idlutils.RowNotFound: Cannot find Logical_Router_Port with name=lrp-423e1370-c8ec-4ef9-a6a3-218b836f0668
2026-05-11 11:58:02.583 10 ERROR ovsdbapp.backend.ovs_idl.command 
2026-05-11 11:58:02.583 10 ERROR neutron_lib.callbacks.manager [None req-4847deb7-108e-42a3-ab4e-88167580dd94 - - - - - -] Error during notification for neutron.services.ovn_l3.plugin.OVNL3RouterPlugin._port_update-8743407941359 port, after_update: ovsdbapp.backend.ovs_idl.idlutils.RowNotFound: Cannot find Logical_Router_Port with name=lrp-423e1370-c8ec-4ef9-a6a3-218b836f0668
2026-05-11 11:58:02.583 10 ERROR neutron_lib.callbacks.manager
Traceback (most recent call last):
2026-05-11 11:58:02.583 10 ERROR neutron_lib.callbacks.manager
File "/var/lib/openstack/lib/python3.10/site-packages/neutron_lib/callbacks/manager.py", line 189, in _notify_loop
2026-05-11 11:58:02.583 10 ERROR neutron_lib.callbacks.manager callback.method(resource, event, trigger, payload=payload)
2026-05-11 11:58:02.583 10 ERROR neutron_lib.callbacks.manager
File "/var/lib/openstack/lib/python3.10/site-packages/neutron/services/ovn_l3/plugin.py", line 391, in _port_update
2026-05-11 11:58:02.583 10 ERROR neutron_lib.callbacks.manager l3plugin._ovn_client.update_router_port(context,
2026-05-11 11:58:02.583 10 ERROR neutron_lib.callbacks.manager
File "/var/lib/openstack/lib/python3.10/site-packages/neutron/plugins/ml2/drivers/ovn/mech_driver/ovsdb/ovn_client.py", line 1878, in update_router_port
2026-05-11 11:58:02.583 10 ERROR neutron_lib.callbacks.manager self._update_lrouter_port(context, port, if_exists=if_exists,
2026-05-11 11:58:02.583 10 ERROR neutron_lib.callbacks.manager
File "/var/lib/openstack/lib/python3.10/site-packages/neutron/plugins/ml2/drivers/ovn/mech_driver/ovsdb/ovn_client.py", line 1855, in _update_lrouter_port
2026-05-11 11:58:02.583 10 ERROR neutron_lib.callbacks.manager external_ids = self._nb_idl.db_get(
2026-05-11 11:58:02.583 10 ERROR neutron_lib.callbacks.manager
File "/var/lib/openstack/lib/python3.10/site-packages/ovsdbapp/backend/ovs_idl/command.py", line 47, in execute
2026-05-11 11:58:02.583 10 ERROR neutron_lib.callbacks.manager self.run_idl(None)
2026-05-11 11:58:02.583 10 ERROR neutron_lib.callbacks.manager
File "/var/lib/openstack/lib/python3.10/site-packages/ovsdbapp/backend/ovs_idl/command.py", line 235, in run_idl
2026-05-11 11:58:02.583 10 ERROR neutron_lib.callbacks.manager record = self.api.lookup(self.table, self.record)
2026-05-11 11:58:02.583 10 ERROR neutron_lib.callbacks.manager
File "/var/lib/openstack/lib/python3.10/site-packages/ovsdbapp/backend/ovs_idl/__init__.py", line 184, in lookup
2026-05-11 11:58:02.583 10 ERROR neutron_lib.callbacks.manager return self._lookup(table, record)
2026-05-11 11:58:02.583 10 ERROR neutron_lib.callbacks.manager
File "/var/lib/openstack/lib/python3.10/site-packages/ovsdbapp/backend/ovs_idl/__init__.py", line 235, in _lookup
2026-05-11 11:58:02.583 10 ERROR neutron_lib.callbacks.manager row = idlutils.row_by_value(self, rl.table, rl.column, record)
2026-05-11 11:58:02.583 10 ERROR neutron_lib.callbacks.manager
File "/var/lib/openstack/lib/python3.10/site-packages/ovsdbapp/backend/ovs_idl/idlutils.py", line 114, in row_by_value
2026-05-11 11:58:02.583 10 ERROR neutron_lib.callbacks.manager raise RowNotFound(table=table, col=column, match=match)
2026-05-11 11:58:02.583 10 ERROR neutron_lib.callbacks.manager ovsdbapp.backend.ovs_idl.idlutils.RowNotFound: Cannot find Logical_Router_Port with name=lrp-423e1370-c8ec-4ef9-a6a3-218b836f0668
2026-05-11 11:58:02.583 10 ERROR neutron_lib.callbacks.manager 
2026-05-11 11:58:02.749 10 WARNING neutron.scheduler.dhcp_agent_scheduler [None req-f144b627-6467-4ac1-8b3b-11f1fb35fab5 8036420f20074077bafd451f6dae0bd9 8c101b5ff4ba491095387cf121e8f25b - - default default] No more DHCP agents
2026-05-11 11:58:02.751 10 WARNING neutron.api.rpc.agentnotifiers.dhcp_rpc_agent_api [None req-f144b627-6467-4ac1-8b3b-11f1fb35fab5 8036420f20074077bafd451f6dae0bd9 8c101b5ff4ba491095387cf121e8f25b - - default default] Unable to schedule network e6f7a305-874d-4e97-b394-777e12576146: no agents available; will retry on subsequent port and subnet creation events.
2026-05-11 11:58:02.754 10 INFO neutron.db.ovn_revision_numbers_db [None req-26c62987-b5c7-4d8a-bc04-574b3211db1f f3f5f97eb76249029e44a4126801718c 6e9ff99e9b384559865da5526608b358 - - default default] Successfully bumped revision number for resource 423e1370-c8ec-4ef9-a6a3-218b836f0668 (type: router_ports) to 1
2026-05-11 11:58:02.763 10 INFO neutron.wsgi [None req-26c62987-b5c7-4d8a-bc04-574b3211db1f f3f5f97eb76249029e44a4126801718c 6e9ff99e9b384559865da5526608b358 - - default default] 10.0.0.218 "PUT /v2.0/routers/3f7bf352-0f65-46bc-8476-d40794774326/add_router_interface HTTP/1.1" status: 200 len: 503 time: 3.4616811
2026-05-11 11:58:02.832 10 INFO neutron.db.ovn_revision_numbers_db [None req-f144b627-6467-4ac1-8b3b-11f1fb35fab5 8036420f20074077bafd451f6dae0bd9 8c101b5ff4ba491095387cf121e8f25b - - default default] Successfully bumped revision number for resource 4a7adf8f-9648-4b35-9ff2-8dda2fd13b12 (type: ports) to 1
2026-05-11 11:58:02.848 10 INFO neutron.wsgi [None req-f144b627-6467-4ac1-8b3b-11f1fb35fab5 8036420f20074077bafd451f6dae0bd9 8c101b5ff4ba491095387cf121e8f25b - - default default] 10.0.0.218 "POST /v2.0/networks HTTP/1.1" status: 201 len: 830 time: 1.0632112
2026-05-11 11:58:02.858 9 WARNING neutron_lib.context [None req-9015ae95-b9ce-4d4e-b00d-e69d50757cce 8036420f20074077bafd451f6dae0bd9 8c101b5ff4ba491095387cf121e8f25b - - default default] Method 'is_advsvc' is deprecated since 2023.2 release (neutron-lib 3.8.0) and will be removed once support for the old RBAC API policies will be removed from Neutron. Please use method 'is_service_role' instead.
2026-05-11 11:58:02.866 9 INFO neutron.db.ovn_revision_numbers_db [None req-9d44b198-b05b-4282-946d-f1225817eaba 3d3e5c3211c64d34a9f53dbc4ffcd04f 0461af1fd6b94c40aacf394383fdfa0d - - default default] Successfully bumped revision number for resource 78f9a334-2048-4a6a-9a40-7a52f8ee444d (type: ports) to 2
2026-05-11 11:58:02.913 9 INFO neutron.db.ovn_revision_numbers_db [None req-9d44b198-b05b-4282-946d-f1225817eaba 3d3e5c3211c64d34a9f53dbc4ffcd04f 0461af1fd6b94c40aacf394383fdfa0d - - default default] Successfully bumped revision number for resource 258de60b-a79f-44a7-8914-83dda10321e0 (type: subnets) to 0
2026-05-11 11:58:02.932 9 INFO neutron.wsgi [None req-9d44b198-b05b-4282-946d-f1225817eaba 3d3e5c3211c64d34a9f53dbc4ffcd04f 0461af1fd6b94c40aacf394383fdfa0d - - default default] 10.0.0.218 "POST /v2.0/subnets HTTP/1.1" status: 201 len: 801 time: 0.8480599
2026-05-11 11:58:02.944 9 WARNING neutron_lib.context [None req-185a974d-a31e-4711-bb53-da8fe40266b4 3d3e5c3211c64d34a9f53dbc4ffcd04f 0461af1fd6b94c40aacf394383fdfa0d - - default default] Method 'is_advsvc' is deprecated since 2023.2 release (neutron-lib 3.8.0) and will be removed once support for the old RBAC API policies will be removed from Neutron. Please use method 'is_service_role' instead.
2026-05-11 11:58:02.965 9 INFO neutron.db.segments_db [None req-9015ae95-b9ce-4d4e-b00d-e69d50757cce 8036420f20074077bafd451f6dae0bd9 8c101b5ff4ba491095387cf121e8f25b - - default default] Added segment e5a1f25d-2568-41be-9e1d-56bb4f0456ef of type geneve for network f0369f0f-bf63-4ab7-9e1d-fc67a238bfed
2026-05-11 11:58:03.097 9 INFO neutron.db.ovn_revision_numbers_db [None req-185a974d-a31e-4711-bb53-da8fe40266b4 3d3e5c3211c64d34a9f53dbc4ffcd04f 0461af1fd6b94c40aacf394383fdfa0d - - default default] Successfully bumped revision number for resource 7865614a-78a8-432e-aad2-20a8bb973dc3 (type: routers) to 1
2026-05-11 11:58:03.143 9 INFO neutron.wsgi [None req-185a974d-a31e-4711-bb53-da8fe40266b4 3d3e5c3211c64d34a9f53dbc4ffcd04f 0461af1fd6b94c40aacf394383fdfa0d - - default default] 10.0.0.218 "POST /v2.0/routers HTTP/1.1" status: 201 len: 801 time: 0.2073543
2026-05-11 11:58:03.171 9 INFO neutron.db.ovn_revision_numbers_db [None req-9015ae95-b9ce-4d4e-b00d-e69d50757cce 8036420f20074077bafd451f6dae0bd9 8c101b5ff4ba491095387cf121e8f25b - - default default] Successfully bumped revision number for resource f0369f0f-bf63-4ab7-9e1d-fc67a238bfed (type: networks) to 1
2026-05-11 11:58:03.373 9 WARNING neutron.scheduler.dhcp_agent_scheduler [None req-9015ae95-b9ce-4d4e-b00d-e69d50757cce 8036420f20074077bafd451f6dae0bd9 8c101b5ff4ba491095387cf121e8f25b - - default default] No more DHCP agents
2026-05-11 11:58:03.376 9 WARNING neutron.api.rpc.agentnotifiers.dhcp_rpc_agent_api [None req-9015ae95-b9ce-4d4e-b00d-e69d50757cce 8036420f20074077bafd451f6dae0bd9 8c101b5ff4ba491095387cf121e8f25b - - default default] Unable to schedule network f0369f0f-bf63-4ab7-9e1d-fc67a238bfed: no agents available; will retry on subsequent port and subnet creation events.
2026-05-11 11:58:03.426 10 WARNING neutron_lib.context [None req-08a6bfcb-ac1d-4dd2-800c-6db1c832b25b 7504065f398e486b99c5cc8b54d31928 d80072852ff941449822ce9932cabac4 - - default default] Method 'is_advsvc' is deprecated since 2023.2 release (neutron-lib 3.8.0) and will be removed once support for the old RBAC API policies will be removed from Neutron. Please use method 'is_service_role' instead.
2026-05-11 11:58:03.466 9 INFO neutron.db.ovn_revision_numbers_db [None req-9015ae95-b9ce-4d4e-b00d-e69d50757cce 8036420f20074077bafd451f6dae0bd9 8c101b5ff4ba491095387cf121e8f25b - - default default] Successfully bumped revision number for resource 0b0d6fc5-f2e5-4607-8af8-45a231aef51f (type: ports) to 1
2026-05-11 11:58:03.487 9 INFO neutron.wsgi [None req-9015ae95-b9ce-4d4e-b00d-e69d50757cce 8036420f20074077bafd451f6dae0bd9 8c101b5ff4ba491095387cf121e8f25b - - default default] 10.0.0.218 "POST /v2.0/networks HTTP/1.1" status: 201 len: 830 time: 0.6352825
2026-05-11 11:58:03.497 9 WARNING neutron_lib.context [None req-ec6dd761-e0cc-43eb-a970-a06959e50566 8036420f20074077bafd451f6dae0bd9 8c101b5ff4ba491095387cf121e8f25b - - default default] Method 'is_advsvc' is deprecated since 2023.2 release (neutron-lib 3.8.0) and will be removed once support for the old RBAC API policies will be removed from Neutron. Please use method 'is_service_role' instead.
2026-05-11 11:58:03.595 9 INFO neutron.db.segments_db [None req-ec6dd761-e0cc-43eb-a970-a06959e50566 8036420f20074077bafd451f6dae0bd9 8c101b5ff4ba491095387cf121e8f25b - - default default] Added segment 0dc5a663-eb5c-4a05-b83d-1c23462a4adf of type geneve for network 5023cdc2-1a1f-4bd3-89cf-01d7ff167936
2026-05-11 11:58:03.633 10 INFO neutron.db.ovn_revision_numbers_db [None req-08a6bfcb-ac1d-4dd2-800c-6db1c832b25b 7504065f398e486b99c5cc8b54d31928 d80072852ff941449822ce9932cabac4 - - default default] Successfully bumped revision number for resource 7924a27b-89fd-4935-88d5-bf70f4261432 (type: security_groups) to 1
2026-05-11 11:58:03.648 10 INFO neutron.db.ovn_revision_numbers_db [None req-08a6bfcb-ac1d-4dd2-800c-6db1c832b25b 7504065f398e486b99c5cc8b54d31928 d80072852ff941449822ce9932cabac4 - - default default] Successfully bumped revision number for resource 34e6a752-8b84-4686-b148-ea5de531acfe (type: security_group_rules) to 0
2026-05-11 11:58:03.667 10 WARNING neutron.scheduler.dhcp_agent_scheduler [None req-ad440744-84d9-4bea-bfb0-50e3e2ffa0cd 3d3e5c3211c64d34a9f53dbc4ffcd04f 0461af1fd6b94c40aacf394383fdfa0d - - default default] No more DHCP agents
2026-05-11 11:58:03.670 10 WARNING neutron.api.rpc.agentnotifiers.dhcp_rpc_agent_api [None req-ad440744-84d9-4bea-bfb0-50e3e2ffa0cd 3d3e5c3211c64d34a9f53dbc4ffcd04f 0461af1fd6b94c40aacf394383fdfa0d - - default default] Unable to schedule network d341e397-5381-4c15-bf1d-eee4d51d00ae: no agents available; will retry on subsequent port and subnet creation events.
2026-05-11 11:58:03.681 10 INFO neutron.db.ovn_revision_numbers_db [None req-08a6bfcb-ac1d-4dd2-800c-6db1c832b25b 7504065f398e486b99c5cc8b54d31928 d80072852ff941449822ce9932cabac4 - - default default] Successfully bumped revision number for resource 96b516f0-be83-4e68-9ca1-c6fe7ee19441 (type: security_group_rules) to 0
2026-05-11 11:58:03.711 10 INFO neutron.wsgi [None req-08a6bfcb-ac1d-4dd2-800c-6db1c832b25b 7504065f398e486b99c5cc8b54d31928 d80072852ff941449822ce9932cabac4 - - default default] 10.0.0.218 "POST /v2.0/security-groups HTTP/1.1" status: 201 len: 1873 time: 0.2983184
2026-05-11 11:58:03.721 9 WARNING neutron_lib.context [None req-94e52cf9-8d4c-4105-85c9-e532c47a13a5 7504065f398e486b99c5cc8b54d31928 d80072852ff941449822ce9932cabac4 - - default default] Method 'is_advsvc' is deprecated since 2023.2 release (neutron-lib 3.8.0) and will be removed once support for the old RBAC API policies will be removed from Neutron. Please use method 'is_service_role' instead.
2026-05-11 11:58:03.745 9 INFO neutron.db.ovn_revision_numbers_db [None req-ec6dd761-e0cc-43eb-a970-a06959e50566 8036420f20074077bafd451f6dae0bd9 8c101b5ff4ba491095387cf121e8f25b - - default default] Successfully bumped revision number for resource 5023cdc2-1a1f-4bd3-89cf-01d7ff167936 (type: networks) to 1
2026-05-11 11:58:03.852 10 INFO neutron.db.ovn_revision_numbers_db [None req-ad440744-84d9-4bea-bfb0-50e3e2ffa0cd 3d3e5c3211c64d34a9f53dbc4ffcd04f 0461af1fd6b94c40aacf394383fdfa0d - - default default] Successfully bumped revision number for resource 7cadb47a-b660-47aa-b87a-7616e9752645 (type: ports) to 1
2026-05-11 11:58:03.952 9 INFO neutron.db.ovn_revision_numbers_db [None req-94e52cf9-8d4c-4105-85c9-e532c47a13a5 7504065f398e486b99c5cc8b54d31928 d80072852ff941449822ce9932cabac4 - - default default] Successfully bumped revision number for resource 5072b8e1-12f3-4bf1-8479-8ce01d9d21c3 (type: security_group_rules) to 0
2026-05-11 11:58:03.979 9 WARNING neutron.scheduler.dhcp_agent_scheduler [None req-ec6dd761-e0cc-43eb-a970-a06959e50566 8036420f20074077bafd451f6dae0bd9 8c101b5ff4ba491095387cf121e8f25b - - default default] No more DHCP agents
2026-05-11 11:58:03.984 9 WARNING neutron.api.rpc.agentnotifiers.dhcp_rpc_agent_api [None req-ec6dd761-e0cc-43eb-a970-a06959e50566 8036420f20074077bafd451f6dae0bd9 8c101b5ff4ba491095387cf121e8f25b - - default default] Unable to schedule network 5023cdc2-1a1f-4bd3-89cf-01d7ff167936: no agents available; will retry on subsequent port and subnet creation events.
2026-05-11 11:58:04.002 9 INFO neutron.wsgi [None req-94e52cf9-8d4c-4105-85c9-e532c47a13a5 7504065f398e486b99c5cc8b54d31928 d80072852ff941449822ce9932cabac4 - - default default] 10.0.0.218 "POST /v2.0/security-group-rules HTTP/1.1" status: 201 len: 796 time: 0.2867541
2026-05-11 11:58:04.017 9 WARNING neutron_lib.context [None req-962fe825-f308-4b03-b610-3740a2f50c70 7504065f398e486b99c5cc8b54d31928 d80072852ff941449822ce9932cabac4 - - default default] Method 'is_advsvc' is deprecated since 2023.2 release (neutron-lib 3.8.0) and will be removed once support for the old RBAC API policies will be removed from Neutron. Please use method 'is_service_role' instead.
2026-05-11 11:58:04.097 9 INFO neutron.db.ovn_revision_numbers_db [None req-ec6dd761-e0cc-43eb-a970-a06959e50566 8036420f20074077bafd451f6dae0bd9 8c101b5ff4ba491095387cf121e8f25b - - default default] Successfully bumped revision number for resource 1cfbc2e6-b08d-41be-9bd7-f0f89685d029 (type: ports) to 1
2026-05-11 11:58:04.125 9 INFO neutron.wsgi [None req-ec6dd761-e0cc-43eb-a970-a06959e50566 8036420f20074077bafd451f6dae0bd9 8c101b5ff4ba491095387cf121e8f25b - - default default] 10.0.0.218 "POST /v2.0/networks HTTP/1.1" status: 201 len: 830 time: 0.6333163
2026-05-11 11:58:04.135 9 WARNING neutron_lib.context [None req-903bc2e4-8f76-493e-a5df-7c594e8656f6 8036420f20074077bafd451f6dae0bd9 8c101b5ff4ba491095387cf121e8f25b - - default default] Method 'is_advsvc' is deprecated since 2023.2 release (neutron-lib 3.8.0) and will be removed once support for the old RBAC API policies will be removed from Neutron. Please use method 'is_service_role' instead.
2026-05-11 11:58:04.187 9 INFO neutron.db.ovn_revision_numbers_db [None req-962fe825-f308-4b03-b610-3740a2f50c70 7504065f398e486b99c5cc8b54d31928 d80072852ff941449822ce9932cabac4 - - default default] Successfully bumped revision number for resource 7d788e00-bbf9-47c6-82b8-4e25ae6d8801 (type: security_group_rules) to 0
2026-05-11 11:58:04.210 9 INFO neutron.wsgi [None req-962fe825-f308-4b03-b610-3740a2f50c70 7504065f398e486b99c5cc8b54d31928 d80072852ff941449822ce9932cabac4 - - default default] 10.0.0.218 "POST /v2.0/security-group-rules HTTP/1.1" status: 201 len: 795 time: 0.1982138
2026-05-11 11:58:04.221 9 WARNING neutron_lib.context [None req-b545be6d-f6ea-4088-b742-ef1fcf1f581b 7504065f398e486b99c5cc8b54d31928 d80072852ff941449822ce9932cabac4 - - default default] Method 'is_advsvc' is deprecated since 2023.2 release (neutron-lib 3.8.0) and will be removed once support for the old RBAC API policies will be removed from Neutron. Please use method 'is_service_role' instead.
2026-05-11 11:58:04.239 9 INFO neutron.db.segments_db [None req-903bc2e4-8f76-493e-a5df-7c594e8656f6 8036420f20074077bafd451f6dae0bd9 8c101b5ff4ba491095387cf121e8f25b - - default default] Added segment 387ff924-3215-4b3f-a89a-6f16e3a50817 of type geneve for network 8ccd8154-ae76-4a72-b7e0-9ed741249e37
2026-05-11 11:58:04.310 10 ERROR ovsdbapp.backend.ovs_idl.command [None req-ad440744-84d9-4bea-bfb0-50e3e2ffa0cd 3d3e5c3211c64d34a9f53dbc4ffcd04f 0461af1fd6b94c40aacf394383fdfa0d - - default default] Error executing command (DbGetCommand): ovsdbapp.backend.ovs_idl.idlutils.RowNotFound: Cannot find Logical_Router_Port with name=lrp-7cadb47a-b660-47aa-b87a-7616e9752645
2026-05-11 11:58:04.310 10 ERROR ovsdbapp.backend.ovs_idl.command
Traceback (most recent call last):
2026-05-11 11:58:04.310 10 ERROR ovsdbapp.backend.ovs_idl.command
File "/var/lib/openstack/lib/python3.10/site-packages/ovsdbapp/backend/ovs_idl/command.py", line 47, in execute
2026-05-11 11:58:04.310 10 ERROR ovsdbapp.backend.ovs_idl.command self.run_idl(None)
2026-05-11 11:58:04.310 10 ERROR ovsdbapp.backend.ovs_idl.command
File "/var/lib/openstack/lib/python3.10/site-packages/ovsdbapp/backend/ovs_idl/command.py", line 235, in run_idl
2026-05-11 11:58:04.310 10 ERROR ovsdbapp.backend.ovs_idl.command record = self.api.lookup(self.table, self.record)
2026-05-11 11:58:04.310 10 ERROR ovsdbapp.backend.ovs_idl.command
File "/var/lib/openstack/lib/python3.10/site-packages/ovsdbapp/backend/ovs_idl/__init__.py", line 184, in lookup
2026-05-11 11:58:04.310 10 ERROR ovsdbapp.backend.ovs_idl.command return self._lookup(table, record)
2026-05-11 11:58:04.310 10 ERROR ovsdbapp.backend.ovs_idl.command
File "/var/lib/openstack/lib/python3.10/site-packages/ovsdbapp/backend/ovs_idl/__init__.py", line 235, in _lookup
2026-05-11 11:58:04.310 10 ERROR ovsdbapp.backend.ovs_idl.command row = idlutils.row_by_value(self, rl.table, rl.column, record)
2026-05-11 11:58:04.310 10 ERROR ovsdbapp.backend.ovs_idl.command
File "/var/lib/openstack/lib/python3.10/site-packages/ovsdbapp/backend/ovs_idl/idlutils.py", line 114, in row_by_value
2026-05-11 11:58:04.310 10 ERROR ovsdbapp.backend.ovs_idl.command raise RowNotFound(table=table, col=column, match=match)
2026-05-11 11:58:04.310 10 ERROR ovsdbapp.backend.ovs_idl.command ovsdbapp.backend.ovs_idl.idlutils.RowNotFound: Cannot find Logical_Router_Port with name=lrp-7cadb47a-b660-47aa-b87a-7616e9752645
2026-05-11 11:58:04.310 10 ERROR ovsdbapp.backend.ovs_idl.command 
2026-05-11 11:58:04.311 10 ERROR neutron_lib.callbacks.manager [None req-ad440744-84d9-4bea-bfb0-50e3e2ffa0cd 3d3e5c3211c64d34a9f53dbc4ffcd04f 0461af1fd6b94c40aacf394383fdfa0d - - default default] Error during notification for neutron.services.ovn_l3.plugin.OVNL3RouterPlugin._port_update-8743407941359 port, after_update: ovsdbapp.backend.ovs_idl.idlutils.RowNotFound: Cannot find Logical_Router_Port with name=lrp-7cadb47a-b660-47aa-b87a-7616e9752645
2026-05-11 11:58:04.311 10 ERROR neutron_lib.callbacks.manager
Traceback (most recent call last):
2026-05-11 11:58:04.311 10 ERROR neutron_lib.callbacks.manager
File "/var/lib/openstack/lib/python3.10/site-packages/neutron_lib/callbacks/manager.py", line 189, in _notify_loop
2026-05-11 11:58:04.311 10 ERROR neutron_lib.callbacks.manager callback.method(resource, event, trigger, payload=payload)
2026-05-11 11:58:04.311 10 ERROR neutron_lib.callbacks.manager
File "/var/lib/openstack/lib/python3.10/site-packages/neutron/services/ovn_l3/plugin.py", line 391, in _port_update
2026-05-11 11:58:04.311 10 ERROR neutron_lib.callbacks.manager l3plugin._ovn_client.update_router_port(context,
2026-05-11 11:58:04.311 10 ERROR neutron_lib.callbacks.manager
File "/var/lib/openstack/lib/python3.10/site-packages/neutron/plugins/ml2/drivers/ovn/mech_driver/ovsdb/ovn_client.py", line 1878, in update_router_port
2026-05-11 11:58:04.311 10 ERROR neutron_lib.callbacks.manager self._update_lrouter_port(context, port, if_exists=if_exists,
2026-05-11 11:58:04.311 10 ERROR neutron_lib.callbacks.manager
File "/var/lib/openstack/lib/python3.10/site-packages/neutron/plugins/ml2/drivers/ovn/mech_driver/ovsdb/ovn_client.py", line 1855, in _update_lrouter_port
2026-05-11 11:58:04.311 10 ERROR neutron_lib.callbacks.manager external_ids = self._nb_idl.db_get(
2026-05-11 11:58:04.311 10 ERROR neutron_lib.callbacks.manager
File "/var/lib/openstack/lib/python3.10/site-packages/ovsdbapp/backend/ovs_idl/command.py", line 47, in execute
2026-05-11 11:58:04.311 10 ERROR neutron_lib.callbacks.manager self.run_idl(None)
2026-05-11 11:58:04.311 10 ERROR neutron_lib.callbacks.manager
File "/var/lib/openstack/lib/python3.10/site-packages/ovsdbapp/backend/ovs_idl/command.py", line 235, in run_idl
2026-05-11 11:58:04.311 10 ERROR neutron_lib.callbacks.manager record = self.api.lookup(self.table, self.record)
2026-05-11 11:58:04.311 10 ERROR neutron_lib.callbacks.manager
File "/var/lib/openstack/lib/python3.10/site-packages/ovsdbapp/backend/ovs_idl/__init__.py", line 184, in lookup
2026-05-11 11:58:04.311 10 ERROR neutron_lib.callbacks.manager return self._lookup(table, record)
2026-05-11 11:58:04.311 10 ERROR neutron_lib.callbacks.manager
File "/var/lib/openstack/lib/python3.10/site-packages/ovsdbapp/backend/ovs_idl/__init__.py", line 235, in _lookup
2026-05-11 11:58:04.311 10 ERROR neutron_lib.callbacks.manager row = idlutils.row_by_value(self, rl.table, rl.column, record)
2026-05-11 11:58:04.311 10 ERROR neutron_lib.callbacks.manager
File "/var/lib/openstack/lib/python3.10/site-packages/ovsdbapp/backend/ovs_idl/idlutils.py", line 114, in row_by_value
2026-05-11 11:58:04.311 10 ERROR neutron_lib.callbacks.manager raise RowNotFound(table=table, col=column, match=match)
2026-05-11 11:58:04.311 10 ERROR neutron_lib.callbacks.manager ovsdbapp.backend.ovs_idl.idlutils.RowNotFound: Cannot find Logical_Router_Port with name=lrp-7cadb47a-b660-47aa-b87a-7616e9752645
2026-05-11 11:58:04.311 10 ERROR neutron_lib.callbacks.manager 
2026-05-11 11:58:04.412 9 INFO neutron.db.ovn_revision_numbers_db [None req-903bc2e4-8f76-493e-a5df-7c594e8656f6 8036420f20074077bafd451f6dae0bd9 8c101b5ff4ba491095387cf121e8f25b - - default default] Successfully bumped revision number for resource 8ccd8154-ae76-4a72-b7e0-9ed741249e37 (type: networks) to 1
2026-05-11 11:58:04.442 9 INFO neutron.db.ovn_revision_numbers_db [None req-b545be6d-f6ea-4088-b742-ef1fcf1f581b 7504065f398e486b99c5cc8b54d31928 d80072852ff941449822ce9932cabac4 - - default default] Successfully bumped revision number for resource 1f5577cf-647a-4c7e-b4d7-3533864865fb (type: security_group_rules) to 0
2026-05-11 11:58:04.475 9 INFO neutron.wsgi [None req-b545be6d-f6ea-4088-b742-ef1fcf1f581b 7504065f398e486b99c5cc8b54d31928 d80072852ff941449822ce9932cabac4 - - default default] 10.0.0.218 "POST /v2.0/security-group-rules HTTP/1.1" status: 201 len: 801 time: 0.2596667
2026-05-11 11:58:04.487 9 WARNING neutron_lib.context [None req-cef32163-862f-45af-9a27-002f3c70cdbc 7504065f398e486b99c5cc8b54d31928 d80072852ff941449822ce9932cabac4 - - default default] Method 'is_advsvc' is deprecated since 2023.2 release (neutron-lib 3.8.0) and will be removed once support for the old RBAC API policies will be removed from Neutron. Please use method 'is_service_role' instead.
2026-05-11 11:58:04.618 9 WARNING neutron.scheduler.dhcp_agent_scheduler [None req-903bc2e4-8f76-493e-a5df-7c594e8656f6 8036420f20074077bafd451f6dae0bd9 8c101b5ff4ba491095387cf121e8f25b - - default default] No more DHCP agents
2026-05-11 11:58:04.622 9 WARNING neutron.api.rpc.agentnotifiers.dhcp_rpc_agent_api [None req-903bc2e4-8f76-493e-a5df-7c594e8656f6 8036420f20074077bafd451f6dae0bd9 8c101b5ff4ba491095387cf121e8f25b - - default default] Unable to schedule network 8ccd8154-ae76-4a72-b7e0-9ed741249e37: no agents available; will retry on subsequent port and subnet creation events.
2026-05-11 11:58:04.680 9 WARNING neutron_lib.context [None req-29a98752-5c41-493f-bfae-706a80d6f04d 5358f3463a9a407e885e0f20b241535f bfea3d21b75b4bfdae7463869728d2cd - - default default] Method 'is_advsvc' is deprecated since 2023.2 release (neutron-lib 3.8.0) and will be removed once support for the old RBAC API policies will be removed from Neutron. Please use method 'is_service_role' instead.
2026-05-11 11:58:04.699 9 INFO neutron.db.ovn_revision_numbers_db [None req-cef32163-862f-45af-9a27-002f3c70cdbc 7504065f398e486b99c5cc8b54d31928 d80072852ff941449822ce9932cabac4 - - default default] Successfully bumped revision number for resource 21d4d1ba-e712-40f3-aaf0-f93ff1127875 (type: security_group_rules) to 0
2026-05-11 11:58:04.745 9 INFO neutron.wsgi [None req-cef32163-862f-45af-9a27-002f3c70cdbc 7504065f398e486b99c5cc8b54d31928 d80072852ff941449822ce9932cabac4 - - default default] 10.0.0.218 "POST /v2.0/security-group-rules HTTP/1.1" status: 201 len: 800 time: 0.2639606
2026-05-11 11:58:04.747 9 INFO neutron.db.ovn_revision_numbers_db [None req-903bc2e4-8f76-493e-a5df-7c594e8656f6 8036420f20074077bafd451f6dae0bd9 8c101b5ff4ba491095387cf121e8f25b - - default default] Successfully bumped revision number for resource 3e4551f9-ebb7-414f-a349-2f07462a2bd9 (type: ports) to 1
2026-05-11 11:58:04.756 10 WARNING neutron_lib.context [None req-a23dd03c-78a9-406f-9e91-8e14e684c86b 7504065f398e486b99c5cc8b54d31928 d80072852ff941449822ce9932cabac4 - - default default] Method 'is_advsvc' is deprecated since 2023.2 release (neutron-lib 3.8.0) and will be removed once support for the old RBAC API policies will be removed from Neutron. Please use method 'is_service_role' instead.
2026-05-11 11:58:04.763 10 INFO neutron.db.ovn_revision_numbers_db [None req-ad440744-84d9-4bea-bfb0-50e3e2ffa0cd 3d3e5c3211c64d34a9f53dbc4ffcd04f 0461af1fd6b94c40aacf394383fdfa0d - - default default] Successfully bumped revision number for resource 7cadb47a-b660-47aa-b87a-7616e9752645 (type: ports) to 1
2026-05-11 11:58:04.766 9 INFO neutron.wsgi [None req-903bc2e4-8f76-493e-a5df-7c594e8656f6 8036420f20074077bafd451f6dae0bd9 8c101b5ff4ba491095387cf121e8f25b - - default default] 10.0.0.218 "POST /v2.0/networks HTTP/1.1" status: 201 len: 831 time: 0.6354532
2026-05-11 11:58:04.814 10 INFO neutron.db.securitygroups_db [None req-a23dd03c-78a9-406f-9e91-8e14e684c86b 7504065f398e486b99c5cc8b54d31928 d80072852ff941449822ce9932cabac4 - - default default] Project d80072852ff941449822ce9932cabac4 added a security group rule with legacy IPv6 ICMP protocol name icmp, ipv6-icmp should be used instead. It was automatically converted.
2026-05-11 11:58:04.827 9 INFO neutron.wsgi [None req-de43af72-c0f7-41e5-89a4-b34eb22b8c38 8036420f20074077bafd451f6dae0bd9 8c101b5ff4ba491095387cf121e8f25b - - default default] 10.0.0.218 "PUT /v2.0/networks/456ac89e-a9bf-4824-b998-27acfb17e755/tags HTTP/1.1" status: 200 len: 210 time: 0.0573673
2026-05-11 11:58:04.843 10 WARNING neutron.scheduler.dhcp_agent_scheduler [None req-ad440744-84d9-4bea-bfb0-50e3e2ffa0cd 3d3e5c3211c64d34a9f53dbc4ffcd04f 0461af1fd6b94c40aacf394383fdfa0d - - default default] No more DHCP agents
2026-05-11 11:58:04.847 10 WARNING neutron.api.rpc.agentnotifiers.dhcp_rpc_agent_api [None req-ad440744-84d9-4bea-bfb0-50e3e2ffa0cd 3d3e5c3211c64d34a9f53dbc4ffcd04f 0461af1fd6b94c40aacf394383fdfa0d - - default default] Unable to schedule network d341e397-5381-4c15-bf1d-eee4d51d00ae: no agents available; will retry on subsequent port and subnet creation events.
2026-05-11 11:58:04.868 10 INFO neutron.wsgi [-] 10.0.0.242 "GET / HTTP/1.1" status: 200 len: 247 time: 0.0013297
2026-05-11 11:58:04.870 10 INFO neutron.wsgi [-] 10.0.0.242 "GET / HTTP/1.1" status: 200 len: 247 time: 0.0009580
2026-05-11 11:58:04.877 9 INFO neutron.db.ovn_revision_numbers_db [None req-29a98752-5c41-493f-bfae-706a80d6f04d 5358f3463a9a407e885e0f20b241535f bfea3d21b75b4bfdae7463869728d2cd - - default default] Successfully bumped revision number for resource d1635e6f-3f14-4786-9bf6-8c3d201c6b63 (type: security_groups) to 1
2026-05-11 11:58:04.887 9 INFO neutron.wsgi [None req-85ce3f7e-f3a0-4c82-af5c-906bb951c54d 8036420f20074077bafd451f6dae0bd9 8c101b5ff4ba491095387cf121e8f25b - - default default] 10.0.0.218 "PUT /v2.0/networks/e6f7a305-874d-4e97-b394-777e12576146/tags HTTP/1.1" status: 200 len: 218 time: 0.0548527
2026-05-11 11:58:04.892 9 INFO neutron.db.ovn_revision_numbers_db [None req-29a98752-5c41-493f-bfae-706a80d6f04d 5358f3463a9a407e885e0f20b241535f bfea3d21b75b4bfdae7463869728d2cd - - default default] Successfully bumped revision number for resource 4e5ea65c-7ab3-43d6-ae95-c61373f5a4ae (type: security_group_rules) to 0
2026-05-11 11:58:04.913 9 INFO neutron.db.ovn_revision_numbers_db [None req-29a98752-5c41-493f-bfae-706a80d6f04d 5358f3463a9a407e885e0f20b241535f bfea3d21b75b4bfdae7463869728d2cd - - default default] Successfully bumped revision number for resource 9903c0dc-bd58-40f1-ac51-e8c18e88d165 (type: security_group_rules) to 0
2026-05-11 11:58:04.947 9 INFO neutron.db.ovn_revision_numbers_db [None req-29a98752-5c41-493f-bfae-706a80d6f04d 5358f3463a9a407e885e0f20b241535f bfea3d21b75b4bfdae7463869728d2cd - - default default] Successfully bumped revision number for resource ae5219b0-0677-4520-b04c-a6883bbc5b8b (type: security_group_rules) to 0
2026-05-11 11:58:04.955 9 INFO neutron.wsgi [None req-16aa2c57-3202-4a14-a90d-d3d734a3a748 8036420f20074077bafd451f6dae0bd9 8c101b5ff4ba491095387cf121e8f25b - - default default] 10.0.0.218 "PUT /v2.0/networks/f0369f0f-bf63-4ab7-9e1d-fc67a238bfed/tags HTTP/1.1" status: 200 len: 227 time: 0.0599964
2026-05-11 11:58:04.957 10 INFO neutron.db.ovn_revision_numbers_db [None req-a23dd03c-78a9-406f-9e91-8e14e684c86b 7504065f398e486b99c5cc8b54d31928 d80072852ff941449822ce9932cabac4 - - default default] Successfully bumped revision number for resource 181c8d92-eea5-4d97-bb1f-c2bb4a1dc126 (type: security_group_rules) to 0
2026-05-11 11:58:04.963 9 INFO neutron.db.ovn_revision_numbers_db [None req-29a98752-5c41-493f-bfae-706a80d6f04d 5358f3463a9a407e885e0f20b241535f bfea3d21b75b4bfdae7463869728d2cd - - default default] Successfully bumped revision number for resource db14cb69-f98f-47e5-984e-b8db5a76fb95 (type: security_group_rules) to 0
2026-05-11 11:58:04.993 10 INFO neutron.wsgi [None req-a23dd03c-78a9-406f-9e91-8e14e684c86b 7504065f398e486b99c5cc8b54d31928 d80072852ff941449822ce9932cabac4 - - default default] 10.0.0.218 "POST /v2.0/security-group-rules HTTP/1.1" status: 201 len: 806 time: 0.2427280
2026-05-11 11:58:05.008 10 WARNING neutron_lib.context [None req-7af06a8d-8b6f-4c66-a307-f111df95b5ac 7504065f398e486b99c5cc8b54d31928 d80072852ff941449822ce9932cabac4 - - default default] Method 'is_advsvc' is deprecated since 2023.2 release (neutron-lib 3.8.0) and will be removed once support for the old RBAC API policies will be removed from Neutron. Please use method 'is_service_role' instead.
2026-05-11 11:58:05.031 9 INFO neutron.db.segments_db [None req-29a98752-5c41-493f-bfae-706a80d6f04d 5358f3463a9a407e885e0f20b241535f bfea3d21b75b4bfdae7463869728d2cd - - default default] Added segment 6c78747d-6a00-4773-afd6-cf0f148c4f89 of type geneve for network b66d462c-2bd0-4348-ba02-a7fe35bc0b26
2026-05-11 11:58:05.038 10 INFO neutron.db.ovn_revision_numbers_db [None req-ad440744-84d9-4bea-bfb0-50e3e2ffa0cd 3d3e5c3211c64d34a9f53dbc4ffcd04f 0461af1fd6b94c40aacf394383fdfa0d - - default default] Successfully bumped revision number for resource 7cadb47a-b660-47aa-b87a-7616e9752645 (type: router_ports) to 1
2026-05-11 11:58:05.042 10 INFO neutron.wsgi [None req-ad440744-84d9-4bea-bfb0-50e3e2ffa0cd 3d3e5c3211c64d34a9f53dbc4ffcd04f 0461af1fd6b94c40aacf394383fdfa0d - - default default] 10.0.0.218 "PUT /v2.0/routers/7865614a-78a8-432e-aad2-20a8bb973dc3/add_router_interface HTTP/1.1" status: 200 len: 503 time: 1.8934743
2026-05-11 11:58:05.048 10 INFO neutron.db.securitygroups_db [None req-7af06a8d-8b6f-4c66-a307-f111df95b5ac 7504065f398e486b99c5cc8b54d31928 d80072852ff941449822ce9932cabac4 - - default default] Project d80072852ff941449822ce9932cabac4 added a security group rule with legacy IPv6 ICMP protocol name icmp, ipv6-icmp should be used instead. It was automatically converted.
2026-05-11 11:58:05.054 9 INFO neutron.wsgi [None req-2c266444-ac8f-4f09-acad-8766074865ef 8036420f20074077bafd451f6dae0bd9 8c101b5ff4ba491095387cf121e8f25b - - default default] 10.0.0.218 "PUT /v2.0/networks/5023cdc2-1a1f-4bd3-89cf-01d7ff167936/tags HTTP/1.1" status: 200 len: 212 time: 0.0958271
2026-05-11 11:58:05.164 10 INFO neutron.wsgi [None req-b8248795-ada9-471c-b60d-9b8d9d6863a9 8036420f20074077bafd451f6dae0bd9 8c101b5ff4ba491095387cf121e8f25b - - default default] 10.0.0.218 "GET /v2.0/networks?tags=red HTTP/1.1" status: 200 len: 2068 time: 0.1040473
2026-05-11 11:58:05.182 9 INFO neutron.db.ovn_revision_numbers_db [None req-29a98752-5c41-493f-bfae-706a80d6f04d 5358f3463a9a407e885e0f20b241535f bfea3d21b75b4bfdae7463869728d2cd - - default default] Successfully bumped revision number for resource b66d462c-2bd0-4348-ba02-a7fe35bc0b26 (type: networks) to 1
2026-05-11 11:58:05.250 10 INFO neutron.wsgi [None req-c77f3904-d6dd-4cf1-9405-9bc0c3653c3c 3d3e5c3211c64d34a9f53dbc4ffcd04f 0461af1fd6b94c40aacf394383fdfa0d - - default default] 10.0.0.218 "GET /v2.0/ports/7cadb47a-b660-47aa-b87a-7616e9752645 HTTP/1.1" status: 200 len: 1135 time: 0.1996677
2026-05-11 11:58:05.257 10 INFO neutron.wsgi [None req-f395756d-5418-452e-a578-433ba44285b4 8036420f20074077bafd451f6dae0bd9 8c101b5ff4ba491095387cf121e8f25b - - default default] 10.0.0.218 "GET /v2.0/networks?tags=red%2Cblue HTTP/1.1" status: 200 len: 1455 time: 0.0861666
2026-05-11 11:58:05.329 10 INFO neutron.wsgi [None req-6f5865ae-535b-4137-9c7c-ac22f817989f 8036420f20074077bafd451f6dae0bd9 8c101b5ff4ba491095387cf121e8f25b - - default default] 10.0.0.218 "GET /v2.0/networks?tags-any=blue HTTP/1.1" status: 200 len: 1455 time: 0.0674384
2026-05-11 11:58:05.330 10 INFO neutron.db.ovn_revision_numbers_db [None req-7af06a8d-8b6f-4c66-a307-f111df95b5ac 7504065f398e486b99c5cc8b54d31928 d80072852ff941449822ce9932cabac4 - - default default] Successfully bumped revision number for resource b4155f83-7f74-4f74-97b1-55cea5e80a27 (type: security_group_rules) to 0
2026-05-11 11:58:05.393 10 INFO neutron.wsgi [None req-7af06a8d-8b6f-4c66-a307-f111df95b5ac 7504065f398e486b99c5cc8b54d31928 d80072852ff941449822ce9932cabac4 - - default default] 10.0.0.218 "POST /v2.0/security-group-rules HTTP/1.1" status: 201 len: 805 time: 0.3895843
2026-05-11 11:58:05.405 10 INFO neutron.wsgi [None req-f4623824-eac2-4f6f-ae13-a7ac60b37dfb 8036420f20074077bafd451f6dae0bd9 8c101b5ff4ba491095387cf121e8f25b - - default default] 10.0.0.218 "GET /v2.0/networks?tags-any=red%2Cblue HTTP/1.1" status: 200 len: 2068 time: 0.0702050
2026-05-11 11:58:05.458 9 WARNING neutron.scheduler.dhcp_agent_scheduler [None req-29a98752-5c41-493f-bfae-706a80d6f04d 5358f3463a9a407e885e0f20b241535f bfea3d21b75b4bfdae7463869728d2cd - - default default] No more DHCP agents
2026-05-11 11:58:05.462 9 WARNING neutron.api.rpc.agentnotifiers.dhcp_rpc_agent_api [None req-29a98752-5c41-493f-bfae-706a80d6f04d 5358f3463a9a407e885e0f20b241535f bfea3d21b75b4bfdae7463869728d2cd - - default default] Unable to schedule network b66d462c-2bd0-4348-ba02-a7fe35bc0b26: no agents available; will retry on subsequent port and subnet creation events.
2026-05-11 11:58:05.516 10 INFO neutron.wsgi [None req-9ac47cd5-3dcb-4467-800c-94cd518f28f4 8036420f20074077bafd451f6dae0bd9 8c101b5ff4ba491095387cf121e8f25b - - default default] 10.0.0.218 "GET /v2.0/networks?not-tags=red HTTP/1.1" status: 200 len: 2068 time: 0.1075604
2026-05-11 11:58:05.580 9 INFO neutron.db.ovn_revision_numbers_db [None req-29a98752-5c41-493f-bfae-706a80d6f04d 5358f3463a9a407e885e0f20b241535f bfea3d21b75b4bfdae7463869728d2cd - - default default] Successfully bumped revision number for resource 921ad1db-b6c5-4bb5-9828-1fc3af72477b (type: ports) to 1
2026-05-11 11:58:05.625 10 INFO neutron.wsgi [None req-80f70284-2886-4627-902e-b700a7b5befa 8036420f20074077bafd451f6dae0bd9 8c101b5ff4ba491095387cf121e8f25b - - default default] 10.0.0.218 "GET /v2.0/networks?not-tags=red%2Cblue HTTP/1.1" status: 200 len: 2681 time: 0.1053858
2026-05-11 11:58:05.737 10 INFO neutron.wsgi [None req-6dd5a6c9-a3c7-45fc-b04f-80efcda23f23 8036420f20074077bafd451f6dae0bd9 8c101b5ff4ba491095387cf121e8f25b - - default default] 10.0.0.218 "GET /v2.0/networks?not-tags-any=blue HTTP/1.1" status: 200 len: 2681 time: 0.1067648
2026-05-11 11:58:05.822 10 INFO neutron.wsgi [None req-ed117b28-004b-40c4-ad45-a24ac7a86c1d 8036420f20074077bafd451f6dae0bd9 8c101b5ff4ba491095387cf121e8f25b - - default default] 10.0.0.218 "GET /v2.0/networks?not-tags-any=red%2Cblue HTTP/1.1" status: 200 len: 2068 time: 0.0790758
2026-05-11 11:58:05.824 9 WARNING neutron_lib.context [None req-9895a68f-71cd-4378-8b8c-928ddd2f6060 7504065f398e486b99c5cc8b54d31928 d80072852ff941449822ce9932cabac4 - - default default] Method 'is_advsvc' is deprecated since 2023.2 release (neutron-lib 3.8.0) and will be removed once support for the old RBAC API policies will be removed from Neutron. Please use method 'is_service_role' instead.
2026-05-11 11:58:05.830 9 INFO neutron.wsgi [None req-29a98752-5c41-493f-bfae-706a80d6f04d 5358f3463a9a407e885e0f20b241535f bfea3d21b75b4bfdae7463869728d2cd - - default default] 10.0.0.218 "POST /v2.0/networks HTTP/1.1" status: 201 len: 837 time: 1.3086803
2026-05-11 11:58:05.843 10 WARNING neutron_lib.context [None req-19525348-47fa-43d7-a9a6-f23f6b2842c5 5358f3463a9a407e885e0f20b241535f bfea3d21b75b4bfdae7463869728d2cd - - default default] Method 'is_advsvc' is deprecated since 2023.2 release (neutron-lib 3.8.0) and will be removed once support for the old RBAC API policies will be removed from Neutron. Please use method 'is_service_role' instead.
2026-05-11 11:58:05.995 9 INFO neutron.db.ovn_revision_numbers_db [None req-9895a68f-71cd-4378-8b8c-928ddd2f6060 7504065f398e486b99c5cc8b54d31928 d80072852ff941449822ce9932cabac4 - - default default] Successfully bumped revision number for resource bff76ea0-9ecf-41bb-8102-ff47f79db03c (type: security_groups) to 1
2026-05-11 11:58:06.024 9 INFO neutron.db.ovn_revision_numbers_db [None req-9895a68f-71cd-4378-8b8c-928ddd2f6060 7504065f398e486b99c5cc8b54d31928 d80072852ff941449822ce9932cabac4 - - default default] Successfully bumped revision number for resource 181b5375-eb0f-47f6-a927-d5befc5672b3 (type: security_group_rules) to 0
2026-05-11 11:58:06.041 9 INFO neutron.db.ovn_revision_numbers_db [None req-9895a68f-71cd-4378-8b8c-928ddd2f6060 7504065f398e486b99c5cc8b54d31928 d80072852ff941449822ce9932cabac4 - - default default] Successfully bumped revision number for resource a7f36230-31c2-4273-9bd3-a0d2934c80e1 (type: security_group_rules) to 0
2026-05-11 11:58:06.068 9 WARNING neutron.scheduler.dhcp_agent_scheduler [None req-f79318fc-7d02-4018-b3c9-1d62f5a89d07 3d3e5c3211c64d34a9f53dbc4ffcd04f 0461af1fd6b94c40aacf394383fdfa0d - - default default] No more DHCP agents
2026-05-11 11:58:06.073 9 INFO neutron.wsgi [None req-9895a68f-71cd-4378-8b8c-928ddd2f6060 7504065f398e486b99c5cc8b54d31928 d80072852ff941449822ce9932cabac4 - - default default] 10.0.0.218 "POST /v2.0/security-groups HTTP/1.1" status: 201 len: 1860 time: 0.2539542
2026-05-11 11:58:06.074 9 WARNING neutron.api.rpc.agentnotifiers.dhcp_rpc_agent_api [None req-f79318fc-7d02-4018-b3c9-1d62f5a89d07 3d3e5c3211c64d34a9f53dbc4ffcd04f 0461af1fd6b94c40aacf394383fdfa0d - - default default] Unable to schedule network a3ec4f15-114d-43c1-bf5b-75d636963090: no agents available; will retry on subsequent port and subnet creation events.
2026-05-11 11:58:06.088 10 WARNING neutron_lib.context [None req-0828ec52-a618-4e92-85b8-391920341aee 7504065f398e486b99c5cc8b54d31928 d80072852ff941449822ce9932cabac4 - - default default] Method 'is_advsvc' is deprecated since 2023.2 release (neutron-lib 3.8.0) and will be removed once support for the old RBAC API policies will be removed from Neutron. Please use method 'is_service_role' instead.
2026-05-11 11:58:06.153 10 WARNING neutron.scheduler.dhcp_agent_scheduler [None req-19525348-47fa-43d7-a9a6-f23f6b2842c5 5358f3463a9a407e885e0f20b241535f bfea3d21b75b4bfdae7463869728d2cd - - default default] No more DHCP agents
