2026-05-11 11:57:06.318 9 INFO neutron.wsgi [None req-ac177ba4-d57b-44e1-99bc-ac42be0639bb aaa94629051f44189429cb47e3a875dd 2cac17a9212e44b0b155eb10eab68ad8 - - default default] 10.0.0.218 "GET /v2.0/qos/policies?tags-any=red%2Cblue HTTP/1.1" status: 200 len: 1296 time: 0.0676088
2026-05-11 11:57:06.402 10 INFO neutron.wsgi [None req-b35fca6d-c577-491a-add5-f90ecc43ef1d aaa94629051f44189429cb47e3a875dd 2cac17a9212e44b0b155eb10eab68ad8 - - default default] 10.0.0.218 "GET /v2.0/qos/policies?not-tags=red HTTP/1.1" status: 200 len: 913 time: 0.0782874
2026-05-11 11:57:06.495 10 INFO neutron.services.segments.plugin [-] Segment 065728e8-3eb4-479e-8af4-d637da1477b5 resource provider aggregate not found
2026-05-11 11:57:06.500 10 INFO neutron.services.segments.plugin [-] Segment 065728e8-3eb4-479e-8af4-d637da1477b5 resource provider aggregate not found
2026-05-11 11:57:06.512 10 INFO neutron.services.segments.plugin [-] Segment 065728e8-3eb4-479e-8af4-d637da1477b5 resource provider not found; error: Placement Client Error (4xx): {"errors": [{"status": 404, "title": "Not Found", "detail": "The resource could not be found.\n\n No resource provider with uuid 065728e8-3eb4-479e-8af4-d637da1477b5 found for delete ", "request_id": "req-807a8972-bdbc-4a85-82b5-e01eecc1254a"}]}
2026-05-11 11:57:06.516 10 INFO neutron.services.segments.plugin [-] Segment 065728e8-3eb4-479e-8af4-d637da1477b5 resource provider not found; error: Placement Client Error (4xx): {"errors": [{"status": 404, "title": "Not Found", "detail": "The resource could not be found.\n\n No resource provider with uuid 065728e8-3eb4-479e-8af4-d637da1477b5 found for delete ", "request_id": "req-cac79d2b-1d52-4f50-90b5-127a75d8c090"}]}
2026-05-11 11:57:06.540 10 INFO neutron.wsgi [None req-5bccffae-f62d-4e46-80eb-51111271a528 aaa94629051f44189429cb47e3a875dd 2cac17a9212e44b0b155eb10eab68ad8 - - default default] 10.0.0.218 "GET /v2.0/qos/policies?not-tags=red%2Cblue HTTP/1.1" status: 200 len: 1268 time: 0.1328425
2026-05-11 11:57:06.636 10 INFO neutron.wsgi [None req-054c70dd-18d9-4555-9c87-7845d0ea33df aaa94629051f44189429cb47e3a875dd 2cac17a9212e44b0b155eb10eab68ad8 - - default default] 10.0.0.218 "GET /v2.0/qos/policies?not-tags-any=blue HTTP/1.1" status: 200 len: 1268 time: 0.0924170
2026-05-11 11:57:06.700 10 INFO neutron.wsgi [None req-b3e5be23-cad4-45a9-a0e3-ac26147c2b6a aaa94629051f44189429cb47e3a875dd 2cac17a9212e44b0b155eb10eab68ad8 - - default default] 10.0.0.218 "GET /v2.0/qos/policies?not-tags-any=red%2Cblue HTTP/1.1" status: 200 len: 913 time: 0.0576313
2026-05-11 11:57:06.759 9 INFO neutron.wsgi [None req-1e03e66c-914a-40c1-8a4e-6712023e0f5b 36a0af309bd249979b7524a765cfce63 b3584de70d954620881dc7098ec24bdd - - default default] 10.0.0.218 "DELETE /v2.0/qos/policies/7f345c83-3e79-475b-8be7-10342e910f8f HTTP/1.1" status: 204 len: 168 time: 0.0537620
2026-05-11 11:57:06.766 10 WARNING neutron.scheduler.dhcp_agent_scheduler [None req-dffd9889-47d8-408c-bead-ad22ccab2b4d f2f8d377885f4565ba1b5a188d5e68df 4c6495a871e3481c89257f5ebff1a240 - - default default] No more DHCP agents
2026-05-11 11:57:06.769 10 WARNING neutron.api.rpc.agentnotifiers.dhcp_rpc_agent_api [None req-dffd9889-47d8-408c-bead-ad22ccab2b4d f2f8d377885f4565ba1b5a188d5e68df 4c6495a871e3481c89257f5ebff1a240 - - default default] Unable to schedule network 04fd67e1-f18e-43b8-a549-62fa091dd75e: no agents available; will retry on subsequent port and subnet creation events.
2026-05-11 11:57:06.822 9 INFO neutron.wsgi [None req-59c408d1-f43a-40b1-ba7a-ebee12e0bcb5 36a0af309bd249979b7524a765cfce63 b3584de70d954620881dc7098ec24bdd - - default default] 10.0.0.218 "DELETE /v2.0/qos/policies/845f3404-86e0-4730-8d0d-e187eb1cb2b5 HTTP/1.1" status: 204 len: 168 time: 0.0591006
2026-05-11 11:57:06.866 10 INFO neutron.db.ovn_revision_numbers_db [None req-dffd9889-47d8-408c-bead-ad22ccab2b4d f2f8d377885f4565ba1b5a188d5e68df 4c6495a871e3481c89257f5ebff1a240 - - default default] Successfully bumped revision number for resource 7ec2b9c3-7e12-4ce6-be11-7c9b17564cb6 (type: ports) to 1
2026-05-11 11:57:06.886 9 INFO neutron.wsgi [None req-6779e493-2551-4fd3-ad02-d287d27ccfbe 36a0af309bd249979b7524a765cfce63 b3584de70d954620881dc7098ec24bdd - - default default] 10.0.0.218 "DELETE /v2.0/qos/policies/14644d35-41d7-4690-8412-e142ed4b1ba4 HTTP/1.1" status: 204 len: 168 time: 0.0561640
2026-05-11 11:57:06.898 10 WARNING neutron.scheduler.dhcp_agent_scheduler [None req-dffd9889-47d8-408c-bead-ad22ccab2b4d f2f8d377885f4565ba1b5a188d5e68df 4c6495a871e3481c89257f5ebff1a240 - - default default] No more DHCP agents
2026-05-11 11:57:06.899 10 WARNING neutron.api.rpc.agentnotifiers.dhcp_rpc_agent_api [None req-dffd9889-47d8-408c-bead-ad22ccab2b4d f2f8d377885f4565ba1b5a188d5e68df 4c6495a871e3481c89257f5ebff1a240 - - default default] Unable to schedule network 5d88e2e2-fb7e-4bfd-a84b-53903416ac52: no agents available; will retry on subsequent port and subnet creation events.
2026-05-11 11:57:06.930 9 INFO neutron.wsgi [None req-c2912661-f50e-4698-bc16-636eaabc01db 36a0af309bd249979b7524a765cfce63 b3584de70d954620881dc7098ec24bdd - - default default] 10.0.0.218 "DELETE /v2.0/qos/policies/06c64f66-b258-4057-b3f0-34bf1c7a5bd4 HTTP/1.1" status: 204 len: 168 time: 0.0391529
2026-05-11 11:57:06.983 10 INFO neutron.db.ovn_revision_numbers_db [None req-dffd9889-47d8-408c-bead-ad22ccab2b4d f2f8d377885f4565ba1b5a188d5e68df 4c6495a871e3481c89257f5ebff1a240 - - default default] Successfully bumped revision number for resource 63cedddb-6ae6-40a3-9a8c-5acfcff47655 (type: ports) to 1
2026-05-11 11:57:07.000 9 INFO neutron.wsgi [None req-24d745f1-abb1-4835-b0fe-fa6176db9149 36a0af309bd249979b7524a765cfce63 b3584de70d954620881dc7098ec24bdd - - default default] 10.0.0.218 "DELETE /v2.0/qos/policies/50421ed0-395b-496d-a32e-88d71dd2138a HTTP/1.1" status: 204 len: 168 time: 0.0660861
2026-05-11 11:57:07.011 10 INFO neutron.wsgi [None req-dffd9889-47d8-408c-bead-ad22ccab2b4d f2f8d377885f4565ba1b5a188d5e68df 4c6495a871e3481c89257f5ebff1a240 - - default default] 10.0.0.218 "POST /v2.0/ports HTTP/1.1" status: 201 len: 1706 time: 0.7447493 /var/lib/openstack/lib/python3.10/site-packages/pycadf/identifier.py:71: UserWarning: Invalid uuid: neutron. To ensure interoperability, identifiers should be a valid uuid. warnings.warn(('Invalid uuid: %s. To ensure interoperability, '
2026-05-11 11:57:07.179 10 INFO neutron.wsgi [None req-67165389-446a-49b3-a975-2fa49e5ceb1a f2f8d377885f4565ba1b5a188d5e68df 4c6495a871e3481c89257f5ebff1a240 - - default default] 10.0.0.218 "GET /v2.0/ports HTTP/1.1" status: 200 len: 3213 time: 0.1638882
2026-05-11 11:57:07.230 9 INFO neutron.wsgi [req-2a4d0c70-e5d5-4cb6-9404-49afabb3d0b9 req-203b5b50-8bc1-4ccd-aef3-ce9dc4e3cfe8 6fc3248cc7564687a7594a5d4cd32dea 67d5299d765c4122b546eb7bf13327ca - - 6554e4942acc46fd9188d05bf42ba876 6554e4942acc46fd9188d05bf42ba876] 10.0.0.201 "GET /v2.0/ports?device_id=44135d8d-8da8-47de-ab8e-dc16a40aedd8 HTTP/1.1" status: 200 len: 1409 time: 0.2701890
2026-05-11 11:57:07.296 9 INFO neutron.wsgi [req-2a4d0c70-e5d5-4cb6-9404-49afabb3d0b9 req-164c3e3f-f994-45b9-a46e-b6a85b4f5ce0 6fc3248cc7564687a7594a5d4cd32dea 67d5299d765c4122b546eb7bf13327ca - - 6554e4942acc46fd9188d05bf42ba876 6554e4942acc46fd9188d05bf42ba876] 10.0.0.201 "GET /v2.0/security-groups?id=67cf512d-ae4d-40b5-9d2b-fade8608b7ea&fields=id&fields=name HTTP/1.1" status: 200 len: 312 time: 0.0540261
2026-05-11 11:57:07.690 10 INFO neutron.wsgi [None req-670b89b5-71a4-42b8-a1f1-544b6fb90189 f2f8d377885f4565ba1b5a188d5e68df 4c6495a871e3481c89257f5ebff1a240 - - default default] 10.0.0.218 "DELETE /v2.0/ports/7ec2b9c3-7e12-4ce6-be11-7c9b17564cb6 HTTP/1.1" status: 204 len: 168 time: 0.5053403
2026-05-11 11:57:07.946 10 WARNING neutron_lib.context [None req-001c67da-bd19-4246-93d4-096fdcc845ed 8aba56042aea4c6daeb6ddba5e1b65f1 711c7ce5874f46eb82873f74d2f39741 - - default default] Method 'is_advsvc' is deprecated since 2023.2 release (neutron-lib 3.8.0) and will be removed once support for the old RBAC API policies will be removed from Neutron. Please use method 'is_service_role' instead.
2026-05-11 11:57:07.984 10 INFO neutron.wsgi [None req-06db6150-d275-4218-830f-4ca2d4a479b8 f2f8d377885f4565ba1b5a188d5e68df 4c6495a871e3481c89257f5ebff1a240 - - default default] 10.0.0.218 "DELETE /v2.0/ports/63cedddb-6ae6-40a3-9a8c-5acfcff47655 HTTP/1.1" status: 204 len: 168 time: 0.2897983
2026-05-11 11:57:08.107 10 INFO neutron.db.ovn_revision_numbers_db [None req-001c67da-bd19-4246-93d4-096fdcc845ed 8aba56042aea4c6daeb6ddba5e1b65f1 711c7ce5874f46eb82873f74d2f39741 - - default default] Successfully bumped revision number for resource 4f25c838-afc3-4bc1-8be6-127601a5c318 (type: security_groups) to 1
2026-05-11 11:57:08.125 10 INFO neutron.db.ovn_revision_numbers_db [None req-001c67da-bd19-4246-93d4-096fdcc845ed 8aba56042aea4c6daeb6ddba5e1b65f1 711c7ce5874f46eb82873f74d2f39741 - - default default] Successfully bumped revision number for resource 5a260a93-0c41-435d-86af-1415cca9a9da (type: security_group_rules) to 0
2026-05-11 11:57:08.139 9 INFO neutron.wsgi [None req-6ce6fa9d-b0ce-462c-a54c-74e9bc95c51c f2f8d377885f4565ba1b5a188d5e68df 4c6495a871e3481c89257f5ebff1a240 - - default default] 10.0.0.218 "GET /v2.0/ports HTTP/1.1" status: 200 len: 1718 time: 0.1496994
2026-05-11 11:57:08.145 10 INFO neutron.db.ovn_revision_numbers_db [None req-001c67da-bd19-4246-93d4-096fdcc845ed 8aba56042aea4c6daeb6ddba5e1b65f1 711c7ce5874f46eb82873f74d2f39741 - - default default] Successfully bumped revision number for resource afa0e8b4-d7bf-4a2e-b529-ab1816bdfdce (type: security_group_rules) to 0
2026-05-11 11:57:08.150 10 WARNING neutron_lib.context [None req-5c2c1041-31fa-430a-a649-7051bfb2876c f2f8d377885f4565ba1b5a188d5e68df 4c6495a871e3481c89257f5ebff1a240 - - default default] Method 'is_advsvc' is deprecated since 2023.2 release (neutron-lib 3.8.0) and will be removed once support for the old RBAC API policies will be removed from Neutron. Please use method 'is_service_role' instead.
2026-05-11 11:57:08.155 9 INFO neutron.db.ovn_revision_numbers_db [None req-a5ed9298-699b-4470-bc4a-003a40e31016 f3f5f97eb76249029e44a4126801718c 6e9ff99e9b384559865da5526608b358 - - default default] Successfully bumped revision number for resource 2db9f7b3-747e-4da8-9d6c-2199359dfccd (type: security_groups) to 1
2026-05-11 11:57:08.164 10 INFO neutron.db.ovn_revision_numbers_db [None req-001c67da-bd19-4246-93d4-096fdcc845ed 8aba56042aea4c6daeb6ddba5e1b65f1 711c7ce5874f46eb82873f74d2f39741 - - default default] Successfully bumped revision number for resource d800009f-d085-49c0-8e0a-58869c70d698 (type: security_group_rules) to 0
2026-05-11 11:57:08.168 9 INFO neutron.db.ovn_revision_numbers_db [None req-a5ed9298-699b-4470-bc4a-003a40e31016 f3f5f97eb76249029e44a4126801718c 6e9ff99e9b384559865da5526608b358 - - default default] Successfully bumped revision number for resource 0c5f07e9-a547-4167-b46e-ea554f33a89d (type: security_group_rules) to 0
2026-05-11 11:57:08.180 9 INFO neutron.db.ovn_revision_numbers_db [None req-a5ed9298-699b-4470-bc4a-003a40e31016 f3f5f97eb76249029e44a4126801718c 6e9ff99e9b384559865da5526608b358 - - default default] Successfully bumped revision number for resource 71f4deed-fe1a-4253-a57f-c5fd39af0ed7 (type: security_group_rules) to 0
2026-05-11 11:57:08.184 10 INFO neutron.db.ovn_revision_numbers_db [None req-001c67da-bd19-4246-93d4-096fdcc845ed 8aba56042aea4c6daeb6ddba5e1b65f1 711c7ce5874f46eb82873f74d2f39741 - - default default] Successfully bumped revision number for resource e4d2d5a2-27d5-4602-a976-749b540ada15 (type: security_group_rules) to 0
2026-05-11 11:57:08.197 9 INFO neutron.db.ovn_revision_numbers_db [None req-a5ed9298-699b-4470-bc4a-003a40e31016 f3f5f97eb76249029e44a4126801718c 6e9ff99e9b384559865da5526608b358 - - default default] Successfully bumped revision number for resource b8ebbb44-ee80-429d-b10f-1a86c52394ff (type: security_group_rules) to 0
2026-05-11 11:57:08.211 9 INFO neutron.db.ovn_revision_numbers_db [None req-a5ed9298-699b-4470-bc4a-003a40e31016 f3f5f97eb76249029e44a4126801718c 6e9ff99e9b384559865da5526608b358 - - default default] Successfully bumped revision number for resource f11509f5-1a65-422f-9530-6277629b31c4 (type: security_group_rules) to 0
2026-05-11 11:57:08.231 9 INFO neutron.wsgi [None req-a5ed9298-699b-4470-bc4a-003a40e31016 f3f5f97eb76249029e44a4126801718c 6e9ff99e9b384559865da5526608b358 - - default default] 10.0.0.218 "GET /v2.0/security-groups?tenant_id=2cac17a9212e44b0b155eb10eab68ad8&name=default HTTP/1.1" status: 200 len: 3120 time: 0.3780506
2026-05-11 11:57:08.238 10 INFO neutron.db.segments_db [None req-001c67da-bd19-4246-93d4-096fdcc845ed 8aba56042aea4c6daeb6ddba5e1b65f1 711c7ce5874f46eb82873f74d2f39741 - - default default] Added segment c4930348-806d-4089-b63a-8cbc393d8117 of type geneve for network 9bbbea1b-75c1-4d35-9c9b-b43f2c582e11
2026-05-11 11:57:08.250 10 INFO neutron.db.segments_db [None req-5c2c1041-31fa-430a-a649-7051bfb2876c f2f8d377885f4565ba1b5a188d5e68df 4c6495a871e3481c89257f5ebff1a240 - - default default] Added segment 08f3d0d7-f976-48d6-b6ed-c2028f84d81a of type geneve for network 1d4a46b7-9093-4d22-a9f2-7b4a5fb02f86
2026-05-11 11:57:08.497 10 INFO neutron.db.ovn_revision_numbers_db [None req-001c67da-bd19-4246-93d4-096fdcc845ed 8aba56042aea4c6daeb6ddba5e1b65f1 711c7ce5874f46eb82873f74d2f39741 - - default default] Successfully bumped revision number for resource 9bbbea1b-75c1-4d35-9c9b-b43f2c582e11 (type: networks) to 1
2026-05-11 11:57:08.500 10 INFO neutron.db.ovn_revision_numbers_db [None req-5c2c1041-31fa-430a-a649-7051bfb2876c f2f8d377885f4565ba1b5a188d5e68df 4c6495a871e3481c89257f5ebff1a240 - - default default] Successfully bumped revision number for resource 1d4a46b7-9093-4d22-a9f2-7b4a5fb02f86 (type: networks) to 1
2026-05-11 11:57:08.697 10 INFO neutron.wsgi [None req-b51d5728-c9ba-4edc-8aa1-c7dcee3c4712 f3f5f97eb76249029e44a4126801718c 6e9ff99e9b384559865da5526608b358 - - default default] 10.0.0.218 "DELETE /v2.0/security-groups/2db9f7b3-747e-4da8-9d6c-2199359dfccd HTTP/1.1" status: 204 len: 168 time: 0.4602799
2026-05-11 11:57:08.748 10 WARNING neutron.scheduler.dhcp_agent_scheduler [None req-001c67da-bd19-4246-93d4-096fdcc845ed 8aba56042aea4c6daeb6ddba5e1b65f1 711c7ce5874f46eb82873f74d2f39741 - - default default] No more DHCP agents
2026-05-11 11:57:08.751 10 WARNING neutron.api.rpc.agentnotifiers.dhcp_rpc_agent_api [None req-001c67da-bd19-4246-93d4-096fdcc845ed 8aba56042aea4c6daeb6ddba5e1b65f1 711c7ce5874f46eb82873f74d2f39741 - - default default] Unable to schedule network 9bbbea1b-75c1-4d35-9c9b-b43f2c582e11: no agents available; will retry on subsequent port and subnet creation events.
2026-05-11 11:57:08.761 10 WARNING neutron.scheduler.dhcp_agent_scheduler [None req-5c2c1041-31fa-430a-a649-7051bfb2876c f2f8d377885f4565ba1b5a188d5e68df 4c6495a871e3481c89257f5ebff1a240 - - default default] No more DHCP agents
2026-05-11 11:57:08.763 10 WARNING neutron.api.rpc.agentnotifiers.dhcp_rpc_agent_api [None req-5c2c1041-31fa-430a-a649-7051bfb2876c f2f8d377885f4565ba1b5a188d5e68df 4c6495a871e3481c89257f5ebff1a240 - - default default] Unable to schedule network 1d4a46b7-9093-4d22-a9f2-7b4a5fb02f86: no agents available; will retry on subsequent port and subnet creation events.
2026-05-11 11:57:08.874 10 INFO neutron.db.ovn_revision_numbers_db [None req-001c67da-bd19-4246-93d4-096fdcc845ed 8aba56042aea4c6daeb6ddba5e1b65f1 711c7ce5874f46eb82873f74d2f39741 - - default default] Successfully bumped revision number for resource d8d640b7-90da-4131-8320-77713cca01cf (type: ports) to 1
2026-05-11 11:57:08.884 10 INFO neutron.db.ovn_revision_numbers_db [None req-5c2c1041-31fa-430a-a649-7051bfb2876c f2f8d377885f4565ba1b5a188d5e68df 4c6495a871e3481c89257f5ebff1a240 - - default default] Successfully bumped revision number for resource c19ed6af-a8e2-423f-b005-339349d9abda (type: ports) to 1
2026-05-11 11:57:08.896 10 INFO neutron.wsgi [None req-001c67da-bd19-4246-93d4-096fdcc845ed 8aba56042aea4c6daeb6ddba5e1b65f1 711c7ce5874f46eb82873f74d2f39741 - - default default] 10.0.0.218 "POST /v2.0/networks HTTP/1.1" status: 201 len: 844 time: 1.0802722
2026-05-11 11:57:08.906 10 WARNING neutron_lib.context [None req-fb11f5f3-af39-48ab-9805-c2115edcbc9a 8aba56042aea4c6daeb6ddba5e1b65f1 711c7ce5874f46eb82873f74d2f39741 - - default default] Method 'is_advsvc' is deprecated since 2023.2 release (neutron-lib 3.8.0) and will be removed once support for the old RBAC API policies will be removed from Neutron. Please use method 'is_service_role' instead.
2026-05-11 11:57:08.912 10 INFO neutron.wsgi [None req-5c2c1041-31fa-430a-a649-7051bfb2876c f2f8d377885f4565ba1b5a188d5e68df 4c6495a871e3481c89257f5ebff1a240 - - default default] 10.0.0.218 "POST /v2.0/networks HTTP/1.1" status: 201 len: 853 time: 0.7659476
2026-05-11 11:57:08.934 10 WARNING neutron_lib.context [None req-05785c91-19b3-4a76-8bea-49207c61bd30 f2f8d377885f4565ba1b5a188d5e68df 4c6495a871e3481c89257f5ebff1a240 - - default default] Method 'is_advsvc' is deprecated since 2023.2 release (neutron-lib 3.8.0) and will be removed once support for the old RBAC API policies will be removed from Neutron. Please use method 'is_service_role' instead.
2026-05-11 11:57:08.941 9 INFO neutron.db.ovn_revision_numbers_db [None req-3b511e43-5c99-4d94-9176-b6b309cda1e8 f3f5f97eb76249029e44a4126801718c 6e9ff99e9b384559865da5526608b358 - - default default] Successfully bumped revision number for resource 4b7519ce-9ef7-424a-ba7f-4f1fbc349c73 (type: security_groups) to 1
2026-05-11 11:57:08.953 9 INFO neutron.db.ovn_revision_numbers_db [None req-3b511e43-5c99-4d94-9176-b6b309cda1e8 f3f5f97eb76249029e44a4126801718c 6e9ff99e9b384559865da5526608b358 - - default default] Successfully bumped revision number for resource 1a4a0d89-b3af-42ce-ac1f-5e4e4cd06cbd (type: security_group_rules) to 0
2026-05-11 11:57:08.970 9 INFO neutron.db.ovn_revision_numbers_db [None req-3b511e43-5c99-4d94-9176-b6b309cda1e8 f3f5f97eb76249029e44a4126801718c 6e9ff99e9b384559865da5526608b358 - - default default] Successfully bumped revision number for resource 239b0bc7-3b48-46a1-ad60-4d39fb67a075 (type: security_group_rules) to 0
2026-05-11 11:57:08.985 9 INFO neutron.db.ovn_revision_numbers_db [None req-3b511e43-5c99-4d94-9176-b6b309cda1e8 f3f5f97eb76249029e44a4126801718c 6e9ff99e9b384559865da5526608b358 - - default default] Successfully bumped revision number for resource 2b183e99-feb0-42dd-96f0-c7c0b4d38b19 (type: security_group_rules) to 0
2026-05-11 11:57:09.008 9 INFO neutron.db.ovn_revision_numbers_db [None req-3b511e43-5c99-4d94-9176-b6b309cda1e8 f3f5f97eb76249029e44a4126801718c 6e9ff99e9b384559865da5526608b358 - - default default] Successfully bumped revision number for resource 4b21c685-171f-45ef-9a98-cd2b36d6ab55 (type: security_group_rules) to 0
2026-05-11 11:57:09.031 9 INFO neutron.wsgi [None req-3b511e43-5c99-4d94-9176-b6b309cda1e8 f3f5f97eb76249029e44a4126801718c 6e9ff99e9b384559865da5526608b358 - - default default] 10.0.0.218 "GET /v2.0/security-groups?tenant_id=dac8ad035e7a42d29c016aae8953926e&name=default HTTP/1.1" status: 200 len: 3120 time: 0.2294273
2026-05-11 11:57:09.041 10 INFO neutron.db.segments_db [None req-05785c91-19b3-4a76-8bea-49207c61bd30 f2f8d377885f4565ba1b5a188d5e68df 4c6495a871e3481c89257f5ebff1a240 - - default default] Added segment a644e51a-28f9-490e-bf0d-af794a2e62c0 of type geneve for network 26751e53-d465-4e0a-be5e-87de188f51bb
2026-05-11 11:57:09.257 10 INFO neutron.db.ovn_revision_numbers_db [None req-05785c91-19b3-4a76-8bea-49207c61bd30 f2f8d377885f4565ba1b5a188d5e68df 4c6495a871e3481c89257f5ebff1a240 - - default default] Successfully bumped revision number for resource 26751e53-d465-4e0a-be5e-87de188f51bb (type: networks) to 1
2026-05-11 11:57:09.259 9 INFO neutron.wsgi [None req-3767eeb1-1529-45a2-bac5-2402bcb6741b f3f5f97eb76249029e44a4126801718c 6e9ff99e9b384559865da5526608b358 - - default default] 10.0.0.218 "DELETE /v2.0/security-groups/4b7519ce-9ef7-424a-ba7f-4f1fbc349c73 HTTP/1.1" status: 204 len: 168 time: 0.2231927
2026-05-11 11:57:09.273 10 WARNING neutron.scheduler.dhcp_agent_scheduler [None req-fb11f5f3-af39-48ab-9805-c2115edcbc9a 8aba56042aea4c6daeb6ddba5e1b65f1 711c7ce5874f46eb82873f74d2f39741 - - default default] No more DHCP agents
2026-05-11 11:57:09.277 10 WARNING neutron.api.rpc.agentnotifiers.dhcp_rpc_agent_api [None req-fb11f5f3-af39-48ab-9805-c2115edcbc9a 8aba56042aea4c6daeb6ddba5e1b65f1 711c7ce5874f46eb82873f74d2f39741 - - default default] Unable to schedule network 9bbbea1b-75c1-4d35-9c9b-b43f2c582e11: no agents available; will retry on subsequent port and subnet creation events.
2026-05-11 11:57:09.424 10 INFO neutron.db.ovn_revision_numbers_db [None req-fb11f5f3-af39-48ab-9805-c2115edcbc9a 8aba56042aea4c6daeb6ddba5e1b65f1 711c7ce5874f46eb82873f74d2f39741 - - default default] Successfully bumped revision number for resource 4175fd2d-e598-41ce-bd65-ba4d941d5425 (type: ports) to 1
2026-05-11 11:57:09.471 10 INFO neutron.wsgi [None req-fb11f5f3-af39-48ab-9805-c2115edcbc9a 8aba56042aea4c6daeb6ddba5e1b65f1 711c7ce5874f46eb82873f74d2f39741 - - default default] 10.0.0.218 "POST /v2.0/ports HTTP/1.1" status: 201 len: 974 time: 0.5701351
2026-05-11 11:57:09.483 9 WARNING neutron_lib.context [None req-ab1415fc-2a76-445e-9870-5cbc6de29f4d 8aba56042aea4c6daeb6ddba5e1b65f1 711c7ce5874f46eb82873f74d2f39741 - - default default] Method 'is_advsvc' is deprecated since 2023.2 release (neutron-lib 3.8.0) and will be removed once support for the old RBAC API policies will be removed from Neutron. Please use method 'is_service_role' instead.
2026-05-11 11:57:09.509 10 WARNING neutron.scheduler.dhcp_agent_scheduler [None req-05785c91-19b3-4a76-8bea-49207c61bd30 f2f8d377885f4565ba1b5a188d5e68df 4c6495a871e3481c89257f5ebff1a240 - - default default] No more DHCP agents
2026-05-11 11:57:09.512 10 WARNING neutron.api.rpc.agentnotifiers.dhcp_rpc_agent_api [None req-05785c91-19b3-4a76-8bea-49207c61bd30 f2f8d377885f4565ba1b5a188d5e68df 4c6495a871e3481c89257f5ebff1a240 - - default default] Unable to schedule network 26751e53-d465-4e0a-be5e-87de188f51bb: no agents available; will retry on subsequent port and subnet creation events.
2026-05-11 11:57:09.579 9 INFO neutron.db.segments_db [None req-ab1415fc-2a76-445e-9870-5cbc6de29f4d 8aba56042aea4c6daeb6ddba5e1b65f1 711c7ce5874f46eb82873f74d2f39741 - - default default] Added segment 6a2a9ec9-666e-4d62-8c2e-343698c401b2 of type geneve for network 3c19cd80-bd11-4e71-b858-f30bab3cc5e2
2026-05-11 11:57:09.585 10 INFO neutron.db.ovn_revision_numbers_db [None req-05785c91-19b3-4a76-8bea-49207c61bd30 f2f8d377885f4565ba1b5a188d5e68df 4c6495a871e3481c89257f5ebff1a240 - - default default] Successfully bumped revision number for resource e501266a-62b5-49bc-b8bb-0d568f4ad44b (type: ports) to 1
2026-05-11 11:57:09.609 10 INFO neutron.wsgi [None req-05785c91-19b3-4a76-8bea-49207c61bd30 f2f8d377885f4565ba1b5a188d5e68df 4c6495a871e3481c89257f5ebff1a240 - - default default] 10.0.0.218 "POST /v2.0/networks HTTP/1.1" status: 201 len: 853 time: 0.6862051
2026-05-11 11:57:09.648 9 INFO neutron.db.ovn_revision_numbers_db [None req-4b7d6571-8d83-4eae-ac4b-c71a4f65bf0b f3f5f97eb76249029e44a4126801718c 6e9ff99e9b384559865da5526608b358 - - default default] Successfully bumped revision number for resource 6e5b030d-5500-4a2d-a11c-583cf92d142a (type: security_groups) to 1
2026-05-11 11:57:09.673 9 INFO neutron.db.ovn_revision_numbers_db [None req-4b7d6571-8d83-4eae-ac4b-c71a4f65bf0b f3f5f97eb76249029e44a4126801718c 6e9ff99e9b384559865da5526608b358 - - default default] Successfully bumped revision number for resource 1ec170dd-b5bf-4c32-8e50-6003cfed8cd2 (type: security_group_rules) to 0
2026-05-11 11:57:09.700 9 INFO neutron.db.ovn_revision_numbers_db [None req-4b7d6571-8d83-4eae-ac4b-c71a4f65bf0b f3f5f97eb76249029e44a4126801718c 6e9ff99e9b384559865da5526608b358 - - default default] Successfully bumped revision number for resource 86b79e0f-0afb-4391-869c-ba8998b15ff7 (type: security_group_rules) to 0
2026-05-11 11:57:09.741 9 INFO neutron.db.ovn_revision_numbers_db [None req-4b7d6571-8d83-4eae-ac4b-c71a4f65bf0b f3f5f97eb76249029e44a4126801718c 6e9ff99e9b384559865da5526608b358 - - default default] Successfully bumped revision number for resource b53258cf-3f47-4af4-a3fd-30d0e7835a3f (type: security_group_rules) to 0
2026-05-11 11:57:09.772 9 INFO neutron.db.ovn_revision_numbers_db [None req-4b7d6571-8d83-4eae-ac4b-c71a4f65bf0b f3f5f97eb76249029e44a4126801718c 6e9ff99e9b384559865da5526608b358 - - default default] Successfully bumped revision number for resource b8157e16-8684-4d31-87e9-7516cd354e03 (type: security_group_rules) to 0
2026-05-11 11:57:09.777 9 INFO neutron.db.ovn_revision_numbers_db [None req-ab1415fc-2a76-445e-9870-5cbc6de29f4d 8aba56042aea4c6daeb6ddba5e1b65f1 711c7ce5874f46eb82873f74d2f39741 - - default default] Successfully bumped revision number for resource 3c19cd80-bd11-4e71-b858-f30bab3cc5e2 (type: networks) to 1
2026-05-11 11:57:09.809 9 INFO neutron.wsgi [None req-4b7d6571-8d83-4eae-ac4b-c71a4f65bf0b f3f5f97eb76249029e44a4126801718c 6e9ff99e9b384559865da5526608b358 - - default default] 10.0.0.218 "GET /v2.0/security-groups?tenant_id=b3584de70d954620881dc7098ec24bdd&name=default HTTP/1.1" status: 200 len: 3120 time: 0.3731830 /var/lib/openstack/lib/python3.10/site-packages/pycadf/identifier.py:71: UserWarning: Invalid uuid: neutron. To ensure interoperability, identifiers should be a valid uuid. warnings.warn(('Invalid uuid: %s. To ensure interoperability, '
2026-05-11 11:57:09.996 9 WARNING neutron.scheduler.dhcp_agent_scheduler [None req-ab1415fc-2a76-445e-9870-5cbc6de29f4d 8aba56042aea4c6daeb6ddba5e1b65f1 711c7ce5874f46eb82873f74d2f39741 - - default default] No more DHCP agents
2026-05-11 11:57:09.998 9 WARNING neutron.api.rpc.agentnotifiers.dhcp_rpc_agent_api [None req-ab1415fc-2a76-445e-9870-5cbc6de29f4d 8aba56042aea4c6daeb6ddba5e1b65f1 711c7ce5874f46eb82873f74d2f39741 - - default default] Unable to schedule network 3c19cd80-bd11-4e71-b858-f30bab3cc5e2: no agents available; will retry on subsequent port and subnet creation events.
2026-05-11 11:57:10.031 10 INFO neutron.wsgi [None req-87b9ef4b-c568-49c2-9e4c-949adfc1ef51 f3f5f97eb76249029e44a4126801718c 6e9ff99e9b384559865da5526608b358 - - default default] 10.0.0.218 "DELETE /v2.0/security-groups/6e5b030d-5500-4a2d-a11c-583cf92d142a HTTP/1.1" status: 204 len: 168 time: 0.2161982
2026-05-11 11:57:10.072 9 WARNING neutron_lib.context [None req-8d7c5ddf-290b-4191-9efd-6cbc9a94e1ad f2f8d377885f4565ba1b5a188d5e68df 4c6495a871e3481c89257f5ebff1a240 - - default default] Method 'is_advsvc' is deprecated since 2023.2 release (neutron-lib 3.8.0) and will be removed once support for the old RBAC API policies will be removed from Neutron. Please use method 'is_service_role' instead.
2026-05-11 11:57:10.097 9 INFO neutron.db.ovn_revision_numbers_db [None req-ab1415fc-2a76-445e-9870-5cbc6de29f4d 8aba56042aea4c6daeb6ddba5e1b65f1 711c7ce5874f46eb82873f74d2f39741 - - default default] Successfully bumped revision number for resource 360e2afb-92d8-4c76-aaf3-5098e28c9e3b (type: ports) to 1
2026-05-11 11:57:10.110 9 WARNING neutron_lib.context [None req-8d7c5ddf-290b-4191-9efd-6cbc9a94e1ad f2f8d377885f4565ba1b5a188d5e68df 4c6495a871e3481c89257f5ebff1a240 - - default default] Method 'is_advsvc' is deprecated since 2023.2 release (neutron-lib 3.8.0) and will be removed once support for the old RBAC API policies will be removed from Neutron. Please use method 'is_service_role' instead.
2026-05-11 11:57:10.128 9 INFO neutron.wsgi [None req-ab1415fc-2a76-445e-9870-5cbc6de29f4d 8aba56042aea4c6daeb6ddba5e1b65f1 711c7ce5874f46eb82873f74d2f39741 - - default default] 10.0.0.218 "POST /v2.0/networks HTTP/1.1" status: 201 len: 831 time: 0.6510983
2026-05-11 11:57:10.140 10 WARNING neutron_lib.context [None req-5939e045-7232-4b56-b2b5-bac01ff5951b 8aba56042aea4c6daeb6ddba5e1b65f1 711c7ce5874f46eb82873f74d2f39741 - - default default] Method 'is_advsvc' is deprecated since 2023.2 release (neutron-lib 3.8.0) and will be removed once support for the old RBAC API policies will be removed from Neutron. Please use method 'is_service_role' instead.
2026-05-11 11:57:10.353 10 WARNING neutron.scheduler.dhcp_agent_scheduler [None req-5939e045-7232-4b56-b2b5-bac01ff5951b 8aba56042aea4c6daeb6ddba5e1b65f1 711c7ce5874f46eb82873f74d2f39741 - - default default] No more DHCP agents
2026-05-11 11:57:10.356 10 WARNING neutron.api.rpc.agentnotifiers.dhcp_rpc_agent_api [None req-5939e045-7232-4b56-b2b5-bac01ff5951b 8aba56042aea4c6daeb6ddba5e1b65f1 711c7ce5874f46eb82873f74d2f39741 - - default default] Unable to schedule network 3c19cd80-bd11-4e71-b858-f30bab3cc5e2: no agents available; will retry on subsequent port and subnet creation events.
2026-05-11 11:57:10.490 9 WARNING neutron.scheduler.dhcp_agent_scheduler [None req-8d7c5ddf-290b-4191-9efd-6cbc9a94e1ad f2f8d377885f4565ba1b5a188d5e68df 4c6495a871e3481c89257f5ebff1a240 - - default default] No more DHCP agents
2026-05-11 11:57:10.491 9 WARNING neutron.api.rpc.agentnotifiers.dhcp_rpc_agent_api [None req-8d7c5ddf-290b-4191-9efd-6cbc9a94e1ad f2f8d377885f4565ba1b5a188d5e68df 4c6495a871e3481c89257f5ebff1a240 - - default default] Unable to schedule network 1d4a46b7-9093-4d22-a9f2-7b4a5fb02f86: no agents available; will retry on subsequent port and subnet creation events.
2026-05-11 11:57:10.528 9 INFO neutron.db.ovn_revision_numbers_db [None req-8d7c5ddf-290b-4191-9efd-6cbc9a94e1ad f2f8d377885f4565ba1b5a188d5e68df 4c6495a871e3481c89257f5ebff1a240 - - default default] Successfully bumped revision number for resource c16b01d7-dc0e-4965-b522-f4d108dbcba0 (type: subnets) to 0
2026-05-11 11:57:10.554 9 WARNING neutron.scheduler.dhcp_agent_scheduler [None req-8d7c5ddf-290b-4191-9efd-6cbc9a94e1ad f2f8d377885f4565ba1b5a188d5e68df 4c6495a871e3481c89257f5ebff1a240 - - default default] No more DHCP agents
2026-05-11 11:57:10.557 9 WARNING neutron.api.rpc.agentnotifiers.dhcp_rpc_agent_api [None req-8d7c5ddf-290b-4191-9efd-6cbc9a94e1ad f2f8d377885f4565ba1b5a188d5e68df 4c6495a871e3481c89257f5ebff1a240 - - default default] Unable to schedule network 26751e53-d465-4e0a-be5e-87de188f51bb: no agents available; will retry on subsequent port and subnet creation events.
2026-05-11 11:57:10.592 9 INFO neutron.db.ovn_revision_numbers_db [None req-8d7c5ddf-290b-4191-9efd-6cbc9a94e1ad f2f8d377885f4565ba1b5a188d5e68df 4c6495a871e3481c89257f5ebff1a240 - - default default] Successfully bumped revision number for resource 59da294c-f3bb-45ff-b99e-9453dcf74fb2 (type: subnets) to 0
2026-05-11 11:57:10.611 9 INFO neutron.wsgi [None req-8d7c5ddf-290b-4191-9efd-6cbc9a94e1ad f2f8d377885f4565ba1b5a188d5e68df 4c6495a871e3481c89257f5ebff1a240 - - default default] 10.0.0.218 "POST /v2.0/subnets HTTP/1.1" status: 201 len: 1475 time: 0.5429652
2026-05-11 11:57:10.665 9 INFO neutron.wsgi [None req-3c6a6632-175a-43c3-a03f-ea3c6401a0b0 f2f8d377885f4565ba1b5a188d5e68df 4c6495a871e3481c89257f5ebff1a240 - - default default] 10.0.0.218 "GET /v2.0/subnets HTTP/1.1" status: 200 len: 2083 time: 0.0493462
2026-05-11 11:57:10.839 10 INFO neutron.db.ovn_revision_numbers_db [None req-5939e045-7232-4b56-b2b5-bac01ff5951b 8aba56042aea4c6daeb6ddba5e1b65f1 711c7ce5874f46eb82873f74d2f39741 - - default default] Successfully bumped revision number for resource 360e2afb-92d8-4c76-aaf3-5098e28c9e3b (type: ports) to 2
2026-05-11 11:57:10.868 10 INFO neutron.db.ovn_revision_numbers_db [None req-5939e045-7232-4b56-b2b5-bac01ff5951b 8aba56042aea4c6daeb6ddba5e1b65f1 711c7ce5874f46eb82873f74d2f39741 - - default default] Successfully bumped revision number for resource 7afec2a3-3db0-4117-8fd9-4dd52dee05a8 (type: subnets) to 0
2026-05-11 11:57:10.882 9 INFO neutron.wsgi [None req-3032fd9b-fb70-43e2-b0e8-fa21e04e0dcf f2f8d377885f4565ba1b5a188d5e68df 4c6495a871e3481c89257f5ebff1a240 - - default default] 10.0.0.218 "DELETE /v2.0/subnets/c16b01d7-dc0e-4965-b522-f4d108dbcba0 HTTP/1.1" status: 204 len: 168 time: 0.2025483
2026-05-11 11:57:10.883 10 INFO neutron.wsgi [None req-5939e045-7232-4b56-b2b5-bac01ff5951b 8aba56042aea4c6daeb6ddba5e1b65f1 711c7ce5874f46eb82873f74d2f39741 - - default default] 10.0.0.218 "POST /v2.0/subnets HTTP/1.1" status: 201 len: 801 time: 0.7479610
2026-05-11 11:57:10.891 10 WARNING neutron_lib.context [None req-a5172411-767d-4bce-aec5-f047f1b8639c 8aba56042aea4c6daeb6ddba5e1b65f1 711c7ce5874f46eb82873f74d2f39741 - - default default] Method 'is_advsvc' is deprecated since 2023.2 release (neutron-lib 3.8.0) and will be removed once support for the old RBAC API policies will be removed from Neutron. Please use method 'is_service_role' instead.
2026-05-11 11:57:11.076 9 INFO neutron.wsgi [None req-3ef56bfc-253a-44fa-8696-9328ff0ae6b0 f2f8d377885f4565ba1b5a188d5e68df 4c6495a871e3481c89257f5ebff1a240 - - default default] 10.0.0.218 "DELETE /v2.0/subnets/59da294c-f3bb-45ff-b99e-9453dcf74fb2 HTTP/1.1" status: 204 len: 168 time: 0.1884394
2026-05-11 11:57:11.127 9 INFO neutron.wsgi [None req-1bcd6187-d0e4-4760-b394-cc5a3f6dc83a f2f8d377885f4565ba1b5a188d5e68df 4c6495a871e3481c89257f5ebff1a240 - - default default] 10.0.0.218 "GET /v2.0/subnets HTTP/1.1" status: 200 len: 820 time: 0.0450616
2026-05-11 11:57:11.253 10 WARNING neutron.scheduler.dhcp_agent_scheduler [None req-a5172411-767d-4bce-aec5-f047f1b8639c 8aba56042aea4c6daeb6ddba5e1b65f1 711c7ce5874f46eb82873f74d2f39741 - - default default] No more DHCP agents
2026-05-11 11:57:11.255 10 WARNING neutron.api.rpc.agentnotifiers.dhcp_rpc_agent_api [None req-a5172411-767d-4bce-aec5-f047f1b8639c 8aba56042aea4c6daeb6ddba5e1b65f1 711c7ce5874f46eb82873f74d2f39741 - - default default] Unable to schedule network 3c19cd80-bd11-4e71-b858-f30bab3cc5e2: no agents available; will retry on subsequent port and subnet creation events.
2026-05-11 11:57:11.426 10 INFO neutron.db.ovn_revision_numbers_db [None req-a5172411-767d-4bce-aec5-f047f1b8639c 8aba56042aea4c6daeb6ddba5e1b65f1 711c7ce5874f46eb82873f74d2f39741 - - default default] Successfully bumped revision number for resource bb37b026-af9c-4446-8c06-462dd2ac2fef (type: ports) to 1
2026-05-11 11:57:11.455 10 INFO neutron.wsgi [None req-a5172411-767d-4bce-aec5-f047f1b8639c 8aba56042aea4c6daeb6ddba5e1b65f1 711c7ce5874f46eb82873f74d2f39741 - - default default] 10.0.0.218 "POST /v2.0/ports HTTP/1.1" status: 201 len: 1153 time: 0.5679598 /var/lib/openstack/lib/python3.10/site-packages/pycadf/identifier.py:71: UserWarning: Invalid uuid: neutron. To ensure interoperability, identifiers should be a valid uuid. warnings.warn(('Invalid uuid: %s. To ensure interoperability, '
2026-05-11 11:57:11.589 9 INFO neutron.wsgi [None req-6a4912bb-de7e-406c-ae3c-4dcf507e0bbe f8b776e1653f429db99ab49c812be003 2935ff21adca4afda2535d5b921ee73f - - default default] 10.0.0.218 "GET /v2.0/ports?project_id=c1003f4870764c9bbe8af087e237fa14&network_id=adac4321-5977-4620-a929-4404a78aa2b4 HTTP/1.1" status: 200 len: 3510 time: 0.0603278
2026-05-11 11:57:11.700 9 INFO neutron.services.segments.plugin [-] Segment a644e51a-28f9-490e-bf0d-af794a2e62c0 resource provider aggregate not found
2026-05-11 11:57:11.704 9 INFO neutron.services.segments.plugin [-] Segment a644e51a-28f9-490e-bf0d-af794a2e62c0 resource provider aggregate not found
2026-05-11 11:57:11.721 9 INFO neutron.services.segments.plugin [-] Segment a644e51a-28f9-490e-bf0d-af794a2e62c0 resource provider not found; error: Placement Client Error (4xx): {"errors": [{"status": 404, "title": "Not Found", "detail": "The resource could not be found.\n\n No resource provider with uuid a644e51a-28f9-490e-bf0d-af794a2e62c0 found for delete ", "request_id": "req-b10f1da0-4ae5-4921-8466-cb501d45a3b6"}]}
2026-05-11 11:57:11.725 9 INFO neutron.services.segments.plugin [-] Segment a644e51a-28f9-490e-bf0d-af794a2e62c0 resource provider not found; error: Placement Client Error (4xx): {"errors": [{"status": 404, "title": "Not Found", "detail": "The resource could not be found.\n\n No resource provider with uuid a644e51a-28f9-490e-bf0d-af794a2e62c0 found for delete ", "request_id": "req-6b123b94-f409-4732-b27f-27812b136764"}]}
2026-05-11 11:57:11.735 9 INFO neutron.wsgi [None req-c133eae1-e006-4933-a721-de24801b9173 f2f8d377885f4565ba1b5a188d5e68df 4c6495a871e3481c89257f5ebff1a240 - - default default] 10.0.0.218 "DELETE /v2.0/networks/26751e53-d465-4e0a-be5e-87de188f51bb HTTP/1.1" status: 204 len: 168 time: 0.6018322
2026-05-11 11:57:11.833 10 INFO neutron.wsgi [None req-c36adb26-c73c-4184-a953-14d1984a8336 8aba56042aea4c6daeb6ddba5e1b65f1 711c7ce5874f46eb82873f74d2f39741 - - default default] 10.0.0.218 "DELETE /v2.0/ports/bb37b026-af9c-4446-8c06-462dd2ac2fef HTTP/1.1" status: 204 len: 168 time: 0.3737378
2026-05-11 11:57:11.846 9 INFO neutron.wsgi [None req-baaa3ac6-be19-49d8-b3cf-6fcb907ae099 f8b776e1653f429db99ab49c812be003 2935ff21adca4afda2535d5b921ee73f - - default default] 10.0.0.218 "GET /v2.0/subnets?network_id=9ad427e5-221d-4e35-bd47-d79ef14f1049 HTTP/1.1" status: 200 len: 838 time: 0.0457129
2026-05-11 11:57:11.854 10 INFO neutron.pecan_wsgi.hooks.translation [None req-bb8bb6fe-b130-4a4f-a3e5-46eaff3431c4 8aba56042aea4c6daeb6ddba5e1b65f1 711c7ce5874f46eb82873f74d2f39741 - - default default] DELETE failed (client error): The resource could not be found.
2026-05-11 11:57:11.856 10 INFO neutron.wsgi [None req-bb8bb6fe-b130-4a4f-a3e5-46eaff3431c4 8aba56042aea4c6daeb6ddba5e1b65f1 711c7ce5874f46eb82873f74d2f39741 - - default default] 10.0.0.218 "DELETE /v2.0/ports/bb37b026-af9c-4446-8c06-462dd2ac2fef HTTP/1.1" status: 404 len: 333 time: 0.0163243
2026-05-11 11:57:11.881 10 INFO neutron.pecan_wsgi.hooks.translation [None req-d6787333-9c7c-4e69-a18e-8c4c98e9f97e 8aba56042aea4c6daeb6ddba5e1b65f1 711c7ce5874f46eb82873f74d2f39741 - - default default] GET failed (client error): The resource could not be found.
2026-05-11 11:57:11.883 10 INFO neutron.wsgi [None req-d6787333-9c7c-4e69-a18e-8c4c98e9f97e 8aba56042aea4c6daeb6ddba5e1b65f1 711c7ce5874f46eb82873f74d2f39741 - - default default] 10.0.0.218 "GET /v2.0/ports/bb37b026-af9c-4446-8c06-462dd2ac2fef HTTP/1.1" status: 404 len: 333 time: 0.0223024
2026-05-11 11:57:12.144 10 INFO neutron.wsgi [None req-4ca402d6-481e-45f7-9a68-e9a2c60db4a3 8aba56042aea4c6daeb6ddba5e1b65f1 711c7ce5874f46eb82873f74d2f39741 - - default default] 10.0.0.218 "DELETE /v2.0/subnets/7afec2a3-3db0-4117-8fd9-4dd52dee05a8 HTTP/1.1" status: 204 len: 168 time: 0.2564950
2026-05-11 11:57:12.205 10 INFO neutron.services.segments.plugin [-] Segment 08f3d0d7-f976-48d6-b6ed-c2028f84d81a resource provider aggregate not found
2026-05-11 11:57:12.212 10 INFO neutron.services.segments.plugin [-] Segment 08f3d0d7-f976-48d6-b6ed-c2028f84d81a resource provider aggregate not found
2026-05-11 11:57:12.233 10 INFO neutron.services.segments.plugin [-] Segment 08f3d0d7-f976-48d6-b6ed-c2028f84d81a resource provider not found; error: Placement Client Error (4xx): {"errors": [{"status": 404, "title": "Not Found", "detail": "The resource could not be found.\n\n No resource provider with uuid 08f3d0d7-f976-48d6-b6ed-c2028f84d81a found for delete ", "request_id": "req-b367200e-209d-4b01-a3c9-1822b2ed9c4d"}]}
2026-05-11 11:57:12.237 10 INFO neutron.services.segments.plugin [-] Segment 08f3d0d7-f976-48d6-b6ed-c2028f84d81a resource provider not found; error: Placement Client Error (4xx): {"errors": [{"status": 404, "title": "Not Found", "detail": "The resource could not be found.\n\n No resource provider with uuid 08f3d0d7-f976-48d6-b6ed-c2028f84d81a found for delete ", "request_id": "req-31582ef5-f868-4e89-afeb-0c9409d71b2f"}]}
2026-05-11 11:57:12.265 10 INFO neutron.wsgi [None req-96a35d73-891a-4857-b106-87aadfd11729 f2f8d377885f4565ba1b5a188d5e68df 4c6495a871e3481c89257f5ebff1a240 - - default default] 10.0.0.218 "DELETE /v2.0/networks/1d4a46b7-9093-4d22-a9f2-7b4a5fb02f86 HTTP/1.1" status: 204 len: 168 time: 0.5253854
2026-05-11 11:57:12.289 9 INFO neutron.db.ovn_revision_numbers_db [None req-c47c56aa-caa3-4008-a502-2118f205b66a fcb5de3aa049461c98355b36ada36d28 c1003f4870764c9bbe8af087e237fa14 - - default default] Successfully bumped revision number for resource 3caaa60f-4f0a-4bcf-8e25-4a5fb2b08f37 (type: floatingips) to 2
2026-05-11 11:57:12.350 9 INFO neutron.db.l3_db [None req-c47c56aa-caa3-4008-a502-2118f205b66a fcb5de3aa049461c98355b36ada36d28 c1003f4870764c9bbe8af087e237fa14 - - default default] Floating IP 3caaa60f-4f0a-4bcf-8e25-4a5fb2b08f37 disassociated. External IP: 10.96.250.219, port: b06782bf-9ac5-4885-84cb-419ddbd6e313.
2026-05-11 11:57:12.379 9 INFO neutron.wsgi [None req-c47c56aa-caa3-4008-a502-2118f205b66a fcb5de3aa049461c98355b36ada36d28 c1003f4870764c9bbe8af087e237fa14 - - default default] 10.0.0.218 "PUT /v2.0/floatingips/3caaa60f-4f0a-4bcf-8e25-4a5fb2b08f37 HTTP/1.1" status: 200 len: 748 time: 0.3480203
2026-05-11 11:57:12.416 9 INFO neutron.notifiers.nova [-] Nova event matching ['req-febf8376-e7d1-4bd1-8dd3-0a7cdeee56e9'] response: {'name': 'network-changed', 'server_uuid': '44135d8d-8da8-47de-ab8e-dc16a40aedd8', 'tag': 'b06782bf-9ac5-4885-84cb-419ddbd6e313', 'status': 'completed', 'code': 200}
2026-05-11 11:57:12.436 10 INFO neutron.wsgi [None req-c977895f-2873-445e-a398-45544b0888fc fcb5de3aa049461c98355b36ada36d28 c1003f4870764c9bbe8af087e237fa14 - - default default] 10.0.0.218 "GET /v2.0/floatingips/3caaa60f-4f0a-4bcf-8e25-4a5fb2b08f37 HTTP/1.1" status: 200 len: 746 time: 0.0506923
2026-05-11 11:57:12.732 10 INFO neutron.wsgi [req-0c17a000-c933-49ee-aa10-032d6a9baea5 req-fde5cb8f-6aad-4a68-a420-a72c001f6a9b 6fc3248cc7564687a7594a5d4cd32dea 67d5299d765c4122b546eb7bf13327ca - - 6554e4942acc46fd9188d05bf42ba876 6554e4942acc46fd9188d05bf42ba876] 199.19.213.54 "GET /v2.0/ports?tenant_id=c1003f4870764c9bbe8af087e237fa14&device_id=44135d8d-8da8-47de-ab8e-dc16a40aedd8 HTTP/1.1" status: 200 len: 1409 time: 0.2918329
2026-05-11 11:57:12.827 10 INFO neutron.wsgi [req-0c17a000-c933-49ee-aa10-032d6a9baea5 req-ea840b9b-f7d2-4b5c-8ee6-93f614b75748 6fc3248cc7564687a7594a5d4cd32dea 67d5299d765c4122b546eb7bf13327ca - - 6554e4942acc46fd9188d05bf42ba876 6554e4942acc46fd9188d05bf42ba876] 199.19.213.54 "GET /v2.0/networks?id=adac4321-5977-4620-a929-4404a78aa2b4 HTTP/1.1" status: 200 len: 957 time: 0.0847764
2026-05-11 11:57:12.872 10 INFO neutron.wsgi [req-0c17a000-c933-49ee-aa10-032d6a9baea5 req-ad1e1dee-a5a2-4042-aaa8-21ac51b0cc8b 6fc3248cc7564687a7594a5d4cd32dea 67d5299d765c4122b546eb7bf13327ca - - 6554e4942acc46fd9188d05bf42ba876 6554e4942acc46fd9188d05bf42ba876] 199.19.213.54 "GET /v2.0/floatingips?fixed_ip_address=10.100.0.7&port_id=b06782bf-9ac5-4885-84cb-419ddbd6e313 HTTP/1.1" status: 200 len: 217 time: 0.0375233
2026-05-11 11:57:12.932 10 INFO neutron.wsgi [req-0c17a000-c933-49ee-aa10-032d6a9baea5 req-67a82e46-3aad-4932-9212-2cfd5c1f1b84 6fc3248cc7564687a7594a5d4cd32dea 67d5299d765c4122b546eb7bf13327ca - - 6554e4942acc46fd9188d05bf42ba876 6554e4942acc46fd9188d05bf42ba876] 199.19.213.54 "GET /v2.0/subnets?id=aaa7dcc5-0481-4625-aa2b-0a450f088a76 HTTP/1.1" status: 200 len: 852 time: 0.0487702
2026-05-11 11:57:12.965 10 INFO neutron.wsgi [req-0c17a000-c933-49ee-aa10-032d6a9baea5 req-747f406d-ad8f-42c7-8aff-088d263b0fe3 6fc3248cc7564687a7594a5d4cd32dea 67d5299d765c4122b546eb7bf13327ca - - 6554e4942acc46fd9188d05bf42ba876 6554e4942acc46fd9188d05bf42ba876] 199.19.213.54 "GET /v2.0/ports?network_id=adac4321-5977-4620-a929-4404a78aa2b4&device_owner=network%3Adhcp HTTP/1.1" status: 200 len: 210 time: 0.0249639
2026-05-11 11:57:13.114 10 INFO neutron.wsgi [None req-bcb91cc1-dfcc-417f-90ea-ee8c7fee38ba 8aba56042aea4c6daeb6ddba5e1b65f1 711c7ce5874f46eb82873f74d2f39741 - - default default] 10.0.0.218 "DELETE /v2.0/networks/3c19cd80-bd11-4e71-b858-f30bab3cc5e2 HTTP/1.1" status: 204 len: 168 time: 0.9661405
2026-05-11 11:57:13.117 10 INFO neutron.wsgi [req-0c17a000-c933-49ee-aa10-032d6a9baea5 req-a8a68009-b9b2-45b7-a8b6-b783d0da9856 6fc3248cc7564687a7594a5d4cd32dea 67d5299d765c4122b546eb7bf13327ca - - 6554e4942acc46fd9188d05bf42ba876 6554e4942acc46fd9188d05bf42ba876] 199.19.213.54 "GET /v2.0/networks/adac4321-5977-4620-a929-4404a78aa2b4?fields=segments HTTP/1.1" status: 200 len: 212 time: 0.1399965 /var/lib/openstack/lib/python3.10/site-packages/pycadf/identifier.py:71: UserWarning: Invalid uuid: neutron. To ensure interoperability, identifiers should be a valid uuid. warnings.warn(('Invalid uuid: %s. To ensure interoperability, '
2026-05-11 11:57:13.130 9 WARNING neutron_lib.context [None req-11179686-b93c-49ce-899a-650a8115663c 8aba56042aea4c6daeb6ddba5e1b65f1 711c7ce5874f46eb82873f74d2f39741 - - default default] Method 'is_advsvc' is deprecated since 2023.2 release (neutron-lib 3.8.0) and will be removed once support for the old RBAC API policies will be removed from Neutron. Please use method 'is_service_role' instead.
2026-05-11 11:57:13.209 10 INFO neutron.wsgi [None req-9a55096a-41b4-45df-b27e-29e91cd99fd8 f2f8d377885f4565ba1b5a188d5e68df 4c6495a871e3481c89257f5ebff1a240 - - default default] 10.0.0.218 "DELETE /v2.0/networks/5d88e2e2-fb7e-4bfd-a84b-53903416ac52 HTTP/1.1" status: 204 len: 168 time: 0.9376838
2026-05-11 11:57:13.218 10 INFO neutron.wsgi [req-0c17a000-c933-49ee-aa10-032d6a9baea5 req-443d173a-6225-4f8f-84d4-ead6fb6df8f5 6fc3248cc7564687a7594a5d4cd32dea 67d5299d765c4122b546eb7bf13327ca - - 6554e4942acc46fd9188d05bf42ba876 6554e4942acc46fd9188d05bf42ba876] 199.19.213.54 "GET /v2.0/networks/adac4321-5977-4620-a929-4404a78aa2b4?fields=provider%3Aphysical_network&fields=provider%3Anetwork_type HTTP/1.1" status: 200 len: 277 time: 0.0919611
2026-05-11 11:57:13.222 9 INFO neutron.db.segments_db [None req-11179686-b93c-49ce-899a-650a8115663c 8aba56042aea4c6daeb6ddba5e1b65f1 711c7ce5874f46eb82873f74d2f39741 - - default default] Added segment 01deb13b-6154-432e-9bb4-2ca2249003f0 of type geneve for network 582f452b-4ce2-4ef6-a922-e2bff3971644
2026-05-11 11:57:13.366 9 INFO neutron.db.ovn_revision_numbers_db [None req-11179686-b93c-49ce-899a-650a8115663c 8aba56042aea4c6daeb6ddba5e1b65f1 711c7ce5874f46eb82873f74d2f39741 - - default default] Successfully bumped revision number for resource 582f452b-4ce2-4ef6-a922-e2bff3971644 (type: networks) to 1
2026-05-11 11:57:13.498 9 WARNING neutron_lib.context [None req-4710e384-1ce5-41d8-9c71-1f0bb448a1aa fcb5de3aa049461c98355b36ada36d28 c1003f4870764c9bbe8af087e237fa14 - - default default] Method 'is_advsvc' is deprecated since 2023.2 release (neutron-lib 3.8.0) and will be removed once support for the old RBAC API policies will be removed from Neutron. Please use method 'is_service_role' instead.
2026-05-11 11:57:13.597 9 WARNING neutron.scheduler.dhcp_agent_scheduler [None req-11179686-b93c-49ce-899a-650a8115663c 8aba56042aea4c6daeb6ddba5e1b65f1 711c7ce5874f46eb82873f74d2f39741 - - default default] No more DHCP agents
2026-05-11 11:57:13.603 9 WARNING neutron.api.rpc.agentnotifiers.dhcp_rpc_agent_api [None req-11179686-b93c-49ce-899a-650a8115663c 8aba56042aea4c6daeb6ddba5e1b65f1 711c7ce5874f46eb82873f74d2f39741 - - default default] Unable to schedule network 582f452b-4ce2-4ef6-a922-e2bff3971644: no agents available; will retry on subsequent port and subnet creation events.
2026-05-11 11:57:13.614 10 INFO neutron.wsgi [None req-55fc5902-ffef-4176-8baf-e2d365e658fc f2f8d377885f4565ba1b5a188d5e68df 4c6495a871e3481c89257f5ebff1a240 - - default default] 10.0.0.218 "DELETE /v2.0/networks/04fd67e1-f18e-43b8-a549-62fa091dd75e HTTP/1.1" status: 204 len: 168 time: 0.3996940
2026-05-11 11:57:13.693 9 INFO neutron.db.ovn_revision_numbers_db [None req-11179686-b93c-49ce-899a-650a8115663c 8aba56042aea4c6daeb6ddba5e1b65f1 711c7ce5874f46eb82873f74d2f39741 - - default default] Successfully bumped revision number for resource 0efd1c41-a1e4-44ad-9f40-ee76f68e368b (type: ports) to 1
2026-05-11 11:57:13.707 9 INFO neutron.db.ovn_revision_numbers_db [None req-4710e384-1ce5-41d8-9c71-1f0bb448a1aa fcb5de3aa049461c98355b36ada36d28 c1003f4870764c9bbe8af087e237fa14 - - default default] Successfully bumped revision number for resource 9b236bef-5567-4154-b282-141164e54090 (type: security_groups) to 1
2026-05-11 11:57:13.716 9 INFO neutron.wsgi [None req-11179686-b93c-49ce-899a-650a8115663c 8aba56042aea4c6daeb6ddba5e1b65f1 711c7ce5874f46eb82873f74d2f39741 - - default default] 10.0.0.218 "POST /v2.0/networks HTTP/1.1" status: 201 len: 830 time: 0.5934565
2026-05-11 11:57:13.729 9 WARNING neutron_lib.context [None req-486d5bf6-4fa0-40d3-a58b-ec53bb7502d4 8aba56042aea4c6daeb6ddba5e1b65f1 711c7ce5874f46eb82873f74d2f39741 - - default default] Method 'is_advsvc' is deprecated since 2023.2 release (neutron-lib 3.8.0) and will be removed once support for the old RBAC API policies will be removed from Neutron. Please use method 'is_service_role' instead.
2026-05-11 11:57:13.731 9 INFO neutron.db.ovn_revision_numbers_db [None req-4710e384-1ce5-41d8-9c71-1f0bb448a1aa fcb5de3aa049461c98355b36ada36d28 c1003f4870764c9bbe8af087e237fa14 - - default default] Successfully bumped revision number for resource 35d97371-b996-45b2-aaed-42fc7c95d6cb (type: security_group_rules) to 0
2026-05-11 11:57:13.755 9 INFO neutron.db.ovn_revision_numbers_db [None req-4710e384-1ce5-41d8-9c71-1f0bb448a1aa fcb5de3aa049461c98355b36ada36d28 c1003f4870764c9bbe8af087e237fa14 - - default default] Successfully bumped revision number for resource 9b6b27f1-f618-4073-9b23-b417aebe27de (type: security_group_rules) to 0
2026-05-11 11:57:13.779 9 INFO neutron.wsgi [None req-4710e384-1ce5-41d8-9c71-1f0bb448a1aa fcb5de3aa049461c98355b36ada36d28 c1003f4870764c9bbe8af087e237fa14 - - default default] 10.0.0.218 "POST /v2.0/security-groups HTTP/1.1" status: 201 len: 1873 time: 0.2850409
2026-05-11 11:57:13.788 10 WARNING neutron_lib.context [None req-7ade1b63-5efe-4bc0-ae9b-6c57bbd12c0e fcb5de3aa049461c98355b36ada36d28 c1003f4870764c9bbe8af087e237fa14 - - default default] Method 'is_advsvc' is deprecated since 2023.2 release (neutron-lib 3.8.0) and will be removed once support for the old RBAC API policies will be removed from Neutron. Please use method 'is_service_role' instead.
