2026-05-11 11:56:59.342 10 INFO neutron.wsgi [None req-d50bc656-5c0a-4a30-b55f-fe0d9f06e979 abd2183c30db483dbe0e1c56efe80b56 fd0514ce524941c2a589b2364d35b3aa - - default default] 10.0.0.218 "GET /v2.0/extensions/trunk HTTP/1.1" status: 200 len: 358 time: 0.0053601
2026-05-11 11:56:59.343 10 INFO neutron.db.ovn_revision_numbers_db [None req-cd290961-95db-4cab-966a-a743ff294fa3 f3f5f97eb76249029e44a4126801718c 6e9ff99e9b384559865da5526608b358 - - default default] Successfully bumped revision number for resource 7e23c5f0-fceb-4964-97f0-82bcdaeb591b (type: security_groups) to 1
2026-05-11 11:56:59.349 9 INFO neutron.wsgi [None req-0f2edb58-96b4-4d6c-88bb-8dd63875b205 abd2183c30db483dbe0e1c56efe80b56 fd0514ce524941c2a589b2364d35b3aa - - default default] 10.0.0.218 "GET /v2.0/extensions/trunk-details HTTP/1.1" status: 200 len: 362 time: 0.0042791
2026-05-11 11:56:59.360 10 INFO neutron.wsgi [None req-19b584ed-d0d8-44cb-99f0-29aa9c63eec3 abd2183c30db483dbe0e1c56efe80b56 fd0514ce524941c2a589b2364d35b3aa - - default default] 10.0.0.218 "GET /v2.0/extensions/vpn-agent-scheduler HTTP/1.1" status: 200 len: 393 time: 0.0055764
2026-05-11 11:56:59.369 10 INFO neutron.wsgi [None req-5d2daf75-2656-4333-a9fb-da634c94cb66 abd2183c30db483dbe0e1c56efe80b56 fd0514ce524941c2a589b2364d35b3aa - - default default] 10.0.0.218 "GET /v2.0/extensions/vpn-endpoint-groups HTTP/1.1" status: 200 len: 371 time: 0.0047705
2026-05-11 11:56:59.370 10 INFO neutron.db.ovn_revision_numbers_db [None req-cd290961-95db-4cab-966a-a743ff294fa3 f3f5f97eb76249029e44a4126801718c 6e9ff99e9b384559865da5526608b358 - - default default] Successfully bumped revision number for resource 67a139b5-7e7d-4dfe-b52e-ef6e19fa1181 (type: security_group_rules) to 0
2026-05-11 11:56:59.377 9 INFO neutron.wsgi [None req-555e2e2b-4e05-4551-843d-fc78a2836e10 abd2183c30db483dbe0e1c56efe80b56 fd0514ce524941c2a589b2364d35b3aa - - default default] 10.0.0.218 "GET /v2.0/extensions/vpn-flavors HTTP/1.1" status: 200 len: 376 time: 0.0038977
2026-05-11 11:56:59.387 10 INFO neutron.wsgi [None req-44a544fb-19e2-45e8-a1c3-f14f63eb4f6f abd2183c30db483dbe0e1c56efe80b56 fd0514ce524941c2a589b2364d35b3aa - - default default] 10.0.0.218 "GET /v2.0/extensions/vpnaas HTTP/1.1" status: 200 len: 348 time: 0.0059576
2026-05-11 11:56:59.393 10 INFO neutron.db.ovn_revision_numbers_db [None req-cd290961-95db-4cab-966a-a743ff294fa3 f3f5f97eb76249029e44a4126801718c 6e9ff99e9b384559865da5526608b358 - - default default] Successfully bumped revision number for resource 825e9db1-4907-49c6-83a6-30312652d4f9 (type: security_group_rules) to 0
2026-05-11 11:56:59.407 10 INFO neutron.db.ovn_revision_numbers_db [None req-cd290961-95db-4cab-966a-a743ff294fa3 f3f5f97eb76249029e44a4126801718c 6e9ff99e9b384559865da5526608b358 - - default default] Successfully bumped revision number for resource c65215df-2405-4689-9d49-983365174c03 (type: security_group_rules) to 0
2026-05-11 11:56:59.420 10 INFO neutron.db.ovn_revision_numbers_db [None req-cd290961-95db-4cab-966a-a743ff294fa3 f3f5f97eb76249029e44a4126801718c 6e9ff99e9b384559865da5526608b358 - - default default] Successfully bumped revision number for resource ce27bc0c-1dac-4c96-bd1e-a4944aacb84b (type: security_group_rules) to 0
2026-05-11 11:56:59.440 10 INFO neutron.wsgi [None req-cd290961-95db-4cab-966a-a743ff294fa3 f3f5f97eb76249029e44a4126801718c 6e9ff99e9b384559865da5526608b358 - - default default] 10.0.0.218 "GET /v2.0/security-groups?tenant_id=d6044e1be4724ecda1a766606bb6cbc9&name=default HTTP/1.1" status: 200 len: 3120 time: 0.5152316
2026-05-11 11:56:59.613 9 INFO neutron.wsgi [None req-0d321ff1-d44e-424b-a49b-7ffbcd582d52 6fa0ffbff0dd417c8697c16a42571504 8600a64058d14368ba7453dca215ff85 - - default default] 10.0.0.218 "DELETE /v2.0/ports/3c50651c-4663-44cd-a625-4a1118a60a7d HTTP/1.1" status: 204 len: 168 time: 0.2768130
2026-05-11 11:56:59.639 10 INFO neutron.wsgi [None req-de65dc9e-daee-4278-8682-f612b1b7d37b f3f5f97eb76249029e44a4126801718c 6e9ff99e9b384559865da5526608b358 - - default default] 10.0.0.218 "DELETE /v2.0/security-groups/7e23c5f0-fceb-4964-97f0-82bcdaeb591b HTTP/1.1" status: 204 len: 168 time: 0.1952126
2026-05-11 11:56:59.649 9 INFO neutron.pecan_wsgi.hooks.translation [None req-074152e9-621e-4848-85cb-da6f60782651 6fa0ffbff0dd417c8697c16a42571504 8600a64058d14368ba7453dca215ff85 - - default default] DELETE failed (client error): The resource could not be found.
2026-05-11 11:56:59.653 9 INFO neutron.wsgi [None req-074152e9-621e-4848-85cb-da6f60782651 6fa0ffbff0dd417c8697c16a42571504 8600a64058d14368ba7453dca215ff85 - - default default] 10.0.0.218 "DELETE /v2.0/ports/3c50651c-4663-44cd-a625-4a1118a60a7d HTTP/1.1" status: 404 len: 333 time: 0.0302694
2026-05-11 11:56:59.674 9 INFO neutron.pecan_wsgi.hooks.translation [None req-51329b0d-1d26-449c-ad99-64b1503e3a50 6fa0ffbff0dd417c8697c16a42571504 8600a64058d14368ba7453dca215ff85 - - default default] GET failed (client error): The resource could not be found.
2026-05-11 11:56:59.676 9 INFO neutron.wsgi [None req-51329b0d-1d26-449c-ad99-64b1503e3a50 6fa0ffbff0dd417c8697c16a42571504 8600a64058d14368ba7453dca215ff85 - - default default] 10.0.0.218 "GET /v2.0/ports/3c50651c-4663-44cd-a625-4a1118a60a7d HTTP/1.1" status: 404 len: 333 time: 0.0178213
2026-05-11 11:56:59.874 9 INFO neutron.wsgi [None req-b2b8717d-7aea-48bc-ac63-271093f135c2 6fa0ffbff0dd417c8697c16a42571504 8600a64058d14368ba7453dca215ff85 - - default default] 10.0.0.218 "DELETE /v2.0/subnets/cac5cccb-b4f5-4bd3-b0ae-8ea924515a0d HTTP/1.1" status: 204 len: 168 time: 0.1939712
2026-05-11 11:56:59.957 9 INFO neutron.db.ovn_revision_numbers_db [None req-e64d2844-fa18-4798-91dd-e5f4f4f6ba3a f3f5f97eb76249029e44a4126801718c 6e9ff99e9b384559865da5526608b358 - - default default] Successfully bumped revision number for resource 9595e902-2439-46b3-b151-e062f1c4f0de (type: security_groups) to 1
2026-05-11 11:56:59.971 9 INFO neutron.db.ovn_revision_numbers_db [None req-e64d2844-fa18-4798-91dd-e5f4f4f6ba3a f3f5f97eb76249029e44a4126801718c 6e9ff99e9b384559865da5526608b358 - - default default] Successfully bumped revision number for resource 27aaa7d1-a3f6-4462-a9d4-b582d148b54b (type: security_group_rules) to 0
2026-05-11 11:56:59.989 9 INFO neutron.db.ovn_revision_numbers_db [None req-e64d2844-fa18-4798-91dd-e5f4f4f6ba3a f3f5f97eb76249029e44a4126801718c 6e9ff99e9b384559865da5526608b358 - - default default] Successfully bumped revision number for resource d4d3ba42-b634-498c-9780-5dc3b7a2004b (type: security_group_rules) to 0
2026-05-11 11:57:00.004 9 INFO neutron.db.ovn_revision_numbers_db [None req-e64d2844-fa18-4798-91dd-e5f4f4f6ba3a f3f5f97eb76249029e44a4126801718c 6e9ff99e9b384559865da5526608b358 - - default default] Successfully bumped revision number for resource d79ad989-01f6-4b6f-ad34-4f2ff36e53e8 (type: security_group_rules) to 0
2026-05-11 11:57:00.032 9 INFO neutron.db.ovn_revision_numbers_db [None req-e64d2844-fa18-4798-91dd-e5f4f4f6ba3a f3f5f97eb76249029e44a4126801718c 6e9ff99e9b384559865da5526608b358 - - default default] Successfully bumped revision number for resource fbf2ce62-21bd-4e53-b3d7-cb94a22d9548 (type: security_group_rules) to 0
2026-05-11 11:57:00.046 10 INFO neutron.db.ovn_revision_numbers_db [None req-efe11e31-63c3-49d3-a046-620852405535 f3f5f97eb76249029e44a4126801718c 6e9ff99e9b384559865da5526608b358 - - default default] Successfully bumped revision number for resource 22c86bb3-0620-4622-8eb2-21ab57af9f81 (type: security_groups) to 1
2026-05-11 11:57:00.060 10 INFO neutron.db.ovn_revision_numbers_db [None req-efe11e31-63c3-49d3-a046-620852405535 f3f5f97eb76249029e44a4126801718c 6e9ff99e9b384559865da5526608b358 - - default default] Successfully bumped revision number for resource 26c3078e-4353-4360-b672-50490ddbb734 (type: security_group_rules) to 0
2026-05-11 11:57:00.061 9 INFO neutron.wsgi [None req-e64d2844-fa18-4798-91dd-e5f4f4f6ba3a f3f5f97eb76249029e44a4126801718c 6e9ff99e9b384559865da5526608b358 - - default default] 10.0.0.218 "GET /v2.0/security-groups?tenant_id=1e62ad50803847708b2e158d8bdc2894&name=default HTTP/1.1" status: 200 len: 3120 time: 0.2673693
2026-05-11 11:57:00.088 10 INFO neutron.db.ovn_revision_numbers_db [None req-efe11e31-63c3-49d3-a046-620852405535 f3f5f97eb76249029e44a4126801718c 6e9ff99e9b384559865da5526608b358 - - default default] Successfully bumped revision number for resource a354da4b-231d-47bf-8a38-2066ea052e8a (type: security_group_rules) to 0
2026-05-11 11:57:00.108 10 INFO neutron.db.ovn_revision_numbers_db [None req-efe11e31-63c3-49d3-a046-620852405535 f3f5f97eb76249029e44a4126801718c 6e9ff99e9b384559865da5526608b358 - - default default] Successfully bumped revision number for resource db54d2cf-4a37-4a04-bee5-cba9d25b4059 (type: security_group_rules) to 0
2026-05-11 11:57:00.127 10 INFO neutron.db.ovn_revision_numbers_db [None req-efe11e31-63c3-49d3-a046-620852405535 f3f5f97eb76249029e44a4126801718c 6e9ff99e9b384559865da5526608b358 - - default default] Successfully bumped revision number for resource e567a57a-02d7-4388-b355-b7b9ba7e5879 (type: security_group_rules) to 0
2026-05-11 11:57:00.171 10 INFO neutron.wsgi [None req-efe11e31-63c3-49d3-a046-620852405535 f3f5f97eb76249029e44a4126801718c 6e9ff99e9b384559865da5526608b358 - - default default] 10.0.0.218 "GET /v2.0/security-groups?tenant_id=fd0514ce524941c2a589b2364d35b3aa&name=default HTTP/1.1" status: 200 len: 3120 time: 0.3462498
2026-05-11 11:57:00.247 9 INFO neutron.services.segments.plugin [-] Segment cf703423-c6d2-4c98-913c-b33a4ff3745e resource provider aggregate not found
2026-05-11 11:57:00.253 9 INFO neutron.services.segments.plugin [-] Segment cf703423-c6d2-4c98-913c-b33a4ff3745e resource provider aggregate not found
2026-05-11 11:57:00.264 9 INFO neutron.services.segments.plugin [-] Segment cf703423-c6d2-4c98-913c-b33a4ff3745e resource provider not found; error: Placement Client Error (4xx): {"errors": [{"status": 404, "title": "Not Found", "detail": "The resource could not be found.\n\n No resource provider with uuid cf703423-c6d2-4c98-913c-b33a4ff3745e found for delete ", "request_id": "req-147a82a5-efa0-434f-bac7-61b32ae51578"}]}
2026-05-11 11:57:00.267 9 INFO neutron.services.segments.plugin [-] Segment cf703423-c6d2-4c98-913c-b33a4ff3745e resource provider not found; error: Placement Client Error (4xx): {"errors": [{"status": 404, "title": "Not Found", "detail": "The resource could not be found.\n\n No resource provider with uuid cf703423-c6d2-4c98-913c-b33a4ff3745e found for delete ", "request_id": "req-bf65a113-a2b4-49e9-bcfb-9d69adf676c3"}]}
2026-05-11 11:57:00.288 9 INFO neutron.wsgi [None req-97d5fce0-49ef-441e-b294-64738ddf9eb3 6fa0ffbff0dd417c8697c16a42571504 8600a64058d14368ba7453dca215ff85 - - default default] 10.0.0.218 "DELETE /v2.0/networks/a0c08e1e-6fc7-4d01-9a93-561a742af5c9 HTTP/1.1" status: 204 len: 168 time: 0.4073749
2026-05-11 11:57:00.300 9 WARNING neutron_lib.context [None req-8fe10c35-111d-49a5-848d-03f1da936c06 6fa0ffbff0dd417c8697c16a42571504 8600a64058d14368ba7453dca215ff85 - - default default] Method 'is_advsvc' is deprecated since 2023.2 release (neutron-lib 3.8.0) and will be removed once support for the old RBAC API policies will be removed from Neutron. Please use method 'is_service_role' instead.
2026-05-11 11:57:00.323 10 INFO neutron.wsgi [None req-35e085a5-8015-404e-be21-4638dc6f2e59 f3f5f97eb76249029e44a4126801718c 6e9ff99e9b384559865da5526608b358 - - default default] 10.0.0.218 "DELETE /v2.0/security-groups/9595e902-2439-46b3-b151-e062f1c4f0de HTTP/1.1" status: 204 len: 168 time: 0.2543809
2026-05-11 11:57:00.404 9 INFO neutron.db.segments_db [None req-8fe10c35-111d-49a5-848d-03f1da936c06 6fa0ffbff0dd417c8697c16a42571504 8600a64058d14368ba7453dca215ff85 - - default default] Added segment b2c11c39-c977-4a90-85a9-aad63d32f2d3 of type geneve for network ae042c1d-f11d-455a-90be-1876679a6778
2026-05-11 11:57:00.417 10 INFO neutron.wsgi [None req-266add3d-96f7-457a-ae78-267ded9098c6 f3f5f97eb76249029e44a4126801718c 6e9ff99e9b384559865da5526608b358 - - default default] 10.0.0.218 "DELETE /v2.0/security-groups/22c86bb3-0620-4622-8eb2-21ab57af9f81 HTTP/1.1" status: 204 len: 168 time: 0.2396305
2026-05-11 11:57:00.518 9 INFO neutron.db.ovn_revision_numbers_db [None req-8fe10c35-111d-49a5-848d-03f1da936c06 6fa0ffbff0dd417c8697c16a42571504 8600a64058d14368ba7453dca215ff85 - - default default] Successfully bumped revision number for resource ae042c1d-f11d-455a-90be-1876679a6778 (type: networks) to 1
2026-05-11 11:57:00.565 10 INFO neutron.db.ovn_revision_numbers_db [None req-80965dcc-1ef2-4a05-8f1e-c25a2974d1b4 f3f5f97eb76249029e44a4126801718c 6e9ff99e9b384559865da5526608b358 - - default default] Successfully bumped revision number for resource 493306f1-9bc7-4051-b9dd-8e448945cc8b (type: security_groups) to 1
2026-05-11 11:57:00.581 10 INFO neutron.db.ovn_revision_numbers_db [None req-80965dcc-1ef2-4a05-8f1e-c25a2974d1b4 f3f5f97eb76249029e44a4126801718c 6e9ff99e9b384559865da5526608b358 - - default default] Successfully bumped revision number for resource 1ca58384-c5ea-42d8-9207-1f2573a68e9b (type: security_group_rules) to 0
2026-05-11 11:57:00.602 10 INFO neutron.db.ovn_revision_numbers_db [None req-80965dcc-1ef2-4a05-8f1e-c25a2974d1b4 f3f5f97eb76249029e44a4126801718c 6e9ff99e9b384559865da5526608b358 - - default default] Successfully bumped revision number for resource 2f133fb6-8abb-46f6-a97f-83935260cb8d (type: security_group_rules) to 0
2026-05-11 11:57:00.618 10 INFO neutron.db.ovn_revision_numbers_db [None req-80965dcc-1ef2-4a05-8f1e-c25a2974d1b4 f3f5f97eb76249029e44a4126801718c 6e9ff99e9b384559865da5526608b358 - - default default] Successfully bumped revision number for resource 361ec777-8d34-4df7-9fa3-ef5c5cb90f84 (type: security_group_rules) to 0
2026-05-11 11:57:00.631 10 INFO neutron.db.ovn_revision_numbers_db [None req-80965dcc-1ef2-4a05-8f1e-c25a2974d1b4 f3f5f97eb76249029e44a4126801718c 6e9ff99e9b384559865da5526608b358 - - default default] Successfully bumped revision number for resource 830ea350-abf9-447f-8c30-8e09b8f6a4fc (type: security_group_rules) to 0
2026-05-11 11:57:00.651 10 INFO neutron.wsgi [None req-80965dcc-1ef2-4a05-8f1e-c25a2974d1b4 f3f5f97eb76249029e44a4126801718c 6e9ff99e9b384559865da5526608b358 - - default default] 10.0.0.218 "GET /v2.0/security-groups?tenant_id=953e96e9ee1f464f845b151638a71c7d&name=default HTTP/1.1" status: 200 len: 3120 time: 0.2161462
2026-05-11 11:57:00.720 9 WARNING neutron.scheduler.dhcp_agent_scheduler [None req-8fe10c35-111d-49a5-848d-03f1da936c06 6fa0ffbff0dd417c8697c16a42571504 8600a64058d14368ba7453dca215ff85 - - default default] No more DHCP agents
2026-05-11 11:57:00.722 9 WARNING neutron.api.rpc.agentnotifiers.dhcp_rpc_agent_api [None req-8fe10c35-111d-49a5-848d-03f1da936c06 6fa0ffbff0dd417c8697c16a42571504 8600a64058d14368ba7453dca215ff85 - - default default] Unable to schedule network ae042c1d-f11d-455a-90be-1876679a6778: no agents available; will retry on subsequent port and subnet creation events.
2026-05-11 11:57:00.798 9 INFO neutron.db.ovn_revision_numbers_db [None req-8fe10c35-111d-49a5-848d-03f1da936c06 6fa0ffbff0dd417c8697c16a42571504 8600a64058d14368ba7453dca215ff85 - - default default] Successfully bumped revision number for resource 091acf93-ba36-4a9d-b722-e233ae7cabf1 (type: ports) to 1
2026-05-11 11:57:00.826 9 INFO neutron.wsgi [None req-8fe10c35-111d-49a5-848d-03f1da936c06 6fa0ffbff0dd417c8697c16a42571504 8600a64058d14368ba7453dca215ff85 - - default default] 10.0.0.218 "POST /v2.0/networks HTTP/1.1" status: 201 len: 835 time: 0.5301867
2026-05-11 11:57:00.837 9 WARNING neutron_lib.context [None req-d66dffcd-8ff9-492a-b7ec-d92f77c07c19 6fa0ffbff0dd417c8697c16a42571504 8600a64058d14368ba7453dca215ff85 - - default default] Method 'is_advsvc' is deprecated since 2023.2 release (neutron-lib 3.8.0) and will be removed once support for the old RBAC API policies will be removed from Neutron. Please use method 'is_service_role' instead.
2026-05-11 11:57:00.897 10 INFO neutron.wsgi [None req-fa830eb4-b932-40c4-87f8-5ef766e1819d f3f5f97eb76249029e44a4126801718c 6e9ff99e9b384559865da5526608b358 - - default default] 10.0.0.218 "DELETE /v2.0/security-groups/493306f1-9bc7-4051-b9dd-8e448945cc8b HTTP/1.1" status: 204 len: 168 time: 0.2414312
2026-05-11 11:57:01.052 10 INFO neutron.wsgi [req-6f84c9d3-c9eb-44db-806d-c946c10cec17 req-1ec63e96-ea9d-448a-a749-45f5ed1c3178 6fc3248cc7564687a7594a5d4cd32dea 67d5299d765c4122b546eb7bf13327ca - - 6554e4942acc46fd9188d05bf42ba876 6554e4942acc46fd9188d05bf42ba876] 199.19.213.54 "GET /v2.0/ports?device_id=44135d8d-8da8-47de-ab8e-dc16a40aedd8&fields=binding%3Ahost_id&fields=binding%3Avif_type HTTP/1.1" status: 200 len: 265 time: 0.0720735
2026-05-11 11:57:01.072 9 WARNING neutron.scheduler.dhcp_agent_scheduler [None req-d66dffcd-8ff9-492a-b7ec-d92f77c07c19 6fa0ffbff0dd417c8697c16a42571504 8600a64058d14368ba7453dca215ff85 - - default default] No more DHCP agents
2026-05-11 11:57:01.075 9 WARNING neutron.api.rpc.agentnotifiers.dhcp_rpc_agent_api [None req-d66dffcd-8ff9-492a-b7ec-d92f77c07c19 6fa0ffbff0dd417c8697c16a42571504 8600a64058d14368ba7453dca215ff85 - - default default] Unable to schedule network ae042c1d-f11d-455a-90be-1876679a6778: no agents available; will retry on subsequent port and subnet creation events.
2026-05-11 11:57:01.111 9 INFO neutron.db.ovn_revision_numbers_db [None req-d66dffcd-8ff9-492a-b7ec-d92f77c07c19 6fa0ffbff0dd417c8697c16a42571504 8600a64058d14368ba7453dca215ff85 - - default default] Successfully bumped revision number for resource 9f181129-3c91-49fe-8aa6-c7dfe1e53792 (type: subnets) to 0
2026-05-11 11:57:01.126 9 INFO neutron.wsgi [None req-d66dffcd-8ff9-492a-b7ec-d92f77c07c19 6fa0ffbff0dd417c8697c16a42571504 8600a64058d14368ba7453dca215ff85 - - default default] 10.0.0.218 "POST /v2.0/subnets HTTP/1.1" status: 201 len: 821 time: 0.2947476
2026-05-11 11:57:01.136 9 WARNING neutron_lib.context [None req-a304cdbf-5eac-4688-830b-4a195d6f502d 6fa0ffbff0dd417c8697c16a42571504 8600a64058d14368ba7453dca215ff85 - - default default] Method 'is_advsvc' is deprecated since 2023.2 release (neutron-lib 3.8.0) and will be removed once support for the old RBAC API policies will be removed from Neutron. Please use method 'is_service_role' instead.
2026-05-11 11:57:01.140 10 INFO neutron.wsgi [req-6f84c9d3-c9eb-44db-806d-c946c10cec17 req-43633788-0822-4a10-bc8c-8ecec9d44ead 6fc3248cc7564687a7594a5d4cd32dea 67d5299d765c4122b546eb7bf13327ca - - 6554e4942acc46fd9188d05bf42ba876 6554e4942acc46fd9188d05bf42ba876] 199.19.213.54 "GET /v2.0/ports?tenant_id=c1003f4870764c9bbe8af087e237fa14&device_id=44135d8d-8da8-47de-ab8e-dc16a40aedd8 HTTP/1.1" status: 200 len: 1409 time: 0.0425146
2026-05-11 11:57:01.224 10 INFO neutron.wsgi [req-6f84c9d3-c9eb-44db-806d-c946c10cec17 req-5b7cdd56-a056-4bc7-adcb-4e3e87be4318 6fc3248cc7564687a7594a5d4cd32dea 67d5299d765c4122b546eb7bf13327ca - - 6554e4942acc46fd9188d05bf42ba876 6554e4942acc46fd9188d05bf42ba876] 199.19.213.54 "GET /v2.0/networks?id=adac4321-5977-4620-a929-4404a78aa2b4 HTTP/1.1" status: 200 len: 957 time: 0.0639956
2026-05-11 11:57:01.282 10 INFO neutron.wsgi [req-6f84c9d3-c9eb-44db-806d-c946c10cec17 req-2f620297-6dc0-4f94-b776-c29bbe493ffa 6fc3248cc7564687a7594a5d4cd32dea 67d5299d765c4122b546eb7bf13327ca - - 6554e4942acc46fd9188d05bf42ba876 6554e4942acc46fd9188d05bf42ba876] 199.19.213.54 "GET /v2.0/floatingips?fixed_ip_address=10.100.0.7&port_id=b06782bf-9ac5-4885-84cb-419ddbd6e313 HTTP/1.1" status: 200 len: 1059 time: 0.0511494
2026-05-11 11:57:01.328 10 INFO neutron.wsgi [req-6f84c9d3-c9eb-44db-806d-c946c10cec17 req-94d5339d-bbc9-492f-9f34-952a1059e683 6fc3248cc7564687a7594a5d4cd32dea 67d5299d765c4122b546eb7bf13327ca - - 6554e4942acc46fd9188d05bf42ba876 6554e4942acc46fd9188d05bf42ba876] 199.19.213.54 "GET /v2.0/subnets?id=aaa7dcc5-0481-4625-aa2b-0a450f088a76 HTTP/1.1" status: 200 len: 852 time: 0.0382850
2026-05-11 11:57:01.357 10 INFO neutron.wsgi [req-6f84c9d3-c9eb-44db-806d-c946c10cec17 req-0b16adb9-b341-4937-94e6-7891057c588b 6fc3248cc7564687a7594a5d4cd32dea 67d5299d765c4122b546eb7bf13327ca - - 6554e4942acc46fd9188d05bf42ba876 6554e4942acc46fd9188d05bf42ba876] 199.19.213.54 "GET /v2.0/ports?network_id=adac4321-5977-4620-a929-4404a78aa2b4&device_owner=network%3Adhcp HTTP/1.1" status: 200 len: 210 time: 0.0209341
2026-05-11 11:57:01.420 9 WARNING neutron.scheduler.dhcp_agent_scheduler [None req-a304cdbf-5eac-4688-830b-4a195d6f502d 6fa0ffbff0dd417c8697c16a42571504 8600a64058d14368ba7453dca215ff85 - - default default] No more DHCP agents
2026-05-11 11:57:01.422 9 WARNING neutron.api.rpc.agentnotifiers.dhcp_rpc_agent_api [None req-a304cdbf-5eac-4688-830b-4a195d6f502d 6fa0ffbff0dd417c8697c16a42571504 8600a64058d14368ba7453dca215ff85 - - default default] Unable to schedule network ae042c1d-f11d-455a-90be-1876679a6778: no agents available; will retry on subsequent port and subnet creation events.
2026-05-11 11:57:01.440 10 INFO neutron.wsgi [req-6f84c9d3-c9eb-44db-806d-c946c10cec17 req-4cbfca7e-0d12-488f-a9fc-f07acbc2260b 6fc3248cc7564687a7594a5d4cd32dea 67d5299d765c4122b546eb7bf13327ca - - 6554e4942acc46fd9188d05bf42ba876 6554e4942acc46fd9188d05bf42ba876] 199.19.213.54 "GET /v2.0/networks/adac4321-5977-4620-a929-4404a78aa2b4?fields=segments HTTP/1.1" status: 200 len: 212 time: 0.0766630
2026-05-11 11:57:01.507 10 INFO neutron.wsgi [req-6f84c9d3-c9eb-44db-806d-c946c10cec17 req-0b70fcc1-06d7-48d4-9318-5117ff342a9b 6fc3248cc7564687a7594a5d4cd32dea 67d5299d765c4122b546eb7bf13327ca - - 6554e4942acc46fd9188d05bf42ba876 6554e4942acc46fd9188d05bf42ba876] 199.19.213.54 "GET /v2.0/networks/adac4321-5977-4620-a929-4404a78aa2b4?fields=provider%3Aphysical_network&fields=provider%3Anetwork_type HTTP/1.1" status: 200 len: 277 time: 0.0602794
2026-05-11 11:57:01.522 9 INFO neutron.db.ovn_revision_numbers_db [None req-a304cdbf-5eac-4688-830b-4a195d6f502d 6fa0ffbff0dd417c8697c16a42571504 8600a64058d14368ba7453dca215ff85 - - default default] Successfully bumped revision number for resource 470fb036-b256-4881-aeb8-67d8e0bd5984 (type: ports) to 1
2026-05-11 11:57:01.547 9 INFO neutron.wsgi [None req-a304cdbf-5eac-4688-830b-4a195d6f502d 6fa0ffbff0dd417c8697c16a42571504 8600a64058d14368ba7453dca215ff85 - - default default] 10.0.0.218 "POST /v2.0/ports HTTP/1.1" status: 201 len: 1126 time: 0.4150422
2026-05-11 11:57:01.844 9 INFO neutron.wsgi [None req-cab3802f-f9a6-4ed8-b335-667f27045d63 6fa0ffbff0dd417c8697c16a42571504 8600a64058d14368ba7453dca215ff85 - - default default] 10.0.0.218 "DELETE /v2.0/ports/470fb036-b256-4881-aeb8-67d8e0bd5984 HTTP/1.1" status: 204 len: 168 time: 0.2926133
2026-05-11 11:57:01.869 9 INFO neutron.pecan_wsgi.hooks.translation [None req-29e83ad5-37ba-4652-9f0c-6505a086be80 6fa0ffbff0dd417c8697c16a42571504 8600a64058d14368ba7453dca215ff85 - - default default] GET failed (client error): The resource could not be found.
2026-05-11 11:57:01.871 9 INFO neutron.wsgi [None req-29e83ad5-37ba-4652-9f0c-6505a086be80 6fa0ffbff0dd417c8697c16a42571504 8600a64058d14368ba7453dca215ff85 - - default default] 10.0.0.218 "GET /v2.0/ports/470fb036-b256-4881-aeb8-67d8e0bd5984 HTTP/1.1" status: 404 len: 333 time: 0.0219970
2026-05-11 11:57:02.039 9 INFO neutron.wsgi [None req-362665b0-d662-42cf-be72-b3640509be8b 6fa0ffbff0dd417c8697c16a42571504 8600a64058d14368ba7453dca215ff85 - - default default] 10.0.0.218 "DELETE /v2.0/subnets/9f181129-3c91-49fe-8aa6-c7dfe1e53792 HTTP/1.1" status: 204 len: 168 time: 0.1634679
2026-05-11 11:57:02.232 9 WARNING neutron_lib.context [None req-420e2a11-34eb-4850-8766-66a5389f6dac f2f8d377885f4565ba1b5a188d5e68df 4c6495a871e3481c89257f5ebff1a240 - - default default] Method 'is_advsvc' is deprecated since 2023.2 release (neutron-lib 3.8.0) and will be removed once support for the old RBAC API policies will be removed from Neutron. Please use method 'is_service_role' instead.
2026-05-11 11:57:02.234 9 WARNING neutron_lib.context [None req-420e2a11-34eb-4850-8766-66a5389f6dac f2f8d377885f4565ba1b5a188d5e68df 4c6495a871e3481c89257f5ebff1a240 - - default default] Method 'is_advsvc' is deprecated since 2023.2 release (neutron-lib 3.8.0) and will be removed once support for the old RBAC API policies will be removed from Neutron. Please use method 'is_service_role' instead.
2026-05-11 11:57:02.636 9 INFO neutron.services.segments.plugin [-] Segment b2c11c39-c977-4a90-85a9-aad63d32f2d3 resource provider aggregate not found
2026-05-11 11:57:02.653 9 INFO neutron.services.segments.plugin [-] Segment b2c11c39-c977-4a90-85a9-aad63d32f2d3 resource provider not found; error: Placement Client Error (4xx): {"errors": [{"status": 404, "title": "Not Found", "detail": "The resource could not be found.\n\n No resource provider with uuid b2c11c39-c977-4a90-85a9-aad63d32f2d3 found for delete ", "request_id": "req-2f31dbf2-4108-4bc0-ba66-80bb5f2c5263"}]}
2026-05-11 11:57:02.657 9 INFO neutron.services.segments.plugin [-] Segment b2c11c39-c977-4a90-85a9-aad63d32f2d3 resource provider aggregate not found
2026-05-11 11:57:02.682 9 INFO neutron.services.segments.plugin [-] Segment b2c11c39-c977-4a90-85a9-aad63d32f2d3 resource provider not found; error: Placement Client Error (4xx): {"errors": [{"status": 404, "title": "Not Found", "detail": "The resource could not be found.\n\n No resource provider with uuid b2c11c39-c977-4a90-85a9-aad63d32f2d3 found for delete ", "request_id": "req-50d215f9-6b2e-4167-a9ee-09ca24ce1f65"}]}
2026-05-11 11:57:02.696 9 INFO neutron.wsgi [None req-d5f83cea-636d-4ac7-8539-669e73d169e6 6fa0ffbff0dd417c8697c16a42571504 8600a64058d14368ba7453dca215ff85 - - default default] 10.0.0.218 "DELETE /v2.0/networks/ae042c1d-f11d-455a-90be-1876679a6778 HTTP/1.1" status: 204 len: 168 time: 0.6507900
2026-05-11 11:57:02.698 9 INFO neutron.db.ovn_revision_numbers_db [None req-420e2a11-34eb-4850-8766-66a5389f6dac f2f8d377885f4565ba1b5a188d5e68df 4c6495a871e3481c89257f5ebff1a240 - - default default] Successfully bumped revision number for resource 83ad4be3-302b-4f75-aefa-52f736c26a44 (type: security_groups) to 1
2026-05-11 11:57:02.707 9 WARNING neutron_lib.context [None req-5678f359-9329-439f-932f-d2b69dcc03fb 6fa0ffbff0dd417c8697c16a42571504 8600a64058d14368ba7453dca215ff85 - - default default] Method 'is_advsvc' is deprecated since 2023.2 release (neutron-lib 3.8.0) and will be removed once support for the old RBAC API policies will be removed from Neutron. Please use method 'is_service_role' instead.
2026-05-11 11:57:02.725 9 INFO neutron.db.ovn_revision_numbers_db [None req-420e2a11-34eb-4850-8766-66a5389f6dac f2f8d377885f4565ba1b5a188d5e68df 4c6495a871e3481c89257f5ebff1a240 - - default default] Successfully bumped revision number for resource 14960ca6-f006-464c-b8df-280bd14af687 (type: security_group_rules) to 0
2026-05-11 11:57:02.741 9 INFO neutron.db.ovn_revision_numbers_db [None req-420e2a11-34eb-4850-8766-66a5389f6dac f2f8d377885f4565ba1b5a188d5e68df 4c6495a871e3481c89257f5ebff1a240 - - default default] Successfully bumped revision number for resource 26de529d-b147-4f75-852a-7fc09255e63b (type: security_group_rules) to 0
2026-05-11 11:57:02.756 9 INFO neutron.db.ovn_revision_numbers_db [None req-420e2a11-34eb-4850-8766-66a5389f6dac f2f8d377885f4565ba1b5a188d5e68df 4c6495a871e3481c89257f5ebff1a240 - - default default] Successfully bumped revision number for resource 57a0dd6a-946f-4cba-9694-b47c75d11da6 (type: security_group_rules) to 0
2026-05-11 11:57:02.773 9 INFO neutron.db.ovn_revision_numbers_db [None req-420e2a11-34eb-4850-8766-66a5389f6dac f2f8d377885f4565ba1b5a188d5e68df 4c6495a871e3481c89257f5ebff1a240 - - default default] Successfully bumped revision number for resource 7a45c3b9-098c-4ee8-9630-4455f71421a7 (type: security_group_rules) to 0
2026-05-11 11:57:02.853 9 INFO neutron.db.segments_db [None req-420e2a11-34eb-4850-8766-66a5389f6dac f2f8d377885f4565ba1b5a188d5e68df 4c6495a871e3481c89257f5ebff1a240 - - default default] Added segment 596b0bd1-6472-4fd0-818e-692bb00acc85 of type geneve for network 138dceec-5478-40ab-9885-37a829aae35d
2026-05-11 11:57:02.991 9 WARNING neutron.scheduler.dhcp_agent_scheduler [None req-5678f359-9329-439f-932f-d2b69dcc03fb 6fa0ffbff0dd417c8697c16a42571504 8600a64058d14368ba7453dca215ff85 - - default default] No more DHCP agents
2026-05-11 11:57:02.993 9 INFO neutron.db.segments_db [None req-420e2a11-34eb-4850-8766-66a5389f6dac f2f8d377885f4565ba1b5a188d5e68df 4c6495a871e3481c89257f5ebff1a240 - - default default] Added segment 065728e8-3eb4-479e-8af4-d637da1477b5 of type geneve for network effc9228-d4e2-4161-92fd-73668d5f7008
2026-05-11 11:57:02.998 9 WARNING neutron.api.rpc.agentnotifiers.dhcp_rpc_agent_api [None req-5678f359-9329-439f-932f-d2b69dcc03fb 6fa0ffbff0dd417c8697c16a42571504 8600a64058d14368ba7453dca215ff85 - - default default] Unable to schedule network 4cc88d5a-e90f-4367-a8cf-a5e87ee0602e: no agents available; will retry on subsequent port and subnet creation events.
2026-05-11 11:57:03.102 9 INFO neutron.db.ovn_revision_numbers_db [None req-5678f359-9329-439f-932f-d2b69dcc03fb 6fa0ffbff0dd417c8697c16a42571504 8600a64058d14368ba7453dca215ff85 - - default default] Successfully bumped revision number for resource b6f2c132-4784-49bf-b86f-a935445eec64 (type: ports) to 1
2026-05-11 11:57:03.147 9 INFO neutron.wsgi [None req-5678f359-9329-439f-932f-d2b69dcc03fb 6fa0ffbff0dd417c8697c16a42571504 8600a64058d14368ba7453dca215ff85 - - default default] 10.0.0.218 "POST /v2.0/ports HTTP/1.1" status: 201 len: 978 time: 0.4448533 /var/lib/openstack/lib/python3.10/site-packages/pycadf/identifier.py:71: UserWarning: Invalid uuid: neutron. To ensure interoperability, identifiers should be a valid uuid. warnings.warn(('Invalid uuid: %s. To ensure interoperability, '
2026-05-11 11:57:03.167 9 INFO neutron.db.ovn_revision_numbers_db [None req-420e2a11-34eb-4850-8766-66a5389f6dac f2f8d377885f4565ba1b5a188d5e68df 4c6495a871e3481c89257f5ebff1a240 - - default default] Successfully bumped revision number for resource 138dceec-5478-40ab-9885-37a829aae35d (type: networks) to 1
2026-05-11 11:57:03.370 9 WARNING neutron.scheduler.dhcp_agent_scheduler [None req-420e2a11-34eb-4850-8766-66a5389f6dac f2f8d377885f4565ba1b5a188d5e68df 4c6495a871e3481c89257f5ebff1a240 - - default default] No more DHCP agents
2026-05-11 11:57:03.372 9 WARNING neutron.api.rpc.agentnotifiers.dhcp_rpc_agent_api [None req-420e2a11-34eb-4850-8766-66a5389f6dac f2f8d377885f4565ba1b5a188d5e68df 4c6495a871e3481c89257f5ebff1a240 - - default default] Unable to schedule network 138dceec-5478-40ab-9885-37a829aae35d: no agents available; will retry on subsequent port and subnet creation events.
2026-05-11 11:57:03.450 9 INFO neutron.plugins.ml2.drivers.ovn.mech_driver.mech_driver [None req-02fafce6-5186-4500-9df5-51c680abb6c7 - - - - - -] OVN reports status down for port: b6f2c132-4784-49bf-b86f-a935445eec64
2026-05-11 11:57:03.503 9 INFO neutron.db.ovn_revision_numbers_db [None req-9dbdaf46-6dfc-4026-90f8-3709dde44f4f 6fa0ffbff0dd417c8697c16a42571504 8600a64058d14368ba7453dca215ff85 - - default default] Successfully bumped revision number for resource b6f2c132-4784-49bf-b86f-a935445eec64 (type: ports) to 2
2026-05-11 11:57:03.513 9 INFO neutron.wsgi [None req-9dbdaf46-6dfc-4026-90f8-3709dde44f4f 6fa0ffbff0dd417c8697c16a42571504 8600a64058d14368ba7453dca215ff85 - - default default] 10.0.0.218 "PUT /v2.0/ports/b6f2c132-4784-49bf-b86f-a935445eec64 HTTP/1.1" status: 200 len: 946 time: 0.3627381
2026-05-11 11:57:03.514 9 INFO neutron.db.ovn_revision_numbers_db [None req-420e2a11-34eb-4850-8766-66a5389f6dac f2f8d377885f4565ba1b5a188d5e68df 4c6495a871e3481c89257f5ebff1a240 - - default default] Successfully bumped revision number for resource d4396228-19cb-4e64-901a-b6d15879ab84 (type: ports) to 1
2026-05-11 11:57:03.591 9 INFO neutron.db.ovn_revision_numbers_db [None req-420e2a11-34eb-4850-8766-66a5389f6dac f2f8d377885f4565ba1b5a188d5e68df 4c6495a871e3481c89257f5ebff1a240 - - default default] Successfully bumped revision number for resource effc9228-d4e2-4161-92fd-73668d5f7008 (type: networks) to 1
2026-05-11 11:57:03.790 9 WARNING neutron.scheduler.dhcp_agent_scheduler [None req-420e2a11-34eb-4850-8766-66a5389f6dac f2f8d377885f4565ba1b5a188d5e68df 4c6495a871e3481c89257f5ebff1a240 - - default default] No more DHCP agents
2026-05-11 11:57:03.793 9 WARNING neutron.api.rpc.agentnotifiers.dhcp_rpc_agent_api [None req-420e2a11-34eb-4850-8766-66a5389f6dac f2f8d377885f4565ba1b5a188d5e68df 4c6495a871e3481c89257f5ebff1a240 - - default default] Unable to schedule network effc9228-d4e2-4161-92fd-73668d5f7008: no agents available; will retry on subsequent port and subnet creation events.
2026-05-11 11:57:03.849 10 INFO neutron.wsgi [None req-447ad8c4-d852-440f-93ff-2ce338d96bf7 6fa0ffbff0dd417c8697c16a42571504 8600a64058d14368ba7453dca215ff85 - - default default] 10.0.0.218 "DELETE /v2.0/ports/b6f2c132-4784-49bf-b86f-a935445eec64 HTTP/1.1" status: 204 len: 168 time: 0.3308787 /var/lib/openstack/lib/python3.10/site-packages/pycadf/identifier.py:71: UserWarning: Invalid uuid: neutron. To ensure interoperability, identifiers should be a valid uuid. warnings.warn(('Invalid uuid: %s. To ensure interoperability, '
2026-05-11 11:57:03.886 9 INFO neutron.db.ovn_revision_numbers_db [None req-420e2a11-34eb-4850-8766-66a5389f6dac f2f8d377885f4565ba1b5a188d5e68df 4c6495a871e3481c89257f5ebff1a240 - - default default] Successfully bumped revision number for resource 14bf4185-d693-4370-bcdd-6e8e9caa6ef0 (type: ports) to 1
2026-05-11 11:57:03.916 9 INFO neutron.wsgi [None req-420e2a11-34eb-4850-8766-66a5389f6dac f2f8d377885f4565ba1b5a188d5e68df 4c6495a871e3481c89257f5ebff1a240 - - default default] 10.0.0.218 "POST /v2.0/networks HTTP/1.1" status: 201 len: 1446 time: 1.7916775
2026-05-11 11:57:03.947 9 INFO neutron.wsgi [None req-b4c7e289-27f0-4015-9836-30b34baaa602 6fa0ffbff0dd417c8697c16a42571504 8600a64058d14368ba7453dca215ff85 - - default default] 10.0.0.218 "GET /v2.0/ports HTTP/1.1" status: 200 len: 1732 time: 0.0922544
2026-05-11 11:57:03.965 9 INFO neutron.pecan_wsgi.hooks.translation [None req-de7e326b-9c1d-4b48-8371-7b66c5951a00 6fa0ffbff0dd417c8697c16a42571504 8600a64058d14368ba7453dca215ff85 - - default default] GET failed (client error): The resource could not be found.
2026-05-11 11:57:03.967 9 INFO neutron.wsgi [None req-de7e326b-9c1d-4b48-8371-7b66c5951a00 6fa0ffbff0dd417c8697c16a42571504 8600a64058d14368ba7453dca215ff85 - - default default] 10.0.0.218 "GET /v2.0/ports/b6f2c132-4784-49bf-b86f-a935445eec64 HTTP/1.1" status: 404 len: 333 time: 0.0155125
2026-05-11 11:57:04.007 10 INFO neutron.wsgi [None req-4397964b-afd6-45ed-ac21-61e3cc8fe055 f2f8d377885f4565ba1b5a188d5e68df 4c6495a871e3481c89257f5ebff1a240 - - default default] 10.0.0.218 "GET /v2.0/networks HTTP/1.1" status: 200 len: 2052 time: 0.0848780
2026-05-11 11:57:04.017 9 INFO neutron.wsgi [None req-64039966-ca39-48e0-80e2-30bf42d0957e 6fa0ffbff0dd417c8697c16a42571504 8600a64058d14368ba7453dca215ff85 - - default default] 10.0.0.218 "GET /v2.0/ports HTTP/1.1" status: 200 len: 1732 time: 0.0434396
2026-05-11 11:57:04.052 9 INFO neutron.wsgi [None req-5ae3f183-6a19-4c46-9a2f-6c65729540b6 6fa0ffbff0dd417c8697c16a42571504 8600a64058d14368ba7453dca215ff85 - - default default] 10.0.0.218 "GET /v2.0/ports/c0ffb41a-bbd1-4d5c-94a5-fe0876db6b15 HTTP/1.1" status: 200 len: 972 time: 0.0277596
2026-05-11 11:57:04.072 9 INFO neutron.pecan_wsgi.hooks.translation [None req-5268e552-0e3b-4729-9061-bdcf94955d33 6fa0ffbff0dd417c8697c16a42571504 8600a64058d14368ba7453dca215ff85 - - default default] DELETE failed (client error): The resource could not be found.
2026-05-11 11:57:04.075 9 INFO neutron.wsgi [None req-5268e552-0e3b-4729-9061-bdcf94955d33 6fa0ffbff0dd417c8697c16a42571504 8600a64058d14368ba7453dca215ff85 - - default default] 10.0.0.218 "DELETE /v2.0/ports/470fb036-b256-4881-aeb8-67d8e0bd5984 HTTP/1.1" status: 404 len: 333 time: 0.0159559
2026-05-11 11:57:04.095 9 INFO neutron.pecan_wsgi.hooks.translation [None req-48fa66f5-4c62-49e5-9d46-5e41c59e239d 6fa0ffbff0dd417c8697c16a42571504 8600a64058d14368ba7453dca215ff85 - - default default] DELETE failed (client error): The resource could not be found.
2026-05-11 11:57:04.097 9 INFO neutron.wsgi [None req-48fa66f5-4c62-49e5-9d46-5e41c59e239d 6fa0ffbff0dd417c8697c16a42571504 8600a64058d14368ba7453dca215ff85 - - default default] 10.0.0.218 "DELETE /v2.0/subnets/9f181129-3c91-49fe-8aa6-c7dfe1e53792 HTTP/1.1" status: 404 len: 337 time: 0.0176258
2026-05-11 11:57:04.126 10 INFO neutron.pecan_wsgi.hooks.translation [None req-401ba924-8bd4-45dd-a531-71d13aac8d7d 6fa0ffbff0dd417c8697c16a42571504 8600a64058d14368ba7453dca215ff85 - - default default] DELETE failed (client error): The resource could not be found.
2026-05-11 11:57:04.128 10 INFO neutron.wsgi [None req-401ba924-8bd4-45dd-a531-71d13aac8d7d 6fa0ffbff0dd417c8697c16a42571504 8600a64058d14368ba7453dca215ff85 - - default default] 10.0.0.218 "DELETE /v2.0/subnets/cac5cccb-b4f5-4bd3-b0ae-8ea924515a0d HTTP/1.1" status: 404 len: 337 time: 0.0256479
2026-05-11 11:57:04.448 10 INFO neutron.services.segments.plugin [-] Segment 596b0bd1-6472-4fd0-818e-692bb00acc85 resource provider aggregate not found
2026-05-11 11:57:04.457 10 INFO neutron.services.segments.plugin [-] Segment 596b0bd1-6472-4fd0-818e-692bb00acc85 resource provider aggregate not found
2026-05-11 11:57:04.474 10 INFO neutron.services.segments.plugin [-] Segment 596b0bd1-6472-4fd0-818e-692bb00acc85 resource provider not found; error: Placement Client Error (4xx): {"errors": [{"status": 404, "title": "Not Found", "detail": "The resource could not be found.\n\n No resource provider with uuid 596b0bd1-6472-4fd0-818e-692bb00acc85 found for delete ", "request_id": "req-52b4740f-bbc6-478e-a426-14e91586ac45"}]}
2026-05-11 11:57:04.483 10 INFO neutron.services.segments.plugin [-] Segment 596b0bd1-6472-4fd0-818e-692bb00acc85 resource provider not found; error: Placement Client Error (4xx): {"errors": [{"status": 404, "title": "Not Found", "detail": "The resource could not be found.\n\n No resource provider with uuid 596b0bd1-6472-4fd0-818e-692bb00acc85 found for delete ", "request_id": "req-4c52efc9-1b55-4761-9bf1-e24bd5bc4f6b"}]}
2026-05-11 11:57:04.490 10 INFO neutron.wsgi [None req-afef040f-670a-4b49-84b7-50bedc600920 6fa0ffbff0dd417c8697c16a42571504 8600a64058d14368ba7453dca215ff85 - - default default] 10.0.0.218 "DELETE /v2.0/ports/c0ffb41a-bbd1-4d5c-94a5-fe0876db6b15 HTTP/1.1" status: 204 len: 168 time: 0.3576517
2026-05-11 11:57:04.496 10 INFO neutron.wsgi [None req-1d7d0600-54d8-4283-b0e6-15c7f1f5584c f2f8d377885f4565ba1b5a188d5e68df 4c6495a871e3481c89257f5ebff1a240 - - default default] 10.0.0.218 "DELETE /v2.0/networks/138dceec-5478-40ab-9885-37a829aae35d HTTP/1.1" status: 204 len: 168 time: 0.4853048
2026-05-11 11:57:04.859 9 INFO neutron.services.segments.plugin [-] Segment 45f46934-9097-48bd-aa91-3a3da41e8064 resource provider aggregate not found
2026-05-11 11:57:04.863 9 INFO neutron.services.segments.plugin [-] Segment 45f46934-9097-48bd-aa91-3a3da41e8064 resource provider aggregate not found
2026-05-11 11:57:04.869 10 INFO neutron.wsgi [-] 10.0.0.242 "GET / HTTP/1.1" status: 200 len: 247 time: 0.0024223
2026-05-11 11:57:04.872 10 INFO neutron.wsgi [-] 10.0.0.242 "GET / HTTP/1.1" status: 200 len: 247 time: 0.0014689
2026-05-11 11:57:04.879 10 INFO neutron.wsgi [None req-5e14aad7-16ec-4389-8f98-b3b1bbe05335 f2f8d377885f4565ba1b5a188d5e68df 4c6495a871e3481c89257f5ebff1a240 - - default default] 10.0.0.218 "DELETE /v2.0/networks/effc9228-d4e2-4161-92fd-73668d5f7008 HTTP/1.1" status: 204 len: 168 time: 0.3777928
2026-05-11 11:57:04.881 9 INFO neutron.services.segments.plugin [-] Segment 45f46934-9097-48bd-aa91-3a3da41e8064 resource provider not found; error: Placement Client Error (4xx): {"errors": [{"status": 404, "title": "Not Found", "detail": "The resource could not be found.\n\n No resource provider with uuid 45f46934-9097-48bd-aa91-3a3da41e8064 found for delete ", "request_id": "req-0751f61c-dea8-4d98-bba4-044dd705b761"}]}
2026-05-11 11:57:04.882 9 INFO neutron.services.segments.plugin [-] Segment 45f46934-9097-48bd-aa91-3a3da41e8064 resource provider not found; error: Placement Client Error (4xx): {"errors": [{"status": 404, "title": "Not Found", "detail": "The resource could not be found.\n\n No resource provider with uuid 45f46934-9097-48bd-aa91-3a3da41e8064 found for delete ", "request_id": "req-c56df395-7a13-4a65-8b89-7f05a33375f1"}]}
2026-05-11 11:57:04.912 9 INFO neutron.wsgi [None req-ad826655-9305-4891-9043-1b69760df115 6fa0ffbff0dd417c8697c16a42571504 8600a64058d14368ba7453dca215ff85 - - default default] 10.0.0.218 "DELETE /v2.0/networks/4cc88d5a-e90f-4367-a8cf-a5e87ee0602e HTTP/1.1" status: 204 len: 168 time: 0.4172196
2026-05-11 11:57:05.006 9 INFO neutron.wsgi [None req-f8e09ed3-dab8-4d11-a258-77ac2e920ed6 f2f8d377885f4565ba1b5a188d5e68df 4c6495a871e3481c89257f5ebff1a240 - - default default] 10.0.0.218 "GET /v2.0/networks HTTP/1.1" status: 200 len: 845 time: 0.1219440
2026-05-11 11:57:05.020 9 WARNING neutron_lib.context [None req-365b28be-41e1-47a3-9a3e-4e0851044785 f2f8d377885f4565ba1b5a188d5e68df 4c6495a871e3481c89257f5ebff1a240 - - default default] Method 'is_advsvc' is deprecated since 2023.2 release (neutron-lib 3.8.0) and will be removed once support for the old RBAC API policies will be removed from Neutron. Please use method 'is_service_role' instead.
2026-05-11 11:57:05.109 9 INFO neutron.db.segments_db [None req-365b28be-41e1-47a3-9a3e-4e0851044785 f2f8d377885f4565ba1b5a188d5e68df 4c6495a871e3481c89257f5ebff1a240 - - default default] Added segment de039fea-3c2c-4dd4-99fb-911379bfa72b of type geneve for network 04fd67e1-f18e-43b8-a549-62fa091dd75e
2026-05-11 11:57:05.225 10 INFO neutron.wsgi [None req-b17a2293-02ca-4260-b938-f2e3016b5d1b 36a0af309bd249979b7524a765cfce63 b3584de70d954620881dc7098ec24bdd - - default default] 10.0.0.218 "POST /v2.0/qos/policies HTTP/1.1" status: 201 len: 558 time: 0.2654817
2026-05-11 11:57:05.255 9 INFO neutron.db.ovn_revision_numbers_db [None req-365b28be-41e1-47a3-9a3e-4e0851044785 f2f8d377885f4565ba1b5a188d5e68df 4c6495a871e3481c89257f5ebff1a240 - - default default] Successfully bumped revision number for resource 04fd67e1-f18e-43b8-a549-62fa091dd75e (type: networks) to 1
2026-05-11 11:57:05.292 10 INFO neutron.wsgi [None req-23dd0503-934d-4cf9-a594-baa0b9e57f72 36a0af309bd249979b7524a765cfce63 b3584de70d954620881dc7098ec24bdd - - default default] 10.0.0.218 "POST /v2.0/qos/policies HTTP/1.1" status: 201 len: 558 time: 0.0607128
2026-05-11 11:57:05.338 10 INFO neutron.wsgi [None req-c33e5d59-8e91-4848-aa6f-e0a8b7c6331f 36a0af309bd249979b7524a765cfce63 b3584de70d954620881dc7098ec24bdd - - default default] 10.0.0.218 "POST /v2.0/qos/policies HTTP/1.1" status: 201 len: 558 time: 0.0401461
2026-05-11 11:57:05.387 10 INFO neutron.wsgi [None req-e9b0529c-6ecf-4013-87e0-8c7ff9d4c03c 36a0af309bd249979b7524a765cfce63 b3584de70d954620881dc7098ec24bdd - - default default] 10.0.0.218 "POST /v2.0/qos/policies HTTP/1.1" status: 201 len: 558 time: 0.0443881
2026-05-11 11:57:05.432 10 INFO neutron.wsgi [None req-dab38893-362f-4ba8-bc0a-eddcf592af41 36a0af309bd249979b7524a765cfce63 b3584de70d954620881dc7098ec24bdd - - default default] 10.0.0.218 "POST /v2.0/qos/policies HTTP/1.1" status: 201 len: 558 time: 0.0404105
2026-05-11 11:57:05.469 10 INFO neutron.wsgi [None req-e3b5ae2a-bd41-4106-8238-6f6f9701a66f 36a0af309bd249979b7524a765cfce63 b3584de70d954620881dc7098ec24bdd - - default default] 10.0.0.218 "PUT /v2.0/policies/7f345c83-3e79-475b-8be7-10342e910f8f/tags HTTP/1.1" status: 200 len: 210 time: 0.0310929
2026-05-11 11:57:05.484 9 WARNING neutron.scheduler.dhcp_agent_scheduler [None req-365b28be-41e1-47a3-9a3e-4e0851044785 f2f8d377885f4565ba1b5a188d5e68df 4c6495a871e3481c89257f5ebff1a240 - - default default] No more DHCP agents
2026-05-11 11:57:05.486 9 WARNING neutron.api.rpc.agentnotifiers.dhcp_rpc_agent_api [None req-365b28be-41e1-47a3-9a3e-4e0851044785 f2f8d377885f4565ba1b5a188d5e68df 4c6495a871e3481c89257f5ebff1a240 - - default default] Unable to schedule network 04fd67e1-f18e-43b8-a549-62fa091dd75e: no agents available; will retry on subsequent port and subnet creation events.
2026-05-11 11:57:05.502 10 INFO neutron.wsgi [None req-876a00e6-775d-403a-9e6a-7e84232a12d4 36a0af309bd249979b7524a765cfce63 b3584de70d954620881dc7098ec24bdd - - default default] 10.0.0.218 "PUT /v2.0/policies/845f3404-86e0-4730-8d0d-e187eb1cb2b5/tags HTTP/1.1" status: 200 len: 218 time: 0.0293281
2026-05-11 11:57:05.538 10 INFO neutron.wsgi [None req-de1ef93e-3a92-4abb-b6b8-fb8ae95af191 36a0af309bd249979b7524a765cfce63 b3584de70d954620881dc7098ec24bdd - - default default] 10.0.0.218 "PUT /v2.0/policies/14644d35-41d7-4690-8412-e142ed4b1ba4/tags HTTP/1.1" status: 200 len: 227 time: 0.0309327
2026-05-11 11:57:05.578 10 INFO neutron.wsgi [None req-e3aedeeb-777d-4571-a0d5-f9294a81b9c4 36a0af309bd249979b7524a765cfce63 b3584de70d954620881dc7098ec24bdd - - default default] 10.0.0.218 "PUT /v2.0/policies/06c64f66-b258-4057-b3f0-34bf1c7a5bd4/tags HTTP/1.1" status: 200 len: 212 time: 0.0268233
2026-05-11 11:57:05.583 9 INFO neutron.wsgi [None req-8f83de18-c5fb-48da-aabb-d1d435ab94fb f3f5f97eb76249029e44a4126801718c 6e9ff99e9b384559865da5526608b358 - - default default] 10.0.0.218 "GET /v2.0/security-groups?tenant_id=8600a64058d14368ba7453dca215ff85&name=default HTTP/1.1" status: 200 len: 3120 time: 0.1415849
2026-05-11 11:57:05.588 9 INFO neutron.db.ovn_revision_numbers_db [None req-365b28be-41e1-47a3-9a3e-4e0851044785 f2f8d377885f4565ba1b5a188d5e68df 4c6495a871e3481c89257f5ebff1a240 - - default default] Successfully bumped revision number for resource f7ecd6be-b814-4133-a6e2-303736b3d70c (type: ports) to 1
2026-05-11 11:57:05.615 9 INFO neutron.wsgi [None req-365b28be-41e1-47a3-9a3e-4e0851044785 f2f8d377885f4565ba1b5a188d5e68df 4c6495a871e3481c89257f5ebff1a240 - - default default] 10.0.0.218 "POST /v2.0/networks HTTP/1.1" status: 201 len: 853 time: 0.6009259
2026-05-11 11:57:05.626 10 WARNING neutron_lib.context [None req-53a73c2b-d4d5-4ac9-8aa3-d563cf489ec7 f2f8d377885f4565ba1b5a188d5e68df 4c6495a871e3481c89257f5ebff1a240 - - default default] Method 'is_advsvc' is deprecated since 2023.2 release (neutron-lib 3.8.0) and will be removed once support for the old RBAC API policies will be removed from Neutron. Please use method 'is_service_role' instead.
2026-05-11 11:57:05.731 10 INFO neutron.db.segments_db [None req-53a73c2b-d4d5-4ac9-8aa3-d563cf489ec7 f2f8d377885f4565ba1b5a188d5e68df 4c6495a871e3481c89257f5ebff1a240 - - default default] Added segment 0f1c506f-a88e-4a6c-a900-b9934c9815ef of type geneve for network 5d88e2e2-fb7e-4bfd-a84b-53903416ac52
2026-05-11 11:57:05.888 10 INFO neutron.db.ovn_revision_numbers_db [None req-53a73c2b-d4d5-4ac9-8aa3-d563cf489ec7 f2f8d377885f4565ba1b5a188d5e68df 4c6495a871e3481c89257f5ebff1a240 - - default default] Successfully bumped revision number for resource 5d88e2e2-fb7e-4bfd-a84b-53903416ac52 (type: networks) to 1
2026-05-11 11:57:05.893 10 INFO neutron.wsgi [None req-aa051c59-5b2a-47c7-8392-14dfa954290d f3f5f97eb76249029e44a4126801718c 6e9ff99e9b384559865da5526608b358 - - default default] 10.0.0.218 "DELETE /v2.0/security-groups/c4420583-1593-4f9a-8c31-e4a730b84398 HTTP/1.1" status: 204 len: 168 time: 0.3034365
2026-05-11 11:57:06.092 10 INFO neutron.wsgi [None req-de87639a-b51b-46ef-b170-d2aee05bf0e3 aaa94629051f44189429cb47e3a875dd 2cac17a9212e44b0b155eb10eab68ad8 - - default default] 10.0.0.218 "GET /v2.0/qos/policies?tags=red HTTP/1.1" status: 200 len: 1296 time: 0.1740346
2026-05-11 11:57:06.113 10 WARNING neutron.scheduler.dhcp_agent_scheduler [None req-53a73c2b-d4d5-4ac9-8aa3-d563cf489ec7 f2f8d377885f4565ba1b5a188d5e68df 4c6495a871e3481c89257f5ebff1a240 - - default default] No more DHCP agents
2026-05-11 11:57:06.117 10 WARNING neutron.api.rpc.agentnotifiers.dhcp_rpc_agent_api [None req-53a73c2b-d4d5-4ac9-8aa3-d563cf489ec7 f2f8d377885f4565ba1b5a188d5e68df 4c6495a871e3481c89257f5ebff1a240 - - default default] Unable to schedule network 5d88e2e2-fb7e-4bfd-a84b-53903416ac52: no agents available; will retry on subsequent port and subnet creation events.
2026-05-11 11:57:06.176 9 INFO neutron.wsgi [None req-cf1e92a1-e503-481b-971e-9eed6006794a aaa94629051f44189429cb47e3a875dd 2cac17a9212e44b0b155eb10eab68ad8 - - default default] 10.0.0.218 "GET /v2.0/qos/policies?tags=red%2Cblue HTTP/1.1" status: 200 len: 941 time: 0.0779521
2026-05-11 11:57:06.238 10 INFO neutron.db.ovn_revision_numbers_db [None req-53a73c2b-d4d5-4ac9-8aa3-d563cf489ec7 f2f8d377885f4565ba1b5a188d5e68df 4c6495a871e3481c89257f5ebff1a240 - - default default] Successfully bumped revision number for resource 519d6de4-f9c4-45e3-8670-b3e76be49f64 (type: ports) to 1
2026-05-11 11:57:06.245 9 INFO neutron.wsgi [None req-7ec09bc5-21b4-4ad3-bb4d-6e648373f37b aaa94629051f44189429cb47e3a875dd 2cac17a9212e44b0b155eb10eab68ad8 - - default default] 10.0.0.218 "GET /v2.0/qos/policies?tags-any=blue HTTP/1.1" status: 200 len: 941 time: 0.0651207
2026-05-11 11:57:06.261 10 INFO neutron.wsgi [None req-53a73c2b-d4d5-4ac9-8aa3-d563cf489ec7 f2f8d377885f4565ba1b5a188d5e68df 4c6495a871e3481c89257f5ebff1a240 - - default default] 10.0.0.218 "POST /v2.0/networks HTTP/1.1" status: 201 len: 853 time: 0.6400385
2026-05-11 11:57:06.272 10 WARNING neutron_lib.context [None req-dffd9889-47d8-408c-bead-ad22ccab2b4d f2f8d377885f4565ba1b5a188d5e68df 4c6495a871e3481c89257f5ebff1a240 - - default default] Method 'is_advsvc' is deprecated since 2023.2 release (neutron-lib 3.8.0) and will be removed once support for the old RBAC API policies will be removed from Neutron. Please use method 'is_service_role' instead.
2026-05-11 11:57:06.312 10 WARNING neutron_lib.context [None req-dffd9889-47d8-408c-bead-ad22ccab2b4d f2f8d377885f4565ba1b5a188d5e68df 4c6495a871e3481c89257f5ebff1a240 - - default default] Method 'is_advsvc' is deprecated since 2023.2 release (neutron-lib 3.8.0) and will be removed once support for the old RBAC API policies will be removed from Neutron. Please use method 'is_service_role' instead.
