2026-05-11 11:59:21.444 10 INFO neutron.db.ovn_revision_numbers_db [req-294a8720-a22d-423c-9d43-801d5e08cea7 req-34fb34d4-c3c5-4575-8e7a-2f1048cb8a52 f3f5f97eb76249029e44a4126801718c 6e9ff99e9b384559865da5526608b358 - - default default] Successfully bumped revision number for resource ffd8f94c-f47f-4c57-af62-186b7e9720d6 (type: ports) to 1
2026-05-11 11:59:21.483 10 INFO neutron.wsgi [req-294a8720-a22d-423c-9d43-801d5e08cea7 req-34fb34d4-c3c5-4575-8e7a-2f1048cb8a52 f3f5f97eb76249029e44a4126801718c 6e9ff99e9b384559865da5526608b358 - - default default] 199.19.213.54 "POST /v2.0/ports HTTP/1.1" status: 201 len: 1287 time: 0.6460209 /var/lib/openstack/lib/python3.10/site-packages/pycadf/identifier.py:71: UserWarning: Invalid uuid: neutron. To ensure interoperability, identifiers should be a valid uuid. warnings.warn(('Invalid uuid: %s. To ensure interoperability, '
2026-05-11 11:59:21.542 10 WARNING neutron.scheduler.dhcp_agent_scheduler [None req-6c4e4f55-9511-4f62-b865-0765f35bfa3e b726fc6036ae4ec3b818fddbe2e5e394 b78a9941f1e544019c9603cfee75b6ac - - default default] No more DHCP agents
2026-05-11 11:59:21.551 10 WARNING neutron.api.rpc.agentnotifiers.dhcp_rpc_agent_api [None req-6c4e4f55-9511-4f62-b865-0765f35bfa3e b726fc6036ae4ec3b818fddbe2e5e394 b78a9941f1e544019c9603cfee75b6ac - - default default] Unable to schedule network 3aaa00bd-5c67-4f0f-9453-b1bac728eb43: no agents available; will retry on subsequent port and subnet creation events.
2026-05-11 11:59:21.643 9 INFO neutron.wsgi [None req-48209011-5a54-4e2e-8035-def48de9f4ec 63e50dfcd5284be686aefd1d7365c6d3 b643ca26b08a42e7937e1f556b726fa4 - - default default] 10.0.0.218 "POST /v2.0/trunks HTTP/1.1" status: 201 len: 608 time: 0.2703919
2026-05-11 11:59:21.655 9 WARNING neutron_lib.context [None req-4432a50d-7da3-46d9-8fc7-f640c26be363 63e50dfcd5284be686aefd1d7365c6d3 b643ca26b08a42e7937e1f556b726fa4 - - default default] Method 'is_advsvc' is deprecated since 2023.2 release (neutron-lib 3.8.0) and will be removed once support for the old RBAC API policies will be removed from Neutron. Please use method 'is_service_role' instead.
2026-05-11 11:59:21.768 9 INFO neutron.db.segments_db [None req-4432a50d-7da3-46d9-8fc7-f640c26be363 63e50dfcd5284be686aefd1d7365c6d3 b643ca26b08a42e7937e1f556b726fa4 - - default default] Added segment 64a8878c-6b8e-4e91-865e-143ace68bb89 of type geneve for network 5925fefe-3e52-4839-8426-2a4aee1222f3
2026-05-11 11:59:21.876 10 INFO neutron.wsgi [None req-214a1287-89e2-4ab7-be3b-d70c3e04c129 f3f5f97eb76249029e44a4126801718c 6e9ff99e9b384559865da5526608b358 - - default default] 10.0.0.77 "GET /v2.0/agents HTTP/1.1" status: 200 len: 1390 time: 0.0912652
2026-05-11 11:59:21.878 10 INFO neutron.db.ovn_revision_numbers_db [None req-6c4e4f55-9511-4f62-b865-0765f35bfa3e b726fc6036ae4ec3b818fddbe2e5e394 b78a9941f1e544019c9603cfee75b6ac - - default default] Successfully bumped revision number for resource a89d84be-97ec-425c-ac3c-fcd6352e38ec (type: ports) to 1
2026-05-11 11:59:21.905 10 INFO neutron.wsgi [None req-868a474b-a938-400f-b828-2736dc47cb33 f3f5f97eb76249029e44a4126801718c 6e9ff99e9b384559865da5526608b358 - - default default] 10.0.0.77 "GET /v2.0/network-ip-availabilities HTTP/1.1" status: 200 len: 6041 time: 0.0244880
2026-05-11 11:59:21.958 10 INFO neutron.wsgi [None req-6c4e4f55-9511-4f62-b865-0765f35bfa3e b726fc6036ae4ec3b818fddbe2e5e394 b78a9941f1e544019c9603cfee75b6ac - - default default] 10.0.0.218 "POST /v2.0/networks HTTP/1.1" status: 201 len: 830 time: 0.9567678
2026-05-11 11:59:21.970 10 WARNING neutron_lib.context [None req-5f66aa66-2860-4929-8d10-578ae38d97ab b726fc6036ae4ec3b818fddbe2e5e394 b78a9941f1e544019c9603cfee75b6ac - - default default] Method 'is_advsvc' is deprecated since 2023.2 release (neutron-lib 3.8.0) and will be removed once support for the old RBAC API policies will be removed from Neutron. Please use method 'is_service_role' instead.
2026-05-11 11:59:21.977 9 INFO neutron.db.ovn_revision_numbers_db [None req-4432a50d-7da3-46d9-8fc7-f640c26be363 63e50dfcd5284be686aefd1d7365c6d3 b643ca26b08a42e7937e1f556b726fa4 - - default default] Successfully bumped revision number for resource 5925fefe-3e52-4839-8426-2a4aee1222f3 (type: networks) to 1
2026-05-11 11:59:21.984 10 INFO neutron.wsgi [None req-c2714650-f070-4d30-be39-3a226fdcb2dd f3f5f97eb76249029e44a4126801718c 6e9ff99e9b384559865da5526608b358 - - default default] 10.0.0.77 "GET /v2.0/subnets HTTP/1.1" status: 200 len: 5497 time: 0.0753367
2026-05-11 11:59:22.292 10 INFO neutron.wsgi [None req-5fea2190-8df9-4ac2-8f02-6058542df455 f3f5f97eb76249029e44a4126801718c 6e9ff99e9b384559865da5526608b358 - - default default] 10.0.0.77 "GET /v2.0/routers HTTP/1.1" status: 200 len: 1141 time: 0.3052523
2026-05-11 11:59:22.312 10 INFO neutron.wsgi [None req-884d0145-20ef-41e3-a12a-37a479368dcc f3f5f97eb76249029e44a4126801718c 6e9ff99e9b384559865da5526608b358 - - default default] 10.0.0.77 "GET /v2.0/agents?binary=ovn-controller HTTP/1.1" status: 200 len: 591 time: 0.0172346
2026-05-11 11:59:22.380 9 WARNING neutron.scheduler.dhcp_agent_scheduler [None req-4432a50d-7da3-46d9-8fc7-f640c26be363 63e50dfcd5284be686aefd1d7365c6d3 b643ca26b08a42e7937e1f556b726fa4 - - default default] No more DHCP agents
2026-05-11 11:59:22.382 9 WARNING neutron.api.rpc.agentnotifiers.dhcp_rpc_agent_api [None req-4432a50d-7da3-46d9-8fc7-f640c26be363 63e50dfcd5284be686aefd1d7365c6d3 b643ca26b08a42e7937e1f556b726fa4 - - default default] Unable to schedule network 5925fefe-3e52-4839-8426-2a4aee1222f3: no agents available; will retry on subsequent port and subnet creation events.
2026-05-11 11:59:22.541 10 INFO neutron.wsgi [None req-af4e12fd-f4e3-4450-a9c8-e3942e7e1c83 f3f5f97eb76249029e44a4126801718c 6e9ff99e9b384559865da5526608b358 - - default default] 10.0.0.77 "GET /v2.0/networks HTTP/1.1" status: 200 len: 11788 time: 0.2166226
2026-05-11 11:59:22.555 9 INFO neutron.db.ovn_revision_numbers_db [None req-4432a50d-7da3-46d9-8fc7-f640c26be363 63e50dfcd5284be686aefd1d7365c6d3 b643ca26b08a42e7937e1f556b726fa4 - - default default] Successfully bumped revision number for resource 9cdf5ff5-99c8-41e6-8ed1-32f62f1e72cf (type: ports) to 1 /var/lib/openstack/lib/python3.10/site-packages/pycadf/identifier.py:71: UserWarning: Invalid uuid: neutron. To ensure interoperability, identifiers should be a valid uuid. warnings.warn(('Invalid uuid: %s. To ensure interoperability, '
2026-05-11 11:59:22.585 9 INFO neutron.wsgi [None req-4432a50d-7da3-46d9-8fc7-f640c26be363 63e50dfcd5284be686aefd1d7365c6d3 b643ca26b08a42e7937e1f556b726fa4 - - default default] 10.0.0.218 "POST /v2.0/networks HTTP/1.1" status: 201 len: 831 time: 0.9352610
2026-05-11 11:59:22.598 9 WARNING neutron_lib.context [None req-f3f14016-9172-44d0-bf3e-bcc780f37d22 63e50dfcd5284be686aefd1d7365c6d3 b643ca26b08a42e7937e1f556b726fa4 - - default default] Method 'is_advsvc' is deprecated since 2023.2 release (neutron-lib 3.8.0) and will be removed once support for the old RBAC API policies will be removed from Neutron. Please use method 'is_service_role' instead.
2026-05-11 11:59:22.659 10 INFO neutron.wsgi [None req-67680f62-4b3e-4607-be3d-c8ec0758145f f3f5f97eb76249029e44a4126801718c 6e9ff99e9b384559865da5526608b358 - - default default] 10.0.0.77 "GET /v2.0/subnets HTTP/1.1" status: 200 len: 5497 time: 0.1025891
2026-05-11 11:59:22.686 10 INFO neutron.wsgi [None req-8f2b3c0c-1bb1-4c4d-93f4-00d3c7709ed1 f3f5f97eb76249029e44a4126801718c 6e9ff99e9b384559865da5526608b358 - - default default] 10.0.0.77 "GET /v2.0/subnetpools HTTP/1.1" status: 200 len: 193 time: 0.0209010
2026-05-11 11:59:22.801 10 INFO neutron.wsgi [None req-169b980f-f8b1-4337-8e67-e2d2b31a385c f3f5f97eb76249029e44a4126801718c 6e9ff99e9b384559865da5526608b358 - - default default] 10.0.0.77 "GET /v2.0/floatingips HTTP/1.1" status: 200 len: 1877 time: 0.1109545
2026-05-11 11:59:22.865 10 INFO neutron.db.ovn_revision_numbers_db [req-294a8720-a22d-423c-9d43-801d5e08cea7 req-931498c0-4062-4174-ba17-1c776fa91b0d 6fc3248cc7564687a7594a5d4cd32dea 67d5299d765c4122b546eb7bf13327ca - - 6554e4942acc46fd9188d05bf42ba876 6554e4942acc46fd9188d05bf42ba876] Successfully bumped revision number for resource ffd8f94c-f47f-4c57-af62-186b7e9720d6 (type: ports) to 2
2026-05-11 11:59:22.872 9 WARNING neutron.scheduler.dhcp_agent_scheduler [None req-f3f14016-9172-44d0-bf3e-bcc780f37d22 63e50dfcd5284be686aefd1d7365c6d3 b643ca26b08a42e7937e1f556b726fa4 - - default default] No more DHCP agents
2026-05-11 11:59:22.874 9 WARNING neutron.api.rpc.agentnotifiers.dhcp_rpc_agent_api [None req-f3f14016-9172-44d0-bf3e-bcc780f37d22 63e50dfcd5284be686aefd1d7365c6d3 b643ca26b08a42e7937e1f556b726fa4 - - default default] Unable to schedule network 5925fefe-3e52-4839-8426-2a4aee1222f3: no agents available; will retry on subsequent port and subnet creation events.
2026-05-11 11:59:22.881 10 WARNING neutron.scheduler.dhcp_agent_scheduler [None req-5f66aa66-2860-4929-8d10-578ae38d97ab b726fc6036ae4ec3b818fddbe2e5e394 b78a9941f1e544019c9603cfee75b6ac - - default default] No more DHCP agents
2026-05-11 11:59:22.889 10 WARNING neutron.api.rpc.agentnotifiers.dhcp_rpc_agent_api [None req-5f66aa66-2860-4929-8d10-578ae38d97ab b726fc6036ae4ec3b818fddbe2e5e394 b78a9941f1e544019c9603cfee75b6ac - - default default] Unable to schedule network 3aaa00bd-5c67-4f0f-9453-b1bac728eb43: no agents available; will retry on subsequent port and subnet creation events.
2026-05-11 11:59:22.929 10 INFO neutron.wsgi [None req-ef6074dd-742d-40b6-8019-4c448b4c9d52 f3f5f97eb76249029e44a4126801718c 6e9ff99e9b384559865da5526608b358 - - default default] 10.0.0.77 "GET /v2.0/security-groups HTTP/1.1" status: 200 len: 36242 time: 0.1237476 /var/lib/openstack/lib/python3.10/site-packages/pycadf/identifier.py:71: UserWarning: Invalid uuid: neutron. To ensure interoperability, identifiers should be a valid uuid. warnings.warn(('Invalid uuid: %s. To ensure interoperability, '
2026-05-11 11:59:22.969 9 INFO neutron.db.ovn_revision_numbers_db [None req-f3f14016-9172-44d0-bf3e-bcc780f37d22 63e50dfcd5284be686aefd1d7365c6d3 b643ca26b08a42e7937e1f556b726fa4 - - default default] Successfully bumped revision number for resource 2eaaaadc-2737-4703-a800-2a8bf72a6a7e (type: ports) to 1
2026-05-11 11:59:22.988 9 INFO neutron.wsgi [None req-f3f14016-9172-44d0-bf3e-bcc780f37d22 63e50dfcd5284be686aefd1d7365c6d3 b643ca26b08a42e7937e1f556b726fa4 - - default default] 10.0.0.218 "POST /v2.0/ports HTTP/1.1" status: 201 len: 942 time: 0.3962569 /var/lib/openstack/lib/python3.10/site-packages/pycadf/identifier.py:71: UserWarning: Invalid uuid: neutron. To ensure interoperability, identifiers should be a valid uuid. warnings.warn(('Invalid uuid: %s. To ensure interoperability, '
2026-05-11 11:59:23.013 9 WARNING neutron_lib.context [None req-956b5f29-5917-4f52-b791-7c02d107211f 63e50dfcd5284be686aefd1d7365c6d3 b643ca26b08a42e7937e1f556b726fa4 - - default default] Method 'is_advsvc' is deprecated since 2023.2 release (neutron-lib 3.8.0) and will be removed once support for the old RBAC API policies will be removed from Neutron. Please use method 'is_service_role' instead.
2026-05-11 11:59:23.217 9 INFO neutron.wsgi [None req-956b5f29-5917-4f52-b791-7c02d107211f 63e50dfcd5284be686aefd1d7365c6d3 b643ca26b08a42e7937e1f556b726fa4 - - default default] 10.0.0.218 "POST /v2.0/trunks HTTP/1.1" status: 201 len: 608 time: 0.2118979
2026-05-11 11:59:23.225 9 INFO neutron.wsgi [req-e17ea121-8f8f-4d1a-9058-7f4bae189b13 req-b9a78afd-35dc-4890-bf64-a2849df0567c f3f5f97eb76249029e44a4126801718c 6e9ff99e9b384559865da5526608b358 - - default default] 10.0.0.160 "GET /v2.0/ports?device_id=fb9fac68-8502-4cb2-aa01-3abd48782308 HTTP/1.1" status: 200 len: 1305 time: 0.0399928
2026-05-11 11:59:23.269 9 INFO neutron.wsgi [None req-5ec652a2-992a-4ed9-96ba-37ba3fdce1ca 63e50dfcd5284be686aefd1d7365c6d3 b643ca26b08a42e7937e1f556b726fa4 - - default default] 10.0.0.218 "PUT /v2.0/trunks/fc9d9d6e-8ac3-455c-a5fa-57196fd37606/tags HTTP/1.1" status: 200 len: 210 time: 0.0434270
2026-05-11 11:59:23.288 9 INFO neutron.wsgi [req-e17ea121-8f8f-4d1a-9058-7f4bae189b13 req-0a397e95-9ed5-4acd-b268-91c736f1950b f3f5f97eb76249029e44a4126801718c 6e9ff99e9b384559865da5526608b358 - - default default] 10.0.0.160 "GET /v2.0/security-groups?id=08179ff3-f085-43dc-b802-540430c88394&fields=id&fields=name HTTP/1.1" status: 200 len: 294 time: 0.0563145
2026-05-11 11:59:23.307 9 INFO neutron.wsgi [None req-3745b85e-a070-4da5-974c-7d594115e599 63e50dfcd5284be686aefd1d7365c6d3 b643ca26b08a42e7937e1f556b726fa4 - - default default] 10.0.0.218 "PUT /v2.0/trunks/ad73d58f-ff16-4b88-9595-2d84ccfa6ff5/tags HTTP/1.1" status: 200 len: 218 time: 0.0318918
2026-05-11 11:59:23.341 9 INFO neutron.wsgi [None req-879c44c5-f0b7-4efb-abb3-d90c90093db6 63e50dfcd5284be686aefd1d7365c6d3 b643ca26b08a42e7937e1f556b726fa4 - - default default] 10.0.0.218 "PUT /v2.0/trunks/f41398c1-fde1-40c1-b669-42d50eb813e4/tags HTTP/1.1" status: 200 len: 227 time: 0.0295913
2026-05-11 11:59:23.375 9 INFO neutron.wsgi [None req-1578bc88-27a7-49e2-8c1d-6e80090eae0b 63e50dfcd5284be686aefd1d7365c6d3 b643ca26b08a42e7937e1f556b726fa4 - - default default] 10.0.0.218 "PUT /v2.0/trunks/fcad7918-40fc-45ba-b71a-023be35dc0f5/tags HTTP/1.1" status: 200 len: 212 time: 0.0280795
2026-05-11 11:59:23.404 9 INFO neutron.wsgi [None req-b7fb7622-95b5-4335-a35d-5e241f1d8e7c 63e50dfcd5284be686aefd1d7365c6d3 b643ca26b08a42e7937e1f556b726fa4 - - default default] 10.0.0.218 "GET /v2.0/trunks?tags=red HTTP/1.1" status: 200 len: 1447 time: 0.0243137
2026-05-11 11:59:23.429 9 INFO neutron.wsgi [None req-4242c55e-08ca-45bf-ba72-95274e1c8a11 63e50dfcd5284be686aefd1d7365c6d3 b643ca26b08a42e7937e1f556b726fa4 - - default default] 10.0.0.218 "GET /v2.0/trunks?tags=red%2Cblue HTTP/1.1" status: 200 len: 1041 time: 0.0201800
2026-05-11 11:59:23.456 9 INFO neutron.wsgi [None req-f4cafe87-409f-4b71-8bcf-0714b7e721d1 63e50dfcd5284be686aefd1d7365c6d3 b643ca26b08a42e7937e1f556b726fa4 - - default default] 10.0.0.218 "GET /v2.0/trunks?tags-any=blue HTTP/1.1" status: 200 len: 1041 time: 0.0215170
2026-05-11 11:59:23.482 9 INFO neutron.wsgi [None req-31f98a30-09c5-4d91-bfad-5eeff1a63316 63e50dfcd5284be686aefd1d7365c6d3 b643ca26b08a42e7937e1f556b726fa4 - - default default] 10.0.0.218 "GET /v2.0/trunks?tags-any=red%2Cblue HTTP/1.1" status: 200 len: 1447 time: 0.0218284
2026-05-11 11:59:23.507 9 INFO neutron.wsgi [None req-04838be7-65bc-488f-a1c2-c8dd825d79b8 63e50dfcd5284be686aefd1d7365c6d3 b643ca26b08a42e7937e1f556b726fa4 - - default default] 10.0.0.218 "GET /v2.0/trunks?not-tags=red HTTP/1.1" status: 200 len: 1013 time: 0.0201588
2026-05-11 11:59:23.537 9 INFO neutron.wsgi [None req-0501ac4c-a92d-42e0-b434-65eed0b3ee23 63e50dfcd5284be686aefd1d7365c6d3 b643ca26b08a42e7937e1f556b726fa4 - - default default] 10.0.0.218 "GET /v2.0/trunks?not-tags=red%2Cblue HTTP/1.1" status: 200 len: 1419 time: 0.0250144
2026-05-11 11:59:23.560 10 INFO neutron.wsgi [None req-302a74d6-b167-4105-8f4b-b1acc5762fca f3f5f97eb76249029e44a4126801718c 6e9ff99e9b384559865da5526608b358 - - default default] 10.0.0.77 "GET /v2.0/ports HTTP/1.1" status: 200 len: 37423 time: 0.6098239
2026-05-11 11:59:23.570 9 INFO neutron.wsgi [None req-2d514a7d-c1a9-498a-abbf-d9149d624a41 63e50dfcd5284be686aefd1d7365c6d3 b643ca26b08a42e7937e1f556b726fa4 - - default default] 10.0.0.218 "GET /v2.0/trunks?not-tags-any=blue HTTP/1.1" status: 200 len: 1419 time: 0.0277464
2026-05-11 11:59:23.600 9 INFO neutron.wsgi [None req-7af684cf-23d5-4da3-bcb1-1a3eca9abaee 63e50dfcd5284be686aefd1d7365c6d3 b643ca26b08a42e7937e1f556b726fa4 - - default default] 10.0.0.218 "GET /v2.0/trunks?not-tags-any=red%2Cblue HTTP/1.1" status: 200 len: 1013 time: 0.0236123
2026-05-11 11:59:23.621 9 INFO neutron.wsgi [None req-6abb2670-7a18-4639-af45-b7b1b00894bd 63e50dfcd5284be686aefd1d7365c6d3 b643ca26b08a42e7937e1f556b726fa4 - - default default] 10.0.0.218 "GET /v2.0/trunks/fc9d9d6e-8ac3-455c-a5fa-57196fd37606 HTTP/1.1" status: 200 len: 608 time: 0.0155344
2026-05-11 11:59:23.638 10 INFO neutron.db.ovn_revision_numbers_db [None req-5f66aa66-2860-4929-8d10-578ae38d97ab b726fc6036ae4ec3b818fddbe2e5e394 b78a9941f1e544019c9603cfee75b6ac - - default default] Successfully bumped revision number for resource f81a70d4-0ee4-4e2a-a5ed-acc26189b227 (type: ports) to 1
2026-05-11 11:59:23.697 10 INFO neutron.wsgi [None req-5f66aa66-2860-4929-8d10-578ae38d97ab b726fc6036ae4ec3b818fddbe2e5e394 b78a9941f1e544019c9603cfee75b6ac - - default default] 10.0.0.218 "POST /v2.0/ports HTTP/1.1" status: 201 len: 942 time: 1.7335119
2026-05-11 11:59:23.732 10 INFO neutron.wsgi [req-2eca7c77-9386-45fc-a779-bed11053c89a req-ff21d511-ff2f-4774-87c7-d7724eae18da f3f5f97eb76249029e44a4126801718c 6e9ff99e9b384559865da5526608b358 - - default default] 10.0.0.160 "GET /v2.0/ports?device_id=fb9fac68-8502-4cb2-aa01-3abd48782308 HTTP/1.1" status: 200 len: 1415 time: 0.0636497
2026-05-11 11:59:23.758 9 INFO neutron.wsgi [None req-f14e679d-ea25-4568-aba1-74506e8872d1 63e50dfcd5284be686aefd1d7365c6d3 b643ca26b08a42e7937e1f556b726fa4 - - default default] 10.0.0.218 "GET /v2.0/ports/e0addb88-721e-4568-a13c-21dbe6078ee7 HTTP/1.1" status: 200 len: 1020 time: 0.1336310
2026-05-11 11:59:23.785 9 INFO neutron.wsgi [None req-d5f8a747-ebae-488d-ab28-e00d6cfae1de b726fc6036ae4ec3b818fddbe2e5e394 b78a9941f1e544019c9603cfee75b6ac - - default default] 10.0.0.218 "PUT /v2.0/ports/3dee4139-2e01-4fac-a155-e617825e767c/tags HTTP/1.1" status: 200 len: 210 time: 0.0833080
2026-05-11 11:59:23.824 10 INFO neutron.db.ovn_revision_numbers_db [req-294a8720-a22d-423c-9d43-801d5e08cea7 req-931498c0-4062-4174-ba17-1c776fa91b0d 6fc3248cc7564687a7594a5d4cd32dea 67d5299d765c4122b546eb7bf13327ca - - 6554e4942acc46fd9188d05bf42ba876 6554e4942acc46fd9188d05bf42ba876] Successfully bumped revision number for resource ffd8f94c-f47f-4c57-af62-186b7e9720d6 (type: ports) to 2
2026-05-11 11:59:23.848 10 INFO neutron.wsgi [req-294a8720-a22d-423c-9d43-801d5e08cea7 req-931498c0-4062-4174-ba17-1c776fa91b0d 6fc3248cc7564687a7594a5d4cd32dea 67d5299d765c4122b546eb7bf13327ca - - 6554e4942acc46fd9188d05bf42ba876 6554e4942acc46fd9188d05bf42ba876] 199.19.213.54 "PUT /v2.0/ports/ffd8f94c-f47f-4c57-af62-186b7e9720d6 HTTP/1.1" status: 200 len: 1384 time: 2.3542011
2026-05-11 11:59:23.854 9 INFO neutron.wsgi [None req-03b8b145-04e8-45d4-8fba-3d1a580d9fdd b726fc6036ae4ec3b818fddbe2e5e394 b78a9941f1e544019c9603cfee75b6ac - - default default] 10.0.0.218 "PUT /v2.0/ports/a12dfa39-242d-44cd-93ac-20240b4523d9/tags HTTP/1.1" status: 200 len: 218 time: 0.0640996
2026-05-11 11:59:23.859 9 INFO neutron.wsgi [None req-6c4b4f15-4792-46bf-8ac5-cb5adc693fb7 63e50dfcd5284be686aefd1d7365c6d3 b643ca26b08a42e7937e1f556b726fa4 - - default default] 10.0.0.218 "DELETE /v2.0/trunks/fc9d9d6e-8ac3-455c-a5fa-57196fd37606 HTTP/1.1" status: 204 len: 168 time: 0.0970716 /var/lib/openstack/lib/python3.10/site-packages/pycadf/identifier.py:71: UserWarning: Invalid uuid: neutron. To ensure interoperability, identifiers should be a valid uuid. warnings.warn(('Invalid uuid: %s. To ensure interoperability, '
2026-05-11 11:59:23.880 9 INFO neutron.wsgi [None req-83eb3da6-7c0b-4174-874e-5541a603fbe8 63e50dfcd5284be686aefd1d7365c6d3 b643ca26b08a42e7937e1f556b726fa4 - - default default] 10.0.0.218 "GET /v2.0/trunks/ad73d58f-ff16-4b88-9595-2d84ccfa6ff5 HTTP/1.1" status: 200 len: 616 time: 0.0165951
2026-05-11 11:59:23.910 10 INFO neutron.notifiers.nova [-] Nova event matching ['req-3ee30cb0-2218-4a87-a282-7b77c493843b'] response: {'name': 'network-changed', 'server_uuid': 'fb9fac68-8502-4cb2-aa01-3abd48782308', 'tag': 'ffd8f94c-f47f-4c57-af62-186b7e9720d6', 'status': 'completed', 'code': 200}
2026-05-11 11:59:23.944 10 INFO neutron.wsgi [req-294a8720-a22d-423c-9d43-801d5e08cea7 req-c15e015b-5e87-4c04-8922-dc32df3331f3 6fc3248cc7564687a7594a5d4cd32dea 67d5299d765c4122b546eb7bf13327ca - - 6554e4942acc46fd9188d05bf42ba876 6554e4942acc46fd9188d05bf42ba876] 199.19.213.54 "GET /v2.0/ports?tenant_id=6e9ff99e9b384559865da5526608b358&device_id=fb9fac68-8502-4cb2-aa01-3abd48782308 HTTP/1.1" status: 200 len: 1415 time: 0.0503435
2026-05-11 11:59:23.948 10 INFO neutron.wsgi [None req-5923e372-e8ee-468a-aef0-9b08326b15a4 b726fc6036ae4ec3b818fddbe2e5e394 b78a9941f1e544019c9603cfee75b6ac - - default default] 10.0.0.218 "PUT /v2.0/ports/c7795072-f21d-4aee-a0fb-b4422bdbad75/tags HTTP/1.1" status: 200 len: 227 time: 0.0887744
2026-05-11 11:59:23.986 10 INFO neutron.wsgi [req-294a8720-a22d-423c-9d43-801d5e08cea7 req-ac741817-d07a-4ca9-b905-be0450b7bee2 6fc3248cc7564687a7594a5d4cd32dea 67d5299d765c4122b546eb7bf13327ca - - 6554e4942acc46fd9188d05bf42ba876 6554e4942acc46fd9188d05bf42ba876] 199.19.213.54 "GET /v2.0/floatingips?fixed_ip_address=172.24.2.116&port_id=ffd8f94c-f47f-4c57-af62-186b7e9720d6 HTTP/1.1" status: 200 len: 217 time: 0.0340374
2026-05-11 11:59:24.005 9 INFO neutron.wsgi [None req-d3bcf7f0-8161-4b92-93cf-96245758f243 63e50dfcd5284be686aefd1d7365c6d3 b643ca26b08a42e7937e1f556b726fa4 - - default default] 10.0.0.218 "GET /v2.0/ports/6ab6329e-ec81-4f72-a186-ebc42dcda083 HTTP/1.1" status: 200 len: 1020 time: 0.1198792
2026-05-11 11:59:24.032 10 INFO neutron.wsgi [req-294a8720-a22d-423c-9d43-801d5e08cea7 req-57ca4974-44d6-4373-bef0-a31913547dd0 6fc3248cc7564687a7594a5d4cd32dea 67d5299d765c4122b546eb7bf13327ca - - 6554e4942acc46fd9188d05bf42ba876 6554e4942acc46fd9188d05bf42ba876] 199.19.213.54 "GET /v2.0/subnets?id=07560d96-3d8d-4fc7-aa55-c9f84d64455e HTTP/1.1" status: 200 len: 829 time: 0.0379834
2026-05-11 11:59:24.035 10 INFO neutron.wsgi [None req-71394f42-849c-4ff9-b50d-2adb1c00fa27 b726fc6036ae4ec3b818fddbe2e5e394 b78a9941f1e544019c9603cfee75b6ac - - default default] 10.0.0.218 "PUT /v2.0/ports/cb7e871e-df6c-4123-84e8-fcf35aa342b6/tags HTTP/1.1" status: 200 len: 212 time: 0.0820892
2026-05-11 11:59:24.068 10 INFO neutron.wsgi [req-294a8720-a22d-423c-9d43-801d5e08cea7 req-457bc977-73d7-4803-8445-26eea1ef7f97 6fc3248cc7564687a7594a5d4cd32dea 67d5299d765c4122b546eb7bf13327ca - - 6554e4942acc46fd9188d05bf42ba876 6554e4942acc46fd9188d05bf42ba876] 199.19.213.54 "GET /v2.0/ports?network_id=11181e2b-e3b4-4431-9572-d3eb6f6b123c&device_owner=network%3Adhcp HTTP/1.1" status: 200 len: 210 time: 0.0296376
2026-05-11 11:59:24.140 10 INFO neutron.wsgi [req-294a8720-a22d-423c-9d43-801d5e08cea7 req-ced65b85-ee5a-4e62-9370-60925b144fad 6fc3248cc7564687a7594a5d4cd32dea 67d5299d765c4122b546eb7bf13327ca - - 6554e4942acc46fd9188d05bf42ba876 6554e4942acc46fd9188d05bf42ba876] 199.19.213.54 "GET /v2.0/networks/11181e2b-e3b4-4431-9572-d3eb6f6b123c?fields=segments HTTP/1.1" status: 200 len: 212 time: 0.0646858
2026-05-11 11:59:24.146 9 INFO neutron.wsgi [None req-59a824ad-a7e5-43ed-93e8-124e39c444b7 63e50dfcd5284be686aefd1d7365c6d3 b643ca26b08a42e7937e1f556b726fa4 - - default default] 10.0.0.218 "DELETE /v2.0/trunks/ad73d58f-ff16-4b88-9595-2d84ccfa6ff5 HTTP/1.1" status: 204 len: 168 time: 0.1362007
2026-05-11 11:59:24.182 9 INFO neutron.wsgi [None req-137f747e-1eee-437b-b809-d4aac9ccf126 63e50dfcd5284be686aefd1d7365c6d3 b643ca26b08a42e7937e1f556b726fa4 - - default default] 10.0.0.218 "GET /v2.0/trunks/f41398c1-fde1-40c1-b669-42d50eb813e4 HTTP/1.1" status: 200 len: 625 time: 0.0284715
2026-05-11 11:59:24.216 10 INFO neutron.wsgi [req-294a8720-a22d-423c-9d43-801d5e08cea7 req-073440c9-5a76-4920-9bca-94a87044108b 6fc3248cc7564687a7594a5d4cd32dea 67d5299d765c4122b546eb7bf13327ca - - 6554e4942acc46fd9188d05bf42ba876 6554e4942acc46fd9188d05bf42ba876] 199.19.213.54 "GET /v2.0/networks/11181e2b-e3b4-4431-9572-d3eb6f6b123c?fields=provider%3Aphysical_network&fields=provider%3Anetwork_type HTTP/1.1" status: 200 len: 277 time: 0.0705326
2026-05-11 11:59:24.257 9 INFO neutron.wsgi [None req-2a3554bb-1c59-452f-a78c-4fee0fdba4ec b726fc6036ae4ec3b818fddbe2e5e394 b78a9941f1e544019c9603cfee75b6ac - - default default] 10.0.0.218 "GET /v2.0/ports?tags=red HTTP/1.1" status: 200 len: 2448 time: 0.2169032
2026-05-11 11:59:24.299 10 INFO neutron.wsgi [req-fde858c8-03a5-4abe-a109-ea8aaf2b9427 req-c1a29f19-6328-4fc0-87fa-9a649a8180d9 6fc3248cc7564687a7594a5d4cd32dea 67d5299d765c4122b546eb7bf13327ca - - 6554e4942acc46fd9188d05bf42ba876 6554e4942acc46fd9188d05bf42ba876] 199.19.213.54 "GET /v2.0/ports?tenant_id=6e9ff99e9b384559865da5526608b358&device_id=fb9fac68-8502-4cb2-aa01-3abd48782308 HTTP/1.1" status: 200 len: 1415 time: 0.0439911
2026-05-11 11:59:24.349 9 INFO neutron.wsgi [None req-0a55dc9c-e8f7-40b0-b5c5-974ae60b208a 63e50dfcd5284be686aefd1d7365c6d3 b643ca26b08a42e7937e1f556b726fa4 - - default default] 10.0.0.218 "GET /v2.0/ports/60e377fb-ae78-4583-9265-701e2676c485 HTTP/1.1" status: 200 len: 1020 time: 0.1616051
2026-05-11 11:59:24.363 9 INFO neutron.wsgi [None req-5cae3b23-06d9-4e63-b640-40a97499fc76 b726fc6036ae4ec3b818fddbe2e5e394 b78a9941f1e544019c9603cfee75b6ac - - default default] 10.0.0.218 "GET /v2.0/ports?tags=red%2Cblue HTTP/1.1" status: 200 len: 1708 time: 0.0992358
2026-05-11 11:59:24.421 10 INFO neutron.wsgi [req-fde858c8-03a5-4abe-a109-ea8aaf2b9427 req-65f5c8ad-eec1-4675-936f-5a0303ec2146 6fc3248cc7564687a7594a5d4cd32dea 67d5299d765c4122b546eb7bf13327ca - - 6554e4942acc46fd9188d05bf42ba876 6554e4942acc46fd9188d05bf42ba876] 199.19.213.54 "GET /v2.0/networks?id=11181e2b-e3b4-4431-9572-d3eb6f6b123c HTTP/1.1" status: 200 len: 937 time: 0.1158364
2026-05-11 11:59:24.478 10 INFO neutron.wsgi [req-fde858c8-03a5-4abe-a109-ea8aaf2b9427 req-19e5c334-569b-457b-bd9e-687b135d22d1 6fc3248cc7564687a7594a5d4cd32dea 67d5299d765c4122b546eb7bf13327ca - - 6554e4942acc46fd9188d05bf42ba876 6554e4942acc46fd9188d05bf42ba876] 199.19.213.54 "GET /v2.0/floatingips?fixed_ip_address=172.24.2.116&port_id=ffd8f94c-f47f-4c57-af62-186b7e9720d6 HTTP/1.1" status: 200 len: 217 time: 0.0371580
2026-05-11 11:59:24.490 9 INFO neutron.wsgi [req-ff62e6d0-b64f-4186-85cb-69c1f3bea425 req-03cee0e2-13e7-48b9-88d4-a0a15037ee67 6fc3248cc7564687a7594a5d4cd32dea 67d5299d765c4122b546eb7bf13327ca - - 6554e4942acc46fd9188d05bf42ba876 6554e4942acc46fd9188d05bf42ba876] 199.19.213.54 "GET /v2.0/ports?device_id=fb9fac68-8502-4cb2-aa01-3abd48782308 HTTP/1.1" status: 200 len: 1415 time: 0.0507720
2026-05-11 11:59:24.544 9 INFO neutron.wsgi [req-ff62e6d0-b64f-4186-85cb-69c1f3bea425 req-45929adb-7a6a-4058-8c20-e688ba49d744 6fc3248cc7564687a7594a5d4cd32dea 67d5299d765c4122b546eb7bf13327ca - - 6554e4942acc46fd9188d05bf42ba876 6554e4942acc46fd9188d05bf42ba876] 199.19.213.54 "GET /v2.0/security-groups?id=08179ff3-f085-43dc-b802-540430c88394&fields=id&fields=name HTTP/1.1" status: 200 len: 294 time: 0.0476377
2026-05-11 11:59:24.576 10 INFO neutron.wsgi [req-fde858c8-03a5-4abe-a109-ea8aaf2b9427 req-7fd5754c-9cb3-4e1f-a90d-4f1364eb38ce 6fc3248cc7564687a7594a5d4cd32dea 67d5299d765c4122b546eb7bf13327ca - - 6554e4942acc46fd9188d05bf42ba876 6554e4942acc46fd9188d05bf42ba876] 199.19.213.54 "GET /v2.0/subnets?id=07560d96-3d8d-4fc7-aa55-c9f84d64455e HTTP/1.1" status: 200 len: 829 time: 0.0868959
2026-05-11 11:59:24.580 10 INFO neutron.wsgi [None req-c7fb683a-4710-4fc3-9df2-daa0e98e5da1 63e50dfcd5284be686aefd1d7365c6d3 b643ca26b08a42e7937e1f556b726fa4 - - default default] 10.0.0.218 "DELETE /v2.0/trunks/f41398c1-fde1-40c1-b669-42d50eb813e4 HTTP/1.1" status: 204 len: 168 time: 0.2218044
2026-05-11 11:59:24.615 10 INFO neutron.wsgi [req-fde858c8-03a5-4abe-a109-ea8aaf2b9427 req-38dc7ec3-6b05-47fd-b574-c72a293cd933 6fc3248cc7564687a7594a5d4cd32dea 67d5299d765c4122b546eb7bf13327ca - - 6554e4942acc46fd9188d05bf42ba876 6554e4942acc46fd9188d05bf42ba876] 199.19.213.54 "GET /v2.0/ports?network_id=11181e2b-e3b4-4431-9572-d3eb6f6b123c&device_owner=network%3Adhcp HTTP/1.1" status: 200 len: 210 time: 0.0272870
2026-05-11 11:59:24.619 9 INFO neutron.wsgi [None req-1c6aafc3-3971-4127-8c43-27780aaca55e 63e50dfcd5284be686aefd1d7365c6d3 b643ca26b08a42e7937e1f556b726fa4 - - default default] 10.0.0.218 "GET /v2.0/trunks/fcad7918-40fc-45ba-b71a-023be35dc0f5 HTTP/1.1" status: 200 len: 610 time: 0.0328133
2026-05-11 11:59:24.636 10 INFO neutron.wsgi [None req-adf9cbf1-d319-4824-b513-25167e8028f4 b726fc6036ae4ec3b818fddbe2e5e394 b78a9941f1e544019c9603cfee75b6ac - - default default] 10.0.0.218 "GET /v2.0/ports?tags-any=blue HTTP/1.1" status: 200 len: 1708 time: 0.2666757
2026-05-11 11:59:24.671 9 INFO neutron.plugins.ml2.drivers.ovn.mech_driver.mech_driver [None req-02fafce6-5186-4500-9df5-51c680abb6c7 - - - - - -] OVN reports status up for port: ffd8f94c-f47f-4c57-af62-186b7e9720d6
2026-05-11 11:59:24.709 9 INFO neutron.plugins.ml2.plugin [None req-02fafce6-5186-4500-9df5-51c680abb6c7 - - - - - -] Attempt 1 to provision port ffd8f94c-f47f-4c57-af62-186b7e9720d6
2026-05-11 11:59:24.741 10 INFO neutron.wsgi [req-fde858c8-03a5-4abe-a109-ea8aaf2b9427 req-843bb3de-77d2-4d73-998b-d9e35e4c313b 6fc3248cc7564687a7594a5d4cd32dea 67d5299d765c4122b546eb7bf13327ca - - 6554e4942acc46fd9188d05bf42ba876 6554e4942acc46fd9188d05bf42ba876] 199.19.213.54 "GET /v2.0/networks/11181e2b-e3b4-4431-9572-d3eb6f6b123c?fields=segments HTTP/1.1" status: 200 len: 212 time: 0.1198030
2026-05-11 11:59:24.754 10 INFO neutron.wsgi [None req-93f7947b-1e6c-41bb-a741-6a01e05bf5da b726fc6036ae4ec3b818fddbe2e5e394 b78a9941f1e544019c9603cfee75b6ac - - default default] 10.0.0.218 "GET /v2.0/ports?tags-any=red%2Cblue HTTP/1.1" status: 200 len: 2448 time: 0.1072052
2026-05-11 11:59:24.868 10 INFO neutron.wsgi [req-fde858c8-03a5-4abe-a109-ea8aaf2b9427 req-4b2b92f6-246a-4ee1-b980-c2c69c012573 6fc3248cc7564687a7594a5d4cd32dea 67d5299d765c4122b546eb7bf13327ca - - 6554e4942acc46fd9188d05bf42ba876 6554e4942acc46fd9188d05bf42ba876] 199.19.213.54 "GET /v2.0/networks/11181e2b-e3b4-4431-9572-d3eb6f6b123c?fields=provider%3Aphysical_network&fields=provider%3Anetwork_type HTTP/1.1" status: 200 len: 277 time: 0.1131933
2026-05-11 11:59:24.953 10 INFO neutron.wsgi [None req-19af47f7-849f-45d0-ba21-5270fd8e1683 b726fc6036ae4ec3b818fddbe2e5e394 b78a9941f1e544019c9603cfee75b6ac - - default default] 10.0.0.218 "GET /v2.0/ports?not-tags=red HTTP/1.1" status: 200 len: 5463 time: 0.1923232
2026-05-11 11:59:24.959 9 INFO neutron.wsgi [None req-a4171103-0c3d-4e51-90fd-3ab1d49671f2 63e50dfcd5284be686aefd1d7365c6d3 b643ca26b08a42e7937e1f556b726fa4 - - default default] 10.0.0.218 "GET /v2.0/ports/6020b369-1f0b-459d-aad1-4dd7d750b96e HTTP/1.1" status: 200 len: 1020 time: 0.3311036
2026-05-11 11:59:25.051 10 INFO neutron.wsgi [None req-ffb6c8ab-d5d7-4d43-a5a0-c195dfe3c487 b726fc6036ae4ec3b818fddbe2e5e394 b78a9941f1e544019c9603cfee75b6ac - - default default] 10.0.0.218 "GET /v2.0/ports?not-tags=red%2Cblue HTTP/1.1" status: 200 len: 6203 time: 0.0908983
2026-05-11 11:59:25.076 9 INFO neutron.wsgi [None req-63e803cc-e6d1-4f72-a343-6756be105231 63e50dfcd5284be686aefd1d7365c6d3 b643ca26b08a42e7937e1f556b726fa4 - - default default] 10.0.0.218 "DELETE /v2.0/trunks/fcad7918-40fc-45ba-b71a-023be35dc0f5 HTTP/1.1" status: 204 len: 168 time: 0.1122153
2026-05-11 11:59:25.095 9 INFO neutron.notifiers.nova [-] Nova event matching ['req-4c11a1aa-2468-45fc-a8b2-08ba7cb2e61a'] response: {'server_uuid': 'fb9fac68-8502-4cb2-aa01-3abd48782308', 'name': 'network-vif-plugged', 'status': 'completed', 'tag': 'ffd8f94c-f47f-4c57-af62-186b7e9720d6', 'code': 200}
2026-05-11 11:59:25.101 10 INFO neutron.wsgi [None req-5c1ed7c2-9578-4d5e-bc65-34c45f6296b1 63e50dfcd5284be686aefd1d7365c6d3 b643ca26b08a42e7937e1f556b726fa4 - - default default] 10.0.0.218 "GET /v2.0/trunks/cd91c1d1-bb71-48ac-9124-c5ccc37f95cc HTTP/1.1" status: 200 len: 603 time: 0.0207968
2026-05-11 11:59:25.189 10 INFO neutron.wsgi [None req-f8211cb0-8fd1-4fc7-9ff4-7c0c7c8449f1 63e50dfcd5284be686aefd1d7365c6d3 b643ca26b08a42e7937e1f556b726fa4 - - default default] 10.0.0.218 "GET /v2.0/ports/2eaaaadc-2737-4703-a800-2a8bf72a6a7e HTTP/1.1" status: 200 len: 1020 time: 0.0830772
2026-05-11 11:59:25.236 9 INFO neutron.wsgi [None req-6eacf19f-dd90-4f76-8497-b0c74108cdcb b726fc6036ae4ec3b818fddbe2e5e394 b78a9941f1e544019c9603cfee75b6ac - - default default] 10.0.0.218 "GET /v2.0/ports?not-tags-any=blue HTTP/1.1" status: 200 len: 6203 time: 0.1780386
2026-05-11 11:59:25.327 9 INFO neutron.db.ovn_revision_numbers_db [None req-02fafce6-5186-4500-9df5-51c680abb6c7 - - - - - -] Successfully bumped revision number for resource ffd8f94c-f47f-4c57-af62-186b7e9720d6 (type: ports) to 4
2026-05-11 11:59:25.335 10 INFO neutron.wsgi [None req-008e8121-4529-4d2c-bffd-ba3012febd2b b726fc6036ae4ec3b818fddbe2e5e394 b78a9941f1e544019c9603cfee75b6ac - - default default] 10.0.0.218 "GET /v2.0/ports?not-tags-any=red%2Cblue HTTP/1.1" status: 200 len: 5463 time: 0.0933580
2026-05-11 11:59:25.341 10 INFO neutron.wsgi [None req-e17e7cfb-577e-46f8-b3df-49b46650fdf0 63e50dfcd5284be686aefd1d7365c6d3 b643ca26b08a42e7937e1f556b726fa4 - - default default] 10.0.0.218 "DELETE /v2.0/trunks/cd91c1d1-bb71-48ac-9124-c5ccc37f95cc HTTP/1.1" status: 204 len: 168 time: 0.1471105
2026-05-11 11:59:25.721 10 INFO neutron.wsgi [None req-fed9feff-8b94-4ea5-9626-a128e8820309 b726fc6036ae4ec3b818fddbe2e5e394 b78a9941f1e544019c9603cfee75b6ac - - default default] 10.0.0.218 "DELETE /v2.0/ports/3dee4139-2e01-4fac-a155-e617825e767c HTTP/1.1" status: 204 len: 168 time: 0.3787379
2026-05-11 11:59:25.754 10 INFO neutron.wsgi [None req-5d9e50eb-60f5-4f38-beef-c982e832ed6c 63e50dfcd5284be686aefd1d7365c6d3 b643ca26b08a42e7937e1f556b726fa4 - - default default] 10.0.0.218 "DELETE /v2.0/ports/e0addb88-721e-4568-a13c-21dbe6078ee7 HTTP/1.1" status: 204 len: 168 time: 0.4027114
2026-05-11 11:59:26.092 10 INFO neutron.wsgi [None req-c72b9d70-b035-463a-8a32-b3bd4b9aec6c b726fc6036ae4ec3b818fddbe2e5e394 b78a9941f1e544019c9603cfee75b6ac - - default default] 10.0.0.218 "DELETE /v2.0/ports/a12dfa39-242d-44cd-93ac-20240b4523d9 HTTP/1.1" status: 204 len: 168 time: 0.3638010
2026-05-11 11:59:26.111 10 INFO neutron.wsgi [None req-c610da96-07c8-4bed-ab4e-4843d3e5895d 63e50dfcd5284be686aefd1d7365c6d3 b643ca26b08a42e7937e1f556b726fa4 - - default default] 10.0.0.218 "DELETE /v2.0/ports/6ab6329e-ec81-4f72-a186-ebc42dcda083 HTTP/1.1" status: 204 len: 168 time: 0.3517265 /var/lib/openstack/lib/python3.10/site-packages/pycadf/identifier.py:71: UserWarning: Invalid uuid: neutron. To ensure interoperability, identifiers should be a valid uuid. warnings.warn(('Invalid uuid: %s. To ensure interoperability, '
2026-05-11 11:59:26.364 9 INFO neutron.wsgi [None req-80693ec9-c46a-4a0c-bf1b-272399bb6858 63e50dfcd5284be686aefd1d7365c6d3 b643ca26b08a42e7937e1f556b726fa4 - - default default] 10.0.0.218 "DELETE /v2.0/ports/60e377fb-ae78-4583-9265-701e2676c485 HTTP/1.1" status: 204 len: 168 time: 0.2473669
2026-05-11 11:59:26.367 10 INFO neutron.wsgi [None req-70cec515-803b-43df-b40b-058eb258be41 b726fc6036ae4ec3b818fddbe2e5e394 b78a9941f1e544019c9603cfee75b6ac - - default default] 10.0.0.218 "DELETE /v2.0/ports/c7795072-f21d-4aee-a0fb-b4422bdbad75 HTTP/1.1" status: 204 len: 168 time: 0.2672355
2026-05-11 11:59:26.631 9 INFO neutron.wsgi [None req-67d00166-820a-4a48-b6ac-8bb3af4c6c10 63e50dfcd5284be686aefd1d7365c6d3 b643ca26b08a42e7937e1f556b726fa4 - - default default] 10.0.0.218 "DELETE /v2.0/ports/6020b369-1f0b-459d-aad1-4dd7d750b96e HTTP/1.1" status: 204 len: 168 time: 0.2609601
2026-05-11 11:59:26.637 10 INFO neutron.wsgi [None req-5d7357cc-e605-45f0-b90c-ff5cc62b7852 b726fc6036ae4ec3b818fddbe2e5e394 b78a9941f1e544019c9603cfee75b6ac - - default default] 10.0.0.218 "DELETE /v2.0/ports/cb7e871e-df6c-4123-84e8-fcf35aa342b6 HTTP/1.1" status: 204 len: 168 time: 0.2658174
2026-05-11 11:59:26.954 9 INFO neutron.wsgi [None req-fe0353b3-5fcb-4159-8fa6-ffe41c7fdca0 63e50dfcd5284be686aefd1d7365c6d3 b643ca26b08a42e7937e1f556b726fa4 - - default default] 10.0.0.218 "DELETE /v2.0/ports/2eaaaadc-2737-4703-a800-2a8bf72a6a7e HTTP/1.1" status: 204 len: 168 time: 0.3163798
2026-05-11 11:59:27.099 10 INFO neutron.wsgi [req-9ffd2e76-f792-414d-b7dc-1b68f0356162 req-cba1495f-c5ce-4189-acd7-451f44cf51a3 f3f5f97eb76249029e44a4126801718c 6e9ff99e9b384559865da5526608b358 - - default default] 10.0.0.160 "GET /v2.0/ports?device_id=fb9fac68-8502-4cb2-aa01-3abd48782308 HTTP/1.1" status: 200 len: 1417 time: 0.0433733
2026-05-11 11:59:27.128 9 INFO neutron.notifiers.nova [-] Nova event matching ['req-20bc1cc6-5205-40e1-bf29-774e63b3914c'] response: {'server_uuid': 'fb9fac68-8502-4cb2-aa01-3abd48782308', 'name': 'network-vif-plugged', 'status': 'completed', 'tag': 'ffd8f94c-f47f-4c57-af62-186b7e9720d6', 'code': 200}
2026-05-11 11:59:27.173 10 INFO neutron.wsgi [req-9ffd2e76-f792-414d-b7dc-1b68f0356162 req-13e4ee6e-ccf1-454f-9c51-d24923d34190 f3f5f97eb76249029e44a4126801718c 6e9ff99e9b384559865da5526608b358 - - default default] 10.0.0.160 "GET /v2.0/security-groups?id=08179ff3-f085-43dc-b802-540430c88394&fields=id&fields=name HTTP/1.1" status: 200 len: 294 time: 0.0630641
2026-05-11 11:59:27.199 10 INFO neutron.wsgi [None req-a4daa4ab-4510-4670-9211-2b2d9048c467 b726fc6036ae4ec3b818fddbe2e5e394 b78a9941f1e544019c9603cfee75b6ac - - default default] 10.0.0.218 "DELETE /v2.0/ports/f81a70d4-0ee4-4e2a-a5ed-acc26189b227 HTTP/1.1" status: 204 len: 168 time: 0.5562651
2026-05-11 11:59:27.304 9 INFO neutron.wsgi [req-e2e4bef0-df04-4944-a33b-a26eb2514090 req-57763cc1-534f-4612-8f51-146ad87b8d19 f3f5f97eb76249029e44a4126801718c 6e9ff99e9b384559865da5526608b358 - - default default] 10.0.0.160 "GET /v2.0/ports?device_id=fb9fac68-8502-4cb2-aa01-3abd48782308 HTTP/1.1" status: 200 len: 1417 time: 0.0512922
2026-05-11 11:59:27.418 9 INFO neutron.services.segments.plugin [-] Segment d861aa7b-688f-4fe4-a649-95c2679f16cc resource provider aggregate not found
2026-05-11 11:59:27.426 9 INFO neutron.services.segments.plugin [-] Segment d861aa7b-688f-4fe4-a649-95c2679f16cc resource provider aggregate not found
2026-05-11 11:59:27.444 9 INFO neutron.wsgi [None req-c91ff1b0-382d-4fde-a6d5-1f490ccd2628 63e50dfcd5284be686aefd1d7365c6d3 b643ca26b08a42e7937e1f556b726fa4 - - default default] 10.0.0.218 "DELETE /v2.0/networks/3d878d57-2a7e-4bda-8e4b-e8e0595e39ab HTTP/1.1" status: 204 len: 168 time: 0.4839795
2026-05-11 11:59:27.446 9 INFO neutron.services.segments.plugin [-] Segment d861aa7b-688f-4fe4-a649-95c2679f16cc resource provider not found; error: Placement Client Error (4xx): {"errors": [{"status": 404, "title": "Not Found", "detail": "The resource could not be found.\n\n No resource provider with uuid d861aa7b-688f-4fe4-a649-95c2679f16cc found for delete ", "request_id": "req-c5688866-ee92-4e8d-8761-4de4d85533df"}]}
2026-05-11 11:59:27.447 9 INFO neutron.services.segments.plugin [-] Segment d861aa7b-688f-4fe4-a649-95c2679f16cc resource provider not found; error: Placement Client Error (4xx): {"errors": [{"status": 404, "title": "Not Found", "detail": "The resource could not be found.\n\n No resource provider with uuid d861aa7b-688f-4fe4-a649-95c2679f16cc found for delete ", "request_id": "req-d76cd3cc-ce12-4a4e-a274-d3d6acef214f"}]}
2026-05-11 11:59:27.627 10 INFO neutron.services.segments.plugin [-] Segment 882f3e31-a6fd-4fea-b196-b63d935b9472 resource provider aggregate not found
2026-05-11 11:59:27.634 10 INFO neutron.services.segments.plugin [-] Segment 882f3e31-a6fd-4fea-b196-b63d935b9472 resource provider aggregate not found
2026-05-11 11:59:27.647 10 INFO neutron.services.segments.plugin [-] Segment 882f3e31-a6fd-4fea-b196-b63d935b9472 resource provider not found; error: Placement Client Error (4xx): {"errors": [{"status": 404, "title": "Not Found", "detail": "The resource could not be found.\n\n No resource provider with uuid 882f3e31-a6fd-4fea-b196-b63d935b9472 found for delete ", "request_id": "req-0677c61e-53cd-4644-9216-efbf4decff26"}]}
2026-05-11 11:59:27.650 10 INFO neutron.services.segments.plugin [-] Segment 882f3e31-a6fd-4fea-b196-b63d935b9472 resource provider not found; error: Placement Client Error (4xx): {"errors": [{"status": 404, "title": "Not Found", "detail": "The resource could not be found.\n\n No resource provider with uuid 882f3e31-a6fd-4fea-b196-b63d935b9472 found for delete ", "request_id": "req-26307719-1b2d-4a82-8c5d-72484b0006a1"}]}
2026-05-11 11:59:27.677 10 INFO neutron.wsgi [None req-328ad557-765e-43e8-9cad-d85cfcec9436 b726fc6036ae4ec3b818fddbe2e5e394 b78a9941f1e544019c9603cfee75b6ac - - default default] 10.0.0.218 "DELETE /v2.0/networks/707ee35b-64ec-4f41-ac16-9825076dd8d9 HTTP/1.1" status: 204 len: 168 time: 0.4731030
2026-05-11 11:59:27.918 9 INFO neutron.wsgi [None req-5d6d472b-14e1-40df-9d56-c4824bfb066e 63e50dfcd5284be686aefd1d7365c6d3 b643ca26b08a42e7937e1f556b726fa4 - - default default] 10.0.0.218 "DELETE /v2.0/networks/817d8c53-5a29-48b2-a6e5-8833d68413d0 HTTP/1.1" status: 204 len: 168 time: 0.4674158
2026-05-11 11:59:28.121 9 INFO neutron.wsgi [None req-53fbbe4f-db9a-4c1b-b4e1-34a568291e94 b726fc6036ae4ec3b818fddbe2e5e394 b78a9941f1e544019c9603cfee75b6ac - - default default] 10.0.0.218 "DELETE /v2.0/networks/caf56160-87cd-4965-afcc-6e386a27019e HTTP/1.1" status: 204 len: 168 time: 0.4383533
2026-05-11 11:59:28.329 10 INFO neutron.wsgi [None req-ea4e1f23-e627-4ed1-8cd8-b808bff10e1a 63e50dfcd5284be686aefd1d7365c6d3 b643ca26b08a42e7937e1f556b726fa4 - - default default] 10.0.0.218 "DELETE /v2.0/networks/f162e6e8-c0b5-4d23-9fe8-19ec59f6d4f2 HTTP/1.1" status: 204 len: 168 time: 0.4050553
2026-05-11 11:59:28.588 10 INFO neutron.wsgi [None req-f8aabd6b-cf34-4c4c-aeb5-2b6b9e209410 b726fc6036ae4ec3b818fddbe2e5e394 b78a9941f1e544019c9603cfee75b6ac - - default default] 10.0.0.218 "DELETE /v2.0/networks/a56d591c-297e-4ef3-acb7-21efe5d3f656 HTTP/1.1" status: 204 len: 168 time: 0.4624348
2026-05-11 11:59:28.763 9 INFO neutron.wsgi [None req-3ca8e9af-cbc1-4518-a9f3-e61135d89fef 63e50dfcd5284be686aefd1d7365c6d3 b643ca26b08a42e7937e1f556b726fa4 - - default default] 10.0.0.218 "DELETE /v2.0/networks/c6d3e39e-6a67-44f4-a0df-be2d5b377fe4 HTTP/1.1" status: 204 len: 168 time: 0.4300404
2026-05-11 11:59:29.099 10 INFO neutron.wsgi [None req-3edbdc85-af1d-4517-86e0-43a69c7efeef b726fc6036ae4ec3b818fddbe2e5e394 b78a9941f1e544019c9603cfee75b6ac - - default default] 10.0.0.218 "DELETE /v2.0/networks/c641595b-3357-46e3-8fff-2e37cf31fa43 HTTP/1.1" status: 204 len: 168 time: 0.5040767
2026-05-11 11:59:29.260 10 INFO neutron.wsgi [None req-fa42286e-4f5e-4be8-9d4c-f194ae05accc 63e50dfcd5284be686aefd1d7365c6d3 b643ca26b08a42e7937e1f556b726fa4 - - default default] 10.0.0.218 "DELETE /v2.0/networks/5925fefe-3e52-4839-8426-2a4aee1222f3 HTTP/1.1" status: 204 len: 168 time: 0.4906480
2026-05-11 11:59:29.473 9 INFO neutron.services.segments.plugin [-] Segment 1ac3c635-aaf1-4793-b67c-6022f746f80f resource provider aggregate not found
2026-05-11 11:59:29.478 9 INFO neutron.services.segments.plugin [-] Segment 1ac3c635-aaf1-4793-b67c-6022f746f80f resource provider aggregate not found
2026-05-11 11:59:29.490 9 INFO neutron.services.segments.plugin [-] Segment 1ac3c635-aaf1-4793-b67c-6022f746f80f resource provider not found; error: Placement Client Error (4xx): {"errors": [{"status": 404, "title": "Not Found", "detail": "The resource could not be found.\n\n No resource provider with uuid 1ac3c635-aaf1-4793-b67c-6022f746f80f found for delete ", "request_id": "req-c5f8ca1c-abc2-4b2e-be29-8badd78be668"}]}
2026-05-11 11:59:29.494 9 INFO neutron.services.segments.plugin [-] Segment 1ac3c635-aaf1-4793-b67c-6022f746f80f resource provider not found; error: Placement Client Error (4xx): {"errors": [{"status": 404, "title": "Not Found", "detail": "The resource could not be found.\n\n No resource provider with uuid 1ac3c635-aaf1-4793-b67c-6022f746f80f found for delete ", "request_id": "req-c52c419d-0be3-44e7-a95c-cd3f9368136b"}]}
2026-05-11 11:59:29.513 9 INFO neutron.services.segments.plugin [-] Segment 1a7235da-b395-47f8-8d36-81f5f583fb36 resource provider aggregate not found
2026-05-11 11:59:29.522 9 INFO neutron.services.segments.plugin [-] Segment 1a7235da-b395-47f8-8d36-81f5f583fb36 resource provider aggregate not found
2026-05-11 11:59:29.546 9 INFO neutron.wsgi [None req-fe763edb-3be7-44c8-b61b-585eafd7f016 b726fc6036ae4ec3b818fddbe2e5e394 b78a9941f1e544019c9603cfee75b6ac - - default default] 10.0.0.218 "DELETE /v2.0/networks/3aaa00bd-5c67-4f0f-9453-b1bac728eb43 HTTP/1.1" status: 204 len: 168 time: 0.4417140
2026-05-11 11:59:29.547 9 INFO neutron.services.segments.plugin [-] Segment 1a7235da-b395-47f8-8d36-81f5f583fb36 resource provider not found; error: Placement Client Error (4xx): {"errors": [{"status": 404, "title": "Not Found", "detail": "The resource could not be found.\n\n No resource provider with uuid 1a7235da-b395-47f8-8d36-81f5f583fb36 found for delete ", "request_id": "req-5b1d8ba2-1e6f-486b-93fc-db9167752732"}]}
2026-05-11 11:59:29.551 9 INFO neutron.services.segments.plugin [-] Segment 1a7235da-b395-47f8-8d36-81f5f583fb36 resource provider not found; error: Placement Client Error (4xx): {"errors": [{"status": 404, "title": "Not Found", "detail": "The resource could not be found.\n\n No resource provider with uuid 1a7235da-b395-47f8-8d36-81f5f583fb36 found for delete ", "request_id": "req-9fb622b7-194c-4638-98ca-2f71fa4bb5b6"}]}
2026-05-11 11:59:29.568 9 INFO neutron.services.segments.plugin [-] Segment 23c8e5d1-f773-4c7d-bf16-d3d7b156c928 resource provider aggregate not found
2026-05-11 11:59:29.574 9 INFO neutron.services.segments.plugin [-] Segment 23c8e5d1-f773-4c7d-bf16-d3d7b156c928 resource provider aggregate not found
2026-05-11 11:59:29.594 9 INFO neutron.services.segments.plugin [-] Segment 23c8e5d1-f773-4c7d-bf16-d3d7b156c928 resource provider not found; error: Placement Client Error (4xx): {"errors": [{"status": 404, "title": "Not Found", "detail": "The resource could not be found.\n\n No resource provider with uuid 23c8e5d1-f773-4c7d-bf16-d3d7b156c928 found for delete ", "request_id": "req-658be9a3-4fec-49ca-8585-d547c7e79efa"}]}
2026-05-11 11:59:29.606 9 INFO neutron.services.segments.plugin [-] Segment 23c8e5d1-f773-4c7d-bf16-d3d7b156c928 resource provider not found; error: Placement Client Error (4xx): {"errors": [{"status": 404, "title": "Not Found", "detail": "The resource could not be found.\n\n No resource provider with uuid 23c8e5d1-f773-4c7d-bf16-d3d7b156c928 found for delete ", "request_id": "req-94d09ca7-1c88-4ce6-b96f-791b6e662124"}]}
2026-05-11 11:59:29.613 9 INFO neutron.services.segments.plugin [-] Segment c3b8397b-6926-4585-a0fd-557951cc9b95 resource provider aggregate not found
2026-05-11 11:59:29.622 9 INFO neutron.services.segments.plugin [-] Segment c3b8397b-6926-4585-a0fd-557951cc9b95 resource provider aggregate not found
2026-05-11 11:59:29.626 9 INFO neutron.services.segments.plugin [-] Segment c3b8397b-6926-4585-a0fd-557951cc9b95 resource provider not found; error: Placement Client Error (4xx): {"errors": [{"status": 404, "title": "Not Found", "detail": "The resource could not be found.\n\n No resource provider with uuid c3b8397b-6926-4585-a0fd-557951cc9b95 found for delete ", "request_id": "req-edc75d2b-6d1e-42c7-af91-eceadaa55654"}]}
2026-05-11 11:59:29.637 9 INFO neutron.services.segments.plugin [-] Segment c3b8397b-6926-4585-a0fd-557951cc9b95 resource provider not found; error: Placement Client Error (4xx): {"errors": [{"status": 404, "title": "Not Found", "detail": "The resource could not be found.\n\n No resource provider with uuid c3b8397b-6926-4585-a0fd-557951cc9b95 found for delete ", "request_id": "req-31aca8ff-91ab-4a54-aad8-84384954169f"}]}
2026-05-11 11:59:29.662 10 INFO neutron.services.segments.plugin [-] Segment ecee617c-0551-4428-ae73-6c52c8a9c786 resource provider aggregate not found
2026-05-11 11:59:29.675 10 INFO neutron.services.segments.plugin [-] Segment ecee617c-0551-4428-ae73-6c52c8a9c786 resource provider aggregate not found
2026-05-11 11:59:29.683 10 INFO neutron.services.segments.plugin [-] Segment ecee617c-0551-4428-ae73-6c52c8a9c786 resource provider not found; error: Placement Client Error (4xx): {"errors": [{"status": 404, "title": "Not Found", "detail": "The resource could not be found.\n\n No resource provider with uuid ecee617c-0551-4428-ae73-6c52c8a9c786 found for delete ", "request_id": "req-5d069af2-1d15-4c4c-8d70-92fc20a1f871"}]}
2026-05-11 11:59:29.700 10 INFO neutron.services.segments.plugin [-] Segment ecee617c-0551-4428-ae73-6c52c8a9c786 resource provider not found; error: Placement Client Error (4xx): {"errors": [{"status": 404, "title": "Not Found", "detail": "The resource could not be found.\n\n No resource provider with uuid ecee617c-0551-4428-ae73-6c52c8a9c786 found for delete ", "request_id": "req-cfdf538f-e117-4192-8a94-05b6170980fe"}]}
2026-05-11 11:59:29.707 10 INFO neutron.services.segments.plugin [-] Segment b7cf35c2-2598-4e79-9a7b-de6d0266fa5d resource provider aggregate not found
2026-05-11 11:59:29.723 10 INFO neutron.services.segments.plugin [-] Segment b7cf35c2-2598-4e79-9a7b-de6d0266fa5d resource provider aggregate not found
2026-05-11 11:59:29.731 10 INFO neutron.services.segments.plugin [-] Segment b7cf35c2-2598-4e79-9a7b-de6d0266fa5d resource provider not found; error: Placement Client Error (4xx): {"errors": [{"status": 404, "title": "Not Found", "detail": "The resource could not be found.\n\n No resource provider with uuid b7cf35c2-2598-4e79-9a7b-de6d0266fa5d found for delete ", "request_id": "req-ce278d13-cd7b-4f9b-9665-afcd8e979a1b"}]}
2026-05-11 11:59:29.748 10 INFO neutron.services.segments.plugin [-] Segment b7cf35c2-2598-4e79-9a7b-de6d0266fa5d resource provider not found; error: Placement Client Error (4xx): {"errors": [{"status": 404, "title": "Not Found", "detail": "The resource could not be found.\n\n No resource provider with uuid b7cf35c2-2598-4e79-9a7b-de6d0266fa5d found for delete ", "request_id": "req-d201ca67-3c7b-46d0-b04d-40e9a363cde3"}]}
2026-05-11 11:59:29.752 10 INFO neutron.services.segments.plugin [-] Segment 09c5f6a1-3bba-46d9-81e6-747b4dd3f139 resource provider aggregate not found
