2026-05-11 11:55:26.028 10 INFO neutron.plugins.ml2.plugin [None req-4847deb7-108e-42a3-ab4e-88167580dd94 - - - - - -] Attempt 1 to provision port b4adb8d7-3b55-4754-a227-7a5dc3915629
2026-05-11 11:55:26.067 10 INFO neutron.wsgi [req-19bd00ba-c6af-4e67-88c1-e97c4ee23a0e req-be511b48-01c2-4f0c-a8c0-07d37bd87dcd 6fc3248cc7564687a7594a5d4cd32dea 67d5299d765c4122b546eb7bf13327ca - - 6554e4942acc46fd9188d05bf42ba876 6554e4942acc46fd9188d05bf42ba876] 199.19.213.54 "GET /v2.0/ports?network_id=62240d2f-c5bf-4022-bfa7-247c7e3ccfad&device_owner=network%3Adhcp HTTP/1.1" status: 200 len: 210 time: 0.0259414
2026-05-11 11:55:26.185 10 INFO neutron.wsgi [req-19bd00ba-c6af-4e67-88c1-e97c4ee23a0e req-51b0a3cf-9817-4670-8937-0009e7f3e08f 6fc3248cc7564687a7594a5d4cd32dea 67d5299d765c4122b546eb7bf13327ca - - 6554e4942acc46fd9188d05bf42ba876 6554e4942acc46fd9188d05bf42ba876] 199.19.213.54 "GET /v2.0/networks/62240d2f-c5bf-4022-bfa7-247c7e3ccfad?fields=segments HTTP/1.1" status: 200 len: 212 time: 0.1097496
2026-05-11 11:55:26.206 9 INFO neutron.wsgi [req-e6f0679f-aef0-48cd-95f6-8576b83aa233 req-0c74779e-665b-45bf-9435-a551f218c6d0 f677529136794d5a92b70cc13430f7f0 ddd2a7c5e0cc4e60955bb9135e60d7b3 - - default default] 10.0.0.160 "GET /v2.0/networks?id=07d6a17a-182e-4a2e-b6ec-516189fec039 HTTP/1.1" status: 200 len: 883 time: 0.3202546
2026-05-11 11:55:26.225 10 INFO neutron.wsgi [req-87332ace-f23b-41e8-ae8a-b6b3f28f3170 req-afd23880-7982-4132-b7a8-ecacf692afd1 74cc0509c35f4eee91d8934456f27846 80a24073ebf044e9bd3ef73b9d624061 - - default default] 10.0.0.160 "GET /v2.0/ports?device_id=909cf043-44bf-4c3a-a429-8deaab3a9f9f HTTP/1.1" status: 200 len: 1172 time: 0.1619520
2026-05-11 11:55:26.229 9 INFO neutron.wsgi [req-e6f0679f-aef0-48cd-95f6-8576b83aa233 req-b4459f04-c64e-4392-9962-68327f4c9905 f677529136794d5a92b70cc13430f7f0 ddd2a7c5e0cc4e60955bb9135e60d7b3 - - default default] 10.0.0.160 "GET /v2.0/quotas/ddd2a7c5e0cc4e60955bb9135e60d7b3 HTTP/1.1" status: 200 len: 491 time: 0.0123601
2026-05-11 11:55:26.289 9 INFO neutron.wsgi [None req-37e7606a-cb0d-45ed-ad4b-fd7dc736f57e f3f5f97eb76249029e44a4126801718c 6e9ff99e9b384559865da5526608b358 - - default default] 10.0.0.218 "DELETE /v2.0/routers/c3d8fdca-eda9-41b6-984e-0b014886f32a HTTP/1.1" status: 204 len: 168 time: 1.2212224
2026-05-11 11:55:26.307 10 INFO neutron.wsgi [req-19bd00ba-c6af-4e67-88c1-e97c4ee23a0e req-45c10087-49a5-4dae-bdc1-64e646581bfd 6fc3248cc7564687a7594a5d4cd32dea 67d5299d765c4122b546eb7bf13327ca - - 6554e4942acc46fd9188d05bf42ba876 6554e4942acc46fd9188d05bf42ba876] 199.19.213.54 "GET /v2.0/networks/62240d2f-c5bf-4022-bfa7-247c7e3ccfad?fields=provider%3Aphysical_network&fields=provider%3Anetwork_type HTTP/1.1" status: 200 len: 277 time: 0.1151037
2026-05-11 11:55:26.311 10 INFO neutron.wsgi [req-87332ace-f23b-41e8-ae8a-b6b3f28f3170 req-6e509a40-8d54-457a-8422-2d7cc9e9de0c 74cc0509c35f4eee91d8934456f27846 80a24073ebf044e9bd3ef73b9d624061 - - default default] 10.0.0.160 "GET /v2.0/security-groups?id=8d886491-b11d-405f-bb70-8c3955dd3fef&fields=id&fields=name HTTP/1.1" status: 200 len: 312 time: 0.0790055
2026-05-11 11:55:26.357 9 INFO neutron.wsgi [req-e6f0679f-aef0-48cd-95f6-8576b83aa233 req-670486ca-a006-4fd5-a64a-6b0cfd73a2e5 f677529136794d5a92b70cc13430f7f0 ddd2a7c5e0cc4e60955bb9135e60d7b3 - - default default] 10.0.0.160 "GET /v2.0/ports?tenant_id=ddd2a7c5e0cc4e60955bb9135e60d7b3&fields=id HTTP/1.1" status: 200 len: 302 time: 0.1187890
2026-05-11 11:55:26.436 9 INFO neutron.wsgi [req-e6f0679f-aef0-48cd-95f6-8576b83aa233 req-b863c5e4-3ffc-4f8b-b9c0-53eab737298d 6fc3248cc7564687a7594a5d4cd32dea 67d5299d765c4122b546eb7bf13327ca - - 6554e4942acc46fd9188d05bf42ba876 6554e4942acc46fd9188d05bf42ba876] 10.0.0.160 "GET /v2.0/networks/07d6a17a-182e-4a2e-b6ec-516189fec039?fields=segments HTTP/1.1" status: 200 len: 212 time: 0.0641532
2026-05-11 11:55:26.450 10 INFO neutron.db.ovn_revision_numbers_db [None req-4847deb7-108e-42a3-ab4e-88167580dd94 - - - - - -] Successfully bumped revision number for resource b4adb8d7-3b55-4754-a227-7a5dc3915629 (type: ports) to 4
2026-05-11 11:55:26.505 9 INFO neutron.wsgi [req-e6f0679f-aef0-48cd-95f6-8576b83aa233 req-136f7265-f384-4c19-a0a8-ac15b80c48e3 6fc3248cc7564687a7594a5d4cd32dea 67d5299d765c4122b546eb7bf13327ca - - 6554e4942acc46fd9188d05bf42ba876 6554e4942acc46fd9188d05bf42ba876] 10.0.0.160 "GET /v2.0/networks/07d6a17a-182e-4a2e-b6ec-516189fec039?fields=provider%3Aphysical_network&fields=provider%3Anetwork_type HTTP/1.1" status: 200 len: 277 time: 0.0609267
2026-05-11 11:55:26.547 9 INFO neutron.wsgi [None req-71453215-9a22-43e7-8131-a6f642ed5b2b f3f5f97eb76249029e44a4126801718c 6e9ff99e9b384559865da5526608b358 - - default default] 10.0.0.218 "DELETE /v2.0/subnets/066cec9d-a5ac-4bd3-947e-901a39f4ef4a HTTP/1.1" status: 204 len: 168 time: 0.2510448 /var/lib/openstack/lib/python3.10/site-packages/pycadf/identifier.py:71: UserWarning: Invalid uuid: neutron. To ensure interoperability, identifiers should be a valid uuid. warnings.warn(('Invalid uuid: %s. To ensure interoperability, '
2026-05-11 11:55:26.649 10 INFO neutron.wsgi [req-90385462-1635-461f-b005-70d26b668b9a req-db486b1d-da4a-41be-b55b-e120522f745b f677529136794d5a92b70cc13430f7f0 ddd2a7c5e0cc4e60955bb9135e60d7b3 - - default default] 10.0.0.160 "GET /v2.0/ports?device_id=91764d59-2423-4065-800e-658904172cd0 HTTP/1.1" status: 200 len: 210 time: 0.0179198
2026-05-11 11:55:26.911 9 INFO neutron.wsgi [None req-3c7cb692-f462-4e4c-ba99-9f3293bfb1c8 f3f5f97eb76249029e44a4126801718c 6e9ff99e9b384559865da5526608b358 - - default default] 10.0.0.218 "DELETE /v2.0/networks/d8216a56-423a-4891-a6de-7a7d41d57002 HTTP/1.1" status: 204 len: 168 time: 0.3582506
2026-05-11 11:55:27.040 10 INFO neutron.wsgi [None req-06458154-15c7-4892-9290-1c5fe0baf4c6 f3f5f97eb76249029e44a4126801718c 6e9ff99e9b384559865da5526608b358 - - default default] 10.0.0.218 "GET /v2.0/security-groups?tenant_id=3f3e5c8745cc41bdb9a2bb7b5b3abed2&name=default HTTP/1.1" status: 200 len: 3116 time: 0.0422659
2026-05-11 11:55:27.306 10 INFO neutron.wsgi [None req-f583bb4e-e0b3-48f0-b408-060baafabaaa f3f5f97eb76249029e44a4126801718c 6e9ff99e9b384559865da5526608b358 - - default default] 10.0.0.218 "DELETE /v2.0/security-groups/205282f6-2043-474e-a1f6-41e0ec499c8f HTTP/1.1" status: 204 len: 168 time: 0.2621503
2026-05-11 11:55:27.311 10 INFO neutron.wsgi [req-e6f0679f-aef0-48cd-95f6-8576b83aa233 req-07cceb7a-7413-4872-9399-ad9f62f14bf7 f677529136794d5a92b70cc13430f7f0 ddd2a7c5e0cc4e60955bb9135e60d7b3 - - default default] 199.19.213.54 "GET /v2.0/networks?id=07d6a17a-182e-4a2e-b6ec-516189fec039 HTTP/1.1" status: 200 len: 883 time: 0.0710866
2026-05-11 11:55:27.354 10 INFO neutron.wsgi [req-e6f0679f-aef0-48cd-95f6-8576b83aa233 req-0a8c09fc-0ede-4c4b-94a9-3b59697a1fd5 f677529136794d5a92b70cc13430f7f0 ddd2a7c5e0cc4e60955bb9135e60d7b3 - - default default] 199.19.213.54 "GET /v2.0/security-groups?fields=id&fields=name&tenant_id=ddd2a7c5e0cc4e60955bb9135e60d7b3 HTTP/1.1" status: 200 len: 379 time: 0.0381861
2026-05-11 11:55:27.365 10 WARNING neutron_lib.context [req-e6f0679f-aef0-48cd-95f6-8576b83aa233 req-2fc61fe2-d0d7-4b95-ac1c-15f419f4a396 f677529136794d5a92b70cc13430f7f0 ddd2a7c5e0cc4e60955bb9135e60d7b3 - - default default] Method 'is_advsvc' is deprecated since 2023.2 release (neutron-lib 3.8.0) and will be removed once support for the old RBAC API policies will be removed from Neutron. Please use method 'is_service_role' instead.
2026-05-11 11:55:27.457 9 INFO neutron.services.segments.plugin [-] Segment 4222d9e2-e7eb-4c1c-b60b-04c12018b75b resource provider aggregate not found
2026-05-11 11:55:27.472 9 INFO neutron.services.segments.plugin [-] Segment 4222d9e2-e7eb-4c1c-b60b-04c12018b75b resource provider not found; error: Placement Client Error (4xx): {"errors": [{"status": 404, "title": "Not Found", "detail": "The resource could not be found.\n\n No resource provider with uuid 4222d9e2-e7eb-4c1c-b60b-04c12018b75b found for delete ", "request_id": "req-3df322fd-6487-4516-92a7-83a78169ca22"}]}
2026-05-11 11:55:27.472 9 INFO neutron.services.segments.plugin [-] Segment 4222d9e2-e7eb-4c1c-b60b-04c12018b75b resource provider aggregate not found
2026-05-11 11:55:27.486 9 INFO neutron.wsgi [req-952eadd6-cac7-402d-9161-fe8c4bdb47df req-59f26229-3b59-4096-ac9d-6ddee0fcb75d 74cc0509c35f4eee91d8934456f27846 80a24073ebf044e9bd3ef73b9d624061 - - default default] 10.0.0.160 "GET /v2.0/ports?device_id=909cf043-44bf-4c3a-a429-8deaab3a9f9f HTTP/1.1" status: 200 len: 1174 time: 0.1116965
2026-05-11 11:55:27.486 10 INFO neutron.notifiers.nova [-] Nova event matching ['req-b76e62cd-069d-4874-8f6d-cbfa33193da7'] response: {'server_uuid': '909cf043-44bf-4c3a-a429-8deaab3a9f9f', 'name': 'network-vif-plugged', 'status': 'completed', 'tag': 'b4adb8d7-3b55-4754-a227-7a5dc3915629', 'code': 200}
2026-05-11 11:55:27.486 10 INFO neutron.notifiers.nova [-] Nova event matching ['req-b76e62cd-069d-4874-8f6d-cbfa33193da7'] response: {'server_uuid': '909cf043-44bf-4c3a-a429-8deaab3a9f9f', 'name': 'network-vif-plugged', 'status': 'completed', 'tag': 'b4adb8d7-3b55-4754-a227-7a5dc3915629', 'code': 200}
2026-05-11 11:55:27.487 9 INFO neutron.services.segments.plugin [-] Segment 4222d9e2-e7eb-4c1c-b60b-04c12018b75b resource provider not found; error: Placement Client Error (4xx): {"errors": [{"status": 404, "title": "Not Found", "detail": "The resource could not be found.\n\n No resource provider with uuid 4222d9e2-e7eb-4c1c-b60b-04c12018b75b found for delete ", "request_id": "req-ba2907eb-5bbd-4a08-9f03-63de4ac6342e"}]}
2026-05-11 11:55:27.553 9 INFO neutron.wsgi [req-952eadd6-cac7-402d-9161-fe8c4bdb47df req-d8b6be27-a114-4d11-bbb6-203417bb6831 74cc0509c35f4eee91d8934456f27846 80a24073ebf044e9bd3ef73b9d624061 - - default default] 10.0.0.160 "GET /v2.0/security-groups?id=8d886491-b11d-405f-bb70-8c3955dd3fef&fields=id&fields=name HTTP/1.1" status: 200 len: 312 time: 0.0621088
2026-05-11 11:55:27.709 10 WARNING neutron.scheduler.dhcp_agent_scheduler [req-e6f0679f-aef0-48cd-95f6-8576b83aa233 req-2fc61fe2-d0d7-4b95-ac1c-15f419f4a396 f677529136794d5a92b70cc13430f7f0 ddd2a7c5e0cc4e60955bb9135e60d7b3 - - default default] No more DHCP agents
2026-05-11 11:55:27.711 10 WARNING neutron.api.rpc.agentnotifiers.dhcp_rpc_agent_api [req-e6f0679f-aef0-48cd-95f6-8576b83aa233 req-2fc61fe2-d0d7-4b95-ac1c-15f419f4a396 f677529136794d5a92b70cc13430f7f0 ddd2a7c5e0cc4e60955bb9135e60d7b3 - - default default] Unable to schedule network 07d6a17a-182e-4a2e-b6ec-516189fec039: no agents available; will retry on subsequent port and subnet creation events. /var/lib/openstack/lib/python3.10/site-packages/pycadf/identifier.py:71: UserWarning: Invalid uuid: neutron. To ensure interoperability, identifiers should be a valid uuid. warnings.warn(('Invalid uuid: %s. To ensure interoperability, '
2026-05-11 11:55:27.842 10 INFO neutron.wsgi [req-ed1791f5-c6fb-4908-a757-ed7918c29ab6 req-bfa9e3c4-253f-44ac-af97-4a5caec8c0c6 f677529136794d5a92b70cc13430f7f0 ddd2a7c5e0cc4e60955bb9135e60d7b3 - - default default] 10.0.0.160 "GET /v2.0/ports?device_id=91764d59-2423-4065-800e-658904172cd0 HTTP/1.1" status: 200 len: 1156 time: 0.1268449
2026-05-11 11:55:27.889 10 INFO neutron.db.ovn_revision_numbers_db [req-e6f0679f-aef0-48cd-95f6-8576b83aa233 req-2fc61fe2-d0d7-4b95-ac1c-15f419f4a396 f677529136794d5a92b70cc13430f7f0 ddd2a7c5e0cc4e60955bb9135e60d7b3 - - default default] Successfully bumped revision number for resource 5d0d9e70-d907-4b1d-a2b5-1bdc21684076 (type: ports) to 1
2026-05-11 11:55:27.893 10 INFO neutron.wsgi [req-ed1791f5-c6fb-4908-a757-ed7918c29ab6 req-4bbb894c-5ddb-4553-8a26-5f61f6f9e696 f677529136794d5a92b70cc13430f7f0 ddd2a7c5e0cc4e60955bb9135e60d7b3 - - default default] 10.0.0.160 "GET /v2.0/security-groups?id=8cd2e097-4741-4b2e-aa58-2c14288b25c2&fields=id&fields=name HTTP/1.1" status: 200 len: 312 time: 0.0440705
2026-05-11 11:55:27.913 10 INFO neutron.wsgi [req-e6f0679f-aef0-48cd-95f6-8576b83aa233 req-2fc61fe2-d0d7-4b95-ac1c-15f419f4a396 f677529136794d5a92b70cc13430f7f0 ddd2a7c5e0cc4e60955bb9135e60d7b3 - - default default] 199.19.213.54 "POST /v2.0/ports HTTP/1.1" status: 201 len: 1158 time: 0.5525551
2026-05-11 11:55:28.328 9 WARNING neutron.plugins.ml2.drivers.ovn.mech_driver.ovsdb.ovn_client [None req-02fafce6-5186-4500-9df5-51c680abb6c7 - - - - - -] No hosting information found for port 82bfa240-4051-4f02-aa2b-bf26ea30fbe8: RuntimeError: No hosting information found for port 82bfa240-4051-4f02-aa2b-bf26ea30fbe8
2026-05-11 11:55:28.501 10 INFO neutron.db.ovn_revision_numbers_db [req-e6f0679f-aef0-48cd-95f6-8576b83aa233 req-a450fd38-011f-4a2a-a81c-cda66616c422 6fc3248cc7564687a7594a5d4cd32dea 67d5299d765c4122b546eb7bf13327ca - - 6554e4942acc46fd9188d05bf42ba876 6554e4942acc46fd9188d05bf42ba876] Successfully bumped revision number for resource 5d0d9e70-d907-4b1d-a2b5-1bdc21684076 (type: ports) to 2
2026-05-11 11:55:28.668 9 INFO neutron.wsgi [req-25fa4fb3-657d-4df4-b174-6c1c59e8bc81 req-7d182b43-23e2-49fe-90ba-ae874d88a833 74cc0509c35f4eee91d8934456f27846 80a24073ebf044e9bd3ef73b9d624061 - - default default] 10.0.0.160 "GET /v2.0/ports?device_id=909cf043-44bf-4c3a-a429-8deaab3a9f9f HTTP/1.1" status: 200 len: 1174 time: 0.0389013
2026-05-11 11:55:28.719 9 INFO neutron.wsgi [req-25fa4fb3-657d-4df4-b174-6c1c59e8bc81 req-fb82b295-7b20-4f5a-b8af-6925a4d778b0 74cc0509c35f4eee91d8934456f27846 80a24073ebf044e9bd3ef73b9d624061 - - default default] 10.0.0.160 "GET /v2.0/security-groups?id=8d886491-b11d-405f-bb70-8c3955dd3fef&fields=id&fields=name HTTP/1.1" status: 200 len: 312 time: 0.0444157
2026-05-11 11:55:28.730 10 INFO neutron.db.ovn_revision_numbers_db [req-e6f0679f-aef0-48cd-95f6-8576b83aa233 req-a450fd38-011f-4a2a-a81c-cda66616c422 6fc3248cc7564687a7594a5d4cd32dea 67d5299d765c4122b546eb7bf13327ca - - 6554e4942acc46fd9188d05bf42ba876 6554e4942acc46fd9188d05bf42ba876] Successfully bumped revision number for resource 5d0d9e70-d907-4b1d-a2b5-1bdc21684076 (type: ports) to 2
2026-05-11 11:55:28.748 10 INFO neutron.wsgi [req-e6f0679f-aef0-48cd-95f6-8576b83aa233 req-a450fd38-011f-4a2a-a81c-cda66616c422 6fc3248cc7564687a7594a5d4cd32dea 67d5299d765c4122b546eb7bf13327ca - - 6554e4942acc46fd9188d05bf42ba876 6554e4942acc46fd9188d05bf42ba876] 199.19.213.54 "PUT /v2.0/ports/5d0d9e70-d907-4b1d-a2b5-1bdc21684076 HTTP/1.1" status: 200 len: 1376 time: 0.8241315 /var/lib/openstack/lib/python3.10/site-packages/pycadf/identifier.py:71: UserWarning: Invalid uuid: neutron. To ensure interoperability, identifiers should be a valid uuid. warnings.warn(('Invalid uuid: %s. To ensure interoperability, '
2026-05-11 11:55:28.830 10 INFO neutron.wsgi [req-59b0618e-2c7a-48e6-99a1-98bd699e5097 req-44ac40e1-70f7-471a-a5d5-2ccbb6f6f22e 74cc0509c35f4eee91d8934456f27846 80a24073ebf044e9bd3ef73b9d624061 - - default default] 10.0.0.160 "GET /v2.0/ports?device_id=909cf043-44bf-4c3a-a429-8deaab3a9f9f HTTP/1.1" status: 200 len: 1174 time: 0.0481470
2026-05-11 11:55:28.834 10 INFO neutron.wsgi [req-e6f0679f-aef0-48cd-95f6-8576b83aa233 req-a5f8845d-8328-48f5-9d33-1e418701f28c 6fc3248cc7564687a7594a5d4cd32dea 67d5299d765c4122b546eb7bf13327ca - - 6554e4942acc46fd9188d05bf42ba876 6554e4942acc46fd9188d05bf42ba876] 199.19.213.54 "GET /v2.0/ports?tenant_id=ddd2a7c5e0cc4e60955bb9135e60d7b3&device_id=91764d59-2423-4065-800e-658904172cd0 HTTP/1.1" status: 200 len: 1407 time: 0.0412276
2026-05-11 11:55:28.858 10 INFO neutron.wsgi [req-e6f0679f-aef0-48cd-95f6-8576b83aa233 req-3891b973-b998-4fba-883e-49aa93ae4550 6fc3248cc7564687a7594a5d4cd32dea 67d5299d765c4122b546eb7bf13327ca - - 6554e4942acc46fd9188d05bf42ba876 6554e4942acc46fd9188d05bf42ba876] 199.19.213.54 "GET /v2.0/floatingips?fixed_ip_address=10.100.0.6&port_id=5d0d9e70-d907-4b1d-a2b5-1bdc21684076 HTTP/1.1" status: 200 len: 217 time: 0.0204411
2026-05-11 11:55:28.899 10 INFO neutron.wsgi [req-e6f0679f-aef0-48cd-95f6-8576b83aa233 req-9eb26682-5f41-478e-9581-37008c45b31c 6fc3248cc7564687a7594a5d4cd32dea 67d5299d765c4122b546eb7bf13327ca - - 6554e4942acc46fd9188d05bf42ba876 6554e4942acc46fd9188d05bf42ba876] 199.19.213.54 "GET /v2.0/subnets?id=424460a3-be3f-4570-a144-ad692543ff80 HTTP/1.1" status: 200 len: 877 time: 0.0346751
2026-05-11 11:55:28.935 10 INFO neutron.wsgi [req-e6f0679f-aef0-48cd-95f6-8576b83aa233 req-b0263bcf-1de6-447a-8fd6-997a8ae8fd0f 6fc3248cc7564687a7594a5d4cd32dea 67d5299d765c4122b546eb7bf13327ca - - 6554e4942acc46fd9188d05bf42ba876 6554e4942acc46fd9188d05bf42ba876] 199.19.213.54 "GET /v2.0/ports?network_id=07d6a17a-182e-4a2e-b6ec-516189fec039&device_owner=network%3Adhcp HTTP/1.1" status: 200 len: 210 time: 0.0226033
2026-05-11 11:55:29.003 10 INFO neutron.wsgi [req-e6f0679f-aef0-48cd-95f6-8576b83aa233 req-e76da733-2705-428c-bd75-9b58e905d68f 6fc3248cc7564687a7594a5d4cd32dea 67d5299d765c4122b546eb7bf13327ca - - 6554e4942acc46fd9188d05bf42ba876 6554e4942acc46fd9188d05bf42ba876] 199.19.213.54 "GET /v2.0/networks/07d6a17a-182e-4a2e-b6ec-516189fec039?fields=segments HTTP/1.1" status: 200 len: 212 time: 0.0585768
2026-05-11 11:55:29.028 9 INFO neutron.wsgi [req-171ad40a-4a7c-43e5-901b-e10cb2c116e1 req-5341570e-0ad7-44b5-af18-6f664628260e f677529136794d5a92b70cc13430f7f0 ddd2a7c5e0cc4e60955bb9135e60d7b3 - - default default] 10.0.0.160 "GET /v2.0/ports?device_id=91764d59-2423-4065-800e-658904172cd0 HTTP/1.1" status: 200 len: 1168 time: 0.0474403
2026-05-11 11:55:29.069 10 INFO neutron.wsgi [req-e6f0679f-aef0-48cd-95f6-8576b83aa233 req-579f058b-a4c3-4842-b0fb-ad072a122584 6fc3248cc7564687a7594a5d4cd32dea 67d5299d765c4122b546eb7bf13327ca - - 6554e4942acc46fd9188d05bf42ba876 6554e4942acc46fd9188d05bf42ba876] 199.19.213.54 "GET /v2.0/networks/07d6a17a-182e-4a2e-b6ec-516189fec039?fields=provider%3Aphysical_network&fields=provider%3Anetwork_type HTTP/1.1" status: 200 len: 277 time: 0.0586872
2026-05-11 11:55:29.101 9 INFO neutron.wsgi [req-171ad40a-4a7c-43e5-901b-e10cb2c116e1 req-5b2298b5-569c-4a0e-942d-f75ea1e1eb91 f677529136794d5a92b70cc13430f7f0 ddd2a7c5e0cc4e60955bb9135e60d7b3 - - default default] 10.0.0.160 "GET /v2.0/security-groups?id=8cd2e097-4741-4b2e-aa58-2c14288b25c2&fields=id&fields=name HTTP/1.1" status: 200 len: 312 time: 0.0639858
2026-05-11 11:55:29.257 9 INFO neutron.plugins.ml2.drivers.ovn.mech_driver.mech_driver [None req-02fafce6-5186-4500-9df5-51c680abb6c7 - - - - - -] OVN reports status up for port: 5d0d9e70-d907-4b1d-a2b5-1bdc21684076
2026-05-11 11:55:29.278 9 INFO neutron.plugins.ml2.plugin [None req-02fafce6-5186-4500-9df5-51c680abb6c7 - - - - - -] Attempt 1 to provision port 5d0d9e70-d907-4b1d-a2b5-1bdc21684076
2026-05-11 11:55:29.453 10 INFO neutron.db.ovn_revision_numbers_db [None req-1de44a43-d045-4235-a66b-1613a0d7224a f3f5f97eb76249029e44a4126801718c 6e9ff99e9b384559865da5526608b358 - - default default] Successfully bumped revision number for resource db68413e-82f2-450c-ab76-99165f57d0d8 (type: security_groups) to 1
2026-05-11 11:55:29.478 9 INFO neutron.notifiers.nova [-] Nova event matching ['req-60a9b468-aa06-4116-88d4-ed2b935336d2'] response: {'server_uuid': '91764d59-2423-4065-800e-658904172cd0', 'name': 'network-vif-plugged', 'status': 'completed', 'tag': '5d0d9e70-d907-4b1d-a2b5-1bdc21684076', 'code': 200}
2026-05-11 11:55:29.507 10 INFO neutron.db.ovn_revision_numbers_db [None req-1de44a43-d045-4235-a66b-1613a0d7224a f3f5f97eb76249029e44a4126801718c 6e9ff99e9b384559865da5526608b358 - - default default] Successfully bumped revision number for resource 472aeec1-697e-4394-82ae-e67e04db67f7 (type: security_group_rules) to 0
2026-05-11 11:55:29.525 10 INFO neutron.db.ovn_revision_numbers_db [None req-1de44a43-d045-4235-a66b-1613a0d7224a f3f5f97eb76249029e44a4126801718c 6e9ff99e9b384559865da5526608b358 - - default default] Successfully bumped revision number for resource 61d38622-f1dc-48d0-823c-3d6000c00436 (type: security_group_rules) to 0
2026-05-11 11:55:29.530 9 INFO neutron.db.ovn_revision_numbers_db [None req-480c3903-47d7-4369-98e5-72f13666a7a6 74cc0509c35f4eee91d8934456f27846 80a24073ebf044e9bd3ef73b9d624061 - - default default] Successfully bumped revision number for resource e3b75f7e-595c-4be7-97c0-3a9ab3dee1de (type: floatingips) to 1
2026-05-11 11:55:29.530 10 INFO neutron.notifiers.nova [-] Nova event matching ['req-3776c042-f816-4371-9989-0fd8fd829483'] response: {'name': 'network-changed', 'server_uuid': '91764d59-2423-4065-800e-658904172cd0', 'tag': '5d0d9e70-d907-4b1d-a2b5-1bdc21684076', 'status': 'completed', 'code': 200}
2026-05-11 11:55:29.542 10 INFO neutron.db.ovn_revision_numbers_db [None req-1de44a43-d045-4235-a66b-1613a0d7224a f3f5f97eb76249029e44a4126801718c 6e9ff99e9b384559865da5526608b358 - - default default] Successfully bumped revision number for resource 82173d05-35e1-467a-b163-f386a27aeab9 (type: security_group_rules) to 0 /var/lib/openstack/lib/python3.10/site-packages/pycadf/identifier.py:71: UserWarning: Invalid uuid: neutron. To ensure interoperability, identifiers should be a valid uuid. warnings.warn(('Invalid uuid: %s. To ensure interoperability, '
2026-05-11 11:55:29.574 10 INFO neutron.db.ovn_revision_numbers_db [None req-1de44a43-d045-4235-a66b-1613a0d7224a f3f5f97eb76249029e44a4126801718c 6e9ff99e9b384559865da5526608b358 - - default default] Successfully bumped revision number for resource bad60f20-ba8b-4f9c-ae64-9f532e6a8d90 (type: security_group_rules) to 0
2026-05-11 11:55:29.610 10 INFO neutron.wsgi [req-197ecfb2-e53b-4130-8780-2a500be33ee0 req-7a0aa6b9-8edf-495c-9f0e-a0103522626a 6fc3248cc7564687a7594a5d4cd32dea 67d5299d765c4122b546eb7bf13327ca - - 6554e4942acc46fd9188d05bf42ba876 6554e4942acc46fd9188d05bf42ba876] 199.19.213.54 "GET /v2.0/ports?tenant_id=ddd2a7c5e0cc4e60955bb9135e60d7b3&device_id=91764d59-2423-4065-800e-658904172cd0 HTTP/1.1" status: 200 len: 1409 time: 0.0579302
2026-05-11 11:55:29.647 10 INFO neutron.db.segments_db [None req-1de44a43-d045-4235-a66b-1613a0d7224a f3f5f97eb76249029e44a4126801718c 6e9ff99e9b384559865da5526608b358 - - default default] Added segment bc590db9-5f9d-42bb-a72a-eb8d81965c2f of type geneve for network bc84cc02-d712-443e-8aa6-aaef4ffc1c59
2026-05-11 11:55:29.719 10 INFO neutron.wsgi [req-197ecfb2-e53b-4130-8780-2a500be33ee0 req-a258936c-3746-44e4-ab78-9edfbb47d2f2 6fc3248cc7564687a7594a5d4cd32dea 67d5299d765c4122b546eb7bf13327ca - - 6554e4942acc46fd9188d05bf42ba876 6554e4942acc46fd9188d05bf42ba876] 199.19.213.54 "GET /v2.0/networks?id=07d6a17a-182e-4a2e-b6ec-516189fec039 HTTP/1.1" status: 200 len: 982 time: 0.1026762
2026-05-11 11:55:29.733 9 INFO neutron.db.ovn_revision_numbers_db [None req-480c3903-47d7-4369-98e5-72f13666a7a6 74cc0509c35f4eee91d8934456f27846 80a24073ebf044e9bd3ef73b9d624061 - - default default] Successfully bumped revision number for resource e3b75f7e-595c-4be7-97c0-3a9ab3dee1de (type: floatingips) to 2
2026-05-11 11:55:29.734 9 INFO neutron.db.l3_db [None req-480c3903-47d7-4369-98e5-72f13666a7a6 74cc0509c35f4eee91d8934456f27846 80a24073ebf044e9bd3ef73b9d624061 - - default default] Floating IP e3b75f7e-595c-4be7-97c0-3a9ab3dee1de associated. External IP: 10.96.250.205, port: b4adb8d7-3b55-4754-a227-7a5dc3915629.
2026-05-11 11:55:29.740 9 INFO neutron.db.ovn_revision_numbers_db [None req-02fafce6-5186-4500-9df5-51c680abb6c7 - - - - - -] Successfully bumped revision number for resource 5d0d9e70-d907-4b1d-a2b5-1bdc21684076 (type: ports) to 4
2026-05-11 11:55:29.748 10 INFO neutron.wsgi [req-197ecfb2-e53b-4130-8780-2a500be33ee0 req-5a48e01b-da97-478b-bf3e-48818e5cbcd7 6fc3248cc7564687a7594a5d4cd32dea 67d5299d765c4122b546eb7bf13327ca - - 6554e4942acc46fd9188d05bf42ba876 6554e4942acc46fd9188d05bf42ba876] 199.19.213.54 "GET /v2.0/floatingips?fixed_ip_address=10.100.0.6&port_id=5d0d9e70-d907-4b1d-a2b5-1bdc21684076 HTTP/1.1" status: 200 len: 217 time: 0.0247741
2026-05-11 11:55:29.761 9 INFO neutron.wsgi [None req-480c3903-47d7-4369-98e5-72f13666a7a6 74cc0509c35f4eee91d8934456f27846 80a24073ebf044e9bd3ef73b9d624061 - - default default] 10.0.0.218 "PUT /v2.0/floatingips/e3b75f7e-595c-4be7-97c0-3a9ab3dee1de HTTP/1.1" status: 200 len: 1050 time: 0.9208612
2026-05-11 11:55:29.807 10 INFO neutron.wsgi [req-197ecfb2-e53b-4130-8780-2a500be33ee0 req-9e4e6b40-792d-4a53-ac2a-867b71884c46 6fc3248cc7564687a7594a5d4cd32dea 67d5299d765c4122b546eb7bf13327ca - - 6554e4942acc46fd9188d05bf42ba876 6554e4942acc46fd9188d05bf42ba876] 199.19.213.54 "GET /v2.0/subnets?id=424460a3-be3f-4570-a144-ad692543ff80 HTTP/1.1" status: 200 len: 877 time: 0.0541453
2026-05-11 11:55:29.842 10 INFO neutron.wsgi [req-197ecfb2-e53b-4130-8780-2a500be33ee0 req-b4f4b1de-b39f-4347-ba71-a50f958e5e76 6fc3248cc7564687a7594a5d4cd32dea 67d5299d765c4122b546eb7bf13327ca - - 6554e4942acc46fd9188d05bf42ba876 6554e4942acc46fd9188d05bf42ba876] 199.19.213.54 "GET /v2.0/ports?network_id=07d6a17a-182e-4a2e-b6ec-516189fec039&device_owner=network%3Adhcp HTTP/1.1" status: 200 len: 210 time: 0.0306516
2026-05-11 11:55:29.858 10 INFO neutron.db.ovn_revision_numbers_db [None req-1de44a43-d045-4235-a66b-1613a0d7224a f3f5f97eb76249029e44a4126801718c 6e9ff99e9b384559865da5526608b358 - - default default] Successfully bumped revision number for resource bc84cc02-d712-443e-8aa6-aaef4ffc1c59 (type: networks) to 1
2026-05-11 11:55:30.012 10 INFO neutron.wsgi [req-197ecfb2-e53b-4130-8780-2a500be33ee0 req-1905bb1e-c3b8-42fd-a068-937f193cc394 6fc3248cc7564687a7594a5d4cd32dea 67d5299d765c4122b546eb7bf13327ca - - 6554e4942acc46fd9188d05bf42ba876 6554e4942acc46fd9188d05bf42ba876] 199.19.213.54 "GET /v2.0/networks/07d6a17a-182e-4a2e-b6ec-516189fec039?fields=segments HTTP/1.1" status: 200 len: 212 time: 0.1647363
2026-05-11 11:55:30.114 10 INFO neutron.wsgi [req-197ecfb2-e53b-4130-8780-2a500be33ee0 req-be5073b7-a6a2-4761-87b1-bab5d6af8312 6fc3248cc7564687a7594a5d4cd32dea 67d5299d765c4122b546eb7bf13327ca - - 6554e4942acc46fd9188d05bf42ba876 6554e4942acc46fd9188d05bf42ba876] 199.19.213.54 "GET /v2.0/networks/07d6a17a-182e-4a2e-b6ec-516189fec039?fields=provider%3Aphysical_network&fields=provider%3Anetwork_type HTTP/1.1" status: 200 len: 277 time: 0.0894160 /var/lib/openstack/lib/python3.10/site-packages/pycadf/identifier.py:71: UserWarning: Invalid uuid: neutron. To ensure interoperability, identifiers should be a valid uuid. warnings.warn(('Invalid uuid: %s. To ensure interoperability, '
2026-05-11 11:55:30.231 10 INFO neutron.wsgi [req-64d2329f-be1a-4277-8339-f34c2df0254a req-d632b29a-df3f-4c33-8c78-3d5fd9e011ec f677529136794d5a92b70cc13430f7f0 ddd2a7c5e0cc4e60955bb9135e60d7b3 - - default default] 10.0.0.160 "GET /v2.0/ports?device_id=91764d59-2423-4065-800e-658904172cd0 HTTP/1.1" status: 200 len: 1170 time: 0.0657384
2026-05-11 11:55:30.238 10 WARNING neutron.scheduler.dhcp_agent_scheduler [None req-1de44a43-d045-4235-a66b-1613a0d7224a f3f5f97eb76249029e44a4126801718c 6e9ff99e9b384559865da5526608b358 - - default default] No more DHCP agents
2026-05-11 11:55:30.245 10 WARNING neutron.api.rpc.agentnotifiers.dhcp_rpc_agent_api [None req-1de44a43-d045-4235-a66b-1613a0d7224a f3f5f97eb76249029e44a4126801718c 6e9ff99e9b384559865da5526608b358 - - default default] Unable to schedule network bc84cc02-d712-443e-8aa6-aaef4ffc1c59: no agents available; will retry on subsequent port and subnet creation events.
2026-05-11 11:55:30.302 10 INFO neutron.wsgi [req-64d2329f-be1a-4277-8339-f34c2df0254a req-f0b4ad05-015d-45c4-a9c4-5e1a94c48f68 f677529136794d5a92b70cc13430f7f0 ddd2a7c5e0cc4e60955bb9135e60d7b3 - - default default] 10.0.0.160 "GET /v2.0/security-groups?id=8cd2e097-4741-4b2e-aa58-2c14288b25c2&fields=id&fields=name HTTP/1.1" status: 200 len: 312 time: 0.0644360
2026-05-11 11:55:30.344 9 INFO neutron.db.ovn_revision_numbers_db [None req-a62a26aa-d1ea-4324-8ea1-613995ade8a6 f3f5f97eb76249029e44a4126801718c 6e9ff99e9b384559865da5526608b358 - - default default] Successfully bumped revision number for resource 94c05c60-381e-4987-8779-2b8640a4e941 (type: security_groups) to 1
2026-05-11 11:55:30.349 10 INFO neutron.db.ovn_revision_numbers_db [None req-1de44a43-d045-4235-a66b-1613a0d7224a f3f5f97eb76249029e44a4126801718c 6e9ff99e9b384559865da5526608b358 - - default default] Successfully bumped revision number for resource 99075965-af5e-4506-a81e-4f0d71212cae (type: ports) to 1
2026-05-11 11:55:30.360 9 INFO neutron.db.ovn_revision_numbers_db [None req-a62a26aa-d1ea-4324-8ea1-613995ade8a6 f3f5f97eb76249029e44a4126801718c 6e9ff99e9b384559865da5526608b358 - - default default] Successfully bumped revision number for resource 806069c4-787f-4b53-bd47-1ead1a41a109 (type: security_group_rules) to 0
2026-05-11 11:55:30.371 10 INFO neutron.wsgi [None req-1de44a43-d045-4235-a66b-1613a0d7224a f3f5f97eb76249029e44a4126801718c 6e9ff99e9b384559865da5526608b358 - - default default] 10.0.0.218 "POST /v2.0/networks HTTP/1.1" status: 201 len: 947 time: 1.3005736
2026-05-11 11:55:30.386 9 INFO neutron.db.ovn_revision_numbers_db [None req-a62a26aa-d1ea-4324-8ea1-613995ade8a6 f3f5f97eb76249029e44a4126801718c 6e9ff99e9b384559865da5526608b358 - - default default] Successfully bumped revision number for resource d0a8599e-03f9-4a7c-a97f-fa65fe8729b7 (type: security_group_rules) to 0
2026-05-11 11:55:30.400 9 INFO neutron.wsgi [req-0e29627a-364f-4e2e-a6ac-db8128ac6242 req-7941bc0d-5166-4064-9bd9-d079f8f80f06 f677529136794d5a92b70cc13430f7f0 ddd2a7c5e0cc4e60955bb9135e60d7b3 - - default default] 10.0.0.160 "GET /v2.0/ports?device_id=91764d59-2423-4065-800e-658904172cd0 HTTP/1.1" status: 200 len: 1170 time: 0.0405803
2026-05-11 11:55:30.422 9 INFO neutron.db.ovn_revision_numbers_db [None req-a62a26aa-d1ea-4324-8ea1-613995ade8a6 f3f5f97eb76249029e44a4126801718c 6e9ff99e9b384559865da5526608b358 - - default default] Successfully bumped revision number for resource d9f64cd5-0aee-4e9a-96f1-040e4cea453f (type: security_group_rules) to 0
2026-05-11 11:55:30.444 9 INFO neutron.db.ovn_revision_numbers_db [None req-a62a26aa-d1ea-4324-8ea1-613995ade8a6 f3f5f97eb76249029e44a4126801718c 6e9ff99e9b384559865da5526608b358 - - default default] Successfully bumped revision number for resource e10e28a0-81e9-43c3-8fe6-84c1b11ae668 (type: security_group_rules) to 0
2026-05-11 11:55:30.487 9 INFO neutron.wsgi [None req-a62a26aa-d1ea-4324-8ea1-613995ade8a6 f3f5f97eb76249029e44a4126801718c 6e9ff99e9b384559865da5526608b358 - - default default] 10.0.0.218 "GET /v2.0/security-groups?tenant_id=c2c610e79b314c0d8f9ef5f446597143&name=default HTTP/1.1" status: 200 len: 3120 time: 0.3980849
2026-05-11 11:55:30.544 10 WARNING neutron.scheduler.dhcp_agent_scheduler [None req-22b93451-5962-4d32-ae8d-b72334429b31 f3f5f97eb76249029e44a4126801718c 6e9ff99e9b384559865da5526608b358 - - default default] No more DHCP agents
2026-05-11 11:55:30.546 10 WARNING neutron.api.rpc.agentnotifiers.dhcp_rpc_agent_api [None req-22b93451-5962-4d32-ae8d-b72334429b31 f3f5f97eb76249029e44a4126801718c 6e9ff99e9b384559865da5526608b358 - - default default] Unable to schedule network bc84cc02-d712-443e-8aa6-aaef4ffc1c59: no agents available; will retry on subsequent port and subnet creation events.
2026-05-11 11:55:30.763 9 INFO neutron.wsgi [None req-5e7133a0-8b32-4c91-9e5b-cf595f54aa5b f3f5f97eb76249029e44a4126801718c 6e9ff99e9b384559865da5526608b358 - - default default] 10.0.0.218 "DELETE /v2.0/security-groups/94c05c60-381e-4987-8779-2b8640a4e941 HTTP/1.1" status: 204 len: 168 time: 0.2710633
2026-05-11 11:55:30.985 9 INFO neutron.db.ovn_revision_numbers_db [None req-cf8207b4-5a83-4a33-9058-ae98bb14d9a4 f677529136794d5a92b70cc13430f7f0 ddd2a7c5e0cc4e60955bb9135e60d7b3 - - default default] Successfully bumped revision number for resource 8ba4a1e8-8a54-484a-9a66-312c5b01da41 (type: floatingips) to 1
2026-05-11 11:55:31.045 10 INFO neutron.db.ovn_revision_numbers_db [None req-3fb5aaf6-0ad2-4327-95e3-c14c710a2401 f3f5f97eb76249029e44a4126801718c 6e9ff99e9b384559865da5526608b358 - - default default] Successfully bumped revision number for resource 1b2cc019-df73-41ca-98c2-5f864e7eda39 (type: security_groups) to 1
2026-05-11 11:55:31.069 10 INFO neutron.db.ovn_revision_numbers_db [None req-3fb5aaf6-0ad2-4327-95e3-c14c710a2401 f3f5f97eb76249029e44a4126801718c 6e9ff99e9b384559865da5526608b358 - - default default] Successfully bumped revision number for resource 284595d7-94f0-4d88-8e18-dc44a4e709f4 (type: security_group_rules) to 0
2026-05-11 11:55:31.100 10 INFO neutron.db.ovn_revision_numbers_db [None req-3fb5aaf6-0ad2-4327-95e3-c14c710a2401 f3f5f97eb76249029e44a4126801718c 6e9ff99e9b384559865da5526608b358 - - default default] Successfully bumped revision number for resource 8722087e-bb2b-4b92-a442-8ee45fe3e8f4 (type: security_group_rules) to 0
2026-05-11 11:55:31.132 10 INFO neutron.db.ovn_revision_numbers_db [None req-3fb5aaf6-0ad2-4327-95e3-c14c710a2401 f3f5f97eb76249029e44a4126801718c 6e9ff99e9b384559865da5526608b358 - - default default] Successfully bumped revision number for resource 8aaf2072-9c6b-405c-9ad0-7ecd1bc5d1cb (type: security_group_rules) to 0
2026-05-11 11:55:31.136 10 INFO neutron.db.ovn_revision_numbers_db [None req-22b93451-5962-4d32-ae8d-b72334429b31 f3f5f97eb76249029e44a4126801718c 6e9ff99e9b384559865da5526608b358 - - default default] Successfully bumped revision number for resource 99075965-af5e-4506-a81e-4f0d71212cae (type: ports) to 2
2026-05-11 11:55:31.160 10 INFO neutron.db.ovn_revision_numbers_db [None req-3fb5aaf6-0ad2-4327-95e3-c14c710a2401 f3f5f97eb76249029e44a4126801718c 6e9ff99e9b384559865da5526608b358 - - default default] Successfully bumped revision number for resource b217e8eb-0a9d-4a7a-a0bb-4de888072d77 (type: security_group_rules) to 0
2026-05-11 11:55:31.197 10 INFO neutron.wsgi [None req-3fb5aaf6-0ad2-4327-95e3-c14c710a2401 f3f5f97eb76249029e44a4126801718c 6e9ff99e9b384559865da5526608b358 - - default default] 10.0.0.218 "GET /v2.0/security-groups?tenant_id=f0012beb74c84a35b5c38dfc4e99d658&name=default HTTP/1.1" status: 200 len: 3120 time: 0.3315954
2026-05-11 11:55:31.200 10 INFO neutron.db.ovn_revision_numbers_db [None req-22b93451-5962-4d32-ae8d-b72334429b31 f3f5f97eb76249029e44a4126801718c 6e9ff99e9b384559865da5526608b358 - - default default] Successfully bumped revision number for resource 59ee2ce8-0452-48c2-8b83-137bd28e594a (type: subnets) to 0 /var/lib/openstack/lib/python3.10/site-packages/pycadf/identifier.py:71: UserWarning: Invalid uuid: neutron. To ensure interoperability, identifiers should be a valid uuid. warnings.warn(('Invalid uuid: %s. To ensure interoperability, '
2026-05-11 11:55:31.227 10 INFO neutron.wsgi [None req-22b93451-5962-4d32-ae8d-b72334429b31 f3f5f97eb76249029e44a4126801718c 6e9ff99e9b384559865da5526608b358 - - default default] 10.0.0.218 "POST /v2.0/subnets HTTP/1.1" status: 201 len: 867 time: 0.8519869
2026-05-11 11:55:31.313 9 INFO neutron.db.ovn_revision_numbers_db [None req-cf8207b4-5a83-4a33-9058-ae98bb14d9a4 f677529136794d5a92b70cc13430f7f0 ddd2a7c5e0cc4e60955bb9135e60d7b3 - - default default] Successfully bumped revision number for resource 8ba4a1e8-8a54-484a-9a66-312c5b01da41 (type: floatingips) to 2
2026-05-11 11:55:31.314 9 INFO neutron.db.l3_db [None req-cf8207b4-5a83-4a33-9058-ae98bb14d9a4 f677529136794d5a92b70cc13430f7f0 ddd2a7c5e0cc4e60955bb9135e60d7b3 - - default default] Floating IP 8ba4a1e8-8a54-484a-9a66-312c5b01da41 associated. External IP: 10.96.250.213, port: 5d0d9e70-d907-4b1d-a2b5-1bdc21684076.
2026-05-11 11:55:31.339 9 INFO neutron.wsgi [None req-cf8207b4-5a83-4a33-9058-ae98bb14d9a4 f677529136794d5a92b70cc13430f7f0 ddd2a7c5e0cc4e60955bb9135e60d7b3 - - default default] 10.0.0.218 "PUT /v2.0/floatingips/8ba4a1e8-8a54-484a-9a66-312c5b01da41 HTTP/1.1" status: 200 len: 1049 time: 0.9276013
2026-05-11 11:55:31.521 9 INFO neutron.notifiers.nova [-] Nova event matching ['req-c3e4c341-82d6-4774-b6ce-c91883dbada6'] response: {'name': 'network-changed', 'server_uuid': '909cf043-44bf-4c3a-a429-8deaab3a9f9f', 'tag': 'b4adb8d7-3b55-4754-a227-7a5dc3915629', 'status': 'completed', 'code': 200}
2026-05-11 11:55:31.521 9 INFO neutron.notifiers.nova [-] Nova event matching ['req-c3e4c341-82d6-4774-b6ce-c91883dbada6'] response: {'server_uuid': '91764d59-2423-4065-800e-658904172cd0', 'name': 'network-vif-plugged', 'status': 'completed', 'tag': '5d0d9e70-d907-4b1d-a2b5-1bdc21684076', 'code': 200}
2026-05-11 11:55:31.522 9 INFO neutron.notifiers.nova [-] Nova event matching ['req-c3e4c341-82d6-4774-b6ce-c91883dbada6'] response: {'name': 'network-changed', 'server_uuid': '91764d59-2423-4065-800e-658904172cd0', 'tag': '5d0d9e70-d907-4b1d-a2b5-1bdc21684076', 'status': 'completed', 'code': 200}
2026-05-11 11:55:31.656 10 INFO neutron.wsgi [req-da109993-917e-4d7f-9a38-3c64814ffa54 req-a1b1fd4f-fa53-4d35-b3fc-14c19c208ec0 f677529136794d5a92b70cc13430f7f0 ddd2a7c5e0cc4e60955bb9135e60d7b3 - - default default] 10.0.0.160 "GET /v2.0/ports?device_id=91764d59-2423-4065-800e-658904172cd0 HTTP/1.1" status: 200 len: 1170 time: 0.2635417
2026-05-11 11:55:31.728 10 INFO neutron.wsgi [req-a76b7c75-f961-437e-9f0f-b0a4073b2246 req-ae17e31f-30ce-4acd-bc0a-ad97951253a7 6fc3248cc7564687a7594a5d4cd32dea 67d5299d765c4122b546eb7bf13327ca - - 6554e4942acc46fd9188d05bf42ba876 6554e4942acc46fd9188d05bf42ba876] 199.19.213.54 "GET /v2.0/ports?tenant_id=80a24073ebf044e9bd3ef73b9d624061&device_id=909cf043-44bf-4c3a-a429-8deaab3a9f9f HTTP/1.1" status: 200 len: 1413 time: 0.0919363
2026-05-11 11:55:31.766 10 INFO neutron.wsgi [req-da109993-917e-4d7f-9a38-3c64814ffa54 req-1e716be7-4627-4a4c-97db-ca98f14d6579 f677529136794d5a92b70cc13430f7f0 ddd2a7c5e0cc4e60955bb9135e60d7b3 - - default default] 10.0.0.160 "GET /v2.0/security-groups?id=8cd2e097-4741-4b2e-aa58-2c14288b25c2&fields=id&fields=name HTTP/1.1" status: 200 len: 312 time: 0.0952432
2026-05-11 11:55:31.839 10 INFO neutron.wsgi [req-a76b7c75-f961-437e-9f0f-b0a4073b2246 req-b9c6fbd2-c358-4b21-a112-006e4589fafa 6fc3248cc7564687a7594a5d4cd32dea 67d5299d765c4122b546eb7bf13327ca - - 6554e4942acc46fd9188d05bf42ba876 6554e4942acc46fd9188d05bf42ba876] 199.19.213.54 "GET /v2.0/networks?id=62240d2f-c5bf-4022-bfa7-247c7e3ccfad HTTP/1.1" status: 200 len: 971 time: 0.1040938
2026-05-11 11:55:31.905 10 INFO neutron.wsgi [None req-fbd54d93-df90-4f35-a200-7bbf64109c4d f3f5f97eb76249029e44a4126801718c 6e9ff99e9b384559865da5526608b358 - - default default] 10.0.0.218 "DELETE /v2.0/security-groups/1b2cc019-df73-41ca-98c2-5f864e7eda39 HTTP/1.1" status: 204 len: 168 time: 0.7015951
2026-05-11 11:55:31.915 10 INFO neutron.wsgi [req-a76b7c75-f961-437e-9f0f-b0a4073b2246 req-e859f328-2007-484b-abff-0cde4261e4e4 6fc3248cc7564687a7594a5d4cd32dea 67d5299d765c4122b546eb7bf13327ca - - 6554e4942acc46fd9188d05bf42ba876 6554e4942acc46fd9188d05bf42ba876] 199.19.213.54 "GET /v2.0/floatingips?fixed_ip_address=10.100.0.13&port_id=b4adb8d7-3b55-4754-a227-7a5dc3915629 HTTP/1.1" status: 200 len: 1060 time: 0.0671153
2026-05-11 11:55:31.963 10 INFO neutron.wsgi [req-a76b7c75-f961-437e-9f0f-b0a4073b2246 req-70b52109-0da3-4c6f-8d57-fdff9708cd99 6fc3248cc7564687a7594a5d4cd32dea 67d5299d765c4122b546eb7bf13327ca - - 6554e4942acc46fd9188d05bf42ba876 6554e4942acc46fd9188d05bf42ba876] 199.19.213.54 "GET /v2.0/subnets?id=625b6725-b749-469d-8189-6c78b76775ca HTTP/1.1" status: 200 len: 867 time: 0.0413399
2026-05-11 11:55:31.998 10 INFO neutron.wsgi [req-a76b7c75-f961-437e-9f0f-b0a4073b2246 req-ae6e3479-7521-4ff8-b57a-3f6680a09d97 6fc3248cc7564687a7594a5d4cd32dea 67d5299d765c4122b546eb7bf13327ca - - 6554e4942acc46fd9188d05bf42ba876 6554e4942acc46fd9188d05bf42ba876] 199.19.213.54 "GET /v2.0/ports?network_id=62240d2f-c5bf-4022-bfa7-247c7e3ccfad&device_owner=network%3Adhcp HTTP/1.1" status: 200 len: 210 time: 0.0301747
2026-05-11 11:55:32.098 10 INFO neutron.wsgi [req-a76b7c75-f961-437e-9f0f-b0a4073b2246 req-8d663d03-d629-452a-ba53-34ea7b06fd47 6fc3248cc7564687a7594a5d4cd32dea 67d5299d765c4122b546eb7bf13327ca - - 6554e4942acc46fd9188d05bf42ba876 6554e4942acc46fd9188d05bf42ba876] 199.19.213.54 "GET /v2.0/networks/62240d2f-c5bf-4022-bfa7-247c7e3ccfad?fields=segments HTTP/1.1" status: 200 len: 212 time: 0.0917027
2026-05-11 11:55:32.227 10 INFO neutron.wsgi [req-a76b7c75-f961-437e-9f0f-b0a4073b2246 req-8014dee1-43a0-4ef4-9dd6-d3bbf05a9415 6fc3248cc7564687a7594a5d4cd32dea 67d5299d765c4122b546eb7bf13327ca - - 6554e4942acc46fd9188d05bf42ba876 6554e4942acc46fd9188d05bf42ba876] 199.19.213.54 "GET /v2.0/networks/62240d2f-c5bf-4022-bfa7-247c7e3ccfad?fields=provider%3Aphysical_network&fields=provider%3Anetwork_type HTTP/1.1" status: 200 len: 277 time: 0.1234310
2026-05-11 11:55:32.232 10 WARNING neutron.scheduler.dhcp_agent_scheduler [None req-20abfc1b-7080-436f-b8bd-7ab67f03f901 f3f5f97eb76249029e44a4126801718c 6e9ff99e9b384559865da5526608b358 - - default default] No more DHCP agents
2026-05-11 11:55:32.234 10 WARNING neutron.api.rpc.agentnotifiers.dhcp_rpc_agent_api [None req-20abfc1b-7080-436f-b8bd-7ab67f03f901 f3f5f97eb76249029e44a4126801718c 6e9ff99e9b384559865da5526608b358 - - default default] Unable to schedule network 9ad427e5-221d-4e35-bd47-d79ef14f1049: no agents available; will retry on subsequent port and subnet creation events.
2026-05-11 11:55:32.326 10 INFO neutron.wsgi [req-a76b7c75-f961-437e-9f0f-b0a4073b2246 req-e4af32ef-447e-4a03-b6ac-1defe2ba1a3a 6fc3248cc7564687a7594a5d4cd32dea 67d5299d765c4122b546eb7bf13327ca - - 6554e4942acc46fd9188d05bf42ba876 6554e4942acc46fd9188d05bf42ba876] 199.19.213.54 "GET /v2.0/ports?tenant_id=ddd2a7c5e0cc4e60955bb9135e60d7b3&device_id=91764d59-2423-4065-800e-658904172cd0 HTTP/1.1" status: 200 len: 1409 time: 0.0518370
2026-05-11 11:55:32.403 10 INFO neutron.wsgi [req-a76b7c75-f961-437e-9f0f-b0a4073b2246 req-adf27756-aad8-4035-bde0-2b18644c3d65 6fc3248cc7564687a7594a5d4cd32dea 67d5299d765c4122b546eb7bf13327ca - - 6554e4942acc46fd9188d05bf42ba876 6554e4942acc46fd9188d05bf42ba876] 199.19.213.54 "GET /v2.0/networks?id=07d6a17a-182e-4a2e-b6ec-516189fec039 HTTP/1.1" status: 200 len: 982 time: 0.0705662
2026-05-11 11:55:32.411 10 INFO neutron.db.ovn_revision_numbers_db [None req-20abfc1b-7080-436f-b8bd-7ab67f03f901 f3f5f97eb76249029e44a4126801718c 6e9ff99e9b384559865da5526608b358 - - default default] Successfully bumped revision number for resource f4a267b7-7977-4373-9990-0a9f0f574b3c (type: ports) to 1
2026-05-11 11:55:32.475 10 INFO neutron.wsgi [req-a76b7c75-f961-437e-9f0f-b0a4073b2246 req-edce929b-ce5a-46de-890f-3a7f95a7d064 6fc3248cc7564687a7594a5d4cd32dea 67d5299d765c4122b546eb7bf13327ca - - 6554e4942acc46fd9188d05bf42ba876 6554e4942acc46fd9188d05bf42ba876] 199.19.213.54 "GET /v2.0/floatingips?fixed_ip_address=10.100.0.6&port_id=5d0d9e70-d907-4b1d-a2b5-1bdc21684076 HTTP/1.1" status: 200 len: 1059 time: 0.0644560
2026-05-11 11:55:32.509 10 INFO neutron.wsgi [req-a76b7c75-f961-437e-9f0f-b0a4073b2246 req-7b584618-7fc3-4506-9733-7a916b1fbb7f 6fc3248cc7564687a7594a5d4cd32dea 67d5299d765c4122b546eb7bf13327ca - - 6554e4942acc46fd9188d05bf42ba876 6554e4942acc46fd9188d05bf42ba876] 199.19.213.54 "GET /v2.0/subnets?id=424460a3-be3f-4570-a144-ad692543ff80 HTTP/1.1" status: 200 len: 877 time: 0.0299265
2026-05-11 11:55:32.549 10 INFO neutron.wsgi [req-a76b7c75-f961-437e-9f0f-b0a4073b2246 req-9b94d8fe-ad94-4a67-83e9-67bf07594775 6fc3248cc7564687a7594a5d4cd32dea 67d5299d765c4122b546eb7bf13327ca - - 6554e4942acc46fd9188d05bf42ba876 6554e4942acc46fd9188d05bf42ba876] 199.19.213.54 "GET /v2.0/ports?network_id=07d6a17a-182e-4a2e-b6ec-516189fec039&device_owner=network%3Adhcp HTTP/1.1" status: 200 len: 210 time: 0.0224736
2026-05-11 11:55:32.631 10 INFO neutron.wsgi [req-a76b7c75-f961-437e-9f0f-b0a4073b2246 req-60bfc2ed-3ef4-4ab0-86b7-988710621e89 6fc3248cc7564687a7594a5d4cd32dea 67d5299d765c4122b546eb7bf13327ca - - 6554e4942acc46fd9188d05bf42ba876 6554e4942acc46fd9188d05bf42ba876] 199.19.213.54 "GET /v2.0/networks/07d6a17a-182e-4a2e-b6ec-516189fec039?fields=segments HTTP/1.1" status: 200 len: 212 time: 0.0755112
2026-05-11 11:55:32.757 10 INFO neutron.wsgi [req-a76b7c75-f961-437e-9f0f-b0a4073b2246 req-b9d1392e-9e4b-4426-84d7-05ceb6243579 6fc3248cc7564687a7594a5d4cd32dea 67d5299d765c4122b546eb7bf13327ca - - 6554e4942acc46fd9188d05bf42ba876 6554e4942acc46fd9188d05bf42ba876] 199.19.213.54 "GET /v2.0/networks/07d6a17a-182e-4a2e-b6ec-516189fec039?fields=provider%3Aphysical_network&fields=provider%3Anetwork_type HTTP/1.1" status: 200 len: 277 time: 0.1210136
2026-05-11 11:55:33.240 10 INFO neutron.plugins.ml2.drivers.ovn.mech_driver.ovsdb.commands [None req-863d9b50-5afc-40e2-98d2-716c0152c842 - - - - - -] Schedule LRP lrp-f4a267b7-7977-4373-9990-0a9f0f574b3c on gateway 6c4c97e3-097f-4a03-bebb-10879c8c22de with priority 1
2026-05-11 11:55:33.253 10 INFO neutron.plugins.ml2.drivers.ovn.mech_driver.mech_driver [None req-4847deb7-108e-42a3-ab4e-88167580dd94 - - - - - -] OVN reports status up for port: f4a267b7-7977-4373-9990-0a9f0f574b3c
2026-05-11 11:55:33.267 10 INFO neutron.plugins.ml2.drivers.ovn.mech_driver.ovsdb.ovsdb_monitor [None req-98b2b4bb-d951-4d40-8d96-544884097841 - - - - - -] Router cf4ae06c-c80c-45cb-8e27-9ef1e4824df7 is bound to host instance
2026-05-11 11:55:33.293 10 INFO neutron.plugins.ml2.plugin [None req-4847deb7-108e-42a3-ab4e-88167580dd94 - - - - - -] Attempt 1 to provision port f4a267b7-7977-4373-9990-0a9f0f574b3c
2026-05-11 11:55:33.314 10 INFO neutron.db.ovn_revision_numbers_db [None req-20abfc1b-7080-436f-b8bd-7ab67f03f901 f3f5f97eb76249029e44a4126801718c 6e9ff99e9b384559865da5526608b358 - - default default] Successfully bumped revision number for resource f4a267b7-7977-4373-9990-0a9f0f574b3c (type: router_ports) to 1
2026-05-11 11:55:33.650 10 INFO neutron.db.ovn_revision_numbers_db [None req-20abfc1b-7080-436f-b8bd-7ab67f03f901 f3f5f97eb76249029e44a4126801718c 6e9ff99e9b384559865da5526608b358 - - default default] Successfully bumped revision number for resource cf4ae06c-c80c-45cb-8e27-9ef1e4824df7 (type: routers) to 2
2026-05-11 11:55:33.668 10 INFO neutron.wsgi [None req-20abfc1b-7080-436f-b8bd-7ab67f03f901 f3f5f97eb76249029e44a4126801718c 6e9ff99e9b384559865da5526608b358 - - default default] 10.0.0.218 "POST /v2.0/routers HTTP/1.1" status: 201 len: 1169 time: 2.4347239
2026-05-11 11:55:34.202 9 WARNING neutron.scheduler.dhcp_agent_scheduler [None req-41000061-2cc8-4003-aa4d-f26d45f3da31 f3f5f97eb76249029e44a4126801718c 6e9ff99e9b384559865da5526608b358 - - default default] No more DHCP agents
2026-05-11 11:55:34.204 9 WARNING neutron.api.rpc.agentnotifiers.dhcp_rpc_agent_api [None req-41000061-2cc8-4003-aa4d-f26d45f3da31 f3f5f97eb76249029e44a4126801718c 6e9ff99e9b384559865da5526608b358 - - default default] Unable to schedule network bc84cc02-d712-443e-8aa6-aaef4ffc1c59: no agents available; will retry on subsequent port and subnet creation events.
2026-05-11 11:55:34.208 10 INFO neutron.db.ovn_revision_numbers_db [None req-98b2b4bb-d951-4d40-8d96-544884097841 - - - - - -] Successfully bumped revision number for resource f4a267b7-7977-4373-9990-0a9f0f574b3c (type: ports) to 1
2026-05-11 11:55:34.364 9 INFO neutron.db.ovn_revision_numbers_db [None req-41000061-2cc8-4003-aa4d-f26d45f3da31 f3f5f97eb76249029e44a4126801718c 6e9ff99e9b384559865da5526608b358 - - default default] Successfully bumped revision number for resource 5d6f018f-1dcd-4ffe-aa3c-50f280fafa79 (type: ports) to 1
2026-05-11 11:55:34.586 10 INFO neutron.db.ovn_revision_numbers_db [None req-98b2b4bb-d951-4d40-8d96-544884097841 - - - - - -] Successfully bumped revision number for resource f4a267b7-7977-4373-9990-0a9f0f574b3c (type: router_ports) to 3
2026-05-11 11:55:34.600 9 INFO neutron.db.ovn_revision_numbers_db [None req-9ecfee19-61df-404a-89d6-95aa1fb649b7 f3f5f97eb76249029e44a4126801718c 6e9ff99e9b384559865da5526608b358 - - default default] Successfully bumped revision number for resource 997177f0-a221-479a-9b36-0d9c6d918a6d (type: security_groups) to 1
2026-05-11 11:55:34.620 9 INFO neutron.db.ovn_revision_numbers_db [None req-9ecfee19-61df-404a-89d6-95aa1fb649b7 f3f5f97eb76249029e44a4126801718c 6e9ff99e9b384559865da5526608b358 - - default default] Successfully bumped revision number for resource 4c58231f-a3ec-4d1b-b7e8-43f350e7deba (type: security_group_rules) to 0
2026-05-11 11:55:34.636 9 INFO neutron.db.ovn_revision_numbers_db [None req-9ecfee19-61df-404a-89d6-95aa1fb649b7 f3f5f97eb76249029e44a4126801718c 6e9ff99e9b384559865da5526608b358 - - default default] Successfully bumped revision number for resource 523cc196-185b-426f-a5d4-46ee844b2ff9 (type: security_group_rules) to 0
2026-05-11 11:55:34.660 9 INFO neutron.db.ovn_revision_numbers_db [None req-9ecfee19-61df-404a-89d6-95aa1fb649b7 f3f5f97eb76249029e44a4126801718c 6e9ff99e9b384559865da5526608b358 - - default default] Successfully bumped revision number for resource ac79c33a-7e5d-458b-a8b2-afb4cac68066 (type: security_group_rules) to 0
2026-05-11 11:55:34.676 9 INFO neutron.db.ovn_revision_numbers_db [None req-9ecfee19-61df-404a-89d6-95aa1fb649b7 f3f5f97eb76249029e44a4126801718c 6e9ff99e9b384559865da5526608b358 - - default default] Successfully bumped revision number for resource af878346-5692-44e5-8667-9288c1508144 (type: security_group_rules) to 0
2026-05-11 11:55:34.703 9 INFO neutron.wsgi [None req-9ecfee19-61df-404a-89d6-95aa1fb649b7 f3f5f97eb76249029e44a4126801718c 6e9ff99e9b384559865da5526608b358 - - default default] 10.0.0.218 "GET /v2.0/security-groups?tenant_id=c7e3a439b97d4df09c1e5b5be26a6b7d&name=default HTTP/1.1" status: 200 len: 3120 time: 0.4012964
2026-05-11 11:55:34.765 10 INFO neutron.db.ovn_revision_numbers_db [None req-98b2b4bb-d951-4d40-8d96-544884097841 - - - - - -] Successfully bumped revision number for resource f4a267b7-7977-4373-9990-0a9f0f574b3c (type: ports) to 2
2026-05-11 11:55:34.869 9 INFO neutron.wsgi [-] 10.0.0.242 "GET / HTTP/1.1" status: 200 len: 247 time: 0.0012784
2026-05-11 11:55:34.871 9 INFO neutron.wsgi [-] 10.0.0.242 "GET / HTTP/1.1" status: 200 len: 247 time: 0.0008514
2026-05-11 11:55:34.908 9 ERROR ovsdbapp.backend.ovs_idl.command [None req-41000061-2cc8-4003-aa4d-f26d45f3da31 f3f5f97eb76249029e44a4126801718c 6e9ff99e9b384559865da5526608b358 - - default default] Error executing command (DbGetCommand): ovsdbapp.backend.ovs_idl.idlutils.RowNotFound: Cannot find Logical_Router_Port with name=lrp-5d6f018f-1dcd-4ffe-aa3c-50f280fafa79
2026-05-11 11:55:34.908 9 ERROR ovsdbapp.backend.ovs_idl.command
Traceback (most recent call last):
