2026-05-11 11:58:31.187 9 INFO neutron.wsgi [req-c4a4b103-f821-456d-80ac-176fccc763d2 req-0e29ee36-811a-4a48-a83b-ab3514763eb2 7504065f398e486b99c5cc8b54d31928 d80072852ff941449822ce9932cabac4 - - default default] 10.0.0.160 "GET /v2.0/ports?device_id=1b249546-343e-4e7d-b7c6-96b30b856613 HTTP/1.1" status: 200 len: 1214 time: 0.1266515
2026-05-11 11:58:31.228 10 INFO neutron.wsgi [req-821c234a-abf2-4a13-93bf-db6e5f8dbb15 req-b7416854-d16f-4051-9f27-3ca0d697a3a5 6fc3248cc7564687a7594a5d4cd32dea 67d5299d765c4122b546eb7bf13327ca - - 6554e4942acc46fd9188d05bf42ba876 6554e4942acc46fd9188d05bf42ba876] 199.19.213.54 "GET /v2.0/networks/b55ab05a-1dfb-49a0-bd7d-a9c42dcc4f33?fields=provider%3Aphysical_network&fields=provider%3Anetwork_type HTTP/1.1" status: 200 len: 277 time: 0.2892506
2026-05-11 11:58:31.245 9 INFO neutron.wsgi [req-c4a4b103-f821-456d-80ac-176fccc763d2 req-7bda0989-f340-4a02-97b9-ada9ac7294b1 7504065f398e486b99c5cc8b54d31928 d80072852ff941449822ce9932cabac4 - - default default] 10.0.0.160 "GET /v2.0/security-groups?id=7924a27b-89fd-4935-88d5-bf70f4261432&id=bff76ea0-9ecf-41bb-8102-ff47f79db03c&fields=id&fields=name HTTP/1.1" status: 200 len: 404 time: 0.0499091
2026-05-11 11:58:31.311 10 INFO neutron.wsgi [req-ed5cdc8d-afa4-4913-bb29-57e7fd43a89a req-0ec5aacd-ca16-460a-adc9-a34d71aff18c 6fc3248cc7564687a7594a5d4cd32dea 67d5299d765c4122b546eb7bf13327ca - - 6554e4942acc46fd9188d05bf42ba876 6554e4942acc46fd9188d05bf42ba876] 199.19.213.54 "GET /v2.0/ports?tenant_id=bfea3d21b75b4bfdae7463869728d2cd&device_id=6d40e939-5b51-4d80-a153-4ff967090500 HTTP/1.1" status: 200 len: 1632 time: 0.0374997
2026-05-11 11:58:31.370 10 INFO neutron.wsgi [req-ed5cdc8d-afa4-4913-bb29-57e7fd43a89a req-4866f9fb-9a6c-400b-83a4-ed618c7a6f35 6fc3248cc7564687a7594a5d4cd32dea 67d5299d765c4122b546eb7bf13327ca - - 6554e4942acc46fd9188d05bf42ba876 6554e4942acc46fd9188d05bf42ba876] 199.19.213.54 "GET /v2.0/networks?id=b55ab05a-1dfb-49a0-bd7d-a9c42dcc4f33 HTTP/1.1" status: 200 len: 1003 time: 0.0529449
2026-05-11 11:58:31.411 10 INFO neutron.wsgi [req-ed5cdc8d-afa4-4913-bb29-57e7fd43a89a req-c6a26679-e16e-40b8-aecc-16e2ac271f6a 6fc3248cc7564687a7594a5d4cd32dea 67d5299d765c4122b546eb7bf13327ca - - 6554e4942acc46fd9188d05bf42ba876 6554e4942acc46fd9188d05bf42ba876] 199.19.213.54 "GET /v2.0/floatingips?fixed_ip_address=10.2.1.69&port_id=7d185187-c596-4736-8977-78fb776f40fc HTTP/1.1" status: 200 len: 217 time: 0.0323374
2026-05-11 11:58:31.452 10 INFO neutron.wsgi [req-ed5cdc8d-afa4-4913-bb29-57e7fd43a89a req-bdce8896-cd6c-4fe5-8506-edc8aeee6067 6fc3248cc7564687a7594a5d4cd32dea 67d5299d765c4122b546eb7bf13327ca - - 6554e4942acc46fd9188d05bf42ba876 6554e4942acc46fd9188d05bf42ba876] 199.19.213.54 "GET /v2.0/floatingips?fixed_ip_address=fd7b%3Af9f7%3Afff%3A4eca%3A%3A375&port_id=7d185187-c596-4736-8977-78fb776f40fc HTTP/1.1" status: 200 len: 217 time: 0.0344443
2026-05-11 11:58:31.499 10 INFO neutron.wsgi [req-ed5cdc8d-afa4-4913-bb29-57e7fd43a89a req-7affb6de-8ff5-420c-9932-6249e29b8c6a 6fc3248cc7564687a7594a5d4cd32dea 67d5299d765c4122b546eb7bf13327ca - - 6554e4942acc46fd9188d05bf42ba876 6554e4942acc46fd9188d05bf42ba876] 199.19.213.54 "GET /v2.0/subnets?id=3c6cde3d-dad3-41f9-a146-e64e43ce6239&id=80ccd859-d754-4400-9071-9b3892f7c801 HTTP/1.1" status: 200 len: 1563 time: 0.0411680
2026-05-11 11:58:31.524 10 INFO neutron.wsgi [req-ed5cdc8d-afa4-4913-bb29-57e7fd43a89a req-b6db1a8b-0447-4096-885b-316007005ea2 6fc3248cc7564687a7594a5d4cd32dea 67d5299d765c4122b546eb7bf13327ca - - 6554e4942acc46fd9188d05bf42ba876 6554e4942acc46fd9188d05bf42ba876] 199.19.213.54 "GET /v2.0/ports?network_id=b55ab05a-1dfb-49a0-bd7d-a9c42dcc4f33&device_owner=network%3Adhcp HTTP/1.1" status: 200 len: 210 time: 0.0196612
2026-05-11 11:58:31.555 10 INFO neutron.wsgi [req-ed5cdc8d-afa4-4913-bb29-57e7fd43a89a req-b532e0ca-9bf0-40ff-b801-1e40b66a3111 6fc3248cc7564687a7594a5d4cd32dea 67d5299d765c4122b546eb7bf13327ca - - 6554e4942acc46fd9188d05bf42ba876 6554e4942acc46fd9188d05bf42ba876] 199.19.213.54 "GET /v2.0/ports?network_id=b55ab05a-1dfb-49a0-bd7d-a9c42dcc4f33&device_owner=network%3Adhcp HTTP/1.1" status: 200 len: 210 time: 0.0213883
2026-05-11 11:58:31.638 10 INFO neutron.wsgi [None req-8082a87e-1a55-44e9-ba1c-df0b121aa678 20a8a63b58454e439b5b6b76321a6876 9dbc6321bbde4b88a501d5df0a5a94b3 - - default default] 10.0.0.218 "GET /v2.0/ports?device_id=1b249546-343e-4e7d-b7c6-96b30b856613 HTTP/1.1" status: 200 len: 1447 time: 0.3680856
2026-05-11 11:58:31.661 10 INFO neutron.wsgi [req-ed5cdc8d-afa4-4913-bb29-57e7fd43a89a req-dcb19800-f616-451a-b3d1-8bf5abf99009 6fc3248cc7564687a7594a5d4cd32dea 67d5299d765c4122b546eb7bf13327ca - - 6554e4942acc46fd9188d05bf42ba876 6554e4942acc46fd9188d05bf42ba876] 199.19.213.54 "GET /v2.0/networks/b55ab05a-1dfb-49a0-bd7d-a9c42dcc4f33?fields=segments HTTP/1.1" status: 200 len: 212 time: 0.0975683
2026-05-11 11:58:31.728 9 INFO neutron.wsgi [None req-92ea81b1-eec9-41ee-8858-1f0ee4f1fcd2 7504065f398e486b99c5cc8b54d31928 d80072852ff941449822ce9932cabac4 - - default default] 10.0.0.218 "GET /v2.0/floatingips?floating_network_id=9ad427e5-221d-4e35-bd47-d79ef14f1049&port_id=20b06433-46ec-47c3-a31b-3d9d7dd4d7d7 HTTP/1.1" status: 200 len: 1055 time: 0.0807321
2026-05-11 11:58:31.761 10 INFO neutron.wsgi [req-ed5cdc8d-afa4-4913-bb29-57e7fd43a89a req-81da5155-4199-4802-89d9-deef28d71c92 6fc3248cc7564687a7594a5d4cd32dea 67d5299d765c4122b546eb7bf13327ca - - 6554e4942acc46fd9188d05bf42ba876 6554e4942acc46fd9188d05bf42ba876] 199.19.213.54 "GET /v2.0/networks/b55ab05a-1dfb-49a0-bd7d-a9c42dcc4f33?fields=provider%3Aphysical_network&fields=provider%3Anetwork_type HTTP/1.1" status: 200 len: 277 time: 0.0911143
2026-05-11 11:58:31.792 10 INFO neutron.wsgi [None req-14c59b4c-c9d9-4b4e-b75f-bb9f7c9461f3 3d3e5c3211c64d34a9f53dbc4ffcd04f 0461af1fd6b94c40aacf394383fdfa0d - - default default] 10.0.0.218 "GET /v2.0/ports/75bd8455-61de-42b2-9077-919291e202f3 HTTP/1.1" status: 200 len: 1135 time: 0.1205235
2026-05-11 11:58:32.010 9 INFO neutron.wsgi [req-42d7a0a7-763a-44d1-841d-63896a030110 req-4556ea5f-91dd-4862-9f7d-b3269e02c92c 6fc3248cc7564687a7594a5d4cd32dea 67d5299d765c4122b546eb7bf13327ca - - 6554e4942acc46fd9188d05bf42ba876 6554e4942acc46fd9188d05bf42ba876] 10.0.0.201 "GET /v2.0/ports?device_id=1b249546-343e-4e7d-b7c6-96b30b856613 HTTP/1.1" status: 200 len: 1452 time: 0.0391216
2026-05-11 11:58:32.055 9 INFO neutron.wsgi [req-42d7a0a7-763a-44d1-841d-63896a030110 req-ec742864-2b8c-4d48-840e-3db4ea3b2e07 6fc3248cc7564687a7594a5d4cd32dea 67d5299d765c4122b546eb7bf13327ca - - 6554e4942acc46fd9188d05bf42ba876 6554e4942acc46fd9188d05bf42ba876] 10.0.0.201 "GET /v2.0/security-groups?id=7924a27b-89fd-4935-88d5-bf70f4261432&id=bff76ea0-9ecf-41bb-8102-ff47f79db03c&fields=id&fields=name HTTP/1.1" status: 200 len: 404 time: 0.0378530
2026-05-11 11:58:32.836 10 INFO neutron.wsgi [None req-9534c5ad-8d2a-4af2-a7f9-60fe30b66067 3d3e5c3211c64d34a9f53dbc4ffcd04f 0461af1fd6b94c40aacf394383fdfa0d - - default default] 10.0.0.218 "GET /v2.0/ports/75bd8455-61de-42b2-9077-919291e202f3 HTTP/1.1" status: 200 len: 1135 time: 0.0384340
2026-05-11 11:58:33.098 10 WARNING neutron.plugins.ml2.drivers.ovn.mech_driver.ovsdb.ovn_client [None req-4847deb7-108e-42a3-ab4e-88167580dd94 - - - - - -] No hosting information found for port 7b17d34d-cdc7-43ca-81e8-16517534a1db: RuntimeError: No hosting information found for port 7b17d34d-cdc7-43ca-81e8-16517534a1db
2026-05-11 11:58:33.099 10 INFO neutron.plugins.ml2.drivers.ovn.mech_driver.mech_driver [None req-4847deb7-108e-42a3-ab4e-88167580dd94 - - - - - -] OVN reports status up for port: 3460b028-5a5a-41b6-b3b8-d1c39fbde6e0
2026-05-11 11:58:33.120 10 INFO neutron.plugins.ml2.drivers.ovn.mech_driver.mech_driver [None req-4847deb7-108e-42a3-ab4e-88167580dd94 - - - - - -] OVN reports status up for port: 75bd8455-61de-42b2-9077-919291e202f3
2026-05-11 11:58:33.129 10 INFO neutron.plugins.ml2.plugin [None req-4847deb7-108e-42a3-ab4e-88167580dd94 - - - - - -] Attempt 1 to provision port 75bd8455-61de-42b2-9077-919291e202f3
2026-05-11 11:58:33.554 10 INFO neutron.db.ovn_revision_numbers_db [None req-4847deb7-108e-42a3-ab4e-88167580dd94 - - - - - -] Successfully bumped revision number for resource 75bd8455-61de-42b2-9077-919291e202f3 (type: ports) to 2
2026-05-11 11:58:33.566 9 INFO neutron.wsgi [req-60983274-921b-4124-b342-5d1cf6539e7c req-4597a0f5-417d-46a9-bd38-dbcbbbe731f6 5358f3463a9a407e885e0f20b241535f bfea3d21b75b4bfdae7463869728d2cd - - default default] 10.0.0.160 "GET /v2.0/ports?device_id=6d40e939-5b51-4d80-a153-4ff967090500 HTTP/1.1" status: 200 len: 1394 time: 0.1089115
2026-05-11 11:58:33.623 9 INFO neutron.wsgi [req-60983274-921b-4124-b342-5d1cf6539e7c req-10dd2491-0f80-4208-a7df-49825c3708f4 5358f3463a9a407e885e0f20b241535f bfea3d21b75b4bfdae7463869728d2cd - - default default] 10.0.0.160 "GET /v2.0/security-groups?id=e2c77651-0dab-403e-90b1-55957bd5da44&fields=id&fields=name HTTP/1.1" status: 200 len: 310 time: 0.0491498
2026-05-11 11:58:33.681 10 INFO neutron.db.ovn_revision_numbers_db [None req-4847deb7-108e-42a3-ab4e-88167580dd94 - - - - - -] Successfully bumped revision number for resource 75bd8455-61de-42b2-9077-919291e202f3 (type: router_ports) to 2
2026-05-11 11:58:33.887 10 INFO neutron.wsgi [None req-f8ccebbb-8657-40da-8f35-948aee082169 3d3e5c3211c64d34a9f53dbc4ffcd04f 0461af1fd6b94c40aacf394383fdfa0d - - default default] 10.0.0.218 "GET /v2.0/ports/75bd8455-61de-42b2-9077-919291e202f3 HTTP/1.1" status: 200 len: 1137 time: 0.0448265
2026-05-11 11:58:34.159 9 INFO neutron.wsgi [req-c55cea18-445c-4790-b3b0-34d3a032ced6 req-760d2f4d-a7a6-425f-ae6c-f096a9664e5e 7504065f398e486b99c5cc8b54d31928 d80072852ff941449822ce9932cabac4 - - default default] 10.0.0.160 "GET /v2.0/ports?device_id=1b249546-343e-4e7d-b7c6-96b30b856613 HTTP/1.1" status: 200 len: 1214 time: 0.0458412
2026-05-11 11:58:34.237 9 INFO neutron.wsgi [req-c55cea18-445c-4790-b3b0-34d3a032ced6 req-0b5e302e-1736-4897-9811-a1a96d828f1c 7504065f398e486b99c5cc8b54d31928 d80072852ff941449822ce9932cabac4 - - default default] 10.0.0.160 "GET /v2.0/security-groups?id=7924a27b-89fd-4935-88d5-bf70f4261432&id=bff76ea0-9ecf-41bb-8102-ff47f79db03c&fields=id&fields=name HTTP/1.1" status: 200 len: 404 time: 0.0660222
2026-05-11 11:58:34.528 10 INFO neutron.wsgi [req-471f5cf2-0e00-4424-b0a8-d735aaad6947 req-459e4ece-88bc-4ee3-88a7-6091f829d73b 7504065f398e486b99c5cc8b54d31928 d80072852ff941449822ce9932cabac4 - - default default] 199.19.213.54 "GET /v2.0/ports?device_id=1b249546-343e-4e7d-b7c6-96b30b856613 HTTP/1.1" status: 200 len: 1214 time: 0.1073678
2026-05-11 11:58:34.694 9 INFO neutron.wsgi [None req-cf7a633a-649d-47d3-9780-e2430157416e 3d3e5c3211c64d34a9f53dbc4ffcd04f 0461af1fd6b94c40aacf394383fdfa0d - - default default] 10.0.0.218 "PUT /v2.0/routers/19f173e9-a4bd-476e-a234-c8dbf4e4dec9/remove_router_interface HTTP/1.1" status: 200 len: 503 time: 0.8003428 /var/lib/openstack/lib/python3.10/site-packages/pycadf/identifier.py:71: UserWarning: Invalid uuid: neutron. To ensure interoperability, identifiers should be a valid uuid. warnings.warn(('Invalid uuid: %s. To ensure interoperability, '
2026-05-11 11:58:34.730 9 INFO neutron.wsgi [None req-1d589f93-4b22-431e-a283-85d5c7e1b08d 3d3e5c3211c64d34a9f53dbc4ffcd04f 0461af1fd6b94c40aacf394383fdfa0d - - default default] 10.0.0.218 "GET /v2.0/ports?device_id=19f173e9-a4bd-476e-a234-c8dbf4e4dec9 HTTP/1.1" status: 200 len: 205 time: 0.0285969
2026-05-11 11:58:34.871 10 INFO neutron.wsgi [-] 10.0.0.242 "GET / HTTP/1.1" status: 200 len: 247 time: 0.0027342
2026-05-11 11:58:34.873 10 INFO neutron.wsgi [-] 10.0.0.242 "GET / HTTP/1.1" status: 200 len: 247 time: 0.0013244
2026-05-11 11:58:35.006 10 INFO neutron.db.l3_db [req-471f5cf2-0e00-4424-b0a8-d735aaad6947 req-652d9f96-e7d3-478c-b732-4f4b2114b88b 7504065f398e486b99c5cc8b54d31928 d80072852ff941449822ce9932cabac4 - - default default] Floating IP 65136b08-685f-4e28-b61d-065079bf2271 disassociated. External IP: 10.96.250.204, port: 20b06433-46ec-47c3-a31b-3d9d7dd4d7d7.
2026-05-11 11:58:35.155 10 INFO neutron.wsgi [req-471f5cf2-0e00-4424-b0a8-d735aaad6947 req-652d9f96-e7d3-478c-b732-4f4b2114b88b 7504065f398e486b99c5cc8b54d31928 d80072852ff941449822ce9932cabac4 - - default default] 199.19.213.54 "DELETE /v2.0/ports/20b06433-46ec-47c3-a31b-3d9d7dd4d7d7 HTTP/1.1" status: 204 len: 173 time: 0.6225500
2026-05-11 11:58:35.199 10 INFO neutron.notifiers.nova [-] Nova event matching ['req-50dd5634-935d-41b3-8be3-f806676073df'] response: {'server_uuid': '1b249546-343e-4e7d-b7c6-96b30b856613', 'name': 'network-vif-deleted', 'tag': '20b06433-46ec-47c3-a31b-3d9d7dd4d7d7', 'status': 'completed', 'code': 200} /var/lib/openstack/lib/python3.10/site-packages/pycadf/identifier.py:71: UserWarning: Invalid uuid: neutron. To ensure interoperability, identifiers should be a valid uuid. warnings.warn(('Invalid uuid: %s. To ensure interoperability, '
2026-05-11 11:58:35.343 9 INFO neutron.wsgi [req-ea780b4d-d1be-4028-a306-6c7f4fdd18dd req-bca02fd0-6b4b-4624-9e9b-b792ec29cd1b 7504065f398e486b99c5cc8b54d31928 d80072852ff941449822ce9932cabac4 - - default default] 10.0.0.160 "GET /v2.0/ports?device_id=1b249546-343e-4e7d-b7c6-96b30b856613 HTTP/1.1" status: 200 len: 210 time: 0.0244796
2026-05-11 11:58:35.355 9 INFO neutron.wsgi [None req-f92214be-2bae-47f4-9cb7-bc5e524ccb83 3d3e5c3211c64d34a9f53dbc4ffcd04f 0461af1fd6b94c40aacf394383fdfa0d - - default default] 10.0.0.218 "DELETE /v2.0/routers/19f173e9-a4bd-476e-a234-c8dbf4e4dec9 HTTP/1.1" status: 204 len: 168 time: 0.6182122
2026-05-11 11:58:35.557 9 INFO neutron.wsgi [None req-15163a25-6c0c-44eb-81ea-e691ff07413a 3d3e5c3211c64d34a9f53dbc4ffcd04f 0461af1fd6b94c40aacf394383fdfa0d - - default default] 10.0.0.218 "DELETE /v2.0/subnets/76ecbabd-63aa-4a74-8706-52d6bc11bcb7 HTTP/1.1" status: 204 len: 168 time: 0.1968193
2026-05-11 11:58:35.902 9 INFO neutron.services.segments.plugin [-] Segment 578ee9ae-6aa1-4e91-8439-983553f5b293 resource provider aggregate not found
2026-05-11 11:58:35.905 9 INFO neutron.services.segments.plugin [-] Segment 578ee9ae-6aa1-4e91-8439-983553f5b293 resource provider aggregate not found
2026-05-11 11:58:35.919 9 INFO neutron.services.segments.plugin [-] Segment 578ee9ae-6aa1-4e91-8439-983553f5b293 resource provider not found; error: Placement Client Error (4xx): {"errors": [{"status": 404, "title": "Not Found", "detail": "The resource could not be found.\n\n No resource provider with uuid 578ee9ae-6aa1-4e91-8439-983553f5b293 found for delete ", "request_id": "req-7799759b-c04c-40fc-89cb-707bc98944e0"}]}
2026-05-11 11:58:35.920 9 INFO neutron.services.segments.plugin [-] Segment 578ee9ae-6aa1-4e91-8439-983553f5b293 resource provider not found; error: Placement Client Error (4xx): {"errors": [{"status": 404, "title": "Not Found", "detail": "The resource could not be found.\n\n No resource provider with uuid 578ee9ae-6aa1-4e91-8439-983553f5b293 found for delete ", "request_id": "req-dd4f7bf0-859c-46a4-b973-a8b84b953aa5"}]}
2026-05-11 11:58:35.944 9 INFO neutron.wsgi [None req-b2756010-9982-473f-bc22-5ac4ba700be9 3d3e5c3211c64d34a9f53dbc4ffcd04f 0461af1fd6b94c40aacf394383fdfa0d - - default default] 10.0.0.218 "DELETE /v2.0/networks/43c6ae74-5c4b-4f24-8dff-bae41734afa5 HTTP/1.1" status: 204 len: 168 time: 0.3815787
2026-05-11 11:58:35.959 10 WARNING neutron_lib.context [None req-ee84d4cc-18f5-4c13-b360-19bd601db991 3d3e5c3211c64d34a9f53dbc4ffcd04f 0461af1fd6b94c40aacf394383fdfa0d - - default default] Method 'is_advsvc' is deprecated since 2023.2 release (neutron-lib 3.8.0) and will be removed once support for the old RBAC API policies will be removed from Neutron. Please use method 'is_service_role' instead.
2026-05-11 11:58:36.619 9 INFO neutron.wsgi [None req-d0197b32-913c-4f57-a53d-b2280bcd008d 7504065f398e486b99c5cc8b54d31928 d80072852ff941449822ce9932cabac4 - - default default] 10.0.0.218 "DELETE /v2.0/security-groups/bff76ea0-9ecf-41bb-8102-ff47f79db03c HTTP/1.1" status: 204 len: 168 time: 0.1362081
2026-05-11 11:58:36.635 9 INFO neutron.api.v2.resource [None req-42ea6e80-4416-4a03-987d-922e63321376 7504065f398e486b99c5cc8b54d31928 d80072852ff941449822ce9932cabac4 - - default default] show failed (client error): The resource could not be found.
2026-05-11 11:58:36.636 9 INFO neutron.wsgi [None req-42ea6e80-4416-4a03-987d-922e63321376 7504065f398e486b99c5cc8b54d31928 d80072852ff941449822ce9932cabac4 - - default default] 10.0.0.218 "GET /v2.0/security-groups/bff76ea0-9ecf-41bb-8102-ff47f79db03c HTTP/1.1" status: 404 len: 347 time: 0.0120716
2026-05-11 11:58:36.809 10 WARNING neutron.scheduler.dhcp_agent_scheduler [None req-ee84d4cc-18f5-4c13-b360-19bd601db991 3d3e5c3211c64d34a9f53dbc4ffcd04f 0461af1fd6b94c40aacf394383fdfa0d - - default default] No more DHCP agents
2026-05-11 11:58:36.812 10 WARNING neutron.api.rpc.agentnotifiers.dhcp_rpc_agent_api [None req-ee84d4cc-18f5-4c13-b360-19bd601db991 3d3e5c3211c64d34a9f53dbc4ffcd04f 0461af1fd6b94c40aacf394383fdfa0d - - default default] Unable to schedule network 9ad427e5-221d-4e35-bd47-d79ef14f1049: no agents available; will retry on subsequent port and subnet creation events.
2026-05-11 11:58:36.968 10 INFO neutron.db.ovn_revision_numbers_db [None req-ee84d4cc-18f5-4c13-b360-19bd601db991 3d3e5c3211c64d34a9f53dbc4ffcd04f 0461af1fd6b94c40aacf394383fdfa0d - - default default] Successfully bumped revision number for resource 9cc24274-2d9f-43fb-ad42-8575727750ba (type: ports) to 1
2026-05-11 11:58:36.978 9 INFO neutron.wsgi [None req-1d760d83-621b-4367-b7e9-30def8741978 7504065f398e486b99c5cc8b54d31928 d80072852ff941449822ce9932cabac4 - - default default] 10.0.0.218 "DELETE /v2.0/floatingips/65136b08-685f-4e28-b61d-065079bf2271 HTTP/1.1" status: 204 len: 168 time: 0.3380845
2026-05-11 11:58:37.153 9 INFO neutron.wsgi [None req-639955f3-58d1-4b69-b474-ac2cbc303100 7504065f398e486b99c5cc8b54d31928 d80072852ff941449822ce9932cabac4 - - default default] 10.0.0.218 "DELETE /v2.0/security-groups/7924a27b-89fd-4935-88d5-bf70f4261432 HTTP/1.1" status: 204 len: 168 time: 0.1707778
2026-05-11 11:58:37.856 10 INFO neutron.plugins.ml2.drivers.ovn.mech_driver.ovsdb.commands [None req-863d9b50-5afc-40e2-98d2-716c0152c842 - - - - - -] Schedule LRP lrp-9cc24274-2d9f-43fb-ad42-8575727750ba on gateway 6c4c97e3-097f-4a03-bebb-10879c8c22de with priority 1
2026-05-11 11:58:37.871 9 INFO neutron.plugins.ml2.drivers.ovn.mech_driver.mech_driver [None req-02fafce6-5186-4500-9df5-51c680abb6c7 - - - - - -] OVN reports status up for port: 9cc24274-2d9f-43fb-ad42-8575727750ba
2026-05-11 11:58:37.879 9 INFO neutron.plugins.ml2.plugin [None req-02fafce6-5186-4500-9df5-51c680abb6c7 - - - - - -] Attempt 1 to provision port 9cc24274-2d9f-43fb-ad42-8575727750ba
2026-05-11 11:58:37.929 10 INFO neutron.db.ovn_revision_numbers_db [None req-ee84d4cc-18f5-4c13-b360-19bd601db991 3d3e5c3211c64d34a9f53dbc4ffcd04f 0461af1fd6b94c40aacf394383fdfa0d - - default default] Successfully bumped revision number for resource 9cc24274-2d9f-43fb-ad42-8575727750ba (type: router_ports) to 1
2026-05-11 11:58:38.040 10 INFO neutron.db.ovn_revision_numbers_db [None req-ee84d4cc-18f5-4c13-b360-19bd601db991 3d3e5c3211c64d34a9f53dbc4ffcd04f 0461af1fd6b94c40aacf394383fdfa0d - - default default] Successfully bumped revision number for resource dd001ee5-b56a-4d47-b870-1f0afc8a4c0c (type: routers) to 2
2026-05-11 11:58:38.083 10 INFO neutron.wsgi [None req-ee84d4cc-18f5-4c13-b360-19bd601db991 3d3e5c3211c64d34a9f53dbc4ffcd04f 0461af1fd6b94c40aacf394383fdfa0d - - default default] 10.0.0.218 "POST /v2.0/routers HTTP/1.1" status: 201 len: 1147 time: 2.1315887
2026-05-11 11:58:38.439 10 INFO neutron.wsgi [None req-d0a85ab0-2c0d-423d-be2f-9823127784cc 3d3e5c3211c64d34a9f53dbc4ffcd04f 0461af1fd6b94c40aacf394383fdfa0d - - default default] 10.0.0.218 "GET /v2.0/routers/dd001ee5-b56a-4d47-b870-1f0afc8a4c0c HTTP/1.1" status: 200 len: 1148 time: 0.3521910
2026-05-11 11:58:38.527 9 INFO neutron.wsgi [None req-551dc410-219c-4754-8d36-82d15c489a97 3d3e5c3211c64d34a9f53dbc4ffcd04f 0461af1fd6b94c40aacf394383fdfa0d - - default default] 10.0.0.218 "GET /v2.0/routers HTTP/1.1" status: 200 len: 1151 time: 0.0806746
2026-05-11 11:58:38.816 10 WARNING neutron.plugins.ml2.drivers.ovn.mech_driver.ovsdb.ovn_client [None req-4847deb7-108e-42a3-ab4e-88167580dd94 - - - - - -] No port found with ID 75bd8455-61de-42b2-9077-919291e202f3: RuntimeError: No port found with ID 75bd8455-61de-42b2-9077-919291e202f3
2026-05-11 11:58:38.817 10 INFO neutron.plugins.ml2.drivers.ovn.mech_driver.mech_driver [None req-4847deb7-108e-42a3-ab4e-88167580dd94 - - - - - -] OVN reports status up for port: 7d185187-c596-4736-8977-78fb776f40fc
2026-05-11 11:58:38.835 10 INFO neutron.plugins.ml2.plugin [None req-4847deb7-108e-42a3-ab4e-88167580dd94 - - - - - -] Attempt 1 to provision port 7d185187-c596-4736-8977-78fb776f40fc
2026-05-11 11:58:38.838 9 INFO neutron.wsgi [req-6d3abba1-8c2e-438d-bee1-bf85e1527acb req-ad027b45-8c26-4b93-996a-5755eda6b885 5358f3463a9a407e885e0f20b241535f bfea3d21b75b4bfdae7463869728d2cd - - default default] 10.0.0.160 "GET /v2.0/ports?device_id=6d40e939-5b51-4d80-a153-4ff967090500 HTTP/1.1" status: 200 len: 1394 time: 0.1400750
2026-05-11 11:58:38.909 9 INFO neutron.wsgi [req-6d3abba1-8c2e-438d-bee1-bf85e1527acb req-abe2b48a-cf12-419e-a945-30b354772d80 5358f3463a9a407e885e0f20b241535f bfea3d21b75b4bfdae7463869728d2cd - - default default] 10.0.0.160 "GET /v2.0/security-groups?id=e2c77651-0dab-403e-90b1-55957bd5da44&fields=id&fields=name HTTP/1.1" status: 200 len: 310 time: 0.0624976
2026-05-11 11:58:39.044 10 INFO neutron.notifiers.nova [-] Nova event matching ['req-9cc2e83c-691c-49cc-9539-975cb8a4f367'] response: {'server_uuid': '6d40e939-5b51-4d80-a153-4ff967090500', 'name': 'network-vif-plugged', 'status': 'completed', 'tag': '7d185187-c596-4736-8977-78fb776f40fc', 'code': 200}
2026-05-11 11:58:39.081 9 INFO neutron.db.ovn_revision_numbers_db [None req-b80a2da2-129f-4ad0-9834-ff2a66802ba9 3d3e5c3211c64d34a9f53dbc4ffcd04f 0461af1fd6b94c40aacf394383fdfa0d - - default default] Successfully bumped revision number for resource dd001ee5-b56a-4d47-b870-1f0afc8a4c0c (type: routers) to 3
2026-05-11 11:58:39.088 9 INFO neutron.wsgi [None req-b80a2da2-129f-4ad0-9834-ff2a66802ba9 3d3e5c3211c64d34a9f53dbc4ffcd04f 0461af1fd6b94c40aacf394383fdfa0d - - default default] 10.0.0.218 "PUT /v2.0/routers/dd001ee5-b56a-4d47-b870-1f0afc8a4c0c HTTP/1.1" status: 200 len: 1155 time: 0.5555835
2026-05-11 11:58:39.180 9 INFO neutron.wsgi [None req-b534a9d2-5458-4b26-9b48-dda5752b1a04 3d3e5c3211c64d34a9f53dbc4ffcd04f 0461af1fd6b94c40aacf394383fdfa0d - - default default] 10.0.0.218 "GET /v2.0/routers/dd001ee5-b56a-4d47-b870-1f0afc8a4c0c HTTP/1.1" status: 200 len: 1155 time: 0.0859375
2026-05-11 11:58:39.204 9 INFO neutron.wsgi [None req-4d65fba6-3fbc-4599-9822-01a49b661cb8 3d3e5c3211c64d34a9f53dbc4ffcd04f 0461af1fd6b94c40aacf394383fdfa0d - - default default] 10.0.0.218 "GET /v2.0/ports?device_id=dd001ee5-b56a-4d47-b870-1f0afc8a4c0c HTTP/1.1" status: 200 len: 205 time: 0.0189288
2026-05-11 11:58:39.279 10 INFO neutron.wsgi [None req-2f130b46-b2ac-49ee-a361-56fc6b2eee7c f3f5f97eb76249029e44a4126801718c 6e9ff99e9b384559865da5526608b358 - - default default] 10.0.0.218 "PUT /v2.0/routers/915fbc0e-8c39-43b4-8484-9567369c51bb/remove_router_interface HTTP/1.1" status: 200 len: 503 time: 2.0816669 /var/lib/openstack/lib/python3.10/site-packages/pycadf/identifier.py:71: UserWarning: Invalid uuid: neutron. To ensure interoperability, identifiers should be a valid uuid. warnings.warn(('Invalid uuid: %s. To ensure interoperability, '
2026-05-11 11:58:39.317 10 INFO neutron.db.ovn_revision_numbers_db [None req-4847deb7-108e-42a3-ab4e-88167580dd94 - - - - - -] Successfully bumped revision number for resource 7d185187-c596-4736-8977-78fb776f40fc (type: ports) to 4
2026-05-11 11:58:39.392 10 INFO neutron.plugins.ml2.drivers.ovn.mech_driver.mech_driver [None req-4847deb7-108e-42a3-ab4e-88167580dd94 - - - - - -] OVN reports status down for port: 20b06433-46ec-47c3-a31b-3d9d7dd4d7d7
2026-05-11 11:58:40.056 9 INFO neutron.wsgi [None req-09b366f3-7c08-4dfa-a320-0c2906fb43b1 3d3e5c3211c64d34a9f53dbc4ffcd04f 0461af1fd6b94c40aacf394383fdfa0d - - default default] 10.0.0.218 "DELETE /v2.0/routers/dd001ee5-b56a-4d47-b870-1f0afc8a4c0c HTTP/1.1" status: 204 len: 168 time: 0.8415191
2026-05-11 11:58:40.085 9 INFO neutron.wsgi [None req-e5bf0b66-719c-437f-82a5-75e65ec8354e 3d3e5c3211c64d34a9f53dbc4ffcd04f 0461af1fd6b94c40aacf394383fdfa0d - - default default] 10.0.0.218 "GET /v2.0/ports?device_id=dd001ee5-b56a-4d47-b870-1f0afc8a4c0c HTTP/1.1" status: 200 len: 205 time: 0.0236201
2026-05-11 11:58:40.112 9 INFO neutron.api.v2.resource [None req-566b9233-6257-4c05-a84d-9f828b25b7ff 3d3e5c3211c64d34a9f53dbc4ffcd04f 0461af1fd6b94c40aacf394383fdfa0d - - default default] delete failed (client error): The resource could not be found.
2026-05-11 11:58:40.113 9 INFO neutron.wsgi [None req-566b9233-6257-4c05-a84d-9f828b25b7ff 3d3e5c3211c64d34a9f53dbc4ffcd04f 0461af1fd6b94c40aacf394383fdfa0d - - default default] 10.0.0.218 "DELETE /v2.0/routers/dd001ee5-b56a-4d47-b870-1f0afc8a4c0c HTTP/1.1" status: 404 len: 336 time: 0.0240006
2026-05-11 11:58:40.159 10 INFO neutron.wsgi [None req-a9814adb-7d9e-4e5e-837a-c027341a9525 f3f5f97eb76249029e44a4126801718c 6e9ff99e9b384559865da5526608b358 - - default default] 10.0.0.218 "DELETE /v2.0/routers/915fbc0e-8c39-43b4-8484-9567369c51bb HTTP/1.1" status: 204 len: 168 time: 0.8742270 /var/lib/openstack/lib/python3.10/site-packages/pycadf/identifier.py:71: UserWarning: Invalid uuid: neutron. To ensure interoperability, identifiers should be a valid uuid. warnings.warn(('Invalid uuid: %s. To ensure interoperability, '
2026-05-11 11:58:40.397 10 INFO neutron.wsgi [None req-c44c939d-55f4-4b6d-92d7-d6ff2d936275 f3f5f97eb76249029e44a4126801718c 6e9ff99e9b384559865da5526608b358 - - default default] 10.0.0.218 "DELETE /v2.0/subnets/9f42cf80-7f9b-4f75-8332-877d7089988f HTTP/1.1" status: 204 len: 168 time: 0.2326453
2026-05-11 11:58:40.415 9 INFO neutron.wsgi [None req-fc2e1092-210e-47d1-a21b-720b81f4b2e1 3d3e5c3211c64d34a9f53dbc4ffcd04f 0461af1fd6b94c40aacf394383fdfa0d - - default default] 10.0.0.218 "GET /v2.0/ports?device_id=19f173e9-a4bd-476e-a234-c8dbf4e4dec9 HTTP/1.1" status: 200 len: 205 time: 0.2976472
2026-05-11 11:58:40.446 9 INFO neutron.api.v2.resource [None req-ff27d173-0e13-454a-9be4-9f2d50272b0a 3d3e5c3211c64d34a9f53dbc4ffcd04f 0461af1fd6b94c40aacf394383fdfa0d - - default default] delete failed (client error): The resource could not be found.
2026-05-11 11:58:40.447 9 INFO neutron.wsgi [None req-ff27d173-0e13-454a-9be4-9f2d50272b0a 3d3e5c3211c64d34a9f53dbc4ffcd04f 0461af1fd6b94c40aacf394383fdfa0d - - default default] 10.0.0.218 "DELETE /v2.0/routers/19f173e9-a4bd-476e-a234-c8dbf4e4dec9 HTTP/1.1" status: 404 len: 336 time: 0.0248454
2026-05-11 11:58:40.469 9 INFO neutron.pecan_wsgi.hooks.translation [None req-acd8129a-6363-44c7-b094-c3bafbf398f9 3d3e5c3211c64d34a9f53dbc4ffcd04f 0461af1fd6b94c40aacf394383fdfa0d - - default default] DELETE failed (client error): The resource could not be found.
2026-05-11 11:58:40.472 9 INFO neutron.wsgi [None req-acd8129a-6363-44c7-b094-c3bafbf398f9 3d3e5c3211c64d34a9f53dbc4ffcd04f 0461af1fd6b94c40aacf394383fdfa0d - - default default] 10.0.0.218 "DELETE /v2.0/subnets/76ecbabd-63aa-4a74-8706-52d6bc11bcb7 HTTP/1.1" status: 404 len: 337 time: 0.0183356
2026-05-11 11:58:40.498 9 INFO neutron.wsgi [None req-52cc02c2-57c7-4c80-806f-1c5c251f06ca 3d3e5c3211c64d34a9f53dbc4ffcd04f 0461af1fd6b94c40aacf394383fdfa0d - - default default] 10.0.0.218 "GET /v2.0/ports?device_id=3bf5fbda-4b06-4e7f-af97-d825f8c6801d HTTP/1.1" status: 200 len: 205 time: 0.0214570
2026-05-11 11:58:40.526 9 INFO neutron.api.v2.resource [None req-9a966c46-9727-4748-8203-7c62d6306719 3d3e5c3211c64d34a9f53dbc4ffcd04f 0461af1fd6b94c40aacf394383fdfa0d - - default default] delete failed (client error): The resource could not be found.
2026-05-11 11:58:40.527 9 INFO neutron.wsgi [None req-9a966c46-9727-4748-8203-7c62d6306719 3d3e5c3211c64d34a9f53dbc4ffcd04f 0461af1fd6b94c40aacf394383fdfa0d - - default default] 10.0.0.218 "DELETE /v2.0/routers/3bf5fbda-4b06-4e7f-af97-d825f8c6801d HTTP/1.1" status: 404 len: 336 time: 0.0254655
2026-05-11 11:58:40.546 9 INFO neutron.pecan_wsgi.hooks.translation [None req-7abebc95-01ec-4abb-a5a0-ac3c69a74360 3d3e5c3211c64d34a9f53dbc4ffcd04f 0461af1fd6b94c40aacf394383fdfa0d - - default default] DELETE failed (client error): The resource could not be found.
2026-05-11 11:58:40.549 9 INFO neutron.wsgi [None req-7abebc95-01ec-4abb-a5a0-ac3c69a74360 3d3e5c3211c64d34a9f53dbc4ffcd04f 0461af1fd6b94c40aacf394383fdfa0d - - default default] 10.0.0.218 "DELETE /v2.0/subnets/f727e947-329b-4052-a0f0-c4172f7075bb HTTP/1.1" status: 404 len: 337 time: 0.0161145
2026-05-11 11:58:40.572 9 INFO neutron.wsgi [None req-434b5c70-d0c6-44fd-a04b-5f94055fd2b8 3d3e5c3211c64d34a9f53dbc4ffcd04f 0461af1fd6b94c40aacf394383fdfa0d - - default default] 10.0.0.218 "GET /v2.0/ports?device_id=7865614a-78a8-432e-aad2-20a8bb973dc3 HTTP/1.1" status: 200 len: 205 time: 0.0191257
2026-05-11 11:58:40.602 9 INFO neutron.api.v2.resource [None req-97c2f142-7f75-4223-9a52-6340386acba2 3d3e5c3211c64d34a9f53dbc4ffcd04f 0461af1fd6b94c40aacf394383fdfa0d - - default default] delete failed (client error): The resource could not be found.
2026-05-11 11:58:40.603 9 INFO neutron.wsgi [None req-97c2f142-7f75-4223-9a52-6340386acba2 3d3e5c3211c64d34a9f53dbc4ffcd04f 0461af1fd6b94c40aacf394383fdfa0d - - default default] 10.0.0.218 "DELETE /v2.0/routers/7865614a-78a8-432e-aad2-20a8bb973dc3 HTTP/1.1" status: 404 len: 336 time: 0.0277274
2026-05-11 11:58:40.635 9 INFO neutron.pecan_wsgi.hooks.translation [None req-46eda8b6-1782-44b7-8a07-a1068df5213c 3d3e5c3211c64d34a9f53dbc4ffcd04f 0461af1fd6b94c40aacf394383fdfa0d - - default default] DELETE failed (client error): The resource could not be found.
2026-05-11 11:58:40.640 9 INFO neutron.wsgi [None req-46eda8b6-1782-44b7-8a07-a1068df5213c 3d3e5c3211c64d34a9f53dbc4ffcd04f 0461af1fd6b94c40aacf394383fdfa0d - - default default] 10.0.0.218 "DELETE /v2.0/subnets/258de60b-a79f-44a7-8914-83dda10321e0 HTTP/1.1" status: 404 len: 337 time: 0.0317745
2026-05-11 11:58:40.662 9 INFO neutron.pecan_wsgi.hooks.translation [None req-47caf19f-9ea8-49bb-89db-3208df8db50b 3d3e5c3211c64d34a9f53dbc4ffcd04f 0461af1fd6b94c40aacf394383fdfa0d - - default default] DELETE failed (client error): The resource could not be found.
2026-05-11 11:58:40.664 9 INFO neutron.wsgi [None req-47caf19f-9ea8-49bb-89db-3208df8db50b 3d3e5c3211c64d34a9f53dbc4ffcd04f 0461af1fd6b94c40aacf394383fdfa0d - - default default] 10.0.0.218 "DELETE /v2.0/subnets/0d4e15e6-31e2-4f3a-a107-754f976d91f9 HTTP/1.1" status: 404 len: 337 time: 0.0210276
2026-05-11 11:58:40.781 10 INFO neutron.services.segments.plugin [-] Segment c8d18393-52c0-47cb-bf6a-1a2eb38a8368 resource provider aggregate not found
2026-05-11 11:58:40.786 10 INFO neutron.services.segments.plugin [-] Segment c8d18393-52c0-47cb-bf6a-1a2eb38a8368 resource provider aggregate not found
2026-05-11 11:58:40.800 10 INFO neutron.services.segments.plugin [-] Segment c8d18393-52c0-47cb-bf6a-1a2eb38a8368 resource provider not found; error: Placement Client Error (4xx): {"errors": [{"status": 404, "title": "Not Found", "detail": "The resource could not be found.\n\n No resource provider with uuid c8d18393-52c0-47cb-bf6a-1a2eb38a8368 found for delete ", "request_id": "req-f1e2b2f8-b137-4193-87ed-65cdf0327ce3"}]}
2026-05-11 11:58:40.802 10 INFO neutron.services.segments.plugin [-] Segment c8d18393-52c0-47cb-bf6a-1a2eb38a8368 resource provider not found; error: Placement Client Error (4xx): {"errors": [{"status": 404, "title": "Not Found", "detail": "The resource could not be found.\n\n No resource provider with uuid c8d18393-52c0-47cb-bf6a-1a2eb38a8368 found for delete ", "request_id": "req-91fbd515-4a25-4036-81d7-2d7e5b76d201"}]}
2026-05-11 11:58:40.824 10 INFO neutron.wsgi [None req-061ea4ab-b2cb-49e4-8985-8ee00827a6d8 f3f5f97eb76249029e44a4126801718c 6e9ff99e9b384559865da5526608b358 - - default default] 10.0.0.218 "DELETE /v2.0/networks/4b13225e-8c4e-4677-ab83-f4f579617d65 HTTP/1.1" status: 204 len: 168 time: 0.4225264
2026-05-11 11:58:41.088 10 INFO neutron.notifiers.nova [-] Nova event matching ['req-5f1906dc-eb8e-4491-95ee-7ccc9deefd6d'] response: {'server_uuid': '6d40e939-5b51-4d80-a153-4ff967090500', 'name': 'network-vif-plugged', 'status': 'completed', 'tag': '7d185187-c596-4736-8977-78fb776f40fc', 'code': 200}
2026-05-11 11:58:41.349 10 INFO neutron.wsgi [None req-bd105ed1-6e82-4031-95f7-955a2a7156bb f3f5f97eb76249029e44a4126801718c 6e9ff99e9b384559865da5526608b358 - - default default] 10.0.0.218 "GET /v2.0/security-groups?tenant_id=0461af1fd6b94c40aacf394383fdfa0d&name=default HTTP/1.1" status: 200 len: 3120 time: 0.1472576
2026-05-11 11:58:41.636 10 INFO neutron.wsgi [None req-1b031789-6435-4965-b659-840eea949d95 f3f5f97eb76249029e44a4126801718c 6e9ff99e9b384559865da5526608b358 - - default default] 10.0.0.218 "DELETE /v2.0/security-groups/97e47a20-c503-44cd-bde7-26f281f1d7be HTTP/1.1" status: 204 len: 168 time: 0.2767663
2026-05-11 11:58:42.020 9 INFO neutron.wsgi [None req-4dcd2de8-d58d-4622-b06a-fd882976fa6e f3f5f97eb76249029e44a4126801718c 6e9ff99e9b384559865da5526608b358 - - default default] 10.0.0.218 "PUT /v2.0/routers/3f7bf352-0f65-46bc-8476-d40794774326/remove_router_interface HTTP/1.1" status: 200 len: 503 time: 1.1917644 /var/lib/openstack/lib/python3.10/site-packages/pycadf/identifier.py:71: UserWarning: Invalid uuid: neutron. To ensure interoperability, identifiers should be a valid uuid. warnings.warn(('Invalid uuid: %s. To ensure interoperability, '
2026-05-11 11:58:42.746 9 WARNING neutron.plugins.ml2.drivers.ovn.mech_driver.ovsdb.ovn_client [None req-02fafce6-5186-4500-9df5-51c680abb6c7 - - - - - -] No port found with ID 9cc24274-2d9f-43fb-ad42-8575727750ba: RuntimeError: No port found with ID 9cc24274-2d9f-43fb-ad42-8575727750ba
2026-05-11 11:58:42.960 9 INFO neutron.wsgi [None req-e4166df6-2760-40c0-a271-82a398c9fcb4 f3f5f97eb76249029e44a4126801718c 6e9ff99e9b384559865da5526608b358 - - default default] 10.0.0.218 "DELETE /v2.0/routers/3f7bf352-0f65-46bc-8476-d40794774326 HTTP/1.1" status: 204 len: 168 time: 0.9329882
2026-05-11 11:58:43.165 9 INFO neutron.wsgi [None req-7b64e922-fb2a-4094-876c-85b711ce5f42 f3f5f97eb76249029e44a4126801718c 6e9ff99e9b384559865da5526608b358 - - default default] 10.0.0.218 "DELETE /v2.0/subnets/ea4f4925-27c8-45e5-884b-17302cadd647 HTTP/1.1" status: 204 len: 168 time: 0.1977856
2026-05-11 11:58:43.550 9 INFO neutron.services.segments.plugin [-] Segment c65c9bd1-6470-4169-b686-c338c2bc279a resource provider aggregate not found
2026-05-11 11:58:43.559 9 INFO neutron.services.segments.plugin [-] Segment c65c9bd1-6470-4169-b686-c338c2bc279a resource provider aggregate not found
2026-05-11 11:58:43.577 9 INFO neutron.services.segments.plugin [-] Segment c65c9bd1-6470-4169-b686-c338c2bc279a resource provider not found; error: Placement Client Error (4xx): {"errors": [{"status": 404, "title": "Not Found", "detail": "The resource could not be found.\n\n No resource provider with uuid c65c9bd1-6470-4169-b686-c338c2bc279a found for delete ", "request_id": "req-4e861c64-e4a9-49a0-baf6-71e5241e4a9e"}]}
2026-05-11 11:58:43.578 9 INFO neutron.services.segments.plugin [-] Segment c65c9bd1-6470-4169-b686-c338c2bc279a resource provider not found; error: Placement Client Error (4xx): {"errors": [{"status": 404, "title": "Not Found", "detail": "The resource could not be found.\n\n No resource provider with uuid c65c9bd1-6470-4169-b686-c338c2bc279a found for delete ", "request_id": "req-4f15e595-ddd4-421c-b6b8-3e6cecbc9c38"}]}
2026-05-11 11:58:43.601 9 INFO neutron.wsgi [None req-6859a006-ded0-4777-b667-1888a897f80c f3f5f97eb76249029e44a4126801718c 6e9ff99e9b384559865da5526608b358 - - default default] 10.0.0.218 "DELETE /v2.0/networks/c8201682-c86b-46fb-abd0-5042e1e8699d HTTP/1.1" status: 204 len: 168 time: 0.4307964
2026-05-11 11:58:43.606 10 WARNING neutron_lib.context [None req-bd33ac77-e51c-45b0-8bd1-b149c4f2fe39 f5b45b32a2e94e3ab84ac48dd2913467 cecea44f1ea34455ad5bd3daec2244d6 - - default default] Method 'is_advsvc' is deprecated since 2023.2 release (neutron-lib 3.8.0) and will be removed once support for the old RBAC API policies will be removed from Neutron. Please use method 'is_service_role' instead.
2026-05-11 11:58:43.665 10 INFO neutron.wsgi [None req-bd33ac77-e51c-45b0-8bd1-b149c4f2fe39 f5b45b32a2e94e3ab84ac48dd2913467 cecea44f1ea34455ad5bd3daec2244d6 - - default default] 10.0.0.218 "POST /v2.0/subnetpools HTTP/1.1" status: 201 len: 747 time: 0.2497997
2026-05-11 11:58:43.699 10 INFO neutron.wsgi [None req-77dd58d9-257d-41be-a4f3-9ae62a02d8cf f5b45b32a2e94e3ab84ac48dd2913467 cecea44f1ea34455ad5bd3daec2244d6 - - default default] 10.0.0.218 "GET /v2.0/subnetpools/8b541a3f-ca68-4711-a10b-4a19d07a6be3 HTTP/1.1" status: 200 len: 742 time: 0.0299945
2026-05-11 11:58:43.766 10 INFO neutron.wsgi [None req-d089e8bd-1fdd-4b95-9886-461fa69ad003 f5b45b32a2e94e3ab84ac48dd2913467 cecea44f1ea34455ad5bd3daec2244d6 - - default default] 10.0.0.218 "PUT /v2.0/subnetpools/8b541a3f-ca68-4711-a10b-4a19d07a6be3 HTTP/1.1" status: 200 len: 694 time: 0.0630584
2026-05-11 11:58:43.961 9 INFO neutron.wsgi [None req-ebe203de-a571-4a25-8cd7-3a4e88315ebe f3f5f97eb76249029e44a4126801718c 6e9ff99e9b384559865da5526608b358 - - default default] 10.0.0.218 "GET /v2.0/security-groups?tenant_id=d80072852ff941449822ce9932cabac4&name=default HTTP/1.1" status: 200 len: 3120 time: 0.0434012
2026-05-11 11:58:44.135 10 INFO neutron.wsgi [None req-1a5e72fc-3742-4c0e-9712-14d952059761 f5b45b32a2e94e3ab84ac48dd2913467 cecea44f1ea34455ad5bd3daec2244d6 - - default default] 10.0.0.218 "DELETE /v2.0/subnetpools/8b541a3f-ca68-4711-a10b-4a19d07a6be3 HTTP/1.1" status: 204 len: 168 time: 0.3636267
2026-05-11 11:58:44.154 10 INFO neutron.api.v2.resource [None req-6deaf263-e3a8-4d7d-bd3a-100b227e4c5e f5b45b32a2e94e3ab84ac48dd2913467 cecea44f1ea34455ad5bd3daec2244d6 - - default default] show failed (client error): The resource could not be found.
2026-05-11 11:58:44.155 10 INFO neutron.wsgi [None req-6deaf263-e3a8-4d7d-bd3a-100b227e4c5e f5b45b32a2e94e3ab84ac48dd2913467 cecea44f1ea34455ad5bd3daec2244d6 - - default default] 10.0.0.218 "GET /v2.0/subnetpools/8b541a3f-ca68-4711-a10b-4a19d07a6be3 HTTP/1.1" status: 404 len: 346 time: 0.0150750
2026-05-11 11:58:44.178 9 INFO neutron.api.v2.resource [None req-b6649d8a-98f8-44ef-8401-a80863a1df29 f5b45b32a2e94e3ab84ac48dd2913467 cecea44f1ea34455ad5bd3daec2244d6 - - default default] delete failed (client error): The resource could not be found.
2026-05-11 11:58:44.182 9 INFO neutron.wsgi [None req-b6649d8a-98f8-44ef-8401-a80863a1df29 f5b45b32a2e94e3ab84ac48dd2913467 cecea44f1ea34455ad5bd3daec2244d6 - - default default] 10.0.0.218 "DELETE /v2.0/subnetpools/8b541a3f-ca68-4711-a10b-4a19d07a6be3 HTTP/1.1" status: 404 len: 346 time: 0.0181000
2026-05-11 11:58:44.208 10 INFO neutron.wsgi [req-8db5ddc6-4d4b-499d-9eeb-320cef5b739a req-c14dccb0-2544-4a3f-afa9-0c2724383bec 5358f3463a9a407e885e0f20b241535f bfea3d21b75b4bfdae7463869728d2cd - - default default] 10.0.0.160 "GET /v2.0/ports?device_id=6d40e939-5b51-4d80-a153-4ff967090500 HTTP/1.1" status: 200 len: 1396 time: 0.1003683
2026-05-11 11:58:44.239 9 INFO neutron.wsgi [None req-a6decc83-e1af-4422-8bc8-b0a89ba2b61f f3f5f97eb76249029e44a4126801718c 6e9ff99e9b384559865da5526608b358 - - default default] 10.0.0.218 "DELETE /v2.0/security-groups/c9a322e8-be51-4aa9-afc9-b866b689690b HTTP/1.1" status: 204 len: 168 time: 0.2734704
2026-05-11 11:58:44.269 10 INFO neutron.wsgi [req-8db5ddc6-4d4b-499d-9eeb-320cef5b739a req-6e1a667a-1c5f-4c28-b920-d3ab8f0c60cb 5358f3463a9a407e885e0f20b241535f bfea3d21b75b4bfdae7463869728d2cd - - default default] 10.0.0.160 "GET /v2.0/security-groups?id=e2c77651-0dab-403e-90b1-55957bd5da44&fields=id&fields=name HTTP/1.1" status: 200 len: 310 time: 0.0525422
2026-05-11 11:58:44.362 10 INFO neutron.wsgi [None req-a8f8cfa2-978a-4b8b-8dd1-00f56937113b 5358f3463a9a407e885e0f20b241535f bfea3d21b75b4bfdae7463869728d2cd - - default default] 10.0.0.218 "GET /v2.0/ports?network_id=b55ab05a-1dfb-49a0-bd7d-a9c42dcc4f33&mac_address=fa%3A16%3A3e%3A02%3A67%3Ade HTTP/1.1" status: 200 len: 1391 time: 0.0664003
2026-05-11 11:58:44.373 10 WARNING neutron_lib.context [None req-324d0abd-c65e-4d4a-bc97-00b9956f7164 5358f3463a9a407e885e0f20b241535f bfea3d21b75b4bfdae7463869728d2cd - - default default] Method 'is_advsvc' is deprecated since 2023.2 release (neutron-lib 3.8.0) and will be removed once support for the old RBAC API policies will be removed from Neutron. Please use method 'is_service_role' instead.
2026-05-11 11:58:44.431 9 INFO neutron.wsgi [None req-dbb5bcc4-0e35-42c3-a2e2-f7e1db09cb75 f3f5f97eb76249029e44a4126801718c 6e9ff99e9b384559865da5526608b358 - - default default] 10.0.0.218 "GET /v2.0/security-groups?tenant_id=9dbc6321bbde4b88a501d5df0a5a94b3&name=default HTTP/1.1" status: 200 len: 3120 time: 0.0436745
2026-05-11 11:58:44.714 10 WARNING neutron.scheduler.dhcp_agent_scheduler [None req-324d0abd-c65e-4d4a-bc97-00b9956f7164 5358f3463a9a407e885e0f20b241535f bfea3d21b75b4bfdae7463869728d2cd - - default default] No more DHCP agents
2026-05-11 11:58:44.716 10 WARNING neutron.api.rpc.agentnotifiers.dhcp_rpc_agent_api [None req-324d0abd-c65e-4d4a-bc97-00b9956f7164 5358f3463a9a407e885e0f20b241535f bfea3d21b75b4bfdae7463869728d2cd - - default default] Unable to schedule network 9ad427e5-221d-4e35-bd47-d79ef14f1049: no agents available; will retry on subsequent port and subnet creation events.
2026-05-11 11:58:44.783 10 INFO neutron.wsgi [None req-3c7a2d11-0845-464a-870b-94a465d49db5 f3f5f97eb76249029e44a4126801718c 6e9ff99e9b384559865da5526608b358 - - default default] 10.0.0.218 "DELETE /v2.0/security-groups/4c588a12-0945-41b8-9d21-21ae7c9a333f HTTP/1.1" status: 204 len: 168 time: 0.3434925
2026-05-11 11:58:45.066 9 INFO neutron.db.ovn_revision_numbers_db [None req-d5059bae-f578-4e79-9839-e74d5f832296 f3f5f97eb76249029e44a4126801718c 6e9ff99e9b384559865da5526608b358 - - default default] Successfully bumped revision number for resource c3e17a48-0908-46b2-b475-3db743d5a680 (type: security_groups) to 1
2026-05-11 11:58:45.081 9 INFO neutron.db.ovn_revision_numbers_db [None req-d5059bae-f578-4e79-9839-e74d5f832296 f3f5f97eb76249029e44a4126801718c 6e9ff99e9b384559865da5526608b358 - - default default] Successfully bumped revision number for resource 2bb2d723-1f6f-4e73-bc31-45f18874f606 (type: security_group_rules) to 0
2026-05-11 11:58:45.098 9 INFO neutron.db.ovn_revision_numbers_db [None req-d5059bae-f578-4e79-9839-e74d5f832296 f3f5f97eb76249029e44a4126801718c 6e9ff99e9b384559865da5526608b358 - - default default] Successfully bumped revision number for resource 32876c8e-c912-4d91-ab47-8a509aa6ebd8 (type: security_group_rules) to 0
2026-05-11 11:58:45.113 9 INFO neutron.db.ovn_revision_numbers_db [None req-d5059bae-f578-4e79-9839-e74d5f832296 f3f5f97eb76249029e44a4126801718c 6e9ff99e9b384559865da5526608b358 - - default default] Successfully bumped revision number for resource ac4bd7ba-d5d9-405c-8332-7146c915abb3 (type: security_group_rules) to 0
2026-05-11 11:58:45.127 9 INFO neutron.db.ovn_revision_numbers_db [None req-d5059bae-f578-4e79-9839-e74d5f832296 f3f5f97eb76249029e44a4126801718c 6e9ff99e9b384559865da5526608b358 - - default default] Successfully bumped revision number for resource e5c978be-c6c4-411c-b42a-93b8c960bc11 (type: security_group_rules) to 0
2026-05-11 11:58:45.152 9 INFO neutron.wsgi [None req-d5059bae-f578-4e79-9839-e74d5f832296 f3f5f97eb76249029e44a4126801718c 6e9ff99e9b384559865da5526608b358 - - default default] 10.0.0.218 "GET /v2.0/security-groups?tenant_id=cecea44f1ea34455ad5bd3daec2244d6&name=default HTTP/1.1" status: 200 len: 3120 time: 0.4318664
2026-05-11 11:58:45.384 9 INFO neutron.wsgi [None req-4acd77d1-ccf9-410a-93ea-7cc0d5f64a20 f3f5f97eb76249029e44a4126801718c 6e9ff99e9b384559865da5526608b358 - - default default] 10.0.0.218 "DELETE /v2.0/security-groups/c3e17a48-0908-46b2-b475-3db743d5a680 HTTP/1.1" status: 204 len: 168 time: 0.2272489
2026-05-11 11:58:45.487 10 INFO neutron.db.ovn_revision_numbers_db [None req-324d0abd-c65e-4d4a-bc97-00b9956f7164 5358f3463a9a407e885e0f20b241535f bfea3d21b75b4bfdae7463869728d2cd - - default default] Successfully bumped revision number for resource b42dfaf0-c399-45da-9499-25ebc65bc16a (type: floatingips) to -1
2026-05-11 11:58:45.623 10 INFO neutron.db.ovn_revision_numbers_db [None req-324d0abd-c65e-4d4a-bc97-00b9956f7164 5358f3463a9a407e885e0f20b241535f bfea3d21b75b4bfdae7463869728d2cd - - default default] Successfully bumped revision number for resource b42dfaf0-c399-45da-9499-25ebc65bc16a (type: floatingips) to 1
2026-05-11 11:58:45.624 10 INFO neutron.db.l3_db [None req-324d0abd-c65e-4d4a-bc97-00b9956f7164 5358f3463a9a407e885e0f20b241535f bfea3d21b75b4bfdae7463869728d2cd - - default default] Floating IP b42dfaf0-c399-45da-9499-25ebc65bc16a associated. External IP: 10.96.250.218, port: 7d185187-c596-4736-8977-78fb776f40fc.
2026-05-11 11:58:45.665 10 INFO neutron.wsgi [None req-324d0abd-c65e-4d4a-bc97-00b9956f7164 5358f3463a9a407e885e0f20b241535f bfea3d21b75b4bfdae7463869728d2cd - - default default] 10.0.0.218 "POST /v2.0/floatingips HTTP/1.1" status: 201 len: 1053 time: 1.2966292
2026-05-11 11:58:45.707 10 INFO neutron.notifiers.nova [-] Nova event matching ['req-1b34ad6c-843d-40f9-8645-dd8bc2350e48'] response: {'name': 'network-changed', 'server_uuid': '6d40e939-5b51-4d80-a153-4ff967090500', 'tag': '7d185187-c596-4736-8977-78fb776f40fc', 'status': 'completed', 'code': 200} /var/lib/openstack/lib/python3.10/site-packages/pycadf/identifier.py:71: UserWarning: Invalid uuid: neutron. To ensure interoperability, identifiers should be a valid uuid. warnings.warn(('Invalid uuid: %s. To ensure interoperability, '
2026-05-11 11:58:45.779 10 INFO neutron.wsgi [req-b408c21f-3067-4636-8cf2-a509447d947a req-99acbbe7-ac2f-4fde-afc6-312b758dac7e 6fc3248cc7564687a7594a5d4cd32dea 67d5299d765c4122b546eb7bf13327ca - - 6554e4942acc46fd9188d05bf42ba876 6554e4942acc46fd9188d05bf42ba876] 199.19.213.54 "GET /v2.0/ports?tenant_id=bfea3d21b75b4bfdae7463869728d2cd&device_id=6d40e939-5b51-4d80-a153-4ff967090500 HTTP/1.1" status: 200 len: 1634 time: 0.0537484
2026-05-11 11:58:45.828 9 INFO neutron.wsgi [req-efe8e988-d130-4343-8842-255690b696b7 req-533b2767-3408-437a-8a50-fed8ff799a8c 5358f3463a9a407e885e0f20b241535f bfea3d21b75b4bfdae7463869728d2cd - - default default] 10.0.0.160 "GET /v2.0/security-groups?name=tempest-lb_member_SG-900130497&fields=id&tenant_id=bfea3d21b75b4bfdae7463869728d2cd HTTP/1.1" status: 200 len: 267 time: 0.0655160
2026-05-11 11:58:45.856 10 INFO neutron.wsgi [req-b408c21f-3067-4636-8cf2-a509447d947a req-5deb99fc-45fa-48c9-a83b-10944d6081f5 6fc3248cc7564687a7594a5d4cd32dea 67d5299d765c4122b546eb7bf13327ca - - 6554e4942acc46fd9188d05bf42ba876 6554e4942acc46fd9188d05bf42ba876] 199.19.213.54 "GET /v2.0/networks?id=b55ab05a-1dfb-49a0-bd7d-a9c42dcc4f33 HTTP/1.1" status: 200 len: 1003 time: 0.0700200
2026-05-11 11:58:45.924 10 INFO neutron.wsgi [req-b408c21f-3067-4636-8cf2-a509447d947a req-5faeeadd-a64b-4d05-9097-97e3cd4a973b 6fc3248cc7564687a7594a5d4cd32dea 67d5299d765c4122b546eb7bf13327ca - - 6554e4942acc46fd9188d05bf42ba876 6554e4942acc46fd9188d05bf42ba876] 199.19.213.54 "GET /v2.0/floatingips?fixed_ip_address=10.2.1.69&port_id=7d185187-c596-4736-8977-78fb776f40fc HTTP/1.1" status: 200 len: 1058 time: 0.0599356
2026-05-11 11:58:45.957 10 INFO neutron.wsgi [req-b408c21f-3067-4636-8cf2-a509447d947a req-4f7f7e4b-3269-462f-abc0-dbb9294661fa 6fc3248cc7564687a7594a5d4cd32dea 67d5299d765c4122b546eb7bf13327ca - - 6554e4942acc46fd9188d05bf42ba876 6554e4942acc46fd9188d05bf42ba876] 199.19.213.54 "GET /v2.0/floatingips?fixed_ip_address=fd7b%3Af9f7%3Afff%3A4eca%3A%3A375&port_id=7d185187-c596-4736-8977-78fb776f40fc HTTP/1.1" status: 200 len: 217 time: 0.0252383
2026-05-11 11:58:46.002 10 INFO neutron.wsgi [req-b408c21f-3067-4636-8cf2-a509447d947a req-a9aa381d-2904-4f70-9a60-e7a9f77d635e 6fc3248cc7564687a7594a5d4cd32dea 67d5299d765c4122b546eb7bf13327ca - - 6554e4942acc46fd9188d05bf42ba876 6554e4942acc46fd9188d05bf42ba876] 199.19.213.54 "GET /v2.0/subnets?id=3c6cde3d-dad3-41f9-a146-e64e43ce6239&id=80ccd859-d754-4400-9071-9b3892f7c801 HTTP/1.1" status: 200 len: 1563 time: 0.0382683
2026-05-11 11:58:46.031 10 INFO neutron.wsgi [req-b408c21f-3067-4636-8cf2-a509447d947a req-c62e829a-8381-4050-b1f9-0944ff7693b9 6fc3248cc7564687a7594a5d4cd32dea 67d5299d765c4122b546eb7bf13327ca - - 6554e4942acc46fd9188d05bf42ba876 6554e4942acc46fd9188d05bf42ba876] 199.19.213.54 "GET /v2.0/ports?network_id=b55ab05a-1dfb-49a0-bd7d-a9c42dcc4f33&device_owner=network%3Adhcp HTTP/1.1" status: 200 len: 210 time: 0.0241132
2026-05-11 11:58:46.060 10 INFO neutron.wsgi [req-b408c21f-3067-4636-8cf2-a509447d947a req-aab64255-2afa-402c-a77b-08ca614a1128 6fc3248cc7564687a7594a5d4cd32dea 67d5299d765c4122b546eb7bf13327ca - - 6554e4942acc46fd9188d05bf42ba876 6554e4942acc46fd9188d05bf42ba876] 199.19.213.54 "GET /v2.0/ports?network_id=b55ab05a-1dfb-49a0-bd7d-a9c42dcc4f33&device_owner=network%3Adhcp HTTP/1.1" status: 200 len: 210 time: 0.0209270
2026-05-11 11:58:46.121 10 INFO neutron.wsgi [req-b408c21f-3067-4636-8cf2-a509447d947a req-823acb0d-bd88-4162-836d-44d949208d62 6fc3248cc7564687a7594a5d4cd32dea 67d5299d765c4122b546eb7bf13327ca - - 6554e4942acc46fd9188d05bf42ba876 6554e4942acc46fd9188d05bf42ba876] 199.19.213.54 "GET /v2.0/networks/b55ab05a-1dfb-49a0-bd7d-a9c42dcc4f33?fields=segments HTTP/1.1" status: 200 len: 212 time: 0.0557568
