2026-05-11 11:56:42.826 9 INFO neutron.wsgi [req-024aecf1-abb7-4382-b808-d9f4271eb0bd req-283785ec-5d31-4988-83b7-03e9a0a23fb6 fcb5de3aa049461c98355b36ada36d28 c1003f4870764c9bbe8af087e237fa14 - - default default] 10.0.0.160 "GET /v2.0/ports?device_id=44135d8d-8da8-47de-ab8e-dc16a40aedd8 HTTP/1.1" status: 200 len: 1168 time: 0.0534062
2026-05-11 11:56:42.915 9 INFO neutron.wsgi [req-024aecf1-abb7-4382-b808-d9f4271eb0bd req-5ad01b39-3779-4fe1-b467-0ebe5d394e6b fcb5de3aa049461c98355b36ada36d28 c1003f4870764c9bbe8af087e237fa14 - - default default] 10.0.0.160 "GET /v2.0/security-groups?id=67cf512d-ae4d-40b5-9d2b-fade8608b7ea&fields=id&fields=name HTTP/1.1" status: 200 len: 312 time: 0.0673060
2026-05-11 11:56:42.940 10 INFO neutron.wsgi [None req-3a873686-3d61-4f23-99bf-b2c9192f4a71 f3f5f97eb76249029e44a4126801718c 6e9ff99e9b384559865da5526608b358 - - default default] 10.0.0.218 "DELETE /v2.0/security-groups/b4354344-5e59-4c4e-bddc-746f622d1099 HTTP/1.1" status: 204 len: 168 time: 0.2855597
2026-05-11 11:56:43.212 10 INFO neutron.db.ovn_revision_numbers_db [None req-b3242103-1c07-4abb-8752-172af7621b01 f3f5f97eb76249029e44a4126801718c 6e9ff99e9b384559865da5526608b358 - - default default] Successfully bumped revision number for resource 14f2797e-f4b2-44ff-8564-20ede00cd11c (type: security_groups) to 1
2026-05-11 11:56:43.228 10 INFO neutron.db.ovn_revision_numbers_db [None req-b3242103-1c07-4abb-8752-172af7621b01 f3f5f97eb76249029e44a4126801718c 6e9ff99e9b384559865da5526608b358 - - default default] Successfully bumped revision number for resource 41723526-fe84-48c4-8d63-d06dcff44c03 (type: security_group_rules) to 0
2026-05-11 11:56:43.241 10 INFO neutron.db.ovn_revision_numbers_db [None req-b3242103-1c07-4abb-8752-172af7621b01 f3f5f97eb76249029e44a4126801718c 6e9ff99e9b384559865da5526608b358 - - default default] Successfully bumped revision number for resource 5193b3a1-d3bc-430d-81d1-11eb6a8f6d22 (type: security_group_rules) to 0
2026-05-11 11:56:43.254 10 INFO neutron.db.ovn_revision_numbers_db [None req-b3242103-1c07-4abb-8752-172af7621b01 f3f5f97eb76249029e44a4126801718c 6e9ff99e9b384559865da5526608b358 - - default default] Successfully bumped revision number for resource a3627624-298e-412f-bd9a-40346d96df11 (type: security_group_rules) to 0
2026-05-11 11:56:43.267 10 INFO neutron.db.ovn_revision_numbers_db [None req-b3242103-1c07-4abb-8752-172af7621b01 f3f5f97eb76249029e44a4126801718c 6e9ff99e9b384559865da5526608b358 - - default default] Successfully bumped revision number for resource f01dadb3-f716-48b4-b9b2-3370b0d23594 (type: security_group_rules) to 0
2026-05-11 11:56:43.285 10 INFO neutron.wsgi [None req-b3242103-1c07-4abb-8752-172af7621b01 f3f5f97eb76249029e44a4126801718c 6e9ff99e9b384559865da5526608b358 - - default default] 10.0.0.218 "GET /v2.0/security-groups?tenant_id=aea12896d0d24e1f9fa2e14b8ff81164&name=default HTTP/1.1" status: 200 len: 3120 time: 0.2118723
2026-05-11 11:56:43.380 9 WARNING neutron.scheduler.dhcp_agent_scheduler [None req-5b27a7d8-fc31-4253-be63-3538c31e29c7 1a2446aefc0a4ac7bba2a87fa97a8f41 6dbeb465191149b3a52a53f25145cc44 - - default default] No more DHCP agents
2026-05-11 11:56:43.385 9 WARNING neutron.api.rpc.agentnotifiers.dhcp_rpc_agent_api [None req-5b27a7d8-fc31-4253-be63-3538c31e29c7 1a2446aefc0a4ac7bba2a87fa97a8f41 6dbeb465191149b3a52a53f25145cc44 - - default default] Unable to schedule network c5fca70a-5487-441e-9c2d-a408d4d76f52: no agents available; will retry on subsequent port and subnet creation events.
2026-05-11 11:56:43.679 9 INFO neutron.db.ovn_revision_numbers_db [None req-5b27a7d8-fc31-4253-be63-3538c31e29c7 1a2446aefc0a4ac7bba2a87fa97a8f41 6dbeb465191149b3a52a53f25145cc44 - - default default] Successfully bumped revision number for resource a5a7d56b-eef0-40bf-858e-05f0f9a0beed (type: ports) to 1
2026-05-11 11:56:43.710 9 INFO neutron.wsgi [None req-5b27a7d8-fc31-4253-be63-3538c31e29c7 1a2446aefc0a4ac7bba2a87fa97a8f41 6dbeb465191149b3a52a53f25145cc44 - - default default] 10.0.0.218 "POST /v2.0/ports HTTP/1.1" status: 201 len: 1153 time: 1.1239319
2026-05-11 11:56:43.724 10 WARNING neutron_lib.context [None req-b92ffe8f-1a43-4b6a-b9f5-c1e762f6f816 1a2446aefc0a4ac7bba2a87fa97a8f41 6dbeb465191149b3a52a53f25145cc44 - - default default] Method 'is_advsvc' is deprecated since 2023.2 release (neutron-lib 3.8.0) and will be removed once support for the old RBAC API policies will be removed from Neutron. Please use method 'is_service_role' instead.
2026-05-11 11:56:43.765 9 INFO neutron.wsgi [None req-ca376d1a-4de3-43e1-9977-879ade76c8e0 f3f5f97eb76249029e44a4126801718c 6e9ff99e9b384559865da5526608b358 - - default default] 10.0.0.218 "DELETE /v2.0/security-groups/14f2797e-f4b2-44ff-8564-20ede00cd11c HTTP/1.1" status: 204 len: 168 time: 0.4707689
2026-05-11 11:56:44.052 10 INFO neutron.wsgi [req-b0569d87-3138-4282-a154-8a2deb800186 req-c338cd07-ab78-4654-9687-96595a051e33 fcb5de3aa049461c98355b36ada36d28 c1003f4870764c9bbe8af087e237fa14 - - default default] 10.0.0.160 "GET /v2.0/ports?device_id=44135d8d-8da8-47de-ab8e-dc16a40aedd8 HTTP/1.1" status: 200 len: 1168 time: 0.0585160
2026-05-11 11:56:44.120 9 INFO neutron.wsgi [None req-6885d9e4-d6c1-4cfe-8318-2f879a9c7afb f3f5f97eb76249029e44a4126801718c 6e9ff99e9b384559865da5526608b358 - - default default] 10.0.0.218 "PUT /v2.0/routers/efae8b21-412e-449c-bf75-a45f4b450d9a/remove_router_interface HTTP/1.1" status: 200 len: 503 time: 2.1203289
2026-05-11 11:56:44.121 10 WARNING neutron.scheduler.dhcp_agent_scheduler [None req-b92ffe8f-1a43-4b6a-b9f5-c1e762f6f816 1a2446aefc0a4ac7bba2a87fa97a8f41 6dbeb465191149b3a52a53f25145cc44 - - default default] No more DHCP agents
2026-05-11 11:56:44.125 10 INFO neutron.wsgi [req-b0569d87-3138-4282-a154-8a2deb800186 req-22309a69-eacc-4230-b4a5-444e9e70e6d5 fcb5de3aa049461c98355b36ada36d28 c1003f4870764c9bbe8af087e237fa14 - - default default] 10.0.0.160 "GET /v2.0/security-groups?id=67cf512d-ae4d-40b5-9d2b-fade8608b7ea&fields=id&fields=name HTTP/1.1" status: 200 len: 312 time: 0.0624738
2026-05-11 11:56:44.127 10 WARNING neutron.api.rpc.agentnotifiers.dhcp_rpc_agent_api [None req-b92ffe8f-1a43-4b6a-b9f5-c1e762f6f816 1a2446aefc0a4ac7bba2a87fa97a8f41 6dbeb465191149b3a52a53f25145cc44 - - default default] Unable to schedule network c5fca70a-5487-441e-9c2d-a408d4d76f52: no agents available; will retry on subsequent port and subnet creation events. /var/lib/openstack/lib/python3.10/site-packages/pycadf/identifier.py:71: UserWarning: Invalid uuid: neutron. To ensure interoperability, identifiers should be a valid uuid. warnings.warn(('Invalid uuid: %s. To ensure interoperability, '
2026-05-11 11:56:44.189 10 INFO neutron.notifiers.nova [-] Nova event matching ['req-a7fd4b90-4ca7-4c3b-9aa2-2dbba1067be6'] response: {'name': 'network-changed', 'server_uuid': '44135d8d-8da8-47de-ab8e-dc16a40aedd8', 'tag': 'b06782bf-9ac5-4885-84cb-419ddbd6e313', 'status': 'completed', 'code': 200} /var/lib/openstack/lib/python3.10/site-packages/pycadf/identifier.py:71: UserWarning: Invalid uuid: neutron. To ensure interoperability, identifiers should be a valid uuid. warnings.warn(('Invalid uuid: %s. To ensure interoperability, '
2026-05-11 11:56:44.257 10 INFO neutron.wsgi [req-0b046167-333e-4191-8b63-1e51c0cac12d req-9628550e-8db9-4900-9844-159ba950f2d7 6fc3248cc7564687a7594a5d4cd32dea 67d5299d765c4122b546eb7bf13327ca - - 6554e4942acc46fd9188d05bf42ba876 6554e4942acc46fd9188d05bf42ba876] 199.19.213.54 "GET /v2.0/ports?tenant_id=c1003f4870764c9bbe8af087e237fa14&device_id=44135d8d-8da8-47de-ab8e-dc16a40aedd8 HTTP/1.1" status: 200 len: 1407 time: 0.0490265
2026-05-11 11:56:44.334 10 INFO neutron.wsgi [req-0b046167-333e-4191-8b63-1e51c0cac12d req-b7004a1b-78f9-4c9e-81a0-ec3a03b5c87d 6fc3248cc7564687a7594a5d4cd32dea 67d5299d765c4122b546eb7bf13327ca - - 6554e4942acc46fd9188d05bf42ba876 6554e4942acc46fd9188d05bf42ba876] 199.19.213.54 "GET /v2.0/networks?id=adac4321-5977-4620-a929-4404a78aa2b4 HTTP/1.1" status: 200 len: 957 time: 0.0703838
2026-05-11 11:56:44.334 10 INFO neutron.db.ovn_revision_numbers_db [None req-b92ffe8f-1a43-4b6a-b9f5-c1e762f6f816 1a2446aefc0a4ac7bba2a87fa97a8f41 6dbeb465191149b3a52a53f25145cc44 - - default default] Successfully bumped revision number for resource cc492b34-9715-4940-addf-49e576ce9822 (type: ports) to 1
2026-05-11 11:56:44.364 10 INFO neutron.wsgi [req-0b046167-333e-4191-8b63-1e51c0cac12d req-d5875660-d646-4b83-97ea-9bc0aa1bc675 6fc3248cc7564687a7594a5d4cd32dea 67d5299d765c4122b546eb7bf13327ca - - 6554e4942acc46fd9188d05bf42ba876 6554e4942acc46fd9188d05bf42ba876] 199.19.213.54 "GET /v2.0/floatingips?fixed_ip_address=10.100.0.7&port_id=b06782bf-9ac5-4885-84cb-419ddbd6e313 HTTP/1.1" status: 200 len: 217 time: 0.0264606
2026-05-11 11:56:44.381 10 INFO neutron.wsgi [None req-b92ffe8f-1a43-4b6a-b9f5-c1e762f6f816 1a2446aefc0a4ac7bba2a87fa97a8f41 6dbeb465191149b3a52a53f25145cc44 - - default default] 10.0.0.218 "POST /v2.0/ports HTTP/1.1" status: 201 len: 1158 time: 0.6649611
2026-05-11 11:56:44.391 9 WARNING neutron_lib.context [None req-e9764f47-1813-484e-b3e3-4af2bff6e720 1a2446aefc0a4ac7bba2a87fa97a8f41 6dbeb465191149b3a52a53f25145cc44 - - default default] Method 'is_advsvc' is deprecated since 2023.2 release (neutron-lib 3.8.0) and will be removed once support for the old RBAC API policies will be removed from Neutron. Please use method 'is_service_role' instead.
2026-05-11 11:56:44.412 10 INFO neutron.wsgi [req-0b046167-333e-4191-8b63-1e51c0cac12d req-ca54d28f-11a3-4105-a817-dd94f7d6c91d 6fc3248cc7564687a7594a5d4cd32dea 67d5299d765c4122b546eb7bf13327ca - - 6554e4942acc46fd9188d05bf42ba876 6554e4942acc46fd9188d05bf42ba876] 199.19.213.54 "GET /v2.0/subnets?id=aaa7dcc5-0481-4625-aa2b-0a450f088a76 HTTP/1.1" status: 200 len: 852 time: 0.0409358
2026-05-11 11:56:44.449 10 INFO neutron.wsgi [req-0b046167-333e-4191-8b63-1e51c0cac12d req-5a3c79fd-1fa5-4cb9-91bc-27001bae4651 6fc3248cc7564687a7594a5d4cd32dea 67d5299d765c4122b546eb7bf13327ca - - 6554e4942acc46fd9188d05bf42ba876 6554e4942acc46fd9188d05bf42ba876] 199.19.213.54 "GET /v2.0/ports?network_id=adac4321-5977-4620-a929-4404a78aa2b4&device_owner=network%3Adhcp HTTP/1.1" status: 200 len: 210 time: 0.0311937
2026-05-11 11:56:44.503 10 INFO neutron.wsgi [req-0b046167-333e-4191-8b63-1e51c0cac12d req-012c39f5-0b57-4235-bd39-1e9d0f37816b 6fc3248cc7564687a7594a5d4cd32dea 67d5299d765c4122b546eb7bf13327ca - - 6554e4942acc46fd9188d05bf42ba876 6554e4942acc46fd9188d05bf42ba876] 199.19.213.54 "GET /v2.0/networks/adac4321-5977-4620-a929-4404a78aa2b4?fields=segments HTTP/1.1" status: 200 len: 212 time: 0.0478106
2026-05-11 11:56:44.558 10 INFO neutron.wsgi [req-0b046167-333e-4191-8b63-1e51c0cac12d req-d5eb853a-84ef-4f14-8f32-c1ac854bcc09 6fc3248cc7564687a7594a5d4cd32dea 67d5299d765c4122b546eb7bf13327ca - - 6554e4942acc46fd9188d05bf42ba876 6554e4942acc46fd9188d05bf42ba876] 199.19.213.54 "GET /v2.0/networks/adac4321-5977-4620-a929-4404a78aa2b4?fields=provider%3Aphysical_network&fields=provider%3Anetwork_type HTTP/1.1" status: 200 len: 277 time: 0.0481596
2026-05-11 11:56:44.719 9 WARNING neutron.scheduler.dhcp_agent_scheduler [None req-e9764f47-1813-484e-b3e3-4af2bff6e720 1a2446aefc0a4ac7bba2a87fa97a8f41 6dbeb465191149b3a52a53f25145cc44 - - default default] No more DHCP agents
2026-05-11 11:56:44.726 9 WARNING neutron.api.rpc.agentnotifiers.dhcp_rpc_agent_api [None req-e9764f47-1813-484e-b3e3-4af2bff6e720 1a2446aefc0a4ac7bba2a87fa97a8f41 6dbeb465191149b3a52a53f25145cc44 - - default default] Unable to schedule network 9ad427e5-221d-4e35-bd47-d79ef14f1049: no agents available; will retry on subsequent port and subnet creation events.
2026-05-11 11:56:45.296 10 INFO neutron.wsgi [req-ff724b1b-d15b-4f3e-bde4-d0f3a0dc2f77 req-f5096e2c-33c0-4212-ae1a-bb3e32aaaaf1 fcb5de3aa049461c98355b36ada36d28 c1003f4870764c9bbe8af087e237fa14 - - default default] 10.0.0.160 "GET /v2.0/ports?device_id=44135d8d-8da8-47de-ab8e-dc16a40aedd8 HTTP/1.1" status: 200 len: 1168 time: 0.1081269
2026-05-11 11:56:45.350 10 INFO neutron.wsgi [req-ff724b1b-d15b-4f3e-bde4-d0f3a0dc2f77 req-91e2304e-1589-47c1-87c9-a84d218f6b7a fcb5de3aa049461c98355b36ada36d28 c1003f4870764c9bbe8af087e237fa14 - - default default] 10.0.0.160 "GET /v2.0/security-groups?id=67cf512d-ae4d-40b5-9d2b-fade8608b7ea&fields=id&fields=name HTTP/1.1" status: 200 len: 312 time: 0.0460875
2026-05-11 11:56:45.388 9 INFO neutron.wsgi [None req-be8044bb-9d97-4813-abe6-e672a17b1117 f3f5f97eb76249029e44a4126801718c 6e9ff99e9b384559865da5526608b358 - - default default] 10.0.0.218 "DELETE /v2.0/routers/efae8b21-412e-449c-bf75-a45f4b450d9a HTTP/1.1" status: 204 len: 168 time: 1.2507973
2026-05-11 11:56:45.611 10 INFO neutron.wsgi [None req-0969ba0a-91d4-41d9-9438-4c2dd247f320 f3f5f97eb76249029e44a4126801718c 6e9ff99e9b384559865da5526608b358 - - default default] 10.0.0.218 "DELETE /v2.0/subnets/412735d4-e517-4c2b-9e19-bb53fcaf2a08 HTTP/1.1" status: 204 len: 168 time: 0.2168021
2026-05-11 11:56:45.748 9 INFO neutron.db.ovn_revision_numbers_db [None req-e9764f47-1813-484e-b3e3-4af2bff6e720 1a2446aefc0a4ac7bba2a87fa97a8f41 6dbeb465191149b3a52a53f25145cc44 - - default default] Successfully bumped revision number for resource f9a92d55-1db9-4a84-a717-218c96e7b7db (type: floatingips) to -1
2026-05-11 11:56:45.863 9 INFO neutron.db.ovn_revision_numbers_db [None req-e9764f47-1813-484e-b3e3-4af2bff6e720 1a2446aefc0a4ac7bba2a87fa97a8f41 6dbeb465191149b3a52a53f25145cc44 - - default default] Successfully bumped revision number for resource f9a92d55-1db9-4a84-a717-218c96e7b7db (type: floatingips) to 1
2026-05-11 11:56:45.863 9 INFO neutron.db.l3_db [None req-e9764f47-1813-484e-b3e3-4af2bff6e720 1a2446aefc0a4ac7bba2a87fa97a8f41 6dbeb465191149b3a52a53f25145cc44 - - default default] Floating IP f9a92d55-1db9-4a84-a717-218c96e7b7db associated. External IP: 10.96.250.211, port: cc492b34-9715-4940-addf-49e576ce9822.
2026-05-11 11:56:45.903 9 INFO neutron.wsgi [None req-e9764f47-1813-484e-b3e3-4af2bff6e720 1a2446aefc0a4ac7bba2a87fa97a8f41 6dbeb465191149b3a52a53f25145cc44 - - default default] 10.0.0.218 "POST /v2.0/floatingips HTTP/1.1" status: 201 len: 1042 time: 1.5166571
2026-05-11 11:56:46.087 9 INFO neutron.db.ovn_revision_numbers_db [None req-ed9e554b-5a6e-48b8-8311-8a987a48d54b 1a2446aefc0a4ac7bba2a87fa97a8f41 6dbeb465191149b3a52a53f25145cc44 - - default default] Successfully bumped revision number for resource f9a92d55-1db9-4a84-a717-218c96e7b7db (type: floatingips) to 2
2026-05-11 11:56:46.087 10 INFO neutron.services.segments.plugin [-] Segment a0ae4af4-9af8-4379-b279-5e4c77062e85 resource provider aggregate not found
2026-05-11 11:56:46.093 10 INFO neutron.services.segments.plugin [-] Segment a0ae4af4-9af8-4379-b279-5e4c77062e85 resource provider aggregate not found
2026-05-11 11:56:46.111 10 INFO neutron.services.segments.plugin [-] Segment a0ae4af4-9af8-4379-b279-5e4c77062e85 resource provider not found; error: Placement Client Error (4xx): {"errors": [{"status": 404, "title": "Not Found", "detail": "The resource could not be found.\n\n No resource provider with uuid a0ae4af4-9af8-4379-b279-5e4c77062e85 found for delete ", "request_id": "req-a0c217b8-42e6-44b8-a2db-d2557353b3f7"}]}
2026-05-11 11:56:46.113 10 INFO neutron.services.segments.plugin [-] Segment a0ae4af4-9af8-4379-b279-5e4c77062e85 resource provider not found; error: Placement Client Error (4xx): {"errors": [{"status": 404, "title": "Not Found", "detail": "The resource could not be found.\n\n No resource provider with uuid a0ae4af4-9af8-4379-b279-5e4c77062e85 found for delete ", "request_id": "req-d31502af-65c0-4283-baf3-edda64896bae"}]}
2026-05-11 11:56:46.140 10 INFO neutron.wsgi [None req-c34661f8-25ea-4996-a601-5068024f3dd1 f3f5f97eb76249029e44a4126801718c 6e9ff99e9b384559865da5526608b358 - - default default] 10.0.0.218 "DELETE /v2.0/networks/e185c114-6fb4-4862-b1db-3330d1add1b5 HTTP/1.1" status: 204 len: 168 time: 0.5247610
2026-05-11 11:56:46.140 9 INFO neutron.db.l3_db [None req-ed9e554b-5a6e-48b8-8311-8a987a48d54b 1a2446aefc0a4ac7bba2a87fa97a8f41 6dbeb465191149b3a52a53f25145cc44 - - default default] Floating IP f9a92d55-1db9-4a84-a717-218c96e7b7db disassociated. External IP: 10.96.250.211, port: cc492b34-9715-4940-addf-49e576ce9822.
2026-05-11 11:56:46.171 9 INFO neutron.wsgi [None req-ed9e554b-5a6e-48b8-8311-8a987a48d54b 1a2446aefc0a4ac7bba2a87fa97a8f41 6dbeb465191149b3a52a53f25145cc44 - - default default] 10.0.0.218 "PUT /v2.0/floatingips/f9a92d55-1db9-4a84-a717-218c96e7b7db HTTP/1.1" status: 200 len: 748 time: 0.2626569 /var/lib/openstack/lib/python3.10/site-packages/pycadf/identifier.py:71: UserWarning: Invalid uuid: neutron. To ensure interoperability, identifiers should be a valid uuid. warnings.warn(('Invalid uuid: %s. To ensure interoperability, '
2026-05-11 11:56:46.271 10 INFO neutron.wsgi [None req-5c15fc3c-fa7d-4a6b-bbbd-14efaa6017b4 f3f5f97eb76249029e44a4126801718c 6e9ff99e9b384559865da5526608b358 - - default default] 10.0.0.218 "GET /v2.0/security-groups?tenant_id=4bc59b2d12a14868979f674ecf7c57b0&name=default HTTP/1.1" status: 200 len: 3120 time: 0.0389936
2026-05-11 11:56:46.464 10 INFO neutron.wsgi [None req-3fedb8b2-22b9-40fc-89ea-c241af5006d7 f3f5f97eb76249029e44a4126801718c 6e9ff99e9b384559865da5526608b358 - - default default] 10.0.0.218 "DELETE /v2.0/security-groups/5306e72b-ce4b-4230-9c62-16fbb1a7f804 HTTP/1.1" status: 204 len: 168 time: 0.1891627
2026-05-11 11:56:46.479 9 INFO neutron.wsgi [req-f358c36d-6665-4bd2-bf67-5924d6eb093c req-4b773d79-6c70-40e6-bfda-7eb52c72a976 fcb5de3aa049461c98355b36ada36d28 c1003f4870764c9bbe8af087e237fa14 - - default default] 10.0.0.160 "GET /v2.0/ports?device_id=44135d8d-8da8-47de-ab8e-dc16a40aedd8 HTTP/1.1" status: 200 len: 1168 time: 0.0658538
2026-05-11 11:56:46.536 9 INFO neutron.wsgi [None req-e46e800c-cfc7-4328-a3ef-0a00ad3c09ca 1a2446aefc0a4ac7bba2a87fa97a8f41 6dbeb465191149b3a52a53f25145cc44 - - default default] 10.0.0.218 "DELETE /v2.0/floatingips/f9a92d55-1db9-4a84-a717-218c96e7b7db HTTP/1.1" status: 204 len: 168 time: 0.3598855
2026-05-11 11:56:46.539 9 INFO neutron.wsgi [req-f358c36d-6665-4bd2-bf67-5924d6eb093c req-d89a104c-3d4f-43f8-855e-54ffcc6b09bf fcb5de3aa049461c98355b36ada36d28 c1003f4870764c9bbe8af087e237fa14 - - default default] 10.0.0.160 "GET /v2.0/security-groups?id=67cf512d-ae4d-40b5-9d2b-fade8608b7ea&fields=id&fields=name HTTP/1.1" status: 200 len: 312 time: 0.0524936
2026-05-11 11:56:46.548 9 WARNING neutron_lib.context [None req-28fcffca-de7a-4004-bf63-1b562eebd876 1a2446aefc0a4ac7bba2a87fa97a8f41 6dbeb465191149b3a52a53f25145cc44 - - default default] Method 'is_advsvc' is deprecated since 2023.2 release (neutron-lib 3.8.0) and will be removed once support for the old RBAC API policies will be removed from Neutron. Please use method 'is_service_role' instead.
2026-05-11 11:56:46.793 9 WARNING neutron.scheduler.dhcp_agent_scheduler [None req-28fcffca-de7a-4004-bf63-1b562eebd876 1a2446aefc0a4ac7bba2a87fa97a8f41 6dbeb465191149b3a52a53f25145cc44 - - default default] No more DHCP agents
2026-05-11 11:56:46.796 9 WARNING neutron.api.rpc.agentnotifiers.dhcp_rpc_agent_api [None req-28fcffca-de7a-4004-bf63-1b562eebd876 1a2446aefc0a4ac7bba2a87fa97a8f41 6dbeb465191149b3a52a53f25145cc44 - - default default] Unable to schedule network 9ad427e5-221d-4e35-bd47-d79ef14f1049: no agents available; will retry on subsequent port and subnet creation events.
2026-05-11 11:56:47.538 9 INFO neutron.db.ovn_revision_numbers_db [None req-28fcffca-de7a-4004-bf63-1b562eebd876 1a2446aefc0a4ac7bba2a87fa97a8f41 6dbeb465191149b3a52a53f25145cc44 - - default default] Successfully bumped revision number for resource 79b4735c-f224-4327-aafb-5d795d2b0067 (type: floatingips) to -1 /var/lib/openstack/lib/python3.10/site-packages/pycadf/identifier.py:71: UserWarning: Invalid uuid: neutron. To ensure interoperability, identifiers should be a valid uuid. warnings.warn(('Invalid uuid: %s. To ensure interoperability, '
2026-05-11 11:56:47.635 10 INFO neutron.wsgi [req-9ead2746-1cc8-40d4-a259-4601f6d599e1 req-b0b835dc-035e-4934-8def-1d86d2562c5a fcb5de3aa049461c98355b36ada36d28 c1003f4870764c9bbe8af087e237fa14 - - default default] 10.0.0.160 "GET /v2.0/ports?device_id=44135d8d-8da8-47de-ab8e-dc16a40aedd8 HTTP/1.1" status: 200 len: 1168 time: 0.0378439
2026-05-11 11:56:47.661 9 INFO neutron.db.ovn_revision_numbers_db [None req-28fcffca-de7a-4004-bf63-1b562eebd876 1a2446aefc0a4ac7bba2a87fa97a8f41 6dbeb465191149b3a52a53f25145cc44 - - default default] Successfully bumped revision number for resource 79b4735c-f224-4327-aafb-5d795d2b0067 (type: floatingips) to 1
2026-05-11 11:56:47.661 9 INFO neutron.db.l3_db [None req-28fcffca-de7a-4004-bf63-1b562eebd876 1a2446aefc0a4ac7bba2a87fa97a8f41 6dbeb465191149b3a52a53f25145cc44 - - default default] Floating IP 79b4735c-f224-4327-aafb-5d795d2b0067 associated. External IP: 10.96.250.205, port: a5a7d56b-eef0-40bf-858e-05f0f9a0beed.
2026-05-11 11:56:47.728 9 INFO neutron.wsgi [None req-28fcffca-de7a-4004-bf63-1b562eebd876 1a2446aefc0a4ac7bba2a87fa97a8f41 6dbeb465191149b3a52a53f25145cc44 - - default default] 10.0.0.218 "POST /v2.0/floatingips HTTP/1.1" status: 201 len: 1040 time: 1.1851938
2026-05-11 11:56:47.781 9 INFO neutron.wsgi [None req-ef5cedf0-481e-4cfe-98b0-c5c528d25ef1 1a2446aefc0a4ac7bba2a87fa97a8f41 6dbeb465191149b3a52a53f25145cc44 - - default default] 10.0.0.218 "GET /v2.0/floatingips/79b4735c-f224-4327-aafb-5d795d2b0067 HTTP/1.1" status: 200 len: 1037 time: 0.0481312
2026-05-11 11:56:47.847 9 INFO neutron.wsgi [None req-9ad86486-12ca-4528-98c3-30042f67a474 1a2446aefc0a4ac7bba2a87fa97a8f41 6dbeb465191149b3a52a53f25145cc44 - - default default] 10.0.0.218 "GET /v2.0/floatingips HTTP/1.1" status: 200 len: 1040 time: 0.0595717
2026-05-11 11:56:47.901 10 INFO neutron.wsgi [req-9ead2746-1cc8-40d4-a259-4601f6d599e1 req-9186bca4-3ba1-4bc0-86c4-86810dd07c6f fcb5de3aa049461c98355b36ada36d28 c1003f4870764c9bbe8af087e237fa14 - - default default] 10.0.0.160 "GET /v2.0/security-groups?id=67cf512d-ae4d-40b5-9d2b-fade8608b7ea&fields=id&fields=name HTTP/1.1" status: 200 len: 312 time: 0.2624929
2026-05-11 11:56:48.362 9 WARNING neutron.plugins.ml2.drivers.ovn.mech_driver.ovsdb.ovn_client [None req-02fafce6-5186-4500-9df5-51c680abb6c7 - - - - - -] No hosting information found for port b393c20f-272c-401c-9c60-e071894b48c0: RuntimeError: No hosting information found for port b393c20f-272c-401c-9c60-e071894b48c0
2026-05-11 11:56:48.363 9 INFO neutron.plugins.ml2.drivers.ovn.mech_driver.mech_driver [None req-02fafce6-5186-4500-9df5-51c680abb6c7 - - - - - -] OVN reports status up for port: feff71ab-9d12-42ab-afaf-68e4a49ba3ce
2026-05-11 11:56:48.379 9 INFO neutron.plugins.ml2.plugin [None req-02fafce6-5186-4500-9df5-51c680abb6c7 - - - - - -] Attempt 1 to provision port feff71ab-9d12-42ab-afaf-68e4a49ba3ce
2026-05-11 11:56:48.817 9 INFO neutron.db.ovn_revision_numbers_db [None req-d5a320cd-f90a-4c48-9798-1d9c728ff400 1a2446aefc0a4ac7bba2a87fa97a8f41 6dbeb465191149b3a52a53f25145cc44 - - default default] Successfully bumped revision number for resource 79b4735c-f224-4327-aafb-5d795d2b0067 (type: floatingips) to 2
2026-05-11 11:56:49.017 9 INFO neutron.db.ovn_revision_numbers_db [None req-02fafce6-5186-4500-9df5-51c680abb6c7 - - - - - -] Successfully bumped revision number for resource feff71ab-9d12-42ab-afaf-68e4a49ba3ce (type: ports) to 2
2026-05-11 11:56:49.026 9 INFO neutron.db.ovn_revision_numbers_db [None req-d5a320cd-f90a-4c48-9798-1d9c728ff400 1a2446aefc0a4ac7bba2a87fa97a8f41 6dbeb465191149b3a52a53f25145cc44 - - default default] Successfully bumped revision number for resource 79b4735c-f224-4327-aafb-5d795d2b0067 (type: floatingips) to 2
2026-05-11 11:56:49.026 9 INFO neutron.db.l3_db [None req-d5a320cd-f90a-4c48-9798-1d9c728ff400 1a2446aefc0a4ac7bba2a87fa97a8f41 6dbeb465191149b3a52a53f25145cc44 - - default default] Floating IP 79b4735c-f224-4327-aafb-5d795d2b0067 associated. External IP: 10.96.250.205, port: a5a7d56b-eef0-40bf-858e-05f0f9a0beed.
2026-05-11 11:56:49.146 9 INFO neutron.wsgi [req-7089f6b8-fb78-4d64-84f4-a95e1260c787 req-3a51f29d-969d-4384-95c6-d64a80178708 fcb5de3aa049461c98355b36ada36d28 c1003f4870764c9bbe8af087e237fa14 - - default default] 10.0.0.160 "GET /v2.0/ports?device_id=44135d8d-8da8-47de-ab8e-dc16a40aedd8 HTTP/1.1" status: 200 len: 1168 time: 0.1717074
2026-05-11 11:56:49.169 9 INFO neutron.wsgi [None req-d5a320cd-f90a-4c48-9798-1d9c728ff400 1a2446aefc0a4ac7bba2a87fa97a8f41 6dbeb465191149b3a52a53f25145cc44 - - default default] 10.0.0.218 "PUT /v2.0/floatingips/79b4735c-f224-4327-aafb-5d795d2b0067 HTTP/1.1" status: 200 len: 1039 time: 1.3164432 /var/lib/openstack/lib/python3.10/site-packages/pycadf/identifier.py:71: UserWarning: Invalid uuid: neutron. To ensure interoperability, identifiers should be a valid uuid. warnings.warn(('Invalid uuid: %s. To ensure interoperability, '
2026-05-11 11:56:49.219 9 INFO neutron.wsgi [req-7089f6b8-fb78-4d64-84f4-a95e1260c787 req-2b71e8ab-b938-43fa-b477-2905e69eaf1a fcb5de3aa049461c98355b36ada36d28 c1003f4870764c9bbe8af087e237fa14 - - default default] 10.0.0.160 "GET /v2.0/security-groups?id=67cf512d-ae4d-40b5-9d2b-fade8608b7ea&fields=id&fields=name HTTP/1.1" status: 200 len: 312 time: 0.0646694
2026-05-11 11:56:49.239 9 INFO neutron.db.ovn_revision_numbers_db [None req-02fafce6-5186-4500-9df5-51c680abb6c7 - - - - - -] Successfully bumped revision number for resource feff71ab-9d12-42ab-afaf-68e4a49ba3ce (type: router_ports) to 2
2026-05-11 11:56:49.435 10 INFO neutron.db.ovn_revision_numbers_db [None req-efd19ed1-6fd8-44b2-ac82-900a628f7214 1a2446aefc0a4ac7bba2a87fa97a8f41 6dbeb465191149b3a52a53f25145cc44 - - default default] Successfully bumped revision number for resource 79b4735c-f224-4327-aafb-5d795d2b0067 (type: floatingips) to 3
2026-05-11 11:56:49.498 10 INFO neutron.db.l3_db [None req-efd19ed1-6fd8-44b2-ac82-900a628f7214 1a2446aefc0a4ac7bba2a87fa97a8f41 6dbeb465191149b3a52a53f25145cc44 - - default default] Floating IP 79b4735c-f224-4327-aafb-5d795d2b0067 disassociated. External IP: 10.96.250.205, port: cc492b34-9715-4940-addf-49e576ce9822.
2026-05-11 11:56:49.534 10 INFO neutron.wsgi [None req-efd19ed1-6fd8-44b2-ac82-900a628f7214 1a2446aefc0a4ac7bba2a87fa97a8f41 6dbeb465191149b3a52a53f25145cc44 - - default default] 10.0.0.218 "PUT /v2.0/floatingips/79b4735c-f224-4327-aafb-5d795d2b0067 HTTP/1.1" status: 200 len: 748 time: 0.3588414 /var/lib/openstack/lib/python3.10/site-packages/pycadf/identifier.py:71: UserWarning: Invalid uuid: neutron. To ensure interoperability, identifiers should be a valid uuid. warnings.warn(('Invalid uuid: %s. To ensure interoperability, '
2026-05-11 11:56:49.870 9 INFO neutron.wsgi [-] 10.0.0.242 "GET / HTTP/1.1" status: 200 len: 247 time: 0.0030355
2026-05-11 11:56:49.873 9 INFO neutron.wsgi [-] 10.0.0.242 "GET / HTTP/1.1" status: 200 len: 247 time: 0.0020568
2026-05-11 11:56:49.897 10 INFO neutron.wsgi [None req-e1eef8ee-4844-4205-9bd9-c3969029be05 1a2446aefc0a4ac7bba2a87fa97a8f41 6dbeb465191149b3a52a53f25145cc44 - - default default] 10.0.0.218 "DELETE /v2.0/floatingips/79b4735c-f224-4327-aafb-5d795d2b0067 HTTP/1.1" status: 204 len: 168 time: 0.3587468
2026-05-11 11:56:49.923 10 INFO neutron.api.v2.resource [None req-7cd455b9-fbbc-47d9-a3eb-705b2eda54b9 1a2446aefc0a4ac7bba2a87fa97a8f41 6dbeb465191149b3a52a53f25145cc44 - - default default] delete failed (client error): The resource could not be found.
2026-05-11 11:56:49.925 10 INFO neutron.wsgi [None req-7cd455b9-fbbc-47d9-a3eb-705b2eda54b9 1a2446aefc0a4ac7bba2a87fa97a8f41 6dbeb465191149b3a52a53f25145cc44 - - default default] 10.0.0.218 "DELETE /v2.0/floatingips/79b4735c-f224-4327-aafb-5d795d2b0067 HTTP/1.1" status: 404 len: 345 time: 0.0218561
2026-05-11 11:56:50.063 9 INFO neutron.db.ovn_revision_numbers_db [None req-614b78d8-6030-4aea-ba80-811711379786 f3f5f97eb76249029e44a4126801718c 6e9ff99e9b384559865da5526608b358 - - default default] Successfully bumped revision number for resource b23f0043-bccb-4a1d-8859-ee4f37515998 (type: security_groups) to 1
2026-05-11 11:56:50.078 9 INFO neutron.db.ovn_revision_numbers_db [None req-614b78d8-6030-4aea-ba80-811711379786 f3f5f97eb76249029e44a4126801718c 6e9ff99e9b384559865da5526608b358 - - default default] Successfully bumped revision number for resource 25df157e-2f8f-4652-9cab-dc2a71780c2d (type: security_group_rules) to 0
2026-05-11 11:56:50.100 9 INFO neutron.db.ovn_revision_numbers_db [None req-614b78d8-6030-4aea-ba80-811711379786 f3f5f97eb76249029e44a4126801718c 6e9ff99e9b384559865da5526608b358 - - default default] Successfully bumped revision number for resource 4f24f57f-ded9-46b0-8a60-d59e016571fe (type: security_group_rules) to 0
2026-05-11 11:56:50.115 9 INFO neutron.db.ovn_revision_numbers_db [None req-614b78d8-6030-4aea-ba80-811711379786 f3f5f97eb76249029e44a4126801718c 6e9ff99e9b384559865da5526608b358 - - default default] Successfully bumped revision number for resource 6c588135-accd-4ae5-b8bb-6ea0268f3c71 (type: security_group_rules) to 0
2026-05-11 11:56:50.129 9 INFO neutron.db.ovn_revision_numbers_db [None req-614b78d8-6030-4aea-ba80-811711379786 f3f5f97eb76249029e44a4126801718c 6e9ff99e9b384559865da5526608b358 - - default default] Successfully bumped revision number for resource 78aae8f5-2e94-44fc-a0c9-4a5841b09a8f (type: security_group_rules) to 0
2026-05-11 11:56:50.149 9 INFO neutron.wsgi [None req-614b78d8-6030-4aea-ba80-811711379786 f3f5f97eb76249029e44a4126801718c 6e9ff99e9b384559865da5526608b358 - - default default] 10.0.0.218 "GET /v2.0/security-groups?tenant_id=7a630bc1930944dba86404889d46604e&name=default HTTP/1.1" status: 200 len: 3120 time: 0.3639681
2026-05-11 11:56:50.373 9 INFO neutron.wsgi [None req-6eae15c3-057e-4a18-a1ba-7a79f6846b7c f3f5f97eb76249029e44a4126801718c 6e9ff99e9b384559865da5526608b358 - - default default] 10.0.0.218 "DELETE /v2.0/security-groups/b23f0043-bccb-4a1d-8859-ee4f37515998 HTTP/1.1" status: 204 len: 168 time: 0.2177687
2026-05-11 11:56:50.396 10 INFO neutron.wsgi [req-13612558-a29b-480a-9466-342801451464 req-0a470d06-4a39-4b2d-9031-70891b9fb152 fcb5de3aa049461c98355b36ada36d28 c1003f4870764c9bbe8af087e237fa14 - - default default] 10.0.0.160 "GET /v2.0/ports?device_id=44135d8d-8da8-47de-ab8e-dc16a40aedd8 HTTP/1.1" status: 200 len: 1168 time: 0.1206021
2026-05-11 11:56:50.400 10 INFO neutron.wsgi [None req-ee5b4779-8f52-4766-8f39-aa76f967049b 1a2446aefc0a4ac7bba2a87fa97a8f41 6dbeb465191149b3a52a53f25145cc44 - - default default] 10.0.0.218 "DELETE /v2.0/ports/cc492b34-9715-4940-addf-49e576ce9822 HTTP/1.1" status: 204 len: 168 time: 0.4687426
2026-05-11 11:56:50.459 10 INFO neutron.wsgi [req-13612558-a29b-480a-9466-342801451464 req-2c9287e2-03d8-46dc-a749-671d290a11f0 fcb5de3aa049461c98355b36ada36d28 c1003f4870764c9bbe8af087e237fa14 - - default default] 10.0.0.160 "GET /v2.0/security-groups?id=67cf512d-ae4d-40b5-9d2b-fade8608b7ea&fields=id&fields=name HTTP/1.1" status: 200 len: 312 time: 0.0556049
2026-05-11 11:56:50.708 9 INFO neutron.db.ovn_revision_numbers_db [None req-a73f0515-e0c5-4230-bd30-e5755bd359dd f3f5f97eb76249029e44a4126801718c 6e9ff99e9b384559865da5526608b358 - - default default] Successfully bumped revision number for resource ca036d9f-bf95-488c-bb08-d5313ac289ba (type: security_groups) to 1
2026-05-11 11:56:50.730 9 INFO neutron.db.ovn_revision_numbers_db [None req-a73f0515-e0c5-4230-bd30-e5755bd359dd f3f5f97eb76249029e44a4126801718c 6e9ff99e9b384559865da5526608b358 - - default default] Successfully bumped revision number for resource 0b7ddb83-036a-4b49-800e-b9968dfafd8f (type: security_group_rules) to 0
2026-05-11 11:56:50.750 9 INFO neutron.db.ovn_revision_numbers_db [None req-a73f0515-e0c5-4230-bd30-e5755bd359dd f3f5f97eb76249029e44a4126801718c 6e9ff99e9b384559865da5526608b358 - - default default] Successfully bumped revision number for resource 20c8f456-4428-4b06-af68-3a92cd8c085e (type: security_group_rules) to 0
2026-05-11 11:56:50.776 9 INFO neutron.db.ovn_revision_numbers_db [None req-a73f0515-e0c5-4230-bd30-e5755bd359dd f3f5f97eb76249029e44a4126801718c 6e9ff99e9b384559865da5526608b358 - - default default] Successfully bumped revision number for resource 6a8285fd-86e2-40eb-9e70-032101357eac (type: security_group_rules) to 0
2026-05-11 11:56:50.797 9 INFO neutron.db.ovn_revision_numbers_db [None req-a73f0515-e0c5-4230-bd30-e5755bd359dd f3f5f97eb76249029e44a4126801718c 6e9ff99e9b384559865da5526608b358 - - default default] Successfully bumped revision number for resource fa172496-908a-4ecc-8d90-76b78b2a758f (type: security_group_rules) to 0
2026-05-11 11:56:50.823 9 INFO neutron.wsgi [None req-a73f0515-e0c5-4230-bd30-e5755bd359dd f3f5f97eb76249029e44a4126801718c 6e9ff99e9b384559865da5526608b358 - - default default] 10.0.0.218 "GET /v2.0/security-groups?tenant_id=0938834a8ac64c4e8df0c7605a166903&name=default HTTP/1.1" status: 200 len: 3120 time: 0.2794480
2026-05-11 11:56:50.846 9 INFO neutron.wsgi [None req-76291949-4619-4a2b-af9d-676bea62f81d 1a2446aefc0a4ac7bba2a87fa97a8f41 6dbeb465191149b3a52a53f25145cc44 - - default default] 10.0.0.218 "DELETE /v2.0/ports/a5a7d56b-eef0-40bf-858e-05f0f9a0beed HTTP/1.1" status: 204 len: 168 time: 0.4383092
2026-05-11 11:56:50.886 9 INFO neutron.wsgi [None req-3de4026d-4c35-4d03-97aa-89aaf8e00726 1a2446aefc0a4ac7bba2a87fa97a8f41 6dbeb465191149b3a52a53f25145cc44 - - default default] 10.0.0.218 "GET /v2.0/ports?device_id=21974bec-3086-4fb7-9557-3754c5ed816e HTTP/1.1" status: 200 len: 1140 time: 0.0353177
2026-05-11 11:56:51.149 10 INFO neutron.wsgi [None req-dc59feff-b66e-4408-9d2b-3bdcff224af8 f3f5f97eb76249029e44a4126801718c 6e9ff99e9b384559865da5526608b358 - - default default] 10.0.0.218 "DELETE /v2.0/security-groups/ca036d9f-bf95-488c-bb08-d5313ac289ba HTTP/1.1" status: 204 len: 168 time: 0.3188918
2026-05-11 11:56:51.154 9 WARNING neutron_lib.context [None req-3f4ffcfd-c5e8-41fa-b8ec-f92c3a4116c0 f81bfc9005d94dc1b22eab88ce9eab97 d6044e1be4724ecda1a766606bb6cbc9 - - default default] Method 'is_advsvc' is deprecated since 2023.2 release (neutron-lib 3.8.0) and will be removed once support for the old RBAC API policies will be removed from Neutron. Please use method 'is_service_role' instead.
2026-05-11 11:56:51.438 9 WARNING neutron.scheduler.dhcp_agent_scheduler [None req-3f4ffcfd-c5e8-41fa-b8ec-f92c3a4116c0 f81bfc9005d94dc1b22eab88ce9eab97 d6044e1be4724ecda1a766606bb6cbc9 - - default default] No more DHCP agents
2026-05-11 11:56:51.439 9 WARNING neutron.api.rpc.agentnotifiers.dhcp_rpc_agent_api [None req-3f4ffcfd-c5e8-41fa-b8ec-f92c3a4116c0 f81bfc9005d94dc1b22eab88ce9eab97 d6044e1be4724ecda1a766606bb6cbc9 - - default default] Unable to schedule network 9ad427e5-221d-4e35-bd47-d79ef14f1049: no agents available; will retry on subsequent port and subnet creation events.
2026-05-11 11:56:51.561 9 INFO neutron.wsgi [req-7e3e23c5-b718-467f-8995-13efa7f75676 req-75cabf97-6be7-408c-b250-54f3c2d05555 fcb5de3aa049461c98355b36ada36d28 c1003f4870764c9bbe8af087e237fa14 - - default default] 10.0.0.160 "GET /v2.0/ports?device_id=44135d8d-8da8-47de-ab8e-dc16a40aedd8 HTTP/1.1" status: 200 len: 1168 time: 0.0440598
2026-05-11 11:56:51.618 9 INFO neutron.wsgi [req-7e3e23c5-b718-467f-8995-13efa7f75676 req-041181d9-c6e4-42b4-83bb-3fdeb2b5eeda fcb5de3aa049461c98355b36ada36d28 c1003f4870764c9bbe8af087e237fa14 - - default default] 10.0.0.160 "GET /v2.0/security-groups?id=67cf512d-ae4d-40b5-9d2b-fade8608b7ea&fields=id&fields=name HTTP/1.1" status: 200 len: 312 time: 0.0481052
2026-05-11 11:56:51.789 9 INFO neutron.wsgi [None req-3f4ffcfd-c5e8-41fa-b8ec-f92c3a4116c0 f81bfc9005d94dc1b22eab88ce9eab97 d6044e1be4724ecda1a766606bb6cbc9 - - default default] 10.0.0.218 "POST /v2.0/floatingips HTTP/1.1" status: 201 len: 751 time: 0.8068407
2026-05-11 11:56:51.801 10 WARNING neutron_lib.context [None req-7f632ba0-267e-4754-a869-1cd0f78a9a9b f81bfc9005d94dc1b22eab88ce9eab97 d6044e1be4724ecda1a766606bb6cbc9 - - default default] Method 'is_advsvc' is deprecated since 2023.2 release (neutron-lib 3.8.0) and will be removed once support for the old RBAC API policies will be removed from Neutron. Please use method 'is_service_role' instead.
2026-05-11 11:56:51.914 10 INFO neutron.wsgi [None req-adaf613e-d207-4b15-beb2-134d66c1755d 1a2446aefc0a4ac7bba2a87fa97a8f41 6dbeb465191149b3a52a53f25145cc44 - - default default] 10.0.0.218 "PUT /v2.0/routers/21974bec-3086-4fb7-9557-3754c5ed816e/remove_router_interface HTTP/1.1" status: 200 len: 503 time: 1.0218642
2026-05-11 11:56:52.084 10 WARNING neutron.scheduler.dhcp_agent_scheduler [None req-7f632ba0-267e-4754-a869-1cd0f78a9a9b f81bfc9005d94dc1b22eab88ce9eab97 d6044e1be4724ecda1a766606bb6cbc9 - - default default] No more DHCP agents
2026-05-11 11:56:52.086 10 WARNING neutron.api.rpc.agentnotifiers.dhcp_rpc_agent_api [None req-7f632ba0-267e-4754-a869-1cd0f78a9a9b f81bfc9005d94dc1b22eab88ce9eab97 d6044e1be4724ecda1a766606bb6cbc9 - - default default] Unable to schedule network 9ad427e5-221d-4e35-bd47-d79ef14f1049: no agents available; will retry on subsequent port and subnet creation events. /var/lib/openstack/lib/python3.10/site-packages/pycadf/identifier.py:71: UserWarning: Invalid uuid: neutron. To ensure interoperability, identifiers should be a valid uuid. warnings.warn(('Invalid uuid: %s. To ensure interoperability, '
2026-05-11 11:56:52.849 10 INFO neutron.wsgi [req-d9e3e053-17a7-46eb-b61c-28f154a78bfa req-75b02d40-f0d2-4c44-b0d5-8bff6aab7f37 fcb5de3aa049461c98355b36ada36d28 c1003f4870764c9bbe8af087e237fa14 - - default default] 10.0.0.160 "GET /v2.0/ports?device_id=44135d8d-8da8-47de-ab8e-dc16a40aedd8 HTTP/1.1" status: 200 len: 1168 time: 0.0563834
2026-05-11 11:56:52.936 10 INFO neutron.wsgi [req-d9e3e053-17a7-46eb-b61c-28f154a78bfa req-39e01907-6bea-407b-9beb-21bc160f70a3 fcb5de3aa049461c98355b36ada36d28 c1003f4870764c9bbe8af087e237fa14 - - default default] 10.0.0.160 "GET /v2.0/security-groups?id=67cf512d-ae4d-40b5-9d2b-fade8608b7ea&fields=id&fields=name HTTP/1.1" status: 200 len: 312 time: 0.0802109
2026-05-11 11:56:52.965 10 INFO neutron.wsgi [None req-7f632ba0-267e-4754-a869-1cd0f78a9a9b f81bfc9005d94dc1b22eab88ce9eab97 d6044e1be4724ecda1a766606bb6cbc9 - - default default] 10.0.0.218 "POST /v2.0/floatingips HTTP/1.1" status: 201 len: 751 time: 1.1692934
2026-05-11 11:56:52.976 10 WARNING neutron_lib.context [None req-dd323d48-a616-4ac6-ab03-302d680a3c58 f81bfc9005d94dc1b22eab88ce9eab97 d6044e1be4724ecda1a766606bb6cbc9 - - default default] Method 'is_advsvc' is deprecated since 2023.2 release (neutron-lib 3.8.0) and will be removed once support for the old RBAC API policies will be removed from Neutron. Please use method 'is_service_role' instead.
2026-05-11 11:56:53.017 9 INFO neutron.wsgi [None req-d5153a23-d943-4672-9e3a-a09e9ba09dd3 1a2446aefc0a4ac7bba2a87fa97a8f41 6dbeb465191149b3a52a53f25145cc44 - - default default] 10.0.0.218 "DELETE /v2.0/routers/21974bec-3086-4fb7-9557-3754c5ed816e HTTP/1.1" status: 204 len: 168 time: 1.0981748
2026-05-11 11:56:53.194 9 INFO neutron.wsgi [None req-b4747ae4-14ba-4968-b81e-763d793a68a6 1a2446aefc0a4ac7bba2a87fa97a8f41 6dbeb465191149b3a52a53f25145cc44 - - default default] 10.0.0.218 "DELETE /v2.0/subnets/9c5771d3-7661-447e-b51e-00c5d72bd42d HTTP/1.1" status: 204 len: 168 time: 0.1747704
2026-05-11 11:56:53.216 10 WARNING neutron.scheduler.dhcp_agent_scheduler [None req-dd323d48-a616-4ac6-ab03-302d680a3c58 f81bfc9005d94dc1b22eab88ce9eab97 d6044e1be4724ecda1a766606bb6cbc9 - - default default] No more DHCP agents
2026-05-11 11:56:53.217 10 WARNING neutron.api.rpc.agentnotifiers.dhcp_rpc_agent_api [None req-dd323d48-a616-4ac6-ab03-302d680a3c58 f81bfc9005d94dc1b22eab88ce9eab97 d6044e1be4724ecda1a766606bb6cbc9 - - default default] Unable to schedule network 9ad427e5-221d-4e35-bd47-d79ef14f1049: no agents available; will retry on subsequent port and subnet creation events.
2026-05-11 11:56:53.546 10 INFO neutron.wsgi [None req-dd323d48-a616-4ac6-ab03-302d680a3c58 f81bfc9005d94dc1b22eab88ce9eab97 d6044e1be4724ecda1a766606bb6cbc9 - - default default] 10.0.0.218 "POST /v2.0/floatingips HTTP/1.1" status: 201 len: 751 time: 0.5756400
2026-05-11 11:56:53.558 9 WARNING neutron_lib.context [None req-e41a23c7-da1f-48cf-aefc-a06660c21bef f81bfc9005d94dc1b22eab88ce9eab97 d6044e1be4724ecda1a766606bb6cbc9 - - default default] Method 'is_advsvc' is deprecated since 2023.2 release (neutron-lib 3.8.0) and will be removed once support for the old RBAC API policies will be removed from Neutron. Please use method 'is_service_role' instead.
2026-05-11 11:56:53.568 9 INFO neutron.services.segments.plugin [-] Segment 9f20281b-d6ea-40dc-800b-cd5668481a51 resource provider aggregate not found
2026-05-11 11:56:53.574 9 INFO neutron.services.segments.plugin [-] Segment 9f20281b-d6ea-40dc-800b-cd5668481a51 resource provider aggregate not found
2026-05-11 11:56:53.582 9 INFO neutron.services.segments.plugin [-] Segment 9f20281b-d6ea-40dc-800b-cd5668481a51 resource provider not found; error: Placement Client Error (4xx): {"errors": [{"status": 404, "title": "Not Found", "detail": "The resource could not be found.\n\n No resource provider with uuid 9f20281b-d6ea-40dc-800b-cd5668481a51 found for delete ", "request_id": "req-1886922c-bf78-43e3-8799-7697e5bc9712"}]}
2026-05-11 11:56:53.591 9 INFO neutron.services.segments.plugin [-] Segment 9f20281b-d6ea-40dc-800b-cd5668481a51 resource provider not found; error: Placement Client Error (4xx): {"errors": [{"status": 404, "title": "Not Found", "detail": "The resource could not be found.\n\n No resource provider with uuid 9f20281b-d6ea-40dc-800b-cd5668481a51 found for delete ", "request_id": "req-3aaf5cac-4e70-4019-b78b-7e3280e79b52"}]}
2026-05-11 11:56:53.606 9 INFO neutron.wsgi [None req-a732dcc7-b384-4e30-ac56-94d45363fb6d 1a2446aefc0a4ac7bba2a87fa97a8f41 6dbeb465191149b3a52a53f25145cc44 - - default default] 10.0.0.218 "DELETE /v2.0/networks/c5fca70a-5487-441e-9c2d-a408d4d76f52 HTTP/1.1" status: 204 len: 168 time: 0.4076519
2026-05-11 11:56:53.830 9 WARNING neutron.plugins.ml2.drivers.ovn.mech_driver.ovsdb.ovn_client [None req-02fafce6-5186-4500-9df5-51c680abb6c7 - - - - - -] No port found with ID feff71ab-9d12-42ab-afaf-68e4a49ba3ce: RuntimeError: No port found with ID feff71ab-9d12-42ab-afaf-68e4a49ba3ce
2026-05-11 11:56:53.830 9 INFO neutron.plugins.ml2.drivers.ovn.mech_driver.mech_driver [None req-02fafce6-5186-4500-9df5-51c680abb6c7 - - - - - -] OVN reports status up for port: b06782bf-9ac5-4885-84cb-419ddbd6e313
2026-05-11 11:56:53.853 9 INFO neutron.plugins.ml2.plugin [None req-02fafce6-5186-4500-9df5-51c680abb6c7 - - - - - -] Attempt 1 to provision port b06782bf-9ac5-4885-84cb-419ddbd6e313
2026-05-11 11:56:53.864 9 WARNING neutron.scheduler.dhcp_agent_scheduler [None req-e41a23c7-da1f-48cf-aefc-a06660c21bef f81bfc9005d94dc1b22eab88ce9eab97 d6044e1be4724ecda1a766606bb6cbc9 - - default default] No more DHCP agents
2026-05-11 11:56:53.867 9 WARNING neutron.api.rpc.agentnotifiers.dhcp_rpc_agent_api [None req-e41a23c7-da1f-48cf-aefc-a06660c21bef f81bfc9005d94dc1b22eab88ce9eab97 d6044e1be4724ecda1a766606bb6cbc9 - - default default] Unable to schedule network 9ad427e5-221d-4e35-bd47-d79ef14f1049: no agents available; will retry on subsequent port and subnet creation events.
2026-05-11 11:56:54.024 9 INFO neutron.notifiers.nova [-] Nova event matching ['req-b530e4fd-5ade-40bf-86a4-b83fc5520d3c'] response: {'server_uuid': '44135d8d-8da8-47de-ab8e-dc16a40aedd8', 'name': 'network-vif-plugged', 'status': 'completed', 'tag': 'b06782bf-9ac5-4885-84cb-419ddbd6e313', 'code': 200}
2026-05-11 11:56:54.078 9 INFO neutron.wsgi [req-11c4d477-1213-4ee4-b2a9-cac6729c1ca4 req-19f0694c-224a-4107-81a8-20b8637d3344 fcb5de3aa049461c98355b36ada36d28 c1003f4870764c9bbe8af087e237fa14 - - default default] 10.0.0.160 "GET /v2.0/ports?device_id=44135d8d-8da8-47de-ab8e-dc16a40aedd8 HTTP/1.1" status: 200 len: 1170 time: 0.0680006
2026-05-11 11:56:54.172 9 INFO neutron.wsgi [req-11c4d477-1213-4ee4-b2a9-cac6729c1ca4 req-1ba2620a-1fc0-42c1-94fb-d4ff15c06577 fcb5de3aa049461c98355b36ada36d28 c1003f4870764c9bbe8af087e237fa14 - - default default] 10.0.0.160 "GET /v2.0/security-groups?id=67cf512d-ae4d-40b5-9d2b-fade8608b7ea&fields=id&fields=name HTTP/1.1" status: 200 len: 312 time: 0.0794821
2026-05-11 11:56:54.364 9 INFO neutron.db.ovn_revision_numbers_db [None req-02fafce6-5186-4500-9df5-51c680abb6c7 - - - - - -] Successfully bumped revision number for resource b06782bf-9ac5-4885-84cb-419ddbd6e313 (type: ports) to 4
2026-05-11 11:56:54.435 9 INFO neutron.wsgi [None req-e41a23c7-da1f-48cf-aefc-a06660c21bef f81bfc9005d94dc1b22eab88ce9eab97 d6044e1be4724ecda1a766606bb6cbc9 - - default default] 10.0.0.218 "POST /v2.0/floatingips HTTP/1.1" status: 201 len: 751 time: 0.8820586 /var/lib/openstack/lib/python3.10/site-packages/pycadf/identifier.py:71: UserWarning: Invalid uuid: neutron. To ensure interoperability, identifiers should be a valid uuid. warnings.warn(('Invalid uuid: %s. To ensure interoperability, '
2026-05-11 11:56:54.454 9 WARNING neutron_lib.context [None req-caf1c309-60c9-42a5-96ec-b286f336581e f81bfc9005d94dc1b22eab88ce9eab97 d6044e1be4724ecda1a766606bb6cbc9 - - default default] Method 'is_advsvc' is deprecated since 2023.2 release (neutron-lib 3.8.0) and will be removed once support for the old RBAC API policies will be removed from Neutron. Please use method 'is_service_role' instead.
2026-05-11 11:56:54.483 10 INFO neutron.wsgi [None req-5b5a62b4-e993-4b7e-b708-2b47b10aa87c f3f5f97eb76249029e44a4126801718c 6e9ff99e9b384559865da5526608b358 - - default default] 10.0.0.218 "GET /v2.0/security-groups?tenant_id=6dbeb465191149b3a52a53f25145cc44&name=default HTTP/1.1" status: 200 len: 3120 time: 0.3265326
2026-05-11 11:56:54.726 9 WARNING neutron.scheduler.dhcp_agent_scheduler [None req-caf1c309-60c9-42a5-96ec-b286f336581e f81bfc9005d94dc1b22eab88ce9eab97 d6044e1be4724ecda1a766606bb6cbc9 - - default default] No more DHCP agents
2026-05-11 11:56:54.728 9 WARNING neutron.api.rpc.agentnotifiers.dhcp_rpc_agent_api [None req-caf1c309-60c9-42a5-96ec-b286f336581e f81bfc9005d94dc1b22eab88ce9eab97 d6044e1be4724ecda1a766606bb6cbc9 - - default default] Unable to schedule network 9ad427e5-221d-4e35-bd47-d79ef14f1049: no agents available; will retry on subsequent port and subnet creation events.
2026-05-11 11:56:54.752 9 INFO neutron.wsgi [None req-712f261c-806e-4336-834c-546bad760ae2 f3f5f97eb76249029e44a4126801718c 6e9ff99e9b384559865da5526608b358 - - default default] 10.0.0.218 "DELETE /v2.0/security-groups/06639eff-2f1b-482f-9d52-ba7ac1986042 HTTP/1.1" status: 204 len: 168 time: 0.2640042
2026-05-11 11:56:55.020 9 INFO neutron.wsgi [None req-caf1c309-60c9-42a5-96ec-b286f336581e f81bfc9005d94dc1b22eab88ce9eab97 d6044e1be4724ecda1a766606bb6cbc9 - - default default] 10.0.0.218 "POST /v2.0/floatingips HTTP/1.1" status: 201 len: 751 time: 0.5712316
2026-05-11 11:56:55.086 10 INFO neutron.wsgi [None req-39312ab9-3120-4bf1-af91-100f56488631 f81bfc9005d94dc1b22eab88ce9eab97 d6044e1be4724ecda1a766606bb6cbc9 - - default default] 10.0.0.218 "PUT /v2.0/floatingips/9902aa48-f469-462d-8d26-754241c36e71/tags HTTP/1.1" status: 200 len: 210 time: 0.0593817
2026-05-11 11:56:55.143 10 INFO neutron.db.ovn_revision_numbers_db [None req-4f827ad9-9269-4d19-8fe8-a731376b016b f3f5f97eb76249029e44a4126801718c 6e9ff99e9b384559865da5526608b358 - - default default] Successfully bumped revision number for resource 9256f350-a384-44d3-a8ff-b205c8928001 (type: security_groups) to 1
2026-05-11 11:56:55.147 9 INFO neutron.wsgi [None req-a6c5322d-b2e7-4f1a-bcda-641c5a48636e f81bfc9005d94dc1b22eab88ce9eab97 d6044e1be4724ecda1a766606bb6cbc9 - - default default] 10.0.0.218 "PUT /v2.0/floatingips/0fe156db-65a4-4660-bcc2-af2cc13842b2/tags HTTP/1.1" status: 200 len: 218 time: 0.0551968
2026-05-11 11:56:55.157 10 INFO neutron.db.ovn_revision_numbers_db [None req-4f827ad9-9269-4d19-8fe8-a731376b016b f3f5f97eb76249029e44a4126801718c 6e9ff99e9b384559865da5526608b358 - - default default] Successfully bumped revision number for resource 0b5541d0-6796-4994-b4ad-ef4234431390 (type: security_group_rules) to 0
2026-05-11 11:56:55.181 10 INFO neutron.db.ovn_revision_numbers_db [None req-4f827ad9-9269-4d19-8fe8-a731376b016b f3f5f97eb76249029e44a4126801718c 6e9ff99e9b384559865da5526608b358 - - default default] Successfully bumped revision number for resource 10ca3060-c288-498c-a439-69b10964e89f (type: security_group_rules) to 0
2026-05-11 11:56:55.196 10 INFO neutron.wsgi [None req-f180e009-f479-478b-b9ff-2119b7948f2f f81bfc9005d94dc1b22eab88ce9eab97 d6044e1be4724ecda1a766606bb6cbc9 - - default default] 10.0.0.218 "PUT /v2.0/floatingips/f13d5460-3b5d-44e3-9f4b-a60fd00a26ae/tags HTTP/1.1" status: 200 len: 227 time: 0.0429661
2026-05-11 11:56:55.197 10 INFO neutron.db.ovn_revision_numbers_db [None req-4f827ad9-9269-4d19-8fe8-a731376b016b f3f5f97eb76249029e44a4126801718c 6e9ff99e9b384559865da5526608b358 - - default default] Successfully bumped revision number for resource 57f6908f-4f40-45c6-bf20-ad70f7cc538d (type: security_group_rules) to 0
2026-05-11 11:56:55.212 10 INFO neutron.db.ovn_revision_numbers_db [None req-4f827ad9-9269-4d19-8fe8-a731376b016b f3f5f97eb76249029e44a4126801718c 6e9ff99e9b384559865da5526608b358 - - default default] Successfully bumped revision number for resource a8c3d1ca-d5bf-4e95-af60-864268a5f703 (type: security_group_rules) to 0
2026-05-11 11:56:55.234 10 INFO neutron.wsgi [None req-4f827ad9-9269-4d19-8fe8-a731376b016b f3f5f97eb76249029e44a4126801718c 6e9ff99e9b384559865da5526608b358 - - default default] 10.0.0.218 "GET /v2.0/security-groups?tenant_id=d63185f3ce1e40d283c6ee268cd53947&name=default HTTP/1.1" status: 200 len: 3120 time: 0.3719447
2026-05-11 11:56:55.253 9 INFO neutron.wsgi [None req-d01845d8-4351-4e9a-8182-ec06a9c01f8e f81bfc9005d94dc1b22eab88ce9eab97 d6044e1be4724ecda1a766606bb6cbc9 - - default default] 10.0.0.218 "PUT /v2.0/floatingips/22ce7293-bc60-443a-a4be-76eac4517687/tags HTTP/1.1" status: 200 len: 212 time: 0.0516870
