2026-05-11 11:59:29.764 10 INFO neutron.services.segments.plugin [-] Segment 09c5f6a1-3bba-46d9-81e6-747b4dd3f139 resource provider not found; error: Placement Client Error (4xx): {"errors": [{"status": 404, "title": "Not Found", "detail": "The resource could not be found.\n\n No resource provider with uuid 09c5f6a1-3bba-46d9-81e6-747b4dd3f139 found for delete ", "request_id": "req-40a05e72-8a04-4d0e-b19e-2f0f266a23d0"}]}
2026-05-11 11:59:29.771 10 INFO neutron.services.segments.plugin [-] Segment 09c5f6a1-3bba-46d9-81e6-747b4dd3f139 resource provider aggregate not found
2026-05-11 11:59:29.787 10 INFO neutron.services.segments.plugin [-] Segment 09c5f6a1-3bba-46d9-81e6-747b4dd3f139 resource provider not found; error: Placement Client Error (4xx): {"errors": [{"status": 404, "title": "Not Found", "detail": "The resource could not be found.\n\n No resource provider with uuid 09c5f6a1-3bba-46d9-81e6-747b4dd3f139 found for delete ", "request_id": "req-28e6f475-9f4d-4edb-8ad0-bae75ff8c3c8"}]}
2026-05-11 11:59:29.795 10 INFO neutron.services.segments.plugin [-] Segment 64a8878c-6b8e-4e91-865e-143ace68bb89 resource provider aggregate not found
2026-05-11 11:59:29.809 10 INFO neutron.services.segments.plugin [-] Segment 64a8878c-6b8e-4e91-865e-143ace68bb89 resource provider aggregate not found
2026-05-11 11:59:29.814 10 INFO neutron.services.segments.plugin [-] Segment 64a8878c-6b8e-4e91-865e-143ace68bb89 resource provider not found; error: Placement Client Error (4xx): {"errors": [{"status": 404, "title": "Not Found", "detail": "The resource could not be found.\n\n No resource provider with uuid 64a8878c-6b8e-4e91-865e-143ace68bb89 found for delete ", "request_id": "req-f9e88a8a-fee4-4a85-a0fa-61396a80f0ac"}]}
2026-05-11 11:59:29.830 10 INFO neutron.services.segments.plugin [-] Segment 64a8878c-6b8e-4e91-865e-143ace68bb89 resource provider not found; error: Placement Client Error (4xx): {"errors": [{"status": 404, "title": "Not Found", "detail": "The resource could not be found.\n\n No resource provider with uuid 64a8878c-6b8e-4e91-865e-143ace68bb89 found for delete ", "request_id": "req-e662a204-1f12-4303-825a-42bc6bf79361"}]}
2026-05-11 11:59:30.582 9 INFO neutron.db.ovn_revision_numbers_db [None req-5b6dfd2f-18b8-4a4c-b385-2966540a5ada f3f5f97eb76249029e44a4126801718c 6e9ff99e9b384559865da5526608b358 - - default default] Successfully bumped revision number for resource 26820755-cc60-4e5d-9c36-c72bcdead350 (type: security_groups) to 1
2026-05-11 11:59:30.604 9 INFO neutron.db.ovn_revision_numbers_db [None req-5b6dfd2f-18b8-4a4c-b385-2966540a5ada f3f5f97eb76249029e44a4126801718c 6e9ff99e9b384559865da5526608b358 - - default default] Successfully bumped revision number for resource 19ada96f-4f2f-4db6-8706-618e5d07d5ed (type: security_group_rules) to 0
2026-05-11 11:59:30.621 9 INFO neutron.db.ovn_revision_numbers_db [None req-5b6dfd2f-18b8-4a4c-b385-2966540a5ada f3f5f97eb76249029e44a4126801718c 6e9ff99e9b384559865da5526608b358 - - default default] Successfully bumped revision number for resource 83c722b9-cd76-4bde-a7ca-c81db47d101e (type: security_group_rules) to 0
2026-05-11 11:59:30.637 9 INFO neutron.db.ovn_revision_numbers_db [None req-5b6dfd2f-18b8-4a4c-b385-2966540a5ada f3f5f97eb76249029e44a4126801718c 6e9ff99e9b384559865da5526608b358 - - default default] Successfully bumped revision number for resource e530b0fd-10dc-4b24-80d3-15e5e99b401c (type: security_group_rules) to 0
2026-05-11 11:59:30.653 9 INFO neutron.db.ovn_revision_numbers_db [None req-5b6dfd2f-18b8-4a4c-b385-2966540a5ada f3f5f97eb76249029e44a4126801718c 6e9ff99e9b384559865da5526608b358 - - default default] Successfully bumped revision number for resource fc03722b-3a0a-4d72-abcc-6224f3ae6e50 (type: security_group_rules) to 0
2026-05-11 11:59:30.685 9 INFO neutron.wsgi [None req-5b6dfd2f-18b8-4a4c-b385-2966540a5ada f3f5f97eb76249029e44a4126801718c 6e9ff99e9b384559865da5526608b358 - - default default] 10.0.0.218 "GET /v2.0/security-groups?tenant_id=d44bbf80214e4b60b31f3f4be6ffe7f7&name=default HTTP/1.1" status: 200 len: 3124 time: 0.5343027
2026-05-11 11:59:30.723 9 INFO neutron.wsgi [None req-a1ffda24-3cc6-4061-9eaa-fde362785c8f f3f5f97eb76249029e44a4126801718c 6e9ff99e9b384559865da5526608b358 - - default default] 10.0.0.218 "GET /v2.0/security-groups?tenant_id=b78a9941f1e544019c9603cfee75b6ac&name=default HTTP/1.1" status: 200 len: 3124 time: 0.2057598
2026-05-11 11:59:30.932 10 INFO neutron.wsgi [None req-e191b90d-c2a4-4088-a563-6579e43ae3ea f3f5f97eb76249029e44a4126801718c 6e9ff99e9b384559865da5526608b358 - - default default] 10.0.0.218 "DELETE /v2.0/security-groups/26820755-cc60-4e5d-9c36-c72bcdead350 HTTP/1.1" status: 204 len: 168 time: 0.2396753
2026-05-11 11:59:30.970 9 INFO neutron.wsgi [None req-243a373a-a0ca-48b5-b7d5-404425c1ea5a f3f5f97eb76249029e44a4126801718c 6e9ff99e9b384559865da5526608b358 - - default default] 10.0.0.218 "DELETE /v2.0/security-groups/aea5dd1b-133e-48ff-af47-e77aecd60c5c HTTP/1.1" status: 204 len: 168 time: 0.2417288
2026-05-11 11:59:31.185 9 INFO neutron.db.ovn_revision_numbers_db [None req-971cf7c0-b5e2-4b74-b986-951a2e46fe3f f3f5f97eb76249029e44a4126801718c 6e9ff99e9b384559865da5526608b358 - - default default] Successfully bumped revision number for resource ee108c88-37ab-4cc7-88cf-63fb2232f6f8 (type: security_groups) to 1
2026-05-11 11:59:31.198 9 INFO neutron.db.ovn_revision_numbers_db [None req-971cf7c0-b5e2-4b74-b986-951a2e46fe3f f3f5f97eb76249029e44a4126801718c 6e9ff99e9b384559865da5526608b358 - - default default] Successfully bumped revision number for resource 03aeaffa-1dde-4559-8b59-f0a0b09e0c50 (type: security_group_rules) to 0
2026-05-11 11:59:31.215 9 INFO neutron.db.ovn_revision_numbers_db [None req-971cf7c0-b5e2-4b74-b986-951a2e46fe3f f3f5f97eb76249029e44a4126801718c 6e9ff99e9b384559865da5526608b358 - - default default] Successfully bumped revision number for resource 66bd40fb-234b-4db9-912d-1338da054c45 (type: security_group_rules) to 0
2026-05-11 11:59:31.224 10 INFO neutron.db.ovn_revision_numbers_db [None req-1efde438-70c3-4d84-b16c-f4c176381d2a f3f5f97eb76249029e44a4126801718c 6e9ff99e9b384559865da5526608b358 - - default default] Successfully bumped revision number for resource 9276cc4a-6ff7-40a2-bd5b-f67ddfcbc3fa (type: security_groups) to 1
2026-05-11 11:59:31.230 9 INFO neutron.db.ovn_revision_numbers_db [None req-971cf7c0-b5e2-4b74-b986-951a2e46fe3f f3f5f97eb76249029e44a4126801718c 6e9ff99e9b384559865da5526608b358 - - default default] Successfully bumped revision number for resource ab0d4760-dedb-4553-8a4e-e651920153de (type: security_group_rules) to 0
2026-05-11 11:59:31.239 10 INFO neutron.db.ovn_revision_numbers_db [None req-1efde438-70c3-4d84-b16c-f4c176381d2a f3f5f97eb76249029e44a4126801718c 6e9ff99e9b384559865da5526608b358 - - default default] Successfully bumped revision number for resource 0dd13388-b9d7-48e9-8748-34c21b415870 (type: security_group_rules) to 0
2026-05-11 11:59:31.244 9 INFO neutron.db.ovn_revision_numbers_db [None req-971cf7c0-b5e2-4b74-b986-951a2e46fe3f f3f5f97eb76249029e44a4126801718c 6e9ff99e9b384559865da5526608b358 - - default default] Successfully bumped revision number for resource e6268144-6f0a-4edb-8787-afaf41854132 (type: security_group_rules) to 0
2026-05-11 11:59:31.254 10 INFO neutron.db.ovn_revision_numbers_db [None req-1efde438-70c3-4d84-b16c-f4c176381d2a f3f5f97eb76249029e44a4126801718c 6e9ff99e9b384559865da5526608b358 - - default default] Successfully bumped revision number for resource 22fac799-53c0-4e31-bba7-96adad553772 (type: security_group_rules) to 0
2026-05-11 11:59:31.267 9 INFO neutron.wsgi [None req-971cf7c0-b5e2-4b74-b986-951a2e46fe3f f3f5f97eb76249029e44a4126801718c 6e9ff99e9b384559865da5526608b358 - - default default] 10.0.0.218 "GET /v2.0/security-groups?tenant_id=4186445899fa44169e385dab0f0d1af5&name=default HTTP/1.1" status: 200 len: 3124 time: 0.2282882
2026-05-11 11:59:31.267 10 INFO neutron.db.ovn_revision_numbers_db [None req-1efde438-70c3-4d84-b16c-f4c176381d2a f3f5f97eb76249029e44a4126801718c 6e9ff99e9b384559865da5526608b358 - - default default] Successfully bumped revision number for resource 8a2de1fd-163d-4129-a6b0-412f843b0d2b (type: security_group_rules) to 0
2026-05-11 11:59:31.282 10 INFO neutron.db.ovn_revision_numbers_db [None req-1efde438-70c3-4d84-b16c-f4c176381d2a f3f5f97eb76249029e44a4126801718c 6e9ff99e9b384559865da5526608b358 - - default default] Successfully bumped revision number for resource e9bb2611-3f72-45b3-9c71-33c82e53ce72 (type: security_group_rules) to 0
2026-05-11 11:59:31.305 10 INFO neutron.wsgi [None req-1efde438-70c3-4d84-b16c-f4c176381d2a f3f5f97eb76249029e44a4126801718c 6e9ff99e9b384559865da5526608b358 - - default default] 10.0.0.218 "GET /v2.0/security-groups?tenant_id=712abbf9384d4480be9ea1884d3072cb&name=default HTTP/1.1" status: 200 len: 3124 time: 0.2176447
2026-05-11 11:59:31.501 9 INFO neutron.wsgi [None req-1e9745c6-aa02-472b-b423-297b92aff76d f3f5f97eb76249029e44a4126801718c 6e9ff99e9b384559865da5526608b358 - - default default] 10.0.0.218 "DELETE /v2.0/security-groups/ee108c88-37ab-4cc7-88cf-63fb2232f6f8 HTTP/1.1" status: 204 len: 168 time: 0.2277381
2026-05-11 11:59:31.531 10 INFO neutron.wsgi [None req-f6d4eb8c-6e69-402a-8510-6995205691b1 f3f5f97eb76249029e44a4126801718c 6e9ff99e9b384559865da5526608b358 - - default default] 10.0.0.218 "DELETE /v2.0/security-groups/9276cc4a-6ff7-40a2-bd5b-f67ddfcbc3fa HTTP/1.1" status: 204 len: 168 time: 0.2203157
2026-05-11 11:59:31.701 9 INFO neutron.wsgi [None req-6bf21adc-1699-494c-9c4c-bcccd8450aef f3f5f97eb76249029e44a4126801718c 6e9ff99e9b384559865da5526608b358 - - default default] 10.0.0.218 "GET /v2.0/security-groups?tenant_id=b643ca26b08a42e7937e1f556b726fa4&name=default HTTP/1.1" status: 200 len: 3124 time: 0.0400739
2026-05-11 11:59:31.841 10 INFO neutron.db.ovn_revision_numbers_db [None req-a2560214-ae73-4122-b358-38b2afa13d4c f3f5f97eb76249029e44a4126801718c 6e9ff99e9b384559865da5526608b358 - - default default] Successfully bumped revision number for resource 4ca0b12a-c4a2-4ee8-a866-c482b8eeb3ed (type: security_groups) to 1
2026-05-11 11:59:31.861 10 INFO neutron.db.ovn_revision_numbers_db [None req-a2560214-ae73-4122-b358-38b2afa13d4c f3f5f97eb76249029e44a4126801718c 6e9ff99e9b384559865da5526608b358 - - default default] Successfully bumped revision number for resource 779d5209-a6b4-422e-ad48-ee585489ece3 (type: security_group_rules) to 0
2026-05-11 11:59:31.887 10 INFO neutron.db.ovn_revision_numbers_db [None req-a2560214-ae73-4122-b358-38b2afa13d4c f3f5f97eb76249029e44a4126801718c 6e9ff99e9b384559865da5526608b358 - - default default] Successfully bumped revision number for resource 7c2d29c9-f2fd-4918-bdc4-835c411ebc00 (type: security_group_rules) to 0
2026-05-11 11:59:31.909 10 INFO neutron.db.ovn_revision_numbers_db [None req-a2560214-ae73-4122-b358-38b2afa13d4c f3f5f97eb76249029e44a4126801718c 6e9ff99e9b384559865da5526608b358 - - default default] Successfully bumped revision number for resource 8158de97-0e95-4639-86ef-d3daf9e90bc7 (type: security_group_rules) to 0
2026-05-11 11:59:31.926 10 INFO neutron.db.ovn_revision_numbers_db [None req-a2560214-ae73-4122-b358-38b2afa13d4c f3f5f97eb76249029e44a4126801718c 6e9ff99e9b384559865da5526608b358 - - default default] Successfully bumped revision number for resource c4d63e11-b9d7-414d-8c01-79995007c9ec (type: security_group_rules) to 0
2026-05-11 11:59:31.955 10 INFO neutron.wsgi [None req-a2560214-ae73-4122-b358-38b2afa13d4c f3f5f97eb76249029e44a4126801718c 6e9ff99e9b384559865da5526608b358 - - default default] 10.0.0.218 "GET /v2.0/security-groups?tenant_id=c9f9efd4d9a947ce97373c56932be61f&name=default HTTP/1.1" status: 200 len: 3124 time: 0.2585130
2026-05-11 11:59:31.996 9 INFO neutron.wsgi [None req-5dcc8aca-42f8-49e0-a90b-880b96e4c2fe f3f5f97eb76249029e44a4126801718c 6e9ff99e9b384559865da5526608b358 - - default default] 10.0.0.218 "DELETE /v2.0/security-groups/7eee0950-b34a-4c2c-ae6f-23da6ef82b51 HTTP/1.1" status: 204 len: 168 time: 0.2906671
2026-05-11 11:59:32.322 9 INFO neutron.wsgi [None req-119dc5f1-790b-4a57-97dc-70ca8afd2547 f3f5f97eb76249029e44a4126801718c 6e9ff99e9b384559865da5526608b358 - - default default] 10.0.0.218 "DELETE /v2.0/security-groups/4ca0b12a-c4a2-4ee8-a866-c482b8eeb3ed HTTP/1.1" status: 204 len: 168 time: 0.3591905
2026-05-11 11:59:34.868 10 INFO neutron.wsgi [-] 10.0.0.242 "GET / HTTP/1.1" status: 200 len: 247 time: 0.0015273
2026-05-11 11:59:34.870 9 INFO neutron.wsgi [-] 10.0.0.242 "GET / HTTP/1.1" status: 200 len: 247 time: 0.0029759
2026-05-11 11:59:35.660 10 WARNING neutron_lib.context [None req-a8826d9b-871f-4793-a198-1fc5b27b9c4c a57d0208bb6943869615eb2299ea99fb 772df77922b8482db9faf9a8b2851fe6 - - default default] Method 'is_advsvc' is deprecated since 2023.2 release (neutron-lib 3.8.0) and will be removed once support for the old RBAC API policies will be removed from Neutron. Please use method 'is_service_role' instead.
2026-05-11 11:59:35.918 10 WARNING neutron.scheduler.dhcp_agent_scheduler [None req-a8826d9b-871f-4793-a198-1fc5b27b9c4c a57d0208bb6943869615eb2299ea99fb 772df77922b8482db9faf9a8b2851fe6 - - default default] No more DHCP agents
2026-05-11 11:59:35.921 10 WARNING neutron.api.rpc.agentnotifiers.dhcp_rpc_agent_api [None req-a8826d9b-871f-4793-a198-1fc5b27b9c4c a57d0208bb6943869615eb2299ea99fb 772df77922b8482db9faf9a8b2851fe6 - - default default] Unable to schedule network 9ad427e5-221d-4e35-bd47-d79ef14f1049: no agents available; will retry on subsequent port and subnet creation events.
2026-05-11 11:59:36.211 10 INFO neutron.wsgi [None req-a8826d9b-871f-4793-a198-1fc5b27b9c4c a57d0208bb6943869615eb2299ea99fb 772df77922b8482db9faf9a8b2851fe6 - - default default] 10.0.0.218 "POST /v2.0/floatingips HTTP/1.1" status: 201 len: 751 time: 0.7045302
2026-05-11 11:59:36.266 9 INFO neutron.wsgi [None req-00f33206-987d-4557-a1e2-774c1c9ed4a8 a57d0208bb6943869615eb2299ea99fb 772df77922b8482db9faf9a8b2851fe6 - - default default] 10.0.0.218 "PUT /v2.0/floatingips/e49ce79f-63c7-4a21-8bae-b6945ec05d9e/tags HTTP/1.1" status: 200 len: 218 time: 0.0486491
2026-05-11 11:59:36.312 10 INFO neutron.wsgi [None req-7c604a58-463c-4278-9b01-b26cffe73ce4 a57d0208bb6943869615eb2299ea99fb 772df77922b8482db9faf9a8b2851fe6 - - default default] 10.0.0.218 "GET /v2.0/floatingips/e49ce79f-63c7-4a21-8bae-b6945ec05d9e/tags HTTP/1.1" status: 200 len: 218 time: 0.0415180
2026-05-11 11:59:36.360 10 INFO neutron.wsgi [None req-613d8326-1f86-4f3c-8b30-b03212a1f5d9 a57d0208bb6943869615eb2299ea99fb 772df77922b8482db9faf9a8b2851fe6 - - default default] 10.0.0.218 "PUT /v2.0/floatingips/e49ce79f-63c7-4a21-8bae-b6945ec05d9e/tags/green HTTP/1.1" status: 201 len: 201 time: 0.0418787
2026-05-11 11:59:36.391 10 INFO neutron.wsgi [None req-51e5481c-338d-42fb-a798-8cbb5c5f8fc2 a57d0208bb6943869615eb2299ea99fb 772df77922b8482db9faf9a8b2851fe6 - - default default] 10.0.0.218 "GET /v2.0/floatingips/e49ce79f-63c7-4a21-8bae-b6945ec05d9e/tags HTTP/1.1" status: 200 len: 227 time: 0.0267622
2026-05-11 11:59:36.430 10 INFO neutron.wsgi [None req-6e578c99-9adb-4bf5-94f9-a3eb4af56df4 a57d0208bb6943869615eb2299ea99fb 772df77922b8482db9faf9a8b2851fe6 - - default default] 10.0.0.218 "PUT /v2.0/floatingips/e49ce79f-63c7-4a21-8bae-b6945ec05d9e/tags/red HTTP/1.1" status: 201 len: 201 time: 0.0342886
2026-05-11 11:59:36.465 10 INFO neutron.wsgi [None req-84008bc9-2bdb-4d0f-b827-437adcccf2d5 a57d0208bb6943869615eb2299ea99fb 772df77922b8482db9faf9a8b2851fe6 - - default default] 10.0.0.218 "GET /v2.0/floatingips/e49ce79f-63c7-4a21-8bae-b6945ec05d9e/tags HTTP/1.1" status: 200 len: 227 time: 0.0302289
2026-05-11 11:59:36.514 10 INFO neutron.wsgi [None req-67c2b262-2b1e-4eeb-86d9-9f8781db53f4 a57d0208bb6943869615eb2299ea99fb 772df77922b8482db9faf9a8b2851fe6 - - default default] 10.0.0.218 "PUT /v2.0/floatingips/e49ce79f-63c7-4a21-8bae-b6945ec05d9e/tags/black.or.white HTTP/1.1" status: 201 len: 201 time: 0.0448966
2026-05-11 11:59:36.549 10 INFO neutron.wsgi [None req-70acd9e0-3dfd-4530-9efb-99090acfe17d a57d0208bb6943869615eb2299ea99fb 772df77922b8482db9faf9a8b2851fe6 - - default default] 10.0.0.218 "GET /v2.0/floatingips/e49ce79f-63c7-4a21-8bae-b6945ec05d9e/tags HTTP/1.1" status: 200 len: 245 time: 0.0304930
2026-05-11 11:59:36.595 10 INFO neutron.wsgi [None req-d7990c41-205f-4b36-8aec-c39fd5783cb3 a57d0208bb6943869615eb2299ea99fb 772df77922b8482db9faf9a8b2851fe6 - - default default] 10.0.0.218 "PUT /v2.0/floatingips/e49ce79f-63c7-4a21-8bae-b6945ec05d9e/tags HTTP/1.1" status: 200 len: 230 time: 0.0407383
2026-05-11 11:59:36.638 10 INFO neutron.wsgi [None req-62912a16-10da-472d-9d80-d5bfced39348 a57d0208bb6943869615eb2299ea99fb 772df77922b8482db9faf9a8b2851fe6 - - default default] 10.0.0.218 "GET /v2.0/floatingips/e49ce79f-63c7-4a21-8bae-b6945ec05d9e/tags HTTP/1.1" status: 200 len: 230 time: 0.0367320
2026-05-11 11:59:36.686 9 INFO neutron.wsgi [None req-accaa062-c764-4ef4-ad79-5c32705f6d78 a57d0208bb6943869615eb2299ea99fb 772df77922b8482db9faf9a8b2851fe6 - - default default] 10.0.0.218 "GET /v2.0/floatingips/e49ce79f-63c7-4a21-8bae-b6945ec05d9e/tags/red HTTP/1.1" status: 204 len: 168 time: 0.0448101
2026-05-11 11:59:36.726 10 INFO neutron.api.v2.resource [None req-4bb948ff-627b-4c2c-bd48-f8e5d4f92fc5 a57d0208bb6943869615eb2299ea99fb 772df77922b8482db9faf9a8b2851fe6 - - default default] show failed (client error): The resource could not be found.
2026-05-11 11:59:36.727 10 INFO neutron.wsgi [None req-4bb948ff-627b-4c2c-bd48-f8e5d4f92fc5 a57d0208bb6943869615eb2299ea99fb 772df77922b8482db9faf9a8b2851fe6 - - default default] 10.0.0.218 "GET /v2.0/floatingips/e49ce79f-63c7-4a21-8bae-b6945ec05d9e/tags/green HTTP/1.1" status: 404 len: 299 time: 0.0367782
2026-05-11 11:59:36.780 9 WARNING neutron_lib.context [None req-00c7bc60-5bf4-44a1-a4ad-ac3fc14d938e 3207b88ed80a4a5392b20c08420c1278 825d67e9b31e428c85ea8ee926b146a4 - - default default] Method 'is_advsvc' is deprecated since 2023.2 release (neutron-lib 3.8.0) and will be removed once support for the old RBAC API policies will be removed from Neutron. Please use method 'is_service_role' instead.
2026-05-11 11:59:36.783 10 INFO neutron.wsgi [None req-ebc7a7f2-5b65-4c75-93e2-7c9177c7b323 a57d0208bb6943869615eb2299ea99fb 772df77922b8482db9faf9a8b2851fe6 - - default default] 10.0.0.218 "DELETE /v2.0/floatingips/e49ce79f-63c7-4a21-8bae-b6945ec05d9e/tags/red HTTP/1.1" status: 204 len: 168 time: 0.0510752
2026-05-11 11:59:36.813 10 INFO neutron.wsgi [None req-e0ffb750-635b-4eca-b84a-b65db02a687c a57d0208bb6943869615eb2299ea99fb 772df77922b8482db9faf9a8b2851fe6 - - default default] 10.0.0.218 "GET /v2.0/floatingips/e49ce79f-63c7-4a21-8bae-b6945ec05d9e/tags HTTP/1.1" status: 200 len: 223 time: 0.0250843
2026-05-11 11:59:36.853 10 INFO neutron.api.v2.resource [None req-4c959a6d-19ba-40e4-8700-9d8c0d54c75f a57d0208bb6943869615eb2299ea99fb 772df77922b8482db9faf9a8b2851fe6 - - default default] delete failed (client error): The resource could not be found.
2026-05-11 11:59:36.854 10 INFO neutron.wsgi [None req-4c959a6d-19ba-40e4-8700-9d8c0d54c75f a57d0208bb6943869615eb2299ea99fb 772df77922b8482db9faf9a8b2851fe6 - - default default] 10.0.0.218 "DELETE /v2.0/floatingips/e49ce79f-63c7-4a21-8bae-b6945ec05d9e/tags/green HTTP/1.1" status: 404 len: 299 time: 0.0369055
2026-05-11 11:59:36.913 10 INFO neutron.wsgi [None req-bfb0920c-6f4e-42cb-95c9-d557f7efa4ee a57d0208bb6943869615eb2299ea99fb 772df77922b8482db9faf9a8b2851fe6 - - default default] 10.0.0.218 "DELETE /v2.0/floatingips/e49ce79f-63c7-4a21-8bae-b6945ec05d9e/tags HTTP/1.1" status: 204 len: 168 time: 0.0545547
2026-05-11 11:59:36.944 10 INFO neutron.wsgi [None req-31cae794-5fcb-43db-910b-543e26dd03c7 a57d0208bb6943869615eb2299ea99fb 772df77922b8482db9faf9a8b2851fe6 - - default default] 10.0.0.218 "GET /v2.0/floatingips/e49ce79f-63c7-4a21-8bae-b6945ec05d9e/tags HTTP/1.1" status: 200 len: 205 time: 0.0248628
2026-05-11 11:59:37.144 9 INFO neutron.db.ovn_revision_numbers_db [None req-00c7bc60-5bf4-44a1-a4ad-ac3fc14d938e 3207b88ed80a4a5392b20c08420c1278 825d67e9b31e428c85ea8ee926b146a4 - - default default] Successfully bumped revision number for resource 51430573-e64f-406e-b3ba-c1a8ec94c656 (type: routers) to 1
2026-05-11 11:59:37.161 9 INFO neutron.wsgi [None req-00c7bc60-5bf4-44a1-a4ad-ac3fc14d938e 3207b88ed80a4a5392b20c08420c1278 825d67e9b31e428c85ea8ee926b146a4 - - default default] 10.0.0.218 "POST /v2.0/routers HTTP/1.1" status: 201 len: 769 time: 0.5274003
2026-05-11 11:59:37.171 10 WARNING neutron_lib.context [None req-d818a8c9-053b-4b54-a5f7-6147d328df06 3207b88ed80a4a5392b20c08420c1278 825d67e9b31e428c85ea8ee926b146a4 - - default default] Method 'is_advsvc' is deprecated since 2023.2 release (neutron-lib 3.8.0) and will be removed once support for the old RBAC API policies will be removed from Neutron. Please use method 'is_service_role' instead.
2026-05-11 11:59:37.322 10 INFO neutron.wsgi [None req-d388156d-ea2e-4324-bf4d-2393c43a1b3b a57d0208bb6943869615eb2299ea99fb 772df77922b8482db9faf9a8b2851fe6 - - default default] 10.0.0.218 "DELETE /v2.0/floatingips/e49ce79f-63c7-4a21-8bae-b6945ec05d9e HTTP/1.1" status: 204 len: 168 time: 0.3694158
2026-05-11 11:59:37.323 10 INFO neutron.db.ovn_revision_numbers_db [None req-d818a8c9-053b-4b54-a5f7-6147d328df06 3207b88ed80a4a5392b20c08420c1278 825d67e9b31e428c85ea8ee926b146a4 - - default default] Successfully bumped revision number for resource d046bbb7-7e40-4ad8-9b9f-a70dc48276e1 (type: routers) to 1
2026-05-11 11:59:37.336 10 INFO neutron.wsgi [None req-d818a8c9-053b-4b54-a5f7-6147d328df06 3207b88ed80a4a5392b20c08420c1278 825d67e9b31e428c85ea8ee926b146a4 - - default default] 10.0.0.218 "POST /v2.0/routers HTTP/1.1" status: 201 len: 769 time: 0.1696806
2026-05-11 11:59:37.344 10 WARNING neutron_lib.context [None req-013e8862-ce3a-46bb-b3f4-96afad0c0388 3207b88ed80a4a5392b20c08420c1278 825d67e9b31e428c85ea8ee926b146a4 - - default default] Method 'is_advsvc' is deprecated since 2023.2 release (neutron-lib 3.8.0) and will be removed once support for the old RBAC API policies will be removed from Neutron. Please use method 'is_service_role' instead.
2026-05-11 11:59:37.466 10 INFO neutron.db.ovn_revision_numbers_db [None req-013e8862-ce3a-46bb-b3f4-96afad0c0388 3207b88ed80a4a5392b20c08420c1278 825d67e9b31e428c85ea8ee926b146a4 - - default default] Successfully bumped revision number for resource 24d0f763-2347-4dea-9660-0394ac1af8d5 (type: routers) to 1
2026-05-11 11:59:37.488 10 INFO neutron.wsgi [None req-013e8862-ce3a-46bb-b3f4-96afad0c0388 3207b88ed80a4a5392b20c08420c1278 825d67e9b31e428c85ea8ee926b146a4 - - default default] 10.0.0.218 "POST /v2.0/routers HTTP/1.1" status: 201 len: 769 time: 0.1475053
2026-05-11 11:59:37.497 10 WARNING neutron_lib.context [None req-924e0f6c-178d-4002-8f7e-dcdcd64a2793 3207b88ed80a4a5392b20c08420c1278 825d67e9b31e428c85ea8ee926b146a4 - - default default] Method 'is_advsvc' is deprecated since 2023.2 release (neutron-lib 3.8.0) and will be removed once support for the old RBAC API policies will be removed from Neutron. Please use method 'is_service_role' instead.
2026-05-11 11:59:37.885 10 INFO neutron.db.ovn_revision_numbers_db [None req-924e0f6c-178d-4002-8f7e-dcdcd64a2793 3207b88ed80a4a5392b20c08420c1278 825d67e9b31e428c85ea8ee926b146a4 - - default default] Successfully bumped revision number for resource 9962b496-33fb-4937-a88d-1e864d859bb7 (type: routers) to 1
2026-05-11 11:59:37.905 10 INFO neutron.wsgi [None req-924e0f6c-178d-4002-8f7e-dcdcd64a2793 3207b88ed80a4a5392b20c08420c1278 825d67e9b31e428c85ea8ee926b146a4 - - default default] 10.0.0.218 "POST /v2.0/routers HTTP/1.1" status: 201 len: 769 time: 0.4130912
2026-05-11 11:59:37.928 10 WARNING neutron_lib.context [None req-4714fa23-b40a-47a7-8877-e045e8e15b3f 3207b88ed80a4a5392b20c08420c1278 825d67e9b31e428c85ea8ee926b146a4 - - default default] Method 'is_advsvc' is deprecated since 2023.2 release (neutron-lib 3.8.0) and will be removed once support for the old RBAC API policies will be removed from Neutron. Please use method 'is_service_role' instead.
2026-05-11 11:59:38.062 10 INFO neutron.db.ovn_revision_numbers_db [None req-4714fa23-b40a-47a7-8877-e045e8e15b3f 3207b88ed80a4a5392b20c08420c1278 825d67e9b31e428c85ea8ee926b146a4 - - default default] Successfully bumped revision number for resource 4c4cff2e-c2be-407b-9cf2-5aa762a23c2c (type: routers) to 1
2026-05-11 11:59:38.077 10 INFO neutron.wsgi [None req-4714fa23-b40a-47a7-8877-e045e8e15b3f 3207b88ed80a4a5392b20c08420c1278 825d67e9b31e428c85ea8ee926b146a4 - - default default] 10.0.0.218 "POST /v2.0/routers HTTP/1.1" status: 201 len: 769 time: 0.1581230
2026-05-11 11:59:38.189 10 INFO neutron.wsgi [None req-f236feee-3cc4-493b-9e61-02511f57d64e 3207b88ed80a4a5392b20c08420c1278 825d67e9b31e428c85ea8ee926b146a4 - - default default] 10.0.0.218 "PUT /v2.0/routers/51430573-e64f-406e-b3ba-c1a8ec94c656/tags HTTP/1.1" status: 200 len: 210 time: 0.1023839
2026-05-11 11:59:38.211 9 INFO neutron.db.ovn_revision_numbers_db [None req-92216e06-0e8e-419e-86c4-1da97de1ab57 f3f5f97eb76249029e44a4126801718c 6e9ff99e9b384559865da5526608b358 - - default default] Successfully bumped revision number for resource 0a434005-455c-418b-9b65-3da101bbfc21 (type: security_groups) to 1
2026-05-11 11:59:38.234 9 INFO neutron.db.ovn_revision_numbers_db [None req-92216e06-0e8e-419e-86c4-1da97de1ab57 f3f5f97eb76249029e44a4126801718c 6e9ff99e9b384559865da5526608b358 - - default default] Successfully bumped revision number for resource 6f1a1aa1-7f8b-46ce-9562-1f29fc1bbeb3 (type: security_group_rules) to 0
2026-05-11 11:59:38.250 9 INFO neutron.db.ovn_revision_numbers_db [None req-92216e06-0e8e-419e-86c4-1da97de1ab57 f3f5f97eb76249029e44a4126801718c 6e9ff99e9b384559865da5526608b358 - - default default] Successfully bumped revision number for resource 9b1ea05c-750d-4a5f-b10f-06cb1b73bf14 (type: security_group_rules) to 0
2026-05-11 11:59:38.261 10 INFO neutron.wsgi [None req-a4f472a4-7a5b-4ebc-b23c-05c7afb5c4b9 3207b88ed80a4a5392b20c08420c1278 825d67e9b31e428c85ea8ee926b146a4 - - default default] 10.0.0.218 "PUT /v2.0/routers/d046bbb7-7e40-4ad8-9b9f-a70dc48276e1/tags HTTP/1.1" status: 200 len: 218 time: 0.0660927
2026-05-11 11:59:38.265 9 INFO neutron.db.ovn_revision_numbers_db [None req-92216e06-0e8e-419e-86c4-1da97de1ab57 f3f5f97eb76249029e44a4126801718c 6e9ff99e9b384559865da5526608b358 - - default default] Successfully bumped revision number for resource ad87c27a-6d7f-498a-b7c0-b7c0fe4e5bdd (type: security_group_rules) to 0
2026-05-11 11:59:38.279 9 INFO neutron.db.ovn_revision_numbers_db [None req-92216e06-0e8e-419e-86c4-1da97de1ab57 f3f5f97eb76249029e44a4126801718c 6e9ff99e9b384559865da5526608b358 - - default default] Successfully bumped revision number for resource db6a56fc-bc53-41b9-bbd8-72bbe28d22ca (type: security_group_rules) to 0
2026-05-11 11:59:38.318 9 INFO neutron.wsgi [None req-92216e06-0e8e-419e-86c4-1da97de1ab57 f3f5f97eb76249029e44a4126801718c 6e9ff99e9b384559865da5526608b358 - - default default] 10.0.0.218 "GET /v2.0/security-groups?tenant_id=772df77922b8482db9faf9a8b2851fe6&name=default HTTP/1.1" status: 200 len: 3124 time: 0.3312936
2026-05-11 11:59:38.344 10 INFO neutron.wsgi [None req-7ee0a079-bf78-4080-b51a-e5c5694b887e 3207b88ed80a4a5392b20c08420c1278 825d67e9b31e428c85ea8ee926b146a4 - - default default] 10.0.0.218 "PUT /v2.0/routers/24d0f763-2347-4dea-9660-0394ac1af8d5/tags HTTP/1.1" status: 200 len: 227 time: 0.0781567
2026-05-11 11:59:38.425 10 INFO neutron.wsgi [None req-ba600f9c-fc6a-44e4-a7b0-50ec59204d38 3207b88ed80a4a5392b20c08420c1278 825d67e9b31e428c85ea8ee926b146a4 - - default default] 10.0.0.218 "PUT /v2.0/routers/9962b496-33fb-4937-a88d-1e864d859bb7/tags HTTP/1.1" status: 200 len: 212 time: 0.0745616
2026-05-11 11:59:38.513 9 INFO neutron.wsgi [None req-8ea156a7-20ef-44cc-804f-a54c2e26c706 3207b88ed80a4a5392b20c08420c1278 825d67e9b31e428c85ea8ee926b146a4 - - default default] 10.0.0.218 "GET /v2.0/routers?tags=red HTTP/1.1" status: 200 len: 1946 time: 0.0817790
2026-05-11 11:59:38.599 10 INFO neutron.wsgi [None req-a7081989-75a5-469c-a03d-5e0b05fb4d1f f3f5f97eb76249029e44a4126801718c 6e9ff99e9b384559865da5526608b358 - - default default] 10.0.0.218 "DELETE /v2.0/security-groups/0a434005-455c-418b-9b65-3da101bbfc21 HTTP/1.1" status: 204 len: 168 time: 0.2757785
2026-05-11 11:59:38.603 9 INFO neutron.wsgi [None req-1a4db848-5e52-4629-889a-b893758decff 3207b88ed80a4a5392b20c08420c1278 825d67e9b31e428c85ea8ee926b146a4 - - default default] 10.0.0.218 "GET /v2.0/routers?tags=red%2Cblue HTTP/1.1" status: 200 len: 1375 time: 0.0857620
2026-05-11 11:59:38.687 9 INFO neutron.wsgi [None req-7a103d84-f9e5-48aa-8a2f-566560c9b083 3207b88ed80a4a5392b20c08420c1278 825d67e9b31e428c85ea8ee926b146a4 - - default default] 10.0.0.218 "GET /v2.0/routers?tags-any=blue HTTP/1.1" status: 200 len: 1375 time: 0.0790622
2026-05-11 11:59:38.761 9 INFO neutron.wsgi [None req-e0608fbc-b369-4313-b00c-d3ed3f096442 3207b88ed80a4a5392b20c08420c1278 825d67e9b31e428c85ea8ee926b146a4 - - default default] 10.0.0.218 "GET /v2.0/routers?tags-any=red%2Cblue HTTP/1.1" status: 200 len: 1946 time: 0.0686111
2026-05-11 11:59:38.835 10 INFO neutron.db.ovn_revision_numbers_db [None req-4c8a631e-a0fc-4da3-99fb-ed4c8f18e35f f3f5f97eb76249029e44a4126801718c 6e9ff99e9b384559865da5526608b358 - - default default] Successfully bumped revision number for resource 6cf624bf-320a-48f2-b41e-b59d4c4127fe (type: security_groups) to 1
2026-05-11 11:59:38.848 10 INFO neutron.db.ovn_revision_numbers_db [None req-4c8a631e-a0fc-4da3-99fb-ed4c8f18e35f f3f5f97eb76249029e44a4126801718c 6e9ff99e9b384559865da5526608b358 - - default default] Successfully bumped revision number for resource 80409a2c-beea-4b52-9896-8802451e3d2c (type: security_group_rules) to 0
2026-05-11 11:59:38.854 9 INFO neutron.wsgi [None req-54fd99c3-062e-4d0c-8244-de381ac0b713 3207b88ed80a4a5392b20c08420c1278 825d67e9b31e428c85ea8ee926b146a4 - - default default] 10.0.0.218 "GET /v2.0/routers?not-tags=red HTTP/1.1" status: 200 len: 1347 time: 0.0869069
2026-05-11 11:59:38.861 10 INFO neutron.db.ovn_revision_numbers_db [None req-4c8a631e-a0fc-4da3-99fb-ed4c8f18e35f f3f5f97eb76249029e44a4126801718c 6e9ff99e9b384559865da5526608b358 - - default default] Successfully bumped revision number for resource 9ff81bcc-2ff6-4ccd-8d88-1805670c7877 (type: security_group_rules) to 0
2026-05-11 11:59:38.876 10 INFO neutron.db.ovn_revision_numbers_db [None req-4c8a631e-a0fc-4da3-99fb-ed4c8f18e35f f3f5f97eb76249029e44a4126801718c 6e9ff99e9b384559865da5526608b358 - - default default] Successfully bumped revision number for resource b0281be5-9501-4d84-9409-0664e45b98cb (type: security_group_rules) to 0
2026-05-11 11:59:38.889 10 INFO neutron.db.ovn_revision_numbers_db [None req-4c8a631e-a0fc-4da3-99fb-ed4c8f18e35f f3f5f97eb76249029e44a4126801718c 6e9ff99e9b384559865da5526608b358 - - default default] Successfully bumped revision number for resource c9d85c42-5f6d-4589-accb-e6516b1f2e04 (type: security_group_rules) to 0
2026-05-11 11:59:38.914 10 INFO neutron.wsgi [None req-4c8a631e-a0fc-4da3-99fb-ed4c8f18e35f f3f5f97eb76249029e44a4126801718c 6e9ff99e9b384559865da5526608b358 - - default default] 10.0.0.218 "GET /v2.0/security-groups?tenant_id=c19e38622d41490c9ad09cf26896d244&name=default HTTP/1.1" status: 200 len: 3124 time: 0.2105963
2026-05-11 11:59:38.953 9 INFO neutron.wsgi [None req-b466b0ac-c39c-488f-875b-88bdecd51241 3207b88ed80a4a5392b20c08420c1278 825d67e9b31e428c85ea8ee926b146a4 - - default default] 10.0.0.218 "GET /v2.0/routers?not-tags=red%2Cblue HTTP/1.1" status: 200 len: 1918 time: 0.0933821
2026-05-11 11:59:39.035 10 INFO neutron.wsgi [None req-60e95535-ba67-41b2-83ea-37317c6dceb9 3207b88ed80a4a5392b20c08420c1278 825d67e9b31e428c85ea8ee926b146a4 - - default default] 10.0.0.218 "GET /v2.0/routers?not-tags-any=blue HTTP/1.1" status: 200 len: 1918 time: 0.0761104
2026-05-11 11:59:39.133 9 INFO neutron.wsgi [None req-7017a7fe-0283-4fb0-b066-d2e4548cb6fa 3207b88ed80a4a5392b20c08420c1278 825d67e9b31e428c85ea8ee926b146a4 - - default default] 10.0.0.218 "GET /v2.0/routers?not-tags-any=red%2Cblue HTTP/1.1" status: 200 len: 1347 time: 0.0916140
2026-05-11 11:59:39.197 9 INFO neutron.wsgi [None req-84f88a8f-2fb6-497b-91a5-115b1eea39fb 3207b88ed80a4a5392b20c08420c1278 825d67e9b31e428c85ea8ee926b146a4 - - default default] 10.0.0.218 "GET /v2.0/routers/51430573-e64f-406e-b3ba-c1a8ec94c656 HTTP/1.1" status: 200 len: 775 time: 0.0568764
2026-05-11 11:59:39.211 10 INFO neutron.wsgi [None req-6cb37496-f727-488e-b574-b29ec32f62d2 f3f5f97eb76249029e44a4126801718c 6e9ff99e9b384559865da5526608b358 - - default default] 10.0.0.218 "DELETE /v2.0/security-groups/6cf624bf-320a-48f2-b41e-b59d4c4127fe HTTP/1.1" status: 204 len: 168 time: 0.2896545
2026-05-11 11:59:39.844 9 INFO neutron.db.ovn_revision_numbers_db [None req-4c2065d8-7056-4493-80ac-b7307ff1869a 3207b88ed80a4a5392b20c08420c1278 825d67e9b31e428c85ea8ee926b146a4 - - default default] Successfully bumped revision number for resource 51430573-e64f-406e-b3ba-c1a8ec94c656 (type: routers) to 2
2026-05-11 11:59:39.850 9 INFO neutron.wsgi [None req-4c2065d8-7056-4493-80ac-b7307ff1869a 3207b88ed80a4a5392b20c08420c1278 825d67e9b31e428c85ea8ee926b146a4 - - default default] 10.0.0.218 "PUT /v2.0/routers/51430573-e64f-406e-b3ba-c1a8ec94c656 HTTP/1.1" status: 200 len: 775 time: 0.6479146
2026-05-11 11:59:39.880 9 INFO neutron.wsgi [None req-0279319a-0f2b-4694-acdb-fd0df5d057ed 3207b88ed80a4a5392b20c08420c1278 825d67e9b31e428c85ea8ee926b146a4 - - default default] 10.0.0.218 "GET /v2.0/ports?device_id=51430573-e64f-406e-b3ba-c1a8ec94c656 HTTP/1.1" status: 200 len: 205 time: 0.0261579
2026-05-11 11:59:40.129 9 INFO neutron.wsgi [None req-c1ebf5ad-2981-4f25-9b0a-3c11bc35bf19 3207b88ed80a4a5392b20c08420c1278 825d67e9b31e428c85ea8ee926b146a4 - - default default] 10.0.0.218 "DELETE /v2.0/routers/51430573-e64f-406e-b3ba-c1a8ec94c656 HTTP/1.1" status: 204 len: 168 time: 0.2365263
2026-05-11 11:59:40.189 9 INFO neutron.wsgi [None req-f40a3599-220f-4559-a251-4576ee4521b7 3207b88ed80a4a5392b20c08420c1278 825d67e9b31e428c85ea8ee926b146a4 - - default default] 10.0.0.218 "GET /v2.0/routers/d046bbb7-7e40-4ad8-9b9f-a70dc48276e1 HTTP/1.1" status: 200 len: 783 time: 0.0512190
2026-05-11 11:59:40.548 9 INFO neutron.db.ovn_revision_numbers_db [None req-f575448b-0e52-4017-9f4a-dc8a26bc1d69 3207b88ed80a4a5392b20c08420c1278 825d67e9b31e428c85ea8ee926b146a4 - - default default] Successfully bumped revision number for resource d046bbb7-7e40-4ad8-9b9f-a70dc48276e1 (type: routers) to 2
2026-05-11 11:59:40.555 9 INFO neutron.wsgi [None req-f575448b-0e52-4017-9f4a-dc8a26bc1d69 3207b88ed80a4a5392b20c08420c1278 825d67e9b31e428c85ea8ee926b146a4 - - default default] 10.0.0.218 "PUT /v2.0/routers/d046bbb7-7e40-4ad8-9b9f-a70dc48276e1 HTTP/1.1" status: 200 len: 783 time: 0.3617544
2026-05-11 11:59:40.582 9 INFO neutron.wsgi [None req-100c7f8c-8454-4b24-a4a6-a2f2a4508afe 3207b88ed80a4a5392b20c08420c1278 825d67e9b31e428c85ea8ee926b146a4 - - default default] 10.0.0.218 "GET /v2.0/ports?device_id=d046bbb7-7e40-4ad8-9b9f-a70dc48276e1 HTTP/1.1" status: 200 len: 205 time: 0.0218360
2026-05-11 11:59:40.886 10 INFO neutron.wsgi [None req-8b606771-b51f-4918-b472-b5e5f8cb5d5a 3207b88ed80a4a5392b20c08420c1278 825d67e9b31e428c85ea8ee926b146a4 - - default default] 10.0.0.218 "DELETE /v2.0/routers/d046bbb7-7e40-4ad8-9b9f-a70dc48276e1 HTTP/1.1" status: 204 len: 168 time: 0.2986701
2026-05-11 11:59:40.960 10 INFO neutron.wsgi [None req-1ea5e010-2808-4ca6-aead-c061a10b1a72 3207b88ed80a4a5392b20c08420c1278 825d67e9b31e428c85ea8ee926b146a4 - - default default] 10.0.0.218 "GET /v2.0/routers/24d0f763-2347-4dea-9660-0394ac1af8d5 HTTP/1.1" status: 200 len: 792 time: 0.0681794
2026-05-11 11:59:41.445 10 INFO neutron.db.ovn_revision_numbers_db [None req-47e97c53-2600-4701-b9d8-91016d8aa12b 3207b88ed80a4a5392b20c08420c1278 825d67e9b31e428c85ea8ee926b146a4 - - default default] Successfully bumped revision number for resource 24d0f763-2347-4dea-9660-0394ac1af8d5 (type: routers) to 2
2026-05-11 11:59:41.453 10 INFO neutron.wsgi [None req-47e97c53-2600-4701-b9d8-91016d8aa12b 3207b88ed80a4a5392b20c08420c1278 825d67e9b31e428c85ea8ee926b146a4 - - default default] 10.0.0.218 "PUT /v2.0/routers/24d0f763-2347-4dea-9660-0394ac1af8d5 HTTP/1.1" status: 200 len: 792 time: 0.4873288
2026-05-11 11:59:41.494 10 INFO neutron.wsgi [None req-c463d690-1d42-45fd-b2ac-ea3aa39e6c7d 3207b88ed80a4a5392b20c08420c1278 825d67e9b31e428c85ea8ee926b146a4 - - default default] 10.0.0.218 "GET /v2.0/ports?device_id=24d0f763-2347-4dea-9660-0394ac1af8d5 HTTP/1.1" status: 200 len: 205 time: 0.0305130
2026-05-11 11:59:42.097 10 INFO neutron.wsgi [None req-15a3c974-820e-48b7-ab63-740e8a117147 3207b88ed80a4a5392b20c08420c1278 825d67e9b31e428c85ea8ee926b146a4 - - default default] 10.0.0.218 "DELETE /v2.0/routers/24d0f763-2347-4dea-9660-0394ac1af8d5 HTTP/1.1" status: 204 len: 168 time: 0.5982769
2026-05-11 11:59:42.194 10 INFO neutron.wsgi [None req-f49c29dc-c0c7-4cef-9f2c-c9b7a8d1956e 3207b88ed80a4a5392b20c08420c1278 825d67e9b31e428c85ea8ee926b146a4 - - default default] 10.0.0.218 "GET /v2.0/routers/9962b496-33fb-4937-a88d-1e864d859bb7 HTTP/1.1" status: 200 len: 777 time: 0.0910141
2026-05-11 11:59:42.655 10 INFO neutron.db.ovn_revision_numbers_db [None req-a11f3424-58ad-4dda-871a-c27e8adc8d81 3207b88ed80a4a5392b20c08420c1278 825d67e9b31e428c85ea8ee926b146a4 - - default default] Successfully bumped revision number for resource 9962b496-33fb-4937-a88d-1e864d859bb7 (type: routers) to 2
2026-05-11 11:59:42.662 10 INFO neutron.wsgi [None req-a11f3424-58ad-4dda-871a-c27e8adc8d81 3207b88ed80a4a5392b20c08420c1278 825d67e9b31e428c85ea8ee926b146a4 - - default default] 10.0.0.218 "PUT /v2.0/routers/9962b496-33fb-4937-a88d-1e864d859bb7 HTTP/1.1" status: 200 len: 777 time: 0.4605157
2026-05-11 11:59:42.689 10 INFO neutron.wsgi [None req-8baacdfa-7936-48c1-ac5e-591414161d32 3207b88ed80a4a5392b20c08420c1278 825d67e9b31e428c85ea8ee926b146a4 - - default default] 10.0.0.218 "GET /v2.0/ports?device_id=9962b496-33fb-4937-a88d-1e864d859bb7 HTTP/1.1" status: 200 len: 205 time: 0.0232275
2026-05-11 11:59:42.801 9 WARNING neutron_lib.context [None req-bcaa680d-2a68-49fa-9872-68ab2d1a3518 8e9e35bb72b74cda87829c23a87c8d80 e219f77863e748259fcb0b031e17e2c7 - - default default] Method 'is_advsvc' is deprecated since 2023.2 release (neutron-lib 3.8.0) and will be removed once support for the old RBAC API policies will be removed from Neutron. Please use method 'is_service_role' instead.
2026-05-11 11:59:42.926 9 INFO neutron.db.ovn_revision_numbers_db [None req-bcaa680d-2a68-49fa-9872-68ab2d1a3518 8e9e35bb72b74cda87829c23a87c8d80 e219f77863e748259fcb0b031e17e2c7 - - default default] Successfully bumped revision number for resource c4089818-f4fb-425c-9ee9-5e3f30f23efb (type: routers) to 1
2026-05-11 11:59:42.938 9 INFO neutron.wsgi [None req-bcaa680d-2a68-49fa-9872-68ab2d1a3518 8e9e35bb72b74cda87829c23a87c8d80 e219f77863e748259fcb0b031e17e2c7 - - default default] 10.0.0.218 "POST /v2.0/routers HTTP/1.1" status: 201 len: 769 time: 0.3137693
2026-05-11 11:59:42.980 10 INFO neutron.wsgi [None req-3fa03f04-7855-4a69-a2fd-8324311a1f80 3207b88ed80a4a5392b20c08420c1278 825d67e9b31e428c85ea8ee926b146a4 - - default default] 10.0.0.218 "DELETE /v2.0/routers/9962b496-33fb-4937-a88d-1e864d859bb7 HTTP/1.1" status: 204 len: 168 time: 0.2856526
2026-05-11 11:59:43.029 9 INFO neutron.wsgi [None req-d0c340b9-0ea1-4a5a-abe6-1e2a94eda954 8e9e35bb72b74cda87829c23a87c8d80 e219f77863e748259fcb0b031e17e2c7 - - default default] 10.0.0.218 "PUT /v2.0/routers/c4089818-f4fb-425c-9ee9-5e3f30f23efb/tags HTTP/1.1" status: 200 len: 218 time: 0.0871561
2026-05-11 11:59:43.049 10 INFO neutron.wsgi [None req-80d39e58-097b-4b04-8f66-9013a2908a47 3207b88ed80a4a5392b20c08420c1278 825d67e9b31e428c85ea8ee926b146a4 - - default default] 10.0.0.218 "GET /v2.0/routers/4c4cff2e-c2be-407b-9cf2-5aa762a23c2c HTTP/1.1" status: 200 len: 770 time: 0.0637712
2026-05-11 11:59:43.102 9 INFO neutron.wsgi [None req-b4a5f1ce-50a2-4568-97ed-d7f9ec994ff3 8e9e35bb72b74cda87829c23a87c8d80 e219f77863e748259fcb0b031e17e2c7 - - default default] 10.0.0.218 "GET /v2.0/routers/c4089818-f4fb-425c-9ee9-5e3f30f23efb/tags HTTP/1.1" status: 200 len: 218 time: 0.0680103
2026-05-11 11:59:43.175 9 INFO neutron.wsgi [None req-ee7c465e-da59-4e7d-8e67-62fde4800268 8e9e35bb72b74cda87829c23a87c8d80 e219f77863e748259fcb0b031e17e2c7 - - default default] 10.0.0.218 "PUT /v2.0/routers/c4089818-f4fb-425c-9ee9-5e3f30f23efb/tags/green HTTP/1.1" status: 201 len: 201 time: 0.0687759
2026-05-11 11:59:43.302 10 INFO neutron.wsgi [None req-457b6b1f-84c9-4f15-aee8-d47ec9f876ab 8e9e35bb72b74cda87829c23a87c8d80 e219f77863e748259fcb0b031e17e2c7 - - default default] 10.0.0.218 "GET /v2.0/routers/c4089818-f4fb-425c-9ee9-5e3f30f23efb/tags HTTP/1.1" status: 200 len: 227 time: 0.1226742
2026-05-11 11:59:43.357 9 INFO neutron.wsgi [None req-5bf025d9-0a8a-4734-87f7-848170451396 8e9e35bb72b74cda87829c23a87c8d80 e219f77863e748259fcb0b031e17e2c7 - - default default] 10.0.0.218 "PUT /v2.0/routers/c4089818-f4fb-425c-9ee9-5e3f30f23efb/tags/red HTTP/1.1" status: 201 len: 201 time: 0.0496588
2026-05-11 11:59:43.416 9 INFO neutron.wsgi [None req-9f30cc94-1f78-4305-935e-e00118fb61f7 8e9e35bb72b74cda87829c23a87c8d80 e219f77863e748259fcb0b031e17e2c7 - - default default] 10.0.0.218 "GET /v2.0/routers/c4089818-f4fb-425c-9ee9-5e3f30f23efb/tags HTTP/1.1" status: 200 len: 227 time: 0.0556719
2026-05-11 11:59:43.461 10 INFO neutron.wsgi [None req-f9bb22d7-86fa-43fd-b599-1ee6409cd1c2 3207b88ed80a4a5392b20c08420c1278 825d67e9b31e428c85ea8ee926b146a4 - - default default] 10.0.0.218 "PUT /v2.0/routers/4c4cff2e-c2be-407b-9cf2-5aa762a23c2c HTTP/1.1" status: 200 len: 770 time: 0.4050107
2026-05-11 11:59:43.483 9 INFO neutron.wsgi [None req-0b9ecac5-fe3d-4c0b-a672-b231578ea745 3207b88ed80a4a5392b20c08420c1278 825d67e9b31e428c85ea8ee926b146a4 - - default default] 10.0.0.218 "GET /v2.0/ports?device_id=4c4cff2e-c2be-407b-9cf2-5aa762a23c2c HTTP/1.1" status: 200 len: 205 time: 0.0169864
2026-05-11 11:59:43.486 9 INFO neutron.wsgi [None req-22042911-cf6a-4310-afef-b7d5d6b85ff6 8e9e35bb72b74cda87829c23a87c8d80 e219f77863e748259fcb0b031e17e2c7 - - default default] 10.0.0.218 "PUT /v2.0/routers/c4089818-f4fb-425c-9ee9-5e3f30f23efb/tags/black.or.white HTTP/1.1" status: 201 len: 201 time: 0.0650344
2026-05-11 11:59:43.546 10 INFO neutron.wsgi [None req-978b041e-004a-4d6d-ae50-cbe01b754e25 8e9e35bb72b74cda87829c23a87c8d80 e219f77863e748259fcb0b031e17e2c7 - - default default] 10.0.0.218 "GET /v2.0/routers/c4089818-f4fb-425c-9ee9-5e3f30f23efb/tags HTTP/1.1" status: 200 len: 245 time: 0.0556209
2026-05-11 11:59:43.630 10 INFO neutron.wsgi [None req-b63e0c13-1dc9-466c-bbc9-1ac804c984f9 8e9e35bb72b74cda87829c23a87c8d80 e219f77863e748259fcb0b031e17e2c7 - - default default] 10.0.0.218 "PUT /v2.0/routers/c4089818-f4fb-425c-9ee9-5e3f30f23efb/tags HTTP/1.1" status: 200 len: 230 time: 0.0788224
2026-05-11 11:59:43.727 9 INFO neutron.wsgi [None req-08f4b9e2-f383-408a-851e-b4456dc87643 8e9e35bb72b74cda87829c23a87c8d80 e219f77863e748259fcb0b031e17e2c7 - - default default] 10.0.0.218 "GET /v2.0/routers/c4089818-f4fb-425c-9ee9-5e3f30f23efb/tags HTTP/1.1" status: 200 len: 230 time: 0.0935178
2026-05-11 11:59:43.782 9 INFO neutron.wsgi [None req-27cc170c-5b68-4720-8e37-d47af330ce79 3207b88ed80a4a5392b20c08420c1278 825d67e9b31e428c85ea8ee926b146a4 - - default default] 10.0.0.218 "DELETE /v2.0/routers/4c4cff2e-c2be-407b-9cf2-5aa762a23c2c HTTP/1.1" status: 204 len: 168 time: 0.2924516
2026-05-11 11:59:43.791 10 INFO neutron.wsgi [None req-34d53a12-9967-4ee2-8d8e-265bbc5dcaa4 8e9e35bb72b74cda87829c23a87c8d80 e219f77863e748259fcb0b031e17e2c7 - - default default] 10.0.0.218 "GET /v2.0/routers/c4089818-f4fb-425c-9ee9-5e3f30f23efb/tags/red HTTP/1.1" status: 204 len: 168 time: 0.0587549
2026-05-11 11:59:43.864 10 INFO neutron.api.v2.resource [None req-ecafe77e-cda2-450c-b259-15b14bbcf281 8e9e35bb72b74cda87829c23a87c8d80 e219f77863e748259fcb0b031e17e2c7 - - default default] show failed (client error): The resource could not be found.
2026-05-11 11:59:43.865 10 INFO neutron.wsgi [None req-ecafe77e-cda2-450c-b259-15b14bbcf281 8e9e35bb72b74cda87829c23a87c8d80 e219f77863e748259fcb0b031e17e2c7 - - default default] 10.0.0.218 "GET /v2.0/routers/c4089818-f4fb-425c-9ee9-5e3f30f23efb/tags/green HTTP/1.1" status: 404 len: 299 time: 0.0691109
2026-05-11 11:59:43.935 10 INFO neutron.wsgi [None req-8807ee17-6b6c-4231-af6b-72456edccc24 8e9e35bb72b74cda87829c23a87c8d80 e219f77863e748259fcb0b031e17e2c7 - - default default] 10.0.0.218 "DELETE /v2.0/routers/c4089818-f4fb-425c-9ee9-5e3f30f23efb/tags/red HTTP/1.1" status: 204 len: 168 time: 0.0632048
2026-05-11 11:59:43.997 10 INFO neutron.wsgi [None req-86ddbc42-47b9-49f4-9b3e-a2bf373cd070 8e9e35bb72b74cda87829c23a87c8d80 e219f77863e748259fcb0b031e17e2c7 - - default default] 10.0.0.218 "GET /v2.0/routers/c4089818-f4fb-425c-9ee9-5e3f30f23efb/tags HTTP/1.1" status: 200 len: 223 time: 0.0571961
2026-05-11 11:59:44.324 10 INFO neutron.api.v2.resource [None req-c7802b60-fcac-47e2-9c4b-ddfe925bbe16 8e9e35bb72b74cda87829c23a87c8d80 e219f77863e748259fcb0b031e17e2c7 - - default default] delete failed (client error): The resource could not be found.
2026-05-11 11:59:44.325 10 INFO neutron.wsgi [None req-c7802b60-fcac-47e2-9c4b-ddfe925bbe16 8e9e35bb72b74cda87829c23a87c8d80 e219f77863e748259fcb0b031e17e2c7 - - default default] 10.0.0.218 "DELETE /v2.0/routers/c4089818-f4fb-425c-9ee9-5e3f30f23efb/tags/green HTTP/1.1" status: 404 len: 299 time: 0.3237064
2026-05-11 11:59:44.398 10 INFO neutron.wsgi [None req-b77fb7b5-4ac4-4cc7-8223-1700d2b17578 8e9e35bb72b74cda87829c23a87c8d80 e219f77863e748259fcb0b031e17e2c7 - - default default] 10.0.0.218 "DELETE /v2.0/routers/c4089818-f4fb-425c-9ee9-5e3f30f23efb/tags HTTP/1.1" status: 204 len: 168 time: 0.0680659
2026-05-11 11:59:44.450 10 INFO neutron.wsgi [None req-c39951c4-7deb-4533-a113-b16f84a28df7 8e9e35bb72b74cda87829c23a87c8d80 e219f77863e748259fcb0b031e17e2c7 - - default default] 10.0.0.218 "GET /v2.0/routers/c4089818-f4fb-425c-9ee9-5e3f30f23efb/tags HTTP/1.1" status: 200 len: 205 time: 0.0485661
2026-05-11 11:59:44.502 10 INFO neutron.wsgi [None req-203ecb35-9c22-4c81-a1a3-70b333556267 8e9e35bb72b74cda87829c23a87c8d80 e219f77863e748259fcb0b031e17e2c7 - - default default] 10.0.0.218 "GET /v2.0/routers/c4089818-f4fb-425c-9ee9-5e3f30f23efb HTTP/1.1" status: 200 len: 770 time: 0.0450571
2026-05-11 11:59:44.836 9 INFO neutron.db.ovn_revision_numbers_db [None req-38f760c6-0382-4d11-aa4d-060e4a6fca42 f3f5f97eb76249029e44a4126801718c 6e9ff99e9b384559865da5526608b358 - - default default] Successfully bumped revision number for resource 4e8d207f-f2c8-414e-be2c-24227c8bc4d8 (type: security_groups) to 1
2026-05-11 11:59:44.848 9 INFO neutron.db.ovn_revision_numbers_db [None req-38f760c6-0382-4d11-aa4d-060e4a6fca42 f3f5f97eb76249029e44a4126801718c 6e9ff99e9b384559865da5526608b358 - - default default] Successfully bumped revision number for resource 42a084b3-cf6f-477f-8f26-133e9e68c437 (type: security_group_rules) to 0
2026-05-11 11:59:44.861 9 INFO neutron.db.ovn_revision_numbers_db [None req-38f760c6-0382-4d11-aa4d-060e4a6fca42 f3f5f97eb76249029e44a4126801718c 6e9ff99e9b384559865da5526608b358 - - default default] Successfully bumped revision number for resource a095622e-2675-4729-84a9-d71677aaa88b (type: security_group_rules) to 0
2026-05-11 11:59:44.863 10 INFO neutron.db.ovn_revision_numbers_db [None req-8b7fcc46-91c1-42cb-b5e4-3ffd4aca9682 8e9e35bb72b74cda87829c23a87c8d80 e219f77863e748259fcb0b031e17e2c7 - - default default] Successfully bumped revision number for resource c4089818-f4fb-425c-9ee9-5e3f30f23efb (type: routers) to 7
2026-05-11 11:59:44.873 9 INFO neutron.db.ovn_revision_numbers_db [None req-38f760c6-0382-4d11-aa4d-060e4a6fca42 f3f5f97eb76249029e44a4126801718c 6e9ff99e9b384559865da5526608b358 - - default default] Successfully bumped revision number for resource e2e97016-dc54-4ac5-8b8e-a9b86bf59e71 (type: security_group_rules) to 0
2026-05-11 11:59:44.873 10 INFO neutron.wsgi [None req-8b7fcc46-91c1-42cb-b5e4-3ffd4aca9682 8e9e35bb72b74cda87829c23a87c8d80 e219f77863e748259fcb0b031e17e2c7 - - default default] 10.0.0.218 "PUT /v2.0/routers/c4089818-f4fb-425c-9ee9-5e3f30f23efb HTTP/1.1" status: 200 len: 770 time: 0.3662848
2026-05-11 11:59:44.887 9 INFO neutron.db.ovn_revision_numbers_db [None req-38f760c6-0382-4d11-aa4d-060e4a6fca42 f3f5f97eb76249029e44a4126801718c 6e9ff99e9b384559865da5526608b358 - - default default] Successfully bumped revision number for resource e8374966-37ce-4264-87c6-7355b75c17b2 (type: security_group_rules) to 0
2026-05-11 11:59:44.903 10 INFO neutron.wsgi [None req-204acc7c-b6f2-4522-97ab-aaed922052fe 8e9e35bb72b74cda87829c23a87c8d80 e219f77863e748259fcb0b031e17e2c7 - - default default] 10.0.0.218 "GET /v2.0/ports?device_id=c4089818-f4fb-425c-9ee9-5e3f30f23efb HTTP/1.1" status: 200 len: 205 time: 0.0245166
2026-05-11 11:59:44.920 9 INFO neutron.wsgi [None req-38f760c6-0382-4d11-aa4d-060e4a6fca42 f3f5f97eb76249029e44a4126801718c 6e9ff99e9b384559865da5526608b358 - - default default] 10.0.0.218 "GET /v2.0/security-groups?tenant_id=825d67e9b31e428c85ea8ee926b146a4&name=default HTTP/1.1" status: 200 len: 3124 time: 0.3548970
2026-05-11 11:59:45.141 10 INFO neutron.wsgi [None req-c49169f7-78c0-4225-a9a0-bcdc2a9162a5 f3f5f97eb76249029e44a4126801718c 6e9ff99e9b384559865da5526608b358 - - default default] 10.0.0.218 "DELETE /v2.0/security-groups/4e8d207f-f2c8-414e-be2c-24227c8bc4d8 HTTP/1.1" status: 204 len: 168 time: 0.2153769
2026-05-11 11:59:45.337 10 INFO neutron.db.ovn_revision_numbers_db [None req-7c7590d6-ff30-4760-9c3e-856447bef5e9 f3f5f97eb76249029e44a4126801718c 6e9ff99e9b384559865da5526608b358 - - default default] Successfully bumped revision number for resource 7b2447ec-ea51-43a4-8484-7fd530b43756 (type: security_groups) to 1
