2026-05-11 11:55:34.908 9 ERROR ovsdbapp.backend.ovs_idl.command
File "/var/lib/openstack/lib/python3.10/site-packages/ovsdbapp/backend/ovs_idl/command.py", line 47, in execute
2026-05-11 11:55:34.908 9 ERROR ovsdbapp.backend.ovs_idl.command self.run_idl(None)
2026-05-11 11:55:34.908 9 ERROR ovsdbapp.backend.ovs_idl.command
File "/var/lib/openstack/lib/python3.10/site-packages/ovsdbapp/backend/ovs_idl/command.py", line 235, in run_idl
2026-05-11 11:55:34.908 9 ERROR ovsdbapp.backend.ovs_idl.command record = self.api.lookup(self.table, self.record)
2026-05-11 11:55:34.908 9 ERROR ovsdbapp.backend.ovs_idl.command
File "/var/lib/openstack/lib/python3.10/site-packages/ovsdbapp/backend/ovs_idl/__init__.py", line 184, in lookup
2026-05-11 11:55:34.908 9 ERROR ovsdbapp.backend.ovs_idl.command return self._lookup(table, record)
2026-05-11 11:55:34.908 9 ERROR ovsdbapp.backend.ovs_idl.command
File "/var/lib/openstack/lib/python3.10/site-packages/ovsdbapp/backend/ovs_idl/__init__.py", line 235, in _lookup
2026-05-11 11:55:34.908 9 ERROR ovsdbapp.backend.ovs_idl.command row = idlutils.row_by_value(self, rl.table, rl.column, record)
2026-05-11 11:55:34.908 9 ERROR ovsdbapp.backend.ovs_idl.command
File "/var/lib/openstack/lib/python3.10/site-packages/ovsdbapp/backend/ovs_idl/idlutils.py", line 114, in row_by_value
2026-05-11 11:55:34.908 9 ERROR ovsdbapp.backend.ovs_idl.command raise RowNotFound(table=table, col=column, match=match)
2026-05-11 11:55:34.908 9 ERROR ovsdbapp.backend.ovs_idl.command ovsdbapp.backend.ovs_idl.idlutils.RowNotFound: Cannot find Logical_Router_Port with name=lrp-5d6f018f-1dcd-4ffe-aa3c-50f280fafa79
2026-05-11 11:55:34.908 9 ERROR ovsdbapp.backend.ovs_idl.command 
2026-05-11 11:55:34.909 9 ERROR neutron_lib.callbacks.manager [None req-41000061-2cc8-4003-aa4d-f26d45f3da31 f3f5f97eb76249029e44a4126801718c 6e9ff99e9b384559865da5526608b358 - - default default] Error during notification for neutron.services.ovn_l3.plugin.OVNL3RouterPlugin._port_update-8743407941359 port, after_update: ovsdbapp.backend.ovs_idl.idlutils.RowNotFound: Cannot find Logical_Router_Port with name=lrp-5d6f018f-1dcd-4ffe-aa3c-50f280fafa79
2026-05-11 11:55:34.909 9 ERROR neutron_lib.callbacks.manager
Traceback (most recent call last):
2026-05-11 11:55:34.909 9 ERROR neutron_lib.callbacks.manager
File "/var/lib/openstack/lib/python3.10/site-packages/neutron_lib/callbacks/manager.py", line 189, in _notify_loop
2026-05-11 11:55:34.909 9 ERROR neutron_lib.callbacks.manager callback.method(resource, event, trigger, payload=payload)
2026-05-11 11:55:34.909 9 ERROR neutron_lib.callbacks.manager
File "/var/lib/openstack/lib/python3.10/site-packages/neutron/services/ovn_l3/plugin.py", line 391, in _port_update
2026-05-11 11:55:34.909 9 ERROR neutron_lib.callbacks.manager l3plugin._ovn_client.update_router_port(context,
2026-05-11 11:55:34.909 9 ERROR neutron_lib.callbacks.manager
File "/var/lib/openstack/lib/python3.10/site-packages/neutron/plugins/ml2/drivers/ovn/mech_driver/ovsdb/ovn_client.py", line 1878, in update_router_port
2026-05-11 11:55:34.909 9 ERROR neutron_lib.callbacks.manager self._update_lrouter_port(context, port, if_exists=if_exists,
2026-05-11 11:55:34.909 9 ERROR neutron_lib.callbacks.manager
File "/var/lib/openstack/lib/python3.10/site-packages/neutron/plugins/ml2/drivers/ovn/mech_driver/ovsdb/ovn_client.py", line 1855, in _update_lrouter_port
2026-05-11 11:55:34.909 9 ERROR neutron_lib.callbacks.manager external_ids = self._nb_idl.db_get(
2026-05-11 11:55:34.909 9 ERROR neutron_lib.callbacks.manager
File "/var/lib/openstack/lib/python3.10/site-packages/ovsdbapp/backend/ovs_idl/command.py", line 47, in execute
2026-05-11 11:55:34.909 9 ERROR neutron_lib.callbacks.manager self.run_idl(None)
2026-05-11 11:55:34.909 9 ERROR neutron_lib.callbacks.manager
File "/var/lib/openstack/lib/python3.10/site-packages/ovsdbapp/backend/ovs_idl/command.py", line 235, in run_idl
2026-05-11 11:55:34.909 9 ERROR neutron_lib.callbacks.manager record = self.api.lookup(self.table, self.record)
2026-05-11 11:55:34.909 9 ERROR neutron_lib.callbacks.manager
File "/var/lib/openstack/lib/python3.10/site-packages/ovsdbapp/backend/ovs_idl/__init__.py", line 184, in lookup
2026-05-11 11:55:34.909 9 ERROR neutron_lib.callbacks.manager return self._lookup(table, record)
2026-05-11 11:55:34.909 9 ERROR neutron_lib.callbacks.manager
File "/var/lib/openstack/lib/python3.10/site-packages/ovsdbapp/backend/ovs_idl/__init__.py", line 235, in _lookup
2026-05-11 11:55:34.909 9 ERROR neutron_lib.callbacks.manager row = idlutils.row_by_value(self, rl.table, rl.column, record)
2026-05-11 11:55:34.909 9 ERROR neutron_lib.callbacks.manager
File "/var/lib/openstack/lib/python3.10/site-packages/ovsdbapp/backend/ovs_idl/idlutils.py", line 114, in row_by_value
2026-05-11 11:55:34.909 9 ERROR neutron_lib.callbacks.manager raise RowNotFound(table=table, col=column, match=match)
2026-05-11 11:55:34.909 9 ERROR neutron_lib.callbacks.manager ovsdbapp.backend.ovs_idl.idlutils.RowNotFound: Cannot find Logical_Router_Port with name=lrp-5d6f018f-1dcd-4ffe-aa3c-50f280fafa79
2026-05-11 11:55:34.909 9 ERROR neutron_lib.callbacks.manager 
2026-05-11 11:55:35.003 9 INFO neutron.wsgi [None req-411fa9bd-7ba7-44f2-9d96-4679d1dca9f3 f3f5f97eb76249029e44a4126801718c 6e9ff99e9b384559865da5526608b358 - - default default] 10.0.0.218 "DELETE /v2.0/security-groups/997177f0-a221-479a-9b36-0d9c6d918a6d HTTP/1.1" status: 204 len: 168 time: 0.2934995
2026-05-11 11:55:35.138 10 INFO neutron.db.ovn_revision_numbers_db [None req-98b2b4bb-d951-4d40-8d96-544884097841 - - - - - -] Successfully bumped revision number for resource f4a267b7-7977-4373-9990-0a9f0f574b3c (type: ports) to 4
2026-05-11 11:55:35.139 9 INFO neutron.db.ovn_revision_numbers_db [None req-41000061-2cc8-4003-aa4d-f26d45f3da31 f3f5f97eb76249029e44a4126801718c 6e9ff99e9b384559865da5526608b358 - - default default] Successfully bumped revision number for resource 5d6f018f-1dcd-4ffe-aa3c-50f280fafa79 (type: ports) to 1
2026-05-11 11:55:35.206 9 WARNING neutron.scheduler.dhcp_agent_scheduler [None req-41000061-2cc8-4003-aa4d-f26d45f3da31 f3f5f97eb76249029e44a4126801718c 6e9ff99e9b384559865da5526608b358 - - default default] No more DHCP agents
2026-05-11 11:55:35.208 9 WARNING neutron.api.rpc.agentnotifiers.dhcp_rpc_agent_api [None req-41000061-2cc8-4003-aa4d-f26d45f3da31 f3f5f97eb76249029e44a4126801718c 6e9ff99e9b384559865da5526608b358 - - default default] Unable to schedule network bc84cc02-d712-443e-8aa6-aaef4ffc1c59: no agents available; will retry on subsequent port and subnet creation events.
2026-05-11 11:55:35.413 10 INFO neutron.db.ovn_revision_numbers_db [None req-98b2b4bb-d951-4d40-8d96-544884097841 - - - - - -] Successfully bumped revision number for resource f4a267b7-7977-4373-9990-0a9f0f574b3c (type: router_ports) to 4
2026-05-11 11:55:35.865 9 INFO neutron.db.ovn_revision_numbers_db [None req-41000061-2cc8-4003-aa4d-f26d45f3da31 f3f5f97eb76249029e44a4126801718c 6e9ff99e9b384559865da5526608b358 - - default default] Successfully bumped revision number for resource 5d6f018f-1dcd-4ffe-aa3c-50f280fafa79 (type: router_ports) to 1
2026-05-11 11:55:35.871 9 INFO neutron.wsgi [None req-41000061-2cc8-4003-aa4d-f26d45f3da31 f3f5f97eb76249029e44a4126801718c 6e9ff99e9b384559865da5526608b358 - - default default] 10.0.0.218 "PUT /v2.0/routers/cf4ae06c-c80c-45cb-8e27-9ef1e4824df7/add_router_interface HTTP/1.1" status: 200 len: 503 time: 2.1976371
2026-05-11 11:55:36.255 10 INFO neutron.plugins.ml2.drivers.ovn.mech_driver.mech_driver [None req-4847deb7-108e-42a3-ab4e-88167580dd94 - - - - - -] OVN reports status up for port: 5d6f018f-1dcd-4ffe-aa3c-50f280fafa79
2026-05-11 11:55:36.262 10 INFO neutron.plugins.ml2.plugin [None req-4847deb7-108e-42a3-ab4e-88167580dd94 - - - - - -] Attempt 1 to provision port 5d6f018f-1dcd-4ffe-aa3c-50f280fafa79
2026-05-11 11:55:36.685 10 INFO neutron.db.ovn_revision_numbers_db [None req-4847deb7-108e-42a3-ab4e-88167580dd94 - - - - - -] Successfully bumped revision number for resource 5d6f018f-1dcd-4ffe-aa3c-50f280fafa79 (type: ports) to 2
2026-05-11 11:55:37.031 10 INFO neutron.db.ovn_revision_numbers_db [None req-4847deb7-108e-42a3-ab4e-88167580dd94 - - - - - -] Successfully bumped revision number for resource 5d6f018f-1dcd-4ffe-aa3c-50f280fafa79 (type: router_ports) to 2
2026-05-11 11:55:37.044 10 INFO neutron.wsgi [req-63a82904-3109-45c8-967f-981f1cdda323 req-69aaa296-77dd-4059-8de8-7bc9d4ef8338 7b70f6921a3b408fafba7394830d8e64 eb73c3a10d3a4afab1f0e1c6686dda07 - - default default] 10.0.0.160 "GET /v2.0/networks?id=bc84cc02-d712-443e-8aa6-aaef4ffc1c59 HTTP/1.1" status: 200 len: 876 time: 0.0816355
2026-05-11 11:55:37.063 10 INFO neutron.wsgi [req-63a82904-3109-45c8-967f-981f1cdda323 req-44c8ac39-1c35-40a9-84c9-8023caad5b72 7b70f6921a3b408fafba7394830d8e64 eb73c3a10d3a4afab1f0e1c6686dda07 - - default default] 10.0.0.160 "GET /v2.0/quotas/eb73c3a10d3a4afab1f0e1c6686dda07 HTTP/1.1" status: 200 len: 491 time: 0.0104475
2026-05-11 11:55:37.174 10 INFO neutron.wsgi [req-63a82904-3109-45c8-967f-981f1cdda323 req-248a5b71-90f6-4ce6-a7be-8459ab768241 7b70f6921a3b408fafba7394830d8e64 eb73c3a10d3a4afab1f0e1c6686dda07 - - default default] 10.0.0.160 "GET /v2.0/ports?tenant_id=eb73c3a10d3a4afab1f0e1c6686dda07&fields=id HTTP/1.1" status: 200 len: 302 time: 0.1025181
2026-05-11 11:55:37.245 10 INFO neutron.wsgi [req-63a82904-3109-45c8-967f-981f1cdda323 req-10112ce4-0062-4a84-8f32-5ebe30a32374 6fc3248cc7564687a7594a5d4cd32dea 67d5299d765c4122b546eb7bf13327ca - - 6554e4942acc46fd9188d05bf42ba876 6554e4942acc46fd9188d05bf42ba876] 10.0.0.160 "GET /v2.0/networks/bc84cc02-d712-443e-8aa6-aaef4ffc1c59?fields=segments HTTP/1.1" status: 200 len: 212 time: 0.0649691
2026-05-11 11:55:37.329 10 INFO neutron.wsgi [req-63a82904-3109-45c8-967f-981f1cdda323 req-bc604378-61d1-4be4-aca2-9ffbe09621e4 6fc3248cc7564687a7594a5d4cd32dea 67d5299d765c4122b546eb7bf13327ca - - 6554e4942acc46fd9188d05bf42ba876 6554e4942acc46fd9188d05bf42ba876] 10.0.0.160 "GET /v2.0/networks/bc84cc02-d712-443e-8aa6-aaef4ffc1c59?fields=provider%3Aphysical_network&fields=provider%3Anetwork_type HTTP/1.1" status: 200 len: 277 time: 0.0769110
2026-05-11 11:55:37.479 9 INFO neutron.wsgi [req-dfb30340-89d1-4534-b546-dd459ca2d466 req-b3ffabf8-687c-4545-9965-7e55e6515a50 7b70f6921a3b408fafba7394830d8e64 eb73c3a10d3a4afab1f0e1c6686dda07 - - default default] 10.0.0.160 "GET /v2.0/ports?device_id=561deca8-7e64-409f-a04c-ca948c5d0a10 HTTP/1.1" status: 200 len: 210 time: 0.0230687
2026-05-11 11:55:37.528 10 INFO neutron.db.ovn_revision_numbers_db [None req-87faa8bc-d594-441d-bd13-bef52e72b851 f3f5f97eb76249029e44a4126801718c 6e9ff99e9b384559865da5526608b358 - - default default] Successfully bumped revision number for resource 24c337a3-81d2-454a-a3c9-602a1146fbf8 (type: security_groups) to 1
2026-05-11 11:55:37.546 10 INFO neutron.db.ovn_revision_numbers_db [None req-87faa8bc-d594-441d-bd13-bef52e72b851 f3f5f97eb76249029e44a4126801718c 6e9ff99e9b384559865da5526608b358 - - default default] Successfully bumped revision number for resource 41380885-52e0-47c9-b6ee-0e03ccbcdcdb (type: security_group_rules) to 0
2026-05-11 11:55:37.558 10 INFO neutron.db.ovn_revision_numbers_db [None req-87faa8bc-d594-441d-bd13-bef52e72b851 f3f5f97eb76249029e44a4126801718c 6e9ff99e9b384559865da5526608b358 - - default default] Successfully bumped revision number for resource 76e11d9a-3210-4ba1-9224-94fa14693e77 (type: security_group_rules) to 0
2026-05-11 11:55:37.574 10 INFO neutron.db.ovn_revision_numbers_db [None req-87faa8bc-d594-441d-bd13-bef52e72b851 f3f5f97eb76249029e44a4126801718c 6e9ff99e9b384559865da5526608b358 - - default default] Successfully bumped revision number for resource 845d7d48-dc50-4dee-a52d-096daedb76ec (type: security_group_rules) to 0
2026-05-11 11:55:37.590 10 INFO neutron.db.ovn_revision_numbers_db [None req-87faa8bc-d594-441d-bd13-bef52e72b851 f3f5f97eb76249029e44a4126801718c 6e9ff99e9b384559865da5526608b358 - - default default] Successfully bumped revision number for resource db995f63-73c8-4ea4-93f8-eb64abd62cb8 (type: security_group_rules) to 0
2026-05-11 11:55:37.615 10 INFO neutron.wsgi [None req-87faa8bc-d594-441d-bd13-bef52e72b851 f3f5f97eb76249029e44a4126801718c 6e9ff99e9b384559865da5526608b358 - - default default] 10.0.0.218 "GET /v2.0/security-groups?tenant_id=a14b5439f05f4889898ee1908aea67d2&name=default HTTP/1.1" status: 200 len: 3120 time: 0.4013298
2026-05-11 11:55:37.850 9 INFO neutron.wsgi [None req-936be4f8-ae68-481d-b9a5-363d02e5b6ab f3f5f97eb76249029e44a4126801718c 6e9ff99e9b384559865da5526608b358 - - default default] 10.0.0.218 "DELETE /v2.0/security-groups/24c337a3-81d2-454a-a3c9-602a1146fbf8 HTTP/1.1" status: 204 len: 168 time: 0.2255759
2026-05-11 11:55:38.220 10 INFO neutron.wsgi [req-63a82904-3109-45c8-967f-981f1cdda323 req-feac127a-1fde-417c-8053-055d2ef5b57c 7b70f6921a3b408fafba7394830d8e64 eb73c3a10d3a4afab1f0e1c6686dda07 - - default default] 199.19.213.54 "GET /v2.0/networks?id=bc84cc02-d712-443e-8aa6-aaef4ffc1c59 HTTP/1.1" status: 200 len: 876 time: 0.0691547
2026-05-11 11:55:38.231 10 WARNING neutron_lib.context [req-63a82904-3109-45c8-967f-981f1cdda323 req-2a72b95e-647c-4b47-bf43-aada3aa50e4d 7b70f6921a3b408fafba7394830d8e64 eb73c3a10d3a4afab1f0e1c6686dda07 - - default default] Method 'is_advsvc' is deprecated since 2023.2 release (neutron-lib 3.8.0) and will be removed once support for the old RBAC API policies will be removed from Neutron. Please use method 'is_service_role' instead. /var/lib/openstack/lib/python3.10/site-packages/pycadf/identifier.py:71: UserWarning: Invalid uuid: neutron. To ensure interoperability, identifiers should be a valid uuid. warnings.warn(('Invalid uuid: %s. To ensure interoperability, '
2026-05-11 11:55:38.568 10 WARNING neutron.scheduler.dhcp_agent_scheduler [req-63a82904-3109-45c8-967f-981f1cdda323 req-2a72b95e-647c-4b47-bf43-aada3aa50e4d 7b70f6921a3b408fafba7394830d8e64 eb73c3a10d3a4afab1f0e1c6686dda07 - - default default] No more DHCP agents
2026-05-11 11:55:38.571 10 WARNING neutron.api.rpc.agentnotifiers.dhcp_rpc_agent_api [req-63a82904-3109-45c8-967f-981f1cdda323 req-2a72b95e-647c-4b47-bf43-aada3aa50e4d 7b70f6921a3b408fafba7394830d8e64 eb73c3a10d3a4afab1f0e1c6686dda07 - - default default] Unable to schedule network bc84cc02-d712-443e-8aa6-aaef4ffc1c59: no agents available; will retry on subsequent port and subnet creation events.
2026-05-11 11:55:38.593 10 INFO neutron.wsgi [req-cf86cddb-bd65-4c02-82b5-f1e5a5800094 req-98af2dd9-24ed-4995-9b79-949e5105b7c0 7b70f6921a3b408fafba7394830d8e64 eb73c3a10d3a4afab1f0e1c6686dda07 - - default default] 10.0.0.160 "GET /v2.0/ports?device_id=561deca8-7e64-409f-a04c-ca948c5d0a10 HTTP/1.1" status: 200 len: 1160 time: 0.0483453 /var/lib/openstack/lib/python3.10/site-packages/pycadf/identifier.py:71: UserWarning: Invalid uuid: neutron. To ensure interoperability, identifiers should be a valid uuid. warnings.warn(('Invalid uuid: %s. To ensure interoperability, '
2026-05-11 11:55:38.656 10 INFO neutron.wsgi [req-cf86cddb-bd65-4c02-82b5-f1e5a5800094 req-8b3e738b-3d4b-4aa3-a21d-ee3d0bc1e900 7b70f6921a3b408fafba7394830d8e64 eb73c3a10d3a4afab1f0e1c6686dda07 - - default default] 10.0.0.160 "GET /v2.0/security-groups?id=db68413e-82f2-450c-ab76-99165f57d0d8&fields=id&fields=name HTTP/1.1" status: 200 len: 286 time: 0.0566261
2026-05-11 11:55:38.731 10 INFO neutron.db.ovn_revision_numbers_db [req-63a82904-3109-45c8-967f-981f1cdda323 req-2a72b95e-647c-4b47-bf43-aada3aa50e4d 7b70f6921a3b408fafba7394830d8e64 eb73c3a10d3a4afab1f0e1c6686dda07 - - default default] Successfully bumped revision number for resource 79844a1b-be27-4486-bbcf-36b81b197092 (type: ports) to 1
2026-05-11 11:55:38.753 10 INFO neutron.wsgi [req-63a82904-3109-45c8-967f-981f1cdda323 req-2a72b95e-647c-4b47-bf43-aada3aa50e4d 7b70f6921a3b408fafba7394830d8e64 eb73c3a10d3a4afab1f0e1c6686dda07 - - default default] 199.19.213.54 "POST /v2.0/ports HTTP/1.1" status: 201 len: 1162 time: 0.5269151
2026-05-11 11:55:39.163 10 INFO neutron.db.ovn_revision_numbers_db [req-63a82904-3109-45c8-967f-981f1cdda323 req-5f78bd4c-09f3-4d77-bb3d-935856a29a91 6fc3248cc7564687a7594a5d4cd32dea 67d5299d765c4122b546eb7bf13327ca - - 6554e4942acc46fd9188d05bf42ba876 6554e4942acc46fd9188d05bf42ba876] Successfully bumped revision number for resource 79844a1b-be27-4486-bbcf-36b81b197092 (type: ports) to 2
2026-05-11 11:55:39.353 10 INFO neutron.db.ovn_revision_numbers_db [req-63a82904-3109-45c8-967f-981f1cdda323 req-5f78bd4c-09f3-4d77-bb3d-935856a29a91 6fc3248cc7564687a7594a5d4cd32dea 67d5299d765c4122b546eb7bf13327ca - - 6554e4942acc46fd9188d05bf42ba876 6554e4942acc46fd9188d05bf42ba876] Successfully bumped revision number for resource 79844a1b-be27-4486-bbcf-36b81b197092 (type: ports) to 2
2026-05-11 11:55:39.370 10 INFO neutron.wsgi [req-63a82904-3109-45c8-967f-981f1cdda323 req-5f78bd4c-09f3-4d77-bb3d-935856a29a91 6fc3248cc7564687a7594a5d4cd32dea 67d5299d765c4122b546eb7bf13327ca - - 6554e4942acc46fd9188d05bf42ba876 6554e4942acc46fd9188d05bf42ba876] 199.19.213.54 "PUT /v2.0/ports/79844a1b-be27-4486-bbcf-36b81b197092 HTTP/1.1" status: 200 len: 1380 time: 0.6103837 /var/lib/openstack/lib/python3.10/site-packages/pycadf/identifier.py:71: UserWarning: Invalid uuid: neutron. To ensure interoperability, identifiers should be a valid uuid. warnings.warn(('Invalid uuid: %s. To ensure interoperability, '
2026-05-11 11:55:39.423 10 INFO neutron.notifiers.nova [-] Nova event matching ['req-c881f8d9-4f58-42da-b214-c58d18f523fd'] response: {'name': 'network-changed', 'server_uuid': '561deca8-7e64-409f-a04c-ca948c5d0a10', 'tag': '79844a1b-be27-4486-bbcf-36b81b197092', 'status': 'completed', 'code': 200}
2026-05-11 11:55:39.443 10 INFO neutron.wsgi [req-63a82904-3109-45c8-967f-981f1cdda323 req-5f64234f-3a17-4c2b-8956-c6397da6c8ab 6fc3248cc7564687a7594a5d4cd32dea 67d5299d765c4122b546eb7bf13327ca - - 6554e4942acc46fd9188d05bf42ba876 6554e4942acc46fd9188d05bf42ba876] 199.19.213.54 "GET /v2.0/ports?tenant_id=eb73c3a10d3a4afab1f0e1c6686dda07&device_id=561deca8-7e64-409f-a04c-ca948c5d0a10 HTTP/1.1" status: 200 len: 1411 time: 0.0382276
2026-05-11 11:55:39.482 10 INFO neutron.wsgi [req-63a82904-3109-45c8-967f-981f1cdda323 req-3ac94ed1-4edf-402a-a2b7-db6f4da3de4f 6fc3248cc7564687a7594a5d4cd32dea 67d5299d765c4122b546eb7bf13327ca - - 6554e4942acc46fd9188d05bf42ba876 6554e4942acc46fd9188d05bf42ba876] 199.19.213.54 "GET /v2.0/floatingips?fixed_ip_address=10.100.0.10&port_id=79844a1b-be27-4486-bbcf-36b81b197092 HTTP/1.1" status: 200 len: 217 time: 0.0225587
2026-05-11 11:55:39.522 10 INFO neutron.wsgi [req-63a82904-3109-45c8-967f-981f1cdda323 req-d80a0b6c-406e-4a92-a169-b9f132019bbf 6fc3248cc7564687a7594a5d4cd32dea 67d5299d765c4122b546eb7bf13327ca - - 6554e4942acc46fd9188d05bf42ba876 6554e4942acc46fd9188d05bf42ba876] 199.19.213.54 "GET /v2.0/subnets?id=59ee2ce8-0452-48c2-8b83-137bd28e594a HTTP/1.1" status: 200 len: 870 time: 0.0340147
2026-05-11 11:55:39.548 10 INFO neutron.wsgi [req-63a82904-3109-45c8-967f-981f1cdda323 req-2438a6ba-af90-41fe-9338-69a86d1260e8 6fc3248cc7564687a7594a5d4cd32dea 67d5299d765c4122b546eb7bf13327ca - - 6554e4942acc46fd9188d05bf42ba876 6554e4942acc46fd9188d05bf42ba876] 199.19.213.54 "GET /v2.0/ports?network_id=bc84cc02-d712-443e-8aa6-aaef4ffc1c59&device_owner=network%3Adhcp HTTP/1.1" status: 200 len: 210 time: 0.0191419
2026-05-11 11:55:39.588 9 WARNING neutron_lib.context [None req-a41c4f24-a190-4763-8ea8-7371fa43cce9 3171e015c49f433fba3768c0d52dbe00 0e28dda4b1524e72b35d58b157266fa3 - - default default] Method 'is_advsvc' is deprecated since 2023.2 release (neutron-lib 3.8.0) and will be removed once support for the old RBAC API policies will be removed from Neutron. Please use method 'is_service_role' instead.
2026-05-11 11:55:39.588 9 WARNING neutron_lib.context [None req-a41c4f24-a190-4763-8ea8-7371fa43cce9 3171e015c49f433fba3768c0d52dbe00 0e28dda4b1524e72b35d58b157266fa3 - - default default] Method 'is_advsvc' is deprecated since 2023.2 release (neutron-lib 3.8.0) and will be removed once support for the old RBAC API policies will be removed from Neutron. Please use method 'is_service_role' instead.
2026-05-11 11:55:39.611 10 INFO neutron.wsgi [req-63a82904-3109-45c8-967f-981f1cdda323 req-3fc2d668-1939-4ca0-a484-2c1f6e3ee7c4 6fc3248cc7564687a7594a5d4cd32dea 67d5299d765c4122b546eb7bf13327ca - - 6554e4942acc46fd9188d05bf42ba876 6554e4942acc46fd9188d05bf42ba876] 199.19.213.54 "GET /v2.0/networks/bc84cc02-d712-443e-8aa6-aaef4ffc1c59?fields=segments HTTP/1.1" status: 200 len: 212 time: 0.0563579
2026-05-11 11:55:39.695 10 INFO neutron.wsgi [req-63a82904-3109-45c8-967f-981f1cdda323 req-442e3fd4-872a-479c-a844-f6f4b41f2965 6fc3248cc7564687a7594a5d4cd32dea 67d5299d765c4122b546eb7bf13327ca - - 6554e4942acc46fd9188d05bf42ba876 6554e4942acc46fd9188d05bf42ba876] 199.19.213.54 "GET /v2.0/networks/bc84cc02-d712-443e-8aa6-aaef4ffc1c59?fields=provider%3Aphysical_network&fields=provider%3Anetwork_type HTTP/1.1" status: 200 len: 277 time: 0.0757699
2026-05-11 11:55:39.740 9 INFO neutron.db.ovn_revision_numbers_db [None req-a41c4f24-a190-4763-8ea8-7371fa43cce9 3171e015c49f433fba3768c0d52dbe00 0e28dda4b1524e72b35d58b157266fa3 - - default default] Successfully bumped revision number for resource 9ab42867-76fb-4e23-bc4f-e9cd5c7a4c06 (type: security_groups) to 1
2026-05-11 11:55:39.754 9 INFO neutron.db.ovn_revision_numbers_db [None req-a41c4f24-a190-4763-8ea8-7371fa43cce9 3171e015c49f433fba3768c0d52dbe00 0e28dda4b1524e72b35d58b157266fa3 - - default default] Successfully bumped revision number for resource 17dea7b0-a49a-42ce-a078-588d5939b913 (type: security_group_rules) to 0
2026-05-11 11:55:39.766 9 INFO neutron.db.ovn_revision_numbers_db [None req-a41c4f24-a190-4763-8ea8-7371fa43cce9 3171e015c49f433fba3768c0d52dbe00 0e28dda4b1524e72b35d58b157266fa3 - - default default] Successfully bumped revision number for resource 3e217223-5d70-46df-b047-3eb73f690497 (type: security_group_rules) to 0
2026-05-11 11:55:39.802 10 INFO neutron.wsgi [req-321e9a11-9865-48bc-8066-a27179295c75 req-3ef28b42-3fbf-48fb-8b26-661363ff38c2 7b70f6921a3b408fafba7394830d8e64 eb73c3a10d3a4afab1f0e1c6686dda07 - - default default] 10.0.0.160 "GET /v2.0/ports?device_id=561deca8-7e64-409f-a04c-ca948c5d0a10 HTTP/1.1" status: 200 len: 1172 time: 0.0612109
2026-05-11 11:55:39.803 9 INFO neutron.db.ovn_revision_numbers_db [None req-a41c4f24-a190-4763-8ea8-7371fa43cce9 3171e015c49f433fba3768c0d52dbe00 0e28dda4b1524e72b35d58b157266fa3 - - default default] Successfully bumped revision number for resource b48fd1dc-e1db-481c-a148-2aa602444191 (type: security_group_rules) to 0
2026-05-11 11:55:39.806 10 INFO neutron.wsgi [req-d48b95f2-3ce4-4dbf-90e6-9598a162e0d3 req-6f72435a-57bb-4630-bba2-03887045b6ac 6fc3248cc7564687a7594a5d4cd32dea 67d5299d765c4122b546eb7bf13327ca - - 6554e4942acc46fd9188d05bf42ba876 6554e4942acc46fd9188d05bf42ba876] 199.19.213.54 "GET /v2.0/ports?tenant_id=eb73c3a10d3a4afab1f0e1c6686dda07&device_id=561deca8-7e64-409f-a04c-ca948c5d0a10 HTTP/1.1" status: 200 len: 1411 time: 0.0543032
2026-05-11 11:55:39.822 9 INFO neutron.db.ovn_revision_numbers_db [None req-a41c4f24-a190-4763-8ea8-7371fa43cce9 3171e015c49f433fba3768c0d52dbe00 0e28dda4b1524e72b35d58b157266fa3 - - default default] Successfully bumped revision number for resource e94b4d4a-0946-4bbd-b7e6-2d9d7bcf2160 (type: security_group_rules) to 0
2026-05-11 11:55:39.869 10 INFO neutron.wsgi [req-321e9a11-9865-48bc-8066-a27179295c75 req-d655e042-c04f-4055-a268-2db7e24f560b 7b70f6921a3b408fafba7394830d8e64 eb73c3a10d3a4afab1f0e1c6686dda07 - - default default] 10.0.0.160 "GET /v2.0/security-groups?id=db68413e-82f2-450c-ab76-99165f57d0d8&fields=id&fields=name HTTP/1.1" status: 200 len: 286 time: 0.0584376
2026-05-11 11:55:39.908 9 INFO neutron.db.segments_db [None req-a41c4f24-a190-4763-8ea8-7371fa43cce9 3171e015c49f433fba3768c0d52dbe00 0e28dda4b1524e72b35d58b157266fa3 - - default default] Added segment 1842ac13-52b9-49f3-a67a-0559f7fcb94c of type geneve for network 0b7623a4-7f0f-4069-8bb4-41a6b9962674
2026-05-11 11:55:39.924 10 INFO neutron.wsgi [req-d48b95f2-3ce4-4dbf-90e6-9598a162e0d3 req-bd72f1c8-6b13-4a41-ac8a-4767534f25a6 6fc3248cc7564687a7594a5d4cd32dea 67d5299d765c4122b546eb7bf13327ca - - 6554e4942acc46fd9188d05bf42ba876 6554e4942acc46fd9188d05bf42ba876] 199.19.213.54 "GET /v2.0/networks?id=bc84cc02-d712-443e-8aa6-aaef4ffc1c59 HTTP/1.1" status: 200 len: 975 time: 0.1110001
2026-05-11 11:55:39.963 10 INFO neutron.wsgi [req-d48b95f2-3ce4-4dbf-90e6-9598a162e0d3 req-dbac0e9c-d473-4013-9e50-9c4d54b9f357 6fc3248cc7564687a7594a5d4cd32dea 67d5299d765c4122b546eb7bf13327ca - - 6554e4942acc46fd9188d05bf42ba876 6554e4942acc46fd9188d05bf42ba876] 199.19.213.54 "GET /v2.0/floatingips?fixed_ip_address=10.100.0.10&port_id=79844a1b-be27-4486-bbcf-36b81b197092 HTTP/1.1" status: 200 len: 217 time: 0.0339150
2026-05-11 11:55:40.012 10 INFO neutron.wsgi [req-d48b95f2-3ce4-4dbf-90e6-9598a162e0d3 req-8db2e3ea-41be-4932-baef-3db77e08c1a0 6fc3248cc7564687a7594a5d4cd32dea 67d5299d765c4122b546eb7bf13327ca - - 6554e4942acc46fd9188d05bf42ba876 6554e4942acc46fd9188d05bf42ba876] 199.19.213.54 "GET /v2.0/subnets?id=59ee2ce8-0452-48c2-8b83-137bd28e594a HTTP/1.1" status: 200 len: 870 time: 0.0422616
2026-05-11 11:55:40.042 10 INFO neutron.wsgi [req-d48b95f2-3ce4-4dbf-90e6-9598a162e0d3 req-b3596488-8615-4787-80e7-52f296fcfc88 6fc3248cc7564687a7594a5d4cd32dea 67d5299d765c4122b546eb7bf13327ca - - 6554e4942acc46fd9188d05bf42ba876 6554e4942acc46fd9188d05bf42ba876] 199.19.213.54 "GET /v2.0/ports?network_id=bc84cc02-d712-443e-8aa6-aaef4ffc1c59&device_owner=network%3Adhcp HTTP/1.1" status: 200 len: 210 time: 0.0240510
2026-05-11 11:55:40.064 9 INFO neutron.db.segments_db [None req-a41c4f24-a190-4763-8ea8-7371fa43cce9 3171e015c49f433fba3768c0d52dbe00 0e28dda4b1524e72b35d58b157266fa3 - - default default] Added segment 240dde97-13a4-44c6-bb1e-b4ed7474051d of type geneve for network 4ae2e3d2-db18-407f-899b-a6f19aaa4ef6
2026-05-11 11:55:40.129 10 INFO neutron.wsgi [req-d48b95f2-3ce4-4dbf-90e6-9598a162e0d3 req-5153663a-c6fb-4ca6-b84a-14f063ac47f5 6fc3248cc7564687a7594a5d4cd32dea 67d5299d765c4122b546eb7bf13327ca - - 6554e4942acc46fd9188d05bf42ba876 6554e4942acc46fd9188d05bf42ba876] 199.19.213.54 "GET /v2.0/networks/bc84cc02-d712-443e-8aa6-aaef4ffc1c59?fields=segments HTTP/1.1" status: 200 len: 212 time: 0.0821466
2026-05-11 11:55:40.208 10 INFO neutron.wsgi [req-d48b95f2-3ce4-4dbf-90e6-9598a162e0d3 req-a1f8f5fa-cdc6-454c-9dc5-779127811551 6fc3248cc7564687a7594a5d4cd32dea 67d5299d765c4122b546eb7bf13327ca - - 6554e4942acc46fd9188d05bf42ba876 6554e4942acc46fd9188d05bf42ba876] 199.19.213.54 "GET /v2.0/networks/bc84cc02-d712-443e-8aa6-aaef4ffc1c59?fields=provider%3Aphysical_network&fields=provider%3Anetwork_type HTTP/1.1" status: 200 len: 277 time: 0.0734172
2026-05-11 11:55:40.433 9 INFO neutron.db.ovn_revision_numbers_db [None req-a41c4f24-a190-4763-8ea8-7371fa43cce9 3171e015c49f433fba3768c0d52dbe00 0e28dda4b1524e72b35d58b157266fa3 - - default default] Successfully bumped revision number for resource 0b7623a4-7f0f-4069-8bb4-41a6b9962674 (type: networks) to 1
2026-05-11 11:55:40.476 9 INFO neutron.wsgi [req-c0b866a8-1f0f-40c6-a127-96409f684866 req-c65330f4-f51b-44d3-bc00-abfcf3af372b 6fc3248cc7564687a7594a5d4cd32dea 67d5299d765c4122b546eb7bf13327ca - - 6554e4942acc46fd9188d05bf42ba876 6554e4942acc46fd9188d05bf42ba876] 10.0.0.201 "GET /v2.0/ports?device_id=909cf043-44bf-4c3a-a429-8deaab3a9f9f HTTP/1.1" status: 200 len: 1413 time: 0.1438370
2026-05-11 11:55:40.543 9 INFO neutron.wsgi [req-c0b866a8-1f0f-40c6-a127-96409f684866 req-d16e1e7d-6b7d-43ec-bbd1-8ea1d42a8e80 6fc3248cc7564687a7594a5d4cd32dea 67d5299d765c4122b546eb7bf13327ca - - 6554e4942acc46fd9188d05bf42ba876 6554e4942acc46fd9188d05bf42ba876] 10.0.0.201 "GET /v2.0/security-groups?id=8d886491-b11d-405f-bb70-8c3955dd3fef&fields=id&fields=name HTTP/1.1" status: 200 len: 312 time: 0.0588310
2026-05-11 11:55:40.642 9 WARNING neutron.scheduler.dhcp_agent_scheduler [None req-a41c4f24-a190-4763-8ea8-7371fa43cce9 3171e015c49f433fba3768c0d52dbe00 0e28dda4b1524e72b35d58b157266fa3 - - default default] No more DHCP agents
2026-05-11 11:55:40.643 9 WARNING neutron.api.rpc.agentnotifiers.dhcp_rpc_agent_api [None req-a41c4f24-a190-4763-8ea8-7371fa43cce9 3171e015c49f433fba3768c0d52dbe00 0e28dda4b1524e72b35d58b157266fa3 - - default default] Unable to schedule network 0b7623a4-7f0f-4069-8bb4-41a6b9962674: no agents available; will retry on subsequent port and subnet creation events.
2026-05-11 11:55:40.720 9 INFO neutron.db.ovn_revision_numbers_db [None req-a41c4f24-a190-4763-8ea8-7371fa43cce9 3171e015c49f433fba3768c0d52dbe00 0e28dda4b1524e72b35d58b157266fa3 - - default default] Successfully bumped revision number for resource 67239978-b814-4cfd-90bb-c02b99108c6a (type: ports) to 1
2026-05-11 11:55:40.799 9 INFO neutron.db.ovn_revision_numbers_db [None req-a41c4f24-a190-4763-8ea8-7371fa43cce9 3171e015c49f433fba3768c0d52dbe00 0e28dda4b1524e72b35d58b157266fa3 - - default default] Successfully bumped revision number for resource 4ae2e3d2-db18-407f-899b-a6f19aaa4ef6 (type: networks) to 1
2026-05-11 11:55:41.003 9 WARNING neutron.scheduler.dhcp_agent_scheduler [None req-a41c4f24-a190-4763-8ea8-7371fa43cce9 3171e015c49f433fba3768c0d52dbe00 0e28dda4b1524e72b35d58b157266fa3 - - default default] No more DHCP agents
2026-05-11 11:55:41.005 9 WARNING neutron.api.rpc.agentnotifiers.dhcp_rpc_agent_api [None req-a41c4f24-a190-4763-8ea8-7371fa43cce9 3171e015c49f433fba3768c0d52dbe00 0e28dda4b1524e72b35d58b157266fa3 - - default default] Unable to schedule network 4ae2e3d2-db18-407f-899b-a6f19aaa4ef6: no agents available; will retry on subsequent port and subnet creation events.
2026-05-11 11:55:41.097 9 INFO neutron.wsgi [req-dece4f0f-9df4-41c9-a70b-317a0db2c653 req-f8890b98-ed37-4ddd-9fa6-dde767d19588 7b70f6921a3b408fafba7394830d8e64 eb73c3a10d3a4afab1f0e1c6686dda07 - - default default] 10.0.0.160 "GET /v2.0/ports?device_id=561deca8-7e64-409f-a04c-ca948c5d0a10 HTTP/1.1" status: 200 len: 1172 time: 0.1369100
2026-05-11 11:55:41.114 9 INFO neutron.db.ovn_revision_numbers_db [None req-a41c4f24-a190-4763-8ea8-7371fa43cce9 3171e015c49f433fba3768c0d52dbe00 0e28dda4b1524e72b35d58b157266fa3 - - default default] Successfully bumped revision number for resource a73d0c60-961f-48cd-8610-64358b1279d4 (type: ports) to 1
2026-05-11 11:55:41.143 9 INFO neutron.wsgi [None req-a41c4f24-a190-4763-8ea8-7371fa43cce9 3171e015c49f433fba3768c0d52dbe00 0e28dda4b1524e72b35d58b157266fa3 - - default default] 10.0.0.218 "POST /v2.0/networks HTTP/1.1" status: 201 len: 1444 time: 1.7064486
2026-05-11 11:55:41.148 9 INFO neutron.wsgi [req-dece4f0f-9df4-41c9-a70b-317a0db2c653 req-d8f957dd-d5d6-4dd4-9a13-6c5b1bc2563b 7b70f6921a3b408fafba7394830d8e64 eb73c3a10d3a4afab1f0e1c6686dda07 - - default default] 10.0.0.160 "GET /v2.0/security-groups?id=db68413e-82f2-450c-ab76-99165f57d0d8&fields=id&fields=name HTTP/1.1" status: 200 len: 286 time: 0.0413294
2026-05-11 11:55:41.243 10 INFO neutron.wsgi [None req-559e9dd3-18e2-46b3-b29e-231498afeb69 3171e015c49f433fba3768c0d52dbe00 0e28dda4b1524e72b35d58b157266fa3 - - default default] 10.0.0.218 "GET /v2.0/networks HTTP/1.1" status: 200 len: 2050 time: 0.0937550
2026-05-11 11:55:41.663 10 INFO neutron.wsgi [None req-9dd90de0-ebc5-47c0-99d6-512f5040b1e7 3171e015c49f433fba3768c0d52dbe00 0e28dda4b1524e72b35d58b157266fa3 - - default default] 10.0.0.218 "DELETE /v2.0/networks/0b7623a4-7f0f-4069-8bb4-41a6b9962674 HTTP/1.1" status: 204 len: 168 time: 0.4156129
2026-05-11 11:55:41.832 9 INFO neutron.wsgi [req-8c2408a2-bd08-4fad-97d2-a14f1012c53f req-3e843ae3-99e6-4d41-a2bd-70fcd00fecb9 6fc3248cc7564687a7594a5d4cd32dea 67d5299d765c4122b546eb7bf13327ca - - 6554e4942acc46fd9188d05bf42ba876 6554e4942acc46fd9188d05bf42ba876] 10.0.0.201 "GET /v2.0/ports?device_id=91764d59-2423-4065-800e-658904172cd0 HTTP/1.1" status: 200 len: 1409 time: 0.0380960
2026-05-11 11:55:41.875 9 INFO neutron.wsgi [req-8c2408a2-bd08-4fad-97d2-a14f1012c53f req-176e9bc7-3084-43f7-8623-48dea43018e6 6fc3248cc7564687a7594a5d4cd32dea 67d5299d765c4122b546eb7bf13327ca - - 6554e4942acc46fd9188d05bf42ba876 6554e4942acc46fd9188d05bf42ba876] 10.0.0.201 "GET /v2.0/security-groups?id=8cd2e097-4741-4b2e-aa58-2c14288b25c2&fields=id&fields=name HTTP/1.1" status: 200 len: 312 time: 0.0356536
2026-05-11 11:55:42.086 10 INFO neutron.wsgi [None req-62600863-53af-4cd0-9d40-0352a5967d51 3171e015c49f433fba3768c0d52dbe00 0e28dda4b1524e72b35d58b157266fa3 - - default default] 10.0.0.218 "DELETE /v2.0/networks/4ae2e3d2-db18-407f-899b-a6f19aaa4ef6 HTTP/1.1" status: 204 len: 168 time: 0.4155774
2026-05-11 11:55:42.125 10 INFO neutron.services.segments.plugin [-] Segment 1842ac13-52b9-49f3-a67a-0559f7fcb94c resource provider aggregate not found
2026-05-11 11:55:42.146 10 INFO neutron.services.segments.plugin [-] Segment 1842ac13-52b9-49f3-a67a-0559f7fcb94c resource provider aggregate not found
2026-05-11 11:55:42.150 10 INFO neutron.services.segments.plugin [-] Segment 1842ac13-52b9-49f3-a67a-0559f7fcb94c resource provider not found; error: Placement Client Error (4xx): {"errors": [{"status": 404, "title": "Not Found", "detail": "The resource could not be found.\n\n No resource provider with uuid 1842ac13-52b9-49f3-a67a-0559f7fcb94c found for delete ", "request_id": "req-f9d06742-b6a7-42a0-ae29-28b87ab2f07e"}]}
2026-05-11 11:55:42.163 10 INFO neutron.services.segments.plugin [-] Segment 1842ac13-52b9-49f3-a67a-0559f7fcb94c resource provider not found; error: Placement Client Error (4xx): {"errors": [{"status": 404, "title": "Not Found", "detail": "The resource could not be found.\n\n No resource provider with uuid 1842ac13-52b9-49f3-a67a-0559f7fcb94c found for delete ", "request_id": "req-c2429ed5-4fb4-487e-9e45-415ce91ef915"}]}
2026-05-11 11:55:42.168 10 WARNING neutron.plugins.ml2.drivers.ovn.mech_driver.ovsdb.ovn_client [None req-4847deb7-108e-42a3-ab4e-88167580dd94 - - - - - -] No hosting information found for port 5d6f018f-1dcd-4ffe-aa3c-50f280fafa79: RuntimeError: No hosting information found for port 5d6f018f-1dcd-4ffe-aa3c-50f280fafa79
2026-05-11 11:55:42.168 10 INFO neutron.plugins.ml2.drivers.ovn.mech_driver.mech_driver [None req-4847deb7-108e-42a3-ab4e-88167580dd94 - - - - - -] OVN reports status up for port: 79844a1b-be27-4486-bbcf-36b81b197092
2026-05-11 11:55:42.177 10 INFO neutron.plugins.ml2.plugin [None req-4847deb7-108e-42a3-ab4e-88167580dd94 - - - - - -] Attempt 1 to provision port 79844a1b-be27-4486-bbcf-36b81b197092
2026-05-11 11:55:42.221 9 INFO neutron.wsgi [None req-26eeea8a-9500-406e-b194-fe76a4a98a8b 3171e015c49f433fba3768c0d52dbe00 0e28dda4b1524e72b35d58b157266fa3 - - default default] 10.0.0.218 "GET /v2.0/networks HTTP/1.1" status: 200 len: 845 time: 0.1285145
2026-05-11 11:55:42.233 9 WARNING neutron_lib.context [None req-c25ede5a-57e9-4910-a0b9-6f70122c460a 3171e015c49f433fba3768c0d52dbe00 0e28dda4b1524e72b35d58b157266fa3 - - default default] Method 'is_advsvc' is deprecated since 2023.2 release (neutron-lib 3.8.0) and will be removed once support for the old RBAC API policies will be removed from Neutron. Please use method 'is_service_role' instead.
2026-05-11 11:55:42.317 9 INFO neutron.db.segments_db [None req-c25ede5a-57e9-4910-a0b9-6f70122c460a 3171e015c49f433fba3768c0d52dbe00 0e28dda4b1524e72b35d58b157266fa3 - - default default] Added segment 397240fb-368d-4d7d-991d-25d6511b8882 of type geneve for network 19be9bb7-7d94-4836-951c-e050c5a60bf2
2026-05-11 11:55:42.352 10 INFO neutron.notifiers.nova [-] Nova event matching ['req-be8a06cd-60f7-469c-848e-7e4c640d5bec'] response: {'server_uuid': '561deca8-7e64-409f-a04c-ca948c5d0a10', 'name': 'network-vif-plugged', 'status': 'completed', 'tag': '79844a1b-be27-4486-bbcf-36b81b197092', 'code': 200}
2026-05-11 11:55:42.359 10 INFO neutron.wsgi [req-d8afce6f-522a-4ed2-9d35-1b147dd942b9 req-3e7097cb-9ad7-45a2-97ee-975bc2a84bb9 7b70f6921a3b408fafba7394830d8e64 eb73c3a10d3a4afab1f0e1c6686dda07 - - default default] 10.0.0.160 "GET /v2.0/ports?device_id=561deca8-7e64-409f-a04c-ca948c5d0a10 HTTP/1.1" status: 200 len: 1172 time: 0.1337500
2026-05-11 11:55:42.417 10 INFO neutron.wsgi [req-d8afce6f-522a-4ed2-9d35-1b147dd942b9 req-12df339c-9d33-49a4-a716-1f028a123cae 7b70f6921a3b408fafba7394830d8e64 eb73c3a10d3a4afab1f0e1c6686dda07 - - default default] 10.0.0.160 "GET /v2.0/security-groups?id=db68413e-82f2-450c-ab76-99165f57d0d8&fields=id&fields=name HTTP/1.1" status: 200 len: 286 time: 0.0478508
2026-05-11 11:55:42.484 9 INFO neutron.db.ovn_revision_numbers_db [None req-c25ede5a-57e9-4910-a0b9-6f70122c460a 3171e015c49f433fba3768c0d52dbe00 0e28dda4b1524e72b35d58b157266fa3 - - default default] Successfully bumped revision number for resource 19be9bb7-7d94-4836-951c-e050c5a60bf2 (type: networks) to 1
2026-05-11 11:55:42.563 10 INFO neutron.db.ovn_revision_numbers_db [None req-4847deb7-108e-42a3-ab4e-88167580dd94 - - - - - -] Successfully bumped revision number for resource 79844a1b-be27-4486-bbcf-36b81b197092 (type: ports) to 4
2026-05-11 11:55:42.673 9 WARNING neutron.scheduler.dhcp_agent_scheduler [None req-c25ede5a-57e9-4910-a0b9-6f70122c460a 3171e015c49f433fba3768c0d52dbe00 0e28dda4b1524e72b35d58b157266fa3 - - default default] No more DHCP agents
2026-05-11 11:55:42.675 9 WARNING neutron.api.rpc.agentnotifiers.dhcp_rpc_agent_api [None req-c25ede5a-57e9-4910-a0b9-6f70122c460a 3171e015c49f433fba3768c0d52dbe00 0e28dda4b1524e72b35d58b157266fa3 - - default default] Unable to schedule network 19be9bb7-7d94-4836-951c-e050c5a60bf2: no agents available; will retry on subsequent port and subnet creation events.
2026-05-11 11:55:42.760 9 INFO neutron.db.ovn_revision_numbers_db [None req-c25ede5a-57e9-4910-a0b9-6f70122c460a 3171e015c49f433fba3768c0d52dbe00 0e28dda4b1524e72b35d58b157266fa3 - - default default] Successfully bumped revision number for resource fbba25fc-6d1e-42d3-b08a-f680f9b13e7e (type: ports) to 1
2026-05-11 11:55:42.786 9 INFO neutron.wsgi [None req-c25ede5a-57e9-4910-a0b9-6f70122c460a 3171e015c49f433fba3768c0d52dbe00 0e28dda4b1524e72b35d58b157266fa3 - - default default] 10.0.0.218 "POST /v2.0/networks HTTP/1.1" status: 201 len: 849 time: 0.5584943
2026-05-11 11:55:42.796 9 WARNING neutron_lib.context [None req-1c7ce490-fbe2-4ef1-bcbc-c6b7cfdff713 3171e015c49f433fba3768c0d52dbe00 0e28dda4b1524e72b35d58b157266fa3 - - default default] Method 'is_advsvc' is deprecated since 2023.2 release (neutron-lib 3.8.0) and will be removed once support for the old RBAC API policies will be removed from Neutron. Please use method 'is_service_role' instead.
2026-05-11 11:55:42.901 9 INFO neutron.db.segments_db [None req-1c7ce490-fbe2-4ef1-bcbc-c6b7cfdff713 3171e015c49f433fba3768c0d52dbe00 0e28dda4b1524e72b35d58b157266fa3 - - default default] Added segment d2f526e7-2dbd-4a86-8b12-18a309788b8e of type geneve for network 56761218-4f40-4bf7-afa4-86d03f58b829
2026-05-11 11:55:43.059 9 INFO neutron.db.ovn_revision_numbers_db [None req-1c7ce490-fbe2-4ef1-bcbc-c6b7cfdff713 3171e015c49f433fba3768c0d52dbe00 0e28dda4b1524e72b35d58b157266fa3 - - default default] Successfully bumped revision number for resource 56761218-4f40-4bf7-afa4-86d03f58b829 (type: networks) to 1
2026-05-11 11:55:43.272 9 WARNING neutron.scheduler.dhcp_agent_scheduler [None req-1c7ce490-fbe2-4ef1-bcbc-c6b7cfdff713 3171e015c49f433fba3768c0d52dbe00 0e28dda4b1524e72b35d58b157266fa3 - - default default] No more DHCP agents
2026-05-11 11:55:43.274 9 WARNING neutron.api.rpc.agentnotifiers.dhcp_rpc_agent_api [None req-1c7ce490-fbe2-4ef1-bcbc-c6b7cfdff713 3171e015c49f433fba3768c0d52dbe00 0e28dda4b1524e72b35d58b157266fa3 - - default default] Unable to schedule network 56761218-4f40-4bf7-afa4-86d03f58b829: no agents available; will retry on subsequent port and subnet creation events.
2026-05-11 11:55:43.373 9 INFO neutron.db.ovn_revision_numbers_db [None req-1c7ce490-fbe2-4ef1-bcbc-c6b7cfdff713 3171e015c49f433fba3768c0d52dbe00 0e28dda4b1524e72b35d58b157266fa3 - - default default] Successfully bumped revision number for resource c5aa4e9a-79ac-44ac-a3e1-78e6f06c270b (type: ports) to 1
2026-05-11 11:55:43.395 9 INFO neutron.wsgi [None req-1c7ce490-fbe2-4ef1-bcbc-c6b7cfdff713 3171e015c49f433fba3768c0d52dbe00 0e28dda4b1524e72b35d58b157266fa3 - - default default] 10.0.0.218 "POST /v2.0/networks HTTP/1.1" status: 201 len: 849 time: 0.6032729
2026-05-11 11:55:43.406 9 WARNING neutron_lib.context [None req-d3490af0-f694-4811-afda-9618fa00edd1 3171e015c49f433fba3768c0d52dbe00 0e28dda4b1524e72b35d58b157266fa3 - - default default] Method 'is_advsvc' is deprecated since 2023.2 release (neutron-lib 3.8.0) and will be removed once support for the old RBAC API policies will be removed from Neutron. Please use method 'is_service_role' instead.
2026-05-11 11:55:43.448 9 WARNING neutron_lib.context [None req-d3490af0-f694-4811-afda-9618fa00edd1 3171e015c49f433fba3768c0d52dbe00 0e28dda4b1524e72b35d58b157266fa3 - - default default] Method 'is_advsvc' is deprecated since 2023.2 release (neutron-lib 3.8.0) and will be removed once support for the old RBAC API policies will be removed from Neutron. Please use method 'is_service_role' instead.
2026-05-11 11:55:43.567 9 INFO neutron.wsgi [req-5195ab9e-8013-41f6-b7c9-0c0605e36d16 req-f621721c-8412-46d6-b549-81a2ab9be975 7b70f6921a3b408fafba7394830d8e64 eb73c3a10d3a4afab1f0e1c6686dda07 - - default default] 10.0.0.160 "GET /v2.0/ports?device_id=561deca8-7e64-409f-a04c-ca948c5d0a10 HTTP/1.1" status: 200 len: 1174 time: 0.0423079
2026-05-11 11:55:43.637 9 INFO neutron.wsgi [req-5195ab9e-8013-41f6-b7c9-0c0605e36d16 req-6aa6be9d-bccc-4d5e-8ebf-7746c88f6f9e 7b70f6921a3b408fafba7394830d8e64 eb73c3a10d3a4afab1f0e1c6686dda07 - - default default] 10.0.0.160 "GET /v2.0/security-groups?id=db68413e-82f2-450c-ab76-99165f57d0d8&fields=id&fields=name HTTP/1.1" status: 200 len: 286 time: 0.0614793
2026-05-11 11:55:43.984 10 INFO neutron.plugins.ml2.drivers.ovn.mech_driver.mech_driver [None req-4847deb7-108e-42a3-ab4e-88167580dd94 - - - - - -] OVN reports status down for port: 79844a1b-be27-4486-bbcf-36b81b197092
2026-05-11 11:55:44.059 9 WARNING neutron.scheduler.dhcp_agent_scheduler [None req-d3490af0-f694-4811-afda-9618fa00edd1 3171e015c49f433fba3768c0d52dbe00 0e28dda4b1524e72b35d58b157266fa3 - - default default] No more DHCP agents
2026-05-11 11:55:44.061 9 WARNING neutron.api.rpc.agentnotifiers.dhcp_rpc_agent_api [None req-d3490af0-f694-4811-afda-9618fa00edd1 3171e015c49f433fba3768c0d52dbe00 0e28dda4b1524e72b35d58b157266fa3 - - default default] Unable to schedule network 19be9bb7-7d94-4836-951c-e050c5a60bf2: no agents available; will retry on subsequent port and subnet creation events.
2026-05-11 11:55:44.130 9 INFO neutron.db.ovn_revision_numbers_db [None req-d3490af0-f694-4811-afda-9618fa00edd1 3171e015c49f433fba3768c0d52dbe00 0e28dda4b1524e72b35d58b157266fa3 - - default default] Successfully bumped revision number for resource 68017a66-4bcc-4ef8-b2c6-60f1077662dd (type: ports) to 1
2026-05-11 11:55:44.160 9 WARNING neutron.scheduler.dhcp_agent_scheduler [None req-d3490af0-f694-4811-afda-9618fa00edd1 3171e015c49f433fba3768c0d52dbe00 0e28dda4b1524e72b35d58b157266fa3 - - default default] No more DHCP agents
2026-05-11 11:55:44.162 9 WARNING neutron.api.rpc.agentnotifiers.dhcp_rpc_agent_api [None req-d3490af0-f694-4811-afda-9618fa00edd1 3171e015c49f433fba3768c0d52dbe00 0e28dda4b1524e72b35d58b157266fa3 - - default default] Unable to schedule network 56761218-4f40-4bf7-afa4-86d03f58b829: no agents available; will retry on subsequent port and subnet creation events. /var/lib/openstack/lib/python3.10/site-packages/pycadf/identifier.py:71: UserWarning: Invalid uuid: neutron. To ensure interoperability, identifiers should be a valid uuid. warnings.warn(('Invalid uuid: %s. To ensure interoperability, '
2026-05-11 11:55:44.219 10 INFO neutron.services.segments.plugin [-] Segment 240dde97-13a4-44c6-bb1e-b4ed7474051d resource provider aggregate not found
2026-05-11 11:55:44.230 10 INFO neutron.services.segments.plugin [-] Segment 240dde97-13a4-44c6-bb1e-b4ed7474051d resource provider aggregate not found
2026-05-11 11:55:44.242 10 INFO neutron.services.segments.plugin [-] Segment 240dde97-13a4-44c6-bb1e-b4ed7474051d resource provider not found; error: Placement Client Error (4xx): {"errors": [{"status": 404, "title": "Not Found", "detail": "The resource could not be found.\n\n No resource provider with uuid 240dde97-13a4-44c6-bb1e-b4ed7474051d found for delete ", "request_id": "req-ac16b9ad-ddfe-4aef-ac90-43fb68293e84"}]}
2026-05-11 11:55:44.253 10 INFO neutron.services.segments.plugin [-] Segment 240dde97-13a4-44c6-bb1e-b4ed7474051d resource provider not found; error: Placement Client Error (4xx): {"errors": [{"status": 404, "title": "Not Found", "detail": "The resource could not be found.\n\n No resource provider with uuid 240dde97-13a4-44c6-bb1e-b4ed7474051d found for delete ", "request_id": "req-61f418a7-6fdc-4141-9c50-dc9edfabd83a"}]}
2026-05-11 11:55:44.260 10 INFO neutron.wsgi [req-57defbd6-ec16-4ce6-b3c8-d7931d8e5ae4 req-f326fd99-aee0-4b86-961e-841feda7698e 7b70f6921a3b408fafba7394830d8e64 eb73c3a10d3a4afab1f0e1c6686dda07 - - default default] 10.0.0.160 "GET /v2.0/ports?device_id=561deca8-7e64-409f-a04c-ca948c5d0a10 HTTP/1.1" status: 200 len: 1174 time: 0.2756855
2026-05-11 11:55:44.260 9 INFO neutron.db.ovn_revision_numbers_db [None req-d3490af0-f694-4811-afda-9618fa00edd1 3171e015c49f433fba3768c0d52dbe00 0e28dda4b1524e72b35d58b157266fa3 - - default default] Successfully bumped revision number for resource 72490025-62f4-4ddd-97d0-7bea407c33ab (type: ports) to 1
2026-05-11 11:55:44.290 9 INFO neutron.wsgi [None req-d3490af0-f694-4811-afda-9618fa00edd1 3171e015c49f433fba3768c0d52dbe00 0e28dda4b1524e72b35d58b157266fa3 - - default default] 10.0.0.218 "POST /v2.0/ports HTTP/1.1" status: 201 len: 1706 time: 0.8890991 /var/lib/openstack/lib/python3.10/site-packages/pycadf/identifier.py:71: UserWarning: Invalid uuid: neutron. To ensure interoperability, identifiers should be a valid uuid. warnings.warn(('Invalid uuid: %s. To ensure interoperability, '
2026-05-11 11:55:44.317 10 INFO neutron.wsgi [req-57defbd6-ec16-4ce6-b3c8-d7931d8e5ae4 req-3a9938c8-2a4e-4da9-afc6-dc7fc21f3e51 7b70f6921a3b408fafba7394830d8e64 eb73c3a10d3a4afab1f0e1c6686dda07 - - default default] 10.0.0.160 "GET /v2.0/security-groups?id=db68413e-82f2-450c-ab76-99165f57d0d8&fields=id&fields=name HTTP/1.1" status: 200 len: 286 time: 0.0497751
2026-05-11 11:55:44.374 10 INFO neutron.wsgi [req-e8041592-e715-461e-b5fa-2bfe680df050 req-b4463f9e-6846-40a3-90b5-7ddd7e88f868 7b70f6921a3b408fafba7394830d8e64 eb73c3a10d3a4afab1f0e1c6686dda07 - - default default] 199.19.213.54 "GET /v2.0/ports?device_id=561deca8-7e64-409f-a04c-ca948c5d0a10 HTTP/1.1" status: 200 len: 1174 time: 0.0468178
2026-05-11 11:55:44.398 10 INFO neutron.notifiers.nova [-] Nova event matching ['req-e9e16732-3631-4b7d-b1bb-49af084e4342'] response: {'server_uuid': '561deca8-7e64-409f-a04c-ca948c5d0a10', 'name': 'network-vif-plugged', 'status': 'completed', 'tag': '79844a1b-be27-4486-bbcf-36b81b197092', 'code': 200}
2026-05-11 11:55:44.438 9 INFO neutron.wsgi [None req-dbe2db85-c5dd-4466-aed8-86647414a54f 3171e015c49f433fba3768c0d52dbe00 0e28dda4b1524e72b35d58b157266fa3 - - default default] 10.0.0.218 "GET /v2.0/ports HTTP/1.1" status: 200 len: 3213 time: 0.1405213
2026-05-11 11:55:44.608 10 INFO neutron.db.ovn_revision_numbers_db [None req-4847deb7-108e-42a3-ab4e-88167580dd94 - - - - - -] Successfully bumped revision number for resource 79844a1b-be27-4486-bbcf-36b81b197092 (type: ports) to 5
2026-05-11 11:55:44.725 10 INFO neutron.wsgi [req-e8041592-e715-461e-b5fa-2bfe680df050 req-52142f85-b338-4ec2-8de6-0f0eefec292a 7b70f6921a3b408fafba7394830d8e64 eb73c3a10d3a4afab1f0e1c6686dda07 - - default default] 199.19.213.54 "DELETE /v2.0/ports/79844a1b-be27-4486-bbcf-36b81b197092 HTTP/1.1" status: 204 len: 173 time: 0.3467562
2026-05-11 11:55:44.735 9 INFO neutron.wsgi [None req-a75e53fb-bef8-4b92-b35c-2e71c2c845bf 3171e015c49f433fba3768c0d52dbe00 0e28dda4b1524e72b35d58b157266fa3 - - default default] 10.0.0.218 "DELETE /v2.0/ports/68017a66-4bcc-4ef8-b2c6-60f1077662dd HTTP/1.1" status: 204 len: 168 time: 0.2911062
2026-05-11 11:55:44.988 9 INFO neutron.wsgi [None req-4e89a9f3-05c1-4a98-977f-32a009a3a457 3171e015c49f433fba3768c0d52dbe00 0e28dda4b1524e72b35d58b157266fa3 - - default default] 10.0.0.218 "DELETE /v2.0/ports/72490025-62f4-4ddd-97d0-7bea407c33ab HTTP/1.1" status: 204 len: 168 time: 0.2491894
2026-05-11 11:55:45.037 9 INFO neutron.wsgi [None req-b7b751be-b649-46b0-97af-a958cb8e7b5f 3171e015c49f433fba3768c0d52dbe00 0e28dda4b1524e72b35d58b157266fa3 - - default default] 10.0.0.218 "GET /v2.0/ports HTTP/1.1" status: 200 len: 1718 time: 0.0447598
2026-05-11 11:55:45.047 9 WARNING neutron_lib.context [None req-e10ae1b6-8106-4107-8eb1-a8f196a4f725 3171e015c49f433fba3768c0d52dbe00 0e28dda4b1524e72b35d58b157266fa3 - - default default] Method 'is_advsvc' is deprecated since 2023.2 release (neutron-lib 3.8.0) and will be removed once support for the old RBAC API policies will be removed from Neutron. Please use method 'is_service_role' instead.
2026-05-11 11:55:45.137 9 INFO neutron.db.segments_db [None req-e10ae1b6-8106-4107-8eb1-a8f196a4f725 3171e015c49f433fba3768c0d52dbe00 0e28dda4b1524e72b35d58b157266fa3 - - default default] Added segment f53f1f92-dc3f-45f8-b83c-da358d522839 of type geneve for network 4f5de35d-e8ef-4c3c-9e85-5a9b0089ee2f /var/lib/openstack/lib/python3.10/site-packages/pycadf/identifier.py:71: UserWarning: Invalid uuid: neutron. To ensure interoperability, identifiers should be a valid uuid. warnings.warn(('Invalid uuid: %s. To ensure interoperability, '
2026-05-11 11:55:45.270 9 INFO neutron.db.ovn_revision_numbers_db [None req-e10ae1b6-8106-4107-8eb1-a8f196a4f725 3171e015c49f433fba3768c0d52dbe00 0e28dda4b1524e72b35d58b157266fa3 - - default default] Successfully bumped revision number for resource 4f5de35d-e8ef-4c3c-9e85-5a9b0089ee2f (type: networks) to 1
