2026-05-11 11:55:54.376 9 INFO neutron.db.ovn_revision_numbers_db [None req-85bd6c8f-61e2-4607-b347-dd7ad25835be f3f5f97eb76249029e44a4126801718c 6e9ff99e9b384559865da5526608b358 - - default default] Successfully bumped revision number for resource e1422105-b932-40fb-82ae-97d6b0464847 (type: security_group_rules) to 0
2026-05-11 11:55:54.396 9 INFO neutron.wsgi [None req-85bd6c8f-61e2-4607-b347-dd7ad25835be f3f5f97eb76249029e44a4126801718c 6e9ff99e9b384559865da5526608b358 - - default default] 10.0.0.218 "GET /v2.0/security-groups?tenant_id=c6c6adb16f6f4178b61edd1be410a144&name=default HTTP/1.1" status: 200 len: 3120 time: 0.3370254
2026-05-11 11:55:54.529 10 INFO neutron.db.ovn_revision_numbers_db [None req-12ae421b-79c6-4078-b618-221b6aa594dd be11c103ba434eb9a2526eb39f1570a4 4e6e99e5823c4bf396401c8aef11a8b9 - - default default] Successfully bumped revision number for resource 55a2d5d6-7c82-4bc2-8d01-d1ff8e6c86d2 (type: security_groups) to 1
2026-05-11 11:55:54.541 10 INFO neutron.db.ovn_revision_numbers_db [None req-12ae421b-79c6-4078-b618-221b6aa594dd be11c103ba434eb9a2526eb39f1570a4 4e6e99e5823c4bf396401c8aef11a8b9 - - default default] Successfully bumped revision number for resource 59f39271-ef79-4fb5-a459-fbd567de423d (type: security_group_rules) to 0
2026-05-11 11:55:54.556 10 INFO neutron.db.ovn_revision_numbers_db [None req-12ae421b-79c6-4078-b618-221b6aa594dd be11c103ba434eb9a2526eb39f1570a4 4e6e99e5823c4bf396401c8aef11a8b9 - - default default] Successfully bumped revision number for resource 8d31283d-51ed-4229-8f91-5017a1334c68 (type: security_group_rules) to 0
2026-05-11 11:55:54.574 10 INFO neutron.db.ovn_revision_numbers_db [None req-12ae421b-79c6-4078-b618-221b6aa594dd be11c103ba434eb9a2526eb39f1570a4 4e6e99e5823c4bf396401c8aef11a8b9 - - default default] Successfully bumped revision number for resource c2eeb868-dbd1-4d0f-8dd8-af9e9f7c5424 (type: security_group_rules) to 0
2026-05-11 11:55:54.590 10 INFO neutron.db.ovn_revision_numbers_db [None req-12ae421b-79c6-4078-b618-221b6aa594dd be11c103ba434eb9a2526eb39f1570a4 4e6e99e5823c4bf396401c8aef11a8b9 - - default default] Successfully bumped revision number for resource dd4370ed-e5bd-4f53-92a5-2616786a1631 (type: security_group_rules) to 0
2026-05-11 11:55:54.619 9 INFO neutron.wsgi [None req-7759ff2a-7c78-4383-a38e-6c9f637ca81e f3f5f97eb76249029e44a4126801718c 6e9ff99e9b384559865da5526608b358 - - default default] 10.0.0.218 "DELETE /v2.0/security-groups/f13bd0fa-1f2f-45c0-b270-a21519b4590b HTTP/1.1" status: 204 len: 168 time: 0.2166710
2026-05-11 11:55:54.644 10 INFO neutron.db.segments_db [None req-12ae421b-79c6-4078-b618-221b6aa594dd be11c103ba434eb9a2526eb39f1570a4 4e6e99e5823c4bf396401c8aef11a8b9 - - default default] Added segment 73f9301f-3c8c-4e0d-a49f-0844f01244b7 of type geneve for network 67782c44-ca06-47bc-9932-80cfc4a888c6
2026-05-11 11:55:54.788 10 INFO neutron.db.ovn_revision_numbers_db [None req-12ae421b-79c6-4078-b618-221b6aa594dd be11c103ba434eb9a2526eb39f1570a4 4e6e99e5823c4bf396401c8aef11a8b9 - - default default] Successfully bumped revision number for resource 67782c44-ca06-47bc-9932-80cfc4a888c6 (type: networks) to 1
2026-05-11 11:55:54.837 9 INFO neutron.notifiers.nova [-] Nova event matching ['req-9eaa2483-671e-42af-b7c9-d36b5e7905b0'] response: {'server_uuid': '91764d59-2423-4065-800e-658904172cd0', 'name': 'network-vif-unplugged', 'status': 'completed', 'tag': '5d0d9e70-d907-4b1d-a2b5-1bdc21684076', 'code': 200}
2026-05-11 11:55:54.837 9 INFO neutron.notifiers.nova [-] Nova event matching ['req-9eaa2483-671e-42af-b7c9-d36b5e7905b0'] response: {'server_uuid': '91764d59-2423-4065-800e-658904172cd0', 'name': 'network-vif-deleted', 'tag': '5d0d9e70-d907-4b1d-a2b5-1bdc21684076', 'status': 'completed', 'code': 200}
2026-05-11 11:55:54.848 9 INFO neutron.db.ovn_revision_numbers_db [None req-20d33b32-555c-4ea9-9141-52b169e67484 f3f5f97eb76249029e44a4126801718c 6e9ff99e9b384559865da5526608b358 - - default default] Successfully bumped revision number for resource 63e5957c-f8b4-465c-8762-f0f6a72d1e7e (type: security_groups) to 1
2026-05-11 11:55:54.869 9 INFO neutron.db.ovn_revision_numbers_db [None req-20d33b32-555c-4ea9-9141-52b169e67484 f3f5f97eb76249029e44a4126801718c 6e9ff99e9b384559865da5526608b358 - - default default] Successfully bumped revision number for resource 7d22566e-fd9f-4f9e-bd9d-fa9e0b8a61d0 (type: security_group_rules) to 0
2026-05-11 11:55:54.889 9 INFO neutron.db.ovn_revision_numbers_db [None req-20d33b32-555c-4ea9-9141-52b169e67484 f3f5f97eb76249029e44a4126801718c 6e9ff99e9b384559865da5526608b358 - - default default] Successfully bumped revision number for resource 92c4bac9-6106-4813-ad5f-0a8b9cdcec6e (type: security_group_rules) to 0
2026-05-11 11:55:54.917 9 INFO neutron.db.ovn_revision_numbers_db [None req-20d33b32-555c-4ea9-9141-52b169e67484 f3f5f97eb76249029e44a4126801718c 6e9ff99e9b384559865da5526608b358 - - default default] Successfully bumped revision number for resource b1572582-5268-4d01-8bdf-e804d12d2426 (type: security_group_rules) to 0
2026-05-11 11:55:54.937 9 INFO neutron.db.ovn_revision_numbers_db [None req-20d33b32-555c-4ea9-9141-52b169e67484 f3f5f97eb76249029e44a4126801718c 6e9ff99e9b384559865da5526608b358 - - default default] Successfully bumped revision number for resource bae65b17-248a-4c34-8181-426a246363bc (type: security_group_rules) to 0
2026-05-11 11:55:54.966 9 INFO neutron.wsgi [None req-20d33b32-555c-4ea9-9141-52b169e67484 f3f5f97eb76249029e44a4126801718c 6e9ff99e9b384559865da5526608b358 - - default default] 10.0.0.218 "GET /v2.0/security-groups?tenant_id=a7086a41a28944998c934f0280937928&name=default HTTP/1.1" status: 200 len: 3120 time: 0.2480567
2026-05-11 11:55:54.986 10 WARNING neutron.scheduler.dhcp_agent_scheduler [None req-12ae421b-79c6-4078-b618-221b6aa594dd be11c103ba434eb9a2526eb39f1570a4 4e6e99e5823c4bf396401c8aef11a8b9 - - default default] No more DHCP agents
2026-05-11 11:55:54.987 10 WARNING neutron.api.rpc.agentnotifiers.dhcp_rpc_agent_api [None req-12ae421b-79c6-4078-b618-221b6aa594dd be11c103ba434eb9a2526eb39f1570a4 4e6e99e5823c4bf396401c8aef11a8b9 - - default default] Unable to schedule network 67782c44-ca06-47bc-9932-80cfc4a888c6: no agents available; will retry on subsequent port and subnet creation events.
2026-05-11 11:55:55.057 9 INFO neutron.wsgi [None req-3e7952fd-bf96-49b9-b0f4-81ad0701bb53 f677529136794d5a92b70cc13430f7f0 ddd2a7c5e0cc4e60955bb9135e60d7b3 - - default default] 10.0.0.218 "DELETE /v2.0/security-groups/8cd2e097-4741-4b2e-aa58-2c14288b25c2 HTTP/1.1" status: 204 len: 168 time: 0.2002375
2026-05-11 11:55:55.065 10 INFO neutron.db.ovn_revision_numbers_db [None req-12ae421b-79c6-4078-b618-221b6aa594dd be11c103ba434eb9a2526eb39f1570a4 4e6e99e5823c4bf396401c8aef11a8b9 - - default default] Successfully bumped revision number for resource b38527c8-0f08-4d64-bc28-c89ae5c0aa2d (type: ports) to 1
2026-05-11 11:55:55.075 9 INFO neutron.api.v2.resource [None req-f9e7d51c-7e5e-4d91-afbb-8b7d5f26905f f677529136794d5a92b70cc13430f7f0 ddd2a7c5e0cc4e60955bb9135e60d7b3 - - default default] show failed (client error): The resource could not be found.
2026-05-11 11:55:55.077 9 INFO neutron.wsgi [None req-f9e7d51c-7e5e-4d91-afbb-8b7d5f26905f f677529136794d5a92b70cc13430f7f0 ddd2a7c5e0cc4e60955bb9135e60d7b3 - - default default] 10.0.0.218 "GET /v2.0/security-groups/8cd2e097-4741-4b2e-aa58-2c14288b25c2 HTTP/1.1" status: 404 len: 347 time: 0.0149789
2026-05-11 11:55:55.087 10 INFO neutron.wsgi [None req-12ae421b-79c6-4078-b618-221b6aa594dd be11c103ba434eb9a2526eb39f1570a4 4e6e99e5823c4bf396401c8aef11a8b9 - - default default] 10.0.0.218 "POST /v2.0/networks HTTP/1.1" status: 201 len: 841 time: 0.7946916
2026-05-11 11:55:55.126 10 WARNING neutron_lib.context [None req-70fda9f0-d196-4c44-b103-0b987b4f5042 be11c103ba434eb9a2526eb39f1570a4 4e6e99e5823c4bf396401c8aef11a8b9 - - default default] Method 'is_advsvc' is deprecated since 2023.2 release (neutron-lib 3.8.0) and will be removed once support for the old RBAC API policies will be removed from Neutron. Please use method 'is_service_role' instead.
2026-05-11 11:55:55.301 9 INFO neutron.wsgi [None req-9f9fd81c-c1b3-4254-8e9f-7b379a5dae1b f3f5f97eb76249029e44a4126801718c 6e9ff99e9b384559865da5526608b358 - - default default] 10.0.0.218 "DELETE /v2.0/security-groups/63e5957c-f8b4-465c-8762-f0f6a72d1e7e HTTP/1.1" status: 204 len: 168 time: 0.3298140
2026-05-11 11:55:55.462 9 INFO neutron.wsgi [None req-feb63fb3-a494-47cb-b875-b46b56531a96 f677529136794d5a92b70cc13430f7f0 ddd2a7c5e0cc4e60955bb9135e60d7b3 - - default default] 10.0.0.218 "DELETE /v2.0/floatingips/8ba4a1e8-8a54-484a-9a66-312c5b01da41 HTTP/1.1" status: 204 len: 168 time: 0.3821967
2026-05-11 11:55:55.598 10 WARNING neutron.scheduler.dhcp_agent_scheduler [None req-70fda9f0-d196-4c44-b103-0b987b4f5042 be11c103ba434eb9a2526eb39f1570a4 4e6e99e5823c4bf396401c8aef11a8b9 - - default default] No more DHCP agents
2026-05-11 11:55:55.602 10 WARNING neutron.api.rpc.agentnotifiers.dhcp_rpc_agent_api [None req-70fda9f0-d196-4c44-b103-0b987b4f5042 be11c103ba434eb9a2526eb39f1570a4 4e6e99e5823c4bf396401c8aef11a8b9 - - default default] Unable to schedule network 67782c44-ca06-47bc-9932-80cfc4a888c6: no agents available; will retry on subsequent port and subnet creation events.
2026-05-11 11:55:56.126 10 INFO neutron.db.ovn_revision_numbers_db [None req-70fda9f0-d196-4c44-b103-0b987b4f5042 be11c103ba434eb9a2526eb39f1570a4 4e6e99e5823c4bf396401c8aef11a8b9 - - default default] Successfully bumped revision number for resource b38527c8-0f08-4d64-bc28-c89ae5c0aa2d (type: ports) to 2
2026-05-11 11:55:56.159 10 INFO neutron.db.ovn_revision_numbers_db [None req-70fda9f0-d196-4c44-b103-0b987b4f5042 be11c103ba434eb9a2526eb39f1570a4 4e6e99e5823c4bf396401c8aef11a8b9 - - default default] Successfully bumped revision number for resource 505121f5-a06b-47fc-995d-3ba0c856f1fb (type: subnets) to 0
2026-05-11 11:55:56.176 10 INFO neutron.wsgi [None req-70fda9f0-d196-4c44-b103-0b987b4f5042 be11c103ba434eb9a2526eb39f1570a4 4e6e99e5823c4bf396401c8aef11a8b9 - - default default] 10.0.0.218 "POST /v2.0/subnets HTTP/1.1" status: 201 len: 816 time: 1.0559921
2026-05-11 11:55:56.188 10 WARNING neutron_lib.context [None req-741f6ba9-28dc-40e2-ba2b-a95fe145bd74 be11c103ba434eb9a2526eb39f1570a4 4e6e99e5823c4bf396401c8aef11a8b9 - - default default] Method 'is_advsvc' is deprecated since 2023.2 release (neutron-lib 3.8.0) and will be removed once support for the old RBAC API policies will be removed from Neutron. Please use method 'is_service_role' instead.
2026-05-11 11:55:56.274 10 INFO neutron.db.segments_db [None req-741f6ba9-28dc-40e2-ba2b-a95fe145bd74 be11c103ba434eb9a2526eb39f1570a4 4e6e99e5823c4bf396401c8aef11a8b9 - - default default] Added segment fc60f453-e9a1-45ab-a18f-c5236baedcf3 of type geneve for network ae9278b5-89e5-4b25-96de-6029d2082991
2026-05-11 11:55:56.417 10 INFO neutron.db.ovn_revision_numbers_db [None req-741f6ba9-28dc-40e2-ba2b-a95fe145bd74 be11c103ba434eb9a2526eb39f1570a4 4e6e99e5823c4bf396401c8aef11a8b9 - - default default] Successfully bumped revision number for resource ae9278b5-89e5-4b25-96de-6029d2082991 (type: networks) to 1
2026-05-11 11:55:56.579 10 WARNING neutron.scheduler.dhcp_agent_scheduler [None req-741f6ba9-28dc-40e2-ba2b-a95fe145bd74 be11c103ba434eb9a2526eb39f1570a4 4e6e99e5823c4bf396401c8aef11a8b9 - - default default] No more DHCP agents
2026-05-11 11:55:56.581 10 WARNING neutron.api.rpc.agentnotifiers.dhcp_rpc_agent_api [None req-741f6ba9-28dc-40e2-ba2b-a95fe145bd74 be11c103ba434eb9a2526eb39f1570a4 4e6e99e5823c4bf396401c8aef11a8b9 - - default default] Unable to schedule network ae9278b5-89e5-4b25-96de-6029d2082991: no agents available; will retry on subsequent port and subnet creation events.
2026-05-11 11:55:56.671 10 INFO neutron.db.ovn_revision_numbers_db [None req-741f6ba9-28dc-40e2-ba2b-a95fe145bd74 be11c103ba434eb9a2526eb39f1570a4 4e6e99e5823c4bf396401c8aef11a8b9 - - default default] Successfully bumped revision number for resource 749c51be-d751-42a5-a2d3-9cc3e3a26c9d (type: ports) to 1
2026-05-11 11:55:56.695 10 INFO neutron.wsgi [None req-741f6ba9-28dc-40e2-ba2b-a95fe145bd74 be11c103ba434eb9a2526eb39f1570a4 4e6e99e5823c4bf396401c8aef11a8b9 - - default default] 10.0.0.218 "POST /v2.0/networks HTTP/1.1" status: 201 len: 842 time: 0.5116403
2026-05-11 11:55:56.917 10 INFO neutron.db.ovn_revision_numbers_db [None req-5d2c39b6-ab4a-4d82-8b0d-85d6c009b71e be11c103ba434eb9a2526eb39f1570a4 4e6e99e5823c4bf396401c8aef11a8b9 - - default default] Successfully bumped revision number for resource ae9278b5-89e5-4b25-96de-6029d2082991 (type: networks) to 2
2026-05-11 11:55:56.921 10 INFO neutron.wsgi [None req-5d2c39b6-ab4a-4d82-8b0d-85d6c009b71e be11c103ba434eb9a2526eb39f1570a4 4e6e99e5823c4bf396401c8aef11a8b9 - - default default] 10.0.0.218 "PUT /v2.0/networks/ae9278b5-89e5-4b25-96de-6029d2082991 HTTP/1.1" status: 200 len: 792 time: 0.2214258
2026-05-11 11:55:56.930 10 WARNING neutron_lib.context [None req-b34c3e9b-5634-4643-832c-6a4e348d16b8 be11c103ba434eb9a2526eb39f1570a4 4e6e99e5823c4bf396401c8aef11a8b9 - - default default] Method 'is_advsvc' is deprecated since 2023.2 release (neutron-lib 3.8.0) and will be removed once support for the old RBAC API policies will be removed from Neutron. Please use method 'is_service_role' instead.
2026-05-11 11:55:56.959 9 INFO neutron.wsgi [None req-788fc44f-d5dd-48e8-82d1-950ecc004f3c f3f5f97eb76249029e44a4126801718c 6e9ff99e9b384559865da5526608b358 - - default default] 10.0.0.218 "PUT /v2.0/routers/73cb4769-1793-43c4-b8ab-e25284803f6c/remove_router_interface HTTP/1.1" status: 200 len: 503 time: 1.4243424 /var/lib/openstack/lib/python3.10/site-packages/pycadf/identifier.py:71: UserWarning: Invalid uuid: neutron. To ensure interoperability, identifiers should be a valid uuid. warnings.warn(('Invalid uuid: %s. To ensure interoperability, '
2026-05-11 11:55:57.192 10 WARNING neutron.scheduler.dhcp_agent_scheduler [None req-b34c3e9b-5634-4643-832c-6a4e348d16b8 be11c103ba434eb9a2526eb39f1570a4 4e6e99e5823c4bf396401c8aef11a8b9 - - default default] No more DHCP agents
2026-05-11 11:55:57.195 10 WARNING neutron.api.rpc.agentnotifiers.dhcp_rpc_agent_api [None req-b34c3e9b-5634-4643-832c-6a4e348d16b8 be11c103ba434eb9a2526eb39f1570a4 4e6e99e5823c4bf396401c8aef11a8b9 - - default default] Unable to schedule network ae9278b5-89e5-4b25-96de-6029d2082991: no agents available; will retry on subsequent port and subnet creation events.
2026-05-11 11:55:57.681 10 INFO neutron.db.ovn_revision_numbers_db [None req-b34c3e9b-5634-4643-832c-6a4e348d16b8 be11c103ba434eb9a2526eb39f1570a4 4e6e99e5823c4bf396401c8aef11a8b9 - - default default] Successfully bumped revision number for resource 749c51be-d751-42a5-a2d3-9cc3e3a26c9d (type: ports) to 2
2026-05-11 11:55:57.716 10 INFO neutron.db.ovn_revision_numbers_db [None req-b34c3e9b-5634-4643-832c-6a4e348d16b8 be11c103ba434eb9a2526eb39f1570a4 4e6e99e5823c4bf396401c8aef11a8b9 - - default default] Successfully bumped revision number for resource 21219f77-77f8-4138-b758-8cfd4129085b (type: subnets) to 0
2026-05-11 11:55:57.736 10 INFO neutron.wsgi [None req-b34c3e9b-5634-4643-832c-6a4e348d16b8 be11c103ba434eb9a2526eb39f1570a4 4e6e99e5823c4bf396401c8aef11a8b9 - - default default] 10.0.0.218 "POST /v2.0/subnets HTTP/1.1" status: 201 len: 801 time: 0.8109639
2026-05-11 11:55:57.822 9 INFO neutron.wsgi [None req-cac4951a-24a9-499f-b290-f8e858e4c8fc f3f5f97eb76249029e44a4126801718c 6e9ff99e9b384559865da5526608b358 - - default default] 10.0.0.218 "DELETE /v2.0/routers/73cb4769-1793-43c4-b8ab-e25284803f6c HTTP/1.1" status: 204 len: 168 time: 0.8587570
2026-05-11 11:55:58.158 10 INFO neutron.wsgi [None req-aa6eb678-2b3a-4507-b239-1bf2d0748158 f3f5f97eb76249029e44a4126801718c 6e9ff99e9b384559865da5526608b358 - - default default] 10.0.0.218 "DELETE /v2.0/subnets/424460a3-be3f-4570-a144-ad692543ff80 HTTP/1.1" status: 204 len: 168 time: 0.3308747
2026-05-11 11:55:58.169 10 INFO neutron.db.ovn_revision_numbers_db [None req-3b7c2945-7cd5-41db-b4d8-ba8fc713ff55 be11c103ba434eb9a2526eb39f1570a4 4e6e99e5823c4bf396401c8aef11a8b9 - - default default] Successfully bumped revision number for resource 21219f77-77f8-4138-b758-8cfd4129085b (type: subnets) to 1
2026-05-11 11:55:58.173 10 INFO neutron.wsgi [None req-3b7c2945-7cd5-41db-b4d8-ba8fc713ff55 be11c103ba434eb9a2526eb39f1570a4 4e6e99e5823c4bf396401c8aef11a8b9 - - default default] 10.0.0.218 "PUT /v2.0/subnets/21219f77-77f8-4138-b758-8cfd4129085b HTTP/1.1" status: 200 len: 806 time: 0.4323804
2026-05-11 11:55:58.499 10 INFO neutron.services.segments.plugin [-] Segment 0919b9af-edc9-4f90-9263-41af74d6f1eb resource provider aggregate not found
2026-05-11 11:55:58.504 10 INFO neutron.services.segments.plugin [-] Segment 0919b9af-edc9-4f90-9263-41af74d6f1eb resource provider aggregate not found
2026-05-11 11:55:58.528 10 INFO neutron.services.segments.plugin [-] Segment 0919b9af-edc9-4f90-9263-41af74d6f1eb resource provider not found; error: Placement Client Error (4xx): {"errors": [{"status": 404, "title": "Not Found", "detail": "The resource could not be found.\n\n No resource provider with uuid 0919b9af-edc9-4f90-9263-41af74d6f1eb found for delete ", "request_id": "req-d6c805c0-a99e-48f8-9d68-f2169c16817b"}]}
2026-05-11 11:55:58.529 10 INFO neutron.services.segments.plugin [-] Segment 0919b9af-edc9-4f90-9263-41af74d6f1eb resource provider not found; error: Placement Client Error (4xx): {"errors": [{"status": 404, "title": "Not Found", "detail": "The resource could not be found.\n\n No resource provider with uuid 0919b9af-edc9-4f90-9263-41af74d6f1eb found for delete ", "request_id": "req-e8226547-56d1-485f-a62b-4a7beffa1fd6"}]}
2026-05-11 11:55:58.553 10 INFO neutron.wsgi [None req-a902c862-42f1-496b-ae94-64216b4fcd77 f3f5f97eb76249029e44a4126801718c 6e9ff99e9b384559865da5526608b358 - - default default] 10.0.0.218 "DELETE /v2.0/networks/07d6a17a-182e-4a2e-b6ec-516189fec039 HTTP/1.1" status: 204 len: 168 time: 0.3896708
2026-05-11 11:55:58.653 9 INFO neutron.services.segments.plugin [-] Segment fc60f453-e9a1-45ab-a18f-c5236baedcf3 resource provider aggregate not found
2026-05-11 11:55:58.657 9 INFO neutron.services.segments.plugin [-] Segment fc60f453-e9a1-45ab-a18f-c5236baedcf3 resource provider aggregate not found
2026-05-11 11:55:58.667 9 INFO neutron.services.segments.plugin [-] Segment fc60f453-e9a1-45ab-a18f-c5236baedcf3 resource provider not found; error: Placement Client Error (4xx): {"errors": [{"status": 404, "title": "Not Found", "detail": "The resource could not be found.\n\n No resource provider with uuid fc60f453-e9a1-45ab-a18f-c5236baedcf3 found for delete ", "request_id": "req-3e84cfc2-91ff-4687-b11f-9e44fb2a5926"}]}
2026-05-11 11:55:58.673 9 INFO neutron.services.segments.plugin [-] Segment fc60f453-e9a1-45ab-a18f-c5236baedcf3 resource provider not found; error: Placement Client Error (4xx): {"errors": [{"status": 404, "title": "Not Found", "detail": "The resource could not be found.\n\n No resource provider with uuid fc60f453-e9a1-45ab-a18f-c5236baedcf3 found for delete ", "request_id": "req-4636dd73-24ef-47e7-84d8-095ed38f83dc"}]}
2026-05-11 11:55:58.689 9 INFO neutron.wsgi [None req-2efd8b91-6d42-483a-ac6f-0e374911a846 be11c103ba434eb9a2526eb39f1570a4 4e6e99e5823c4bf396401c8aef11a8b9 - - default default] 10.0.0.218 "DELETE /v2.0/networks/ae9278b5-89e5-4b25-96de-6029d2082991 HTTP/1.1" status: 204 len: 168 time: 0.5110073
2026-05-11 11:55:58.712 10 INFO neutron.pecan_wsgi.hooks.translation [None req-3befae9a-77da-4106-8ce2-376241f49747 be11c103ba434eb9a2526eb39f1570a4 4e6e99e5823c4bf396401c8aef11a8b9 - - default default] DELETE failed (client error): The resource could not be found.
2026-05-11 11:55:58.714 10 INFO neutron.wsgi [None req-3befae9a-77da-4106-8ce2-376241f49747 be11c103ba434eb9a2526eb39f1570a4 4e6e99e5823c4bf396401c8aef11a8b9 - - default default] 10.0.0.218 "DELETE /v2.0/networks/ae9278b5-89e5-4b25-96de-6029d2082991 HTTP/1.1" status: 404 len: 339 time: 0.0193620
2026-05-11 11:55:58.787 9 INFO neutron.wsgi [None req-6330fca9-3651-4939-a31d-a70fb44a3046 f3f5f97eb76249029e44a4126801718c 6e9ff99e9b384559865da5526608b358 - - default default] 10.0.0.218 "GET /v2.0/security-groups?tenant_id=ddd2a7c5e0cc4e60955bb9135e60d7b3&name=default HTTP/1.1" status: 200 len: 3120 time: 0.0371070
2026-05-11 11:55:58.824 10 INFO neutron.wsgi [None req-ba646c9d-0fbc-4939-ae92-2531aa5f2ff8 be11c103ba434eb9a2526eb39f1570a4 4e6e99e5823c4bf396401c8aef11a8b9 - - default default] 10.0.0.218 "GET /v2.0/networks?router%3Aexternal=True HTTP/1.1" status: 200 len: 845 time: 0.1022103
2026-05-11 11:55:58.865 10 INFO neutron.wsgi [None req-02e17f47-a1ce-4fcc-9ffb-ac5ea10a6903 be11c103ba434eb9a2526eb39f1570a4 4e6e99e5823c4bf396401c8aef11a8b9 - - default default] 10.0.0.218 "GET /v2.0/subnets?network_id=9ad427e5-221d-4e35-bd47-d79ef14f1049 HTTP/1.1" status: 200 len: 820 time: 0.0359395
2026-05-11 11:55:58.876 10 INFO neutron.wsgi [None req-c6d32c4e-b6f3-4422-a12a-31189718a241 be11c103ba434eb9a2526eb39f1570a4 4e6e99e5823c4bf396401c8aef11a8b9 - - default default] 10.0.0.218 "GET /v2.0/extensions HTTP/1.1" status: 200 len: 18678 time: 0.0060790
2026-05-11 11:55:58.940 10 INFO neutron.wsgi [None req-8f54f93d-07dc-4c49-99bc-35f32b5a353d be11c103ba434eb9a2526eb39f1570a4 4e6e99e5823c4bf396401c8aef11a8b9 - - default default] 10.0.0.218 "GET /v2.0/networks HTTP/1.1" status: 200 len: 1502 time: 0.0591104
2026-05-11 11:55:58.996 9 INFO neutron.wsgi [None req-29bc1d62-b638-4357-9b3f-c24e2d7cfd2b f3f5f97eb76249029e44a4126801718c 6e9ff99e9b384559865da5526608b358 - - default default] 10.0.0.218 "DELETE /v2.0/security-groups/683f30f4-2f75-41ca-a278-cd5fb0349ce9 HTTP/1.1" status: 204 len: 168 time: 0.2048926
2026-05-11 11:55:59.001 10 INFO neutron.wsgi [None req-b1ad24bc-ed7b-40f0-b0bd-674cd55988ff be11c103ba434eb9a2526eb39f1570a4 4e6e99e5823c4bf396401c8aef11a8b9 - - default default] 10.0.0.218 "GET /v2.0/subnets HTTP/1.1" status: 200 len: 1428 time: 0.0533190
2026-05-11 11:55:59.069 10 INFO neutron.wsgi [None req-18b43e3b-e2e7-42cf-b32b-86bf90b2bf1c be11c103ba434eb9a2526eb39f1570a4 4e6e99e5823c4bf396401c8aef11a8b9 - - default default] 10.0.0.218 "GET /v2.0/networks/67782c44-ca06-47bc-9932-80cfc4a888c6 HTTP/1.1" status: 200 len: 861 time: 0.0621612
2026-05-11 11:55:59.117 10 INFO neutron.wsgi [None req-bc5dfda0-be0d-423b-a72d-fa7e45b09099 be11c103ba434eb9a2526eb39f1570a4 4e6e99e5823c4bf396401c8aef11a8b9 - - default default] 10.0.0.218 "GET /v2.0/subnets/505121f5-a06b-47fc-995d-3ba0c856f1fb HTTP/1.1" status: 200 len: 811 time: 0.0422981
2026-05-11 11:55:59.140 10 INFO neutron.pecan_wsgi.hooks.translation [None req-79c1d405-4dda-470a-ae66-5512317b022c be11c103ba434eb9a2526eb39f1570a4 4e6e99e5823c4bf396401c8aef11a8b9 - - default default] DELETE failed (client error): The resource could not be found.
2026-05-11 11:55:59.142 10 INFO neutron.wsgi [None req-79c1d405-4dda-470a-ae66-5512317b022c be11c103ba434eb9a2526eb39f1570a4 4e6e99e5823c4bf396401c8aef11a8b9 - - default default] 10.0.0.218 "DELETE /v2.0/subnets/21219f77-77f8-4138-b758-8cfd4129085b HTTP/1.1" status: 404 len: 337 time: 0.0175514
2026-05-11 11:55:59.160 10 INFO neutron.pecan_wsgi.hooks.translation [None req-1eaf4213-72d0-4126-9bb0-c6e793df8e49 be11c103ba434eb9a2526eb39f1570a4 4e6e99e5823c4bf396401c8aef11a8b9 - - default default] DELETE failed (client error): The resource could not be found.
2026-05-11 11:55:59.162 10 INFO neutron.wsgi [None req-1eaf4213-72d0-4126-9bb0-c6e793df8e49 be11c103ba434eb9a2526eb39f1570a4 4e6e99e5823c4bf396401c8aef11a8b9 - - default default] 10.0.0.218 "DELETE /v2.0/networks/ae9278b5-89e5-4b25-96de-6029d2082991 HTTP/1.1" status: 404 len: 339 time: 0.0156360
2026-05-11 11:55:59.368 10 INFO neutron.wsgi [None req-cc0bf1bf-9ad9-4d83-a88e-21281e718dab be11c103ba434eb9a2526eb39f1570a4 4e6e99e5823c4bf396401c8aef11a8b9 - - default default] 10.0.0.218 "DELETE /v2.0/subnets/505121f5-a06b-47fc-995d-3ba0c856f1fb HTTP/1.1" status: 204 len: 168 time: 0.2011263
2026-05-11 11:55:59.732 10 INFO neutron.wsgi [None req-68393bf6-5466-4070-bb26-9710b0981e57 be11c103ba434eb9a2526eb39f1570a4 4e6e99e5823c4bf396401c8aef11a8b9 - - default default] 10.0.0.218 "DELETE /v2.0/networks/67782c44-ca06-47bc-9932-80cfc4a888c6 HTTP/1.1" status: 204 len: 168 time: 0.3590150
2026-05-11 11:56:00.034 9 INFO neutron.wsgi [req-d10650a0-5047-4c71-a4e1-611004bb1c6f req-4a2a5e1f-cc6a-4b5e-90be-1ad5b692b019 6fc3248cc7564687a7594a5d4cd32dea 67d5299d765c4122b546eb7bf13327ca - - 6554e4942acc46fd9188d05bf42ba876 6554e4942acc46fd9188d05bf42ba876] 199.19.213.54 "GET /v2.0/ports?device_id=909cf043-44bf-4c3a-a429-8deaab3a9f9f&fields=binding%3Ahost_id&fields=binding%3Avif_type HTTP/1.1" status: 200 len: 265 time: 0.0482395
2026-05-11 11:56:00.145 9 INFO neutron.wsgi [req-d10650a0-5047-4c71-a4e1-611004bb1c6f req-c8e5185f-0181-4546-ad61-86975c701f91 6fc3248cc7564687a7594a5d4cd32dea 67d5299d765c4122b546eb7bf13327ca - - 6554e4942acc46fd9188d05bf42ba876 6554e4942acc46fd9188d05bf42ba876] 199.19.213.54 "GET /v2.0/ports?tenant_id=80a24073ebf044e9bd3ef73b9d624061&device_id=909cf043-44bf-4c3a-a429-8deaab3a9f9f HTTP/1.1" status: 200 len: 1413 time: 0.0566628
2026-05-11 11:56:00.240 9 INFO neutron.wsgi [req-d10650a0-5047-4c71-a4e1-611004bb1c6f req-d2733072-8423-442c-bb0c-63696e36bf1e 6fc3248cc7564687a7594a5d4cd32dea 67d5299d765c4122b546eb7bf13327ca - - 6554e4942acc46fd9188d05bf42ba876 6554e4942acc46fd9188d05bf42ba876] 199.19.213.54 "GET /v2.0/networks?id=62240d2f-c5bf-4022-bfa7-247c7e3ccfad HTTP/1.1" status: 200 len: 971 time: 0.0734017
2026-05-11 11:56:00.450 10 INFO neutron.wsgi [None req-cf0e082f-3bed-4291-8c8b-4c10ee87c495 f3f5f97eb76249029e44a4126801718c 6e9ff99e9b384559865da5526608b358 - - default default] 10.0.0.218 "GET /v2.0/security-groups?tenant_id=4e6e99e5823c4bf396401c8aef11a8b9&name=default HTTP/1.1" status: 200 len: 3120 time: 0.3049884
2026-05-11 11:56:00.523 9 INFO neutron.wsgi [req-d10650a0-5047-4c71-a4e1-611004bb1c6f req-82657fca-a245-43b3-b340-6a861d68d3e4 6fc3248cc7564687a7594a5d4cd32dea 67d5299d765c4122b546eb7bf13327ca - - 6554e4942acc46fd9188d05bf42ba876 6554e4942acc46fd9188d05bf42ba876] 199.19.213.54 "GET /v2.0/floatingips?fixed_ip_address=10.100.0.13&port_id=b4adb8d7-3b55-4754-a227-7a5dc3915629 HTTP/1.1" status: 200 len: 1060 time: 0.2762384
2026-05-11 11:56:00.527 9 INFO neutron.wsgi [req-99df02f0-58fc-43e8-b666-ceccfc17bb9b req-61adbf7a-8ba4-45fc-8338-787f02f110e1 6fc3248cc7564687a7594a5d4cd32dea 67d5299d765c4122b546eb7bf13327ca - - 6554e4942acc46fd9188d05bf42ba876 6554e4942acc46fd9188d05bf42ba876] 10.0.0.201 "GET /v2.0/ports?device_id=909cf043-44bf-4c3a-a429-8deaab3a9f9f HTTP/1.1" status: 200 len: 1413 time: 0.2427742
2026-05-11 11:56:00.549 10 INFO neutron.services.segments.plugin [-] Segment 73f9301f-3c8c-4e0d-a49f-0844f01244b7 resource provider aggregate not found
2026-05-11 11:56:00.553 10 INFO neutron.services.segments.plugin [-] Segment 73f9301f-3c8c-4e0d-a49f-0844f01244b7 resource provider aggregate not found
2026-05-11 11:56:00.565 10 INFO neutron.services.segments.plugin [-] Segment 73f9301f-3c8c-4e0d-a49f-0844f01244b7 resource provider not found; error: Placement Client Error (4xx): {"errors": [{"status": 404, "title": "Not Found", "detail": "The resource could not be found.\n\n No resource provider with uuid 73f9301f-3c8c-4e0d-a49f-0844f01244b7 found for delete ", "request_id": "req-e821081b-4c36-4d66-939e-4ad14afcf2c0"}]}
2026-05-11 11:56:00.568 9 INFO neutron.wsgi [req-d10650a0-5047-4c71-a4e1-611004bb1c6f req-c33ea39d-ee1d-426e-ab9a-9ad2dc92a60e 6fc3248cc7564687a7594a5d4cd32dea 67d5299d765c4122b546eb7bf13327ca - - 6554e4942acc46fd9188d05bf42ba876 6554e4942acc46fd9188d05bf42ba876] 199.19.213.54 "GET /v2.0/subnets?id=625b6725-b749-469d-8189-6c78b76775ca HTTP/1.1" status: 200 len: 867 time: 0.0401652
2026-05-11 11:56:00.568 10 INFO neutron.services.segments.plugin [-] Segment 73f9301f-3c8c-4e0d-a49f-0844f01244b7 resource provider not found; error: Placement Client Error (4xx): {"errors": [{"status": 404, "title": "Not Found", "detail": "The resource could not be found.\n\n No resource provider with uuid 73f9301f-3c8c-4e0d-a49f-0844f01244b7 found for delete ", "request_id": "req-0b64ffd1-111b-4571-8d66-41c5db3608ce"}]}
2026-05-11 11:56:00.587 9 INFO neutron.wsgi [req-99df02f0-58fc-43e8-b666-ceccfc17bb9b req-887797dd-076c-43fd-a5c4-4bd3e0cffa15 6fc3248cc7564687a7594a5d4cd32dea 67d5299d765c4122b546eb7bf13327ca - - 6554e4942acc46fd9188d05bf42ba876 6554e4942acc46fd9188d05bf42ba876] 10.0.0.201 "GET /v2.0/security-groups?id=8d886491-b11d-405f-bb70-8c3955dd3fef&fields=id&fields=name HTTP/1.1" status: 200 len: 312 time: 0.0537250
2026-05-11 11:56:00.607 9 INFO neutron.wsgi [req-d10650a0-5047-4c71-a4e1-611004bb1c6f req-e3665574-c87d-48e4-b913-43e2a3c87d74 6fc3248cc7564687a7594a5d4cd32dea 67d5299d765c4122b546eb7bf13327ca - - 6554e4942acc46fd9188d05bf42ba876 6554e4942acc46fd9188d05bf42ba876] 199.19.213.54 "GET /v2.0/ports?network_id=62240d2f-c5bf-4022-bfa7-247c7e3ccfad&device_owner=network%3Adhcp HTTP/1.1" status: 200 len: 210 time: 0.0328536
2026-05-11 11:56:00.668 9 INFO neutron.wsgi [req-d10650a0-5047-4c71-a4e1-611004bb1c6f req-f4718672-bc66-4c0c-89b6-ca546c84c46d 6fc3248cc7564687a7594a5d4cd32dea 67d5299d765c4122b546eb7bf13327ca - - 6554e4942acc46fd9188d05bf42ba876 6554e4942acc46fd9188d05bf42ba876] 199.19.213.54 "GET /v2.0/networks/62240d2f-c5bf-4022-bfa7-247c7e3ccfad?fields=segments HTTP/1.1" status: 200 len: 212 time: 0.0537062
2026-05-11 11:56:00.683 10 INFO neutron.wsgi [None req-88d90e18-f59e-4558-a4ed-f38d96ef387f f3f5f97eb76249029e44a4126801718c 6e9ff99e9b384559865da5526608b358 - - default default] 10.0.0.218 "DELETE /v2.0/security-groups/55a2d5d6-7c82-4bc2-8d01-d1ff8e6c86d2 HTTP/1.1" status: 204 len: 168 time: 0.2287896
2026-05-11 11:56:00.766 9 INFO neutron.wsgi [req-d10650a0-5047-4c71-a4e1-611004bb1c6f req-27aacd5e-4c18-4951-be07-02ed51503ea9 6fc3248cc7564687a7594a5d4cd32dea 67d5299d765c4122b546eb7bf13327ca - - 6554e4942acc46fd9188d05bf42ba876 6554e4942acc46fd9188d05bf42ba876] 199.19.213.54 "GET /v2.0/networks/62240d2f-c5bf-4022-bfa7-247c7e3ccfad?fields=provider%3Aphysical_network&fields=provider%3Anetwork_type HTTP/1.1" status: 200 len: 277 time: 0.0886841
2026-05-11 11:56:01.277 10 INFO neutron.db.ovn_revision_numbers_db [None req-755f93ec-8eb2-457e-b3a3-b39504e9b496 f3f5f97eb76249029e44a4126801718c 6e9ff99e9b384559865da5526608b358 - - default default] Successfully bumped revision number for resource 00e114ac-89ed-49b4-9bf9-02105e81083b (type: security_groups) to 1
2026-05-11 11:56:01.299 10 INFO neutron.db.ovn_revision_numbers_db [None req-755f93ec-8eb2-457e-b3a3-b39504e9b496 f3f5f97eb76249029e44a4126801718c 6e9ff99e9b384559865da5526608b358 - - default default] Successfully bumped revision number for resource 0219ce99-1e84-45fc-968c-f65c2fce7f51 (type: security_group_rules) to 0
2026-05-11 11:56:01.308 10 INFO neutron.db.ovn_revision_numbers_db [None req-a833e1af-3b7c-4637-befb-e18b9a6d0acc f3f5f97eb76249029e44a4126801718c 6e9ff99e9b384559865da5526608b358 - - default default] Successfully bumped revision number for resource 47f41b90-eefa-4b10-a981-d8b6aa0d3c39 (type: security_groups) to 1
2026-05-11 11:56:01.313 10 INFO neutron.db.ovn_revision_numbers_db [None req-755f93ec-8eb2-457e-b3a3-b39504e9b496 f3f5f97eb76249029e44a4126801718c 6e9ff99e9b384559865da5526608b358 - - default default] Successfully bumped revision number for resource 39d9cf74-1614-4cb1-b25f-e4e75e435af5 (type: security_group_rules) to 0
2026-05-11 11:56:01.321 10 INFO neutron.db.ovn_revision_numbers_db [None req-a833e1af-3b7c-4637-befb-e18b9a6d0acc f3f5f97eb76249029e44a4126801718c 6e9ff99e9b384559865da5526608b358 - - default default] Successfully bumped revision number for resource 03a5b2aa-b7d7-4a35-bb13-eb92c6ef3d1e (type: security_group_rules) to 0
2026-05-11 11:56:01.324 10 INFO neutron.db.ovn_revision_numbers_db [None req-755f93ec-8eb2-457e-b3a3-b39504e9b496 f3f5f97eb76249029e44a4126801718c 6e9ff99e9b384559865da5526608b358 - - default default] Successfully bumped revision number for resource 8f9bcdb8-6ff5-4c56-b9bc-67ec31b6812d (type: security_group_rules) to 0
2026-05-11 11:56:01.333 10 INFO neutron.db.ovn_revision_numbers_db [None req-a833e1af-3b7c-4637-befb-e18b9a6d0acc f3f5f97eb76249029e44a4126801718c 6e9ff99e9b384559865da5526608b358 - - default default] Successfully bumped revision number for resource 4f88101c-cb75-4c38-9e56-50c520261d28 (type: security_group_rules) to 0
2026-05-11 11:56:01.338 10 INFO neutron.db.ovn_revision_numbers_db [None req-755f93ec-8eb2-457e-b3a3-b39504e9b496 f3f5f97eb76249029e44a4126801718c 6e9ff99e9b384559865da5526608b358 - - default default] Successfully bumped revision number for resource d572b3fd-c10d-4ac1-b2d2-7f664b6831dd (type: security_group_rules) to 0
2026-05-11 11:56:01.348 10 INFO neutron.db.ovn_revision_numbers_db [None req-a833e1af-3b7c-4637-befb-e18b9a6d0acc f3f5f97eb76249029e44a4126801718c 6e9ff99e9b384559865da5526608b358 - - default default] Successfully bumped revision number for resource 7860a725-3b1b-4254-9bf7-130d2df11ee8 (type: security_group_rules) to 0
2026-05-11 11:56:01.368 10 INFO neutron.db.ovn_revision_numbers_db [None req-a833e1af-3b7c-4637-befb-e18b9a6d0acc f3f5f97eb76249029e44a4126801718c 6e9ff99e9b384559865da5526608b358 - - default default] Successfully bumped revision number for resource c080ca98-5b84-4546-a8e3-5bc85b38e206 (type: security_group_rules) to 0
2026-05-11 11:56:01.388 10 INFO neutron.wsgi [None req-a833e1af-3b7c-4637-befb-e18b9a6d0acc f3f5f97eb76249029e44a4126801718c 6e9ff99e9b384559865da5526608b358 - - default default] 10.0.0.218 "GET /v2.0/security-groups?tenant_id=47add24d39754c09a9815d7b37397c56&name=default HTTP/1.1" status: 200 len: 3120 time: 0.2681413
2026-05-11 11:56:01.414 10 INFO neutron.db.segments_db [None req-755f93ec-8eb2-457e-b3a3-b39504e9b496 f3f5f97eb76249029e44a4126801718c 6e9ff99e9b384559865da5526608b358 - - default default] Added segment 64da8802-302a-4463-88f8-ff8370bda71b of type geneve for network 52457271-cf2b-4246-a851-e8f0ea8ad9e0
2026-05-11 11:56:01.571 10 INFO neutron.db.ovn_revision_numbers_db [None req-755f93ec-8eb2-457e-b3a3-b39504e9b496 f3f5f97eb76249029e44a4126801718c 6e9ff99e9b384559865da5526608b358 - - default default] Successfully bumped revision number for resource 52457271-cf2b-4246-a851-e8f0ea8ad9e0 (type: networks) to 1
2026-05-11 11:56:01.699 10 INFO neutron.wsgi [None req-9a305f22-1862-48a0-bd3a-b8d8932338c9 f3f5f97eb76249029e44a4126801718c 6e9ff99e9b384559865da5526608b358 - - default default] 10.0.0.218 "DELETE /v2.0/security-groups/47f41b90-eefa-4b10-a981-d8b6aa0d3c39 HTTP/1.1" status: 204 len: 168 time: 0.3057268
2026-05-11 11:56:01.734 10 WARNING neutron.scheduler.dhcp_agent_scheduler [None req-755f93ec-8eb2-457e-b3a3-b39504e9b496 f3f5f97eb76249029e44a4126801718c 6e9ff99e9b384559865da5526608b358 - - default default] No more DHCP agents
2026-05-11 11:56:01.736 10 WARNING neutron.api.rpc.agentnotifiers.dhcp_rpc_agent_api [None req-755f93ec-8eb2-457e-b3a3-b39504e9b496 f3f5f97eb76249029e44a4126801718c 6e9ff99e9b384559865da5526608b358 - - default default] Unable to schedule network 52457271-cf2b-4246-a851-e8f0ea8ad9e0: no agents available; will retry on subsequent port and subnet creation events.
2026-05-11 11:56:01.808 10 INFO neutron.db.ovn_revision_numbers_db [None req-755f93ec-8eb2-457e-b3a3-b39504e9b496 f3f5f97eb76249029e44a4126801718c 6e9ff99e9b384559865da5526608b358 - - default default] Successfully bumped revision number for resource c7a924b0-2111-482a-9885-b6730f6213c9 (type: ports) to 1
2026-05-11 11:56:01.829 10 INFO neutron.wsgi [None req-755f93ec-8eb2-457e-b3a3-b39504e9b496 f3f5f97eb76249029e44a4126801718c 6e9ff99e9b384559865da5526608b358 - - default default] 10.0.0.218 "POST /v2.0/networks HTTP/1.1" status: 201 len: 949 time: 0.9342701
2026-05-11 11:56:01.973 9 INFO neutron.db.ovn_revision_numbers_db [None req-e4a4899d-0426-4e99-a69e-e858b1a89f9f f3f5f97eb76249029e44a4126801718c 6e9ff99e9b384559865da5526608b358 - - default default] Successfully bumped revision number for resource 4e9861c0-e5b5-4254-8e37-c6058fa1c937 (type: security_groups) to 1
2026-05-11 11:56:01.997 9 INFO neutron.db.ovn_revision_numbers_db [None req-e4a4899d-0426-4e99-a69e-e858b1a89f9f f3f5f97eb76249029e44a4126801718c 6e9ff99e9b384559865da5526608b358 - - default default] Successfully bumped revision number for resource 03960033-8551-45cc-8dd7-ec301c012f56 (type: security_group_rules) to 0
2026-05-11 11:56:02.019 9 INFO neutron.db.ovn_revision_numbers_db [None req-e4a4899d-0426-4e99-a69e-e858b1a89f9f f3f5f97eb76249029e44a4126801718c 6e9ff99e9b384559865da5526608b358 - - default default] Successfully bumped revision number for resource 20c7a9e8-b7fb-4674-90b5-bad04f10d388 (type: security_group_rules) to 0
2026-05-11 11:56:02.046 9 WARNING neutron.scheduler.dhcp_agent_scheduler [None req-d223eaf6-e1b6-4aeb-9bb2-9adf246416c6 f3f5f97eb76249029e44a4126801718c 6e9ff99e9b384559865da5526608b358 - - default default] No more DHCP agents
2026-05-11 11:56:02.050 9 INFO neutron.db.ovn_revision_numbers_db [None req-e4a4899d-0426-4e99-a69e-e858b1a89f9f f3f5f97eb76249029e44a4126801718c 6e9ff99e9b384559865da5526608b358 - - default default] Successfully bumped revision number for resource cee87576-2194-429b-8ff9-eedc90bbf8ea (type: security_group_rules) to 0
2026-05-11 11:56:02.050 9 WARNING neutron.api.rpc.agentnotifiers.dhcp_rpc_agent_api [None req-d223eaf6-e1b6-4aeb-9bb2-9adf246416c6 f3f5f97eb76249029e44a4126801718c 6e9ff99e9b384559865da5526608b358 - - default default] Unable to schedule network 52457271-cf2b-4246-a851-e8f0ea8ad9e0: no agents available; will retry on subsequent port and subnet creation events.
2026-05-11 11:56:02.071 9 INFO neutron.db.ovn_revision_numbers_db [None req-e4a4899d-0426-4e99-a69e-e858b1a89f9f f3f5f97eb76249029e44a4126801718c 6e9ff99e9b384559865da5526608b358 - - default default] Successfully bumped revision number for resource e2bb7555-a41c-4c2b-80ca-ed49bf34ad03 (type: security_group_rules) to 0
2026-05-11 11:56:02.103 9 INFO neutron.wsgi [None req-e4a4899d-0426-4e99-a69e-e858b1a89f9f f3f5f97eb76249029e44a4126801718c 6e9ff99e9b384559865da5526608b358 - - default default] 10.0.0.218 "GET /v2.0/security-groups?tenant_id=6976d1766aa749ceb69374f4a434cae6&name=default HTTP/1.1" status: 200 len: 3120 time: 0.3099260
2026-05-11 11:56:02.561 10 INFO neutron.wsgi [None req-92f9028d-0ec0-4cc8-bb0b-2bd0b07ea58f f3f5f97eb76249029e44a4126801718c 6e9ff99e9b384559865da5526608b358 - - default default] 10.0.0.218 "DELETE /v2.0/security-groups/4e9861c0-e5b5-4254-8e37-c6058fa1c937 HTTP/1.1" status: 204 len: 168 time: 0.4539886
2026-05-11 11:56:02.569 9 INFO neutron.db.ovn_revision_numbers_db [None req-d223eaf6-e1b6-4aeb-9bb2-9adf246416c6 f3f5f97eb76249029e44a4126801718c 6e9ff99e9b384559865da5526608b358 - - default default] Successfully bumped revision number for resource c7a924b0-2111-482a-9885-b6730f6213c9 (type: ports) to 2
2026-05-11 11:56:02.613 9 INFO neutron.db.ovn_revision_numbers_db [None req-d223eaf6-e1b6-4aeb-9bb2-9adf246416c6 f3f5f97eb76249029e44a4126801718c 6e9ff99e9b384559865da5526608b358 - - default default] Successfully bumped revision number for resource e5aad874-5927-4d1c-bfec-fdf0902bfcd2 (type: subnets) to 0
2026-05-11 11:56:02.630 9 INFO neutron.wsgi [None req-d223eaf6-e1b6-4aeb-9bb2-9adf246416c6 f3f5f97eb76249029e44a4126801718c 6e9ff99e9b384559865da5526608b358 - - default default] 10.0.0.218 "POST /v2.0/subnets HTTP/1.1" status: 201 len: 869 time: 0.7951903
2026-05-11 11:56:03.128 9 WARNING neutron.scheduler.dhcp_agent_scheduler [None req-277e6fb5-02eb-4695-9df1-d00e5d0e766c f3f5f97eb76249029e44a4126801718c 6e9ff99e9b384559865da5526608b358 - - default default] No more DHCP agents
2026-05-11 11:56:03.130 9 WARNING neutron.api.rpc.agentnotifiers.dhcp_rpc_agent_api [None req-277e6fb5-02eb-4695-9df1-d00e5d0e766c f3f5f97eb76249029e44a4126801718c 6e9ff99e9b384559865da5526608b358 - - default default] Unable to schedule network 9ad427e5-221d-4e35-bd47-d79ef14f1049: no agents available; will retry on subsequent port and subnet creation events.
2026-05-11 11:56:03.285 9 INFO neutron.db.ovn_revision_numbers_db [None req-277e6fb5-02eb-4695-9df1-d00e5d0e766c f3f5f97eb76249029e44a4126801718c 6e9ff99e9b384559865da5526608b358 - - default default] Successfully bumped revision number for resource edff3841-fbe3-4ebc-a861-c07a8fe35130 (type: ports) to 1
2026-05-11 11:56:04.038 9 INFO neutron.plugins.ml2.drivers.ovn.mech_driver.ovsdb.commands [None req-f22090c4-b3fd-498e-8c94-cdf72fd917a7 - - - - - -] Schedule LRP lrp-edff3841-fbe3-4ebc-a861-c07a8fe35130 on gateway 6c4c97e3-097f-4a03-bebb-10879c8c22de with priority 1
2026-05-11 11:56:04.048 9 INFO neutron.plugins.ml2.drivers.ovn.mech_driver.mech_driver [None req-02fafce6-5186-4500-9df5-51c680abb6c7 - - - - - -] OVN reports status up for port: edff3841-fbe3-4ebc-a861-c07a8fe35130
2026-05-11 11:56:04.060 10 INFO neutron.plugins.ml2.drivers.ovn.mech_driver.ovsdb.ovsdb_monitor [None req-98b2b4bb-d951-4d40-8d96-544884097841 - - - - - -] Router 448a8faf-99a8-4c65-9c3e-1beab5dd0cfa is bound to host instance
2026-05-11 11:56:04.072 9 INFO neutron.plugins.ml2.plugin [None req-02fafce6-5186-4500-9df5-51c680abb6c7 - - - - - -] Attempt 1 to provision port edff3841-fbe3-4ebc-a861-c07a8fe35130
2026-05-11 11:56:04.099 9 INFO neutron.db.ovn_revision_numbers_db [None req-277e6fb5-02eb-4695-9df1-d00e5d0e766c f3f5f97eb76249029e44a4126801718c 6e9ff99e9b384559865da5526608b358 - - default default] Successfully bumped revision number for resource edff3841-fbe3-4ebc-a861-c07a8fe35130 (type: router_ports) to 1
2026-05-11 11:56:04.201 9 INFO neutron.db.ovn_revision_numbers_db [None req-277e6fb5-02eb-4695-9df1-d00e5d0e766c f3f5f97eb76249029e44a4126801718c 6e9ff99e9b384559865da5526608b358 - - default default] Successfully bumped revision number for resource 448a8faf-99a8-4c65-9c3e-1beab5dd0cfa (type: routers) to 2
2026-05-11 11:56:04.219 9 INFO neutron.wsgi [None req-277e6fb5-02eb-4695-9df1-d00e5d0e766c f3f5f97eb76249029e44a4126801718c 6e9ff99e9b384559865da5526608b358 - - default default] 10.0.0.218 "POST /v2.0/routers HTTP/1.1" status: 201 len: 1171 time: 1.5834720
2026-05-11 11:56:04.281 10 INFO neutron.wsgi [req-c24f3d3d-0aaf-4baf-a355-9e70bd8a8fd5 req-75d425fd-c50f-4aa1-ac34-aea6fd8e8abb 74cc0509c35f4eee91d8934456f27846 80a24073ebf044e9bd3ef73b9d624061 - - default default] 10.0.0.160 "GET /v2.0/ports?device_id=909cf043-44bf-4c3a-a429-8deaab3a9f9f HTTP/1.1" status: 200 len: 1174 time: 0.1078124
2026-05-11 11:56:04.351 10 INFO neutron.wsgi [req-c24f3d3d-0aaf-4baf-a355-9e70bd8a8fd5 req-e933e1d5-97de-4610-a938-ce65a5c4d39f 74cc0509c35f4eee91d8934456f27846 80a24073ebf044e9bd3ef73b9d624061 - - default default] 10.0.0.160 "GET /v2.0/security-groups?id=8d886491-b11d-405f-bb70-8c3955dd3fef&fields=id&fields=name HTTP/1.1" status: 200 len: 312 time: 0.0580339
2026-05-11 11:56:04.583 10 INFO neutron.wsgi [req-58afe594-662a-4f48-8a27-6d7109404bbc req-21a228fd-eae6-4045-b4ba-ba99b4831d7a 74cc0509c35f4eee91d8934456f27846 80a24073ebf044e9bd3ef73b9d624061 - - default default] 10.0.0.160 "GET /v2.0/ports?device_id=909cf043-44bf-4c3a-a429-8deaab3a9f9f HTTP/1.1" status: 200 len: 1174 time: 0.0547140
2026-05-11 11:56:04.587 10 INFO neutron.plugins.ml2.drivers.ovn.mech_driver.mech_driver [None req-4847deb7-108e-42a3-ab4e-88167580dd94 - - - - - -] OVN reports status down for port: b4adb8d7-3b55-4754-a227-7a5dc3915629
2026-05-11 11:56:04.668 10 INFO neutron.wsgi [req-58afe594-662a-4f48-8a27-6d7109404bbc req-251cd81c-8559-4586-a890-93206d2443b9 74cc0509c35f4eee91d8934456f27846 80a24073ebf044e9bd3ef73b9d624061 - - default default] 10.0.0.160 "GET /v2.0/security-groups?id=8d886491-b11d-405f-bb70-8c3955dd3fef&fields=id&fields=name HTTP/1.1" status: 200 len: 312 time: 0.0707283
2026-05-11 11:56:04.827 10 INFO neutron.notifiers.nova [-] Nova event matching ['req-f689b146-8101-4929-9e57-b8fa3dab3a8c'] response: {'server_uuid': '909cf043-44bf-4c3a-a429-8deaab3a9f9f', 'name': 'network-vif-unplugged', 'status': 'completed', 'tag': 'b4adb8d7-3b55-4754-a227-7a5dc3915629', 'code': 200}
2026-05-11 11:56:04.870 10 INFO neutron.wsgi [-] 10.0.0.242 "GET / HTTP/1.1" status: 200 len: 247 time: 0.0012217
2026-05-11 11:56:04.871 10 INFO neutron.wsgi [-] 10.0.0.242 "GET / HTTP/1.1" status: 200 len: 247 time: 0.0008707
2026-05-11 11:56:04.942 10 INFO neutron.db.ovn_revision_numbers_db [None req-98b2b4bb-d951-4d40-8d96-544884097841 - - - - - -] Successfully bumped revision number for resource edff3841-fbe3-4ebc-a861-c07a8fe35130 (type: ports) to 1
2026-05-11 11:56:04.988 9 INFO neutron.wsgi [req-c6b66cf8-cf3b-4455-a042-826774ab576e req-b7e122be-0809-4a76-8c41-04e471807f97 74cc0509c35f4eee91d8934456f27846 80a24073ebf044e9bd3ef73b9d624061 - - default default] 199.19.213.54 "GET /v2.0/ports?device_id=909cf043-44bf-4c3a-a429-8deaab3a9f9f HTTP/1.1" status: 200 len: 1172 time: 0.1473176
2026-05-11 11:56:05.010 10 INFO neutron.db.ovn_revision_numbers_db [None req-4847deb7-108e-42a3-ab4e-88167580dd94 - - - - - -] Successfully bumped revision number for resource b4adb8d7-3b55-4754-a227-7a5dc3915629 (type: ports) to 7
2026-05-11 11:56:05.041 9 WARNING neutron.scheduler.dhcp_agent_scheduler [None req-3eaa9c17-51fc-4a86-8102-41a3ed6d8b0e f3f5f97eb76249029e44a4126801718c 6e9ff99e9b384559865da5526608b358 - - default default] No more DHCP agents
2026-05-11 11:56:05.052 9 WARNING neutron.api.rpc.agentnotifiers.dhcp_rpc_agent_api [None req-3eaa9c17-51fc-4a86-8102-41a3ed6d8b0e f3f5f97eb76249029e44a4126801718c 6e9ff99e9b384559865da5526608b358 - - default default] Unable to schedule network 52457271-cf2b-4246-a851-e8f0ea8ad9e0: no agents available; will retry on subsequent port and subnet creation events. /var/lib/openstack/lib/python3.10/site-packages/pycadf/identifier.py:71: UserWarning: Invalid uuid: neutron. To ensure interoperability, identifiers should be a valid uuid. warnings.warn(('Invalid uuid: %s. To ensure interoperability, '
2026-05-11 11:56:05.177 9 INFO neutron.db.ovn_revision_numbers_db [None req-59b2e907-48d4-47fa-8454-a735b81f1bd2 f3f5f97eb76249029e44a4126801718c 6e9ff99e9b384559865da5526608b358 - - default default] Successfully bumped revision number for resource 9088d2ca-42d4-46d2-b520-8aecac58ce90 (type: security_groups) to 1
2026-05-11 11:56:05.206 9 INFO neutron.db.ovn_revision_numbers_db [None req-59b2e907-48d4-47fa-8454-a735b81f1bd2 f3f5f97eb76249029e44a4126801718c 6e9ff99e9b384559865da5526608b358 - - default default] Successfully bumped revision number for resource 03e36f4d-ea08-4443-a1ee-17da52f10533 (type: security_group_rules) to 0
2026-05-11 11:56:05.233 9 INFO neutron.db.ovn_revision_numbers_db [None req-59b2e907-48d4-47fa-8454-a735b81f1bd2 f3f5f97eb76249029e44a4126801718c 6e9ff99e9b384559865da5526608b358 - - default default] Successfully bumped revision number for resource 0d5e1b89-6374-4a4a-9f4a-aa3bf39b146b (type: security_group_rules) to 0
2026-05-11 11:56:05.279 9 INFO neutron.db.ovn_revision_numbers_db [None req-59b2e907-48d4-47fa-8454-a735b81f1bd2 f3f5f97eb76249029e44a4126801718c 6e9ff99e9b384559865da5526608b358 - - default default] Successfully bumped revision number for resource a171be33-a1ca-4526-a2c5-001f86b9c31e (type: security_group_rules) to 0
2026-05-11 11:56:05.292 9 INFO neutron.db.ovn_revision_numbers_db [None req-3eaa9c17-51fc-4a86-8102-41a3ed6d8b0e f3f5f97eb76249029e44a4126801718c 6e9ff99e9b384559865da5526608b358 - - default default] Successfully bumped revision number for resource 3c216222-0db9-486f-acb6-11488049fd2c (type: ports) to 1
2026-05-11 11:56:05.304 9 INFO neutron.db.ovn_revision_numbers_db [None req-59b2e907-48d4-47fa-8454-a735b81f1bd2 f3f5f97eb76249029e44a4126801718c 6e9ff99e9b384559865da5526608b358 - - default default] Successfully bumped revision number for resource c7c32db5-f0b6-4609-87e3-3ba7148f4022 (type: security_group_rules) to 0
2026-05-11 11:56:05.342 9 INFO neutron.wsgi [None req-59b2e907-48d4-47fa-8454-a735b81f1bd2 f3f5f97eb76249029e44a4126801718c 6e9ff99e9b384559865da5526608b358 - - default default] 10.0.0.218 "GET /v2.0/security-groups?tenant_id=43fabb46befd4bb9843a7ad47e9f8d69&name=default HTTP/1.1" status: 200 len: 3120 time: 0.6270077
2026-05-11 11:56:05.348 10 INFO neutron.db.ovn_revision_numbers_db [None req-39eb96e5-1dcd-4b8d-8968-509e03e13eb2 f3f5f97eb76249029e44a4126801718c 6e9ff99e9b384559865da5526608b358 - - default default] Successfully bumped revision number for resource 47312683-e1f1-4d8d-a42c-94348c1302ae (type: security_groups) to 1
2026-05-11 11:56:05.373 10 INFO neutron.db.ovn_revision_numbers_db [None req-39eb96e5-1dcd-4b8d-8968-509e03e13eb2 f3f5f97eb76249029e44a4126801718c 6e9ff99e9b384559865da5526608b358 - - default default] Successfully bumped revision number for resource 0a2328e9-5010-488e-a1f5-384b1f4b49f7 (type: security_group_rules) to 0
2026-05-11 11:56:05.391 10 INFO neutron.db.ovn_revision_numbers_db [None req-98b2b4bb-d951-4d40-8d96-544884097841 - - - - - -] Successfully bumped revision number for resource edff3841-fbe3-4ebc-a861-c07a8fe35130 (type: router_ports) to 3
2026-05-11 11:56:05.396 10 INFO neutron.db.ovn_revision_numbers_db [None req-39eb96e5-1dcd-4b8d-8968-509e03e13eb2 f3f5f97eb76249029e44a4126801718c 6e9ff99e9b384559865da5526608b358 - - default default] Successfully bumped revision number for resource 50ace75b-d258-4352-a618-e463285ea00e (type: security_group_rules) to 0
2026-05-11 11:56:05.428 10 INFO neutron.db.ovn_revision_numbers_db [None req-39eb96e5-1dcd-4b8d-8968-509e03e13eb2 f3f5f97eb76249029e44a4126801718c 6e9ff99e9b384559865da5526608b358 - - default default] Successfully bumped revision number for resource 8c207e11-4ba9-4b1a-a144-d842d12886d3 (type: security_group_rules) to 0
2026-05-11 11:56:05.489 9 INFO neutron.db.l3_db [req-c6b66cf8-cf3b-4455-a042-826774ab576e req-cd11e1e8-2699-4b2a-aac9-8a9f04c8784b 74cc0509c35f4eee91d8934456f27846 80a24073ebf044e9bd3ef73b9d624061 - - default default] Floating IP e3b75f7e-595c-4be7-97c0-3a9ab3dee1de disassociated. External IP: 10.96.250.205, port: b4adb8d7-3b55-4754-a227-7a5dc3915629.
