2026-05-11 11:57:13.973 10 INFO neutron.db.ovn_revision_numbers_db [None req-7ade1b63-5efe-4bc0-ae9b-6c57bbd12c0e fcb5de3aa049461c98355b36ada36d28 c1003f4870764c9bbe8af087e237fa14 - - default default] Successfully bumped revision number for resource 57054a80-d7b9-42a1-8031-785283b4d34a (type: security_group_rules) to 0
2026-05-11 11:57:14.000 10 INFO neutron.wsgi [None req-7ade1b63-5efe-4bc0-ae9b-6c57bbd12c0e fcb5de3aa049461c98355b36ada36d28 c1003f4870764c9bbe8af087e237fa14 - - default default] 10.0.0.218 "POST /v2.0/security-group-rules HTTP/1.1" status: 201 len: 796 time: 0.2168703
2026-05-11 11:57:14.004 9 WARNING neutron.scheduler.dhcp_agent_scheduler [None req-486d5bf6-4fa0-40d3-a58b-ec53bb7502d4 8aba56042aea4c6daeb6ddba5e1b65f1 711c7ce5874f46eb82873f74d2f39741 - - default default] No more DHCP agents
2026-05-11 11:57:14.005 9 WARNING neutron.api.rpc.agentnotifiers.dhcp_rpc_agent_api [None req-486d5bf6-4fa0-40d3-a58b-ec53bb7502d4 8aba56042aea4c6daeb6ddba5e1b65f1 711c7ce5874f46eb82873f74d2f39741 - - default default] Unable to schedule network 582f452b-4ce2-4ef6-a922-e2bff3971644: no agents available; will retry on subsequent port and subnet creation events.
2026-05-11 11:57:14.010 10 WARNING neutron_lib.context [None req-7020aeff-aba0-4c81-897b-bd869f646bb2 fcb5de3aa049461c98355b36ada36d28 c1003f4870764c9bbe8af087e237fa14 - - default default] Method 'is_advsvc' is deprecated since 2023.2 release (neutron-lib 3.8.0) and will be removed once support for the old RBAC API policies will be removed from Neutron. Please use method 'is_service_role' instead.
2026-05-11 11:57:14.174 10 INFO neutron.db.ovn_revision_numbers_db [None req-7020aeff-aba0-4c81-897b-bd869f646bb2 fcb5de3aa049461c98355b36ada36d28 c1003f4870764c9bbe8af087e237fa14 - - default default] Successfully bumped revision number for resource 918f696b-1ce5-48a7-8fca-d496a577ef04 (type: security_group_rules) to 0
2026-05-11 11:57:14.206 10 INFO neutron.wsgi [None req-7020aeff-aba0-4c81-897b-bd869f646bb2 fcb5de3aa049461c98355b36ada36d28 c1003f4870764c9bbe8af087e237fa14 - - default default] 10.0.0.218 "POST /v2.0/security-group-rules HTTP/1.1" status: 201 len: 795 time: 0.2019558
2026-05-11 11:57:14.216 10 WARNING neutron_lib.context [None req-cc691460-efec-44fe-a241-a42c9ffc67e6 fcb5de3aa049461c98355b36ada36d28 c1003f4870764c9bbe8af087e237fa14 - - default default] Method 'is_advsvc' is deprecated since 2023.2 release (neutron-lib 3.8.0) and will be removed once support for the old RBAC API policies will be removed from Neutron. Please use method 'is_service_role' instead.
2026-05-11 11:57:14.255 10 INFO neutron.services.segments.plugin [-] Segment 6a2a9ec9-666e-4d62-8c2e-343698c401b2 resource provider aggregate not found
2026-05-11 11:57:14.266 10 INFO neutron.services.segments.plugin [-] Segment 6a2a9ec9-666e-4d62-8c2e-343698c401b2 resource provider aggregate not found
2026-05-11 11:57:14.270 10 INFO neutron.services.segments.plugin [-] Segment 6a2a9ec9-666e-4d62-8c2e-343698c401b2 resource provider not found; error: Placement Client Error (4xx): {"errors": [{"status": 404, "title": "Not Found", "detail": "The resource could not be found.\n\n No resource provider with uuid 6a2a9ec9-666e-4d62-8c2e-343698c401b2 found for delete ", "request_id": "req-9d5842bd-e978-4ab6-b3ca-c0f76fdc0083"}]}
2026-05-11 11:57:14.279 10 INFO neutron.services.segments.plugin [-] Segment 6a2a9ec9-666e-4d62-8c2e-343698c401b2 resource provider not found; error: Placement Client Error (4xx): {"errors": [{"status": 404, "title": "Not Found", "detail": "The resource could not be found.\n\n No resource provider with uuid 6a2a9ec9-666e-4d62-8c2e-343698c401b2 found for delete ", "request_id": "req-8ab7eeb6-019d-4328-8f1a-39096c5d135e"}]}
2026-05-11 11:57:14.283 10 INFO neutron.services.segments.plugin [-] Segment 0f1c506f-a88e-4a6c-a900-b9934c9815ef resource provider aggregate not found
2026-05-11 11:57:14.292 10 INFO neutron.services.segments.plugin [-] Segment 0f1c506f-a88e-4a6c-a900-b9934c9815ef resource provider aggregate not found
2026-05-11 11:57:14.296 10 INFO neutron.services.segments.plugin [-] Segment 0f1c506f-a88e-4a6c-a900-b9934c9815ef resource provider not found; error: Placement Client Error (4xx): {"errors": [{"status": 404, "title": "Not Found", "detail": "The resource could not be found.\n\n No resource provider with uuid 0f1c506f-a88e-4a6c-a900-b9934c9815ef found for delete ", "request_id": "req-63d7487f-a034-4410-ad4a-5cfab836fbb3"}]}
2026-05-11 11:57:14.310 10 INFO neutron.services.segments.plugin [-] Segment de039fea-3c2c-4dd4-99fb-911379bfa72b resource provider aggregate not found
2026-05-11 11:57:14.321 10 INFO neutron.services.segments.plugin [-] Segment 0f1c506f-a88e-4a6c-a900-b9934c9815ef resource provider not found; error: Placement Client Error (4xx): {"errors": [{"status": 404, "title": "Not Found", "detail": "The resource could not be found.\n\n No resource provider with uuid 0f1c506f-a88e-4a6c-a900-b9934c9815ef found for delete ", "request_id": "req-8ae8eaa4-63eb-4c71-9ce8-c453c1a83373"}]}
2026-05-11 11:57:14.327 10 INFO neutron.services.segments.plugin [-] Segment de039fea-3c2c-4dd4-99fb-911379bfa72b resource provider not found; error: Placement Client Error (4xx): {"errors": [{"status": 404, "title": "Not Found", "detail": "The resource could not be found.\n\n No resource provider with uuid de039fea-3c2c-4dd4-99fb-911379bfa72b found for delete ", "request_id": "req-118aa21f-b601-4c16-8aa1-6c7c22614dc3"}]}
2026-05-11 11:57:14.336 10 INFO neutron.services.segments.plugin [-] Segment de039fea-3c2c-4dd4-99fb-911379bfa72b resource provider aggregate not found
2026-05-11 11:57:14.350 10 INFO neutron.services.segments.plugin [-] Segment de039fea-3c2c-4dd4-99fb-911379bfa72b resource provider not found; error: Placement Client Error (4xx): {"errors": [{"status": 404, "title": "Not Found", "detail": "The resource could not be found.\n\n No resource provider with uuid de039fea-3c2c-4dd4-99fb-911379bfa72b found for delete ", "request_id": "req-6b5f483f-21b6-4950-9abd-e49caa16e55b"}]}
2026-05-11 11:57:14.370 10 INFO neutron.wsgi [None req-8e94e22a-44a0-4b0a-b28e-61bf95db5f95 f3f5f97eb76249029e44a4126801718c 6e9ff99e9b384559865da5526608b358 - - default default] 10.0.0.218 "GET /v2.0/security-groups?tenant_id=4c6495a871e3481c89257f5ebff1a240&name=default HTTP/1.1" status: 200 len: 3120 time: 0.2058144
2026-05-11 11:57:14.410 10 INFO neutron.db.ovn_revision_numbers_db [None req-cc691460-efec-44fe-a241-a42c9ffc67e6 fcb5de3aa049461c98355b36ada36d28 c1003f4870764c9bbe8af087e237fa14 - - default default] Successfully bumped revision number for resource 9fdbb63f-3506-4bbd-97ed-da271ee2d5e5 (type: security_group_rules) to 0
2026-05-11 11:57:14.410 9 WARNING neutron_lib.context [None req-a9264f93-af09-46b9-aa76-2b50d9be6049 ab08a7d644814d2784577668bdaff625 8a01a8b2b38b49369a8a38aecddbf988 - - default default] Method 'is_advsvc' is deprecated since 2023.2 release (neutron-lib 3.8.0) and will be removed once support for the old RBAC API policies will be removed from Neutron. Please use method 'is_service_role' instead.
2026-05-11 11:57:14.435 10 INFO neutron.wsgi [None req-cc691460-efec-44fe-a241-a42c9ffc67e6 fcb5de3aa049461c98355b36ada36d28 c1003f4870764c9bbe8af087e237fa14 - - default default] 10.0.0.218 "POST /v2.0/security-group-rules HTTP/1.1" status: 201 len: 801 time: 0.2229011
2026-05-11 11:57:14.444 10 WARNING neutron_lib.context [None req-a692933c-8190-4a19-9b89-b8386a361a07 fcb5de3aa049461c98355b36ada36d28 c1003f4870764c9bbe8af087e237fa14 - - default default] Method 'is_advsvc' is deprecated since 2023.2 release (neutron-lib 3.8.0) and will be removed once support for the old RBAC API policies will be removed from Neutron. Please use method 'is_service_role' instead.
2026-05-11 11:57:14.575 10 INFO neutron.db.ovn_revision_numbers_db [None req-a692933c-8190-4a19-9b89-b8386a361a07 fcb5de3aa049461c98355b36ada36d28 c1003f4870764c9bbe8af087e237fa14 - - default default] Successfully bumped revision number for resource e4f816d0-591d-495c-ad8a-1c168f9753c8 (type: security_group_rules) to 0
2026-05-11 11:57:14.606 10 INFO neutron.wsgi [None req-a692933c-8190-4a19-9b89-b8386a361a07 fcb5de3aa049461c98355b36ada36d28 c1003f4870764c9bbe8af087e237fa14 - - default default] 10.0.0.218 "POST /v2.0/security-group-rules HTTP/1.1" status: 201 len: 800 time: 0.1659734
2026-05-11 11:57:14.617 10 WARNING neutron_lib.context [None req-d12bb264-644d-4227-b629-604a691ec99e fcb5de3aa049461c98355b36ada36d28 c1003f4870764c9bbe8af087e237fa14 - - default default] Method 'is_advsvc' is deprecated since 2023.2 release (neutron-lib 3.8.0) and will be removed once support for the old RBAC API policies will be removed from Neutron. Please use method 'is_service_role' instead.
2026-05-11 11:57:14.664 10 INFO neutron.db.securitygroups_db [None req-d12bb264-644d-4227-b629-604a691ec99e fcb5de3aa049461c98355b36ada36d28 c1003f4870764c9bbe8af087e237fa14 - - default default] Project c1003f4870764c9bbe8af087e237fa14 added a security group rule with legacy IPv6 ICMP protocol name icmp, ipv6-icmp should be used instead. It was automatically converted.
2026-05-11 11:57:14.695 9 INFO neutron.db.ovn_revision_numbers_db [None req-a9264f93-af09-46b9-aa76-2b50d9be6049 ab08a7d644814d2784577668bdaff625 8a01a8b2b38b49369a8a38aecddbf988 - - default default] Successfully bumped revision number for resource 592c56f4-6a32-4e77-948d-5c55f2fc311e (type: security_groups) to 1
2026-05-11 11:57:14.726 9 INFO neutron.db.ovn_revision_numbers_db [None req-a9264f93-af09-46b9-aa76-2b50d9be6049 ab08a7d644814d2784577668bdaff625 8a01a8b2b38b49369a8a38aecddbf988 - - default default] Successfully bumped revision number for resource 1b694787-843f-458b-92c5-7d55a8e56c50 (type: security_group_rules) to 0
2026-05-11 11:57:14.743 9 INFO neutron.db.ovn_revision_numbers_db [None req-a9264f93-af09-46b9-aa76-2b50d9be6049 ab08a7d644814d2784577668bdaff625 8a01a8b2b38b49369a8a38aecddbf988 - - default default] Successfully bumped revision number for resource 392266b3-9cce-4d2b-849c-214ea1f58310 (type: security_group_rules) to 0
2026-05-11 11:57:14.745 9 INFO neutron.db.ovn_revision_numbers_db [None req-486d5bf6-4fa0-40d3-a58b-ec53bb7502d4 8aba56042aea4c6daeb6ddba5e1b65f1 711c7ce5874f46eb82873f74d2f39741 - - default default] Successfully bumped revision number for resource 0efd1c41-a1e4-44ad-9f40-ee76f68e368b (type: ports) to 2
2026-05-11 11:57:14.764 9 INFO neutron.db.ovn_revision_numbers_db [None req-a9264f93-af09-46b9-aa76-2b50d9be6049 ab08a7d644814d2784577668bdaff625 8a01a8b2b38b49369a8a38aecddbf988 - - default default] Successfully bumped revision number for resource 574b04ab-4fe8-4f65-b45f-3ef37c75ff0c (type: security_group_rules) to 0
2026-05-11 11:57:14.768 10 INFO neutron.db.ovn_revision_numbers_db [None req-d12bb264-644d-4227-b629-604a691ec99e fcb5de3aa049461c98355b36ada36d28 c1003f4870764c9bbe8af087e237fa14 - - default default] Successfully bumped revision number for resource 53f41b15-fe13-4552-9f88-1a1707baba9f (type: security_group_rules) to 0
2026-05-11 11:57:14.786 9 INFO neutron.db.ovn_revision_numbers_db [None req-a9264f93-af09-46b9-aa76-2b50d9be6049 ab08a7d644814d2784577668bdaff625 8a01a8b2b38b49369a8a38aecddbf988 - - default default] Successfully bumped revision number for resource dfe8e084-b891-48d1-8ad8-c6fc34fe9b58 (type: security_group_rules) to 0
2026-05-11 11:57:14.789 9 INFO neutron.db.ovn_revision_numbers_db [None req-486d5bf6-4fa0-40d3-a58b-ec53bb7502d4 8aba56042aea4c6daeb6ddba5e1b65f1 711c7ce5874f46eb82873f74d2f39741 - - default default] Successfully bumped revision number for resource 38bbb2cb-c868-4b74-9625-311a016e8920 (type: subnets) to 0
2026-05-11 11:57:14.793 10 INFO neutron.wsgi [None req-d12bb264-644d-4227-b629-604a691ec99e fcb5de3aa049461c98355b36ada36d28 c1003f4870764c9bbe8af087e237fa14 - - default default] 10.0.0.218 "POST /v2.0/security-group-rules HTTP/1.1" status: 201 len: 806 time: 0.1814399
2026-05-11 11:57:14.796 9 INFO neutron.wsgi [None req-71eebe26-2f5b-4543-87bf-82a6cd10c06a f3f5f97eb76249029e44a4126801718c 6e9ff99e9b384559865da5526608b358 - - default default] 10.0.0.218 "DELETE /v2.0/security-groups/83ad4be3-302b-4f75-aefa-52f736c26a44 HTTP/1.1" status: 204 len: 168 time: 0.4201915
2026-05-11 11:57:14.805 10 WARNING neutron_lib.context [None req-9616d34e-ab86-4daa-bcc8-22b7bff02f2c fcb5de3aa049461c98355b36ada36d28 c1003f4870764c9bbe8af087e237fa14 - - default default] Method 'is_advsvc' is deprecated since 2023.2 release (neutron-lib 3.8.0) and will be removed once support for the old RBAC API policies will be removed from Neutron. Please use method 'is_service_role' instead.
2026-05-11 11:57:14.813 9 INFO neutron.wsgi [None req-486d5bf6-4fa0-40d3-a58b-ec53bb7502d4 8aba56042aea4c6daeb6ddba5e1b65f1 711c7ce5874f46eb82873f74d2f39741 - - default default] 10.0.0.218 "POST /v2.0/subnets HTTP/1.1" status: 201 len: 801 time: 1.0897412
2026-05-11 11:57:14.826 10 WARNING neutron_lib.context [None req-621baf70-c848-4375-80b4-ddfc5d271d7b 8aba56042aea4c6daeb6ddba5e1b65f1 711c7ce5874f46eb82873f74d2f39741 - - default default] Method 'is_advsvc' is deprecated since 2023.2 release (neutron-lib 3.8.0) and will be removed once support for the old RBAC API policies will be removed from Neutron. Please use method 'is_service_role' instead.
2026-05-11 11:57:14.871 10 INFO neutron.db.securitygroups_db [None req-9616d34e-ab86-4daa-bcc8-22b7bff02f2c fcb5de3aa049461c98355b36ada36d28 c1003f4870764c9bbe8af087e237fa14 - - default default] Project c1003f4870764c9bbe8af087e237fa14 added a security group rule with legacy IPv6 ICMP protocol name icmp, ipv6-icmp should be used instead. It was automatically converted.
2026-05-11 11:57:14.890 9 INFO neutron.db.ovn_revision_numbers_db [None req-a9264f93-af09-46b9-aa76-2b50d9be6049 ab08a7d644814d2784577668bdaff625 8a01a8b2b38b49369a8a38aecddbf988 - - default default] Successfully bumped revision number for resource a132edf7-791a-4235-99e3-1e0fae4f82c1 (type: security_groups) to 1
2026-05-11 11:57:14.906 9 INFO neutron.db.ovn_revision_numbers_db [None req-a9264f93-af09-46b9-aa76-2b50d9be6049 ab08a7d644814d2784577668bdaff625 8a01a8b2b38b49369a8a38aecddbf988 - - default default] Successfully bumped revision number for resource a1306e4f-3fb9-4413-bb91-31cf79c667f0 (type: security_group_rules) to 0
2026-05-11 11:57:14.936 9 INFO neutron.db.ovn_revision_numbers_db [None req-a9264f93-af09-46b9-aa76-2b50d9be6049 ab08a7d644814d2784577668bdaff625 8a01a8b2b38b49369a8a38aecddbf988 - - default default] Successfully bumped revision number for resource f33f5254-d539-427d-ad54-af6d664bb018 (type: security_group_rules) to 0
2026-05-11 11:57:14.955 9 INFO neutron.wsgi [None req-a9264f93-af09-46b9-aa76-2b50d9be6049 ab08a7d644814d2784577668bdaff625 8a01a8b2b38b49369a8a38aecddbf988 - - default default] 10.0.0.218 "POST /v2.0/security-groups HTTP/1.1" status: 201 len: 1801 time: 0.6053064
2026-05-11 11:57:14.964 9 WARNING neutron_lib.context [None req-7645c41c-5f14-46bf-93a6-f4f98b40de96 ab08a7d644814d2784577668bdaff625 8a01a8b2b38b49369a8a38aecddbf988 - - default default] Method 'is_advsvc' is deprecated since 2023.2 release (neutron-lib 3.8.0) and will be removed once support for the old RBAC API policies will be removed from Neutron. Please use method 'is_service_role' instead.
2026-05-11 11:57:15.007 10 INFO neutron.db.ovn_revision_numbers_db [None req-9616d34e-ab86-4daa-bcc8-22b7bff02f2c fcb5de3aa049461c98355b36ada36d28 c1003f4870764c9bbe8af087e237fa14 - - default default] Successfully bumped revision number for resource 71c3a70e-e406-4d15-9619-da9ec0c3da3f (type: security_group_rules) to 0
2026-05-11 11:57:15.051 10 INFO neutron.wsgi [None req-9616d34e-ab86-4daa-bcc8-22b7bff02f2c fcb5de3aa049461c98355b36ada36d28 c1003f4870764c9bbe8af087e237fa14 - - default default] 10.0.0.218 "POST /v2.0/security-group-rules HTTP/1.1" status: 201 len: 805 time: 0.2515912
2026-05-11 11:57:15.115 9 INFO neutron.db.ovn_revision_numbers_db [None req-7645c41c-5f14-46bf-93a6-f4f98b40de96 ab08a7d644814d2784577668bdaff625 8a01a8b2b38b49369a8a38aecddbf988 - - default default] Successfully bumped revision number for resource 48a8be2b-67e2-4bc3-a609-7cb9441d6984 (type: security_groups) to 1
2026-05-11 11:57:15.131 9 INFO neutron.db.ovn_revision_numbers_db [None req-7645c41c-5f14-46bf-93a6-f4f98b40de96 ab08a7d644814d2784577668bdaff625 8a01a8b2b38b49369a8a38aecddbf988 - - default default] Successfully bumped revision number for resource c3836d46-c35c-4a7e-90a1-dc9a6a3d6a66 (type: security_group_rules) to 0
2026-05-11 11:57:15.145 9 INFO neutron.db.ovn_revision_numbers_db [None req-7645c41c-5f14-46bf-93a6-f4f98b40de96 ab08a7d644814d2784577668bdaff625 8a01a8b2b38b49369a8a38aecddbf988 - - default default] Successfully bumped revision number for resource c4e9c8b0-9fad-411c-be10-b731a2f337c4 (type: security_group_rules) to 0
2026-05-11 11:57:15.158 10 WARNING neutron.scheduler.dhcp_agent_scheduler [None req-621baf70-c848-4375-80b4-ddfc5d271d7b 8aba56042aea4c6daeb6ddba5e1b65f1 711c7ce5874f46eb82873f74d2f39741 - - default default] No more DHCP agents
2026-05-11 11:57:15.161 10 WARNING neutron.api.rpc.agentnotifiers.dhcp_rpc_agent_api [None req-621baf70-c848-4375-80b4-ddfc5d271d7b 8aba56042aea4c6daeb6ddba5e1b65f1 711c7ce5874f46eb82873f74d2f39741 - - default default] Unable to schedule network 582f452b-4ce2-4ef6-a922-e2bff3971644: no agents available; will retry on subsequent port and subnet creation events.
2026-05-11 11:57:15.166 9 INFO neutron.wsgi [None req-7645c41c-5f14-46bf-93a6-f4f98b40de96 ab08a7d644814d2784577668bdaff625 8a01a8b2b38b49369a8a38aecddbf988 - - default default] 10.0.0.218 "POST /v2.0/security-groups HTTP/1.1" status: 201 len: 1801 time: 0.2066083
2026-05-11 11:57:15.178 10 WARNING neutron_lib.context [None req-ed21d296-5a9a-4681-91c9-a2231ddf8c94 ab08a7d644814d2784577668bdaff625 8a01a8b2b38b49369a8a38aecddbf988 - - default default] Method 'is_advsvc' is deprecated since 2023.2 release (neutron-lib 3.8.0) and will be removed once support for the old RBAC API policies will be removed from Neutron. Please use method 'is_service_role' instead.
2026-05-11 11:57:15.357 10 INFO neutron.db.ovn_revision_numbers_db [None req-ed21d296-5a9a-4681-91c9-a2231ddf8c94 ab08a7d644814d2784577668bdaff625 8a01a8b2b38b49369a8a38aecddbf988 - - default default] Successfully bumped revision number for resource c2683a15-3ca9-42e1-9914-4a3993eecb98 (type: security_groups) to 1
2026-05-11 11:57:15.373 10 INFO neutron.db.ovn_revision_numbers_db [None req-ed21d296-5a9a-4681-91c9-a2231ddf8c94 ab08a7d644814d2784577668bdaff625 8a01a8b2b38b49369a8a38aecddbf988 - - default default] Successfully bumped revision number for resource 4d54100d-5824-4f37-be80-9b9f48554e38 (type: security_group_rules) to 0
2026-05-11 11:57:15.379 10 INFO neutron.db.ovn_revision_numbers_db [None req-621baf70-c848-4375-80b4-ddfc5d271d7b 8aba56042aea4c6daeb6ddba5e1b65f1 711c7ce5874f46eb82873f74d2f39741 - - default default] Successfully bumped revision number for resource 0de6a244-5caa-425a-8740-265c513d70ce (type: ports) to 1
2026-05-11 11:57:15.391 10 INFO neutron.db.ovn_revision_numbers_db [None req-ed21d296-5a9a-4681-91c9-a2231ddf8c94 ab08a7d644814d2784577668bdaff625 8a01a8b2b38b49369a8a38aecddbf988 - - default default] Successfully bumped revision number for resource 858ffa41-203a-44ad-a07a-05ffb2f89a51 (type: security_group_rules) to 0
2026-05-11 11:57:15.405 10 INFO neutron.wsgi [None req-621baf70-c848-4375-80b4-ddfc5d271d7b 8aba56042aea4c6daeb6ddba5e1b65f1 711c7ce5874f46eb82873f74d2f39741 - - default default] 10.0.0.218 "POST /v2.0/ports HTTP/1.1" status: 201 len: 1111 time: 0.5864108
2026-05-11 11:57:15.411 10 INFO neutron.wsgi [None req-ed21d296-5a9a-4681-91c9-a2231ddf8c94 ab08a7d644814d2784577668bdaff625 8a01a8b2b38b49369a8a38aecddbf988 - - default default] 10.0.0.218 "POST /v2.0/security-groups HTTP/1.1" status: 201 len: 1801 time: 0.2371500
2026-05-11 11:57:15.423 10 WARNING neutron_lib.context [None req-bca233ce-d7d8-405d-a040-cf794d9cfef0 ab08a7d644814d2784577668bdaff625 8a01a8b2b38b49369a8a38aecddbf988 - - default default] Method 'is_advsvc' is deprecated since 2023.2 release (neutron-lib 3.8.0) and will be removed once support for the old RBAC API policies will be removed from Neutron. Please use method 'is_service_role' instead.
2026-05-11 11:57:15.571 9 INFO neutron.wsgi [None req-88a936fc-2914-42f5-bc9d-733dc4b941dc fcb5de3aa049461c98355b36ada36d28 c1003f4870764c9bbe8af087e237fa14 - - default default] 10.0.0.218 "GET /v2.0/networks HTTP/1.1" status: 200 len: 1492 time: 0.1601691
2026-05-11 11:57:15.584 10 INFO neutron.db.ovn_revision_numbers_db [None req-bca233ce-d7d8-405d-a040-cf794d9cfef0 ab08a7d644814d2784577668bdaff625 8a01a8b2b38b49369a8a38aecddbf988 - - default default] Successfully bumped revision number for resource 293cfc61-793d-410b-a1ce-715c47fb9a22 (type: security_groups) to 1
2026-05-11 11:57:15.610 10 INFO neutron.db.ovn_revision_numbers_db [None req-bca233ce-d7d8-405d-a040-cf794d9cfef0 ab08a7d644814d2784577668bdaff625 8a01a8b2b38b49369a8a38aecddbf988 - - default default] Successfully bumped revision number for resource 340035db-6d06-42e7-b535-f69d36cb3bc7 (type: security_group_rules) to 0
2026-05-11 11:57:15.630 10 INFO neutron.db.ovn_revision_numbers_db [None req-bca233ce-d7d8-405d-a040-cf794d9cfef0 ab08a7d644814d2784577668bdaff625 8a01a8b2b38b49369a8a38aecddbf988 - - default default] Successfully bumped revision number for resource 7201b5eb-529c-49c5-8c06-7519cb25fcfc (type: security_group_rules) to 0
2026-05-11 11:57:15.661 10 INFO neutron.wsgi [None req-bca233ce-d7d8-405d-a040-cf794d9cfef0 ab08a7d644814d2784577668bdaff625 8a01a8b2b38b49369a8a38aecddbf988 - - default default] 10.0.0.218 "POST /v2.0/security-groups HTTP/1.1" status: 201 len: 1801 time: 0.2417889
2026-05-11 11:57:15.670 10 WARNING neutron_lib.context [None req-8585086e-9d2c-4764-8cd6-9d415da1a642 ab08a7d644814d2784577668bdaff625 8a01a8b2b38b49369a8a38aecddbf988 - - default default] Method 'is_advsvc' is deprecated since 2023.2 release (neutron-lib 3.8.0) and will be removed once support for the old RBAC API policies will be removed from Neutron. Please use method 'is_service_role' instead.
2026-05-11 11:57:15.695 9 INFO neutron.wsgi [req-ea08803e-0e09-45f6-91c5-3616873c664e req-43def90d-ea29-46c0-8961-eb55ac994fa6 fcb5de3aa049461c98355b36ada36d28 c1003f4870764c9bbe8af087e237fa14 - - default default] 10.0.0.160 "GET /v2.0/security-groups?name=tempest-secgroup-smoke-987707085&fields=id&tenant_id=c1003f4870764c9bbe8af087e237fa14 HTTP/1.1" status: 200 len: 267 time: 0.0428143
2026-05-11 11:57:15.816 9 INFO neutron.wsgi [req-ea08803e-0e09-45f6-91c5-3616873c664e req-65865a23-f038-4cd6-b295-7999e2114276 fcb5de3aa049461c98355b36ada36d28 c1003f4870764c9bbe8af087e237fa14 - - default default] 10.0.0.160 "GET /v2.0/networks?id=adac4321-5977-4620-a929-4404a78aa2b4 HTTP/1.1" status: 200 len: 859 time: 0.1130071
2026-05-11 11:57:15.839 9 INFO neutron.wsgi [req-ea08803e-0e09-45f6-91c5-3616873c664e req-d8c445e0-c976-4554-94b0-4a3a81137739 fcb5de3aa049461c98355b36ada36d28 c1003f4870764c9bbe8af087e237fa14 - - default default] 10.0.0.160 "GET /v2.0/quotas/c1003f4870764c9bbe8af087e237fa14 HTTP/1.1" status: 200 len: 491 time: 0.0151145
2026-05-11 11:57:15.870 10 INFO neutron.db.ovn_revision_numbers_db [None req-8585086e-9d2c-4764-8cd6-9d415da1a642 ab08a7d644814d2784577668bdaff625 8a01a8b2b38b49369a8a38aecddbf988 - - default default] Successfully bumped revision number for resource d32caa34-2b9c-46fb-a6ad-53510ace3b6e (type: security_groups) to 1
2026-05-11 11:57:15.881 10 INFO neutron.wsgi [None req-274c1bf8-e14c-44e2-9a2b-635734e2a92a 8aba56042aea4c6daeb6ddba5e1b65f1 711c7ce5874f46eb82873f74d2f39741 - - default default] 10.0.0.218 "DELETE /v2.0/ports/0de6a244-5caa-425a-8740-265c513d70ce HTTP/1.1" status: 204 len: 168 time: 0.4681351
2026-05-11 11:57:15.901 10 INFO neutron.db.ovn_revision_numbers_db [None req-8585086e-9d2c-4764-8cd6-9d415da1a642 ab08a7d644814d2784577668bdaff625 8a01a8b2b38b49369a8a38aecddbf988 - - default default] Successfully bumped revision number for resource 7fbbf1b9-4b83-4c9d-87e0-a9e12a81301b (type: security_group_rules) to 0
2026-05-11 11:57:15.902 10 INFO neutron.pecan_wsgi.hooks.translation [None req-04dd0a8d-d7e8-4aec-9ce8-df1886ccd3be 8aba56042aea4c6daeb6ddba5e1b65f1 711c7ce5874f46eb82873f74d2f39741 - - default default] GET failed (client error): The resource could not be found.
2026-05-11 11:57:15.904 10 INFO neutron.wsgi [None req-04dd0a8d-d7e8-4aec-9ce8-df1886ccd3be 8aba56042aea4c6daeb6ddba5e1b65f1 711c7ce5874f46eb82873f74d2f39741 - - default default] 10.0.0.218 "GET /v2.0/ports/0de6a244-5caa-425a-8740-265c513d70ce HTTP/1.1" status: 404 len: 333 time: 0.0188222
2026-05-11 11:57:15.929 10 INFO neutron.db.ovn_revision_numbers_db [None req-8585086e-9d2c-4764-8cd6-9d415da1a642 ab08a7d644814d2784577668bdaff625 8a01a8b2b38b49369a8a38aecddbf988 - - default default] Successfully bumped revision number for resource a1ee6933-54d7-48ac-a7ca-b8dd914b7a0c (type: security_group_rules) to 0
2026-05-11 11:57:15.961 10 INFO neutron.wsgi [None req-8585086e-9d2c-4764-8cd6-9d415da1a642 ab08a7d644814d2784577668bdaff625 8a01a8b2b38b49369a8a38aecddbf988 - - default default] 10.0.0.218 "POST /v2.0/security-groups HTTP/1.1" status: 201 len: 1801 time: 0.2947805
2026-05-11 11:57:16.018 10 INFO neutron.wsgi [None req-0e28dc54-85f3-4e7a-be62-580b5ca22917 ab08a7d644814d2784577668bdaff625 8a01a8b2b38b49369a8a38aecddbf988 - - default default] 10.0.0.218 "PUT /v2.0/security-groups/a132edf7-791a-4235-99e3-1e0fae4f82c1/tags HTTP/1.1" status: 200 len: 210 time: 0.0470097
2026-05-11 11:57:16.075 10 INFO neutron.wsgi [None req-9e02b36d-2837-4398-a9a3-7adfa7f0ef5e ab08a7d644814d2784577668bdaff625 8a01a8b2b38b49369a8a38aecddbf988 - - default default] 10.0.0.218 "PUT /v2.0/security-groups/48a8be2b-67e2-4bc3-a609-7cb9441d6984/tags HTTP/1.1" status: 200 len: 218 time: 0.0497415
2026-05-11 11:57:16.120 10 INFO neutron.wsgi [None req-78ec04d8-3a03-4c26-8f88-8812562616d2 ab08a7d644814d2784577668bdaff625 8a01a8b2b38b49369a8a38aecddbf988 - - default default] 10.0.0.218 "PUT /v2.0/security-groups/c2683a15-3ca9-42e1-9914-4a3993eecb98/tags HTTP/1.1" status: 200 len: 227 time: 0.0388961
2026-05-11 11:57:16.153 9 INFO neutron.wsgi [req-ea08803e-0e09-45f6-91c5-3616873c664e req-757932e0-81a6-4996-93b7-727a680ffbf7 fcb5de3aa049461c98355b36ada36d28 c1003f4870764c9bbe8af087e237fa14 - - default default] 10.0.0.160 "GET /v2.0/ports?tenant_id=c1003f4870764c9bbe8af087e237fa14&fields=id HTTP/1.1" status: 200 len: 348 time: 0.3084548
2026-05-11 11:57:16.156 10 INFO neutron.wsgi [None req-077189b1-a675-4df0-af42-b09376be3199 ab08a7d644814d2784577668bdaff625 8a01a8b2b38b49369a8a38aecddbf988 - - default default] 10.0.0.218 "PUT /v2.0/security-groups/293cfc61-793d-410b-a1ce-715c47fb9a22/tags HTTP/1.1" status: 200 len: 212 time: 0.0312293
2026-05-11 11:57:16.167 10 INFO neutron.wsgi [None req-91ca4ff9-286c-444d-86aa-c6997658130c 8aba56042aea4c6daeb6ddba5e1b65f1 711c7ce5874f46eb82873f74d2f39741 - - default default] 10.0.0.218 "DELETE /v2.0/subnets/38bbb2cb-c868-4b74-9625-311a016e8920 HTTP/1.1" status: 204 len: 168 time: 0.2579482
2026-05-11 11:57:16.226 9 INFO neutron.wsgi [None req-fe908708-4ecf-45ab-93ed-3bacd4ab0793 ab08a7d644814d2784577668bdaff625 8a01a8b2b38b49369a8a38aecddbf988 - - default default] 10.0.0.218 "GET /v2.0/security-groups?tags=red HTTP/1.1" status: 200 len: 4999 time: 0.0642431
2026-05-11 11:57:16.240 9 INFO neutron.wsgi [req-ea08803e-0e09-45f6-91c5-3616873c664e req-be6e4539-2309-4afe-8be8-78df33dd9039 6fc3248cc7564687a7594a5d4cd32dea 67d5299d765c4122b546eb7bf13327ca - - 6554e4942acc46fd9188d05bf42ba876 6554e4942acc46fd9188d05bf42ba876] 10.0.0.160 "GET /v2.0/networks/adac4321-5977-4620-a929-4404a78aa2b4?fields=segments HTTP/1.1" status: 200 len: 212 time: 0.0712955
2026-05-11 11:57:16.284 10 INFO neutron.wsgi [None req-344b4da8-68a3-47ce-a189-820be9c4b012 ab08a7d644814d2784577668bdaff625 8a01a8b2b38b49369a8a38aecddbf988 - - default default] 10.0.0.218 "GET /v2.0/security-groups?tags=red%2Cblue HTTP/1.1" status: 200 len: 3413 time: 0.0520329
2026-05-11 11:57:16.330 9 INFO neutron.wsgi [req-ea08803e-0e09-45f6-91c5-3616873c664e req-6824e92c-1ae2-4a41-8e70-60cc99da33ce 6fc3248cc7564687a7594a5d4cd32dea 67d5299d765c4122b546eb7bf13327ca - - 6554e4942acc46fd9188d05bf42ba876 6554e4942acc46fd9188d05bf42ba876] 10.0.0.160 "GET /v2.0/networks/adac4321-5977-4620-a929-4404a78aa2b4?fields=provider%3Aphysical_network&fields=provider%3Anetwork_type HTTP/1.1" status: 200 len: 277 time: 0.0817871
2026-05-11 11:57:16.340 9 INFO neutron.wsgi [None req-6c4e792f-e6cc-45cf-a4db-073ebf93f3ae ab08a7d644814d2784577668bdaff625 8a01a8b2b38b49369a8a38aecddbf988 - - default default] 10.0.0.218 "GET /v2.0/security-groups?tags-any=blue HTTP/1.1" status: 200 len: 3413 time: 0.0523529
2026-05-11 11:57:16.387 9 INFO neutron.wsgi [None req-f65f304d-70fc-4121-a818-7f1c1d98ffb3 ab08a7d644814d2784577668bdaff625 8a01a8b2b38b49369a8a38aecddbf988 - - default default] 10.0.0.218 "GET /v2.0/security-groups?tags-any=red%2Cblue HTTP/1.1" status: 200 len: 4999 time: 0.0412586
2026-05-11 11:57:16.452 9 INFO neutron.wsgi [None req-7f150b0a-e0b0-46e8-b21e-cc57f80b3855 ab08a7d644814d2784577668bdaff625 8a01a8b2b38b49369a8a38aecddbf988 - - default default] 10.0.0.218 "GET /v2.0/security-groups?not-tags=red HTTP/1.1" status: 200 len: 6289 time: 0.0594370
2026-05-11 11:57:16.456 10 INFO neutron.wsgi [req-251d51c2-06d4-45e9-9e9d-554ca4b69b39 req-8b6ea0bd-cd93-42d4-b87e-b8772b39ad58 fcb5de3aa049461c98355b36ada36d28 c1003f4870764c9bbe8af087e237fa14 - - default default] 10.0.0.160 "GET /v2.0/ports?device_id=f3325c96-70d6-4049-b647-12b20d39f8fd HTTP/1.1" status: 200 len: 210 time: 0.0221124
2026-05-11 11:57:16.528 10 INFO neutron.wsgi [None req-b3caa34f-e485-422c-8f0f-df892d127168 ab08a7d644814d2784577668bdaff625 8a01a8b2b38b49369a8a38aecddbf988 - - default default] 10.0.0.218 "GET /v2.0/security-groups?not-tags=red%2Cblue HTTP/1.1" status: 200 len: 7875 time: 0.0704546
2026-05-11 11:57:16.600 10 INFO neutron.wsgi [None req-762c9e86-7dca-481c-8d83-dcef54c07c36 ab08a7d644814d2784577668bdaff625 8a01a8b2b38b49369a8a38aecddbf988 - - default default] 10.0.0.218 "GET /v2.0/security-groups?not-tags-any=blue HTTP/1.1" status: 200 len: 7875 time: 0.0661674
2026-05-11 11:57:16.615 9 WARNING neutron_lib.context [None req-c6bd5bb1-3233-4ef0-8a44-6bb82b4f0ffd cd3c167228f84e5685018f61413e0e2b edbf98814c1945c7badc855f126b3bf2 - - default default] Method 'is_advsvc' is deprecated since 2023.2 release (neutron-lib 3.8.0) and will be removed once support for the old RBAC API policies will be removed from Neutron. Please use method 'is_service_role' instead.
2026-05-11 11:57:16.621 10 INFO neutron.services.segments.plugin [-] Segment 01deb13b-6154-432e-9bb4-2ca2249003f0 resource provider aggregate not found
2026-05-11 11:57:16.626 10 INFO neutron.services.segments.plugin [-] Segment 01deb13b-6154-432e-9bb4-2ca2249003f0 resource provider aggregate not found
2026-05-11 11:57:16.637 10 INFO neutron.services.segments.plugin [-] Segment 01deb13b-6154-432e-9bb4-2ca2249003f0 resource provider not found; error: Placement Client Error (4xx): {"errors": [{"status": 404, "title": "Not Found", "detail": "The resource could not be found.\n\n No resource provider with uuid 01deb13b-6154-432e-9bb4-2ca2249003f0 found for delete ", "request_id": "req-67e3c8da-94b8-4aba-8c42-8c5185984500"}]}
2026-05-11 11:57:16.640 10 INFO neutron.services.segments.plugin [-] Segment 01deb13b-6154-432e-9bb4-2ca2249003f0 resource provider not found; error: Placement Client Error (4xx): {"errors": [{"status": 404, "title": "Not Found", "detail": "The resource could not be found.\n\n No resource provider with uuid 01deb13b-6154-432e-9bb4-2ca2249003f0 found for delete ", "request_id": "req-b91a96a8-ffe6-4374-a294-690b0fea6fcf"}]}
2026-05-11 11:57:16.664 10 INFO neutron.wsgi [None req-20dfb641-2905-46e1-b843-9942c2e6e9cf 8aba56042aea4c6daeb6ddba5e1b65f1 711c7ce5874f46eb82873f74d2f39741 - - default default] 10.0.0.218 "DELETE /v2.0/networks/582f452b-4ce2-4ef6-a922-e2bff3971644 HTTP/1.1" status: 204 len: 168 time: 0.4918573
2026-05-11 11:57:16.669 10 INFO neutron.wsgi [None req-af674abd-36de-4ba1-ba74-fc662e614ce0 ab08a7d644814d2784577668bdaff625 8a01a8b2b38b49369a8a38aecddbf988 - - default default] 10.0.0.218 "GET /v2.0/security-groups?not-tags-any=red%2Cblue HTTP/1.1" status: 200 len: 6289 time: 0.0604024
2026-05-11 11:57:16.681 9 WARNING neutron_lib.context [None req-b86397b7-1ca3-4b68-b1a7-16f82c422724 8aba56042aea4c6daeb6ddba5e1b65f1 711c7ce5874f46eb82873f74d2f39741 - - default default] Method 'is_advsvc' is deprecated since 2023.2 release (neutron-lib 3.8.0) and will be removed once support for the old RBAC API policies will be removed from Neutron. Please use method 'is_service_role' instead.
2026-05-11 11:57:16.779 10 INFO neutron.wsgi [None req-4e86c683-9cd3-404e-acfb-b9fc86ae7e36 ab08a7d644814d2784577668bdaff625 8a01a8b2b38b49369a8a38aecddbf988 - - default default] 10.0.0.218 "DELETE /v2.0/security-groups/a132edf7-791a-4235-99e3-1e0fae4f82c1 HTTP/1.1" status: 204 len: 168 time: 0.1043365
2026-05-11 11:57:16.817 9 INFO neutron.db.ovn_revision_numbers_db [None req-c6bd5bb1-3233-4ef0-8a44-6bb82b4f0ffd cd3c167228f84e5685018f61413e0e2b edbf98814c1945c7badc855f126b3bf2 - - default default] Successfully bumped revision number for resource a1900dec-0a44-404b-8f9e-573ee8b465a5 (type: security_groups) to 1
2026-05-11 11:57:16.836 9 INFO neutron.db.ovn_revision_numbers_db [None req-c6bd5bb1-3233-4ef0-8a44-6bb82b4f0ffd cd3c167228f84e5685018f61413e0e2b edbf98814c1945c7badc855f126b3bf2 - - default default] Successfully bumped revision number for resource 26ce40aa-273f-4301-a1ab-14a17e1c1063 (type: security_group_rules) to 0
2026-05-11 11:57:16.861 9 INFO neutron.db.ovn_revision_numbers_db [None req-c6bd5bb1-3233-4ef0-8a44-6bb82b4f0ffd cd3c167228f84e5685018f61413e0e2b edbf98814c1945c7badc855f126b3bf2 - - default default] Successfully bumped revision number for resource cfea8a43-f49f-46f8-a50e-ead12418970d (type: security_group_rules) to 0
2026-05-11 11:57:16.881 9 INFO neutron.db.ovn_revision_numbers_db [None req-c6bd5bb1-3233-4ef0-8a44-6bb82b4f0ffd cd3c167228f84e5685018f61413e0e2b edbf98814c1945c7badc855f126b3bf2 - - default default] Successfully bumped revision number for resource ec324f60-51db-4963-a0d7-fccca9404667 (type: security_group_rules) to 0
2026-05-11 11:57:16.905 9 INFO neutron.db.ovn_revision_numbers_db [None req-c6bd5bb1-3233-4ef0-8a44-6bb82b4f0ffd cd3c167228f84e5685018f61413e0e2b edbf98814c1945c7badc855f126b3bf2 - - default default] Successfully bumped revision number for resource fe105271-720b-4afc-83fe-b2f50525896a (type: security_group_rules) to 0
2026-05-11 11:57:16.910 10 INFO neutron.wsgi [None req-c6a29fd4-ec50-415f-8699-31784fba714f ab08a7d644814d2784577668bdaff625 8a01a8b2b38b49369a8a38aecddbf988 - - default default] 10.0.0.218 "DELETE /v2.0/security-groups/48a8be2b-67e2-4bc3-a609-7cb9441d6984 HTTP/1.1" status: 204 len: 168 time: 0.1179256
2026-05-11 11:57:16.945 9 WARNING neutron.scheduler.dhcp_agent_scheduler [None req-b86397b7-1ca3-4b68-b1a7-16f82c422724 8aba56042aea4c6daeb6ddba5e1b65f1 711c7ce5874f46eb82873f74d2f39741 - - default default] No more DHCP agents
2026-05-11 11:57:16.950 9 WARNING neutron.api.rpc.agentnotifiers.dhcp_rpc_agent_api [None req-b86397b7-1ca3-4b68-b1a7-16f82c422724 8aba56042aea4c6daeb6ddba5e1b65f1 711c7ce5874f46eb82873f74d2f39741 - - default default] Unable to schedule network 9bbbea1b-75c1-4d35-9c9b-b43f2c582e11: no agents available; will retry on subsequent port and subnet creation events.
2026-05-11 11:57:16.962 9 INFO neutron.db.segments_db [None req-c6bd5bb1-3233-4ef0-8a44-6bb82b4f0ffd cd3c167228f84e5685018f61413e0e2b edbf98814c1945c7badc855f126b3bf2 - - default default] Added segment ea0efc68-960e-4b77-ad91-25c92059e6bb of type geneve for network 9aaca913-62d9-4051-92cc-6857771c06f3
2026-05-11 11:57:17.040 10 INFO neutron.wsgi [None req-4654e255-b813-46c2-9289-41d9e86e8e58 ab08a7d644814d2784577668bdaff625 8a01a8b2b38b49369a8a38aecddbf988 - - default default] 10.0.0.218 "DELETE /v2.0/security-groups/c2683a15-3ca9-42e1-9914-4a3993eecb98 HTTP/1.1" status: 204 len: 168 time: 0.1254115
2026-05-11 11:57:17.093 9 INFO neutron.db.ovn_revision_numbers_db [None req-b86397b7-1ca3-4b68-b1a7-16f82c422724 8aba56042aea4c6daeb6ddba5e1b65f1 711c7ce5874f46eb82873f74d2f39741 - - default default] Successfully bumped revision number for resource 1fe6c49e-1d90-4c42-ab47-df0423439205 (type: ports) to 1
2026-05-11 11:57:17.141 9 INFO neutron.wsgi [None req-b86397b7-1ca3-4b68-b1a7-16f82c422724 8aba56042aea4c6daeb6ddba5e1b65f1 711c7ce5874f46eb82873f74d2f39741 - - default default] 10.0.0.218 "POST /v2.0/ports HTTP/1.1" status: 201 len: 974 time: 0.4686170 /var/lib/openstack/lib/python3.10/site-packages/pycadf/identifier.py:71: UserWarning: Invalid uuid: neutron. To ensure interoperability, identifiers should be a valid uuid. warnings.warn(('Invalid uuid: %s. To ensure interoperability, '
2026-05-11 11:57:17.154 9 INFO neutron.db.ovn_revision_numbers_db [None req-c6bd5bb1-3233-4ef0-8a44-6bb82b4f0ffd cd3c167228f84e5685018f61413e0e2b edbf98814c1945c7badc855f126b3bf2 - - default default] Successfully bumped revision number for resource 9aaca913-62d9-4051-92cc-6857771c06f3 (type: networks) to 1
2026-05-11 11:57:17.191 10 INFO neutron.wsgi [req-ea08803e-0e09-45f6-91c5-3616873c664e req-98cec2f4-72fc-4415-a94c-0f1b836d5e95 fcb5de3aa049461c98355b36ada36d28 c1003f4870764c9bbe8af087e237fa14 - - default default] 199.19.213.54 "GET /v2.0/networks?id=adac4321-5977-4620-a929-4404a78aa2b4 HTTP/1.1" status: 200 len: 859 time: 0.0898185
2026-05-11 11:57:17.212 10 INFO neutron.wsgi [None req-cb786014-7d17-4ac1-b9fe-8cc98211ad13 ab08a7d644814d2784577668bdaff625 8a01a8b2b38b49369a8a38aecddbf988 - - default default] 10.0.0.218 "DELETE /v2.0/security-groups/293cfc61-793d-410b-a1ce-715c47fb9a22 HTTP/1.1" status: 204 len: 168 time: 0.1685514
2026-05-11 11:57:17.273 10 INFO neutron.wsgi [req-ea08803e-0e09-45f6-91c5-3616873c664e req-8c3f0dcc-8bd9-4ca7-848b-271e81f47223 fcb5de3aa049461c98355b36ada36d28 c1003f4870764c9bbe8af087e237fa14 - - default default] 199.19.213.54 "GET /v2.0/security-groups?fields=id&fields=name&tenant_id=c1003f4870764c9bbe8af087e237fa14 HTTP/1.1" status: 200 len: 471 time: 0.0706880
2026-05-11 11:57:17.284 10 WARNING neutron_lib.context [req-ea08803e-0e09-45f6-91c5-3616873c664e req-fcb58c33-7dbe-4f72-9e92-b8b1914b8fd2 fcb5de3aa049461c98355b36ada36d28 c1003f4870764c9bbe8af087e237fa14 - - default default] Method 'is_advsvc' is deprecated since 2023.2 release (neutron-lib 3.8.0) and will be removed once support for the old RBAC API policies will be removed from Neutron. Please use method 'is_service_role' instead.
2026-05-11 11:57:17.381 9 WARNING neutron.scheduler.dhcp_agent_scheduler [None req-c6bd5bb1-3233-4ef0-8a44-6bb82b4f0ffd cd3c167228f84e5685018f61413e0e2b edbf98814c1945c7badc855f126b3bf2 - - default default] No more DHCP agents
2026-05-11 11:57:17.388 9 WARNING neutron.api.rpc.agentnotifiers.dhcp_rpc_agent_api [None req-c6bd5bb1-3233-4ef0-8a44-6bb82b4f0ffd cd3c167228f84e5685018f61413e0e2b edbf98814c1945c7badc855f126b3bf2 - - default default] Unable to schedule network 9aaca913-62d9-4051-92cc-6857771c06f3: no agents available; will retry on subsequent port and subnet creation events.
2026-05-11 11:57:17.433 10 INFO neutron.wsgi [None req-b52272f1-70fb-4331-a263-f6a4f078b2fd ab08a7d644814d2784577668bdaff625 8a01a8b2b38b49369a8a38aecddbf988 - - default default] 10.0.0.218 "DELETE /v2.0/security-groups/d32caa34-2b9c-46fb-a6ad-53510ace3b6e HTTP/1.1" status: 204 len: 168 time: 0.2160239
2026-05-11 11:57:17.509 9 INFO neutron.plugins.ml2.drivers.ovn.mech_driver.mech_driver [None req-02fafce6-5186-4500-9df5-51c680abb6c7 - - - - - -] OVN reports status down for port: 1fe6c49e-1d90-4c42-ab47-df0423439205 /var/lib/openstack/lib/python3.10/site-packages/pycadf/identifier.py:71: UserWarning: Invalid uuid: neutron. To ensure interoperability, identifiers should be a valid uuid. warnings.warn(('Invalid uuid: %s. To ensure interoperability, '
2026-05-11 11:57:17.548 9 INFO neutron.db.ovn_revision_numbers_db [None req-c6bd5bb1-3233-4ef0-8a44-6bb82b4f0ffd cd3c167228f84e5685018f61413e0e2b edbf98814c1945c7badc855f126b3bf2 - - default default] Successfully bumped revision number for resource 8b294422-b5c1-4873-8114-b0b1abfa9634 (type: ports) to 1
2026-05-11 11:57:17.567 9 INFO neutron.wsgi [req-a036dfbb-edc4-4d5d-ac8c-1573314f9ac4 req-d6d7dd80-85e0-4d6b-9154-11813cd6cede fcb5de3aa049461c98355b36ada36d28 c1003f4870764c9bbe8af087e237fa14 - - default default] 10.0.0.160 "GET /v2.0/ports?device_id=f3325c96-70d6-4049-b647-12b20d39f8fd HTTP/1.1" status: 200 len: 210 time: 0.0343468
2026-05-11 11:57:17.588 9 INFO neutron.wsgi [None req-c6bd5bb1-3233-4ef0-8a44-6bb82b4f0ffd cd3c167228f84e5685018f61413e0e2b edbf98814c1945c7badc855f126b3bf2 - - default default] 10.0.0.218 "POST /v2.0/networks HTTP/1.1" status: 201 len: 847 time: 1.1310778
2026-05-11 11:57:17.589 9 INFO neutron.db.ovn_revision_numbers_db [None req-864f411c-e101-47e0-9b6d-1f91cec46261 8aba56042aea4c6daeb6ddba5e1b65f1 711c7ce5874f46eb82873f74d2f39741 - - default default] Successfully bumped revision number for resource 1fe6c49e-1d90-4c42-ab47-df0423439205 (type: ports) to 2
2026-05-11 11:57:17.621 9 INFO neutron.wsgi [None req-864f411c-e101-47e0-9b6d-1f91cec46261 8aba56042aea4c6daeb6ddba5e1b65f1 711c7ce5874f46eb82873f74d2f39741 - - default default] 10.0.0.218 "PUT /v2.0/ports/1fe6c49e-1d90-4c42-ab47-df0423439205 HTTP/1.1" status: 200 len: 946 time: 0.4749928
2026-05-11 11:57:17.664 10 WARNING neutron.scheduler.dhcp_agent_scheduler [req-ea08803e-0e09-45f6-91c5-3616873c664e req-fcb58c33-7dbe-4f72-9e92-b8b1914b8fd2 fcb5de3aa049461c98355b36ada36d28 c1003f4870764c9bbe8af087e237fa14 - - default default] No more DHCP agents
2026-05-11 11:57:17.668 10 WARNING neutron.api.rpc.agentnotifiers.dhcp_rpc_agent_api [req-ea08803e-0e09-45f6-91c5-3616873c664e req-fcb58c33-7dbe-4f72-9e92-b8b1914b8fd2 fcb5de3aa049461c98355b36ada36d28 c1003f4870764c9bbe8af087e237fa14 - - default default] Unable to schedule network adac4321-5977-4620-a929-4404a78aa2b4: no agents available; will retry on subsequent port and subnet creation events.
2026-05-11 11:57:17.841 10 INFO neutron.db.ovn_revision_numbers_db [req-ea08803e-0e09-45f6-91c5-3616873c664e req-fcb58c33-7dbe-4f72-9e92-b8b1914b8fd2 fcb5de3aa049461c98355b36ada36d28 c1003f4870764c9bbe8af087e237fa14 - - default default] Successfully bumped revision number for resource 791e93a4-bf0f-488b-a384-bd4f6144db34 (type: ports) to 1
2026-05-11 11:57:17.868 10 INFO neutron.wsgi [req-ea08803e-0e09-45f6-91c5-3616873c664e req-fcb58c33-7dbe-4f72-9e92-b8b1914b8fd2 fcb5de3aa049461c98355b36ada36d28 c1003f4870764c9bbe8af087e237fa14 - - default default] 199.19.213.54 "POST /v2.0/ports HTTP/1.1" status: 201 len: 1162 time: 0.5896101 /var/lib/openstack/lib/python3.10/site-packages/pycadf/identifier.py:71: UserWarning: Invalid uuid: neutron. To ensure interoperability, identifiers should be a valid uuid. warnings.warn(('Invalid uuid: %s. To ensure interoperability, '
2026-05-11 11:57:17.960 9 INFO neutron.wsgi [None req-cf2cc261-ddc5-483b-9ba0-755faf10d30b 8aba56042aea4c6daeb6ddba5e1b65f1 711c7ce5874f46eb82873f74d2f39741 - - default default] 10.0.0.218 "DELETE /v2.0/ports/1fe6c49e-1d90-4c42-ab47-df0423439205 HTTP/1.1" status: 204 len: 168 time: 0.3329732
2026-05-11 11:57:18.062 9 WARNING neutron_lib.context [None req-5798b81e-dee5-4c64-8fc4-edc094f5f0d8 cd3c167228f84e5685018f61413e0e2b edbf98814c1945c7badc855f126b3bf2 - - default default] Method 'is_advsvc' is deprecated since 2023.2 release (neutron-lib 3.8.0) and will be removed once support for the old RBAC API policies will be removed from Neutron. Please use method 'is_service_role' instead.
2026-05-11 11:57:18.077 10 INFO neutron.wsgi [None req-7f09bb58-8e5f-44c4-a684-39707cb7910f 8aba56042aea4c6daeb6ddba5e1b65f1 711c7ce5874f46eb82873f74d2f39741 - - default default] 10.0.0.218 "GET /v2.0/ports HTTP/1.1" status: 200 len: 1729 time: 0.1095922
2026-05-11 11:57:18.102 9 INFO neutron.pecan_wsgi.hooks.translation [None req-48659d54-da5f-49e7-8280-3ea5da33545c 8aba56042aea4c6daeb6ddba5e1b65f1 711c7ce5874f46eb82873f74d2f39741 - - default default] GET failed (client error): The resource could not be found.
2026-05-11 11:57:18.103 9 INFO neutron.wsgi [None req-48659d54-da5f-49e7-8280-3ea5da33545c 8aba56042aea4c6daeb6ddba5e1b65f1 711c7ce5874f46eb82873f74d2f39741 - - default default] 10.0.0.218 "GET /v2.0/ports/1fe6c49e-1d90-4c42-ab47-df0423439205 HTTP/1.1" status: 404 len: 333 time: 0.0199735
2026-05-11 11:57:18.160 9 INFO neutron.wsgi [None req-a48c8716-4a93-4c85-9310-caf71f2f77d8 8aba56042aea4c6daeb6ddba5e1b65f1 711c7ce5874f46eb82873f74d2f39741 - - default default] 10.0.0.218 "GET /v2.0/ports HTTP/1.1" status: 200 len: 1729 time: 0.0477376
2026-05-11 11:57:18.218 9 INFO neutron.wsgi [None req-09db4b10-4738-4a69-b95a-0d4161744937 8aba56042aea4c6daeb6ddba5e1b65f1 711c7ce5874f46eb82873f74d2f39741 - - default default] 10.0.0.218 "GET /v2.0/ports/4175fd2d-e598-41ce-bd65-ba4d941d5425 HTTP/1.1" status: 200 len: 969 time: 0.0526972
2026-05-11 11:57:18.255 9 INFO neutron.pecan_wsgi.hooks.translation [None req-4c339c9a-93fa-4c38-a8ee-40b06c9e3e59 8aba56042aea4c6daeb6ddba5e1b65f1 711c7ce5874f46eb82873f74d2f39741 - - default default] DELETE failed (client error): The resource could not be found.
2026-05-11 11:57:18.257 9 INFO neutron.wsgi [None req-4c339c9a-93fa-4c38-a8ee-40b06c9e3e59 8aba56042aea4c6daeb6ddba5e1b65f1 711c7ce5874f46eb82873f74d2f39741 - - default default] 10.0.0.218 "DELETE /v2.0/ports/0de6a244-5caa-425a-8740-265c513d70ce HTTP/1.1" status: 404 len: 333 time: 0.0302324 /var/lib/openstack/lib/python3.10/site-packages/pycadf/identifier.py:71: UserWarning: Invalid uuid: neutron. To ensure interoperability, identifiers should be a valid uuid. warnings.warn(('Invalid uuid: %s. To ensure interoperability, '
2026-05-11 11:57:18.279 10 INFO neutron.pecan_wsgi.hooks.translation [None req-adbdf418-43ca-44fb-817d-31ed0a5624ad 8aba56042aea4c6daeb6ddba5e1b65f1 711c7ce5874f46eb82873f74d2f39741 - - default default] DELETE failed (client error): The resource could not be found.
2026-05-11 11:57:18.281 10 INFO neutron.wsgi [None req-adbdf418-43ca-44fb-817d-31ed0a5624ad 8aba56042aea4c6daeb6ddba5e1b65f1 711c7ce5874f46eb82873f74d2f39741 - - default default] 10.0.0.218 "DELETE /v2.0/subnets/38bbb2cb-c868-4b74-9625-311a016e8920 HTTP/1.1" status: 404 len: 337 time: 0.0189219
2026-05-11 11:57:18.310 9 INFO neutron.pecan_wsgi.hooks.translation [None req-420a3afb-c8ae-4984-8cf7-bdbd6584d7a3 8aba56042aea4c6daeb6ddba5e1b65f1 711c7ce5874f46eb82873f74d2f39741 - - default default] DELETE failed (client error): The resource could not be found.
2026-05-11 11:57:18.312 9 INFO neutron.wsgi [None req-420a3afb-c8ae-4984-8cf7-bdbd6584d7a3 8aba56042aea4c6daeb6ddba5e1b65f1 711c7ce5874f46eb82873f74d2f39741 - - default default] 10.0.0.218 "DELETE /v2.0/subnets/7afec2a3-3db0-4117-8fd9-4dd52dee05a8 HTTP/1.1" status: 404 len: 337 time: 0.0259125
2026-05-11 11:57:18.407 10 INFO neutron.db.ovn_revision_numbers_db [req-ea08803e-0e09-45f6-91c5-3616873c664e req-a3ba6fea-5d62-4f61-af37-5e2a98ec90fc 6fc3248cc7564687a7594a5d4cd32dea 67d5299d765c4122b546eb7bf13327ca - - 6554e4942acc46fd9188d05bf42ba876 6554e4942acc46fd9188d05bf42ba876] Successfully bumped revision number for resource 791e93a4-bf0f-488b-a384-bd4f6144db34 (type: ports) to 2
2026-05-11 11:57:18.419 9 WARNING neutron.scheduler.dhcp_agent_scheduler [None req-5798b81e-dee5-4c64-8fc4-edc094f5f0d8 cd3c167228f84e5685018f61413e0e2b edbf98814c1945c7badc855f126b3bf2 - - default default] No more DHCP agents
2026-05-11 11:57:18.423 9 WARNING neutron.api.rpc.agentnotifiers.dhcp_rpc_agent_api [None req-5798b81e-dee5-4c64-8fc4-edc094f5f0d8 cd3c167228f84e5685018f61413e0e2b edbf98814c1945c7badc855f126b3bf2 - - default default] Unable to schedule network 9aaca913-62d9-4051-92cc-6857771c06f3: no agents available; will retry on subsequent port and subnet creation events.
2026-05-11 11:57:18.473 9 INFO neutron.db.ovn_revision_numbers_db [None req-5798b81e-dee5-4c64-8fc4-edc094f5f0d8 cd3c167228f84e5685018f61413e0e2b edbf98814c1945c7badc855f126b3bf2 - - default default] Successfully bumped revision number for resource a373305d-4b4c-4110-a6b1-b7b6ff015e67 (type: subnets) to 0
2026-05-11 11:57:18.496 9 INFO neutron.wsgi [None req-5798b81e-dee5-4c64-8fc4-edc094f5f0d8 cd3c167228f84e5685018f61413e0e2b edbf98814c1945c7badc855f126b3bf2 - - default default] 10.0.0.218 "POST /v2.0/subnets HTTP/1.1" status: 201 len: 848 time: 0.4400132
2026-05-11 11:57:18.511 9 WARNING neutron_lib.context [None req-f7152d6a-7437-422a-af69-919be5a90ad9 cd3c167228f84e5685018f61413e0e2b edbf98814c1945c7badc855f126b3bf2 - - default default] Method 'is_advsvc' is deprecated since 2023.2 release (neutron-lib 3.8.0) and will be removed once support for the old RBAC API policies will be removed from Neutron. Please use method 'is_service_role' instead.
2026-05-11 11:57:18.605 9 INFO neutron.db.segments_db [None req-f7152d6a-7437-422a-af69-919be5a90ad9 cd3c167228f84e5685018f61413e0e2b edbf98814c1945c7badc855f126b3bf2 - - default default] Added segment 01c866c7-7d57-4eeb-a16b-7d9dd0756e33 of type geneve for network 376b2732-264b-4752-9fbf-44d0080d6fd0 /var/lib/openstack/lib/python3.10/site-packages/pycadf/identifier.py:71: UserWarning: Invalid uuid: neutron. To ensure interoperability, identifiers should be a valid uuid. warnings.warn(('Invalid uuid: %s. To ensure interoperability, '
2026-05-11 11:57:18.637 10 INFO neutron.db.ovn_revision_numbers_db [req-ea08803e-0e09-45f6-91c5-3616873c664e req-a3ba6fea-5d62-4f61-af37-5e2a98ec90fc 6fc3248cc7564687a7594a5d4cd32dea 67d5299d765c4122b546eb7bf13327ca - - 6554e4942acc46fd9188d05bf42ba876 6554e4942acc46fd9188d05bf42ba876] Successfully bumped revision number for resource 791e93a4-bf0f-488b-a384-bd4f6144db34 (type: ports) to 2
