2026-05-11 11:56:55.287 10 INFO neutron.wsgi [req-2ac055df-68ed-4a74-b50f-6eacd2a8aa0a req-2e2e5cf5-06a8-4022-a780-e4ed342ea66f fcb5de3aa049461c98355b36ada36d28 c1003f4870764c9bbe8af087e237fa14 - - default default] 10.0.0.160 "GET /v2.0/ports?device_id=44135d8d-8da8-47de-ab8e-dc16a40aedd8 HTTP/1.1" status: 200 len: 1170 time: 0.0409396
2026-05-11 11:56:55.311 9 INFO neutron.wsgi [None req-80434643-1d1a-4dc1-9555-7e25ef9b4f5b f81bfc9005d94dc1b22eab88ce9eab97 d6044e1be4724ecda1a766606bb6cbc9 - - default default] 10.0.0.218 "GET /v2.0/floatingips?tags=red HTTP/1.1" status: 200 len: 1866 time: 0.0454574
2026-05-11 11:56:55.334 10 INFO neutron.wsgi [req-2ac055df-68ed-4a74-b50f-6eacd2a8aa0a req-aa84d00b-bba2-4282-8d97-57d4077d9f59 fcb5de3aa049461c98355b36ada36d28 c1003f4870764c9bbe8af087e237fa14 - - default default] 10.0.0.160 "GET /v2.0/security-groups?id=67cf512d-ae4d-40b5-9d2b-fade8608b7ea&fields=id&fields=name HTTP/1.1" status: 200 len: 312 time: 0.0415020
2026-05-11 11:56:55.363 9 INFO neutron.wsgi [None req-86b3fe9d-ec99-4627-a67e-cecad63f1736 f81bfc9005d94dc1b22eab88ce9eab97 d6044e1be4724ecda1a766606bb6cbc9 - - default default] 10.0.0.218 "GET /v2.0/floatingips?tags=red%2Cblue HTTP/1.1" status: 200 len: 1323 time: 0.0402286
2026-05-11 11:56:55.658 9 INFO neutron.wsgi [None req-863fee0d-4b89-4977-9564-f894c4b3eb72 f81bfc9005d94dc1b22eab88ce9eab97 d6044e1be4724ecda1a766606bb6cbc9 - - default default] 10.0.0.218 "GET /v2.0/floatingips?tags-any=blue HTTP/1.1" status: 200 len: 1323 time: 0.2892005
2026-05-11 11:56:55.712 10 INFO neutron.wsgi [None req-32e0b69a-bf64-4bca-b49e-503ab4e3288f f81bfc9005d94dc1b22eab88ce9eab97 d6044e1be4724ecda1a766606bb6cbc9 - - default default] 10.0.0.218 "GET /v2.0/floatingips?tags-any=red%2Cblue HTTP/1.1" status: 200 len: 1866 time: 0.0473001
2026-05-11 11:56:55.736 9 INFO neutron.wsgi [req-4271a9de-2c29-48f4-ba03-2d349f3b4377 req-df1aa453-7b34-45de-8739-2cc3da42ab84 fcb5de3aa049461c98355b36ada36d28 c1003f4870764c9bbe8af087e237fa14 - - default default] 10.0.0.160 "GET /v2.0/ports?device_id=44135d8d-8da8-47de-ab8e-dc16a40aedd8 HTTP/1.1" status: 200 len: 1170 time: 0.1030145
2026-05-11 11:56:55.762 10 INFO neutron.wsgi [None req-d54f98ab-3220-4f8d-b04a-cb1cf6e85c6b f81bfc9005d94dc1b22eab88ce9eab97 d6044e1be4724ecda1a766606bb6cbc9 - - default default] 10.0.0.218 "GET /v2.0/floatingips?not-tags=red HTTP/1.1" status: 200 len: 1295 time: 0.0422275
2026-05-11 11:56:55.788 9 INFO neutron.wsgi [req-4271a9de-2c29-48f4-ba03-2d349f3b4377 req-7227f6bb-907e-4ec0-9441-a26c09b6e6fe fcb5de3aa049461c98355b36ada36d28 c1003f4870764c9bbe8af087e237fa14 - - default default] 10.0.0.160 "GET /v2.0/security-groups?id=67cf512d-ae4d-40b5-9d2b-fade8608b7ea&fields=id&fields=name HTTP/1.1" status: 200 len: 312 time: 0.0416834
2026-05-11 11:56:55.813 10 INFO neutron.wsgi [None req-81d2bd63-e2c9-4f25-adea-41d6fbbc349f f81bfc9005d94dc1b22eab88ce9eab97 d6044e1be4724ecda1a766606bb6cbc9 - - default default] 10.0.0.218 "GET /v2.0/floatingips?not-tags=red%2Cblue HTTP/1.1" status: 200 len: 1838 time: 0.0452828
2026-05-11 11:56:55.816 9 INFO neutron.wsgi [None req-a83d15a9-e6a0-4962-9c96-526ee5b04ae6 f3f5f97eb76249029e44a4126801718c 6e9ff99e9b384559865da5526608b358 - - default default] 10.0.0.218 "DELETE /v2.0/security-groups/9256f350-a384-44d3-a8ff-b205c8928001 HTTP/1.1" status: 204 len: 168 time: 0.5769594
2026-05-11 11:56:55.860 9 INFO neutron.wsgi [None req-09a32ae1-05b3-4b59-9f2e-85e368aa56cb f8b776e1653f429db99ab49c812be003 2935ff21adca4afda2535d5b921ee73f - - default default] 10.0.0.218 "GET /v2.0/ports?device_id=44135d8d-8da8-47de-ab8e-dc16a40aedd8 HTTP/1.1" status: 200 len: 1404 time: 0.0482981
2026-05-11 11:56:55.865 10 INFO neutron.wsgi [None req-fbf7347a-8662-4d18-b902-f98f61a927aa f81bfc9005d94dc1b22eab88ce9eab97 d6044e1be4724ecda1a766606bb6cbc9 - - default default] 10.0.0.218 "GET /v2.0/floatingips?not-tags-any=blue HTTP/1.1" status: 200 len: 1838 time: 0.0485802
2026-05-11 11:56:55.867 9 WARNING neutron_lib.context [None req-1c957992-c656-4229-939d-73ec752751d2 fcb5de3aa049461c98355b36ada36d28 c1003f4870764c9bbe8af087e237fa14 - - default default] Method 'is_advsvc' is deprecated since 2023.2 release (neutron-lib 3.8.0) and will be removed once support for the old RBAC API policies will be removed from Neutron. Please use method 'is_service_role' instead.
2026-05-11 11:56:55.906 10 INFO neutron.wsgi [None req-1e2a75ee-a427-4bc5-b36c-b1df3df30199 f81bfc9005d94dc1b22eab88ce9eab97 d6044e1be4724ecda1a766606bb6cbc9 - - default default] 10.0.0.218 "GET /v2.0/floatingips?not-tags-any=red%2Cblue HTTP/1.1" status: 200 len: 1295 time: 0.0366182
2026-05-11 11:56:56.055 9 INFO neutron.notifiers.nova [-] Nova event matching ['req-f72a7d7e-aa04-4e9e-85c1-372c16944bae'] response: {'server_uuid': '44135d8d-8da8-47de-ab8e-dc16a40aedd8', 'name': 'network-vif-plugged', 'status': 'completed', 'tag': 'b06782bf-9ac5-4885-84cb-419ddbd6e313', 'code': 200}
2026-05-11 11:56:56.110 10 INFO neutron.db.ovn_revision_numbers_db [None req-fbe03d28-ed96-4b0d-8419-298b77f46b52 f3f5f97eb76249029e44a4126801718c 6e9ff99e9b384559865da5526608b358 - - default default] Successfully bumped revision number for resource b4d774d8-a65d-41f5-85d8-c49c90f9fb0d (type: security_groups) to 1
2026-05-11 11:56:56.132 10 INFO neutron.db.ovn_revision_numbers_db [None req-fbe03d28-ed96-4b0d-8419-298b77f46b52 f3f5f97eb76249029e44a4126801718c 6e9ff99e9b384559865da5526608b358 - - default default] Successfully bumped revision number for resource 364fb28e-dfed-4a5f-af92-872b4772af23 (type: security_group_rules) to 0
2026-05-11 11:56:56.148 9 WARNING neutron.scheduler.dhcp_agent_scheduler [None req-1c957992-c656-4229-939d-73ec752751d2 fcb5de3aa049461c98355b36ada36d28 c1003f4870764c9bbe8af087e237fa14 - - default default] No more DHCP agents
2026-05-11 11:56:56.150 9 WARNING neutron.api.rpc.agentnotifiers.dhcp_rpc_agent_api [None req-1c957992-c656-4229-939d-73ec752751d2 fcb5de3aa049461c98355b36ada36d28 c1003f4870764c9bbe8af087e237fa14 - - default default] Unable to schedule network 9ad427e5-221d-4e35-bd47-d79ef14f1049: no agents available; will retry on subsequent port and subnet creation events.
2026-05-11 11:56:56.151 10 INFO neutron.db.ovn_revision_numbers_db [None req-fbe03d28-ed96-4b0d-8419-298b77f46b52 f3f5f97eb76249029e44a4126801718c 6e9ff99e9b384559865da5526608b358 - - default default] Successfully bumped revision number for resource 54289d31-694a-471f-beb3-e9ccbbcded71 (type: security_group_rules) to 0
2026-05-11 11:56:56.179 10 INFO neutron.db.ovn_revision_numbers_db [None req-fbe03d28-ed96-4b0d-8419-298b77f46b52 f3f5f97eb76249029e44a4126801718c 6e9ff99e9b384559865da5526608b358 - - default default] Successfully bumped revision number for resource 632138ef-db28-4f8e-a78a-b146f5e3796c (type: security_group_rules) to 0
2026-05-11 11:56:56.201 10 INFO neutron.db.ovn_revision_numbers_db [None req-fbe03d28-ed96-4b0d-8419-298b77f46b52 f3f5f97eb76249029e44a4126801718c 6e9ff99e9b384559865da5526608b358 - - default default] Successfully bumped revision number for resource ea5ae307-4775-4553-9bb4-b07a0a9da179 (type: security_group_rules) to 0
2026-05-11 11:56:56.226 10 INFO neutron.wsgi [None req-fbe03d28-ed96-4b0d-8419-298b77f46b52 f3f5f97eb76249029e44a4126801718c 6e9ff99e9b384559865da5526608b358 - - default default] 10.0.0.218 "GET /v2.0/security-groups?tenant_id=99479d3d66ba485b8070f9916bf9ca7e&name=default HTTP/1.1" status: 200 len: 3120 time: 0.2937942
2026-05-11 11:56:56.299 10 INFO neutron.wsgi [None req-d23739f0-673b-4974-a2e0-bbb7c2ce4c39 f81bfc9005d94dc1b22eab88ce9eab97 d6044e1be4724ecda1a766606bb6cbc9 - - default default] 10.0.0.218 "DELETE /v2.0/floatingips/9902aa48-f469-462d-8d26-754241c36e71 HTTP/1.1" status: 204 len: 168 time: 0.3876064
2026-05-11 11:56:56.531 9 INFO neutron.wsgi [None req-274508f5-8bec-4ab8-abb1-584923cb4d85 f3f5f97eb76249029e44a4126801718c 6e9ff99e9b384559865da5526608b358 - - default default] 10.0.0.218 "DELETE /v2.0/security-groups/b4d774d8-a65d-41f5-85d8-c49c90f9fb0d HTTP/1.1" status: 204 len: 168 time: 0.2987380
2026-05-11 11:56:56.630 10 INFO neutron.wsgi [None req-6c030d6f-1b32-4f26-9664-816aa5d0f9db f81bfc9005d94dc1b22eab88ce9eab97 d6044e1be4724ecda1a766606bb6cbc9 - - default default] 10.0.0.218 "DELETE /v2.0/floatingips/0fe156db-65a4-4660-bcc2-af2cc13842b2 HTTP/1.1" status: 204 len: 168 time: 0.3252046
2026-05-11 11:56:56.701 10 WARNING neutron_lib.context [None req-5e67352a-e2bc-4447-8db6-d1f1e2388dbf 6fa0ffbff0dd417c8697c16a42571504 8600a64058d14368ba7453dca215ff85 - - default default] Method 'is_advsvc' is deprecated since 2023.2 release (neutron-lib 3.8.0) and will be removed once support for the old RBAC API policies will be removed from Neutron. Please use method 'is_service_role' instead.
2026-05-11 11:56:56.866 10 INFO neutron.db.ovn_revision_numbers_db [None req-5e67352a-e2bc-4447-8db6-d1f1e2388dbf 6fa0ffbff0dd417c8697c16a42571504 8600a64058d14368ba7453dca215ff85 - - default default] Successfully bumped revision number for resource c4420583-1593-4f9a-8c31-e4a730b84398 (type: security_groups) to 1
2026-05-11 11:56:56.881 10 INFO neutron.db.ovn_revision_numbers_db [None req-5e67352a-e2bc-4447-8db6-d1f1e2388dbf 6fa0ffbff0dd417c8697c16a42571504 8600a64058d14368ba7453dca215ff85 - - default default] Successfully bumped revision number for resource 0e4d3416-4aeb-4fc4-b515-4b03bc639663 (type: security_group_rules) to 0
2026-05-11 11:56:56.905 10 INFO neutron.db.ovn_revision_numbers_db [None req-5e67352a-e2bc-4447-8db6-d1f1e2388dbf 6fa0ffbff0dd417c8697c16a42571504 8600a64058d14368ba7453dca215ff85 - - default default] Successfully bumped revision number for resource 52531f59-6e82-4c18-9771-01afcb613846 (type: security_group_rules) to 0
2026-05-11 11:56:56.905 9 INFO neutron.db.ovn_revision_numbers_db [None req-1c957992-c656-4229-939d-73ec752751d2 fcb5de3aa049461c98355b36ada36d28 c1003f4870764c9bbe8af087e237fa14 - - default default] Successfully bumped revision number for resource 3caaa60f-4f0a-4bcf-8e25-4a5fb2b08f37 (type: floatingips) to -1
2026-05-11 11:56:56.927 10 INFO neutron.db.ovn_revision_numbers_db [None req-5e67352a-e2bc-4447-8db6-d1f1e2388dbf 6fa0ffbff0dd417c8697c16a42571504 8600a64058d14368ba7453dca215ff85 - - default default] Successfully bumped revision number for resource 6e298193-c59b-444f-92de-0730ba59b688 (type: security_group_rules) to 0
2026-05-11 11:56:56.947 10 INFO neutron.db.ovn_revision_numbers_db [None req-5e67352a-e2bc-4447-8db6-d1f1e2388dbf 6fa0ffbff0dd417c8697c16a42571504 8600a64058d14368ba7453dca215ff85 - - default default] Successfully bumped revision number for resource 920eaa00-ffe6-4aed-bbdb-f93904508895 (type: security_group_rules) to 0
2026-05-11 11:56:56.998 10 INFO neutron.wsgi [None req-7dfd8fbc-596c-4594-bd68-2c6f83e3261b f81bfc9005d94dc1b22eab88ce9eab97 d6044e1be4724ecda1a766606bb6cbc9 - - default default] 10.0.0.218 "DELETE /v2.0/floatingips/f13d5460-3b5d-44e3-9f4b-a60fd00a26ae HTTP/1.1" status: 204 len: 168 time: 0.3600645
2026-05-11 11:56:57.001 10 INFO neutron.db.segments_db [None req-5e67352a-e2bc-4447-8db6-d1f1e2388dbf 6fa0ffbff0dd417c8697c16a42571504 8600a64058d14368ba7453dca215ff85 - - default default] Added segment 45f46934-9097-48bd-aa91-3a3da41e8064 of type geneve for network 4cc88d5a-e90f-4367-a8cf-a5e87ee0602e
2026-05-11 11:56:57.062 9 INFO neutron.db.ovn_revision_numbers_db [None req-1c957992-c656-4229-939d-73ec752751d2 fcb5de3aa049461c98355b36ada36d28 c1003f4870764c9bbe8af087e237fa14 - - default default] Successfully bumped revision number for resource 3caaa60f-4f0a-4bcf-8e25-4a5fb2b08f37 (type: floatingips) to 1
2026-05-11 11:56:57.064 9 INFO neutron.db.l3_db [None req-1c957992-c656-4229-939d-73ec752751d2 fcb5de3aa049461c98355b36ada36d28 c1003f4870764c9bbe8af087e237fa14 - - default default] Floating IP 3caaa60f-4f0a-4bcf-8e25-4a5fb2b08f37 associated. External IP: 10.96.250.219, port: b06782bf-9ac5-4885-84cb-419ddbd6e313.
2026-05-11 11:56:57.107 9 INFO neutron.wsgi [None req-1c957992-c656-4229-939d-73ec752751d2 fcb5de3aa049461c98355b36ada36d28 c1003f4870764c9bbe8af087e237fa14 - - default default] 10.0.0.218 "POST /v2.0/floatingips HTTP/1.1" status: 201 len: 1054 time: 1.2429647 /var/lib/openstack/lib/python3.10/site-packages/pycadf/identifier.py:71: UserWarning: Invalid uuid: neutron. To ensure interoperability, identifiers should be a valid uuid. warnings.warn(('Invalid uuid: %s. To ensure interoperability, '
2026-05-11 11:56:57.159 9 INFO neutron.wsgi [None req-b40003b7-cc6d-4824-8f9c-7332bad86b1e fcb5de3aa049461c98355b36ada36d28 c1003f4870764c9bbe8af087e237fa14 - - default default] 10.0.0.218 "GET /v2.0/floatingips/3caaa60f-4f0a-4bcf-8e25-4a5fb2b08f37 HTTP/1.1" status: 200 len: 1051 time: 0.0487299
2026-05-11 11:56:57.168 10 INFO neutron.db.ovn_revision_numbers_db [None req-5e67352a-e2bc-4447-8db6-d1f1e2388dbf 6fa0ffbff0dd417c8697c16a42571504 8600a64058d14368ba7453dca215ff85 - - default default] Successfully bumped revision number for resource 4cc88d5a-e90f-4367-a8cf-a5e87ee0602e (type: networks) to 1
2026-05-11 11:56:57.376 10 WARNING neutron.scheduler.dhcp_agent_scheduler [None req-5e67352a-e2bc-4447-8db6-d1f1e2388dbf 6fa0ffbff0dd417c8697c16a42571504 8600a64058d14368ba7453dca215ff85 - - default default] No more DHCP agents
2026-05-11 11:56:57.379 10 WARNING neutron.api.rpc.agentnotifiers.dhcp_rpc_agent_api [None req-5e67352a-e2bc-4447-8db6-d1f1e2388dbf 6fa0ffbff0dd417c8697c16a42571504 8600a64058d14368ba7453dca215ff85 - - default default] Unable to schedule network 4cc88d5a-e90f-4367-a8cf-a5e87ee0602e: no agents available; will retry on subsequent port and subnet creation events.
2026-05-11 11:56:57.485 10 INFO neutron.db.ovn_revision_numbers_db [None req-5e67352a-e2bc-4447-8db6-d1f1e2388dbf 6fa0ffbff0dd417c8697c16a42571504 8600a64058d14368ba7453dca215ff85 - - default default] Successfully bumped revision number for resource 0b892041-0b07-4918-a5e6-532a6d489eb3 (type: ports) to 1
2026-05-11 11:56:57.490 10 INFO neutron.wsgi [None req-6eb28338-f300-4567-b41f-30038424cb62 f81bfc9005d94dc1b22eab88ce9eab97 d6044e1be4724ecda1a766606bb6cbc9 - - default default] 10.0.0.218 "DELETE /v2.0/floatingips/22ce7293-bc60-443a-a4be-76eac4517687 HTTP/1.1" status: 204 len: 168 time: 0.4862113
2026-05-11 11:56:57.507 10 INFO neutron.wsgi [None req-5e67352a-e2bc-4447-8db6-d1f1e2388dbf 6fa0ffbff0dd417c8697c16a42571504 8600a64058d14368ba7453dca215ff85 - - default default] 10.0.0.218 "POST /v2.0/networks HTTP/1.1" status: 201 len: 848 time: 0.9772151
2026-05-11 11:56:57.518 10 WARNING neutron_lib.context [None req-37ec1fdf-6d56-40f4-9c73-a4ac5b998e36 6fa0ffbff0dd417c8697c16a42571504 8600a64058d14368ba7453dca215ff85 - - default default] Method 'is_advsvc' is deprecated since 2023.2 release (neutron-lib 3.8.0) and will be removed once support for the old RBAC API policies will be removed from Neutron. Please use method 'is_service_role' instead.
2026-05-11 11:56:57.753 10 WARNING neutron.scheduler.dhcp_agent_scheduler [None req-37ec1fdf-6d56-40f4-9c73-a4ac5b998e36 6fa0ffbff0dd417c8697c16a42571504 8600a64058d14368ba7453dca215ff85 - - default default] No more DHCP agents
2026-05-11 11:56:57.755 10 WARNING neutron.api.rpc.agentnotifiers.dhcp_rpc_agent_api [None req-37ec1fdf-6d56-40f4-9c73-a4ac5b998e36 6fa0ffbff0dd417c8697c16a42571504 8600a64058d14368ba7453dca215ff85 - - default default] Unable to schedule network 4cc88d5a-e90f-4367-a8cf-a5e87ee0602e: no agents available; will retry on subsequent port and subnet creation events.
2026-05-11 11:56:57.840 10 INFO neutron.db.ovn_revision_numbers_db [None req-37ec1fdf-6d56-40f4-9c73-a4ac5b998e36 6fa0ffbff0dd417c8697c16a42571504 8600a64058d14368ba7453dca215ff85 - - default default] Successfully bumped revision number for resource c0ffb41a-bbd1-4d5c-94a5-fe0876db6b15 (type: ports) to 1
2026-05-11 11:56:57.863 10 INFO neutron.wsgi [None req-37ec1fdf-6d56-40f4-9c73-a4ac5b998e36 6fa0ffbff0dd417c8697c16a42571504 8600a64058d14368ba7453dca215ff85 - - default default] 10.0.0.218 "POST /v2.0/ports HTTP/1.1" status: 201 len: 977 time: 0.3502238
2026-05-11 11:56:57.873 9 WARNING neutron_lib.context [None req-c1898e7a-5f1d-4edf-a81f-b8bc40192d58 6fa0ffbff0dd417c8697c16a42571504 8600a64058d14368ba7453dca215ff85 - - default default] Method 'is_advsvc' is deprecated since 2023.2 release (neutron-lib 3.8.0) and will be removed once support for the old RBAC API policies will be removed from Neutron. Please use method 'is_service_role' instead.
2026-05-11 11:56:57.879 9 INFO neutron.wsgi [None req-3e6d17e2-de56-45ff-a7b5-9d0d50ea7355 f81bfc9005d94dc1b22eab88ce9eab97 d6044e1be4724ecda1a766606bb6cbc9 - - default default] 10.0.0.218 "DELETE /v2.0/floatingips/ead39c0f-41db-4e93-ac2d-0df1b5bf6eba HTTP/1.1" status: 204 len: 168 time: 0.3837714
2026-05-11 11:56:57.949 9 INFO neutron.db.segments_db [None req-c1898e7a-5f1d-4edf-a81f-b8bc40192d58 6fa0ffbff0dd417c8697c16a42571504 8600a64058d14368ba7453dca215ff85 - - default default] Added segment cf703423-c6d2-4c98-913c-b33a4ff3745e of type geneve for network a0c08e1e-6fc7-4d01-9a93-561a742af5c9
2026-05-11 11:56:58.077 9 INFO neutron.db.ovn_revision_numbers_db [None req-c1898e7a-5f1d-4edf-a81f-b8bc40192d58 6fa0ffbff0dd417c8697c16a42571504 8600a64058d14368ba7453dca215ff85 - - default default] Successfully bumped revision number for resource a0c08e1e-6fc7-4d01-9a93-561a742af5c9 (type: networks) to 1
2026-05-11 11:56:58.098 9 INFO neutron.notifiers.nova [-] Nova event matching ['req-2275077f-6407-4aee-b25a-5488ab8dfeb1'] response: {'name': 'network-changed', 'server_uuid': '44135d8d-8da8-47de-ab8e-dc16a40aedd8', 'tag': 'b06782bf-9ac5-4885-84cb-419ddbd6e313', 'status': 'completed', 'code': 200} /var/lib/openstack/lib/python3.10/site-packages/pycadf/identifier.py:71: UserWarning: Invalid uuid: neutron. To ensure interoperability, identifiers should be a valid uuid. warnings.warn(('Invalid uuid: %s. To ensure interoperability, '
2026-05-11 11:56:58.159 10 INFO neutron.wsgi [req-d7cfcf98-7d78-4a0d-bf4d-669f2a13846e req-09bd2114-2ef1-4ab0-a442-3edad903b59e 6fc3248cc7564687a7594a5d4cd32dea 67d5299d765c4122b546eb7bf13327ca - - 6554e4942acc46fd9188d05bf42ba876 6554e4942acc46fd9188d05bf42ba876] 199.19.213.54 "GET /v2.0/ports?tenant_id=c1003f4870764c9bbe8af087e237fa14&device_id=44135d8d-8da8-47de-ab8e-dc16a40aedd8 HTTP/1.1" status: 200 len: 1409 time: 0.0416319
2026-05-11 11:56:58.227 10 INFO neutron.wsgi [req-d7cfcf98-7d78-4a0d-bf4d-669f2a13846e req-8866618f-0d55-4ca7-86dc-bb822b27ea07 6fc3248cc7564687a7594a5d4cd32dea 67d5299d765c4122b546eb7bf13327ca - - 6554e4942acc46fd9188d05bf42ba876 6554e4942acc46fd9188d05bf42ba876] 199.19.213.54 "GET /v2.0/networks?id=adac4321-5977-4620-a929-4404a78aa2b4 HTTP/1.1" status: 200 len: 957 time: 0.0629809
2026-05-11 11:56:58.282 9 WARNING neutron.scheduler.dhcp_agent_scheduler [None req-c1898e7a-5f1d-4edf-a81f-b8bc40192d58 6fa0ffbff0dd417c8697c16a42571504 8600a64058d14368ba7453dca215ff85 - - default default] No more DHCP agents
2026-05-11 11:56:58.283 9 WARNING neutron.api.rpc.agentnotifiers.dhcp_rpc_agent_api [None req-c1898e7a-5f1d-4edf-a81f-b8bc40192d58 6fa0ffbff0dd417c8697c16a42571504 8600a64058d14368ba7453dca215ff85 - - default default] Unable to schedule network a0c08e1e-6fc7-4d01-9a93-561a742af5c9: no agents available; will retry on subsequent port and subnet creation events.
2026-05-11 11:56:58.286 10 INFO neutron.wsgi [req-d7cfcf98-7d78-4a0d-bf4d-669f2a13846e req-26887d40-4b30-4470-a6ad-0f7e10b485a4 6fc3248cc7564687a7594a5d4cd32dea 67d5299d765c4122b546eb7bf13327ca - - 6554e4942acc46fd9188d05bf42ba876 6554e4942acc46fd9188d05bf42ba876] 199.19.213.54 "GET /v2.0/floatingips?fixed_ip_address=10.100.0.7&port_id=b06782bf-9ac5-4885-84cb-419ddbd6e313 HTTP/1.1" status: 200 len: 1059 time: 0.0535531
2026-05-11 11:56:58.359 9 INFO neutron.db.ovn_revision_numbers_db [None req-c1898e7a-5f1d-4edf-a81f-b8bc40192d58 6fa0ffbff0dd417c8697c16a42571504 8600a64058d14368ba7453dca215ff85 - - default default] Successfully bumped revision number for resource d2ce2869-24f6-4198-ade6-48c86b734311 (type: ports) to 1
2026-05-11 11:56:58.386 9 INFO neutron.wsgi [None req-c1898e7a-5f1d-4edf-a81f-b8bc40192d58 6fa0ffbff0dd417c8697c16a42571504 8600a64058d14368ba7453dca215ff85 - - default default] 10.0.0.218 "POST /v2.0/networks HTTP/1.1" status: 201 len: 835 time: 0.5181208
2026-05-11 11:56:58.400 9 WARNING neutron_lib.context [None req-adc612fa-2b43-405f-982e-228c295de6ee 6fa0ffbff0dd417c8697c16a42571504 8600a64058d14368ba7453dca215ff85 - - default default] Method 'is_advsvc' is deprecated since 2023.2 release (neutron-lib 3.8.0) and will be removed once support for the old RBAC API policies will be removed from Neutron. Please use method 'is_service_role' instead.
2026-05-11 11:56:58.521 9 INFO neutron.wsgi [None req-9c65742f-8db1-4320-8c78-5199b0bbddd7 abd2183c30db483dbe0e1c56efe80b56 fd0514ce524941c2a589b2364d35b3aa - - default default] 10.0.0.218 "GET /v2.0/extensions HTTP/1.1" status: 200 len: 18678 time: 0.2151217
2026-05-11 11:56:58.531 9 INFO neutron.wsgi [None req-c041a7d4-ae27-4c83-bd64-fd81d72cbb48 abd2183c30db483dbe0e1c56efe80b56 fd0514ce524941c2a589b2364d35b3aa - - default default] 10.0.0.218 "GET /v2.0/extensions/address-group HTTP/1.1" status: 200 len: 353 time: 0.0047324
2026-05-11 11:56:58.542 9 INFO neutron.wsgi [None req-b21aab6c-34bb-4937-864e-3558ab30e6e5 abd2183c30db483dbe0e1c56efe80b56 fd0514ce524941c2a589b2364d35b3aa - - default default] 10.0.0.218 "GET /v2.0/extensions/address-scope HTTP/1.1" status: 200 len: 357 time: 0.0037808
2026-05-11 11:56:58.550 9 INFO neutron.wsgi [None req-c4219015-2f44-4d5d-aa0b-e47e56da140e abd2183c30db483dbe0e1c56efe80b56 fd0514ce524941c2a589b2364d35b3aa - - default default] 10.0.0.218 "GET /v2.0/extensions/agent HTTP/1.1" status: 200 len: 347 time: 0.0052524
2026-05-11 11:56:58.558 10 INFO neutron.wsgi [None req-020c123e-57f2-4b52-865b-ce7f897b34b6 abd2183c30db483dbe0e1c56efe80b56 fd0514ce524941c2a589b2364d35b3aa - - default default] 10.0.0.218 "GET /v2.0/extensions/allowed-address-pairs HTTP/1.1" status: 200 len: 378 time: 0.0047166
2026-05-11 11:56:58.561 10 INFO neutron.wsgi [req-d7cfcf98-7d78-4a0d-bf4d-669f2a13846e req-587bd4fc-a6ce-4ffc-923d-bf5c0dff6fcb 6fc3248cc7564687a7594a5d4cd32dea 67d5299d765c4122b546eb7bf13327ca - - 6554e4942acc46fd9188d05bf42ba876 6554e4942acc46fd9188d05bf42ba876] 199.19.213.54 "GET /v2.0/subnets?id=aaa7dcc5-0481-4625-aa2b-0a450f088a76 HTTP/1.1" status: 200 len: 852 time: 0.2687654
2026-05-11 11:56:58.565 9 INFO neutron.wsgi [None req-5ff33e09-7f08-41fe-bbdd-176417b31546 abd2183c30db483dbe0e1c56efe80b56 fd0514ce524941c2a589b2364d35b3aa - - default default] 10.0.0.218 "GET /v2.0/extensions/auto-allocated-topology HTTP/1.1" status: 200 len: 394 time: 0.0042207
2026-05-11 11:56:58.575 9 INFO neutron.wsgi [None req-85b660a2-1ef9-4165-84c0-b85a52a1081c abd2183c30db483dbe0e1c56efe80b56 fd0514ce524941c2a589b2364d35b3aa - - default default] 10.0.0.218 "GET /v2.0/extensions/availability_zone HTTP/1.1" status: 200 len: 372 time: 0.0054944
2026-05-11 11:56:58.589 10 INFO neutron.wsgi [req-d7cfcf98-7d78-4a0d-bf4d-669f2a13846e req-740e042a-7e8b-4c60-94cf-4d98c2959505 6fc3248cc7564687a7594a5d4cd32dea 67d5299d765c4122b546eb7bf13327ca - - 6554e4942acc46fd9188d05bf42ba876 6554e4942acc46fd9188d05bf42ba876] 199.19.213.54 "GET /v2.0/ports?network_id=adac4321-5977-4620-a929-4404a78aa2b4&device_owner=network%3Adhcp HTTP/1.1" status: 200 len: 210 time: 0.0206244
2026-05-11 11:56:58.589 9 INFO neutron.wsgi [None req-4f59310d-b135-47c5-b657-680817f896e0 abd2183c30db483dbe0e1c56efe80b56 fd0514ce524941c2a589b2364d35b3aa - - default default] 10.0.0.218 "GET /v2.0/extensions/default-subnetpools HTTP/1.1" status: 200 len: 405 time: 0.0043705
2026-05-11 11:56:58.598 9 INFO neutron.wsgi [None req-f19f1b06-2c61-4b92-a0ef-af1f1b763a2d abd2183c30db483dbe0e1c56efe80b56 fd0514ce524941c2a589b2364d35b3aa - - default default] 10.0.0.218 "GET /v2.0/extensions/dhcp_agent_scheduler HTTP/1.1" status: 200 len: 381 time: 0.0048378
2026-05-11 11:56:58.605 9 INFO neutron.wsgi [None req-032f3d82-aeea-4e54-ba15-e94a45d29518 abd2183c30db483dbe0e1c56efe80b56 fd0514ce524941c2a589b2364d35b3aa - - default default] 10.0.0.218 "GET /v2.0/extensions/dns-integration HTTP/1.1" status: 200 len: 366 time: 0.0032201
2026-05-11 11:56:58.613 9 INFO neutron.wsgi [None req-00687144-d1fe-4954-97d7-2d62a7f85c16 abd2183c30db483dbe0e1c56efe80b56 fd0514ce524941c2a589b2364d35b3aa - - default default] 10.0.0.218 "GET /v2.0/extensions/dns-domain-ports HTTP/1.1" status: 200 len: 399 time: 0.0032723
2026-05-11 11:56:58.623 10 INFO neutron.wsgi [None req-0dddc9ff-63ab-458d-a8c9-2b8e37efe0cf abd2183c30db483dbe0e1c56efe80b56 fd0514ce524941c2a589b2364d35b3aa - - default default] 10.0.0.218 "GET /v2.0/extensions/dns-integration-domain-keywords HTTP/1.1" status: 200 len: 477 time: 0.0048501
2026-05-11 11:56:58.636 9 INFO neutron.wsgi [None req-edcf5c29-4e48-4e8f-a54c-96c37d3aeb36 abd2183c30db483dbe0e1c56efe80b56 fd0514ce524941c2a589b2364d35b3aa - - default default] 10.0.0.218 "GET /v2.0/extensions/empty-string-filtering HTTP/1.1" status: 200 len: 413 time: 0.0058794
2026-05-11 11:56:58.643 9 INFO neutron.wsgi [None req-d1b6c9bb-0d23-47a5-9247-621f5f028e02 abd2183c30db483dbe0e1c56efe80b56 fd0514ce524941c2a589b2364d35b3aa - - default default] 10.0.0.218 "GET /v2.0/extensions/external-net HTTP/1.1" status: 200 len: 394 time: 0.0032041
2026-05-11 11:56:58.654 10 INFO neutron.wsgi [None req-cb743f84-e531-4010-a627-67bf1700a135 abd2183c30db483dbe0e1c56efe80b56 fd0514ce524941c2a589b2364d35b3aa - - default default] 10.0.0.218 "GET /v2.0/extensions/extra_dhcp_opt HTTP/1.1" status: 200 len: 498 time: 0.0071082
2026-05-11 11:56:58.657 10 INFO neutron.wsgi [req-d7cfcf98-7d78-4a0d-bf4d-669f2a13846e req-414c9d4c-275e-402c-abf5-2fd9ab3e168e 6fc3248cc7564687a7594a5d4cd32dea 67d5299d765c4122b546eb7bf13327ca - - 6554e4942acc46fd9188d05bf42ba876 6554e4942acc46fd9188d05bf42ba876] 199.19.213.54 "GET /v2.0/networks/adac4321-5977-4620-a929-4404a78aa2b4?fields=segments HTTP/1.1" status: 200 len: 212 time: 0.0636079
2026-05-11 11:56:58.661 10 INFO neutron.wsgi [None req-4f2cd4bf-ef8a-4a21-a4a8-b495941ccaa1 abd2183c30db483dbe0e1c56efe80b56 fd0514ce524941c2a589b2364d35b3aa - - default default] 10.0.0.218 "GET /v2.0/extensions/extraroute HTTP/1.1" status: 200 len: 375 time: 0.0034423
2026-05-11 11:56:58.666 9 WARNING neutron.scheduler.dhcp_agent_scheduler [None req-adc612fa-2b43-405f-982e-228c295de6ee 6fa0ffbff0dd417c8697c16a42571504 8600a64058d14368ba7453dca215ff85 - - default default] No more DHCP agents
2026-05-11 11:56:58.670 9 INFO neutron.wsgi [None req-c356c5e8-5a01-403f-9b01-fd5a041e38fc abd2183c30db483dbe0e1c56efe80b56 fd0514ce524941c2a589b2364d35b3aa - - default default] 10.0.0.218 "GET /v2.0/extensions/floating-ip-port-forwarding-detail HTTP/1.1" status: 200 len: 465 time: 0.0052176
2026-05-11 11:56:58.671 9 WARNING neutron.api.rpc.agentnotifiers.dhcp_rpc_agent_api [None req-adc612fa-2b43-405f-982e-228c295de6ee 6fa0ffbff0dd417c8697c16a42571504 8600a64058d14368ba7453dca215ff85 - - default default] Unable to schedule network a0c08e1e-6fc7-4d01-9a93-561a742af5c9: no agents available; will retry on subsequent port and subnet creation events.
2026-05-11 11:56:58.680 9 INFO neutron.wsgi [None req-08fb2ea4-9bb7-4f57-be0b-242dab50bee2 abd2183c30db483dbe0e1c56efe80b56 fd0514ce524941c2a589b2364d35b3aa - - default default] 10.0.0.218 "GET /v2.0/extensions/fip-port-details HTTP/1.1" status: 200 len: 406 time: 0.0037882
2026-05-11 11:56:58.690 10 INFO neutron.wsgi [None req-cd778452-b762-40c7-ab8f-735ff5c2be4f abd2183c30db483dbe0e1c56efe80b56 fd0514ce524941c2a589b2364d35b3aa - - default default] 10.0.0.218 "GET /v2.0/extensions/flavors HTTP/1.1" status: 200 len: 387 time: 0.0047760
2026-05-11 11:56:58.698 10 INFO neutron.wsgi [None req-40e5b40c-0475-480c-bd32-7dc4aa8157e6 abd2183c30db483dbe0e1c56efe80b56 fd0514ce524941c2a589b2364d35b3aa - - default default] 10.0.0.218 "GET /v2.0/extensions/floatingip-pools HTTP/1.1" status: 200 len: 382 time: 0.0045488
2026-05-11 11:56:58.706 9 INFO neutron.wsgi [None req-328de159-2ffc-46b9-9102-992e18438586 abd2183c30db483dbe0e1c56efe80b56 fd0514ce524941c2a589b2364d35b3aa - - default default] 10.0.0.218 "GET /v2.0/extensions/ip_allocation HTTP/1.1" status: 200 len: 356 time: 0.0055754
2026-05-11 11:56:58.708 9 INFO neutron.db.ovn_revision_numbers_db [None req-adc612fa-2b43-405f-982e-228c295de6ee 6fa0ffbff0dd417c8697c16a42571504 8600a64058d14368ba7453dca215ff85 - - default default] Successfully bumped revision number for resource cac5cccb-b4f5-4bd3-b0ae-8ea924515a0d (type: subnets) to 0
2026-05-11 11:56:58.717 10 INFO neutron.wsgi [None req-eb0570d0-a004-4b7a-862d-ddcb15584f8e abd2183c30db483dbe0e1c56efe80b56 fd0514ce524941c2a589b2364d35b3aa - - default default] 10.0.0.218 "GET /v2.0/extensions/l2_adjacency HTTP/1.1" status: 200 len: 372 time: 0.0058482
2026-05-11 11:56:58.725 9 INFO neutron.wsgi [None req-10c2e58c-e0d5-45d8-bd33-8d3955d9080f abd2183c30db483dbe0e1c56efe80b56 fd0514ce524941c2a589b2364d35b3aa - - default default] 10.0.0.218 "GET /v2.0/extensions/router HTTP/1.1" status: 200 len: 450 time: 0.0047176
2026-05-11 11:56:58.728 9 INFO neutron.wsgi [None req-adc612fa-2b43-405f-982e-228c295de6ee 6fa0ffbff0dd417c8697c16a42571504 8600a64058d14368ba7453dca215ff85 - - default default] 10.0.0.218 "POST /v2.0/subnets HTTP/1.1" status: 201 len: 821 time: 0.3332725
2026-05-11 11:56:58.731 10 INFO neutron.wsgi [req-d7cfcf98-7d78-4a0d-bf4d-669f2a13846e req-884f0c34-9b3f-444e-a7d5-3864db915aa2 6fc3248cc7564687a7594a5d4cd32dea 67d5299d765c4122b546eb7bf13327ca - - 6554e4942acc46fd9188d05bf42ba876 6554e4942acc46fd9188d05bf42ba876] 199.19.213.54 "GET /v2.0/networks/adac4321-5977-4620-a929-4404a78aa2b4?fields=provider%3Aphysical_network&fields=provider%3Anetwork_type HTTP/1.1" status: 200 len: 277 time: 0.0689433
2026-05-11 11:56:58.735 10 WARNING neutron_lib.context [None req-64273972-447b-4f49-91da-a1df72e6b0ef 6fa0ffbff0dd417c8697c16a42571504 8600a64058d14368ba7453dca215ff85 - - default default] Method 'is_advsvc' is deprecated since 2023.2 release (neutron-lib 3.8.0) and will be removed once support for the old RBAC API policies will be removed from Neutron. Please use method 'is_service_role' instead.
2026-05-11 11:56:58.736 9 INFO neutron.wsgi [None req-4fe5272a-4e99-4487-9900-bee954dbedb6 abd2183c30db483dbe0e1c56efe80b56 fd0514ce524941c2a589b2364d35b3aa - - default default] 10.0.0.218 "GET /v2.0/extensions/enable-default-route-bfd HTTP/1.1" status: 200 len: 406 time: 0.0043616
2026-05-11 11:56:58.746 9 INFO neutron.wsgi [None req-b5f1e88c-bc89-4290-a1b5-df7cc815baf4 abd2183c30db483dbe0e1c56efe80b56 fd0514ce524941c2a589b2364d35b3aa - - default default] 10.0.0.218 "GET /v2.0/extensions/enable-default-route-ecmp HTTP/1.1" status: 200 len: 409 time: 0.0041947
2026-05-11 11:56:58.755 9 INFO neutron.wsgi [None req-78a65f0d-929c-4a9c-8a61-9eba2f8a7389 abd2183c30db483dbe0e1c56efe80b56 fd0514ce524941c2a589b2364d35b3aa - - default default] 10.0.0.218 "GET /v2.0/extensions/ext-gw-mode HTTP/1.1" status: 200 len: 462 time: 0.0043035
2026-05-11 11:56:58.763 9 INFO neutron.wsgi [None req-b6c6b57f-5a72-48a8-8506-d3e63b41b9c0 abd2183c30db483dbe0e1c56efe80b56 fd0514ce524941c2a589b2364d35b3aa - - default default] 10.0.0.218 "GET /v2.0/extensions/l3-ha HTTP/1.1" status: 200 len: 360 time: 0.0048041
2026-05-11 11:56:58.772 10 INFO neutron.wsgi [None req-323c0b3a-803e-45f6-87aa-c1f337632476 abd2183c30db483dbe0e1c56efe80b56 fd0514ce524941c2a589b2364d35b3aa - - default default] 10.0.0.218 "GET /v2.0/extensions/external-gateway-multihoming HTTP/1.1" status: 200 len: 421 time: 0.0048323
2026-05-11 11:56:58.781 9 INFO neutron.wsgi [None req-fbcb4b1e-1a22-45e6-a73b-06948d2b513d abd2183c30db483dbe0e1c56efe80b56 fd0514ce524941c2a589b2364d35b3aa - - default default] 10.0.0.218 "GET /v2.0/extensions/l3-flavors HTTP/1.1" status: 200 len: 366 time: 0.0058460
2026-05-11 11:56:58.791 9 INFO neutron.wsgi [None req-b25c3667-37d0-4cb5-99a1-78d3f02639b9 abd2183c30db483dbe0e1c56efe80b56 fd0514ce524941c2a589b2364d35b3aa - - default default] 10.0.0.218 "GET /v2.0/extensions/logging HTTP/1.1" status: 200 len: 407 time: 0.0065305
2026-05-11 11:56:58.799 9 INFO neutron.wsgi [None req-0d858469-6327-4887-8aec-780f8af659c9 abd2183c30db483dbe0e1c56efe80b56 fd0514ce524941c2a589b2364d35b3aa - - default default] 10.0.0.218 "GET /v2.0/extensions/multi-provider HTTP/1.1" status: 200 len: 406 time: 0.0042572
2026-05-11 11:56:58.807 9 INFO neutron.wsgi [None req-b53af190-0b06-4fdd-a807-b1a3cd055bad abd2183c30db483dbe0e1c56efe80b56 fd0514ce524941c2a589b2364d35b3aa - - default default] 10.0.0.218 "GET /v2.0/extensions/net-mtu HTTP/1.1" status: 200 len: 370 time: 0.0044193
2026-05-11 11:56:58.814 9 INFO neutron.wsgi [None req-80ced1a0-a66a-4b62-a384-1dd527e85a05 abd2183c30db483dbe0e1c56efe80b56 fd0514ce524941c2a589b2364d35b3aa - - default default] 10.0.0.218 "GET /v2.0/extensions/net-mtu-writable HTTP/1.1" status: 200 len: 401 time: 0.0041754
2026-05-11 11:56:58.821 9 INFO neutron.wsgi [None req-ff6596e1-29de-4afd-b6f9-d6c08e3ed52f abd2183c30db483dbe0e1c56efe80b56 fd0514ce524941c2a589b2364d35b3aa - - default default] 10.0.0.218 "GET /v2.0/extensions/network_availability_zone HTTP/1.1" status: 200 len: 394 time: 0.0042055
2026-05-11 11:56:58.830 9 INFO neutron.wsgi [None req-db3cb3bc-7054-471c-8bfd-550d1fb36858 abd2183c30db483dbe0e1c56efe80b56 fd0514ce524941c2a589b2364d35b3aa - - default default] 10.0.0.218 "GET /v2.0/extensions/network-ip-availability HTTP/1.1" status: 200 len: 410 time: 0.0041325
2026-05-11 11:56:58.837 9 INFO neutron.wsgi [None req-dad46054-2536-4d2d-a15e-d3a47a41c738 abd2183c30db483dbe0e1c56efe80b56 fd0514ce524941c2a589b2364d35b3aa - - default default] 10.0.0.218 "GET /v2.0/extensions/pagination HTTP/1.1" status: 200 len: 386 time: 0.0043495
2026-05-11 11:56:58.844 9 INFO neutron.wsgi [None req-3cd07dbf-433c-4e38-8bbe-d78160193104 abd2183c30db483dbe0e1c56efe80b56 fd0514ce524941c2a589b2364d35b3aa - - default default] 10.0.0.218 "GET /v2.0/extensions/port-device-profile HTTP/1.1" status: 200 len: 383 time: 0.0041282
2026-05-11 11:56:58.850 9 INFO neutron.wsgi [None req-3e311a3d-6a54-4525-a80c-c1b65806c9d8 abd2183c30db483dbe0e1c56efe80b56 fd0514ce524941c2a589b2364d35b3aa - - default default] 10.0.0.218 "GET /v2.0/extensions/port-mac-address-regenerate HTTP/1.1" status: 200 len: 403 time: 0.0042410
2026-05-11 11:56:58.857 9 INFO neutron.wsgi [None req-7e89768d-cb65-4e82-97cd-a5c0634fa639 abd2183c30db483dbe0e1c56efe80b56 fd0514ce524941c2a589b2364d35b3aa - - default default] 10.0.0.218 "GET /v2.0/extensions/port-numa-affinity-policy HTTP/1.1" status: 200 len: 392 time: 0.0041332
2026-05-11 11:56:58.867 9 INFO neutron.wsgi [None req-cffb533b-9f96-4f65-984d-bb7381c76c22 abd2183c30db483dbe0e1c56efe80b56 fd0514ce524941c2a589b2364d35b3aa - - default default] 10.0.0.218 "GET /v2.0/extensions/port-resource-request HTTP/1.1" status: 200 len: 379 time: 0.0067446
2026-05-11 11:56:58.875 9 INFO neutron.wsgi [None req-c830725d-a84f-4f22-b76d-7993d05765fb abd2183c30db483dbe0e1c56efe80b56 fd0514ce524941c2a589b2364d35b3aa - - default default] 10.0.0.218 "GET /v2.0/extensions/port-resource-request-groups HTTP/1.1" status: 200 len: 465 time: 0.0042822
2026-05-11 11:56:58.883 9 INFO neutron.wsgi [None req-dc215f9f-c05d-4870-84f4-e88b29a08d30 abd2183c30db483dbe0e1c56efe80b56 fd0514ce524941c2a589b2364d35b3aa - - default default] 10.0.0.218 "GET /v2.0/extensions/binding HTTP/1.1" status: 200 len: 387 time: 0.0044494
2026-05-11 11:56:58.891 9 INFO neutron.wsgi [None req-96ca6a87-9a27-4060-af8c-6265b227a21d abd2183c30db483dbe0e1c56efe80b56 fd0514ce524941c2a589b2364d35b3aa - - default default] 10.0.0.218 "GET /v2.0/extensions/binding-extended HTTP/1.1" status: 200 len: 406 time: 0.0046918
2026-05-11 11:56:58.899 9 INFO neutron.wsgi [None req-bd50f018-5520-4be6-b502-16ccf3ce95ce abd2183c30db483dbe0e1c56efe80b56 fd0514ce524941c2a589b2364d35b3aa - - default default] 10.0.0.218 "GET /v2.0/extensions/port-security HTTP/1.1" status: 200 len: 354 time: 0.0048645
2026-05-11 11:56:58.909 9 INFO neutron.wsgi [None req-f336498f-e4b4-4482-8b86-0525e9c4a2e7 abd2183c30db483dbe0e1c56efe80b56 fd0514ce524941c2a589b2364d35b3aa - - default default] 10.0.0.218 "GET /v2.0/extensions/project-id HTTP/1.1" status: 200 len: 398 time: 0.0050159
2026-05-11 11:56:58.916 9 INFO neutron.wsgi [None req-9a2d47b0-0eed-4725-98e5-f4d0e65fb408 abd2183c30db483dbe0e1c56efe80b56 fd0514ce524941c2a589b2364d35b3aa - - default default] 10.0.0.218 "GET /v2.0/extensions/provider HTTP/1.1" status: 200 len: 385 time: 0.0047359
2026-05-11 11:56:58.925 9 INFO neutron.wsgi [None req-34424825-6da7-4119-ac8a-d1be4c0eede0 abd2183c30db483dbe0e1c56efe80b56 fd0514ce524941c2a589b2364d35b3aa - - default default] 10.0.0.218 "GET /v2.0/extensions/qos HTTP/1.1" status: 200 len: 360 time: 0.0045731
2026-05-11 11:56:58.933 9 INFO neutron.wsgi [None req-6fc731a1-e3a3-4a9c-8892-a19e22a0a772 abd2183c30db483dbe0e1c56efe80b56 fd0514ce524941c2a589b2364d35b3aa - - default default] 10.0.0.218 "GET /v2.0/extensions/qos-bw-limit-direction HTTP/1.1" status: 200 len: 452 time: 0.0049818
2026-05-11 11:56:58.941 9 INFO neutron.wsgi [None req-8b614450-efc7-4167-967e-44789c3898ce abd2183c30db483dbe0e1c56efe80b56 fd0514ce524941c2a589b2364d35b3aa - - default default] 10.0.0.218 "GET /v2.0/extensions/qos-bw-minimum-ingress HTTP/1.1" status: 200 len: 445 time: 0.0045462
2026-05-11 11:56:58.948 9 INFO neutron.wsgi [None req-cf5d0372-191e-46d7-8013-7b0bb685c2ff abd2183c30db483dbe0e1c56efe80b56 fd0514ce524941c2a589b2364d35b3aa - - default default] 10.0.0.218 "GET /v2.0/extensions/qos-default HTTP/1.1" status: 200 len: 377 time: 0.0044255
2026-05-11 11:56:58.957 9 INFO neutron.wsgi [None req-5b4f45d8-d933-4de6-8dd1-2789a502b03c abd2183c30db483dbe0e1c56efe80b56 fd0514ce524941c2a589b2364d35b3aa - - default default] 10.0.0.218 "GET /v2.0/extensions/qos-fip HTTP/1.1" status: 200 len: 372 time: 0.0046127
2026-05-11 11:56:58.964 9 INFO neutron.wsgi [None req-d7feead8-940f-4425-a227-f3053b39206d abd2183c30db483dbe0e1c56efe80b56 fd0514ce524941c2a589b2364d35b3aa - - default default] 10.0.0.218 "GET /v2.0/extensions/qos-gateway-ip HTTP/1.1" status: 200 len: 391 time: 0.0048671
2026-05-11 11:56:58.973 9 INFO neutron.wsgi [None req-367c9a93-2962-4491-b3e7-361e4e08a0eb abd2183c30db483dbe0e1c56efe80b56 fd0514ce524941c2a589b2364d35b3aa - - default default] 10.0.0.218 "GET /v2.0/extensions/qos-port-network-policy HTTP/1.1" status: 200 len: 403 time: 0.0046196
2026-05-11 11:56:58.981 9 INFO neutron.wsgi [None req-f504a1eb-17c4-4151-b1ca-e3add7dad882 abd2183c30db483dbe0e1c56efe80b56 fd0514ce524941c2a589b2364d35b3aa - - default default] 10.0.0.218 "GET /v2.0/extensions/qos-pps-minimum HTTP/1.1" status: 200 len: 397 time: 0.0043833
2026-05-11 11:56:58.988 9 INFO neutron.wsgi [None req-0ba364ee-d062-4690-adfe-9a8028345159 abd2183c30db483dbe0e1c56efe80b56 fd0514ce524941c2a589b2364d35b3aa - - default default] 10.0.0.218 "GET /v2.0/extensions/qos-pps-minimum-rule-alias HTTP/1.1" status: 200 len: 471 time: 0.0044158
2026-05-11 11:56:58.998 9 INFO neutron.wsgi [None req-1da2dacd-a971-437e-a418-3196d52e0ea7 abd2183c30db483dbe0e1c56efe80b56 fd0514ce524941c2a589b2364d35b3aa - - default default] 10.0.0.218 "GET /v2.0/extensions/qos-pps HTTP/1.1" status: 200 len: 389 time: 0.0054331
2026-05-11 11:56:59.005 9 INFO neutron.wsgi [None req-d660c63a-72c5-4dee-a694-fac16f12e512 abd2183c30db483dbe0e1c56efe80b56 fd0514ce524941c2a589b2364d35b3aa - - default default] 10.0.0.218 "GET /v2.0/extensions/qos-rule-type-details HTTP/1.1" status: 200 len: 423 time: 0.0044813
2026-05-11 11:56:59.013 9 INFO neutron.wsgi [None req-b62cc953-06d9-495c-be3f-ad5e81918531 abd2183c30db483dbe0e1c56efe80b56 fd0514ce524941c2a589b2364d35b3aa - - default default] 10.0.0.218 "GET /v2.0/extensions/qos-rule-type-filter HTTP/1.1" status: 200 len: 567 time: 0.0044334
2026-05-11 11:56:59.020 9 INFO neutron.wsgi [None req-2e3f7087-a953-4f94-99ac-ab3ba1e1b120 abd2183c30db483dbe0e1c56efe80b56 fd0514ce524941c2a589b2364d35b3aa - - default default] 10.0.0.218 "GET /v2.0/extensions/qos-rules-alias HTTP/1.1" status: 200 len: 448 time: 0.0044117
2026-05-11 11:56:59.031 9 INFO neutron.wsgi [None req-3acb936f-6ff4-45c0-92b4-5d056674f645 abd2183c30db483dbe0e1c56efe80b56 fd0514ce524941c2a589b2364d35b3aa - - default default] 10.0.0.218 "GET /v2.0/extensions/quota-check-limit HTTP/1.1" status: 200 len: 420 time: 0.0049071
2026-05-11 11:56:59.041 9 INFO neutron.wsgi [None req-5cc65052-8ddc-4de7-9748-a8da087f2134 abd2183c30db483dbe0e1c56efe80b56 fd0514ce524941c2a589b2364d35b3aa - - default default] 10.0.0.218 "GET /v2.0/extensions/quotas HTTP/1.1" status: 200 len: 386 time: 0.0070736
2026-05-11 11:56:59.062 9 INFO neutron.wsgi [None req-16d766b7-0c75-447c-8ba9-a175556cdd6f abd2183c30db483dbe0e1c56efe80b56 fd0514ce524941c2a589b2364d35b3aa - - default default] 10.0.0.218 "GET /v2.0/extensions/quota_details HTTP/1.1" status: 200 len: 407 time: 0.0067217
2026-05-11 11:56:59.072 9 INFO neutron.wsgi [None req-28635567-476a-41a0-98c2-78c99eff6a9b abd2183c30db483dbe0e1c56efe80b56 fd0514ce524941c2a589b2364d35b3aa - - default default] 10.0.0.218 "GET /v2.0/extensions/rbac-policies HTTP/1.1" status: 200 len: 417 time: 0.0051610
2026-05-11 11:56:59.080 10 INFO neutron.wsgi [None req-58e56033-90ae-492a-8d7a-88db3ace6b49 abd2183c30db483dbe0e1c56efe80b56 fd0514ce524941c2a589b2364d35b3aa - - default default] 10.0.0.218 "GET /v2.0/extensions/rbac-address-scope HTTP/1.1" status: 200 len: 384 time: 0.0049248
2026-05-11 11:56:59.095 9 INFO neutron.wsgi [None req-43a103a8-7501-4005-9e0d-7260b415018c abd2183c30db483dbe0e1c56efe80b56 fd0514ce524941c2a589b2364d35b3aa - - default default] 10.0.0.218 "GET /v2.0/extensions/rbac-security-groups HTTP/1.1" status: 200 len: 404 time: 0.0092018
2026-05-11 11:56:59.105 9 INFO neutron.wsgi [None req-e2f384f7-bff8-46c5-acb5-69ab1d5f8762 abd2183c30db483dbe0e1c56efe80b56 fd0514ce524941c2a589b2364d35b3aa - - default default] 10.0.0.218 "GET /v2.0/extensions/revision-if-match HTTP/1.1" status: 200 len: 441 time: 0.0049887
2026-05-11 11:56:59.117 9 INFO neutron.wsgi [None req-7e75a8c0-5dca-415e-9396-a8fa53769354 abd2183c30db483dbe0e1c56efe80b56 fd0514ce524941c2a589b2364d35b3aa - - default default] 10.0.0.218 "GET /v2.0/extensions/standard-attr-revisions HTTP/1.1" status: 200 len: 423 time: 0.0080042
2026-05-11 11:56:59.131 10 WARNING neutron.scheduler.dhcp_agent_scheduler [None req-64273972-447b-4f49-91da-a1df72e6b0ef 6fa0ffbff0dd417c8697c16a42571504 8600a64058d14368ba7453dca215ff85 - - default default] No more DHCP agents
2026-05-11 11:56:59.131 9 INFO neutron.wsgi [None req-759f2059-3761-4393-8003-f927fdd2d8d3 abd2183c30db483dbe0e1c56efe80b56 fd0514ce524941c2a589b2364d35b3aa - - default default] 10.0.0.218 "GET /v2.0/extensions/router_availability_zone HTTP/1.1" status: 200 len: 391 time: 0.0098217
2026-05-11 11:56:59.133 10 WARNING neutron.api.rpc.agentnotifiers.dhcp_rpc_agent_api [None req-64273972-447b-4f49-91da-a1df72e6b0ef 6fa0ffbff0dd417c8697c16a42571504 8600a64058d14368ba7453dca215ff85 - - default default] Unable to schedule network a0c08e1e-6fc7-4d01-9a93-561a742af5c9: no agents available; will retry on subsequent port and subnet creation events.
2026-05-11 11:56:59.142 9 INFO neutron.wsgi [None req-b5abe117-e063-47f6-80a4-ebf1b1b94dd6 abd2183c30db483dbe0e1c56efe80b56 fd0514ce524941c2a589b2364d35b3aa - - default default] 10.0.0.218 "GET /v2.0/extensions/security-groups-default-rules HTTP/1.1" status: 200 len: 456 time: 0.0072081 /var/lib/openstack/lib/python3.10/site-packages/pycadf/identifier.py:71: UserWarning: Invalid uuid: neutron. To ensure interoperability, identifiers should be a valid uuid. warnings.warn(('Invalid uuid: %s. To ensure interoperability, '
2026-05-11 11:56:59.153 9 INFO neutron.wsgi [None req-e62fa708-6dd6-432a-8302-e1d45d384378 abd2183c30db483dbe0e1c56efe80b56 fd0514ce524941c2a589b2364d35b3aa - - default default] 10.0.0.218 "GET /v2.0/extensions/security-groups-normalized-cidr HTTP/1.1" status: 200 len: 445 time: 0.0065453
2026-05-11 11:56:59.163 9 INFO neutron.wsgi [None req-da3ada86-3c84-4045-8ecd-0549eee43e72 abd2183c30db483dbe0e1c56efe80b56 fd0514ce524941c2a589b2364d35b3aa - - default default] 10.0.0.218 "GET /v2.0/extensions/security-groups-remote-address-group HTTP/1.1" status: 200 len: 448 time: 0.0059009
2026-05-11 11:56:59.176 9 INFO neutron.wsgi [None req-35f77237-a537-48ba-9b95-bae66c060656 abd2183c30db483dbe0e1c56efe80b56 fd0514ce524941c2a589b2364d35b3aa - - default default] 10.0.0.218 "GET /v2.0/extensions/security-groups-rules-belongs-to-default-sg HTTP/1.1" status: 200 len: 508 time: 0.0097849
2026-05-11 11:56:59.187 9 INFO neutron.wsgi [None req-f88dfb10-1ab8-48fb-a8a4-3e279d3f6246 abd2183c30db483dbe0e1c56efe80b56 fd0514ce524941c2a589b2364d35b3aa - - default default] 10.0.0.218 "GET /v2.0/extensions/security-groups-shared-filtering HTTP/1.1" status: 200 len: 435 time: 0.0062575
2026-05-11 11:56:59.199 9 INFO neutron.wsgi [None req-da719fb4-c163-4762-a5fe-3fbc41abed2b abd2183c30db483dbe0e1c56efe80b56 fd0514ce524941c2a589b2364d35b3aa - - default default] 10.0.0.218 "GET /v2.0/extensions/security-group HTTP/1.1" status: 200 len: 364 time: 0.0065992
2026-05-11 11:56:59.206 9 INFO neutron.wsgi [None req-67e37f12-1521-4b35-9296-7cefae2a8eea abd2183c30db483dbe0e1c56efe80b56 fd0514ce524941c2a589b2364d35b3aa - - default default] 10.0.0.218 "GET /v2.0/extensions/segment HTTP/1.1" status: 200 len: 339 time: 0.0042360
2026-05-11 11:56:59.215 9 INFO neutron.wsgi [None req-873176ce-f394-4256-ab49-de017fc6c30b abd2183c30db483dbe0e1c56efe80b56 fd0514ce524941c2a589b2364d35b3aa - - default default] 10.0.0.218 "GET /v2.0/extensions/segments-peer-subnet-host-routes HTTP/1.1" status: 200 len: 427 time: 0.0052276
2026-05-11 11:56:59.241 9 INFO neutron.wsgi [None req-93ceef7b-e20d-4128-9435-ea97d4255d15 abd2183c30db483dbe0e1c56efe80b56 fd0514ce524941c2a589b2364d35b3aa - - default default] 10.0.0.218 "GET /v2.0/extensions/service-type HTTP/1.1" status: 200 len: 415 time: 0.0057518
2026-05-11 11:56:59.249 9 INFO neutron.wsgi [None req-dd6f99d0-dd46-4471-bad7-49a6847b80f9 abd2183c30db483dbe0e1c56efe80b56 fd0514ce524941c2a589b2364d35b3aa - - default default] 10.0.0.218 "GET /v2.0/extensions/sorting HTTP/1.1" status: 200 len: 377 time: 0.0056591
2026-05-11 11:56:59.258 9 INFO neutron.wsgi [None req-abf32aa5-6c8d-42b2-90e1-18711a056ae8 abd2183c30db483dbe0e1c56efe80b56 fd0514ce524941c2a589b2364d35b3aa - - default default] 10.0.0.218 "GET /v2.0/extensions/standard-attr-segment HTTP/1.1" status: 200 len: 406 time: 0.0034690
2026-05-11 11:56:59.266 9 INFO neutron.wsgi [None req-249e8206-2813-44ad-859b-4f4b7e77ee5b abd2183c30db483dbe0e1c56efe80b56 fd0514ce524941c2a589b2364d35b3aa - - default default] 10.0.0.218 "GET /v2.0/extensions/standard-attr-description HTTP/1.1" status: 200 len: 408 time: 0.0039458
2026-05-11 11:56:59.274 9 INFO neutron.wsgi [None req-6936c592-53bc-4e80-b72b-e65ad8f3f996 abd2183c30db483dbe0e1c56efe80b56 fd0514ce524941c2a589b2364d35b3aa - - default default] 10.0.0.218 "GET /v2.0/extensions/stateful-security-group HTTP/1.1" status: 200 len: 402 time: 0.0040815
2026-05-11 11:56:59.281 9 INFO neutron.wsgi [None req-2b4df2fa-1b98-46fb-a752-5633bdbee351 abd2183c30db483dbe0e1c56efe80b56 fd0514ce524941c2a589b2364d35b3aa - - default default] 10.0.0.218 "GET /v2.0/extensions/subnet-dns-publish-fixed-ip HTTP/1.1" status: 200 len: 421 time: 0.0043814
2026-05-11 11:56:59.290 9 INFO neutron.wsgi [None req-ec7216f1-12a8-4d7b-a824-11165c8e93bf abd2183c30db483dbe0e1c56efe80b56 fd0514ce524941c2a589b2364d35b3aa - - default default] 10.0.0.218 "GET /v2.0/extensions/subnet-segmentid-writable HTTP/1.1" status: 200 len: 421 time: 0.0052309 /var/lib/openstack/lib/python3.10/site-packages/pycadf/identifier.py:71: UserWarning: Invalid uuid: neutron. To ensure interoperability, identifiers should be a valid uuid. warnings.warn(('Invalid uuid: %s. To ensure interoperability, '
2026-05-11 11:56:59.298 10 INFO neutron.wsgi [None req-7b86b26e-a73b-4fcc-ad7a-21d9c493f893 abd2183c30db483dbe0e1c56efe80b56 fd0514ce524941c2a589b2364d35b3aa - - default default] 10.0.0.218 "GET /v2.0/extensions/subnet-service-types HTTP/1.1" status: 200 len: 400 time: 0.0055299
2026-05-11 11:56:59.302 10 INFO neutron.db.ovn_revision_numbers_db [None req-64273972-447b-4f49-91da-a1df72e6b0ef 6fa0ffbff0dd417c8697c16a42571504 8600a64058d14368ba7453dca215ff85 - - default default] Successfully bumped revision number for resource 3c50651c-4663-44cd-a625-4a1118a60a7d (type: ports) to 1
2026-05-11 11:56:59.310 9 INFO neutron.wsgi [None req-25ee594e-2da9-4311-9af1-c5e5a7ee0c33 abd2183c30db483dbe0e1c56efe80b56 fd0514ce524941c2a589b2364d35b3aa - - default default] 10.0.0.218 "GET /v2.0/extensions/subnet_allocation HTTP/1.1" status: 200 len: 388 time: 0.0070376
2026-05-11 11:56:59.318 9 INFO neutron.wsgi [None req-2e2070c0-7acd-4821-8969-7815b1e4adcd abd2183c30db483dbe0e1c56efe80b56 fd0514ce524941c2a589b2364d35b3aa - - default default] 10.0.0.218 "GET /v2.0/extensions/subnetpool-prefix-ops HTTP/1.1" status: 200 len: 418 time: 0.0037422
2026-05-11 11:56:59.324 9 INFO neutron.wsgi [None req-5c7f44b1-4797-44b4-b5aa-12e1228ccc16 abd2183c30db483dbe0e1c56efe80b56 fd0514ce524941c2a589b2364d35b3aa - - default default] 10.0.0.218 "GET /v2.0/extensions/standard-attr-tag HTTP/1.1" status: 200 len: 537 time: 0.0034597
2026-05-11 11:56:59.332 10 INFO neutron.wsgi [None req-64273972-447b-4f49-91da-a1df72e6b0ef 6fa0ffbff0dd417c8697c16a42571504 8600a64058d14368ba7453dca215ff85 - - default default] 10.0.0.218 "POST /v2.0/ports HTTP/1.1" status: 201 len: 1162 time: 0.6001518
2026-05-11 11:56:59.334 9 INFO neutron.wsgi [None req-d5bf196c-3dc4-498a-a492-a10006d74389 abd2183c30db483dbe0e1c56efe80b56 fd0514ce524941c2a589b2364d35b3aa - - default default] 10.0.0.218 "GET /v2.0/extensions/standard-attr-timestamp HTTP/1.1" status: 200 len: 449 time: 0.0056667
