2026-05-11 11:56:17.372 9 INFO neutron.wsgi [req-f2fdba04-f0ec-4618-9d35-858e89786fe7 req-d642cf18-e5b6-4bcb-b613-76217238c139 6fc3248cc7564687a7594a5d4cd32dea 67d5299d765c4122b546eb7bf13327ca - - 6554e4942acc46fd9188d05bf42ba876 6554e4942acc46fd9188d05bf42ba876] 199.19.213.54 "PUT /v2.0/ports/f6c47a68-1767-497a-9e34-318138981453 HTTP/1.1" status: 200 len: 1380 time: 0.8042171
2026-05-11 11:56:17.400 9 INFO neutron.db.ovn_revision_numbers_db [None req-0f37aa27-140d-4f44-ab7e-fad924de2c5d f3f5f97eb76249029e44a4126801718c 6e9ff99e9b384559865da5526608b358 - - default default] Successfully bumped revision number for resource 0d58dde5-44cf-467b-b642-f095740486fe (type: security_groups) to 1
2026-05-11 11:56:17.443 9 INFO neutron.db.ovn_revision_numbers_db [None req-0f37aa27-140d-4f44-ab7e-fad924de2c5d f3f5f97eb76249029e44a4126801718c 6e9ff99e9b384559865da5526608b358 - - default default] Successfully bumped revision number for resource 759e46a5-3675-4cdb-accf-89906f154e1d (type: security_group_rules) to 0
2026-05-11 11:56:17.447 9 INFO neutron.notifiers.nova [-] Nova event matching ['req-da5e5632-c496-4900-908b-60ac101a2b27'] response: {'name': 'network-changed', 'server_uuid': '59e33f0e-b864-4283-b85e-7d1c1d4ac6af', 'tag': 'f6c47a68-1767-497a-9e34-318138981453', 'status': 'completed', 'code': 200}
2026-05-11 11:56:17.466 9 INFO neutron.wsgi [req-f2fdba04-f0ec-4618-9d35-858e89786fe7 req-6c903c07-a86f-46f0-b2f1-b959f7f8a898 6fc3248cc7564687a7594a5d4cd32dea 67d5299d765c4122b546eb7bf13327ca - - 6554e4942acc46fd9188d05bf42ba876 6554e4942acc46fd9188d05bf42ba876] 199.19.213.54 "GET /v2.0/ports?tenant_id=75612bc3b2a04be686b3a6ab2737721c&device_id=59e33f0e-b864-4283-b85e-7d1c1d4ac6af HTTP/1.1" status: 200 len: 1411 time: 0.0584288
2026-05-11 11:56:17.476 9 INFO neutron.wsgi [req-51c78992-7786-48af-96f9-e22e7f7d5ad2 req-45215ce8-7369-4c49-87de-f0784b4bc523 b5b31f41e75a41eebf9c0dfa09c7e211 75612bc3b2a04be686b3a6ab2737721c - - default default] 10.0.0.160 "GET /v2.0/ports?device_id=59e33f0e-b864-4283-b85e-7d1c1d4ac6af HTTP/1.1" status: 200 len: 1172 time: 0.1588161
2026-05-11 11:56:17.477 9 INFO neutron.db.ovn_revision_numbers_db [None req-0f37aa27-140d-4f44-ab7e-fad924de2c5d f3f5f97eb76249029e44a4126801718c 6e9ff99e9b384559865da5526608b358 - - default default] Successfully bumped revision number for resource b7796ba2-d136-4639-abe9-f4078772f726 (type: security_group_rules) to 0
2026-05-11 11:56:17.512 9 INFO neutron.wsgi [req-f2fdba04-f0ec-4618-9d35-858e89786fe7 req-0de73d5b-8586-4e74-92ea-19e41f781fbe 6fc3248cc7564687a7594a5d4cd32dea 67d5299d765c4122b546eb7bf13327ca - - 6554e4942acc46fd9188d05bf42ba876 6554e4942acc46fd9188d05bf42ba876] 199.19.213.54 "GET /v2.0/floatingips?fixed_ip_address=10.100.0.10&port_id=f6c47a68-1767-497a-9e34-318138981453 HTTP/1.1" status: 200 len: 217 time: 0.0359790
2026-05-11 11:56:17.523 9 INFO neutron.db.ovn_revision_numbers_db [None req-0f37aa27-140d-4f44-ab7e-fad924de2c5d f3f5f97eb76249029e44a4126801718c 6e9ff99e9b384559865da5526608b358 - - default default] Successfully bumped revision number for resource e196e5e8-e733-4a0d-9590-3012de3f3262 (type: security_group_rules) to 0
2026-05-11 11:56:17.562 9 INFO neutron.wsgi [req-51c78992-7786-48af-96f9-e22e7f7d5ad2 req-91a74dca-22ec-4414-b83e-d74761fec30b b5b31f41e75a41eebf9c0dfa09c7e211 75612bc3b2a04be686b3a6ab2737721c - - default default] 10.0.0.160 "GET /v2.0/security-groups?id=7629a6f8-902b-4c35-94af-ff8660266c28&fields=id&fields=name HTTP/1.1" status: 200 len: 313 time: 0.0731583
2026-05-11 11:56:17.569 9 INFO neutron.db.ovn_revision_numbers_db [None req-0f37aa27-140d-4f44-ab7e-fad924de2c5d f3f5f97eb76249029e44a4126801718c 6e9ff99e9b384559865da5526608b358 - - default default] Successfully bumped revision number for resource e8be4152-5409-43d4-a49e-45be28780db0 (type: security_group_rules) to 0
2026-05-11 11:56:17.575 9 INFO neutron.wsgi [req-f2fdba04-f0ec-4618-9d35-858e89786fe7 req-3e5def21-e768-4a96-9184-484536fd0237 6fc3248cc7564687a7594a5d4cd32dea 67d5299d765c4122b546eb7bf13327ca - - 6554e4942acc46fd9188d05bf42ba876 6554e4942acc46fd9188d05bf42ba876] 199.19.213.54 "GET /v2.0/subnets?id=e5aad874-5927-4d1c-bfec-fdf0902bfcd2 HTTP/1.1" status: 200 len: 872 time: 0.0508907
2026-05-11 11:56:17.607 9 INFO neutron.wsgi [None req-0f37aa27-140d-4f44-ab7e-fad924de2c5d f3f5f97eb76249029e44a4126801718c 6e9ff99e9b384559865da5526608b358 - - default default] 10.0.0.218 "GET /v2.0/security-groups?tenant_id=170a94991dd6403cb85684113a1213c9&name=default HTTP/1.1" status: 200 len: 3120 time: 0.4460881
2026-05-11 11:56:17.610 9 INFO neutron.wsgi [req-f2fdba04-f0ec-4618-9d35-858e89786fe7 req-44b68dc5-0ffd-4562-b560-13ffa9542bf0 6fc3248cc7564687a7594a5d4cd32dea 67d5299d765c4122b546eb7bf13327ca - - 6554e4942acc46fd9188d05bf42ba876 6554e4942acc46fd9188d05bf42ba876] 199.19.213.54 "GET /v2.0/ports?network_id=52457271-cf2b-4246-a851-e8f0ea8ad9e0&device_owner=network%3Adhcp HTTP/1.1" status: 200 len: 210 time: 0.0266333
2026-05-11 11:56:17.678 9 INFO neutron.wsgi [req-f2fdba04-f0ec-4618-9d35-858e89786fe7 req-ea743331-fc58-4afa-8390-0a6fc6add22a 6fc3248cc7564687a7594a5d4cd32dea 67d5299d765c4122b546eb7bf13327ca - - 6554e4942acc46fd9188d05bf42ba876 6554e4942acc46fd9188d05bf42ba876] 199.19.213.54 "GET /v2.0/networks/52457271-cf2b-4246-a851-e8f0ea8ad9e0?fields=segments HTTP/1.1" status: 200 len: 212 time: 0.0583589
2026-05-11 11:56:17.758 9 INFO neutron.wsgi [req-f2fdba04-f0ec-4618-9d35-858e89786fe7 req-e8217fdf-dc0e-4880-b90b-b5f1f58ae606 6fc3248cc7564687a7594a5d4cd32dea 67d5299d765c4122b546eb7bf13327ca - - 6554e4942acc46fd9188d05bf42ba876 6554e4942acc46fd9188d05bf42ba876] 199.19.213.54 "GET /v2.0/networks/52457271-cf2b-4246-a851-e8f0ea8ad9e0?fields=provider%3Aphysical_network&fields=provider%3Anetwork_type HTTP/1.1" status: 200 len: 277 time: 0.0680513
2026-05-11 11:56:17.830 10 INFO neutron.wsgi [None req-a98430e7-f756-4bef-ae3f-f8596d1a51ad f3f5f97eb76249029e44a4126801718c 6e9ff99e9b384559865da5526608b358 - - default default] 10.0.0.218 "DELETE /v2.0/security-groups/0d58dde5-44cf-467b-b642-f095740486fe HTTP/1.1" status: 204 len: 168 time: 0.2176673
2026-05-11 11:56:17.853 9 INFO neutron.wsgi [req-3f0969b7-2fc7-4ac0-991f-ff006c9aa650 req-7693594f-eafa-4868-ae81-56be88a83d8b 6fc3248cc7564687a7594a5d4cd32dea 67d5299d765c4122b546eb7bf13327ca - - 6554e4942acc46fd9188d05bf42ba876 6554e4942acc46fd9188d05bf42ba876] 199.19.213.54 "GET /v2.0/ports?tenant_id=75612bc3b2a04be686b3a6ab2737721c&device_id=59e33f0e-b864-4283-b85e-7d1c1d4ac6af HTTP/1.1" status: 200 len: 1411 time: 0.0538118
2026-05-11 11:56:17.915 9 INFO neutron.wsgi [req-3f0969b7-2fc7-4ac0-991f-ff006c9aa650 req-bd9fbc5d-b63f-4193-96ae-63379cd4af1d 6fc3248cc7564687a7594a5d4cd32dea 67d5299d765c4122b546eb7bf13327ca - - 6554e4942acc46fd9188d05bf42ba876 6554e4942acc46fd9188d05bf42ba876] 199.19.213.54 "GET /v2.0/networks?id=52457271-cf2b-4246-a851-e8f0ea8ad9e0 HTTP/1.1" status: 200 len: 977 time: 0.0557780
2026-05-11 11:56:17.941 9 INFO neutron.wsgi [req-3f0969b7-2fc7-4ac0-991f-ff006c9aa650 req-c7e77b6c-f0a8-4a36-815f-501e6f65c921 6fc3248cc7564687a7594a5d4cd32dea 67d5299d765c4122b546eb7bf13327ca - - 6554e4942acc46fd9188d05bf42ba876 6554e4942acc46fd9188d05bf42ba876] 199.19.213.54 "GET /v2.0/floatingips?fixed_ip_address=10.100.0.10&port_id=f6c47a68-1767-497a-9e34-318138981453 HTTP/1.1" status: 200 len: 217 time: 0.0217361
2026-05-11 11:56:17.975 9 INFO neutron.wsgi [req-3f0969b7-2fc7-4ac0-991f-ff006c9aa650 req-27933c3c-13e3-4d20-9732-b96c06379340 6fc3248cc7564687a7594a5d4cd32dea 67d5299d765c4122b546eb7bf13327ca - - 6554e4942acc46fd9188d05bf42ba876 6554e4942acc46fd9188d05bf42ba876] 199.19.213.54 "GET /v2.0/subnets?id=e5aad874-5927-4d1c-bfec-fdf0902bfcd2 HTTP/1.1" status: 200 len: 872 time: 0.0304780
2026-05-11 11:56:18.005 9 INFO neutron.wsgi [req-3f0969b7-2fc7-4ac0-991f-ff006c9aa650 req-0dd993d8-74ab-40d2-a8d0-230d3fa16bc4 6fc3248cc7564687a7594a5d4cd32dea 67d5299d765c4122b546eb7bf13327ca - - 6554e4942acc46fd9188d05bf42ba876 6554e4942acc46fd9188d05bf42ba876] 199.19.213.54 "GET /v2.0/ports?network_id=52457271-cf2b-4246-a851-e8f0ea8ad9e0&device_owner=network%3Adhcp HTTP/1.1" status: 200 len: 210 time: 0.0267961
2026-05-11 11:56:18.075 9 INFO neutron.wsgi [req-3f0969b7-2fc7-4ac0-991f-ff006c9aa650 req-acafaa65-eaaf-4d47-80cd-737a1c625b6d 6fc3248cc7564687a7594a5d4cd32dea 67d5299d765c4122b546eb7bf13327ca - - 6554e4942acc46fd9188d05bf42ba876 6554e4942acc46fd9188d05bf42ba876] 199.19.213.54 "GET /v2.0/networks/52457271-cf2b-4246-a851-e8f0ea8ad9e0?fields=segments HTTP/1.1" status: 200 len: 212 time: 0.0627975
2026-05-11 11:56:18.158 9 INFO neutron.wsgi [req-3f0969b7-2fc7-4ac0-991f-ff006c9aa650 req-f8e500cb-def1-4d7c-983c-5fd338eaa64e 6fc3248cc7564687a7594a5d4cd32dea 67d5299d765c4122b546eb7bf13327ca - - 6554e4942acc46fd9188d05bf42ba876 6554e4942acc46fd9188d05bf42ba876] 199.19.213.54 "GET /v2.0/networks/52457271-cf2b-4246-a851-e8f0ea8ad9e0?fields=provider%3Aphysical_network&fields=provider%3Anetwork_type HTTP/1.1" status: 200 len: 277 time: 0.0781910
2026-05-11 11:56:18.547 9 INFO neutron.plugins.ml2.drivers.ovn.mech_driver.mech_driver [None req-02fafce6-5186-4500-9df5-51c680abb6c7 - - - - - -] OVN reports status up for port: f6c47a68-1767-497a-9e34-318138981453
2026-05-11 11:56:18.569 9 INFO neutron.plugins.ml2.plugin [None req-02fafce6-5186-4500-9df5-51c680abb6c7 - - - - - -] Attempt 1 to provision port f6c47a68-1767-497a-9e34-318138981453
2026-05-11 11:56:18.713 10 INFO neutron.wsgi [req-02e3436f-faa4-4e76-bfba-fc721635fbb3 req-2c82f3f7-2113-46b0-a88f-f374e1183a74 b5b31f41e75a41eebf9c0dfa09c7e211 75612bc3b2a04be686b3a6ab2737721c - - default default] 10.0.0.160 "GET /v2.0/ports?device_id=59e33f0e-b864-4283-b85e-7d1c1d4ac6af HTTP/1.1" status: 200 len: 1174 time: 0.0443850
2026-05-11 11:56:18.759 10 INFO neutron.wsgi [req-02e3436f-faa4-4e76-bfba-fc721635fbb3 req-dcc3d6d4-3d28-4bb8-a147-7d6646970e34 b5b31f41e75a41eebf9c0dfa09c7e211 75612bc3b2a04be686b3a6ab2737721c - - default default] 10.0.0.160 "GET /v2.0/security-groups?id=7629a6f8-902b-4c35-94af-ff8660266c28&fields=id&fields=name HTTP/1.1" status: 200 len: 313 time: 0.0414369
2026-05-11 11:56:18.852 9 INFO neutron.db.ovn_revision_numbers_db [None req-02fafce6-5186-4500-9df5-51c680abb6c7 - - - - - -] Successfully bumped revision number for resource f6c47a68-1767-497a-9e34-318138981453 (type: ports) to 4
2026-05-11 11:56:19.489 9 INFO neutron.notifiers.nova [-] Nova event matching ['req-5bba3f89-8324-4895-b35b-8067cc621724'] response: {'server_uuid': '59e33f0e-b864-4283-b85e-7d1c1d4ac6af', 'name': 'network-vif-plugged', 'status': 'completed', 'tag': 'f6c47a68-1767-497a-9e34-318138981453', 'code': 200}
2026-05-11 11:56:19.489 9 INFO neutron.notifiers.nova [-] Nova event matching ['req-5bba3f89-8324-4895-b35b-8067cc621724'] response: {'server_uuid': '59e33f0e-b864-4283-b85e-7d1c1d4ac6af', 'name': 'network-vif-plugged', 'status': 'completed', 'tag': 'f6c47a68-1767-497a-9e34-318138981453', 'code': 200}
2026-05-11 11:56:19.870 9 INFO neutron.wsgi [-] 10.0.0.242 "GET / HTTP/1.1" status: 200 len: 247 time: 0.0033355
2026-05-11 11:56:19.873 9 INFO neutron.wsgi [-] 10.0.0.242 "GET / HTTP/1.1" status: 200 len: 247 time: 0.0018957
2026-05-11 11:56:19.953 10 INFO neutron.wsgi [req-5ee6d2ec-27d0-4432-979e-a256b74e9d5b req-cdf6878d-09f8-4fe4-9680-4bd6e3fca5d1 b5b31f41e75a41eebf9c0dfa09c7e211 75612bc3b2a04be686b3a6ab2737721c - - default default] 10.0.0.160 "GET /v2.0/ports?device_id=59e33f0e-b864-4283-b85e-7d1c1d4ac6af HTTP/1.1" status: 200 len: 1174 time: 0.1102102
2026-05-11 11:56:20.010 10 INFO neutron.wsgi [req-5ee6d2ec-27d0-4432-979e-a256b74e9d5b req-ce897650-0078-420e-ad69-3f06a02466ec b5b31f41e75a41eebf9c0dfa09c7e211 75612bc3b2a04be686b3a6ab2737721c - - default default] 10.0.0.160 "GET /v2.0/security-groups?id=7629a6f8-902b-4c35-94af-ff8660266c28&fields=id&fields=name HTTP/1.1" status: 200 len: 313 time: 0.0475991 /var/lib/openstack/lib/python3.10/site-packages/pycadf/identifier.py:71: UserWarning: Invalid uuid: neutron. To ensure interoperability, identifiers should be a valid uuid. warnings.warn(('Invalid uuid: %s. To ensure interoperability, '
2026-05-11 11:56:20.114 9 INFO neutron.wsgi [req-0e6b79b1-be16-4898-940e-27e42eb9e8a2 req-9a0fab3c-3b52-4350-9e82-eb96a8f2add8 b5b31f41e75a41eebf9c0dfa09c7e211 75612bc3b2a04be686b3a6ab2737721c - - default default] 10.0.0.160 "GET /v2.0/ports?device_id=59e33f0e-b864-4283-b85e-7d1c1d4ac6af HTTP/1.1" status: 200 len: 1174 time: 0.0459645
2026-05-11 11:56:20.657 10 INFO neutron.db.ovn_revision_numbers_db [None req-bd892497-cfcd-4460-94d8-f961ecc9202a f3f5f97eb76249029e44a4126801718c 6e9ff99e9b384559865da5526608b358 - - default default] Successfully bumped revision number for resource b5b2c9cd-0996-4361-9a0e-8d24e0080cb2 (type: security_groups) to 1
2026-05-11 11:56:20.663 9 INFO neutron.db.ovn_revision_numbers_db [None req-638ad5b0-9956-4fcc-9405-51c89c453d73 b5b31f41e75a41eebf9c0dfa09c7e211 75612bc3b2a04be686b3a6ab2737721c - - default default] Successfully bumped revision number for resource 068036a3-314f-4690-9906-59e64ff7a59f (type: floatingips) to 1
2026-05-11 11:56:20.672 10 INFO neutron.db.ovn_revision_numbers_db [None req-bd892497-cfcd-4460-94d8-f961ecc9202a f3f5f97eb76249029e44a4126801718c 6e9ff99e9b384559865da5526608b358 - - default default] Successfully bumped revision number for resource 17e92cf5-071b-4616-922b-8334f4f55a17 (type: security_group_rules) to 0
2026-05-11 11:56:20.685 10 INFO neutron.db.ovn_revision_numbers_db [None req-bd892497-cfcd-4460-94d8-f961ecc9202a f3f5f97eb76249029e44a4126801718c 6e9ff99e9b384559865da5526608b358 - - default default] Successfully bumped revision number for resource 31f587b1-4e9a-40c6-b96b-8076be9c6aff (type: security_group_rules) to 0
2026-05-11 11:56:20.703 10 INFO neutron.db.ovn_revision_numbers_db [None req-bd892497-cfcd-4460-94d8-f961ecc9202a f3f5f97eb76249029e44a4126801718c 6e9ff99e9b384559865da5526608b358 - - default default] Successfully bumped revision number for resource 32fb3179-e8ba-4823-ab34-61bf681bafbf (type: security_group_rules) to 0
2026-05-11 11:56:20.716 10 INFO neutron.db.ovn_revision_numbers_db [None req-bd892497-cfcd-4460-94d8-f961ecc9202a f3f5f97eb76249029e44a4126801718c 6e9ff99e9b384559865da5526608b358 - - default default] Successfully bumped revision number for resource 8e7a6a09-2b46-4950-beb2-219efd599f19 (type: security_group_rules) to 0
2026-05-11 11:56:20.738 10 INFO neutron.wsgi [None req-bd892497-cfcd-4460-94d8-f961ecc9202a f3f5f97eb76249029e44a4126801718c 6e9ff99e9b384559865da5526608b358 - - default default] 10.0.0.218 "GET /v2.0/security-groups?tenant_id=371af393ba784d2c9f8b45968f6e1f44&name=default HTTP/1.1" status: 200 len: 3120 time: 0.4550190
2026-05-11 11:56:20.827 9 INFO neutron.db.ovn_revision_numbers_db [None req-638ad5b0-9956-4fcc-9405-51c89c453d73 b5b31f41e75a41eebf9c0dfa09c7e211 75612bc3b2a04be686b3a6ab2737721c - - default default] Successfully bumped revision number for resource 068036a3-314f-4690-9906-59e64ff7a59f (type: floatingips) to 2
2026-05-11 11:56:20.828 9 INFO neutron.db.l3_db [None req-638ad5b0-9956-4fcc-9405-51c89c453d73 b5b31f41e75a41eebf9c0dfa09c7e211 75612bc3b2a04be686b3a6ab2737721c - - default default] Floating IP 068036a3-314f-4690-9906-59e64ff7a59f associated. External IP: 10.96.250.202, port: f6c47a68-1767-497a-9e34-318138981453.
2026-05-11 11:56:20.861 9 INFO neutron.wsgi [None req-638ad5b0-9956-4fcc-9405-51c89c453d73 b5b31f41e75a41eebf9c0dfa09c7e211 75612bc3b2a04be686b3a6ab2737721c - - default default] 10.0.0.218 "PUT /v2.0/floatingips/068036a3-314f-4690-9906-59e64ff7a59f HTTP/1.1" status: 200 len: 1050 time: 0.7323494 /var/lib/openstack/lib/python3.10/site-packages/pycadf/identifier.py:71: UserWarning: Invalid uuid: neutron. To ensure interoperability, identifiers should be a valid uuid. warnings.warn(('Invalid uuid: %s. To ensure interoperability, '
2026-05-11 11:56:20.960 10 INFO neutron.wsgi [req-28ad0760-eb90-42f7-b097-9ab357a1139b req-73250f00-159b-4f73-b164-da0eba8ce942 b5b31f41e75a41eebf9c0dfa09c7e211 75612bc3b2a04be686b3a6ab2737721c - - default default] 10.0.0.160 "GET /v2.0/ports?device_id=59e33f0e-b864-4283-b85e-7d1c1d4ac6af HTTP/1.1" status: 200 len: 1174 time: 0.0574155
2026-05-11 11:56:20.998 9 INFO neutron.wsgi [None req-3c855824-e2d0-49e1-9bd8-baad0c50ac31 f3f5f97eb76249029e44a4126801718c 6e9ff99e9b384559865da5526608b358 - - default default] 10.0.0.218 "DELETE /v2.0/security-groups/b5b2c9cd-0996-4361-9a0e-8d24e0080cb2 HTTP/1.1" status: 204 len: 168 time: 0.2502367
2026-05-11 11:56:21.018 10 INFO neutron.wsgi [req-28ad0760-eb90-42f7-b097-9ab357a1139b req-5812c1cf-290a-486f-9a61-c2ade952b833 b5b31f41e75a41eebf9c0dfa09c7e211 75612bc3b2a04be686b3a6ab2737721c - - default default] 10.0.0.160 "GET /v2.0/security-groups?id=7629a6f8-902b-4c35-94af-ff8660266c28&fields=id&fields=name HTTP/1.1" status: 200 len: 313 time: 0.0498760
2026-05-11 11:56:21.290 9 INFO neutron.wsgi [req-656c886b-4dcd-4f95-8c5b-8a23043e1366 req-7e4026f4-7d38-40d8-bd6b-f83f0fef1047 b5b31f41e75a41eebf9c0dfa09c7e211 75612bc3b2a04be686b3a6ab2737721c - - default default] 10.0.0.160 "GET /v2.0/ports?device_id=59e33f0e-b864-4283-b85e-7d1c1d4ac6af HTTP/1.1" status: 200 len: 1174 time: 0.0438926
2026-05-11 11:56:21.323 9 INFO neutron.plugins.ml2.drivers.ovn.mech_driver.mech_driver [None req-02fafce6-5186-4500-9df5-51c680abb6c7 - - - - - -] OVN reports status down for port: f6c47a68-1767-497a-9e34-318138981453
2026-05-11 11:56:21.364 9 INFO neutron.wsgi [req-656c886b-4dcd-4f95-8c5b-8a23043e1366 req-6dc3fd9c-1bef-40c0-acfc-181c6276babd b5b31f41e75a41eebf9c0dfa09c7e211 75612bc3b2a04be686b3a6ab2737721c - - default default] 10.0.0.160 "GET /v2.0/security-groups?id=7629a6f8-902b-4c35-94af-ff8660266c28&fields=id&fields=name HTTP/1.1" status: 200 len: 313 time: 0.0681276
2026-05-11 11:56:21.540 9 INFO neutron.notifiers.nova [-] Nova event matching ['req-75ed50ba-79e7-49f9-af96-5d08e9035546'] response: {'name': 'network-changed', 'server_uuid': '59e33f0e-b864-4283-b85e-7d1c1d4ac6af', 'tag': 'f6c47a68-1767-497a-9e34-318138981453', 'status': 'completed', 'code': 200}
2026-05-11 11:56:21.540 9 INFO neutron.notifiers.nova [-] Nova event matching ['req-75ed50ba-79e7-49f9-af96-5d08e9035546'] response: {'server_uuid': '59e33f0e-b864-4283-b85e-7d1c1d4ac6af', 'name': 'network-vif-unplugged', 'status': 'completed', 'tag': 'f6c47a68-1767-497a-9e34-318138981453', 'code': 200}
2026-05-11 11:56:21.616 9 INFO neutron.wsgi [req-ca2b67ca-81bf-4959-be83-3f8fbeddc95a req-8d12801b-a07e-4b76-93b6-d8f7da76a981 6fc3248cc7564687a7594a5d4cd32dea 67d5299d765c4122b546eb7bf13327ca - - 6554e4942acc46fd9188d05bf42ba876 6554e4942acc46fd9188d05bf42ba876] 199.19.213.54 "GET /v2.0/ports?tenant_id=75612bc3b2a04be686b3a6ab2737721c&device_id=59e33f0e-b864-4283-b85e-7d1c1d4ac6af HTTP/1.1" status: 200 len: 1411 time: 0.0569806
2026-05-11 11:56:21.639 10 INFO neutron.wsgi [req-29984cd6-182f-4044-be22-9758969e801e req-978e3efd-8359-4dbd-a37c-3b8135616ca8 b5b31f41e75a41eebf9c0dfa09c7e211 75612bc3b2a04be686b3a6ab2737721c - - default default] 199.19.213.54 "GET /v2.0/ports?device_id=59e33f0e-b864-4283-b85e-7d1c1d4ac6af HTTP/1.1" status: 200 len: 1172 time: 0.0535276
2026-05-11 11:56:21.691 9 INFO neutron.wsgi [req-ca2b67ca-81bf-4959-be83-3f8fbeddc95a req-79d6ebd9-47eb-4ca3-a272-1f42636fe22b 6fc3248cc7564687a7594a5d4cd32dea 67d5299d765c4122b546eb7bf13327ca - - 6554e4942acc46fd9188d05bf42ba876 6554e4942acc46fd9188d05bf42ba876] 199.19.213.54 "GET /v2.0/networks?id=52457271-cf2b-4246-a851-e8f0ea8ad9e0 HTTP/1.1" status: 200 len: 977 time: 0.0695360
2026-05-11 11:56:21.696 9 INFO neutron.db.ovn_revision_numbers_db [None req-02fafce6-5186-4500-9df5-51c680abb6c7 - - - - - -] Successfully bumped revision number for resource f6c47a68-1767-497a-9e34-318138981453 (type: ports) to 5
2026-05-11 11:56:21.747 10 INFO neutron.db.ovn_revision_numbers_db [None req-5eb2d14d-4bbd-45a1-a963-59567e8abe9f f3f5f97eb76249029e44a4126801718c 6e9ff99e9b384559865da5526608b358 - - default default] Successfully bumped revision number for resource b5318ee1-69fc-4e51-9482-2c3bd00c102f (type: security_groups) to 1
2026-05-11 11:56:21.760 9 INFO neutron.wsgi [req-ca2b67ca-81bf-4959-be83-3f8fbeddc95a req-166df97d-8660-4a58-a253-571d11d8f1d0 6fc3248cc7564687a7594a5d4cd32dea 67d5299d765c4122b546eb7bf13327ca - - 6554e4942acc46fd9188d05bf42ba876 6554e4942acc46fd9188d05bf42ba876] 199.19.213.54 "GET /v2.0/floatingips?fixed_ip_address=10.100.0.10&port_id=f6c47a68-1767-497a-9e34-318138981453 HTTP/1.1" status: 200 len: 1058 time: 0.0622621
2026-05-11 11:56:21.774 10 INFO neutron.db.ovn_revision_numbers_db [None req-5eb2d14d-4bbd-45a1-a963-59567e8abe9f f3f5f97eb76249029e44a4126801718c 6e9ff99e9b384559865da5526608b358 - - default default] Successfully bumped revision number for resource 9ffa94ec-8473-4702-9b41-d03cae2f821c (type: security_group_rules) to 0
2026-05-11 11:56:21.792 10 INFO neutron.db.ovn_revision_numbers_db [None req-5eb2d14d-4bbd-45a1-a963-59567e8abe9f f3f5f97eb76249029e44a4126801718c 6e9ff99e9b384559865da5526608b358 - - default default] Successfully bumped revision number for resource adf23cb3-eb88-4818-bca9-28e9f40664a3 (type: security_group_rules) to 0
2026-05-11 11:56:21.833 10 INFO neutron.db.ovn_revision_numbers_db [None req-5eb2d14d-4bbd-45a1-a963-59567e8abe9f f3f5f97eb76249029e44a4126801718c 6e9ff99e9b384559865da5526608b358 - - default default] Successfully bumped revision number for resource c2210bb3-7dc7-412d-8b67-70e6a4ce7ffb (type: security_group_rules) to 0
2026-05-11 11:56:21.861 10 INFO neutron.wsgi [None req-6101f350-b920-46f9-9fa4-21b31dfafa4d f3f5f97eb76249029e44a4126801718c 6e9ff99e9b384559865da5526608b358 - - default default] 10.0.0.77 "GET /v2.0/subnets HTTP/1.1" status: 200 len: 2097 time: 0.1051075
2026-05-11 11:56:21.869 10 INFO neutron.db.ovn_revision_numbers_db [None req-5eb2d14d-4bbd-45a1-a963-59567e8abe9f f3f5f97eb76249029e44a4126801718c 6e9ff99e9b384559865da5526608b358 - - default default] Successfully bumped revision number for resource f0b0881f-39cd-4f92-a704-6671512f5b21 (type: security_group_rules) to 0
2026-05-11 11:56:21.910 10 INFO neutron.wsgi [None req-5eb2d14d-4bbd-45a1-a963-59567e8abe9f f3f5f97eb76249029e44a4126801718c 6e9ff99e9b384559865da5526608b358 - - default default] 10.0.0.218 "GET /v2.0/security-groups?tenant_id=c1d2c11984fc421ebb0296178271f6fd&name=default HTTP/1.1" status: 200 len: 3120 time: 0.4491715
2026-05-11 11:56:21.934 10 INFO neutron.wsgi [None req-74e73083-4b7b-4054-aab9-c0f9a879d164 f3f5f97eb76249029e44a4126801718c 6e9ff99e9b384559865da5526608b358 - - default default] 10.0.0.77 "GET /v2.0/subnets HTTP/1.1" status: 200 len: 2097 time: 0.0712655
2026-05-11 11:56:21.967 10 INFO neutron.wsgi [None req-40d8c0d4-e03d-44c7-a208-eba09c71fb2e f3f5f97eb76249029e44a4126801718c 6e9ff99e9b384559865da5526608b358 - - default default] 10.0.0.77 "GET /v2.0/subnetpools HTTP/1.1" status: 200 len: 193 time: 0.0288644
2026-05-11 11:56:22.029 9 INFO neutron.wsgi [req-ca2b67ca-81bf-4959-be83-3f8fbeddc95a req-db2ac712-1069-43b8-9e6b-05f07cde20ce 6fc3248cc7564687a7594a5d4cd32dea 67d5299d765c4122b546eb7bf13327ca - - 6554e4942acc46fd9188d05bf42ba876 6554e4942acc46fd9188d05bf42ba876] 199.19.213.54 "GET /v2.0/subnets?id=e5aad874-5927-4d1c-bfec-fdf0902bfcd2 HTTP/1.1" status: 200 len: 872 time: 0.2632432 /var/lib/openstack/lib/python3.10/site-packages/pycadf/identifier.py:71: UserWarning: Invalid uuid: neutron. To ensure interoperability, identifiers should be a valid uuid. warnings.warn(('Invalid uuid: %s. To ensure interoperability, '
2026-05-11 11:56:22.066 9 INFO neutron.wsgi [req-ca2b67ca-81bf-4959-be83-3f8fbeddc95a req-a13460b0-477c-4e08-8d7c-ebd85bb432aa 6fc3248cc7564687a7594a5d4cd32dea 67d5299d765c4122b546eb7bf13327ca - - 6554e4942acc46fd9188d05bf42ba876 6554e4942acc46fd9188d05bf42ba876] 199.19.213.54 "GET /v2.0/ports?network_id=52457271-cf2b-4246-a851-e8f0ea8ad9e0&device_owner=network%3Adhcp HTTP/1.1" status: 200 len: 210 time: 0.0296459
2026-05-11 11:56:22.075 10 INFO neutron.wsgi [None req-c23a84d7-5201-437c-9ae1-d555ee9592d8 f3f5f97eb76249029e44a4126801718c 6e9ff99e9b384559865da5526608b358 - - default default] 10.0.0.77 "GET /v2.0/floatingips HTTP/1.1" status: 200 len: 1034 time: 0.1069515
2026-05-11 11:56:22.123 9 INFO neutron.wsgi [req-ca2b67ca-81bf-4959-be83-3f8fbeddc95a req-1f1f762e-1dba-4a4b-b95e-e927d7e65c0b 6fc3248cc7564687a7594a5d4cd32dea 67d5299d765c4122b546eb7bf13327ca - - 6554e4942acc46fd9188d05bf42ba876 6554e4942acc46fd9188d05bf42ba876] 199.19.213.54 "GET /v2.0/networks/52457271-cf2b-4246-a851-e8f0ea8ad9e0?fields=segments HTTP/1.1" status: 200 len: 212 time: 0.0512879
2026-05-11 11:56:22.186 10 INFO neutron.wsgi [None req-ed45888e-aeb7-49ba-b77b-5c7a466da550 f3f5f97eb76249029e44a4126801718c 6e9ff99e9b384559865da5526608b358 - - default default] 10.0.0.77 "GET /v2.0/security-groups HTTP/1.1" status: 200 len: 26243 time: 0.0961270
2026-05-11 11:56:22.194 9 INFO neutron.wsgi [req-ca2b67ca-81bf-4959-be83-3f8fbeddc95a req-84bc500f-f625-4e84-902c-771a65ccc418 6fc3248cc7564687a7594a5d4cd32dea 67d5299d765c4122b546eb7bf13327ca - - 6554e4942acc46fd9188d05bf42ba876 6554e4942acc46fd9188d05bf42ba876] 199.19.213.54 "GET /v2.0/networks/52457271-cf2b-4246-a851-e8f0ea8ad9e0?fields=provider%3Aphysical_network&fields=provider%3Anetwork_type HTTP/1.1" status: 200 len: 277 time: 0.0570815
2026-05-11 11:56:22.465 9 INFO neutron.wsgi [req-331803a8-ec5e-4612-86b4-9cd6bdb41f15 req-18af5a0e-931c-4ba2-b201-1da09df1088e b5b31f41e75a41eebf9c0dfa09c7e211 75612bc3b2a04be686b3a6ab2737721c - - default default] 10.0.0.160 "GET /v2.0/ports?device_id=59e33f0e-b864-4283-b85e-7d1c1d4ac6af HTTP/1.1" status: 200 len: 1172 time: 0.0438235
2026-05-11 11:56:22.514 9 INFO neutron.wsgi [req-331803a8-ec5e-4612-86b4-9cd6bdb41f15 req-5228ffc9-94e4-452c-996e-25f8bd86f7d5 b5b31f41e75a41eebf9c0dfa09c7e211 75612bc3b2a04be686b3a6ab2737721c - - default default] 10.0.0.160 "GET /v2.0/security-groups?id=7629a6f8-902b-4c35-94af-ff8660266c28&fields=id&fields=name HTTP/1.1" status: 200 len: 313 time: 0.0453820
2026-05-11 11:56:22.586 10 INFO neutron.wsgi [None req-d12842e4-98ae-4778-b56f-a7df66770385 f3f5f97eb76249029e44a4126801718c 6e9ff99e9b384559865da5526608b358 - - default default] 10.0.0.77 "GET /v2.0/agents HTTP/1.1" status: 200 len: 1390 time: 0.3809607 /var/lib/openstack/lib/python3.10/site-packages/pycadf/identifier.py:71: UserWarning: Invalid uuid: neutron. To ensure interoperability, identifiers should be a valid uuid. warnings.warn(('Invalid uuid: %s. To ensure interoperability, '
2026-05-11 11:56:22.673 10 INFO neutron.db.l3_db [req-29984cd6-182f-4044-be22-9758969e801e req-4afc7fe5-d4db-4487-aca6-e359cb929b39 b5b31f41e75a41eebf9c0dfa09c7e211 75612bc3b2a04be686b3a6ab2737721c - - default default] Floating IP 068036a3-314f-4690-9906-59e64ff7a59f disassociated. External IP: 10.96.250.202, port: f6c47a68-1767-497a-9e34-318138981453.
2026-05-11 11:56:22.709 10 INFO neutron.wsgi [None req-7d6f46b4-278a-4fc1-9120-cb58174e1175 f3f5f97eb76249029e44a4126801718c 6e9ff99e9b384559865da5526608b358 - - default default] 10.0.0.77 "GET /v2.0/ports HTTP/1.1" status: 200 len: 10763 time: 0.1075013
2026-05-11 11:56:22.743 10 INFO neutron.wsgi [None req-8f0763af-eb0c-410c-a0e1-2283e0c51f78 f3f5f97eb76249029e44a4126801718c 6e9ff99e9b384559865da5526608b358 - - default default] 10.0.0.77 "GET /v2.0/network-ip-availabilities HTTP/1.1" status: 200 len: 1764 time: 0.0161512
2026-05-11 11:56:22.858 10 INFO neutron.wsgi [None req-555494a6-6d7f-4c80-a775-a8690a3592f8 f3f5f97eb76249029e44a4126801718c 6e9ff99e9b384559865da5526608b358 - - default default] 10.0.0.218 "DELETE /v2.0/security-groups/b5318ee1-69fc-4e51-9482-2c3bd00c102f HTTP/1.1" status: 204 len: 168 time: 0.9387240
2026-05-11 11:56:22.867 10 INFO neutron.wsgi [None req-71f84f10-0218-495a-9c98-f02d08db9700 f3f5f97eb76249029e44a4126801718c 6e9ff99e9b384559865da5526608b358 - - default default] 10.0.0.77 "GET /v2.0/networks HTTP/1.1" status: 200 len: 3114 time: 0.1186011
2026-05-11 11:56:22.981 10 INFO neutron.wsgi [req-29984cd6-182f-4044-be22-9758969e801e req-4afc7fe5-d4db-4487-aca6-e359cb929b39 b5b31f41e75a41eebf9c0dfa09c7e211 75612bc3b2a04be686b3a6ab2737721c - - default default] 199.19.213.54 "DELETE /v2.0/ports/f6c47a68-1767-497a-9e34-318138981453 HTTP/1.1" status: 204 len: 173 time: 1.3369436
2026-05-11 11:56:23.019 10 INFO neutron.wsgi [None req-10791bf1-9e78-4fca-837c-f15dccd1aec8 f3f5f97eb76249029e44a4126801718c 6e9ff99e9b384559865da5526608b358 - - default default] 10.0.0.77 "GET /v2.0/routers HTTP/1.1" status: 200 len: 1156 time: 0.1501641
2026-05-11 11:56:23.038 10 INFO neutron.wsgi [None req-8fbf02d4-fbdf-4747-b318-07b27b0eecd1 f3f5f97eb76249029e44a4126801718c 6e9ff99e9b384559865da5526608b358 - - default default] 10.0.0.77 "GET /v2.0/agents?binary=ovn-controller HTTP/1.1" status: 200 len: 591 time: 0.0178339
2026-05-11 11:56:23.040 10 INFO neutron.notifiers.nova [-] Nova event matching ['req-fc5e40da-cf10-43ab-ab5f-85a446585112'] response: {'server_uuid': '59e33f0e-b864-4283-b85e-7d1c1d4ac6af', 'name': 'network-vif-deleted', 'tag': 'f6c47a68-1767-497a-9e34-318138981453', 'status': 'completed', 'code': 200}
2026-05-11 11:56:23.097 9 INFO neutron.db.ovn_revision_numbers_db [None req-ea28f102-6070-43dc-979e-ecaff13f20c7 f3f5f97eb76249029e44a4126801718c 6e9ff99e9b384559865da5526608b358 - - default default] Successfully bumped revision number for resource aaa2f9f7-1288-422e-a860-f2b935683d2c (type: security_groups) to 1
2026-05-11 11:56:23.113 9 INFO neutron.db.ovn_revision_numbers_db [None req-ea28f102-6070-43dc-979e-ecaff13f20c7 f3f5f97eb76249029e44a4126801718c 6e9ff99e9b384559865da5526608b358 - - default default] Successfully bumped revision number for resource 24e2538b-01bc-434b-aa67-5ba95e7a27f9 (type: security_group_rules) to 0
2026-05-11 11:56:23.137 9 INFO neutron.db.ovn_revision_numbers_db [None req-ea28f102-6070-43dc-979e-ecaff13f20c7 f3f5f97eb76249029e44a4126801718c 6e9ff99e9b384559865da5526608b358 - - default default] Successfully bumped revision number for resource 69709672-f6f9-4778-9d76-3202cedbfabe (type: security_group_rules) to 0
2026-05-11 11:56:23.140 9 INFO neutron.db.ovn_revision_numbers_db [None req-96746b62-2971-4393-ba7f-d1be58cef3ca f3f5f97eb76249029e44a4126801718c 6e9ff99e9b384559865da5526608b358 - - default default] Successfully bumped revision number for resource 5306e72b-ce4b-4230-9c62-16fbb1a7f804 (type: security_groups) to 1
2026-05-11 11:56:23.151 9 INFO neutron.db.ovn_revision_numbers_db [None req-ea28f102-6070-43dc-979e-ecaff13f20c7 f3f5f97eb76249029e44a4126801718c 6e9ff99e9b384559865da5526608b358 - - default default] Successfully bumped revision number for resource c5f8246e-c58c-41ad-8db8-24af0075e3a4 (type: security_group_rules) to 0
2026-05-11 11:56:23.157 9 INFO neutron.db.ovn_revision_numbers_db [None req-96746b62-2971-4393-ba7f-d1be58cef3ca f3f5f97eb76249029e44a4126801718c 6e9ff99e9b384559865da5526608b358 - - default default] Successfully bumped revision number for resource 1473a978-036f-4123-8f6d-1aaff5d22ad1 (type: security_group_rules) to 0
2026-05-11 11:56:23.168 9 INFO neutron.db.ovn_revision_numbers_db [None req-ea28f102-6070-43dc-979e-ecaff13f20c7 f3f5f97eb76249029e44a4126801718c 6e9ff99e9b384559865da5526608b358 - - default default] Successfully bumped revision number for resource e7404ddc-7864-4d11-a65f-2584be82faba (type: security_group_rules) to 0
2026-05-11 11:56:23.175 9 INFO neutron.db.ovn_revision_numbers_db [None req-96746b62-2971-4393-ba7f-d1be58cef3ca f3f5f97eb76249029e44a4126801718c 6e9ff99e9b384559865da5526608b358 - - default default] Successfully bumped revision number for resource 58ec40a2-77d5-44c5-9060-e2c2af10a6b3 (type: security_group_rules) to 0
2026-05-11 11:56:23.195 9 INFO neutron.wsgi [None req-ea28f102-6070-43dc-979e-ecaff13f20c7 f3f5f97eb76249029e44a4126801718c 6e9ff99e9b384559865da5526608b358 - - default default] 10.0.0.218 "GET /v2.0/security-groups?tenant_id=d08c0fb9e1f341ebb9b805876db55abf&name=default HTTP/1.1" status: 200 len: 3120 time: 0.2435143
2026-05-11 11:56:23.204 9 INFO neutron.db.ovn_revision_numbers_db [None req-96746b62-2971-4393-ba7f-d1be58cef3ca f3f5f97eb76249029e44a4126801718c 6e9ff99e9b384559865da5526608b358 - - default default] Successfully bumped revision number for resource d91f94c2-7f9d-4a31-b4e1-bf8686bf809d (type: security_group_rules) to 0
2026-05-11 11:56:23.234 9 INFO neutron.db.ovn_revision_numbers_db [None req-96746b62-2971-4393-ba7f-d1be58cef3ca f3f5f97eb76249029e44a4126801718c 6e9ff99e9b384559865da5526608b358 - - default default] Successfully bumped revision number for resource e5ece0cd-79ec-401c-b321-f9eb9e32c16c (type: security_group_rules) to 0
2026-05-11 11:56:23.290 9 INFO neutron.db.segments_db [None req-96746b62-2971-4393-ba7f-d1be58cef3ca f3f5f97eb76249029e44a4126801718c 6e9ff99e9b384559865da5526608b358 - - default default] Added segment a0ae4af4-9af8-4379-b279-5e4c77062e85 of type geneve for network e185c114-6fb4-4862-b1db-3330d1add1b5
2026-05-11 11:56:23.456 9 INFO neutron.db.ovn_revision_numbers_db [None req-96746b62-2971-4393-ba7f-d1be58cef3ca f3f5f97eb76249029e44a4126801718c 6e9ff99e9b384559865da5526608b358 - - default default] Successfully bumped revision number for resource e185c114-6fb4-4862-b1db-3330d1add1b5 (type: networks) to 1
2026-05-11 11:56:23.552 9 INFO neutron.wsgi [None req-590cd70f-8db0-4527-8638-86e6e250abad f3f5f97eb76249029e44a4126801718c 6e9ff99e9b384559865da5526608b358 - - default default] 10.0.0.218 "DELETE /v2.0/security-groups/aaa2f9f7-1288-422e-a860-f2b935683d2c HTTP/1.1" status: 204 len: 168 time: 0.3493445
2026-05-11 11:56:23.585 9 INFO neutron.notifiers.nova [-] Nova event matching ['req-6bd8f710-48ee-471f-a0c2-8bbfcacf9c64'] response: {'server_uuid': '59e33f0e-b864-4283-b85e-7d1c1d4ac6af', 'name': 'network-vif-unplugged', 'status': 'completed', 'tag': 'f6c47a68-1767-497a-9e34-318138981453', 'code': 200}
2026-05-11 11:56:23.629 9 WARNING neutron.scheduler.dhcp_agent_scheduler [None req-96746b62-2971-4393-ba7f-d1be58cef3ca f3f5f97eb76249029e44a4126801718c 6e9ff99e9b384559865da5526608b358 - - default default] No more DHCP agents
2026-05-11 11:56:23.631 9 WARNING neutron.api.rpc.agentnotifiers.dhcp_rpc_agent_api [None req-96746b62-2971-4393-ba7f-d1be58cef3ca f3f5f97eb76249029e44a4126801718c 6e9ff99e9b384559865da5526608b358 - - default default] Unable to schedule network e185c114-6fb4-4862-b1db-3330d1add1b5: no agents available; will retry on subsequent port and subnet creation events.
2026-05-11 11:56:23.708 9 INFO neutron.db.ovn_revision_numbers_db [None req-96746b62-2971-4393-ba7f-d1be58cef3ca f3f5f97eb76249029e44a4126801718c 6e9ff99e9b384559865da5526608b358 - - default default] Successfully bumped revision number for resource 3d577d9e-a1ac-4be4-b071-939bfa69f83a (type: ports) to 1
2026-05-11 11:56:23.731 9 INFO neutron.wsgi [None req-96746b62-2971-4393-ba7f-d1be58cef3ca f3f5f97eb76249029e44a4126801718c 6e9ff99e9b384559865da5526608b358 - - default default] 10.0.0.218 "POST /v2.0/networks HTTP/1.1" status: 201 len: 943 time: 0.9439967
2026-05-11 11:56:23.755 10 INFO neutron.wsgi [None req-21a1efd6-6e95-4020-9895-8c292cb7362b b5b31f41e75a41eebf9c0dfa09c7e211 75612bc3b2a04be686b3a6ab2737721c - - default default] 10.0.0.218 "DELETE /v2.0/security-groups/7629a6f8-902b-4c35-94af-ff8660266c28 HTTP/1.1" status: 204 len: 168 time: 0.1464925
2026-05-11 11:56:23.773 10 INFO neutron.api.v2.resource [None req-44c9ded0-c850-44ec-a388-85bc99ecd189 b5b31f41e75a41eebf9c0dfa09c7e211 75612bc3b2a04be686b3a6ab2737721c - - default default] show failed (client error): The resource could not be found.
2026-05-11 11:56:23.774 10 INFO neutron.wsgi [None req-44c9ded0-c850-44ec-a388-85bc99ecd189 b5b31f41e75a41eebf9c0dfa09c7e211 75612bc3b2a04be686b3a6ab2737721c - - default default] 10.0.0.218 "GET /v2.0/security-groups/7629a6f8-902b-4c35-94af-ff8660266c28 HTTP/1.1" status: 404 len: 347 time: 0.0150166
2026-05-11 11:56:23.896 10 WARNING neutron.scheduler.dhcp_agent_scheduler [None req-e93dd3af-a3d5-4a0f-adb0-bd32cc355582 f3f5f97eb76249029e44a4126801718c 6e9ff99e9b384559865da5526608b358 - - default default] No more DHCP agents
2026-05-11 11:56:23.898 10 WARNING neutron.api.rpc.agentnotifiers.dhcp_rpc_agent_api [None req-e93dd3af-a3d5-4a0f-adb0-bd32cc355582 f3f5f97eb76249029e44a4126801718c 6e9ff99e9b384559865da5526608b358 - - default default] Unable to schedule network e185c114-6fb4-4862-b1db-3330d1add1b5: no agents available; will retry on subsequent port and subnet creation events.
2026-05-11 11:56:24.105 9 INFO neutron.wsgi [None req-9287723b-40ab-4273-b912-8b932eb839d2 b5b31f41e75a41eebf9c0dfa09c7e211 75612bc3b2a04be686b3a6ab2737721c - - default default] 10.0.0.218 "DELETE /v2.0/floatingips/068036a3-314f-4690-9906-59e64ff7a59f HTTP/1.1" status: 204 len: 168 time: 0.3265045
2026-05-11 11:56:24.679 10 INFO neutron.db.ovn_revision_numbers_db [None req-da8dbc60-e0a1-43c6-b4e2-82a4a69654ad f3f5f97eb76249029e44a4126801718c 6e9ff99e9b384559865da5526608b358 - - default default] Successfully bumped revision number for resource e4a6b6e5-09b0-4fdc-84a3-20d81535bc1f (type: security_groups) to 1
2026-05-11 11:56:24.708 10 INFO neutron.db.ovn_revision_numbers_db [None req-da8dbc60-e0a1-43c6-b4e2-82a4a69654ad f3f5f97eb76249029e44a4126801718c 6e9ff99e9b384559865da5526608b358 - - default default] Successfully bumped revision number for resource 40138a35-fcf8-4a7f-9bb5-e589e6eafd16 (type: security_group_rules) to 0
2026-05-11 11:56:24.761 10 INFO neutron.db.ovn_revision_numbers_db [None req-da8dbc60-e0a1-43c6-b4e2-82a4a69654ad f3f5f97eb76249029e44a4126801718c 6e9ff99e9b384559865da5526608b358 - - default default] Successfully bumped revision number for resource 67a61778-bc37-4ecf-884c-b1eba4dd0821 (type: security_group_rules) to 0
2026-05-11 11:56:24.790 10 INFO neutron.db.ovn_revision_numbers_db [None req-da8dbc60-e0a1-43c6-b4e2-82a4a69654ad f3f5f97eb76249029e44a4126801718c 6e9ff99e9b384559865da5526608b358 - - default default] Successfully bumped revision number for resource b58656cc-b45e-47c3-8183-0f42e88e2fac (type: security_group_rules) to 0
2026-05-11 11:56:24.827 10 INFO neutron.db.ovn_revision_numbers_db [None req-da8dbc60-e0a1-43c6-b4e2-82a4a69654ad f3f5f97eb76249029e44a4126801718c 6e9ff99e9b384559865da5526608b358 - - default default] Successfully bumped revision number for resource d30fa491-b9f8-49df-ab53-e8c78ec7739b (type: security_group_rules) to 0
2026-05-11 11:56:24.868 10 INFO neutron.wsgi [None req-da8dbc60-e0a1-43c6-b4e2-82a4a69654ad f3f5f97eb76249029e44a4126801718c 6e9ff99e9b384559865da5526608b358 - - default default] 10.0.0.218 "GET /v2.0/security-groups?tenant_id=121d706dfba04b44bd8a37b4c5c5d5d9&name=default HTTP/1.1" status: 200 len: 3120 time: 0.8012605
2026-05-11 11:56:24.873 10 INFO neutron.db.ovn_revision_numbers_db [None req-e93dd3af-a3d5-4a0f-adb0-bd32cc355582 f3f5f97eb76249029e44a4126801718c 6e9ff99e9b384559865da5526608b358 - - default default] Successfully bumped revision number for resource 3d577d9e-a1ac-4be4-b071-939bfa69f83a (type: ports) to 2
2026-05-11 11:56:24.915 10 INFO neutron.db.ovn_revision_numbers_db [None req-e93dd3af-a3d5-4a0f-adb0-bd32cc355582 f3f5f97eb76249029e44a4126801718c 6e9ff99e9b384559865da5526608b358 - - default default] Successfully bumped revision number for resource 412735d4-e517-4c2b-9e19-bb53fcaf2a08 (type: subnets) to 0
2026-05-11 11:56:24.939 10 INFO neutron.wsgi [None req-e93dd3af-a3d5-4a0f-adb0-bd32cc355582 f3f5f97eb76249029e44a4126801718c 6e9ff99e9b384559865da5526608b358 - - default default] 10.0.0.218 "POST /v2.0/subnets HTTP/1.1" status: 201 len: 863 time: 1.2036664
2026-05-11 11:56:25.086 9 INFO neutron.wsgi [None req-5a647c07-f9ff-4e04-addf-e2bc7e89fecb f3f5f97eb76249029e44a4126801718c 6e9ff99e9b384559865da5526608b358 - - default default] 10.0.0.218 "DELETE /v2.0/security-groups/e4a6b6e5-09b0-4fdc-84a3-20d81535bc1f HTTP/1.1" status: 204 len: 168 time: 0.2138381
2026-05-11 11:56:25.633 10 WARNING neutron.scheduler.dhcp_agent_scheduler [None req-3f51291f-fd06-47e4-ad24-eee1b3ecadfe f3f5f97eb76249029e44a4126801718c 6e9ff99e9b384559865da5526608b358 - - default default] No more DHCP agents
2026-05-11 11:56:25.635 10 WARNING neutron.api.rpc.agentnotifiers.dhcp_rpc_agent_api [None req-3f51291f-fd06-47e4-ad24-eee1b3ecadfe f3f5f97eb76249029e44a4126801718c 6e9ff99e9b384559865da5526608b358 - - default default] Unable to schedule network 9ad427e5-221d-4e35-bd47-d79ef14f1049: no agents available; will retry on subsequent port and subnet creation events.
2026-05-11 11:56:26.044 10 INFO neutron.db.ovn_revision_numbers_db [None req-3f51291f-fd06-47e4-ad24-eee1b3ecadfe f3f5f97eb76249029e44a4126801718c 6e9ff99e9b384559865da5526608b358 - - default default] Successfully bumped revision number for resource 8cfe540c-b698-47ab-80c6-2ce68b55d51c (type: ports) to 1
2026-05-11 11:56:26.147 10 INFO neutron.wsgi [None req-273c8b40-2e50-434e-a2ab-cc4dae5b9e4a f3f5f97eb76249029e44a4126801718c 6e9ff99e9b384559865da5526608b358 - - default default] 10.0.0.218 "PUT /v2.0/routers/448a8faf-99a8-4c65-9c3e-1beab5dd0cfa/remove_router_interface HTTP/1.1" status: 200 len: 503 time: 2.0375350
2026-05-11 11:56:26.758 10 INFO neutron.plugins.ml2.drivers.ovn.mech_driver.ovsdb.commands [None req-863d9b50-5afc-40e2-98d2-716c0152c842 - - - - - -] Schedule LRP lrp-8cfe540c-b698-47ab-80c6-2ce68b55d51c on gateway 6c4c97e3-097f-4a03-bebb-10879c8c22de with priority 1
2026-05-11 11:56:26.778 9 INFO neutron.plugins.ml2.drivers.ovn.mech_driver.mech_driver [None req-02fafce6-5186-4500-9df5-51c680abb6c7 - - - - - -] OVN reports status up for port: 8cfe540c-b698-47ab-80c6-2ce68b55d51c
2026-05-11 11:56:26.788 9 INFO neutron.plugins.ml2.plugin [None req-02fafce6-5186-4500-9df5-51c680abb6c7 - - - - - -] Attempt 1 to provision port 8cfe540c-b698-47ab-80c6-2ce68b55d51c
2026-05-11 11:56:26.802 9 INFO neutron.plugins.ml2.drivers.ovn.mech_driver.ovsdb.ovsdb_monitor [None req-594628f1-0743-48a9-b65c-ffd0231e67bf - - - - - -] Router efae8b21-412e-449c-bf75-a45f4b450d9a is bound to host instance
2026-05-11 11:56:26.810 10 INFO neutron.db.ovn_revision_numbers_db [None req-3f51291f-fd06-47e4-ad24-eee1b3ecadfe f3f5f97eb76249029e44a4126801718c 6e9ff99e9b384559865da5526608b358 - - default default] Successfully bumped revision number for resource 8cfe540c-b698-47ab-80c6-2ce68b55d51c (type: router_ports) to 1
2026-05-11 11:56:26.893 10 INFO neutron.db.ovn_revision_numbers_db [None req-3f51291f-fd06-47e4-ad24-eee1b3ecadfe f3f5f97eb76249029e44a4126801718c 6e9ff99e9b384559865da5526608b358 - - default default] Successfully bumped revision number for resource efae8b21-412e-449c-bf75-a45f4b450d9a (type: routers) to 2
2026-05-11 11:56:26.918 10 INFO neutron.wsgi [None req-3f51291f-fd06-47e4-ad24-eee1b3ecadfe f3f5f97eb76249029e44a4126801718c 6e9ff99e9b384559865da5526608b358 - - default default] 10.0.0.218 "POST /v2.0/routers HTTP/1.1" status: 201 len: 1165 time: 1.9743361 /var/lib/openstack/lib/python3.10/site-packages/pycadf/identifier.py:71: UserWarning: Invalid uuid: neutron. To ensure interoperability, identifiers should be a valid uuid. warnings.warn(('Invalid uuid: %s. To ensure interoperability, '
2026-05-11 11:56:27.191 9 INFO neutron.wsgi [None req-5b8332f2-2b3d-4756-acd7-3c69e28f76d7 f3f5f97eb76249029e44a4126801718c 6e9ff99e9b384559865da5526608b358 - - default default] 10.0.0.218 "DELETE /v2.0/routers/448a8faf-99a8-4c65-9c3e-1beab5dd0cfa HTTP/1.1" status: 204 len: 168 time: 1.0353646
2026-05-11 11:56:27.457 10 WARNING neutron.scheduler.dhcp_agent_scheduler [None req-ab64afad-8e5c-4014-83ae-340d513883a9 f3f5f97eb76249029e44a4126801718c 6e9ff99e9b384559865da5526608b358 - - default default] No more DHCP agents
2026-05-11 11:56:27.460 10 WARNING neutron.api.rpc.agentnotifiers.dhcp_rpc_agent_api [None req-ab64afad-8e5c-4014-83ae-340d513883a9 f3f5f97eb76249029e44a4126801718c 6e9ff99e9b384559865da5526608b358 - - default default] Unable to schedule network e185c114-6fb4-4862-b1db-3330d1add1b5: no agents available; will retry on subsequent port and subnet creation events.
2026-05-11 11:56:27.512 9 INFO neutron.wsgi [None req-bcacc62b-0105-495e-9bf7-cce2688db00d f3f5f97eb76249029e44a4126801718c 6e9ff99e9b384559865da5526608b358 - - default default] 10.0.0.218 "DELETE /v2.0/subnets/e5aad874-5927-4d1c-bfec-fdf0902bfcd2 HTTP/1.1" status: 204 len: 168 time: 0.3164589
2026-05-11 11:56:27.612 10 INFO neutron.db.ovn_revision_numbers_db [None req-ab64afad-8e5c-4014-83ae-340d513883a9 f3f5f97eb76249029e44a4126801718c 6e9ff99e9b384559865da5526608b358 - - default default] Successfully bumped revision number for resource 73623b72-6cf0-4b5d-88d2-889bde150387 (type: ports) to 1
2026-05-11 11:56:27.790 9 INFO neutron.db.ovn_revision_numbers_db [None req-bf59355c-2b08-49ff-af25-39b15aa64b29 f3f5f97eb76249029e44a4126801718c 6e9ff99e9b384559865da5526608b358 - - default default] Successfully bumped revision number for resource d4779209-9821-4112-a9ff-e235e8520fd0 (type: security_groups) to 1
2026-05-11 11:56:27.809 9 INFO neutron.db.ovn_revision_numbers_db [None req-bf59355c-2b08-49ff-af25-39b15aa64b29 f3f5f97eb76249029e44a4126801718c 6e9ff99e9b384559865da5526608b358 - - default default] Successfully bumped revision number for resource 3a6b0ef6-471d-43e3-9c31-3caa86eb9161 (type: security_group_rules) to 0
2026-05-11 11:56:27.840 9 INFO neutron.db.ovn_revision_numbers_db [None req-bf59355c-2b08-49ff-af25-39b15aa64b29 f3f5f97eb76249029e44a4126801718c 6e9ff99e9b384559865da5526608b358 - - default default] Successfully bumped revision number for resource 62e426f8-8f73-423f-bac8-ffbe0e831742 (type: security_group_rules) to 0
2026-05-11 11:56:27.868 9 INFO neutron.db.ovn_revision_numbers_db [None req-bf59355c-2b08-49ff-af25-39b15aa64b29 f3f5f97eb76249029e44a4126801718c 6e9ff99e9b384559865da5526608b358 - - default default] Successfully bumped revision number for resource c8232eea-f816-4ed5-b9f6-c06d2a1c4c58 (type: security_group_rules) to 0
2026-05-11 11:56:27.901 9 INFO neutron.db.ovn_revision_numbers_db [None req-bf59355c-2b08-49ff-af25-39b15aa64b29 f3f5f97eb76249029e44a4126801718c 6e9ff99e9b384559865da5526608b358 - - default default] Successfully bumped revision number for resource d7cf6a4e-2f33-4493-9c1c-05d0b0fc7e58 (type: security_group_rules) to 0
2026-05-11 11:56:27.938 9 INFO neutron.wsgi [None req-bf59355c-2b08-49ff-af25-39b15aa64b29 f3f5f97eb76249029e44a4126801718c 6e9ff99e9b384559865da5526608b358 - - default default] 10.0.0.218 "GET /v2.0/security-groups?tenant_id=b8202200c95441538a615af8fa4bf62f&name=default HTTP/1.1" status: 200 len: 3120 time: 0.7753778
2026-05-11 11:56:28.086 9 INFO neutron.db.ovn_revision_numbers_db [None req-594628f1-0743-48a9-b65c-ffd0231e67bf - - - - - -] Successfully bumped revision number for resource 8cfe540c-b698-47ab-80c6-2ce68b55d51c (type: ports) to 1
2026-05-11 11:56:28.165 10 ERROR ovsdbapp.backend.ovs_idl.command [None req-ab64afad-8e5c-4014-83ae-340d513883a9 f3f5f97eb76249029e44a4126801718c 6e9ff99e9b384559865da5526608b358 - - default default] Error executing command (DbGetCommand): ovsdbapp.backend.ovs_idl.idlutils.RowNotFound: Cannot find Logical_Router_Port with name=lrp-73623b72-6cf0-4b5d-88d2-889bde150387
2026-05-11 11:56:28.165 10 ERROR ovsdbapp.backend.ovs_idl.command
Traceback (most recent call last):
2026-05-11 11:56:28.165 10 ERROR ovsdbapp.backend.ovs_idl.command
File "/var/lib/openstack/lib/python3.10/site-packages/ovsdbapp/backend/ovs_idl/command.py", line 47, in execute
2026-05-11 11:56:28.165 10 ERROR ovsdbapp.backend.ovs_idl.command self.run_idl(None)
2026-05-11 11:56:28.165 10 ERROR ovsdbapp.backend.ovs_idl.command
File "/var/lib/openstack/lib/python3.10/site-packages/ovsdbapp/backend/ovs_idl/command.py", line 235, in run_idl
2026-05-11 11:56:28.165 10 ERROR ovsdbapp.backend.ovs_idl.command record = self.api.lookup(self.table, self.record)
2026-05-11 11:56:28.165 10 ERROR ovsdbapp.backend.ovs_idl.command
File "/var/lib/openstack/lib/python3.10/site-packages/ovsdbapp/backend/ovs_idl/__init__.py", line 184, in lookup
2026-05-11 11:56:28.165 10 ERROR ovsdbapp.backend.ovs_idl.command return self._lookup(table, record)
2026-05-11 11:56:28.165 10 ERROR ovsdbapp.backend.ovs_idl.command
File "/var/lib/openstack/lib/python3.10/site-packages/ovsdbapp/backend/ovs_idl/__init__.py", line 235, in _lookup
2026-05-11 11:56:28.165 10 ERROR ovsdbapp.backend.ovs_idl.command row = idlutils.row_by_value(self, rl.table, rl.column, record)
2026-05-11 11:56:28.165 10 ERROR ovsdbapp.backend.ovs_idl.command
File "/var/lib/openstack/lib/python3.10/site-packages/ovsdbapp/backend/ovs_idl/idlutils.py", line 114, in row_by_value
2026-05-11 11:56:28.165 10 ERROR ovsdbapp.backend.ovs_idl.command raise RowNotFound(table=table, col=column, match=match)
2026-05-11 11:56:28.165 10 ERROR ovsdbapp.backend.ovs_idl.command ovsdbapp.backend.ovs_idl.idlutils.RowNotFound: Cannot find Logical_Router_Port with name=lrp-73623b72-6cf0-4b5d-88d2-889bde150387
2026-05-11 11:56:28.165 10 ERROR ovsdbapp.backend.ovs_idl.command 
2026-05-11 11:56:28.166 10 ERROR neutron_lib.callbacks.manager [None req-ab64afad-8e5c-4014-83ae-340d513883a9 f3f5f97eb76249029e44a4126801718c 6e9ff99e9b384559865da5526608b358 - - default default] Error during notification for neutron.services.ovn_l3.plugin.OVNL3RouterPlugin._port_update-8743407941359 port, after_update: ovsdbapp.backend.ovs_idl.idlutils.RowNotFound: Cannot find Logical_Router_Port with name=lrp-73623b72-6cf0-4b5d-88d2-889bde150387
2026-05-11 11:56:28.166 10 ERROR neutron_lib.callbacks.manager
Traceback (most recent call last):
2026-05-11 11:56:28.166 10 ERROR neutron_lib.callbacks.manager
File "/var/lib/openstack/lib/python3.10/site-packages/neutron_lib/callbacks/manager.py", line 189, in _notify_loop
2026-05-11 11:56:28.166 10 ERROR neutron_lib.callbacks.manager callback.method(resource, event, trigger, payload=payload)
2026-05-11 11:56:28.166 10 ERROR neutron_lib.callbacks.manager
File "/var/lib/openstack/lib/python3.10/site-packages/neutron/services/ovn_l3/plugin.py", line 391, in _port_update
2026-05-11 11:56:28.166 10 ERROR neutron_lib.callbacks.manager l3plugin._ovn_client.update_router_port(context,
