2026-05-11 11:58:46.187 10 INFO neutron.wsgi [req-b408c21f-3067-4636-8cf2-a509447d947a req-db28b034-966d-446b-bb56-417346fb569a 6fc3248cc7564687a7594a5d4cd32dea 67d5299d765c4122b546eb7bf13327ca - - 6554e4942acc46fd9188d05bf42ba876 6554e4942acc46fd9188d05bf42ba876] 199.19.213.54 "GET /v2.0/networks/b55ab05a-1dfb-49a0-bd7d-a9c42dcc4f33?fields=provider%3Aphysical_network&fields=provider%3Anetwork_type HTTP/1.1" status: 200 len: 277 time: 0.0588541
2026-05-11 11:58:46.235 9 INFO neutron.wsgi [req-efe8e988-d130-4343-8842-255690b696b7 req-6e6b569b-7d51-445c-a0f3-f4c5a16c6487 5358f3463a9a407e885e0f20b241535f bfea3d21b75b4bfdae7463869728d2cd - - default default] 10.0.0.160 "GET /v2.0/networks?id=dca5e2bf-8f77-4e45-b41c-b1d6a1395e43 HTTP/1.1" status: 200 len: 904 time: 0.3970096
2026-05-11 11:58:46.256 9 INFO neutron.wsgi [req-efe8e988-d130-4343-8842-255690b696b7 req-c6c50c30-b737-4f27-844b-f3ccdd6d5c3f 5358f3463a9a407e885e0f20b241535f bfea3d21b75b4bfdae7463869728d2cd - - default default] 10.0.0.160 "GET /v2.0/quotas/bfea3d21b75b4bfdae7463869728d2cd HTTP/1.1" status: 200 len: 491 time: 0.0132315
2026-05-11 11:58:46.470 9 INFO neutron.wsgi [req-efe8e988-d130-4343-8842-255690b696b7 req-90046243-1980-474a-bc51-2d5330c812ec 5358f3463a9a407e885e0f20b241535f bfea3d21b75b4bfdae7463869728d2cd - - default default] 10.0.0.160 "GET /v2.0/ports?tenant_id=bfea3d21b75b4bfdae7463869728d2cd&fields=id HTTP/1.1" status: 200 len: 532 time: 0.2076728
2026-05-11 11:58:46.540 9 INFO neutron.wsgi [req-efe8e988-d130-4343-8842-255690b696b7 req-f467c1f6-b989-46ec-977a-e2a5627e0402 6fc3248cc7564687a7594a5d4cd32dea 67d5299d765c4122b546eb7bf13327ca - - 6554e4942acc46fd9188d05bf42ba876 6554e4942acc46fd9188d05bf42ba876] 10.0.0.160 "GET /v2.0/networks/dca5e2bf-8f77-4e45-b41c-b1d6a1395e43?fields=segments HTTP/1.1" status: 200 len: 212 time: 0.0566180
2026-05-11 11:58:46.608 9 INFO neutron.wsgi [req-efe8e988-d130-4343-8842-255690b696b7 req-9828cd00-03be-43ab-b592-74aed97814fd 6fc3248cc7564687a7594a5d4cd32dea 67d5299d765c4122b546eb7bf13327ca - - 6554e4942acc46fd9188d05bf42ba876 6554e4942acc46fd9188d05bf42ba876] 10.0.0.160 "GET /v2.0/networks/dca5e2bf-8f77-4e45-b41c-b1d6a1395e43?fields=provider%3Aphysical_network&fields=provider%3Anetwork_type HTTP/1.1" status: 200 len: 277 time: 0.0598893
2026-05-11 11:58:46.775 10 INFO neutron.wsgi [req-88d2a658-c8ce-4f48-a9b6-fed26dd240d2 req-5d4a405b-0027-4691-9a3c-60845965db25 5358f3463a9a407e885e0f20b241535f bfea3d21b75b4bfdae7463869728d2cd - - default default] 10.0.0.160 "GET /v2.0/ports?device_id=e921c5bc-9822-4cba-b4e1-bb7cb03a3a6c HTTP/1.1" status: 200 len: 210 time: 0.0307639
2026-05-11 11:58:47.481 10 INFO neutron.wsgi [req-efe8e988-d130-4343-8842-255690b696b7 req-d302e449-db82-4044-9a18-c8fd0564b278 5358f3463a9a407e885e0f20b241535f bfea3d21b75b4bfdae7463869728d2cd - - default default] 199.19.213.54 "GET /v2.0/networks?id=dca5e2bf-8f77-4e45-b41c-b1d6a1395e43 HTTP/1.1" status: 200 len: 904 time: 0.0693820
2026-05-11 11:58:47.537 10 INFO neutron.wsgi [req-efe8e988-d130-4343-8842-255690b696b7 req-42b01e57-f102-43a8-90ad-6d5cbcb7c8df 5358f3463a9a407e885e0f20b241535f bfea3d21b75b4bfdae7463869728d2cd - - default default] 199.19.213.54 "GET /v2.0/security-groups?fields=id&fields=name&tenant_id=bfea3d21b75b4bfdae7463869728d2cd HTTP/1.1" status: 200 len: 377 time: 0.0494485
2026-05-11 11:58:47.548 10 WARNING neutron_lib.context [req-efe8e988-d130-4343-8842-255690b696b7 req-01cadd84-a9fc-49b5-8e62-df221a4ed52f 5358f3463a9a407e885e0f20b241535f bfea3d21b75b4bfdae7463869728d2cd - - default default] Method 'is_advsvc' is deprecated since 2023.2 release (neutron-lib 3.8.0) and will be removed once support for the old RBAC API policies will be removed from Neutron. Please use method 'is_service_role' instead.
2026-05-11 11:58:47.937 10 WARNING neutron.scheduler.dhcp_agent_scheduler [req-efe8e988-d130-4343-8842-255690b696b7 req-01cadd84-a9fc-49b5-8e62-df221a4ed52f 5358f3463a9a407e885e0f20b241535f bfea3d21b75b4bfdae7463869728d2cd - - default default] No more DHCP agents
2026-05-11 11:58:47.939 10 WARNING neutron.api.rpc.agentnotifiers.dhcp_rpc_agent_api [req-efe8e988-d130-4343-8842-255690b696b7 req-01cadd84-a9fc-49b5-8e62-df221a4ed52f 5358f3463a9a407e885e0f20b241535f bfea3d21b75b4bfdae7463869728d2cd - - default default] Unable to schedule network dca5e2bf-8f77-4e45-b41c-b1d6a1395e43: no agents available; will retry on subsequent port and subnet creation events.
2026-05-11 11:58:48.100 10 INFO neutron.db.ovn_revision_numbers_db [req-efe8e988-d130-4343-8842-255690b696b7 req-01cadd84-a9fc-49b5-8e62-df221a4ed52f 5358f3463a9a407e885e0f20b241535f bfea3d21b75b4bfdae7463869728d2cd - - default default] Successfully bumped revision number for resource b73f0960-d3a8-40f0-94c1-8ee86c55dcc0 (type: ports) to 1
2026-05-11 11:58:48.126 10 INFO neutron.wsgi [req-efe8e988-d130-4343-8842-255690b696b7 req-01cadd84-a9fc-49b5-8e62-df221a4ed52f 5358f3463a9a407e885e0f20b241535f bfea3d21b75b4bfdae7463869728d2cd - - default default] 199.19.213.54 "POST /v2.0/ports HTTP/1.1" status: 201 len: 1384 time: 0.5827127 /var/lib/openstack/lib/python3.10/site-packages/pycadf/identifier.py:71: UserWarning: Invalid uuid: neutron. To ensure interoperability, identifiers should be a valid uuid. warnings.warn(('Invalid uuid: %s. To ensure interoperability, '
2026-05-11 11:58:48.591 10 INFO neutron.db.ovn_revision_numbers_db [req-efe8e988-d130-4343-8842-255690b696b7 req-3c400c68-f1cf-4b55-a152-8ac72dc89ece 6fc3248cc7564687a7594a5d4cd32dea 67d5299d765c4122b546eb7bf13327ca - - 6554e4942acc46fd9188d05bf42ba876 6554e4942acc46fd9188d05bf42ba876] Successfully bumped revision number for resource b73f0960-d3a8-40f0-94c1-8ee86c55dcc0 (type: ports) to 2
2026-05-11 11:58:48.825 10 INFO neutron.db.ovn_revision_numbers_db [req-efe8e988-d130-4343-8842-255690b696b7 req-3c400c68-f1cf-4b55-a152-8ac72dc89ece 6fc3248cc7564687a7594a5d4cd32dea 67d5299d765c4122b546eb7bf13327ca - - 6554e4942acc46fd9188d05bf42ba876 6554e4942acc46fd9188d05bf42ba876] Successfully bumped revision number for resource b73f0960-d3a8-40f0-94c1-8ee86c55dcc0 (type: ports) to 2
2026-05-11 11:58:48.846 10 INFO neutron.wsgi [req-efe8e988-d130-4343-8842-255690b696b7 req-3c400c68-f1cf-4b55-a152-8ac72dc89ece 6fc3248cc7564687a7594a5d4cd32dea 67d5299d765c4122b546eb7bf13327ca - - 6554e4942acc46fd9188d05bf42ba876 6554e4942acc46fd9188d05bf42ba876] 199.19.213.54 "PUT /v2.0/ports/b73f0960-d3a8-40f0-94c1-8ee86c55dcc0 HTTP/1.1" status: 200 len: 1601 time: 0.7111096
2026-05-11 11:58:48.890 10 INFO neutron.notifiers.nova [-] Nova event matching ['req-58163c82-f71a-44fe-9a8b-2244aedc95dd'] response: {'name': 'network-changed', 'server_uuid': 'e921c5bc-9822-4cba-b4e1-bb7cb03a3a6c', 'tag': 'b73f0960-d3a8-40f0-94c1-8ee86c55dcc0', 'status': 'completed', 'code': 200} /var/lib/openstack/lib/python3.10/site-packages/pycadf/identifier.py:71: UserWarning: Invalid uuid: neutron. To ensure interoperability, identifiers should be a valid uuid. warnings.warn(('Invalid uuid: %s. To ensure interoperability, '
2026-05-11 11:58:48.968 10 INFO neutron.wsgi [req-efe8e988-d130-4343-8842-255690b696b7 req-b529b016-f2ce-4292-9ab7-1d5103481683 6fc3248cc7564687a7594a5d4cd32dea 67d5299d765c4122b546eb7bf13327ca - - 6554e4942acc46fd9188d05bf42ba876 6554e4942acc46fd9188d05bf42ba876] 199.19.213.54 "GET /v2.0/ports?tenant_id=bfea3d21b75b4bfdae7463869728d2cd&device_id=e921c5bc-9822-4cba-b4e1-bb7cb03a3a6c HTTP/1.1" status: 200 len: 1632 time: 0.0598083
2026-05-11 11:58:49.012 10 INFO neutron.wsgi [req-efe8e988-d130-4343-8842-255690b696b7 req-ddc2644d-1a74-400c-a4ab-becfc23853ab 6fc3248cc7564687a7594a5d4cd32dea 67d5299d765c4122b546eb7bf13327ca - - 6554e4942acc46fd9188d05bf42ba876 6554e4942acc46fd9188d05bf42ba876] 199.19.213.54 "GET /v2.0/floatingips?fixed_ip_address=10.2.2.42&port_id=b73f0960-d3a8-40f0-94c1-8ee86c55dcc0 HTTP/1.1" status: 200 len: 217 time: 0.0361085
2026-05-11 11:58:49.054 10 INFO neutron.wsgi [req-efe8e988-d130-4343-8842-255690b696b7 req-c3c06c26-fa3d-40bc-acc9-e0d6485d5cfb 6fc3248cc7564687a7594a5d4cd32dea 67d5299d765c4122b546eb7bf13327ca - - 6554e4942acc46fd9188d05bf42ba876 6554e4942acc46fd9188d05bf42ba876] 199.19.213.54 "GET /v2.0/floatingips?fixed_ip_address=fd77%3A1457%3A4cf0%3A26a8%3A%3A7a&port_id=b73f0960-d3a8-40f0-94c1-8ee86c55dcc0 HTTP/1.1" status: 200 len: 217 time: 0.0280166
2026-05-11 11:58:49.100 10 INFO neutron.wsgi [req-efe8e988-d130-4343-8842-255690b696b7 req-742fd0a6-cda8-46f2-bb7d-4204e5942795 6fc3248cc7564687a7594a5d4cd32dea 67d5299d765c4122b546eb7bf13327ca - - 6554e4942acc46fd9188d05bf42ba876 6554e4942acc46fd9188d05bf42ba876] 199.19.213.54 "GET /v2.0/subnets?id=3fd7a309-5256-417b-8949-9260780c3c5e&id=6952cf49-b61d-40ce-ab49-62b60fae322a HTTP/1.1" status: 200 len: 1567 time: 0.0401378
2026-05-11 11:58:49.129 10 INFO neutron.wsgi [req-efe8e988-d130-4343-8842-255690b696b7 req-c62608c4-2ddf-4ae5-9d84-26261bccd987 6fc3248cc7564687a7594a5d4cd32dea 67d5299d765c4122b546eb7bf13327ca - - 6554e4942acc46fd9188d05bf42ba876 6554e4942acc46fd9188d05bf42ba876] 199.19.213.54 "GET /v2.0/ports?network_id=dca5e2bf-8f77-4e45-b41c-b1d6a1395e43&device_owner=network%3Adhcp HTTP/1.1" status: 200 len: 210 time: 0.0221224
2026-05-11 11:58:49.154 10 INFO neutron.wsgi [req-efe8e988-d130-4343-8842-255690b696b7 req-294fd112-79f5-4722-afdc-1c7f036f4496 6fc3248cc7564687a7594a5d4cd32dea 67d5299d765c4122b546eb7bf13327ca - - 6554e4942acc46fd9188d05bf42ba876 6554e4942acc46fd9188d05bf42ba876] 199.19.213.54 "GET /v2.0/ports?network_id=dca5e2bf-8f77-4e45-b41c-b1d6a1395e43&device_owner=network%3Adhcp HTTP/1.1" status: 200 len: 210 time: 0.0203702
2026-05-11 11:58:49.181 10 WARNING neutron_lib.context [None req-566ff776-a2ed-4c30-8f30-4d4e65308a26 4b508c18bf2a49849b51862580387da1 9558251dfa5d44cf872f138ea4aeab17 - - default default] Method 'is_advsvc' is deprecated since 2023.2 release (neutron-lib 3.8.0) and will be removed once support for the old RBAC API policies will be removed from Neutron. Please use method 'is_service_role' instead.
2026-05-11 11:58:49.233 10 INFO neutron.wsgi [req-efe8e988-d130-4343-8842-255690b696b7 req-4ec48b3b-cd4f-4890-b032-128a69e97f73 6fc3248cc7564687a7594a5d4cd32dea 67d5299d765c4122b546eb7bf13327ca - - 6554e4942acc46fd9188d05bf42ba876 6554e4942acc46fd9188d05bf42ba876] 199.19.213.54 "GET /v2.0/networks/dca5e2bf-8f77-4e45-b41c-b1d6a1395e43?fields=segments HTTP/1.1" status: 200 len: 212 time: 0.0736444
2026-05-11 11:58:49.300 10 INFO neutron.wsgi [req-efe8e988-d130-4343-8842-255690b696b7 req-0e07b953-6934-4fb0-90ce-0da390007ac6 6fc3248cc7564687a7594a5d4cd32dea 67d5299d765c4122b546eb7bf13327ca - - 6554e4942acc46fd9188d05bf42ba876 6554e4942acc46fd9188d05bf42ba876] 199.19.213.54 "GET /v2.0/networks/dca5e2bf-8f77-4e45-b41c-b1d6a1395e43?fields=provider%3Aphysical_network&fields=provider%3Anetwork_type HTTP/1.1" status: 200 len: 277 time: 0.0620856
2026-05-11 11:58:49.367 10 INFO neutron.db.ovn_revision_numbers_db [None req-566ff776-a2ed-4c30-8f30-4d4e65308a26 4b508c18bf2a49849b51862580387da1 9558251dfa5d44cf872f138ea4aeab17 - - default default] Successfully bumped revision number for resource ec240ddb-5bc4-4acc-9b90-2adc9b362fa6 (type: security_groups) to 1
2026-05-11 11:58:49.383 10 INFO neutron.wsgi [req-f3ba65a8-e0f1-4068-bf84-18127c45beb0 req-add1abce-31af-4d94-b2e6-23539d9522b6 6fc3248cc7564687a7594a5d4cd32dea 67d5299d765c4122b546eb7bf13327ca - - 6554e4942acc46fd9188d05bf42ba876 6554e4942acc46fd9188d05bf42ba876] 199.19.213.54 "GET /v2.0/ports?tenant_id=bfea3d21b75b4bfdae7463869728d2cd&device_id=e921c5bc-9822-4cba-b4e1-bb7cb03a3a6c HTTP/1.1" status: 200 len: 1632 time: 0.0404198
2026-05-11 11:58:49.390 10 INFO neutron.db.ovn_revision_numbers_db [None req-566ff776-a2ed-4c30-8f30-4d4e65308a26 4b508c18bf2a49849b51862580387da1 9558251dfa5d44cf872f138ea4aeab17 - - default default] Successfully bumped revision number for resource 18f4e680-0011-4b84-ab0f-ff08c50ec4f3 (type: security_group_rules) to 0
2026-05-11 11:58:49.421 10 INFO neutron.db.ovn_revision_numbers_db [None req-566ff776-a2ed-4c30-8f30-4d4e65308a26 4b508c18bf2a49849b51862580387da1 9558251dfa5d44cf872f138ea4aeab17 - - default default] Successfully bumped revision number for resource 3feac0ca-5c5c-41a2-b9f6-e1473a1c9a0d (type: security_group_rules) to 0
2026-05-11 11:58:49.439 10 INFO neutron.db.ovn_revision_numbers_db [None req-566ff776-a2ed-4c30-8f30-4d4e65308a26 4b508c18bf2a49849b51862580387da1 9558251dfa5d44cf872f138ea4aeab17 - - default default] Successfully bumped revision number for resource 9734632d-2842-4558-a26f-bda29e1cff8e (type: security_group_rules) to 0
2026-05-11 11:58:49.452 10 INFO neutron.wsgi [req-f3ba65a8-e0f1-4068-bf84-18127c45beb0 req-b67a0ef4-9a17-4498-97b8-8447bc473263 6fc3248cc7564687a7594a5d4cd32dea 67d5299d765c4122b546eb7bf13327ca - - 6554e4942acc46fd9188d05bf42ba876 6554e4942acc46fd9188d05bf42ba876] 199.19.213.54 "GET /v2.0/networks?id=dca5e2bf-8f77-4e45-b41c-b1d6a1395e43 HTTP/1.1" status: 200 len: 1003 time: 0.0609322
2026-05-11 11:58:49.464 10 INFO neutron.db.ovn_revision_numbers_db [None req-566ff776-a2ed-4c30-8f30-4d4e65308a26 4b508c18bf2a49849b51862580387da1 9558251dfa5d44cf872f138ea4aeab17 - - default default] Successfully bumped revision number for resource d7acf9d1-31b5-48be-a1c8-9c905c2b527c (type: security_group_rules) to 0
2026-05-11 11:58:49.501 10 INFO neutron.wsgi [req-f3ba65a8-e0f1-4068-bf84-18127c45beb0 req-9cd00730-cf94-4677-9ac3-63fdb3766f28 6fc3248cc7564687a7594a5d4cd32dea 67d5299d765c4122b546eb7bf13327ca - - 6554e4942acc46fd9188d05bf42ba876 6554e4942acc46fd9188d05bf42ba876] 199.19.213.54 "GET /v2.0/floatingips?fixed_ip_address=10.2.2.42&port_id=b73f0960-d3a8-40f0-94c1-8ee86c55dcc0 HTTP/1.1" status: 200 len: 217 time: 0.0388968
2026-05-11 11:58:49.512 9 INFO neutron.plugins.ml2.drivers.ovn.mech_driver.mech_driver [None req-02fafce6-5186-4500-9df5-51c680abb6c7 - - - - - -] OVN reports status up for port: b73f0960-d3a8-40f0-94c1-8ee86c55dcc0
2026-05-11 11:58:49.523 9 INFO neutron.plugins.ml2.plugin [None req-02fafce6-5186-4500-9df5-51c680abb6c7 - - - - - -] Attempt 1 to provision port b73f0960-d3a8-40f0-94c1-8ee86c55dcc0
2026-05-11 11:58:49.532 10 INFO neutron.wsgi [req-f3ba65a8-e0f1-4068-bf84-18127c45beb0 req-daa9c8ab-e671-445c-863a-9dae9d4b2462 6fc3248cc7564687a7594a5d4cd32dea 67d5299d765c4122b546eb7bf13327ca - - 6554e4942acc46fd9188d05bf42ba876 6554e4942acc46fd9188d05bf42ba876] 199.19.213.54 "GET /v2.0/floatingips?fixed_ip_address=fd77%3A1457%3A4cf0%3A26a8%3A%3A7a&port_id=b73f0960-d3a8-40f0-94c1-8ee86c55dcc0 HTTP/1.1" status: 200 len: 217 time: 0.0242805
2026-05-11 11:58:49.557 10 INFO neutron.db.segments_db [None req-566ff776-a2ed-4c30-8f30-4d4e65308a26 4b508c18bf2a49849b51862580387da1 9558251dfa5d44cf872f138ea4aeab17 - - default default] Added segment c4e80f85-8a49-428b-9016-bd3a7d31f0be of type geneve for network c0237ab2-8416-4084-a152-fa13bd2d1d88
2026-05-11 11:58:49.595 10 INFO neutron.wsgi [req-f3ba65a8-e0f1-4068-bf84-18127c45beb0 req-ca1cf882-eb2e-4b74-8226-2d697f32dd6d 6fc3248cc7564687a7594a5d4cd32dea 67d5299d765c4122b546eb7bf13327ca - - 6554e4942acc46fd9188d05bf42ba876 6554e4942acc46fd9188d05bf42ba876] 199.19.213.54 "GET /v2.0/subnets?id=3fd7a309-5256-417b-8949-9260780c3c5e&id=6952cf49-b61d-40ce-ab49-62b60fae322a HTTP/1.1" status: 200 len: 1567 time: 0.0578554
2026-05-11 11:58:49.641 10 INFO neutron.wsgi [req-f3ba65a8-e0f1-4068-bf84-18127c45beb0 req-8a31c68a-e4e9-439b-a191-dbb3dd45dd7f 6fc3248cc7564687a7594a5d4cd32dea 67d5299d765c4122b546eb7bf13327ca - - 6554e4942acc46fd9188d05bf42ba876 6554e4942acc46fd9188d05bf42ba876] 199.19.213.54 "GET /v2.0/ports?network_id=dca5e2bf-8f77-4e45-b41c-b1d6a1395e43&device_owner=network%3Adhcp HTTP/1.1" status: 200 len: 210 time: 0.0369473
2026-05-11 11:58:49.677 10 INFO neutron.wsgi [req-f3ba65a8-e0f1-4068-bf84-18127c45beb0 req-c06379f5-3227-4068-8f57-13902312278c 6fc3248cc7564687a7594a5d4cd32dea 67d5299d765c4122b546eb7bf13327ca - - 6554e4942acc46fd9188d05bf42ba876 6554e4942acc46fd9188d05bf42ba876] 199.19.213.54 "GET /v2.0/ports?network_id=dca5e2bf-8f77-4e45-b41c-b1d6a1395e43&device_owner=network%3Adhcp HTTP/1.1" status: 200 len: 210 time: 0.0232825
2026-05-11 11:58:49.710 9 INFO neutron.notifiers.nova [-] Nova event matching ['req-090b022d-e6c3-4d02-b4bb-6a49ca6bf994'] response: {'server_uuid': 'e921c5bc-9822-4cba-b4e1-bb7cb03a3a6c', 'name': 'network-vif-plugged', 'status': 'completed', 'tag': 'b73f0960-d3a8-40f0-94c1-8ee86c55dcc0', 'code': 200}
2026-05-11 11:58:49.791 10 INFO neutron.wsgi [req-f3ba65a8-e0f1-4068-bf84-18127c45beb0 req-c0f6d4d6-4f7c-465e-aa3d-cba85516046e 6fc3248cc7564687a7594a5d4cd32dea 67d5299d765c4122b546eb7bf13327ca - - 6554e4942acc46fd9188d05bf42ba876 6554e4942acc46fd9188d05bf42ba876] 199.19.213.54 "GET /v2.0/networks/dca5e2bf-8f77-4e45-b41c-b1d6a1395e43?fields=segments HTTP/1.1" status: 200 len: 212 time: 0.1057408
2026-05-11 11:58:49.792 10 INFO neutron.db.ovn_revision_numbers_db [None req-566ff776-a2ed-4c30-8f30-4d4e65308a26 4b508c18bf2a49849b51862580387da1 9558251dfa5d44cf872f138ea4aeab17 - - default default] Successfully bumped revision number for resource c0237ab2-8416-4084-a152-fa13bd2d1d88 (type: networks) to 1
2026-05-11 11:58:49.869 9 INFO neutron.wsgi [-] 10.0.0.242 "GET / HTTP/1.1" status: 200 len: 247 time: 0.0017993
2026-05-11 11:58:49.871 9 INFO neutron.wsgi [-] 10.0.0.242 "GET / HTTP/1.1" status: 200 len: 247 time: 0.0016725
2026-05-11 11:58:49.883 9 INFO neutron.db.ovn_revision_numbers_db [None req-02fafce6-5186-4500-9df5-51c680abb6c7 - - - - - -] Successfully bumped revision number for resource b73f0960-d3a8-40f0-94c1-8ee86c55dcc0 (type: ports) to 4
2026-05-11 11:58:49.889 10 INFO neutron.wsgi [req-f3ba65a8-e0f1-4068-bf84-18127c45beb0 req-f3965399-af38-4922-9a29-f9b84451896a 6fc3248cc7564687a7594a5d4cd32dea 67d5299d765c4122b546eb7bf13327ca - - 6554e4942acc46fd9188d05bf42ba876 6554e4942acc46fd9188d05bf42ba876] 199.19.213.54 "GET /v2.0/networks/dca5e2bf-8f77-4e45-b41c-b1d6a1395e43?fields=provider%3Aphysical_network&fields=provider%3Anetwork_type HTTP/1.1" status: 200 len: 277 time: 0.0761194
2026-05-11 11:58:50.010 10 WARNING neutron.scheduler.dhcp_agent_scheduler [None req-566ff776-a2ed-4c30-8f30-4d4e65308a26 4b508c18bf2a49849b51862580387da1 9558251dfa5d44cf872f138ea4aeab17 - - default default] No more DHCP agents
2026-05-11 11:58:50.013 10 WARNING neutron.api.rpc.agentnotifiers.dhcp_rpc_agent_api [None req-566ff776-a2ed-4c30-8f30-4d4e65308a26 4b508c18bf2a49849b51862580387da1 9558251dfa5d44cf872f138ea4aeab17 - - default default] Unable to schedule network c0237ab2-8416-4084-a152-fa13bd2d1d88: no agents available; will retry on subsequent port and subnet creation events.
2026-05-11 11:58:50.101 10 INFO neutron.db.ovn_revision_numbers_db [None req-566ff776-a2ed-4c30-8f30-4d4e65308a26 4b508c18bf2a49849b51862580387da1 9558251dfa5d44cf872f138ea4aeab17 - - default default] Successfully bumped revision number for resource 30a51319-43ee-4d05-b2d9-9415e373df82 (type: ports) to 1
2026-05-11 11:58:50.123 10 INFO neutron.wsgi [None req-566ff776-a2ed-4c30-8f30-4d4e65308a26 4b508c18bf2a49849b51862580387da1 9558251dfa5d44cf872f138ea4aeab17 - - default default] 10.0.0.218 "POST /v2.0/networks HTTP/1.1" status: 201 len: 831 time: 1.0685661
2026-05-11 11:58:50.142 10 WARNING neutron_lib.context [None req-ce906ecc-0a7c-49f1-b841-1928eadd77a0 4b508c18bf2a49849b51862580387da1 9558251dfa5d44cf872f138ea4aeab17 - - default default] Method 'is_advsvc' is deprecated since 2023.2 release (neutron-lib 3.8.0) and will be removed once support for the old RBAC API policies will be removed from Neutron. Please use method 'is_service_role' instead.
2026-05-11 11:58:50.651 10 WARNING neutron.scheduler.dhcp_agent_scheduler [None req-ce906ecc-0a7c-49f1-b841-1928eadd77a0 4b508c18bf2a49849b51862580387da1 9558251dfa5d44cf872f138ea4aeab17 - - default default] No more DHCP agents
2026-05-11 11:58:50.653 10 WARNING neutron.api.rpc.agentnotifiers.dhcp_rpc_agent_api [None req-ce906ecc-0a7c-49f1-b841-1928eadd77a0 4b508c18bf2a49849b51862580387da1 9558251dfa5d44cf872f138ea4aeab17 - - default default] Unable to schedule network c0237ab2-8416-4084-a152-fa13bd2d1d88: no agents available; will retry on subsequent port and subnet creation events. /var/lib/openstack/lib/python3.10/site-packages/pycadf/identifier.py:71: UserWarning: Invalid uuid: neutron. To ensure interoperability, identifiers should be a valid uuid. warnings.warn(('Invalid uuid: %s. To ensure interoperability, '
2026-05-11 11:58:50.934 9 INFO neutron.db.ovn_revision_numbers_db [None req-c6502f07-2607-4867-b86f-a7b81bc468e8 f3f5f97eb76249029e44a4126801718c 6e9ff99e9b384559865da5526608b358 - - default default] Successfully bumped revision number for resource e33ad0ae-84dd-4478-a0dd-27ccc5fc2904 (type: security_groups) to 1
2026-05-11 11:58:50.947 9 INFO neutron.db.ovn_revision_numbers_db [None req-c6502f07-2607-4867-b86f-a7b81bc468e8 f3f5f97eb76249029e44a4126801718c 6e9ff99e9b384559865da5526608b358 - - default default] Successfully bumped revision number for resource 0fec6ea1-dccc-4230-8752-881911d23516 (type: security_group_rules) to 0
2026-05-11 11:58:50.961 9 INFO neutron.db.ovn_revision_numbers_db [None req-c6502f07-2607-4867-b86f-a7b81bc468e8 f3f5f97eb76249029e44a4126801718c 6e9ff99e9b384559865da5526608b358 - - default default] Successfully bumped revision number for resource 22d25015-ef73-480d-a4fa-199200662631 (type: security_group_rules) to 0
2026-05-11 11:58:50.975 9 INFO neutron.db.ovn_revision_numbers_db [None req-c6502f07-2607-4867-b86f-a7b81bc468e8 f3f5f97eb76249029e44a4126801718c 6e9ff99e9b384559865da5526608b358 - - default default] Successfully bumped revision number for resource 88a76041-259b-4930-8236-e397f63e115a (type: security_group_rules) to 0
2026-05-11 11:58:50.990 9 INFO neutron.db.ovn_revision_numbers_db [None req-c6502f07-2607-4867-b86f-a7b81bc468e8 f3f5f97eb76249029e44a4126801718c 6e9ff99e9b384559865da5526608b358 - - default default] Successfully bumped revision number for resource bea52b2f-5523-435c-a5b9-aed3602ea687 (type: security_group_rules) to 0
2026-05-11 11:58:51.018 9 INFO neutron.wsgi [None req-c6502f07-2607-4867-b86f-a7b81bc468e8 f3f5f97eb76249029e44a4126801718c 6e9ff99e9b384559865da5526608b358 - - default default] 10.0.0.218 "GET /v2.0/security-groups?tenant_id=0da362d784bb4146838c10e5e6db9378&name=default HTTP/1.1" status: 200 len: 3120 time: 0.3186119
2026-05-11 11:58:51.175 9 INFO neutron.wsgi [req-0bd3e9ed-5df5-4330-8137-657cc88fa3e5 req-4058a8e7-a6c4-4df9-8181-29c0fa8a7e20 6fc3248cc7564687a7594a5d4cd32dea 67d5299d765c4122b546eb7bf13327ca - - 6554e4942acc46fd9188d05bf42ba876 6554e4942acc46fd9188d05bf42ba876] 10.0.0.201 "GET /v2.0/ports?device_id=6d40e939-5b51-4d80-a153-4ff967090500 HTTP/1.1" status: 200 len: 1634 time: 0.0305808
2026-05-11 11:58:51.218 10 INFO neutron.db.ovn_revision_numbers_db [None req-ce906ecc-0a7c-49f1-b841-1928eadd77a0 4b508c18bf2a49849b51862580387da1 9558251dfa5d44cf872f138ea4aeab17 - - default default] Successfully bumped revision number for resource 30a51319-43ee-4d05-b2d9-9415e373df82 (type: ports) to 2
2026-05-11 11:58:51.230 9 INFO neutron.wsgi [req-0bd3e9ed-5df5-4330-8137-657cc88fa3e5 req-06092541-9415-4988-a82a-55f64fc04d64 6fc3248cc7564687a7594a5d4cd32dea 67d5299d765c4122b546eb7bf13327ca - - 6554e4942acc46fd9188d05bf42ba876 6554e4942acc46fd9188d05bf42ba876] 10.0.0.201 "GET /v2.0/security-groups?id=e2c77651-0dab-403e-90b1-55957bd5da44&fields=id&fields=name HTTP/1.1" status: 200 len: 310 time: 0.0458288
2026-05-11 11:58:51.271 10 INFO neutron.db.ovn_revision_numbers_db [None req-ce906ecc-0a7c-49f1-b841-1928eadd77a0 4b508c18bf2a49849b51862580387da1 9558251dfa5d44cf872f138ea4aeab17 - - default default] Successfully bumped revision number for resource 9d6bdeeb-6c70-4749-9152-298dc90c6e3b (type: subnets) to 0
2026-05-11 11:58:51.291 10 INFO neutron.wsgi [None req-ce906ecc-0a7c-49f1-b841-1928eadd77a0 4b508c18bf2a49849b51862580387da1 9558251dfa5d44cf872f138ea4aeab17 - - default default] 10.0.0.218 "POST /v2.0/subnets HTTP/1.1" status: 201 len: 801 time: 1.1554680
2026-05-11 11:58:51.303 10 WARNING neutron_lib.context [None req-d4116f0d-33ba-4391-ab3e-9a4dc327933d 4b508c18bf2a49849b51862580387da1 9558251dfa5d44cf872f138ea4aeab17 - - default default] Method 'is_advsvc' is deprecated since 2023.2 release (neutron-lib 3.8.0) and will be removed once support for the old RBAC API policies will be removed from Neutron. Please use method 'is_service_role' instead.
2026-05-11 11:58:51.343 10 INFO neutron.wsgi [None req-5653c1aa-1fc8-485e-a702-5446c6d8e9db f3f5f97eb76249029e44a4126801718c 6e9ff99e9b384559865da5526608b358 - - default default] 10.0.0.218 "DELETE /v2.0/security-groups/e33ad0ae-84dd-4478-a0dd-27ccc5fc2904 HTTP/1.1" status: 204 len: 168 time: 0.3177941
2026-05-11 11:58:51.395 10 INFO neutron.db.segments_db [None req-d4116f0d-33ba-4391-ab3e-9a4dc327933d 4b508c18bf2a49849b51862580387da1 9558251dfa5d44cf872f138ea4aeab17 - - default default] Added segment b25c9824-2cfe-4c25-bd9b-f180bfb31557 of type geneve for network 945100e1-8ca8-4119-a485-9c54577407fb
2026-05-11 11:58:51.529 10 INFO neutron.db.ovn_revision_numbers_db [None req-d4116f0d-33ba-4391-ab3e-9a4dc327933d 4b508c18bf2a49849b51862580387da1 9558251dfa5d44cf872f138ea4aeab17 - - default default] Successfully bumped revision number for resource 945100e1-8ca8-4119-a485-9c54577407fb (type: networks) to 1
2026-05-11 11:58:51.617 9 INFO neutron.db.ovn_revision_numbers_db [None req-6701a56e-72fe-48ea-b892-86bccd8222a0 f3f5f97eb76249029e44a4126801718c 6e9ff99e9b384559865da5526608b358 - - default default] Successfully bumped revision number for resource 075c6a73-caff-4a26-b427-2325ff1b5bc1 (type: security_groups) to 1
2026-05-11 11:58:51.631 9 INFO neutron.db.ovn_revision_numbers_db [None req-6701a56e-72fe-48ea-b892-86bccd8222a0 f3f5f97eb76249029e44a4126801718c 6e9ff99e9b384559865da5526608b358 - - default default] Successfully bumped revision number for resource 47ee7e9c-cba0-4e0c-a1ba-6ce7f29c22c5 (type: security_group_rules) to 0
2026-05-11 11:58:51.657 9 INFO neutron.db.ovn_revision_numbers_db [None req-6701a56e-72fe-48ea-b892-86bccd8222a0 f3f5f97eb76249029e44a4126801718c 6e9ff99e9b384559865da5526608b358 - - default default] Successfully bumped revision number for resource 652a6135-4982-4847-b583-291f6848362e (type: security_group_rules) to 0
2026-05-11 11:58:51.675 9 INFO neutron.db.ovn_revision_numbers_db [None req-6701a56e-72fe-48ea-b892-86bccd8222a0 f3f5f97eb76249029e44a4126801718c 6e9ff99e9b384559865da5526608b358 - - default default] Successfully bumped revision number for resource 83a84061-aa3f-4fe1-a007-54cb73246402 (type: security_group_rules) to 0
2026-05-11 11:58:51.688 9 INFO neutron.db.ovn_revision_numbers_db [None req-6701a56e-72fe-48ea-b892-86bccd8222a0 f3f5f97eb76249029e44a4126801718c 6e9ff99e9b384559865da5526608b358 - - default default] Successfully bumped revision number for resource b87f3e36-9fc3-4f18-bbbf-bae94147f728 (type: security_group_rules) to 0
2026-05-11 11:58:51.711 9 INFO neutron.wsgi [None req-6701a56e-72fe-48ea-b892-86bccd8222a0 f3f5f97eb76249029e44a4126801718c 6e9ff99e9b384559865da5526608b358 - - default default] 10.0.0.218 "GET /v2.0/security-groups?tenant_id=8ace1e842b8946dea28b1dcf0bf7a2ff&name=default HTTP/1.1" status: 200 len: 3120 time: 0.2004158
2026-05-11 11:58:51.755 10 WARNING neutron.scheduler.dhcp_agent_scheduler [None req-d4116f0d-33ba-4391-ab3e-9a4dc327933d 4b508c18bf2a49849b51862580387da1 9558251dfa5d44cf872f138ea4aeab17 - - default default] No more DHCP agents
2026-05-11 11:58:51.758 10 WARNING neutron.api.rpc.agentnotifiers.dhcp_rpc_agent_api [None req-d4116f0d-33ba-4391-ab3e-9a4dc327933d 4b508c18bf2a49849b51862580387da1 9558251dfa5d44cf872f138ea4aeab17 - - default default] Unable to schedule network 945100e1-8ca8-4119-a485-9c54577407fb: no agents available; will retry on subsequent port and subnet creation events.
2026-05-11 11:58:51.768 9 INFO neutron.notifiers.nova [-] Nova event matching ['req-80380b2a-8a0a-4162-a3b6-8f241deb4a0f'] response: {'server_uuid': 'e921c5bc-9822-4cba-b4e1-bb7cb03a3a6c', 'name': 'network-vif-plugged', 'status': 'completed', 'tag': 'b73f0960-d3a8-40f0-94c1-8ee86c55dcc0', 'code': 200}
2026-05-11 11:58:51.926 10 INFO neutron.db.ovn_revision_numbers_db [None req-d4116f0d-33ba-4391-ab3e-9a4dc327933d 4b508c18bf2a49849b51862580387da1 9558251dfa5d44cf872f138ea4aeab17 - - default default] Successfully bumped revision number for resource e7824420-91f1-49e6-9dd5-e12150c0aecb (type: ports) to 1
2026-05-11 11:58:51.980 10 INFO neutron.wsgi [None req-d4116f0d-33ba-4391-ab3e-9a4dc327933d 4b508c18bf2a49849b51862580387da1 9558251dfa5d44cf872f138ea4aeab17 - - default default] 10.0.0.218 "POST /v2.0/networks HTTP/1.1" status: 201 len: 831 time: 0.6809211
2026-05-11 11:58:51.996 10 INFO neutron.wsgi [req-01ae10e1-ef85-4146-946b-24f8e4fd381b req-ebba539a-cd70-4dfb-8ff1-fec1b9c0d0ab 5358f3463a9a407e885e0f20b241535f bfea3d21b75b4bfdae7463869728d2cd - - default default] 10.0.0.160 "GET /v2.0/ports?device_id=e921c5bc-9822-4cba-b4e1-bb7cb03a3a6c HTTP/1.1" status: 200 len: 1396 time: 0.1523755
2026-05-11 11:58:51.998 9 WARNING neutron_lib.context [None req-f7f4a640-b93c-427d-82e2-ef2998c4bc24 4b508c18bf2a49849b51862580387da1 9558251dfa5d44cf872f138ea4aeab17 - - default default] Method 'is_advsvc' is deprecated since 2023.2 release (neutron-lib 3.8.0) and will be removed once support for the old RBAC API policies will be removed from Neutron. Please use method 'is_service_role' instead.
2026-05-11 11:58:52.062 10 INFO neutron.wsgi [req-01ae10e1-ef85-4146-946b-24f8e4fd381b req-096f2485-f795-4a4a-a6ee-9c2c26261bae 5358f3463a9a407e885e0f20b241535f bfea3d21b75b4bfdae7463869728d2cd - - default default] 10.0.0.160 "GET /v2.0/security-groups?id=e2c77651-0dab-403e-90b1-55957bd5da44&fields=id&fields=name HTTP/1.1" status: 200 len: 310 time: 0.0573931
2026-05-11 11:58:52.094 10 INFO neutron.wsgi [None req-75cee122-9bbf-46b3-87a0-9fe4231c876d f3f5f97eb76249029e44a4126801718c 6e9ff99e9b384559865da5526608b358 - - default default] 10.0.0.218 "DELETE /v2.0/security-groups/075c6a73-caff-4a26-b427-2325ff1b5bc1 HTTP/1.1" status: 204 len: 168 time: 0.3780236
2026-05-11 11:58:52.138 10 INFO neutron.wsgi [None req-26901d09-1c87-4986-9a2e-cd84c1205e20 5358f3463a9a407e885e0f20b241535f bfea3d21b75b4bfdae7463869728d2cd - - default default] 10.0.0.218 "GET /v2.0/ports?network_id=dca5e2bf-8f77-4e45-b41c-b1d6a1395e43&mac_address=fa%3A16%3A3e%3Ae4%3A8c%3A7d HTTP/1.1" status: 200 len: 1391 time: 0.0417922
2026-05-11 11:58:52.148 10 WARNING neutron_lib.context [None req-6a62b220-44ea-49a3-a1f2-64e78e40a639 5358f3463a9a407e885e0f20b241535f bfea3d21b75b4bfdae7463869728d2cd - - default default] Method 'is_advsvc' is deprecated since 2023.2 release (neutron-lib 3.8.0) and will be removed once support for the old RBAC API policies will be removed from Neutron. Please use method 'is_service_role' instead.
2026-05-11 11:58:52.260 9 WARNING neutron.scheduler.dhcp_agent_scheduler [None req-f7f4a640-b93c-427d-82e2-ef2998c4bc24 4b508c18bf2a49849b51862580387da1 9558251dfa5d44cf872f138ea4aeab17 - - default default] No more DHCP agents
2026-05-11 11:58:52.263 9 WARNING neutron.api.rpc.agentnotifiers.dhcp_rpc_agent_api [None req-f7f4a640-b93c-427d-82e2-ef2998c4bc24 4b508c18bf2a49849b51862580387da1 9558251dfa5d44cf872f138ea4aeab17 - - default default] Unable to schedule network 945100e1-8ca8-4119-a485-9c54577407fb: no agents available; will retry on subsequent port and subnet creation events.
2026-05-11 11:58:52.464 10 WARNING neutron.scheduler.dhcp_agent_scheduler [None req-6a62b220-44ea-49a3-a1f2-64e78e40a639 5358f3463a9a407e885e0f20b241535f bfea3d21b75b4bfdae7463869728d2cd - - default default] No more DHCP agents
2026-05-11 11:58:52.467 10 WARNING neutron.api.rpc.agentnotifiers.dhcp_rpc_agent_api [None req-6a62b220-44ea-49a3-a1f2-64e78e40a639 5358f3463a9a407e885e0f20b241535f bfea3d21b75b4bfdae7463869728d2cd - - default default] Unable to schedule network 9ad427e5-221d-4e35-bd47-d79ef14f1049: no agents available; will retry on subsequent port and subnet creation events.
2026-05-11 11:58:52.720 9 INFO neutron.db.ovn_revision_numbers_db [None req-f7f4a640-b93c-427d-82e2-ef2998c4bc24 4b508c18bf2a49849b51862580387da1 9558251dfa5d44cf872f138ea4aeab17 - - default default] Successfully bumped revision number for resource e7824420-91f1-49e6-9dd5-e12150c0aecb (type: ports) to 2
2026-05-11 11:58:52.751 9 INFO neutron.db.ovn_revision_numbers_db [None req-f7f4a640-b93c-427d-82e2-ef2998c4bc24 4b508c18bf2a49849b51862580387da1 9558251dfa5d44cf872f138ea4aeab17 - - default default] Successfully bumped revision number for resource d9e2e1c1-5c18-4334-b95d-6a70af155c30 (type: subnets) to 0
2026-05-11 11:58:52.767 9 INFO neutron.wsgi [None req-f7f4a640-b93c-427d-82e2-ef2998c4bc24 4b508c18bf2a49849b51862580387da1 9558251dfa5d44cf872f138ea4aeab17 - - default default] 10.0.0.218 "POST /v2.0/subnets HTTP/1.1" status: 201 len: 804 time: 0.7802227
2026-05-11 11:58:52.788 9 WARNING neutron_lib.context [None req-47d72cea-1b1a-41db-b3e4-4581947f8ffa 4b508c18bf2a49849b51862580387da1 9558251dfa5d44cf872f138ea4aeab17 - - default default] Method 'is_advsvc' is deprecated since 2023.2 release (neutron-lib 3.8.0) and will be removed once support for the old RBAC API policies will be removed from Neutron. Please use method 'is_service_role' instead.
2026-05-11 11:58:52.872 9 INFO neutron.db.segments_db [None req-47d72cea-1b1a-41db-b3e4-4581947f8ffa 4b508c18bf2a49849b51862580387da1 9558251dfa5d44cf872f138ea4aeab17 - - default default] Added segment a07c9f26-1012-477a-a850-57fab8855387 of type geneve for network 7ead7454-c9c9-4bec-8309-fceb9a159bf3
2026-05-11 11:58:53.014 9 INFO neutron.db.ovn_revision_numbers_db [None req-47d72cea-1b1a-41db-b3e4-4581947f8ffa 4b508c18bf2a49849b51862580387da1 9558251dfa5d44cf872f138ea4aeab17 - - default default] Successfully bumped revision number for resource 7ead7454-c9c9-4bec-8309-fceb9a159bf3 (type: networks) to 1
2026-05-11 11:58:53.211 9 WARNING neutron.scheduler.dhcp_agent_scheduler [None req-47d72cea-1b1a-41db-b3e4-4581947f8ffa 4b508c18bf2a49849b51862580387da1 9558251dfa5d44cf872f138ea4aeab17 - - default default] No more DHCP agents
2026-05-11 11:58:53.214 9 WARNING neutron.api.rpc.agentnotifiers.dhcp_rpc_agent_api [None req-47d72cea-1b1a-41db-b3e4-4581947f8ffa 4b508c18bf2a49849b51862580387da1 9558251dfa5d44cf872f138ea4aeab17 - - default default] Unable to schedule network 7ead7454-c9c9-4bec-8309-fceb9a159bf3: no agents available; will retry on subsequent port and subnet creation events.
2026-05-11 11:58:53.252 10 INFO neutron.db.ovn_revision_numbers_db [None req-6a62b220-44ea-49a3-a1f2-64e78e40a639 5358f3463a9a407e885e0f20b241535f bfea3d21b75b4bfdae7463869728d2cd - - default default] Successfully bumped revision number for resource aaf91e2d-2944-4675-b318-03d77cd0b7fb (type: floatingips) to -1
2026-05-11 11:58:53.306 9 INFO neutron.db.ovn_revision_numbers_db [None req-47d72cea-1b1a-41db-b3e4-4581947f8ffa 4b508c18bf2a49849b51862580387da1 9558251dfa5d44cf872f138ea4aeab17 - - default default] Successfully bumped revision number for resource 28204ffb-1222-46e3-9ba1-e23a2f9362dd (type: ports) to 1
2026-05-11 11:58:53.335 9 INFO neutron.wsgi [None req-47d72cea-1b1a-41db-b3e4-4581947f8ffa 4b508c18bf2a49849b51862580387da1 9558251dfa5d44cf872f138ea4aeab17 - - default default] 10.0.0.218 "POST /v2.0/networks HTTP/1.1" status: 201 len: 831 time: 0.5535388
2026-05-11 11:58:53.347 9 WARNING neutron_lib.context [None req-834c3caa-f962-4408-98ec-d963fbc0c5fb 4b508c18bf2a49849b51862580387da1 9558251dfa5d44cf872f138ea4aeab17 - - default default] Method 'is_advsvc' is deprecated since 2023.2 release (neutron-lib 3.8.0) and will be removed once support for the old RBAC API policies will be removed from Neutron. Please use method 'is_service_role' instead.
2026-05-11 11:58:53.392 10 INFO neutron.db.ovn_revision_numbers_db [None req-6a62b220-44ea-49a3-a1f2-64e78e40a639 5358f3463a9a407e885e0f20b241535f bfea3d21b75b4bfdae7463869728d2cd - - default default] Successfully bumped revision number for resource aaf91e2d-2944-4675-b318-03d77cd0b7fb (type: floatingips) to 1
2026-05-11 11:58:53.392 10 INFO neutron.db.l3_db [None req-6a62b220-44ea-49a3-a1f2-64e78e40a639 5358f3463a9a407e885e0f20b241535f bfea3d21b75b4bfdae7463869728d2cd - - default default] Floating IP aaf91e2d-2944-4675-b318-03d77cd0b7fb associated. External IP: 10.96.250.203, port: b73f0960-d3a8-40f0-94c1-8ee86c55dcc0.
2026-05-11 11:58:53.443 10 INFO neutron.wsgi [None req-6a62b220-44ea-49a3-a1f2-64e78e40a639 5358f3463a9a407e885e0f20b241535f bfea3d21b75b4bfdae7463869728d2cd - - default default] 10.0.0.218 "POST /v2.0/floatingips HTTP/1.1" status: 201 len: 1053 time: 1.2992311
2026-05-11 11:58:53.489 10 INFO neutron.notifiers.nova [-] Nova event matching ['req-fb1af5e4-290a-4b55-956f-dc46b99b00de'] response: {'name': 'network-changed', 'server_uuid': 'e921c5bc-9822-4cba-b4e1-bb7cb03a3a6c', 'tag': 'b73f0960-d3a8-40f0-94c1-8ee86c55dcc0', 'status': 'completed', 'code': 200} /var/lib/openstack/lib/python3.10/site-packages/pycadf/identifier.py:71: UserWarning: Invalid uuid: neutron. To ensure interoperability, identifiers should be a valid uuid. warnings.warn(('Invalid uuid: %s. To ensure interoperability, '
2026-05-11 11:58:53.555 10 INFO neutron.wsgi [req-8928549d-f089-46a1-807e-d1fb22bd8761 req-e41a65b2-5d1c-4806-8823-f16a71eb8120 6fc3248cc7564687a7594a5d4cd32dea 67d5299d765c4122b546eb7bf13327ca - - 6554e4942acc46fd9188d05bf42ba876 6554e4942acc46fd9188d05bf42ba876] 199.19.213.54 "GET /v2.0/ports?tenant_id=bfea3d21b75b4bfdae7463869728d2cd&device_id=e921c5bc-9822-4cba-b4e1-bb7cb03a3a6c HTTP/1.1" status: 200 len: 1634 time: 0.0421810
2026-05-11 11:58:53.609 9 WARNING neutron.scheduler.dhcp_agent_scheduler [None req-834c3caa-f962-4408-98ec-d963fbc0c5fb 4b508c18bf2a49849b51862580387da1 9558251dfa5d44cf872f138ea4aeab17 - - default default] No more DHCP agents
2026-05-11 11:58:53.611 9 WARNING neutron.api.rpc.agentnotifiers.dhcp_rpc_agent_api [None req-834c3caa-f962-4408-98ec-d963fbc0c5fb 4b508c18bf2a49849b51862580387da1 9558251dfa5d44cf872f138ea4aeab17 - - default default] Unable to schedule network 7ead7454-c9c9-4bec-8309-fceb9a159bf3: no agents available; will retry on subsequent port and subnet creation events.
2026-05-11 11:58:53.617 10 INFO neutron.wsgi [req-8928549d-f089-46a1-807e-d1fb22bd8761 req-ca0e0fd6-0d8c-4974-8b93-27ee77ff1b0b 6fc3248cc7564687a7594a5d4cd32dea 67d5299d765c4122b546eb7bf13327ca - - 6554e4942acc46fd9188d05bf42ba876 6554e4942acc46fd9188d05bf42ba876] 199.19.213.54 "GET /v2.0/networks?id=dca5e2bf-8f77-4e45-b41c-b1d6a1395e43 HTTP/1.1" status: 200 len: 1003 time: 0.0557094
2026-05-11 11:58:53.667 10 INFO neutron.wsgi [req-8928549d-f089-46a1-807e-d1fb22bd8761 req-33c92972-a194-4561-8757-3ae47f7ed79d 6fc3248cc7564687a7594a5d4cd32dea 67d5299d765c4122b546eb7bf13327ca - - 6554e4942acc46fd9188d05bf42ba876 6554e4942acc46fd9188d05bf42ba876] 199.19.213.54 "GET /v2.0/floatingips?fixed_ip_address=10.2.2.42&port_id=b73f0960-d3a8-40f0-94c1-8ee86c55dcc0 HTTP/1.1" status: 200 len: 1058 time: 0.0446525
2026-05-11 11:58:53.702 10 INFO neutron.wsgi [req-8928549d-f089-46a1-807e-d1fb22bd8761 req-6d3cbf33-2362-4cd5-8672-3a889c57f9fb 6fc3248cc7564687a7594a5d4cd32dea 67d5299d765c4122b546eb7bf13327ca - - 6554e4942acc46fd9188d05bf42ba876 6554e4942acc46fd9188d05bf42ba876] 199.19.213.54 "GET /v2.0/floatingips?fixed_ip_address=fd77%3A1457%3A4cf0%3A26a8%3A%3A7a&port_id=b73f0960-d3a8-40f0-94c1-8ee86c55dcc0 HTTP/1.1" status: 200 len: 217 time: 0.0248921
2026-05-11 11:58:53.738 10 INFO neutron.wsgi [req-8928549d-f089-46a1-807e-d1fb22bd8761 req-07a34b49-5767-4984-ac73-01dfeecb84a9 6fc3248cc7564687a7594a5d4cd32dea 67d5299d765c4122b546eb7bf13327ca - - 6554e4942acc46fd9188d05bf42ba876 6554e4942acc46fd9188d05bf42ba876] 199.19.213.54 "GET /v2.0/subnets?id=3fd7a309-5256-417b-8949-9260780c3c5e&id=6952cf49-b61d-40ce-ab49-62b60fae322a HTTP/1.1" status: 200 len: 1567 time: 0.0307512
2026-05-11 11:58:53.765 10 INFO neutron.wsgi [req-8928549d-f089-46a1-807e-d1fb22bd8761 req-80234a37-2577-447e-b9f1-3cb3272b2fe3 6fc3248cc7564687a7594a5d4cd32dea 67d5299d765c4122b546eb7bf13327ca - - 6554e4942acc46fd9188d05bf42ba876 6554e4942acc46fd9188d05bf42ba876] 199.19.213.54 "GET /v2.0/ports?network_id=dca5e2bf-8f77-4e45-b41c-b1d6a1395e43&device_owner=network%3Adhcp HTTP/1.1" status: 200 len: 210 time: 0.0201688
2026-05-11 11:58:53.796 10 INFO neutron.wsgi [req-8928549d-f089-46a1-807e-d1fb22bd8761 req-1bb66166-c50a-4f6b-a3f5-a96d6d6d6b90 6fc3248cc7564687a7594a5d4cd32dea 67d5299d765c4122b546eb7bf13327ca - - 6554e4942acc46fd9188d05bf42ba876 6554e4942acc46fd9188d05bf42ba876] 199.19.213.54 "GET /v2.0/ports?network_id=dca5e2bf-8f77-4e45-b41c-b1d6a1395e43&device_owner=network%3Adhcp HTTP/1.1" status: 200 len: 210 time: 0.0206079
2026-05-11 11:58:53.868 10 INFO neutron.wsgi [req-8928549d-f089-46a1-807e-d1fb22bd8761 req-0838aa26-8e67-441e-b98b-0ffa2419ee5b 6fc3248cc7564687a7594a5d4cd32dea 67d5299d765c4122b546eb7bf13327ca - - 6554e4942acc46fd9188d05bf42ba876 6554e4942acc46fd9188d05bf42ba876] 199.19.213.54 "GET /v2.0/networks/dca5e2bf-8f77-4e45-b41c-b1d6a1395e43?fields=segments HTTP/1.1" status: 200 len: 212 time: 0.0640235
2026-05-11 11:58:53.924 10 INFO neutron.wsgi [req-8928549d-f089-46a1-807e-d1fb22bd8761 req-dc8e5248-1e1f-4ea8-becd-b8d8b5306842 6fc3248cc7564687a7594a5d4cd32dea 67d5299d765c4122b546eb7bf13327ca - - 6554e4942acc46fd9188d05bf42ba876 6554e4942acc46fd9188d05bf42ba876] 199.19.213.54 "GET /v2.0/networks/dca5e2bf-8f77-4e45-b41c-b1d6a1395e43?fields=provider%3Aphysical_network&fields=provider%3Anetwork_type HTTP/1.1" status: 200 len: 277 time: 0.0518193
2026-05-11 11:58:54.135 9 INFO neutron.db.ovn_revision_numbers_db [None req-834c3caa-f962-4408-98ec-d963fbc0c5fb 4b508c18bf2a49849b51862580387da1 9558251dfa5d44cf872f138ea4aeab17 - - default default] Successfully bumped revision number for resource 28204ffb-1222-46e3-9ba1-e23a2f9362dd (type: ports) to 2
2026-05-11 11:58:54.172 9 INFO neutron.db.ovn_revision_numbers_db [None req-834c3caa-f962-4408-98ec-d963fbc0c5fb 4b508c18bf2a49849b51862580387da1 9558251dfa5d44cf872f138ea4aeab17 - - default default] Successfully bumped revision number for resource b83d4dbc-6c54-4763-8577-2dea7cc38bd2 (type: subnets) to 0
2026-05-11 11:58:54.189 9 INFO neutron.wsgi [None req-834c3caa-f962-4408-98ec-d963fbc0c5fb 4b508c18bf2a49849b51862580387da1 9558251dfa5d44cf872f138ea4aeab17 - - default default] 10.0.0.218 "POST /v2.0/subnets HTTP/1.1" status: 201 len: 804 time: 0.8476565
2026-05-11 11:58:54.200 9 WARNING neutron_lib.context [None req-f5bfee7c-9262-47ef-8bbc-d08e71fa8d4c 4b508c18bf2a49849b51862580387da1 9558251dfa5d44cf872f138ea4aeab17 - - default default] Method 'is_advsvc' is deprecated since 2023.2 release (neutron-lib 3.8.0) and will be removed once support for the old RBAC API policies will be removed from Neutron. Please use method 'is_service_role' instead.
2026-05-11 11:58:54.290 9 INFO neutron.db.segments_db [None req-f5bfee7c-9262-47ef-8bbc-d08e71fa8d4c 4b508c18bf2a49849b51862580387da1 9558251dfa5d44cf872f138ea4aeab17 - - default default] Added segment 41c54d52-fd71-4a37-8b93-cd51fde95aa9 of type geneve for network 78262bfe-5cdc-44df-98e7-48f34f877273
2026-05-11 11:58:54.514 9 INFO neutron.db.ovn_revision_numbers_db [None req-f5bfee7c-9262-47ef-8bbc-d08e71fa8d4c 4b508c18bf2a49849b51862580387da1 9558251dfa5d44cf872f138ea4aeab17 - - default default] Successfully bumped revision number for resource 78262bfe-5cdc-44df-98e7-48f34f877273 (type: networks) to 1
2026-05-11 11:58:54.795 9 WARNING neutron.scheduler.dhcp_agent_scheduler [None req-f5bfee7c-9262-47ef-8bbc-d08e71fa8d4c 4b508c18bf2a49849b51862580387da1 9558251dfa5d44cf872f138ea4aeab17 - - default default] No more DHCP agents
2026-05-11 11:58:54.797 9 WARNING neutron.api.rpc.agentnotifiers.dhcp_rpc_agent_api [None req-f5bfee7c-9262-47ef-8bbc-d08e71fa8d4c 4b508c18bf2a49849b51862580387da1 9558251dfa5d44cf872f138ea4aeab17 - - default default] Unable to schedule network 78262bfe-5cdc-44df-98e7-48f34f877273: no agents available; will retry on subsequent port and subnet creation events.
2026-05-11 11:58:54.893 9 INFO neutron.db.ovn_revision_numbers_db [None req-f5bfee7c-9262-47ef-8bbc-d08e71fa8d4c 4b508c18bf2a49849b51862580387da1 9558251dfa5d44cf872f138ea4aeab17 - - default default] Successfully bumped revision number for resource 5fcb5108-b6ce-437d-b99d-af7bad122f86 (type: ports) to 1
2026-05-11 11:58:54.918 9 INFO neutron.wsgi [None req-f5bfee7c-9262-47ef-8bbc-d08e71fa8d4c 4b508c18bf2a49849b51862580387da1 9558251dfa5d44cf872f138ea4aeab17 - - default default] 10.0.0.218 "POST /v2.0/networks HTTP/1.1" status: 201 len: 830 time: 0.7232702
2026-05-11 11:58:54.927 9 WARNING neutron_lib.context [None req-40fead13-b02d-4fb6-8a86-fa3705721181 4b508c18bf2a49849b51862580387da1 9558251dfa5d44cf872f138ea4aeab17 - - default default] Method 'is_advsvc' is deprecated since 2023.2 release (neutron-lib 3.8.0) and will be removed once support for the old RBAC API policies will be removed from Neutron. Please use method 'is_service_role' instead.
2026-05-11 11:58:55.187 9 WARNING neutron.scheduler.dhcp_agent_scheduler [None req-40fead13-b02d-4fb6-8a86-fa3705721181 4b508c18bf2a49849b51862580387da1 9558251dfa5d44cf872f138ea4aeab17 - - default default] No more DHCP agents
2026-05-11 11:58:55.191 9 WARNING neutron.api.rpc.agentnotifiers.dhcp_rpc_agent_api [None req-40fead13-b02d-4fb6-8a86-fa3705721181 4b508c18bf2a49849b51862580387da1 9558251dfa5d44cf872f138ea4aeab17 - - default default] Unable to schedule network 78262bfe-5cdc-44df-98e7-48f34f877273: no agents available; will retry on subsequent port and subnet creation events.
2026-05-11 11:58:55.713 9 INFO neutron.db.ovn_revision_numbers_db [None req-40fead13-b02d-4fb6-8a86-fa3705721181 4b508c18bf2a49849b51862580387da1 9558251dfa5d44cf872f138ea4aeab17 - - default default] Successfully bumped revision number for resource 5fcb5108-b6ce-437d-b99d-af7bad122f86 (type: ports) to 2
2026-05-11 11:58:55.747 9 INFO neutron.db.ovn_revision_numbers_db [None req-40fead13-b02d-4fb6-8a86-fa3705721181 4b508c18bf2a49849b51862580387da1 9558251dfa5d44cf872f138ea4aeab17 - - default default] Successfully bumped revision number for resource b3b3ae08-1296-4591-9a67-c0a912db172a (type: subnets) to 0
2026-05-11 11:58:55.763 9 INFO neutron.wsgi [None req-40fead13-b02d-4fb6-8a86-fa3705721181 4b508c18bf2a49849b51862580387da1 9558251dfa5d44cf872f138ea4aeab17 - - default default] 10.0.0.218 "POST /v2.0/subnets HTTP/1.1" status: 201 len: 804 time: 0.8411222
2026-05-11 11:58:55.772 9 WARNING neutron_lib.context [None req-5a1fba2d-cba5-4d75-a039-684e66aed91f 4b508c18bf2a49849b51862580387da1 9558251dfa5d44cf872f138ea4aeab17 - - default default] Method 'is_advsvc' is deprecated since 2023.2 release (neutron-lib 3.8.0) and will be removed once support for the old RBAC API policies will be removed from Neutron. Please use method 'is_service_role' instead.
2026-05-11 11:58:55.856 9 INFO neutron.db.segments_db [None req-5a1fba2d-cba5-4d75-a039-684e66aed91f 4b508c18bf2a49849b51862580387da1 9558251dfa5d44cf872f138ea4aeab17 - - default default] Added segment 91cb64e0-6914-49b6-b08d-accdfd7a8087 of type geneve for network 36c3da69-3cf1-4885-8506-86e29027c2af
2026-05-11 11:58:55.983 9 INFO neutron.db.ovn_revision_numbers_db [None req-5a1fba2d-cba5-4d75-a039-684e66aed91f 4b508c18bf2a49849b51862580387da1 9558251dfa5d44cf872f138ea4aeab17 - - default default] Successfully bumped revision number for resource 36c3da69-3cf1-4885-8506-86e29027c2af (type: networks) to 1
2026-05-11 11:58:56.155 9 WARNING neutron.scheduler.dhcp_agent_scheduler [None req-5a1fba2d-cba5-4d75-a039-684e66aed91f 4b508c18bf2a49849b51862580387da1 9558251dfa5d44cf872f138ea4aeab17 - - default default] No more DHCP agents
2026-05-11 11:58:56.157 9 WARNING neutron.api.rpc.agentnotifiers.dhcp_rpc_agent_api [None req-5a1fba2d-cba5-4d75-a039-684e66aed91f 4b508c18bf2a49849b51862580387da1 9558251dfa5d44cf872f138ea4aeab17 - - default default] Unable to schedule network 36c3da69-3cf1-4885-8506-86e29027c2af: no agents available; will retry on subsequent port and subnet creation events.
2026-05-11 11:58:56.242 9 INFO neutron.db.ovn_revision_numbers_db [None req-5a1fba2d-cba5-4d75-a039-684e66aed91f 4b508c18bf2a49849b51862580387da1 9558251dfa5d44cf872f138ea4aeab17 - - default default] Successfully bumped revision number for resource 611b37e8-656e-460b-b998-191664180689 (type: ports) to 1
2026-05-11 11:58:56.261 9 INFO neutron.wsgi [None req-5a1fba2d-cba5-4d75-a039-684e66aed91f 4b508c18bf2a49849b51862580387da1 9558251dfa5d44cf872f138ea4aeab17 - - default default] 10.0.0.218 "POST /v2.0/networks HTTP/1.1" status: 201 len: 830 time: 0.4938045
2026-05-11 11:58:56.271 9 WARNING neutron_lib.context [None req-ffc433e5-1989-4cd8-90b5-f94f6b358716 4b508c18bf2a49849b51862580387da1 9558251dfa5d44cf872f138ea4aeab17 - - default default] Method 'is_advsvc' is deprecated since 2023.2 release (neutron-lib 3.8.0) and will be removed once support for the old RBAC API policies will be removed from Neutron. Please use method 'is_service_role' instead.
2026-05-11 11:58:56.527 9 WARNING neutron.scheduler.dhcp_agent_scheduler [None req-ffc433e5-1989-4cd8-90b5-f94f6b358716 4b508c18bf2a49849b51862580387da1 9558251dfa5d44cf872f138ea4aeab17 - - default default] No more DHCP agents
2026-05-11 11:58:56.529 9 WARNING neutron.api.rpc.agentnotifiers.dhcp_rpc_agent_api [None req-ffc433e5-1989-4cd8-90b5-f94f6b358716 4b508c18bf2a49849b51862580387da1 9558251dfa5d44cf872f138ea4aeab17 - - default default] Unable to schedule network 36c3da69-3cf1-4885-8506-86e29027c2af: no agents available; will retry on subsequent port and subnet creation events.
2026-05-11 11:58:57.347 9 INFO neutron.db.ovn_revision_numbers_db [None req-ffc433e5-1989-4cd8-90b5-f94f6b358716 4b508c18bf2a49849b51862580387da1 9558251dfa5d44cf872f138ea4aeab17 - - default default] Successfully bumped revision number for resource 611b37e8-656e-460b-b998-191664180689 (type: ports) to 2
