Apr 02 05:44:00.896144 np0000162703 nova-scheduler[107349]: DEBUG cotyledon.oslo_config_glue [-] vnc.vencrypt_client_key = None {{(pid=107349) log_opt_values /opt/stack/data/venv/lib/python3.12/site-packages/oslo_config/cfg.py:3006}}
Apr 02 05:44:00.896144 np0000162703 nova-scheduler[107349]: DEBUG cotyledon.oslo_config_glue [-] workarounds.disable_compute_service_check_for_ffu = False {{(pid=107349) log_opt_values /opt/stack/data/venv/lib/python3.12/site-packages/oslo_config/cfg.py:3006}}
Apr 02 05:44:00.896144 np0000162703 nova-scheduler[107349]: DEBUG cotyledon.oslo_config_glue [-] workarounds.disable_deep_image_inspection = False {{(pid=107349) log_opt_values /opt/stack/data/venv/lib/python3.12/site-packages/oslo_config/cfg.py:3006}}
Apr 02 05:44:00.896144 np0000162703 nova-scheduler[107349]: DEBUG cotyledon.oslo_config_glue [-] workarounds.disable_fallback_pcpu_query = False {{(pid=107349) log_opt_values /opt/stack/data/venv/lib/python3.12/site-packages/oslo_config/cfg.py:3006}}
Apr 02 05:44:00.896144 np0000162703 nova-scheduler[107349]: DEBUG cotyledon.oslo_config_glue [-] workarounds.disable_group_policy_check_upcall = False {{(pid=107349) log_opt_values /opt/stack/data/venv/lib/python3.12/site-packages/oslo_config/cfg.py:3006}}
Apr 02 05:44:00.896352 np0000162703 nova-scheduler[107349]: DEBUG cotyledon.oslo_config_glue [-] workarounds.disable_libvirt_livesnapshot = False {{(pid=107349) log_opt_values /opt/stack/data/venv/lib/python3.12/site-packages/oslo_config/cfg.py:3006}}
Apr 02 05:44:00.896352 np0000162703 nova-scheduler[107349]: DEBUG cotyledon.oslo_config_glue [-] workarounds.disable_rootwrap = False {{(pid=107349) log_opt_values /opt/stack/data/venv/lib/python3.12/site-packages/oslo_config/cfg.py:3006}}
Apr 02 05:44:00.896352 np0000162703 nova-scheduler[107349]: DEBUG cotyledon.oslo_config_glue [-] workarounds.enable_numa_live_migration = False {{(pid=107349) log_opt_values /opt/stack/data/venv/lib/python3.12/site-packages/oslo_config/cfg.py:3006}}
Apr 02 05:44:00.896352 np0000162703 nova-scheduler[107349]: DEBUG cotyledon.oslo_config_glue [-] workarounds.enable_qemu_monitor_announce_self = False {{(pid=107349) log_opt_values /opt/stack/data/venv/lib/python3.12/site-packages/oslo_config/cfg.py:3006}}
Apr 02 05:44:00.896352 np0000162703 nova-scheduler[107349]: DEBUG cotyledon.oslo_config_glue [-] workarounds.ensure_libvirt_rbd_instance_dir_cleanup = False {{(pid=107349) log_opt_values /opt/stack/data/venv/lib/python3.12/site-packages/oslo_config/cfg.py:3006}}
Apr 02 05:44:00.896352 np0000162703 nova-scheduler[107349]: DEBUG cotyledon.oslo_config_glue [-] workarounds.handle_virt_lifecycle_events = True {{(pid=107349) log_opt_values /opt/stack/data/venv/lib/python3.12/site-packages/oslo_config/cfg.py:3006}}
Apr 02 05:44:00.896352 np0000162703 nova-scheduler[107349]: DEBUG cotyledon.oslo_config_glue [-] workarounds.libvirt_disable_apic = False {{(pid=107349) log_opt_values /opt/stack/data/venv/lib/python3.12/site-packages/oslo_config/cfg.py:3006}}
Apr 02 05:44:00.896352 np0000162703 nova-scheduler[107349]: DEBUG cotyledon.oslo_config_glue [-] workarounds.never_download_image_if_on_rbd = False {{(pid=107349) log_opt_values /opt/stack/data/venv/lib/python3.12/site-packages/oslo_config/cfg.py:3006}}
Apr 02 05:44:00.896352 np0000162703 nova-scheduler[107349]: DEBUG cotyledon.oslo_config_glue [-] workarounds.qemu_monitor_announce_self_count = 3 {{(pid=107349) log_opt_values /opt/stack/data/venv/lib/python3.12/site-packages/oslo_config/cfg.py:3006}}
Apr 02 05:44:00.896566 np0000162703 nova-scheduler[107349]: DEBUG cotyledon.oslo_config_glue [-] workarounds.qemu_monitor_announce_self_interval = 1 {{(pid=107349) log_opt_values /opt/stack/data/venv/lib/python3.12/site-packages/oslo_config/cfg.py:3006}}
Apr 02 05:44:00.896566 np0000162703 nova-scheduler[107349]: DEBUG cotyledon.oslo_config_glue [-] workarounds.reserve_disk_resource_for_image_cache = False {{(pid=107349) log_opt_values /opt/stack/data/venv/lib/python3.12/site-packages/oslo_config/cfg.py:3006}}
Apr 02 05:44:00.896566 np0000162703 nova-scheduler[107349]: DEBUG cotyledon.oslo_config_glue [-] workarounds.skip_cpu_compare_at_startup = False {{(pid=107349) log_opt_values /opt/stack/data/venv/lib/python3.12/site-packages/oslo_config/cfg.py:3006}}
Apr 02 05:44:00.896566 np0000162703 nova-scheduler[107349]: DEBUG cotyledon.oslo_config_glue [-] workarounds.skip_cpu_compare_on_dest = False {{(pid=107349) log_opt_values /opt/stack/data/venv/lib/python3.12/site-packages/oslo_config/cfg.py:3006}}
Apr 02 05:44:00.896566 np0000162703 nova-scheduler[107349]: DEBUG cotyledon.oslo_config_glue [-] workarounds.skip_hypervisor_version_check_on_lm = False {{(pid=107349) log_opt_values /opt/stack/data/venv/lib/python3.12/site-packages/oslo_config/cfg.py:3006}}
Apr 02 05:44:00.896566 np0000162703 nova-scheduler[107349]: DEBUG cotyledon.oslo_config_glue [-] workarounds.skip_reserve_in_use_ironic_nodes = False {{(pid=107349) log_opt_values /opt/stack/data/venv/lib/python3.12/site-packages/oslo_config/cfg.py:3006}}
Apr 02 05:44:00.896566 np0000162703 nova-scheduler[107349]: DEBUG cotyledon.oslo_config_glue [-] workarounds.unified_limits_count_pcpu_as_vcpu = False {{(pid=107349) log_opt_values /opt/stack/data/venv/lib/python3.12/site-packages/oslo_config/cfg.py:3006}}
Apr 02 05:44:00.896566 np0000162703 nova-scheduler[107349]: DEBUG cotyledon.oslo_config_glue [-] workarounds.wait_for_vif_plugged_event_during_hard_reboot = [] {{(pid=107349) log_opt_values /opt/stack/data/venv/lib/python3.12/site-packages/oslo_config/cfg.py:3006}}
Apr 02 05:44:00.896812 np0000162703 nova-scheduler[107349]: DEBUG cotyledon.oslo_config_glue [-] wsgi.api_paste_config = /etc/nova/api-paste.ini {{(pid=107349) log_opt_values /opt/stack/data/venv/lib/python3.12/site-packages/oslo_config/cfg.py:3006}}
Apr 02 05:44:00.896812 np0000162703 nova-scheduler[107349]: DEBUG cotyledon.oslo_config_glue [-] wsgi.secure_proxy_ssl_header = None {{(pid=107349) log_opt_values /opt/stack/data/venv/lib/python3.12/site-packages/oslo_config/cfg.py:3006}}
Apr 02 05:44:00.896812 np0000162703 nova-scheduler[107349]: DEBUG cotyledon.oslo_config_glue [-] zvm.ca_file = None {{(pid=107349) log_opt_values /opt/stack/data/venv/lib/python3.12/site-packages/oslo_config/cfg.py:3006}}
Apr 02 05:44:00.896812 np0000162703 nova-scheduler[107349]: DEBUG cotyledon.oslo_config_glue [-] zvm.cloud_connector_url = None {{(pid=107349) log_opt_values /opt/stack/data/venv/lib/python3.12/site-packages/oslo_config/cfg.py:3006}}
Apr 02 05:44:00.896812 np0000162703 nova-scheduler[107349]: DEBUG cotyledon.oslo_config_glue [-] zvm.image_tmp_path = /opt/stack/data/nova/images {{(pid=107349) log_opt_values /opt/stack/data/venv/lib/python3.12/site-packages/oslo_config/cfg.py:3006}}
Apr 02 05:44:00.896812 np0000162703 nova-scheduler[107349]: DEBUG cotyledon.oslo_config_glue [-] zvm.reachable_timeout = 300 {{(pid=107349) log_opt_values /opt/stack/data/venv/lib/python3.12/site-packages/oslo_config/cfg.py:3006}}
Apr 02 05:44:00.896812 np0000162703 nova-scheduler[107349]: DEBUG cotyledon.oslo_config_glue [-] oslo_versionedobjects.fatal_exception_format_errors = False {{(pid=107349) log_opt_values /opt/stack/data/venv/lib/python3.12/site-packages/oslo_config/cfg.py:3006}}
Apr 02 05:44:00.896812 np0000162703 nova-scheduler[107349]: DEBUG cotyledon.oslo_config_glue [-] oslo_middleware.http_basic_auth_user_file = /etc/htpasswd {{(pid=107349) log_opt_values /opt/stack/data/venv/lib/python3.12/site-packages/oslo_config/cfg.py:3006}}
Apr 02 05:44:00.896812 np0000162703 nova-scheduler[107349]: DEBUG cotyledon.oslo_config_glue [-] oslo_messaging_metrics.metrics_buffer_size = 1000 {{(pid=107349) log_opt_values /opt/stack/data/venv/lib/python3.12/site-packages/oslo_config/cfg.py:3006}}
Apr 02 05:44:00.897032 np0000162703 nova-scheduler[107349]: DEBUG cotyledon.oslo_config_glue [-] oslo_messaging_metrics.metrics_enabled = False {{(pid=107349) log_opt_values /opt/stack/data/venv/lib/python3.12/site-packages/oslo_config/cfg.py:3006}}
Apr 02 05:44:00.897032 np0000162703 nova-scheduler[107349]: DEBUG cotyledon.oslo_config_glue [-] oslo_messaging_metrics.metrics_process_name = {{(pid=107349) log_opt_values /opt/stack/data/venv/lib/python3.12/site-packages/oslo_config/cfg.py:3006}}
Apr 02 05:44:00.897032 np0000162703 nova-scheduler[107349]: DEBUG cotyledon.oslo_config_glue [-] oslo_messaging_metrics.metrics_socket_file = /var/tmp/metrics_collector.sock {{(pid=107349) log_opt_values /opt/stack/data/venv/lib/python3.12/site-packages/oslo_config/cfg.py:3006}}
Apr 02 05:44:00.897032 np0000162703 nova-scheduler[107349]: DEBUG cotyledon.oslo_config_glue [-] oslo_messaging_metrics.metrics_thread_stop_timeout = 10 {{(pid=107349) log_opt_values /opt/stack/data/venv/lib/python3.12/site-packages/oslo_config/cfg.py:3006}}
Apr 02 05:44:00.897032 np0000162703 nova-scheduler[107349]: DEBUG cotyledon.oslo_config_glue [-] profiler.connection_string = messaging:// {{(pid=107349) log_opt_values /opt/stack/data/venv/lib/python3.12/site-packages/oslo_config/cfg.py:3006}}
Apr 02 05:44:00.897032 np0000162703 nova-scheduler[107349]: DEBUG cotyledon.oslo_config_glue [-] profiler.enabled = False {{(pid=107349) log_opt_values /opt/stack/data/venv/lib/python3.12/site-packages/oslo_config/cfg.py:3006}}
Apr 02 05:44:00.897032 np0000162703 nova-scheduler[107349]: DEBUG cotyledon.oslo_config_glue [-] profiler.es_doc_type = notification {{(pid=107349) log_opt_values /opt/stack/data/venv/lib/python3.12/site-packages/oslo_config/cfg.py:3006}}
Apr 02 05:44:00.897032 np0000162703 nova-scheduler[107349]: DEBUG cotyledon.oslo_config_glue [-] profiler.es_scroll_size = 10000 {{(pid=107349) log_opt_values /opt/stack/data/venv/lib/python3.12/site-packages/oslo_config/cfg.py:3006}}
Apr 02 05:44:00.897032 np0000162703 nova-scheduler[107349]: DEBUG cotyledon.oslo_config_glue [-] profiler.es_scroll_time = 2m {{(pid=107349) log_opt_values /opt/stack/data/venv/lib/python3.12/site-packages/oslo_config/cfg.py:3006}}
Apr 02 05:44:00.897246 np0000162703 nova-scheduler[107349]: DEBUG cotyledon.oslo_config_glue [-] profiler.filter_error_trace = False {{(pid=107349) log_opt_values /opt/stack/data/venv/lib/python3.12/site-packages/oslo_config/cfg.py:3006}}
Apr 02 05:44:00.897246 np0000162703 nova-scheduler[107349]: DEBUG cotyledon.oslo_config_glue [-] profiler.hmac_keys = **** {{(pid=107349) log_opt_values /opt/stack/data/venv/lib/python3.12/site-packages/oslo_config/cfg.py:3006}}
Apr 02 05:44:00.897246 np0000162703 nova-scheduler[107349]: DEBUG cotyledon.oslo_config_glue [-] profiler.sentinel_service_name = mymaster {{(pid=107349) log_opt_values /opt/stack/data/venv/lib/python3.12/site-packages/oslo_config/cfg.py:3006}}
Apr 02 05:44:00.897246 np0000162703 nova-scheduler[107349]: DEBUG cotyledon.oslo_config_glue [-] profiler.socket_timeout = 0.1 {{(pid=107349) log_opt_values /opt/stack/data/venv/lib/python3.12/site-packages/oslo_config/cfg.py:3006}}
Apr 02 05:44:00.897246 np0000162703 nova-scheduler[107349]: DEBUG cotyledon.oslo_config_glue [-] profiler.trace_requests = False {{(pid=107349) log_opt_values /opt/stack/data/venv/lib/python3.12/site-packages/oslo_config/cfg.py:3006}}
Apr 02 05:44:00.897246 np0000162703 nova-scheduler[107349]: DEBUG cotyledon.oslo_config_glue [-] profiler.trace_sqlalchemy = False {{(pid=107349) log_opt_values /opt/stack/data/venv/lib/python3.12/site-packages/oslo_config/cfg.py:3006}}
Apr 02 05:44:00.897246 np0000162703 nova-scheduler[107349]: DEBUG cotyledon.oslo_config_glue [-] profiler_jaeger.process_tags = {} {{(pid=107349) log_opt_values /opt/stack/data/venv/lib/python3.12/site-packages/oslo_config/cfg.py:3006}}
Apr 02 05:44:00.897246 np0000162703 nova-scheduler[107349]: DEBUG cotyledon.oslo_config_glue [-] profiler_jaeger.service_name_prefix = None {{(pid=107349) log_opt_values /opt/stack/data/venv/lib/python3.12/site-packages/oslo_config/cfg.py:3006}}
Apr 02 05:44:00.897246 np0000162703 nova-scheduler[107349]: DEBUG cotyledon.oslo_config_glue [-] profiler_otlp.service_name_prefix = None {{(pid=107349) log_opt_values /opt/stack/data/venv/lib/python3.12/site-packages/oslo_config/cfg.py:3006}}
Apr 02 05:44:00.897526 np0000162703 nova-scheduler[107349]: DEBUG cotyledon.oslo_config_glue [-] oslo_messaging_rabbit.amqp_auto_delete = False {{(pid=107349) log_opt_values /opt/stack/data/venv/lib/python3.12/site-packages/oslo_config/cfg.py:3006}}
Apr 02 05:44:00.897526 np0000162703 nova-scheduler[107349]: DEBUG cotyledon.oslo_config_glue [-] oslo_messaging_rabbit.amqp_durable_queues = False {{(pid=107349) log_opt_values /opt/stack/data/venv/lib/python3.12/site-packages/oslo_config/cfg.py:3006}}
Apr 02 05:44:00.897526 np0000162703 nova-scheduler[107349]: DEBUG cotyledon.oslo_config_glue [-] oslo_messaging_rabbit.conn_pool_min_size = 2 {{(pid=107349) log_opt_values /opt/stack/data/venv/lib/python3.12/site-packages/oslo_config/cfg.py:3006}}
Apr 02 05:44:00.897526 np0000162703 nova-scheduler[107349]: DEBUG cotyledon.oslo_config_glue [-] oslo_messaging_rabbit.conn_pool_ttl = 1200 {{(pid=107349) log_opt_values /opt/stack/data/venv/lib/python3.12/site-packages/oslo_config/cfg.py:3006}}
Apr 02 05:44:00.897526 np0000162703 nova-scheduler[107349]: DEBUG cotyledon.oslo_config_glue [-] oslo_messaging_rabbit.direct_mandatory_flag = True {{(pid=107349) log_opt_values /opt/stack/data/venv/lib/python3.12/site-packages/oslo_config/cfg.py:3006}}
Apr 02 05:44:00.897526 np0000162703 nova-scheduler[107349]: DEBUG cotyledon.oslo_config_glue [-] oslo_messaging_rabbit.enable_cancel_on_failover = False {{(pid=107349) log_opt_values /opt/stack/data/venv/lib/python3.12/site-packages/oslo_config/cfg.py:3006}}
Apr 02 05:44:00.897526 np0000162703 nova-scheduler[107349]: DEBUG cotyledon.oslo_config_glue [-] oslo_messaging_rabbit.heartbeat_in_pthread = False {{(pid=107349) log_opt_values /opt/stack/data/venv/lib/python3.12/site-packages/oslo_config/cfg.py:3006}}
Apr 02 05:44:00.897526 np0000162703 nova-scheduler[107349]: DEBUG cotyledon.oslo_config_glue [-] oslo_messaging_rabbit.heartbeat_rate = 3 {{(pid=107349) log_opt_values /opt/stack/data/venv/lib/python3.12/site-packages/oslo_config/cfg.py:3006}}
Apr 02 05:44:00.897526 np0000162703 nova-scheduler[107349]: DEBUG cotyledon.oslo_config_glue [-] oslo_messaging_rabbit.heartbeat_timeout_threshold = 60 {{(pid=107349) log_opt_values /opt/stack/data/venv/lib/python3.12/site-packages/oslo_config/cfg.py:3006}}
Apr 02 05:44:00.897747 np0000162703 nova-scheduler[107349]: DEBUG cotyledon.oslo_config_glue [-] oslo_messaging_rabbit.hostname = np0000162703 {{(pid=107349) log_opt_values /opt/stack/data/venv/lib/python3.12/site-packages/oslo_config/cfg.py:3006}}
Apr 02 05:44:00.897747 np0000162703 nova-scheduler[107349]: DEBUG cotyledon.oslo_config_glue [-] oslo_messaging_rabbit.kombu_compression = None {{(pid=107349) log_opt_values /opt/stack/data/venv/lib/python3.12/site-packages/oslo_config/cfg.py:3006}}
Apr 02 05:44:00.897747 np0000162703 nova-scheduler[107349]: DEBUG cotyledon.oslo_config_glue [-] oslo_messaging_rabbit.kombu_failover_strategy = round-robin {{(pid=107349) log_opt_values /opt/stack/data/venv/lib/python3.12/site-packages/oslo_config/cfg.py:3006}}
Apr 02 05:44:00.897747 np0000162703 nova-scheduler[107349]: DEBUG cotyledon.oslo_config_glue [-] oslo_messaging_rabbit.kombu_missing_consumer_retry_timeout = 60 {{(pid=107349) log_opt_values /opt/stack/data/venv/lib/python3.12/site-packages/oslo_config/cfg.py:3006}}
Apr 02 05:44:00.897747 np0000162703 nova-scheduler[107349]: DEBUG cotyledon.oslo_config_glue [-] oslo_messaging_rabbit.kombu_reconnect_delay = 1.0 {{(pid=107349) log_opt_values /opt/stack/data/venv/lib/python3.12/site-packages/oslo_config/cfg.py:3006}}
Apr 02 05:44:00.897747 np0000162703 nova-scheduler[107349]: DEBUG cotyledon.oslo_config_glue [-] oslo_messaging_rabbit.kombu_reconnect_splay = 0.0 {{(pid=107349) log_opt_values /opt/stack/data/venv/lib/python3.12/site-packages/oslo_config/cfg.py:3006}}
Apr 02 05:44:00.897747 np0000162703 nova-scheduler[107349]: DEBUG cotyledon.oslo_config_glue [-] oslo_messaging_rabbit.processname = nova-scheduler {{(pid=107349) log_opt_values /opt/stack/data/venv/lib/python3.12/site-packages/oslo_config/cfg.py:3006}}
Apr 02 05:44:00.897747 np0000162703 nova-scheduler[107349]: DEBUG cotyledon.oslo_config_glue [-] oslo_messaging_rabbit.rabbit_ha_queues = False {{(pid=107349) log_opt_values /opt/stack/data/venv/lib/python3.12/site-packages/oslo_config/cfg.py:3006}}
Apr 02 05:44:00.897747 np0000162703 nova-scheduler[107349]: DEBUG cotyledon.oslo_config_glue [-] oslo_messaging_rabbit.rabbit_interval_max = 30 {{(pid=107349) log_opt_values /opt/stack/data/venv/lib/python3.12/site-packages/oslo_config/cfg.py:3006}}
Apr 02 05:44:00.897996 np0000162703 nova-scheduler[107349]: DEBUG cotyledon.oslo_config_glue [-] oslo_messaging_rabbit.rabbit_login_method = AMQPLAIN {{(pid=107349) log_opt_values /opt/stack/data/venv/lib/python3.12/site-packages/oslo_config/cfg.py:3006}}
Apr 02 05:44:00.897996 np0000162703 nova-scheduler[107349]: DEBUG cotyledon.oslo_config_glue [-] oslo_messaging_rabbit.rabbit_qos_prefetch_count = 0 {{(pid=107349) log_opt_values /opt/stack/data/venv/lib/python3.12/site-packages/oslo_config/cfg.py:3006}}
Apr 02 05:44:00.897996 np0000162703 nova-scheduler[107349]: DEBUG cotyledon.oslo_config_glue [-] oslo_messaging_rabbit.rabbit_quorum_delivery_limit = 0 {{(pid=107349) log_opt_values /opt/stack/data/venv/lib/python3.12/site-packages/oslo_config/cfg.py:3006}}
Apr 02 05:44:00.897996 np0000162703 nova-scheduler[107349]: DEBUG cotyledon.oslo_config_glue [-] oslo_messaging_rabbit.rabbit_quorum_max_memory_bytes = 0 {{(pid=107349) log_opt_values /opt/stack/data/venv/lib/python3.12/site-packages/oslo_config/cfg.py:3006}}
Apr 02 05:44:00.897996 np0000162703 nova-scheduler[107349]: DEBUG cotyledon.oslo_config_glue [-] oslo_messaging_rabbit.rabbit_quorum_max_memory_length = 0 {{(pid=107349) log_opt_values /opt/stack/data/venv/lib/python3.12/site-packages/oslo_config/cfg.py:3006}}
Apr 02 05:44:00.897996 np0000162703 nova-scheduler[107349]: DEBUG cotyledon.oslo_config_glue [-] oslo_messaging_rabbit.rabbit_quorum_queue = False {{(pid=107349) log_opt_values /opt/stack/data/venv/lib/python3.12/site-packages/oslo_config/cfg.py:3006}}
Apr 02 05:44:00.897996 np0000162703 nova-scheduler[107349]: DEBUG cotyledon.oslo_config_glue [-] oslo_messaging_rabbit.rabbit_retry_backoff = 2 {{(pid=107349) log_opt_values /opt/stack/data/venv/lib/python3.12/site-packages/oslo_config/cfg.py:3006}}
Apr 02 05:44:00.897996 np0000162703 nova-scheduler[107349]: DEBUG cotyledon.oslo_config_glue [-] oslo_messaging_rabbit.rabbit_retry_interval = 1 {{(pid=107349) log_opt_values /opt/stack/data/venv/lib/python3.12/site-packages/oslo_config/cfg.py:3006}}
Apr 02 05:44:00.898228 np0000162703 nova-scheduler[107349]: DEBUG cotyledon.oslo_config_glue [-] oslo_messaging_rabbit.rabbit_stream_fanout = False {{(pid=107349) log_opt_values /opt/stack/data/venv/lib/python3.12/site-packages/oslo_config/cfg.py:3006}}
Apr 02 05:44:00.898228 np0000162703 nova-scheduler[107349]: DEBUG cotyledon.oslo_config_glue [-] oslo_messaging_rabbit.rabbit_transient_queues_ttl = 1800 {{(pid=107349) log_opt_values /opt/stack/data/venv/lib/python3.12/site-packages/oslo_config/cfg.py:3006}}
Apr 02 05:44:00.898228 np0000162703 nova-scheduler[107349]: DEBUG cotyledon.oslo_config_glue [-] oslo_messaging_rabbit.rabbit_transient_quorum_queue = False {{(pid=107349) log_opt_values /opt/stack/data/venv/lib/python3.12/site-packages/oslo_config/cfg.py:3006}}
Apr 02 05:44:00.898228 np0000162703 nova-scheduler[107349]: DEBUG cotyledon.oslo_config_glue [-] oslo_messaging_rabbit.rpc_conn_pool_size = 30 {{(pid=107349) log_opt_values /opt/stack/data/venv/lib/python3.12/site-packages/oslo_config/cfg.py:3006}}
Apr 02 05:44:00.898228 np0000162703 nova-scheduler[107349]: DEBUG cotyledon.oslo_config_glue [-] oslo_messaging_rabbit.ssl = False {{(pid=107349) log_opt_values /opt/stack/data/venv/lib/python3.12/site-packages/oslo_config/cfg.py:3006}}
Apr 02 05:44:00.898228 np0000162703 nova-scheduler[107349]: DEBUG cotyledon.oslo_config_glue [-] oslo_messaging_rabbit.ssl_ca_file = {{(pid=107349) log_opt_values /opt/stack/data/venv/lib/python3.12/site-packages/oslo_config/cfg.py:3006}}
Apr 02 05:44:00.898228 np0000162703 nova-scheduler[107349]: DEBUG cotyledon.oslo_config_glue [-] oslo_messaging_rabbit.ssl_cert_file = {{(pid=107349) log_opt_values /opt/stack/data/venv/lib/python3.12/site-packages/oslo_config/cfg.py:3006}}
Apr 02 05:44:00.898228 np0000162703 nova-scheduler[107349]: DEBUG cotyledon.oslo_config_glue [-] oslo_messaging_rabbit.ssl_enforce_fips_mode = False {{(pid=107349) log_opt_values /opt/stack/data/venv/lib/python3.12/site-packages/oslo_config/cfg.py:3006}}
Apr 02 05:44:00.898228 np0000162703 nova-scheduler[107349]: DEBUG cotyledon.oslo_config_glue [-] oslo_messaging_rabbit.ssl_key_file = {{(pid=107349) log_opt_values /opt/stack/data/venv/lib/python3.12/site-packages/oslo_config/cfg.py:3006}}
Apr 02 05:44:00.898445 np0000162703 nova-scheduler[107349]: DEBUG cotyledon.oslo_config_glue [-] oslo_messaging_rabbit.ssl_version = {{(pid=107349) log_opt_values /opt/stack/data/venv/lib/python3.12/site-packages/oslo_config/cfg.py:3006}}
Apr 02 05:44:00.898445 np0000162703 nova-scheduler[107349]: DEBUG cotyledon.oslo_config_glue [-] oslo_messaging_rabbit.use_queue_manager = False {{(pid=107349) log_opt_values /opt/stack/data/venv/lib/python3.12/site-packages/oslo_config/cfg.py:3006}}
Apr 02 05:44:00.898445 np0000162703 nova-scheduler[107349]: DEBUG cotyledon.oslo_config_glue [-] oslo_messaging_notifications.driver = ['messagingv2'] {{(pid=107349) log_opt_values /opt/stack/data/venv/lib/python3.12/site-packages/oslo_config/cfg.py:3006}}
Apr 02 05:44:00.898445 np0000162703 nova-scheduler[107349]: DEBUG cotyledon.oslo_config_glue [-] oslo_messaging_notifications.retry = -1 {{(pid=107349) log_opt_values /opt/stack/data/venv/lib/python3.12/site-packages/oslo_config/cfg.py:3006}}
Apr 02 05:44:00.898445 np0000162703 nova-scheduler[107349]: DEBUG cotyledon.oslo_config_glue [-] oslo_messaging_notifications.topics = ['notifications'] {{(pid=107349) log_opt_values /opt/stack/data/venv/lib/python3.12/site-packages/oslo_config/cfg.py:3006}}
Apr 02 05:44:00.898445 np0000162703 nova-scheduler[107349]: DEBUG cotyledon.oslo_config_glue [-] oslo_messaging_notifications.transport_url = **** {{(pid=107349) log_opt_values /opt/stack/data/venv/lib/python3.12/site-packages/oslo_config/cfg.py:3006}}
Apr 02 05:44:00.898445 np0000162703 nova-scheduler[107349]: DEBUG cotyledon.oslo_config_glue [-] oslo_limit.auth_section = None {{(pid=107349) log_opt_values /opt/stack/data/venv/lib/python3.12/site-packages/oslo_config/cfg.py:3006}}
Apr 02 05:44:00.898445 np0000162703 nova-scheduler[107349]: DEBUG cotyledon.oslo_config_glue [-] oslo_limit.auth_type = None {{(pid=107349) log_opt_values /opt/stack/data/venv/lib/python3.12/site-packages/oslo_config/cfg.py:3006}}
Apr 02 05:44:00.898445 np0000162703 nova-scheduler[107349]: DEBUG cotyledon.oslo_config_glue [-] oslo_limit.cafile = None {{(pid=107349) log_opt_values /opt/stack/data/venv/lib/python3.12/site-packages/oslo_config/cfg.py:3006}}
Apr 02 05:44:00.898670 np0000162703 nova-scheduler[107349]: DEBUG cotyledon.oslo_config_glue [-] oslo_limit.certfile = None {{(pid=107349) log_opt_values /opt/stack/data/venv/lib/python3.12/site-packages/oslo_config/cfg.py:3006}}
Apr 02 05:44:00.898670 np0000162703 nova-scheduler[107349]: DEBUG cotyledon.oslo_config_glue [-] oslo_limit.collect_timing = False {{(pid=107349) log_opt_values /opt/stack/data/venv/lib/python3.12/site-packages/oslo_config/cfg.py:3006}}
Apr 02 05:44:00.898670 np0000162703 nova-scheduler[107349]: DEBUG cotyledon.oslo_config_glue [-] oslo_limit.connect_retries = None {{(pid=107349) log_opt_values /opt/stack/data/venv/lib/python3.12/site-packages/oslo_config/cfg.py:3006}}
Apr 02 05:44:00.898670 np0000162703 nova-scheduler[107349]: DEBUG cotyledon.oslo_config_glue [-] oslo_limit.connect_retry_delay = None {{(pid=107349) log_opt_values /opt/stack/data/venv/lib/python3.12/site-packages/oslo_config/cfg.py:3006}}
Apr 02 05:44:00.898670 np0000162703 nova-scheduler[107349]: DEBUG cotyledon.oslo_config_glue [-] oslo_limit.endpoint_id = None {{(pid=107349) log_opt_values /opt/stack/data/venv/lib/python3.12/site-packages/oslo_config/cfg.py:3006}}
Apr 02 05:44:00.898670 np0000162703 nova-scheduler[107349]: DEBUG cotyledon.oslo_config_glue [-] oslo_limit.endpoint_interface = public {{(pid=107349) log_opt_values /opt/stack/data/venv/lib/python3.12/site-packages/oslo_config/cfg.py:3006}}
Apr 02 05:44:00.898670 np0000162703 nova-scheduler[107349]: DEBUG cotyledon.oslo_config_glue [-] oslo_limit.endpoint_override = None {{(pid=107349) log_opt_values /opt/stack/data/venv/lib/python3.12/site-packages/oslo_config/cfg.py:3006}}
Apr 02 05:44:00.898861 np0000162703 nova-scheduler[107333]: DEBUG dbcounter [-] [107333] Writer thread running {{(pid=107333) stat_writer /opt/stack/data/venv/lib/python3.12/site-packages/dbcounter.py:102}}
Apr 02 05:44:00.898896 np0000162703 nova-scheduler[107349]: DEBUG cotyledon.oslo_config_glue [-] oslo_limit.endpoint_region_name = None {{(pid=107349) log_opt_values /opt/stack/data/venv/lib/python3.12/site-packages/oslo_config/cfg.py:3006}}
Apr 02 05:44:00.898896 np0000162703 nova-scheduler[107349]: DEBUG cotyledon.oslo_config_glue [-] oslo_limit.endpoint_service_name = None {{(pid=107349) log_opt_values /opt/stack/data/venv/lib/python3.12/site-packages/oslo_config/cfg.py:3006}}
Apr 02 05:44:00.898896 np0000162703 nova-scheduler[107349]: DEBUG cotyledon.oslo_config_glue [-] oslo_limit.endpoint_service_type = None {{(pid=107349) log_opt_values /opt/stack/data/venv/lib/python3.12/site-packages/oslo_config/cfg.py:3006}}
Apr 02 05:44:00.898896 np0000162703 nova-scheduler[107349]: DEBUG cotyledon.oslo_config_glue [-] oslo_limit.insecure = False {{(pid=107349) log_opt_values /opt/stack/data/venv/lib/python3.12/site-packages/oslo_config/cfg.py:3006}}
Apr 02 05:44:00.898896 np0000162703 nova-scheduler[107349]: DEBUG cotyledon.oslo_config_glue [-] oslo_limit.keyfile = None {{(pid=107349) log_opt_values /opt/stack/data/venv/lib/python3.12/site-packages/oslo_config/cfg.py:3006}}
Apr 02 05:44:00.898896 np0000162703 nova-scheduler[107349]: DEBUG cotyledon.oslo_config_glue [-] oslo_limit.max_version = None {{(pid=107349) log_opt_values /opt/stack/data/venv/lib/python3.12/site-packages/oslo_config/cfg.py:3006}}
Apr 02 05:44:00.898896 np0000162703 nova-scheduler[107349]: DEBUG cotyledon.oslo_config_glue [-] oslo_limit.min_version = None {{(pid=107349) log_opt_values /opt/stack/data/venv/lib/python3.12/site-packages/oslo_config/cfg.py:3006}}
Apr 02 05:44:00.898896 np0000162703 nova-scheduler[107349]: DEBUG cotyledon.oslo_config_glue [-] oslo_limit.region_name = None {{(pid=107349) log_opt_values /opt/stack/data/venv/lib/python3.12/site-packages/oslo_config/cfg.py:3006}}
Apr 02 05:44:00.898896 np0000162703 nova-scheduler[107349]: DEBUG cotyledon.oslo_config_glue [-] oslo_limit.retriable_status_codes = None {{(pid=107349) log_opt_values /opt/stack/data/venv/lib/python3.12/site-packages/oslo_config/cfg.py:3006}}
Apr 02 05:44:00.899106 np0000162703 nova-scheduler[107349]: DEBUG cotyledon.oslo_config_glue [-] oslo_limit.service_name = None {{(pid=107349) log_opt_values /opt/stack/data/venv/lib/python3.12/site-packages/oslo_config/cfg.py:3006}}
Apr 02 05:44:00.899106 np0000162703 nova-scheduler[107349]: DEBUG cotyledon.oslo_config_glue [-] oslo_limit.service_type = None {{(pid=107349) log_opt_values /opt/stack/data/venv/lib/python3.12/site-packages/oslo_config/cfg.py:3006}}
Apr 02 05:44:00.899106 np0000162703 nova-scheduler[107349]: DEBUG cotyledon.oslo_config_glue [-] oslo_limit.split_loggers = False {{(pid=107349) log_opt_values /opt/stack/data/venv/lib/python3.12/site-packages/oslo_config/cfg.py:3006}}
Apr 02 05:44:00.899106 np0000162703 nova-scheduler[107349]: DEBUG cotyledon.oslo_config_glue [-] oslo_limit.status_code_retries = None {{(pid=107349) log_opt_values /opt/stack/data/venv/lib/python3.12/site-packages/oslo_config/cfg.py:3006}}
Apr 02 05:44:00.899106 np0000162703 nova-scheduler[107349]: DEBUG cotyledon.oslo_config_glue [-] oslo_limit.status_code_retry_delay = None {{(pid=107349) log_opt_values /opt/stack/data/venv/lib/python3.12/site-packages/oslo_config/cfg.py:3006}}
Apr 02 05:44:00.899106 np0000162703 nova-scheduler[107349]: DEBUG cotyledon.oslo_config_glue [-] oslo_limit.timeout = None {{(pid=107349) log_opt_values /opt/stack/data/venv/lib/python3.12/site-packages/oslo_config/cfg.py:3006}}
Apr 02 05:44:00.899106 np0000162703 nova-scheduler[107349]: DEBUG cotyledon.oslo_config_glue [-] oslo_limit.valid_interfaces = None {{(pid=107349) log_opt_values /opt/stack/data/venv/lib/python3.12/site-packages/oslo_config/cfg.py:3006}}
Apr 02 05:44:00.899106 np0000162703 nova-scheduler[107349]: DEBUG cotyledon.oslo_config_glue [-] oslo_limit.version = None {{(pid=107349) log_opt_values /opt/stack/data/venv/lib/python3.12/site-packages/oslo_config/cfg.py:3006}}
Apr 02 05:44:00.899106 np0000162703 nova-scheduler[107349]: DEBUG cotyledon.oslo_config_glue [-] oslo_reports.file_event_handler = None {{(pid=107349) log_opt_values /opt/stack/data/venv/lib/python3.12/site-packages/oslo_config/cfg.py:3006}}
Apr 02 05:44:00.899325 np0000162703 nova-scheduler[107349]: DEBUG cotyledon.oslo_config_glue [-] oslo_reports.file_event_handler_interval = 1 {{(pid=107349) log_opt_values /opt/stack/data/venv/lib/python3.12/site-packages/oslo_config/cfg.py:3006}}
Apr 02 05:44:00.899325 np0000162703 nova-scheduler[107349]: DEBUG cotyledon.oslo_config_glue [-] oslo_reports.log_dir = None {{(pid=107349) log_opt_values /opt/stack/data/venv/lib/python3.12/site-packages/oslo_config/cfg.py:3006}}
Apr 02 05:44:00.899325 np0000162703 nova-scheduler[107349]: DEBUG cotyledon.oslo_config_glue [-] ******************************************************************************** {{(pid=107349) log_opt_values /opt/stack/data/venv/lib/python3.12/site-packages/oslo_config/cfg.py:3013}}
Apr 02 05:44:00.899325 np0000162703 nova-scheduler[107349]: DEBUG cotyledon._service_worker [-] Run service ServiceWrapper(3) [107349] {{(pid=107349) wait_forever /opt/stack/data/venv/lib/python3.12/site-packages/cotyledon/_service_worker.py:218}}
Apr 02 05:44:00.899325 np0000162703 nova-scheduler[107349]: INFO nova.service [-] Starting scheduler node (version 33.1.0)
Apr 02 05:44:00.899444 np0000162703 nova-scheduler[107341]: DEBUG oslo_db.sqlalchemy.engines [None req-f63e713c-8ca8-464f-adc9-32695ff0a102 None None] MySQL server mode set to STRICT_TRANS_TABLES,STRICT_ALL_TABLES,NO_ZERO_IN_DATE,NO_ZERO_DATE,ERROR_FOR_DIVISION_BY_ZERO,TRADITIONAL,NO_ENGINE_SUBSTITUTION {{(pid=107341) _check_effective_sql_mode /opt/stack/data/venv/lib/python3.12/site-packages/oslo_db/sqlalchemy/engines.py:325}}
Apr 02 05:44:00.899471 np0000162703 nova-scheduler[107349]: INFO dbcounter [None req-1e44d751-3b63-477d-b314-92b474988b6b None None] Registered counter for database nova_cell0
Apr 02 05:44:00.899497 np0000162703 nova-scheduler[107326]: DEBUG nova.service [None req-2f15b794-f593-4c53-a0c1-6ed25ea75871 None None] Creating RPC server for service: nova-scheduler on topic: scheduler {{(pid=107326) start /opt/stack/nova/nova/service.py:195}}
Apr 02 05:44:00.899526 np0000162703 nova-scheduler[107341]: DEBUG dbcounter [-] [107341] Writer thread running {{(pid=107341) stat_writer /opt/stack/data/venv/lib/python3.12/site-packages/dbcounter.py:102}}
Apr 02 05:44:00.901827 np0000162703 nova-scheduler[107341]: DEBUG nova.service [None req-f63e713c-8ca8-464f-adc9-32695ff0a102 None None] Creating RPC server for service: nova-scheduler on topic: scheduler {{(pid=107341) start /opt/stack/nova/nova/service.py:195}}
Apr 02 05:44:00.901865 np0000162703 nova-scheduler[107349]: DEBUG oslo_db.sqlalchemy.engines [None req-1e44d751-3b63-477d-b314-92b474988b6b None None] MySQL server mode set to STRICT_TRANS_TABLES,STRICT_ALL_TABLES,NO_ZERO_IN_DATE,NO_ZERO_DATE,ERROR_FOR_DIVISION_BY_ZERO,TRADITIONAL,NO_ENGINE_SUBSTITUTION {{(pid=107349) _check_effective_sql_mode /opt/stack/data/venv/lib/python3.12/site-packages/oslo_db/sqlalchemy/engines.py:325}}
Apr 02 05:44:00.908388 np0000162703 nova-scheduler[107333]: DEBUG nova.service [None req-ddd3ff15-f314-4107-abc5-b048279d223a None None] Creating RPC server for service: nova-scheduler on topic: scheduler {{(pid=107333) start /opt/stack/nova/nova/service.py:195}}
Apr 02 05:44:00.915192 np0000162703 nova-scheduler[107349]: DEBUG dbcounter [-] [107349] Writer thread running {{(pid=107349) stat_writer /opt/stack/data/venv/lib/python3.12/site-packages/dbcounter.py:102}}
Apr 02 05:44:00.918781 np0000162703 nova-scheduler[107349]: DEBUG nova.service [None req-1e44d751-3b63-477d-b314-92b474988b6b None None] Creating RPC server for service: nova-scheduler on topic: scheduler {{(pid=107349) start /opt/stack/nova/nova/service.py:195}}
Apr 02 05:44:00.927031 np0000162703 nova-scheduler[107341]: DEBUG nova.service [None req-f63e713c-8ca8-464f-adc9-32695ff0a102 None None] Join ServiceGroup membership for this service scheduler {{(pid=107341) start /opt/stack/nova/nova/service.py:221}}
Apr 02 05:44:00.927320 np0000162703 nova-scheduler[107341]: DEBUG nova.servicegroup.drivers.db [None req-f63e713c-8ca8-464f-adc9-32695ff0a102 None None] DB_Driver: join new ServiceGroup member np0000162703 to the scheduler group, service = {{(pid=107341) join /opt/stack/nova/nova/servicegroup/drivers/db.py:44}}
Apr 02 05:44:00.930030 np0000162703 nova-scheduler[107326]: DEBUG nova.service [None req-2f15b794-f593-4c53-a0c1-6ed25ea75871 None None] Join ServiceGroup membership for this service scheduler {{(pid=107326) start /opt/stack/nova/nova/service.py:221}}
Apr 02 05:44:00.930030 np0000162703 nova-scheduler[107326]: DEBUG nova.servicegroup.drivers.db [None req-2f15b794-f593-4c53-a0c1-6ed25ea75871 None None] DB_Driver: join new ServiceGroup member np0000162703 to the scheduler group, service = {{(pid=107326) join /opt/stack/nova/nova/servicegroup/drivers/db.py:44}}
Apr 02 05:44:00.932022 np0000162703 nova-scheduler[107333]: DEBUG nova.service [None req-ddd3ff15-f314-4107-abc5-b048279d223a None None] Join ServiceGroup membership for this service scheduler {{(pid=107333) start /opt/stack/nova/nova/service.py:221}}
Apr 02 05:44:00.932518 np0000162703 nova-scheduler[107333]: DEBUG nova.servicegroup.drivers.db [None req-ddd3ff15-f314-4107-abc5-b048279d223a None None] DB_Driver: join new ServiceGroup member np0000162703 to the scheduler group, service = {{(pid=107333) join /opt/stack/nova/nova/servicegroup/drivers/db.py:44}}
Apr 02 05:44:00.936710 np0000162703 nova-scheduler[107326]: DEBUG oslo.service.backend._threading.loopingcall [None req-d99b0976-25b7-4bbb-8def-615764fa0556 None None] Dynamic interval looping call 'nova.service.Service.periodic_tasks' sleeping for 60.00 seconds {{(pid=107326) _run_loop /opt/stack/data/venv/lib/python3.12/site-packages/oslo_service/backend/_threading/loopingcall.py:125}}
Apr 02 05:44:00.944283 np0000162703 nova-scheduler[107349]: DEBUG nova.service [None req-1e44d751-3b63-477d-b314-92b474988b6b None None] Join ServiceGroup membership for this service scheduler {{(pid=107349) start /opt/stack/nova/nova/service.py:221}}
Apr 02 05:44:00.945129 np0000162703 nova-scheduler[107349]: DEBUG nova.servicegroup.drivers.db [None req-1e44d751-3b63-477d-b314-92b474988b6b None None] DB_Driver: join new ServiceGroup member np0000162703 to the scheduler group, service = {{(pid=107349) join /opt/stack/nova/nova/servicegroup/drivers/db.py:44}}
Apr 02 05:44:05.952815 np0000162703 nova-scheduler[107326]: DEBUG oslo.service.backend._threading.loopingcall [-] Fixed interval looping call 'nova.servicegroup.drivers.db.DbDriver._report_state' sleeping for 119.98 seconds {{(pid=107326) _run_loop /opt/stack/data/venv/lib/python3.12/site-packages/oslo_service/backend/_threading/loopingcall.py:125}}
Apr 02 05:44:05.953637 np0000162703 nova-scheduler[107341]: DEBUG oslo.service.backend._threading.loopingcall [-] Fixed interval looping call 'nova.servicegroup.drivers.db.DbDriver._report_state' sleeping for 119.98 seconds {{(pid=107341) _run_loop /opt/stack/data/venv/lib/python3.12/site-packages/oslo_service/backend/_threading/loopingcall.py:125}}
Apr 02 05:44:05.956247 np0000162703 nova-scheduler[107349]: DEBUG oslo.service.backend._threading.loopingcall [-] Fixed interval looping call 'nova.servicegroup.drivers.db.DbDriver._report_state' sleeping for 119.99 seconds {{(pid=107349) _run_loop /opt/stack/data/venv/lib/python3.12/site-packages/oslo_service/backend/_threading/loopingcall.py:125}}
Apr 02 05:44:05.956708 np0000162703 nova-scheduler[107333]: DEBUG oslo.service.backend._threading.loopingcall [-] Fixed interval looping call 'nova.servicegroup.drivers.db.DbDriver._report_state' sleeping for 119.98 seconds {{(pid=107333) _run_loop /opt/stack/data/venv/lib/python3.12/site-packages/oslo_service/backend/_threading/loopingcall.py:125}}
Apr 02 05:44:09.460848 np0000162703 nova-scheduler[106602]: DEBUG dbcounter [-] [106602] Writing DB stats nova_api:SELECT=3 {{(pid=106602) stat_writer /opt/stack/data/venv/lib/python3.12/site-packages/dbcounter.py:115}}
Apr 02 05:44:09.613190 np0000162703 nova-scheduler[106602]: DEBUG dbcounter [-] [106602] Writing DB stats nova_cell1:SELECT=1 {{(pid=106602) stat_writer /opt/stack/data/venv/lib/python3.12/site-packages/dbcounter.py:115}}
Apr 02 05:44:09.615066 np0000162703 nova-scheduler[106602]: DEBUG dbcounter [-] [106602] Writing DB stats nova_cell0:SELECT=1 {{(pid=106602) stat_writer /opt/stack/data/venv/lib/python3.12/site-packages/dbcounter.py:115}}
Apr 02 05:44:15.944445 np0000162703 nova-scheduler[107326]: DEBUG dbcounter [-] [107326] Writing DB stats nova_cell0:SELECT=4,nova_cell0:INSERT=1,nova_cell0:UPDATE=1 {{(pid=107326) stat_writer /opt/stack/data/venv/lib/python3.12/site-packages/dbcounter.py:115}}
Apr 02 05:44:15.950145 np0000162703 nova-scheduler[107341]: DEBUG dbcounter [-] [107341] Writing DB stats nova_cell0:SELECT=3,nova_cell0:UPDATE=1 {{(pid=107341) stat_writer /opt/stack/data/venv/lib/python3.12/site-packages/dbcounter.py:115}}
Apr 02 05:44:15.953612 np0000162703 nova-scheduler[107349]: DEBUG dbcounter [-] [107349] Writing DB stats nova_cell0:SELECT=3 {{(pid=107349) stat_writer /opt/stack/data/venv/lib/python3.12/site-packages/dbcounter.py:115}}
Apr 02 05:44:15.954166 np0000162703 nova-scheduler[107333]: DEBUG dbcounter [-] [107333] Writing DB stats nova_cell0:SELECT=5,nova_cell0:INSERT=1,nova_cell0:UPDATE=1 {{(pid=107333) stat_writer /opt/stack/data/venv/lib/python3.12/site-packages/dbcounter.py:115}}
Apr 02 05:44:32.948339 np0000162703 nova-scheduler[107349]: DEBUG oslo.service.backend._threading.loopingcall [None req-148bea47-4c61-4edb-89f8-1a1dd4fb1866 None None] Dynamic interval looping call 'nova.service.Service.periodic_tasks' sleeping for 60.00 seconds {{(pid=107349) _run_loop /opt/stack/data/venv/lib/python3.12/site-packages/oslo_service/backend/_threading/loopingcall.py:125}}
Apr 02 05:44:52.931241 np0000162703 nova-scheduler[107341]: DEBUG oslo.service.backend._threading.loopingcall [None req-d437a37b-67f2-41c1-8989-fbc138567974 None None] Dynamic interval looping call 'nova.service.Service.periodic_tasks' sleeping for 60.00 seconds {{(pid=107341) _run_loop /opt/stack/data/venv/lib/python3.12/site-packages/oslo_service/backend/_threading/loopingcall.py:125}}
Apr 02 05:44:58.936212 np0000162703 nova-scheduler[107333]: DEBUG oslo.service.backend._threading.loopingcall [None req-98951082-e638-4244-bbff-118eaa74be52 None None] Dynamic interval looping call 'nova.service.Service.periodic_tasks' sleeping for 60.00 seconds {{(pid=107333) _run_loop /opt/stack/data/venv/lib/python3.12/site-packages/oslo_service/backend/_threading/loopingcall.py:125}}
Apr 02 05:45:00.937489 np0000162703 nova-scheduler[107326]: DEBUG oslo.service.backend._threading.loopingcall [None req-d99b0976-25b7-4bbb-8def-615764fa0556 None None] Dynamic interval looping call 'nova.service.Service.periodic_tasks' sleeping for 60.00 seconds {{(pid=107326) _run_loop /opt/stack/data/venv/lib/python3.12/site-packages/oslo_service/backend/_threading/loopingcall.py:125}}
Apr 02 05:45:32.949248 np0000162703 nova-scheduler[107349]: DEBUG oslo.service.backend._threading.loopingcall [None req-148bea47-4c61-4edb-89f8-1a1dd4fb1866 None None] Dynamic interval looping call 'nova.service.Service.periodic_tasks' sleeping for 60.00 seconds {{(pid=107349) _run_loop /opt/stack/data/venv/lib/python3.12/site-packages/oslo_service/backend/_threading/loopingcall.py:125}}
Apr 02 05:45:52.932177 np0000162703 nova-scheduler[107341]: DEBUG oslo.service.backend._threading.loopingcall [None req-d437a37b-67f2-41c1-8989-fbc138567974 None None] Dynamic interval looping call 'nova.service.Service.periodic_tasks' sleeping for 60.00 seconds {{(pid=107341) _run_loop /opt/stack/data/venv/lib/python3.12/site-packages/oslo_service/backend/_threading/loopingcall.py:125}}
Apr 02 05:45:58.937128 np0000162703 nova-scheduler[107333]: DEBUG oslo.service.backend._threading.loopingcall [None req-98951082-e638-4244-bbff-118eaa74be52 None None] Dynamic interval looping call 'nova.service.Service.periodic_tasks' sleeping for 60.00 seconds {{(pid=107333) _run_loop /opt/stack/data/venv/lib/python3.12/site-packages/oslo_service/backend/_threading/loopingcall.py:125}}
Apr 02 05:46:00.938539 np0000162703 nova-scheduler[107326]: DEBUG oslo.service.backend._threading.loopingcall [None req-d99b0976-25b7-4bbb-8def-615764fa0556 None None] Dynamic interval looping call 'nova.service.Service.periodic_tasks' sleeping for 60.00 seconds {{(pid=107326) _run_loop /opt/stack/data/venv/lib/python3.12/site-packages/oslo_service/backend/_threading/loopingcall.py:125}}
Apr 02 05:46:05.943910 np0000162703 nova-scheduler[107326]: DEBUG oslo.service.backend._threading.loopingcall [-] Fixed interval looping call 'nova.servicegroup.drivers.db.DbDriver._report_state' sleeping for 119.99 seconds {{(pid=107326) _run_loop /opt/stack/data/venv/lib/python3.12/site-packages/oslo_service/backend/_threading/loopingcall.py:125}}
Apr 02 05:46:05.944579 np0000162703 nova-scheduler[107341]: DEBUG oslo.service.backend._threading.loopingcall [-] Fixed interval looping call 'nova.servicegroup.drivers.db.DbDriver._report_state' sleeping for 119.99 seconds {{(pid=107341) _run_loop /opt/stack/data/venv/lib/python3.12/site-packages/oslo_service/backend/_threading/loopingcall.py:125}}
Apr 02 05:46:05.945191 np0000162703 nova-scheduler[107333]: DEBUG oslo.service.backend._threading.loopingcall [-] Fixed interval looping call 'nova.servicegroup.drivers.db.DbDriver._report_state' sleeping for 119.99 seconds {{(pid=107333) _run_loop /opt/stack/data/venv/lib/python3.12/site-packages/oslo_service/backend/_threading/loopingcall.py:125}}
Apr 02 05:46:05.952178 np0000162703 nova-scheduler[107349]: DEBUG oslo.service.backend._threading.loopingcall [-] Fixed interval looping call 'nova.servicegroup.drivers.db.DbDriver._report_state' sleeping for 119.99 seconds {{(pid=107349) _run_loop /opt/stack/data/venv/lib/python3.12/site-packages/oslo_service/backend/_threading/loopingcall.py:125}}
Apr 02 05:46:15.938065 np0000162703 nova-scheduler[107326]: DEBUG dbcounter [-] [107326] Writing DB stats nova_cell0:SELECT=1,nova_cell0:UPDATE=1 {{(pid=107326) stat_writer /opt/stack/data/venv/lib/python3.12/site-packages/dbcounter.py:115}}
Apr 02 05:46:15.940939 np0000162703 nova-scheduler[107341]: DEBUG dbcounter [-] [107341] Writing DB stats nova_cell0:SELECT=1,nova_cell0:UPDATE=1 {{(pid=107341) stat_writer /opt/stack/data/venv/lib/python3.12/site-packages/dbcounter.py:115}}
Apr 02 05:46:15.945090 np0000162703 nova-scheduler[107333]: DEBUG dbcounter [-] [107333] Writing DB stats nova_cell0:SELECT=1,nova_cell0:UPDATE=1 {{(pid=107333) stat_writer /opt/stack/data/venv/lib/python3.12/site-packages/dbcounter.py:115}}
Apr 02 05:46:15.949545 np0000162703 nova-scheduler[107349]: DEBUG dbcounter [-] [107349] Writing DB stats nova_cell0:SELECT=1 {{(pid=107349) stat_writer /opt/stack/data/venv/lib/python3.12/site-packages/dbcounter.py:115}}
Apr 02 05:46:32.950162 np0000162703 nova-scheduler[107349]: DEBUG oslo.service.backend._threading.loopingcall [None req-148bea47-4c61-4edb-89f8-1a1dd4fb1866 None None] Dynamic interval looping call 'nova.service.Service.periodic_tasks' sleeping for 60.00 seconds {{(pid=107349) _run_loop /opt/stack/data/venv/lib/python3.12/site-packages/oslo_service/backend/_threading/loopingcall.py:125}}
Apr 02 05:46:52.932702 np0000162703 nova-scheduler[107341]: DEBUG oslo.service.backend._threading.loopingcall [None req-d437a37b-67f2-41c1-8989-fbc138567974 None None] Dynamic interval looping call 'nova.service.Service.periodic_tasks' sleeping for 60.00 seconds {{(pid=107341) _run_loop /opt/stack/data/venv/lib/python3.12/site-packages/oslo_service/backend/_threading/loopingcall.py:125}}
Apr 02 05:46:58.937913 np0000162703 nova-scheduler[107333]: DEBUG oslo.service.backend._threading.loopingcall [None req-98951082-e638-4244-bbff-118eaa74be52 None None] Dynamic interval looping call 'nova.service.Service.periodic_tasks' sleeping for 60.00 seconds {{(pid=107333) _run_loop /opt/stack/data/venv/lib/python3.12/site-packages/oslo_service/backend/_threading/loopingcall.py:125}}
Apr 02 05:47:00.939290 np0000162703 nova-scheduler[107326]: DEBUG oslo.service.backend._threading.loopingcall [None req-d99b0976-25b7-4bbb-8def-615764fa0556 None None] Dynamic interval looping call 'nova.service.Service.periodic_tasks' sleeping for 60.00 seconds {{(pid=107326) _run_loop /opt/stack/data/venv/lib/python3.12/site-packages/oslo_service/backend/_threading/loopingcall.py:125}}
Apr 02 05:47:32.951288 np0000162703 nova-scheduler[107349]: DEBUG oslo.service.backend._threading.loopingcall [None req-148bea47-4c61-4edb-89f8-1a1dd4fb1866 None None] Dynamic interval looping call 'nova.service.Service.periodic_tasks' sleeping for 60.00 seconds {{(pid=107349) _run_loop /opt/stack/data/venv/lib/python3.12/site-packages/oslo_service/backend/_threading/loopingcall.py:125}}
Apr 02 05:47:52.933665 np0000162703 nova-scheduler[107341]: DEBUG oslo.service.backend._threading.loopingcall [None req-d437a37b-67f2-41c1-8989-fbc138567974 None None] Dynamic interval looping call 'nova.service.Service.periodic_tasks' sleeping for 60.00 seconds {{(pid=107341) _run_loop /opt/stack/data/venv/lib/python3.12/site-packages/oslo_service/backend/_threading/loopingcall.py:125}}
Apr 02 05:47:58.939082 np0000162703 nova-scheduler[107333]: DEBUG oslo.service.backend._threading.loopingcall [None req-98951082-e638-4244-bbff-118eaa74be52 None None] Dynamic interval looping call 'nova.service.Service.periodic_tasks' sleeping for 60.00 seconds {{(pid=107333) _run_loop /opt/stack/data/venv/lib/python3.12/site-packages/oslo_service/backend/_threading/loopingcall.py:125}}
Apr 02 05:48:00.940417 np0000162703 nova-scheduler[107326]: DEBUG oslo.service.backend._threading.loopingcall [None req-d99b0976-25b7-4bbb-8def-615764fa0556 None None] Dynamic interval looping call 'nova.service.Service.periodic_tasks' sleeping for 60.00 seconds {{(pid=107326) _run_loop /opt/stack/data/venv/lib/python3.12/site-packages/oslo_service/backend/_threading/loopingcall.py:125}}
Apr 02 05:48:05.945537 np0000162703 nova-scheduler[107326]: DEBUG oslo.service.backend._threading.loopingcall [-] Fixed interval looping call 'nova.servicegroup.drivers.db.DbDriver._report_state' sleeping for 119.99 seconds {{(pid=107326) _run_loop /opt/stack/data/venv/lib/python3.12/site-packages/oslo_service/backend/_threading/loopingcall.py:125}}
Apr 02 05:48:05.946960 np0000162703 nova-scheduler[107333]: DEBUG oslo.service.backend._threading.loopingcall [-] Fixed interval looping call 'nova.servicegroup.drivers.db.DbDriver._report_state' sleeping for 119.99 seconds {{(pid=107333) _run_loop /opt/stack/data/venv/lib/python3.12/site-packages/oslo_service/backend/_threading/loopingcall.py:125}}
Apr 02 05:48:05.947433 np0000162703 nova-scheduler[107341]: DEBUG oslo.service.backend._threading.loopingcall [-] Fixed interval looping call 'nova.servicegroup.drivers.db.DbDriver._report_state' sleeping for 119.99 seconds {{(pid=107341) _run_loop /opt/stack/data/venv/lib/python3.12/site-packages/oslo_service/backend/_threading/loopingcall.py:125}}
Apr 02 05:48:05.947936 np0000162703 nova-scheduler[107349]: DEBUG oslo.service.backend._threading.loopingcall [-] Fixed interval looping call 'nova.servicegroup.drivers.db.DbDriver._report_state' sleeping for 119.99 seconds {{(pid=107349) _run_loop /opt/stack/data/venv/lib/python3.12/site-packages/oslo_service/backend/_threading/loopingcall.py:125}}
Apr 02 05:48:11.286625 np0000162703 nova-scheduler[107341]: DEBUG nova.scheduler.manager [None req-a2481c7d-6266-4486-b451-2116e8401acb demo demo] Starting to schedule for instances: ['a901beb1-8a70-4eee-9f78-062d2e166e85'] {{(pid=107341) select_destinations /opt/stack/nova/nova/scheduler/manager.py:210}}
Apr 02 05:48:11.289330 np0000162703 nova-scheduler[107341]: DEBUG oslo_db.sqlalchemy.engines [None req-a2481c7d-6266-4486-b451-2116e8401acb demo demo] Parent process 106602 forked (107341) with an open database connection, which is being discarded and recreated. {{(pid=107341) checkout /opt/stack/data/venv/lib/python3.12/site-packages/oslo_db/sqlalchemy/engines.py:402}}
Apr 02 05:48:11.297594 np0000162703 nova-scheduler[107341]: DEBUG dbcounter [-] [107341] Writer thread running {{(pid=107341) stat_writer /opt/stack/data/venv/lib/python3.12/site-packages/dbcounter.py:102}}
Apr 02 05:48:11.301959 np0000162703 nova-scheduler[107341]: DEBUG nova.scheduler.request_filter [None req-a2481c7d-6266-4486-b451-2116e8401acb demo demo] Request filter 'map_az_to_placement_aggregate' took 0.0 seconds {{(pid=107341) wrapper /opt/stack/nova/nova/scheduler/request_filter.py:46}}
