2026-05-06 02:29:35.453 11 INFO neutron.db.ovn_revision_numbers_db [None req-c3300174-91eb-4d40-9c8c-e56908912e61 - - - - - -] Successfully bumped revision number for resource ea741b34-5f3d-4f90-8267-a2635fe3fb93 (type: ports) to 1
2026-05-06 02:29:35.481 10 INFO neutron.wsgi [req-de7b9f84-22f2-4db3-a7d5-775c8725ed0f req-24369f6f-70dd-4072-bd38-858d4b9252cc 059dd4792f9840a7996c913ad60288fa 9e1e1488ce14464e884f47ea96c05141 - - b55d5f6f0ff1483bb3a71a1c3ca2fa88 b55d5f6f0ff1483bb3a71a1c3ca2fa88] 199.19.213.147 "GET /v2.0/subnets?id=d28bb890-a78b-4213-be7a-8a07f561c637 HTTP/1.1" status: 200 len: 852 time: 0.0322313
2026-05-06 02:29:35.486 11 WARNING neutron.scheduler.dhcp_agent_scheduler [None req-629b5825-1248-4baf-8e53-a5bf71d3e3f5 09a5f2e746694bfdbab22fc27ee986a3 213cbe7d811148cbb2df98a35bd0c857 - - default default] No more DHCP agents
2026-05-06 02:29:35.490 11 WARNING neutron.api.rpc.agentnotifiers.dhcp_rpc_agent_api [None req-629b5825-1248-4baf-8e53-a5bf71d3e3f5 09a5f2e746694bfdbab22fc27ee986a3 213cbe7d811148cbb2df98a35bd0c857 - - default default] Unable to schedule network 1c6a940c-59ff-48cf-bb5c-86c7d833fe7b: no agents available; will retry on subsequent port and subnet creation events.
2026-05-06 02:29:35.514 10 INFO neutron.wsgi [req-de7b9f84-22f2-4db3-a7d5-775c8725ed0f req-f090f76a-1695-4282-a104-6ce7db726b52 059dd4792f9840a7996c913ad60288fa 9e1e1488ce14464e884f47ea96c05141 - - b55d5f6f0ff1483bb3a71a1c3ca2fa88 b55d5f6f0ff1483bb3a71a1c3ca2fa88] 199.19.213.147 "GET /v2.0/ports?network_id=ee041099-9b39-4af3-8344-3467a729294d&device_owner=network%3Adhcp HTTP/1.1" status: 200 len: 210 time: 0.0247447
2026-05-06 02:29:35.582 10 INFO neutron.wsgi [req-de7b9f84-22f2-4db3-a7d5-775c8725ed0f req-a41d2079-f46a-4063-92dd-c30b4c70d3ec 059dd4792f9840a7996c913ad60288fa 9e1e1488ce14464e884f47ea96c05141 - - b55d5f6f0ff1483bb3a71a1c3ca2fa88 b55d5f6f0ff1483bb3a71a1c3ca2fa88] 199.19.213.147 "GET /v2.0/networks/ee041099-9b39-4af3-8344-3467a729294d?fields=segments HTTP/1.1" status: 200 len: 212 time: 0.0624499
2026-05-06 02:29:35.646 10 INFO neutron.db.ovn_revision_numbers_db [None req-3b1a3d7d-dafa-4f72-afff-a9535e0f90d6 09a5f2e746694bfdbab22fc27ee986a3 213cbe7d811148cbb2df98a35bd0c857 - - default default] Successfully bumped revision number for resource 454a8f01-46c1-4b03-adad-2d4e53fe8363 (type: security_groups) to 1
2026-05-06 02:29:35.649 10 INFO neutron.wsgi [req-de7b9f84-22f2-4db3-a7d5-775c8725ed0f req-9237196b-90ab-46a8-8c79-e5c883e85b53 059dd4792f9840a7996c913ad60288fa 9e1e1488ce14464e884f47ea96c05141 - - b55d5f6f0ff1483bb3a71a1c3ca2fa88 b55d5f6f0ff1483bb3a71a1c3ca2fa88] 199.19.213.147 "GET /v2.0/networks/ee041099-9b39-4af3-8344-3467a729294d?fields=provider%3Aphysical_network&fields=provider%3Anetwork_type HTTP/1.1" status: 200 len: 277 time: 0.0599666
2026-05-06 02:29:35.665 10 INFO neutron.db.ovn_revision_numbers_db [None req-3b1a3d7d-dafa-4f72-afff-a9535e0f90d6 09a5f2e746694bfdbab22fc27ee986a3 213cbe7d811148cbb2df98a35bd0c857 - - default default] Successfully bumped revision number for resource 6c1b47d3-7e87-4ca8-89a5-d5418c1eb8ec (type: security_group_rules) to 0
2026-05-06 02:29:35.675 10 INFO neutron.db.ovn_revision_numbers_db [None req-3b1a3d7d-dafa-4f72-afff-a9535e0f90d6 09a5f2e746694bfdbab22fc27ee986a3 213cbe7d811148cbb2df98a35bd0c857 - - default default] Successfully bumped revision number for resource b1b16ff6-7f43-4614-a740-558e73a388d2 (type: security_group_rules) to 0
2026-05-06 02:29:35.699 10 INFO neutron.db.ovn_revision_numbers_db [None req-3b1a3d7d-dafa-4f72-afff-a9535e0f90d6 09a5f2e746694bfdbab22fc27ee986a3 213cbe7d811148cbb2df98a35bd0c857 - - default default] Successfully bumped revision number for resource c06fb149-8c9c-4705-b469-0a531b499a59 (type: security_group_rules) to 0
2026-05-06 02:29:35.706 11 INFO neutron.db.ovn_revision_numbers_db [None req-629b5825-1248-4baf-8e53-a5bf71d3e3f5 09a5f2e746694bfdbab22fc27ee986a3 213cbe7d811148cbb2df98a35bd0c857 - - default default] Successfully bumped revision number for resource 155e95b5-a377-485d-ad89-0612b775c607 (type: ports) to 1
2026-05-06 02:29:35.728 10 INFO neutron.db.ovn_revision_numbers_db [None req-3b1a3d7d-dafa-4f72-afff-a9535e0f90d6 09a5f2e746694bfdbab22fc27ee986a3 213cbe7d811148cbb2df98a35bd0c857 - - default default] Successfully bumped revision number for resource ed9856d0-4d1d-4f59-bbd0-04390cfdec5a (type: security_group_rules) to 0
2026-05-06 02:29:35.741 10 INFO neutron.wsgi [req-ef75de42-0d96-4277-bcf4-4327a1fe5fb4 req-4beba9d0-45b9-4e27-8fdb-e01990d4b23a 059dd4792f9840a7996c913ad60288fa 9e1e1488ce14464e884f47ea96c05141 - - b55d5f6f0ff1483bb3a71a1c3ca2fa88 b55d5f6f0ff1483bb3a71a1c3ca2fa88] 199.19.213.147 "GET /v2.0/ports?tenant_id=42b0739dcc8f48b9afb9278a2e834eb0&device_id=9128989c-dfeb-4d21-96b4-ac6b0b26c28e HTTP/1.1" status: 200 len: 1407 time: 0.0511835
2026-05-06 02:29:35.753 10 INFO neutron.wsgi [None req-3b1a3d7d-dafa-4f72-afff-a9535e0f90d6 09a5f2e746694bfdbab22fc27ee986a3 213cbe7d811148cbb2df98a35bd0c857 - - default default] 10.0.0.140 "GET /v2.0/security-groups?tenant_id=75c6071508a04275964d185ba6d5786c&name=default HTTP/1.1" status: 200 len: 2996 time: 0.2504392
2026-05-06 02:29:35.791 11 INFO neutron.db.ovn_revision_numbers_db [None req-c3300174-91eb-4d40-9c8c-e56908912e61 - - - - - -] Successfully bumped revision number for resource ea741b34-5f3d-4f90-8267-a2635fe3fb93 (type: router_ports) to 3
2026-05-06 02:29:35.820 10 INFO neutron.wsgi [req-ef75de42-0d96-4277-bcf4-4327a1fe5fb4 req-61da29c3-fb54-4a0f-a82b-766dd1dac616 059dd4792f9840a7996c913ad60288fa 9e1e1488ce14464e884f47ea96c05141 - - b55d5f6f0ff1483bb3a71a1c3ca2fa88 b55d5f6f0ff1483bb3a71a1c3ca2fa88] 199.19.213.147 "GET /v2.0/networks?id=ee041099-9b39-4af3-8344-3467a729294d HTTP/1.1" status: 200 len: 958 time: 0.0707211
2026-05-06 02:29:35.863 10 INFO neutron.plugins.ml2.drivers.ovn.mech_driver.mech_driver [None req-f8b393ac-a4c8-43d2-9ab8-dd3cbc701aa1 - - - - - -] OVN reports status up for port: 4a926589-56f0-4339-8d4d-9f74bd7aa4bf
2026-05-06 02:29:35.866 10 INFO neutron.wsgi [req-ef75de42-0d96-4277-bcf4-4327a1fe5fb4 req-d7529954-f600-4cb5-bf26-999a45635f30 059dd4792f9840a7996c913ad60288fa 9e1e1488ce14464e884f47ea96c05141 - - b55d5f6f0ff1483bb3a71a1c3ca2fa88 b55d5f6f0ff1483bb3a71a1c3ca2fa88] 199.19.213.147 "GET /v2.0/floatingips?fixed_ip_address=10.100.0.6&port_id=4a926589-56f0-4339-8d4d-9f74bd7aa4bf HTTP/1.1" status: 200 len: 217 time: 0.0368030
2026-05-06 02:29:35.905 10 INFO neutron.wsgi [req-ef75de42-0d96-4277-bcf4-4327a1fe5fb4 req-32ba8e01-6563-411c-a739-b04d02e78f22 059dd4792f9840a7996c913ad60288fa 9e1e1488ce14464e884f47ea96c05141 - - b55d5f6f0ff1483bb3a71a1c3ca2fa88 b55d5f6f0ff1483bb3a71a1c3ca2fa88] 199.19.213.147 "GET /v2.0/subnets?id=d28bb890-a78b-4213-be7a-8a07f561c637 HTTP/1.1" status: 200 len: 852 time: 0.0306034
2026-05-06 02:29:35.919 10 INFO neutron.plugins.ml2.plugin [None req-f8b393ac-a4c8-43d2-9ab8-dd3cbc701aa1 - - - - - -] Attempt 1 to provision port 4a926589-56f0-4339-8d4d-9f74bd7aa4bf
2026-05-06 02:29:35.927 10 INFO neutron.wsgi [req-ef75de42-0d96-4277-bcf4-4327a1fe5fb4 req-5058ce78-660b-4d81-89d2-095e08267b8e 059dd4792f9840a7996c913ad60288fa 9e1e1488ce14464e884f47ea96c05141 - - b55d5f6f0ff1483bb3a71a1c3ca2fa88 b55d5f6f0ff1483bb3a71a1c3ca2fa88] 199.19.213.147 "GET /v2.0/ports?network_id=ee041099-9b39-4af3-8344-3467a729294d&device_owner=network%3Adhcp HTTP/1.1" status: 200 len: 210 time: 0.0172043
2026-05-06 02:29:36.016 10 INFO neutron.wsgi [req-ef75de42-0d96-4277-bcf4-4327a1fe5fb4 req-5f28ab06-a94c-4ae7-83b8-b5a381743b47 059dd4792f9840a7996c913ad60288fa 9e1e1488ce14464e884f47ea96c05141 - - b55d5f6f0ff1483bb3a71a1c3ca2fa88 b55d5f6f0ff1483bb3a71a1c3ca2fa88] 199.19.213.147 "GET /v2.0/networks/ee041099-9b39-4af3-8344-3467a729294d?fields=segments HTTP/1.1" status: 200 len: 212 time: 0.0790529
2026-05-06 02:29:36.102 10 INFO neutron.wsgi [req-ef75de42-0d96-4277-bcf4-4327a1fe5fb4 req-e2a77342-eb79-474a-929d-a96803c38397 059dd4792f9840a7996c913ad60288fa 9e1e1488ce14464e884f47ea96c05141 - - b55d5f6f0ff1483bb3a71a1c3ca2fa88 b55d5f6f0ff1483bb3a71a1c3ca2fa88] 199.19.213.147 "GET /v2.0/networks/ee041099-9b39-4af3-8344-3467a729294d?fields=provider%3Aphysical_network&fields=provider%3Anetwork_type HTTP/1.1" status: 200 len: 277 time: 0.0807681
2026-05-06 02:29:36.223 10 INFO neutron.db.ovn_revision_numbers_db [None req-f8b393ac-a4c8-43d2-9ab8-dd3cbc701aa1 - - - - - -] Successfully bumped revision number for resource 4a926589-56f0-4339-8d4d-9f74bd7aa4bf (type: ports) to 4
2026-05-06 02:29:36.251 11 INFO neutron.wsgi [req-5da47ed5-7cc5-4f4c-a3b9-3b5e55b6acc8 req-66e7ca60-2061-48dd-a2f0-2d4a60bb2213 7de982f6efed4578ae925fbc1e5c9106 42b0739dcc8f48b9afb9278a2e834eb0 - - default default] 10.0.0.47 "GET /v2.0/ports?device_id=9128989c-dfeb-4d21-96b4-ac6b0b26c28e HTTP/1.1" status: 200 len: 1170 time: 0.0454190
2026-05-06 02:29:36.263 11 INFO neutron.db.ovn_revision_numbers_db [None req-c3300174-91eb-4d40-9c8c-e56908912e61 - - - - - -] Successfully bumped revision number for resource ea741b34-5f3d-4f90-8267-a2635fe3fb93 (type: ports) to 2
2026-05-06 02:29:36.321 11 INFO neutron.wsgi [req-5da47ed5-7cc5-4f4c-a3b9-3b5e55b6acc8 req-d8c6fc75-dc53-4f2a-9098-6a9b6e8de346 7de982f6efed4578ae925fbc1e5c9106 42b0739dcc8f48b9afb9278a2e834eb0 - - default default] 10.0.0.47 "GET /v2.0/security-groups?id=e57d1da5-a306-49a2-aa53-98b9159f5573&fields=id&fields=name HTTP/1.1" status: 200 len: 312 time: 0.0616648
2026-05-06 02:29:36.374 11 INFO neutron.wsgi [None req-91cb0ac6-8ab8-429f-a312-8680cc5b6b3b 09a5f2e746694bfdbab22fc27ee986a3 213cbe7d811148cbb2df98a35bd0c857 - - default default] 10.0.0.140 "DELETE /v2.0/security-groups/454a8f01-46c1-4b03-adad-2d4e53fe8363 HTTP/1.1" status: 204 len: 168 time: 0.6146326
2026-05-06 02:29:36.558 11 INFO neutron.db.ovn_revision_numbers_db [None req-629b5825-1248-4baf-8e53-a5bf71d3e3f5 09a5f2e746694bfdbab22fc27ee986a3 213cbe7d811148cbb2df98a35bd0c857 - - default default] Successfully bumped revision number for resource 155e95b5-a377-485d-ad89-0612b775c607 (type: router_ports) to 1
2026-05-06 02:29:36.614 11 INFO neutron.db.ovn_revision_numbers_db [None req-c3300174-91eb-4d40-9c8c-e56908912e61 - - - - - -] Successfully bumped revision number for resource ea741b34-5f3d-4f90-8267-a2635fe3fb93 (type: ports) to 4
2026-05-06 02:29:36.757 11 INFO neutron.db.ovn_revision_numbers_db [None req-629b5825-1248-4baf-8e53-a5bf71d3e3f5 09a5f2e746694bfdbab22fc27ee986a3 213cbe7d811148cbb2df98a35bd0c857 - - default default] Successfully bumped revision number for resource 155e95b5-a377-485d-ad89-0612b775c607 (type: ports) to 1
2026-05-06 02:29:36.846 11 WARNING neutron.scheduler.dhcp_agent_scheduler [None req-629b5825-1248-4baf-8e53-a5bf71d3e3f5 09a5f2e746694bfdbab22fc27ee986a3 213cbe7d811148cbb2df98a35bd0c857 - - default default] No more DHCP agents
2026-05-06 02:29:36.848 11 WARNING neutron.api.rpc.agentnotifiers.dhcp_rpc_agent_api [None req-629b5825-1248-4baf-8e53-a5bf71d3e3f5 09a5f2e746694bfdbab22fc27ee986a3 213cbe7d811148cbb2df98a35bd0c857 - - default default] Unable to schedule network 1c6a940c-59ff-48cf-bb5c-86c7d833fe7b: no agents available; will retry on subsequent port and subnet creation events.
2026-05-06 02:29:36.925 11 INFO neutron.plugins.ml2.drivers.ovn.mech_driver.mech_driver [None req-3bb4cb6b-ece9-4985-9fa3-ef1b798d9cba - - - - - -] OVN reports status up for port: 155e95b5-a377-485d-ad89-0612b775c607
2026-05-06 02:29:36.928 11 INFO neutron.db.ovn_revision_numbers_db [None req-c3300174-91eb-4d40-9c8c-e56908912e61 - - - - - -] Successfully bumped revision number for resource ea741b34-5f3d-4f90-8267-a2635fe3fb93 (type: router_ports) to 4
2026-05-06 02:29:36.941 11 INFO neutron.plugins.ml2.plugin [None req-3bb4cb6b-ece9-4985-9fa3-ef1b798d9cba - - - - - -] Attempt 1 to provision port 155e95b5-a377-485d-ad89-0612b775c607
2026-05-06 02:29:37.322 11 INFO neutron.db.ovn_revision_numbers_db [None req-3bb4cb6b-ece9-4985-9fa3-ef1b798d9cba - - - - - -] Successfully bumped revision number for resource 155e95b5-a377-485d-ad89-0612b775c607 (type: ports) to 2
2026-05-06 02:29:37.418 10 INFO neutron.notifiers.nova [-] Nova event matching ['req-983ab75c-c7dd-4779-aa82-6e80457058de'] response: {'server_uuid': '9128989c-dfeb-4d21-96b4-ac6b0b26c28e', 'name': 'network-vif-plugged', 'status': 'completed', 'tag': '4a926589-56f0-4339-8d4d-9f74bd7aa4bf', 'code': 200}
2026-05-06 02:29:37.419 10 INFO neutron.notifiers.nova [-] Nova event matching ['req-983ab75c-c7dd-4779-aa82-6e80457058de'] response: {'server_uuid': '9128989c-dfeb-4d21-96b4-ac6b0b26c28e', 'name': 'network-vif-plugged', 'status': 'completed', 'tag': '4a926589-56f0-4339-8d4d-9f74bd7aa4bf', 'code': 200}
2026-05-06 02:29:37.467 11 INFO neutron.wsgi [req-2721bf0e-0efb-4291-b78a-cbd1a8e7563b req-d41afc20-8120-4124-bcc4-81161c652187 7de982f6efed4578ae925fbc1e5c9106 42b0739dcc8f48b9afb9278a2e834eb0 - - default default] 10.0.0.47 "GET /v2.0/ports?device_id=9128989c-dfeb-4d21-96b4-ac6b0b26c28e HTTP/1.1" status: 200 len: 1170 time: 0.0572236
2026-05-06 02:29:37.507 11 INFO neutron.db.ovn_revision_numbers_db [None req-3bb4cb6b-ece9-4985-9fa3-ef1b798d9cba - - - - - -] Successfully bumped revision number for resource 155e95b5-a377-485d-ad89-0612b775c607 (type: router_ports) to 2
2026-05-06 02:29:37.543 11 INFO neutron.wsgi [req-2721bf0e-0efb-4291-b78a-cbd1a8e7563b req-df0859fc-2f2e-43bf-9abe-5e2d922c5e23 7de982f6efed4578ae925fbc1e5c9106 42b0739dcc8f48b9afb9278a2e834eb0 - - default default] 10.0.0.47 "GET /v2.0/security-groups?id=e57d1da5-a306-49a2-aa53-98b9159f5573&fields=id&fields=name HTTP/1.1" status: 200 len: 312 time: 0.0663686
2026-05-06 02:29:37.721 11 INFO neutron.wsgi [None req-629b5825-1248-4baf-8e53-a5bf71d3e3f5 09a5f2e746694bfdbab22fc27ee986a3 213cbe7d811148cbb2df98a35bd0c857 - - default default] 10.0.0.140 "PUT /v2.0/routers/0fe99549-b6a9-4472-8313-070eff040d3e/add_router_interface HTTP/1.1" status: 200 len: 503 time: 2.9205284
2026-05-06 02:29:38.017 11 INFO neutron.wsgi [req-f6a7d8bb-a29b-47ad-a385-526924a0b78b req-006da0a5-593a-4a1f-b847-485059a92849 059dd4792f9840a7996c913ad60288fa 9e1e1488ce14464e884f47ea96c05141 - - b55d5f6f0ff1483bb3a71a1c3ca2fa88 b55d5f6f0ff1483bb3a71a1c3ca2fa88] 10.0.0.106 "GET /v2.0/ports?device_id=e5d9e12e-1b61-4a4f-923a-878b10035e0c HTTP/1.1" status: 200 len: 1642 time: 0.0351663
2026-05-06 02:29:38.065 11 INFO neutron.wsgi [req-f6a7d8bb-a29b-47ad-a385-526924a0b78b req-56546739-37cb-4d3b-b786-3071e873c902 059dd4792f9840a7996c913ad60288fa 9e1e1488ce14464e884f47ea96c05141 - - b55d5f6f0ff1483bb3a71a1c3ca2fa88 b55d5f6f0ff1483bb3a71a1c3ca2fa88] 10.0.0.106 "GET /v2.0/security-groups?id=ac2b6c0a-49d5-4e1d-844c-1414f082173a&fields=id&fields=name HTTP/1.1" status: 200 len: 311 time: 0.0398521
2026-05-06 02:29:38.616 10 INFO neutron.wsgi [-] 10.0.0.102 "GET / HTTP/1.1" status: 200 len: 247 time: 0.0044324
2026-05-06 02:29:38.619 11 INFO neutron.wsgi [-] 10.0.0.102 "GET / HTTP/1.1" status: 200 len: 247 time: 0.0021758
2026-05-06 02:29:38.729 11 INFO neutron.wsgi [req-0cb9874f-f4a7-4617-8b39-0c37d46682fd req-f440754f-f0a6-4e9d-901f-7a4b62bd0510 7de982f6efed4578ae925fbc1e5c9106 42b0739dcc8f48b9afb9278a2e834eb0 - - default default] 10.0.0.47 "GET /v2.0/ports?device_id=9128989c-dfeb-4d21-96b4-ac6b0b26c28e HTTP/1.1" status: 200 len: 1170 time: 0.1170621
2026-05-06 02:29:38.775 11 INFO neutron.wsgi [req-0cb9874f-f4a7-4617-8b39-0c37d46682fd req-95d15250-2883-43be-89e3-0c1c3333bae2 7de982f6efed4578ae925fbc1e5c9106 42b0739dcc8f48b9afb9278a2e834eb0 - - default default] 10.0.0.47 "GET /v2.0/security-groups?id=e57d1da5-a306-49a2-aa53-98b9159f5573&fields=id&fields=name HTTP/1.1" status: 200 len: 312 time: 0.0409412
2026-05-06 02:29:38.890 11 INFO neutron.wsgi [req-005a3b94-bf15-415b-9e9d-53481c8e2a2b req-fa05213f-ad84-4dc6-bf00-aaf253f0e437 7de982f6efed4578ae925fbc1e5c9106 42b0739dcc8f48b9afb9278a2e834eb0 - - default default] 10.0.0.47 "GET /v2.0/ports?device_id=9128989c-dfeb-4d21-96b4-ac6b0b26c28e HTTP/1.1" status: 200 len: 1170 time: 0.0498123
2026-05-06 02:29:38.931 11 INFO neutron.wsgi [req-005a3b94-bf15-415b-9e9d-53481c8e2a2b req-759f3c01-712e-4bd1-8650-2d72c8113614 7de982f6efed4578ae925fbc1e5c9106 42b0739dcc8f48b9afb9278a2e834eb0 - - default default] 10.0.0.47 "GET /v2.0/security-groups?id=e57d1da5-a306-49a2-aa53-98b9159f5573&fields=id&fields=name HTTP/1.1" status: 200 len: 312 time: 0.0386925
2026-05-06 02:29:39.017 11 INFO neutron.wsgi [None req-dd3a1bbd-d949-420f-86cd-3bcb8841037b 1a94bee4d4244ababdf8cca092bc3bc8 bade1d6a15bd448bb6580a92ab6e6e33 - - default default] 10.0.0.140 "GET /v2.0/ports?device_id=9128989c-dfeb-4d21-96b4-ac6b0b26c28e HTTP/1.1" status: 200 len: 1404 time: 0.0515389 /var/lib/openstack/lib/python3.10/site-packages/pycadf/identifier.py:71: UserWarning: Invalid uuid: neutron. To ensure interoperability, identifiers should be a valid uuid. warnings.warn(('Invalid uuid: %s. To ensure interoperability, '
2026-05-06 02:29:39.250 10 INFO neutron.db.l3_db [None req-d4d19c59-a5d2-43d2-a91a-d68889dad8e9 7de982f6efed4578ae925fbc1e5c9106 42b0739dcc8f48b9afb9278a2e834eb0 - - default default] Floating IP 547e727e-52c1-4f17-81ef-c52663096f7e associated. External IP: 10.96.250.207, port: 4a926589-56f0-4339-8d4d-9f74bd7aa4bf.
2026-05-06 02:29:39.433 10 INFO neutron.db.ovn_revision_numbers_db [None req-d4d19c59-a5d2-43d2-a91a-d68889dad8e9 7de982f6efed4578ae925fbc1e5c9106 42b0739dcc8f48b9afb9278a2e834eb0 - - default default] Successfully bumped revision number for resource 547e727e-52c1-4f17-81ef-c52663096f7e (type: floatingips) to 4
2026-05-06 02:29:39.558 10 INFO neutron.db.ovn_revision_numbers_db [None req-d4d19c59-a5d2-43d2-a91a-d68889dad8e9 7de982f6efed4578ae925fbc1e5c9106 42b0739dcc8f48b9afb9278a2e834eb0 - - default default] Successfully bumped revision number for resource 547e727e-52c1-4f17-81ef-c52663096f7e (type: floatingips) to 5
2026-05-06 02:29:39.585 10 INFO neutron.wsgi [None req-d4d19c59-a5d2-43d2-a91a-d68889dad8e9 7de982f6efed4578ae925fbc1e5c9106 42b0739dcc8f48b9afb9278a2e834eb0 - - default default] 10.0.0.140 "PUT /v2.0/floatingips/547e727e-52c1-4f17-81ef-c52663096f7e HTTP/1.1" status: 200 len: 1049 time: 0.5610461
2026-05-06 02:29:39.626 10 INFO neutron.notifiers.nova [-] Nova event matching ['req-5f405772-8c08-46dd-861a-e9fd1169f427'] response: {'name': 'network-changed', 'server_uuid': '9128989c-dfeb-4d21-96b4-ac6b0b26c28e', 'tag': '4a926589-56f0-4339-8d4d-9f74bd7aa4bf', 'status': 'completed', 'code': 200}
2026-05-06 02:29:39.627 11 INFO neutron.wsgi [None req-91cee9a7-5fab-4f97-9215-c1d789aa6272 7de982f6efed4578ae925fbc1e5c9106 42b0739dcc8f48b9afb9278a2e834eb0 - - default default] 10.0.0.140 "GET /v2.0/floatingips/547e727e-52c1-4f17-81ef-c52663096f7e HTTP/1.1" status: 200 len: 1051 time: 0.0353081
2026-05-06 02:29:39.690 10 INFO neutron.wsgi [req-4f8cdf70-0cc0-48c3-b0e1-9656e8a197ee req-b3288770-1943-4035-90df-a2a13f5a3288 059dd4792f9840a7996c913ad60288fa 9e1e1488ce14464e884f47ea96c05141 - - b55d5f6f0ff1483bb3a71a1c3ca2fa88 b55d5f6f0ff1483bb3a71a1c3ca2fa88] 199.19.213.147 "GET /v2.0/ports?tenant_id=42b0739dcc8f48b9afb9278a2e834eb0&device_id=9128989c-dfeb-4d21-96b4-ac6b0b26c28e HTTP/1.1" status: 200 len: 1409 time: 0.0448170
2026-05-06 02:29:39.759 10 INFO neutron.wsgi [req-4f8cdf70-0cc0-48c3-b0e1-9656e8a197ee req-7f4ea720-246e-41df-a52b-614aab653792 059dd4792f9840a7996c913ad60288fa 9e1e1488ce14464e884f47ea96c05141 - - b55d5f6f0ff1483bb3a71a1c3ca2fa88 b55d5f6f0ff1483bb3a71a1c3ca2fa88] 199.19.213.147 "GET /v2.0/networks?id=ee041099-9b39-4af3-8344-3467a729294d HTTP/1.1" status: 200 len: 958 time: 0.0635915
2026-05-06 02:29:39.817 10 INFO neutron.wsgi [req-4f8cdf70-0cc0-48c3-b0e1-9656e8a197ee req-cb942feb-3928-4236-8e6a-82ee16fddc8b 059dd4792f9840a7996c913ad60288fa 9e1e1488ce14464e884f47ea96c05141 - - b55d5f6f0ff1483bb3a71a1c3ca2fa88 b55d5f6f0ff1483bb3a71a1c3ca2fa88] 199.19.213.147 "GET /v2.0/floatingips?fixed_ip_address=10.100.0.6&port_id=4a926589-56f0-4339-8d4d-9f74bd7aa4bf HTTP/1.1" status: 200 len: 1059 time: 0.0499444
2026-05-06 02:29:39.862 10 INFO neutron.wsgi [req-4f8cdf70-0cc0-48c3-b0e1-9656e8a197ee req-a697b231-b02b-4718-9764-c39183ea831f 059dd4792f9840a7996c913ad60288fa 9e1e1488ce14464e884f47ea96c05141 - - b55d5f6f0ff1483bb3a71a1c3ca2fa88 b55d5f6f0ff1483bb3a71a1c3ca2fa88] 199.19.213.147 "GET /v2.0/subnets?id=d28bb890-a78b-4213-be7a-8a07f561c637 HTTP/1.1" status: 200 len: 852 time: 0.0375147
2026-05-06 02:29:39.891 10 INFO neutron.wsgi [req-4f8cdf70-0cc0-48c3-b0e1-9656e8a197ee req-82f2d303-b241-48fb-a3c4-ccc37b802cb2 059dd4792f9840a7996c913ad60288fa 9e1e1488ce14464e884f47ea96c05141 - - b55d5f6f0ff1483bb3a71a1c3ca2fa88 b55d5f6f0ff1483bb3a71a1c3ca2fa88] 199.19.213.147 "GET /v2.0/ports?network_id=ee041099-9b39-4af3-8344-3467a729294d&device_owner=network%3Adhcp HTTP/1.1" status: 200 len: 210 time: 0.0219636
2026-05-06 02:29:39.968 10 INFO neutron.wsgi [req-4f8cdf70-0cc0-48c3-b0e1-9656e8a197ee req-9aadd1bb-6f4a-40d6-9445-7a6da9a95fdb 059dd4792f9840a7996c913ad60288fa 9e1e1488ce14464e884f47ea96c05141 - - b55d5f6f0ff1483bb3a71a1c3ca2fa88 b55d5f6f0ff1483bb3a71a1c3ca2fa88] 199.19.213.147 "GET /v2.0/networks/ee041099-9b39-4af3-8344-3467a729294d?fields=segments HTTP/1.1" status: 200 len: 212 time: 0.0704544
2026-05-06 02:29:40.043 10 INFO neutron.wsgi [req-4f8cdf70-0cc0-48c3-b0e1-9656e8a197ee req-08ac808f-cac6-4772-a652-ed75f96eb34c 059dd4792f9840a7996c913ad60288fa 9e1e1488ce14464e884f47ea96c05141 - - b55d5f6f0ff1483bb3a71a1c3ca2fa88 b55d5f6f0ff1483bb3a71a1c3ca2fa88] 199.19.213.147 "GET /v2.0/networks/ee041099-9b39-4af3-8344-3467a729294d?fields=provider%3Aphysical_network&fields=provider%3Anetwork_type HTTP/1.1" status: 200 len: 277 time: 0.0665510
2026-05-06 02:29:40.177 11 INFO neutron.wsgi [req-73dc140a-2da3-48d3-bb5b-d88b06e6f1f5 req-00d294a3-b988-4906-b07c-841c27c26d68 d65f9b81d910431ea6ce2a130d36f715 c50b85c355214f8f8cfe4bfbc50eb7d0 - - default default] 10.0.0.47 "GET /v2.0/networks?id=1c6a940c-59ff-48cf-bb5c-86c7d833fe7b HTTP/1.1" status: 200 len: 872 time: 0.0827587
2026-05-06 02:29:40.195 11 INFO neutron.wsgi [req-73dc140a-2da3-48d3-bb5b-d88b06e6f1f5 req-41306e13-57c4-4d03-adf7-7145c15d0f9f d65f9b81d910431ea6ce2a130d36f715 c50b85c355214f8f8cfe4bfbc50eb7d0 - - default default] 10.0.0.47 "GET /v2.0/quotas/c50b85c355214f8f8cfe4bfbc50eb7d0 HTTP/1.1" status: 200 len: 386 time: 0.0123060
2026-05-06 02:29:40.295 11 INFO neutron.wsgi [req-73dc140a-2da3-48d3-bb5b-d88b06e6f1f5 req-961aa5ec-5403-47de-99df-9f8c5a00d19c d65f9b81d910431ea6ce2a130d36f715 c50b85c355214f8f8cfe4bfbc50eb7d0 - - default default] 10.0.0.47 "GET /v2.0/ports?tenant_id=c50b85c355214f8f8cfe4bfbc50eb7d0&fields=id HTTP/1.1" status: 200 len: 302 time: 0.0911667
2026-05-06 02:29:40.374 11 INFO neutron.wsgi [req-73dc140a-2da3-48d3-bb5b-d88b06e6f1f5 req-42d53ada-d1e0-48d7-bc24-124bc780406e 059dd4792f9840a7996c913ad60288fa 9e1e1488ce14464e884f47ea96c05141 - - b55d5f6f0ff1483bb3a71a1c3ca2fa88 b55d5f6f0ff1483bb3a71a1c3ca2fa88] 10.0.0.47 "GET /v2.0/networks/1c6a940c-59ff-48cf-bb5c-86c7d833fe7b?fields=segments HTTP/1.1" status: 200 len: 212 time: 0.0699275
2026-05-06 02:29:40.427 10 INFO neutron.wsgi [None req-70739406-f67a-4bb4-a8e4-cedac50b087f 7e27fe0a0b4a4f84960ce69d50923b7b cde919ff7beb49ba82d426fa6c1e5a96 - - default default] 10.0.0.140 "GET /v2.0/subnets/09646fc7-9688-4e3e-a8b0-1a63a73a982f HTTP/1.1" status: 200 len: 845 time: 0.0338569
2026-05-06 02:29:40.436 11 INFO neutron.wsgi [req-73dc140a-2da3-48d3-bb5b-d88b06e6f1f5 req-f389215c-6391-467f-9071-2a540f5845e3 059dd4792f9840a7996c913ad60288fa 9e1e1488ce14464e884f47ea96c05141 - - b55d5f6f0ff1483bb3a71a1c3ca2fa88 b55d5f6f0ff1483bb3a71a1c3ca2fa88] 10.0.0.47 "GET /v2.0/networks/1c6a940c-59ff-48cf-bb5c-86c7d833fe7b?fields=provider%3Aphysical_network&fields=provider%3Anetwork_type HTTP/1.1" status: 200 len: 277 time: 0.0547824
2026-05-06 02:29:40.557 11 INFO neutron.wsgi [req-2f5f5374-8f59-483f-851a-03b113be0ccf req-1db323bf-9cbc-41b2-a269-b7576d0870cb d65f9b81d910431ea6ce2a130d36f715 c50b85c355214f8f8cfe4bfbc50eb7d0 - - default default] 10.0.0.47 "GET /v2.0/ports?device_id=aa26de32-3ec2-49c9-ae3a-7f96b279bed0 HTTP/1.1" status: 200 len: 210 time: 0.0221870
2026-05-06 02:29:40.975 10 INFO neutron.wsgi [None req-361f70fa-6d45-4583-9a75-84bfce8abc06 09a5f2e746694bfdbab22fc27ee986a3 213cbe7d811148cbb2df98a35bd0c857 - - default default] 10.0.0.84 "GET /v2.0/extensions/security-group HTTP/1.1" status: 200 len: 369 time: 0.0610752
2026-05-06 02:29:40.984 10 INFO neutron.wsgi [None req-6118a11c-cf27-4a33-ba1c-34cb0e6379de 09a5f2e746694bfdbab22fc27ee986a3 213cbe7d811148cbb2df98a35bd0c857 - - default default] 10.0.0.84 "GET /v2.0/extensions/dns-integration HTTP/1.1" status: 200 len: 371 time: 0.0035477
2026-05-06 02:29:40.987 11 INFO neutron.db.ovn_revision_numbers_db [None req-b755b68f-c2c3-4c26-ae7e-a0d095879d2b 09a5f2e746694bfdbab22fc27ee986a3 213cbe7d811148cbb2df98a35bd0c857 - - default default] Successfully bumped revision number for resource deb20fe3-1068-4736-9bea-8a546a7630fe (type: security_groups) to 1
2026-05-06 02:29:40.991 10 INFO neutron.wsgi [None req-acca2a26-631c-4b3c-9d5b-8ef8b3f64e9a 09a5f2e746694bfdbab22fc27ee986a3 213cbe7d811148cbb2df98a35bd0c857 - - default default] 10.0.0.84 "GET /v2.0/extensions/qos HTTP/1.1" status: 200 len: 365 time: 0.0034389
2026-05-06 02:29:40.998 10 INFO neutron.wsgi [None req-e2f3a094-8308-45c1-811a-52671c21415f 09a5f2e746694bfdbab22fc27ee986a3 213cbe7d811148cbb2df98a35bd0c857 - - default default] 10.0.0.84 "GET /v2.0/extensions/allowed-address-pairs HTTP/1.1" status: 200 len: 383 time: 0.0038149
2026-05-06 02:29:41.002 11 INFO neutron.db.ovn_revision_numbers_db [None req-b755b68f-c2c3-4c26-ae7e-a0d095879d2b 09a5f2e746694bfdbab22fc27ee986a3 213cbe7d811148cbb2df98a35bd0c857 - - default default] Successfully bumped revision number for resource a341d548-df91-406d-8af5-336d2a096a74 (type: security_group_rules) to 0
2026-05-06 02:29:41.028 11 INFO neutron.db.ovn_revision_numbers_db [None req-b755b68f-c2c3-4c26-ae7e-a0d095879d2b 09a5f2e746694bfdbab22fc27ee986a3 213cbe7d811148cbb2df98a35bd0c857 - - default default] Successfully bumped revision number for resource b2e58188-a65f-43b9-9d4c-fc9ccd63d95b (type: security_group_rules) to 0
2026-05-06 02:29:41.041 11 INFO neutron.db.ovn_revision_numbers_db [None req-b755b68f-c2c3-4c26-ae7e-a0d095879d2b 09a5f2e746694bfdbab22fc27ee986a3 213cbe7d811148cbb2df98a35bd0c857 - - default default] Successfully bumped revision number for resource b41dc9e9-01e2-41c7-9227-6c9a0a9d9375 (type: security_group_rules) to 0
2026-05-06 02:29:41.057 11 INFO neutron.db.ovn_revision_numbers_db [None req-b755b68f-c2c3-4c26-ae7e-a0d095879d2b 09a5f2e746694bfdbab22fc27ee986a3 213cbe7d811148cbb2df98a35bd0c857 - - default default] Successfully bumped revision number for resource f087a0f6-8a32-44e3-a5bb-1f0c3ca50bae (type: security_group_rules) to 0
2026-05-06 02:29:41.078 11 INFO neutron.wsgi [None req-b755b68f-c2c3-4c26-ae7e-a0d095879d2b 09a5f2e746694bfdbab22fc27ee986a3 213cbe7d811148cbb2df98a35bd0c857 - - default default] 10.0.0.140 "GET /v2.0/security-groups?tenant_id=c695be9e96e74583b1ed8b25cfac5ee0&name=default HTTP/1.1" status: 200 len: 2996 time: 0.5941036
2026-05-06 02:29:41.320 11 INFO neutron.wsgi [None req-1dac09c5-76c4-4f6c-8fbf-49c625f11fe2 09a5f2e746694bfdbab22fc27ee986a3 213cbe7d811148cbb2df98a35bd0c857 - - default default] 10.0.0.140 "DELETE /v2.0/security-groups/deb20fe3-1068-4736-9bea-8a546a7630fe HTTP/1.1" status: 204 len: 168 time: 0.2341707
2026-05-06 02:29:41.388 10 INFO neutron.wsgi [req-73dc140a-2da3-48d3-bb5b-d88b06e6f1f5 req-2a9b80c9-8e51-4886-a1e9-798f6d2fb056 d65f9b81d910431ea6ce2a130d36f715 c50b85c355214f8f8cfe4bfbc50eb7d0 - - default default] 199.19.213.147 "GET /v2.0/networks?id=1c6a940c-59ff-48cf-bb5c-86c7d833fe7b HTTP/1.1" status: 200 len: 872 time: 0.0788023
2026-05-06 02:29:41.550 11 INFO neutron.wsgi [-] 10.0.0.84 "GET / HTTP/1.1" status: 200 len: 284 time: 0.0030274
2026-05-06 02:29:41.593 11 INFO neutron.wsgi [None req-873c030c-4363-42c5-8b60-c413a42dd96c 318aca6a62b14c87a47040e77fa178f6 a971d329d41b4e638db86990a3b05b23 - - default default] 10.0.0.84 "GET /v2.0/subnets/09646fc7-9688-4e3e-a8b0-1a63a73a982f HTTP/1.1" status: 200 len: 832 time: 0.0386486
2026-05-06 02:29:41.608 10 INFO neutron.wsgi [None req-6afb6d18-6787-4e98-8dcc-6bde75db4b4b 09a5f2e746694bfdbab22fc27ee986a3 213cbe7d811148cbb2df98a35bd0c857 - - default default] 10.0.0.84 "GET /v2.0/extensions/security-group HTTP/1.1" status: 200 len: 369 time: 0.0058510
2026-05-06 02:29:41.620 10 INFO neutron.wsgi [None req-a9c8acff-1b54-4983-9a68-4c7a2365a78d 09a5f2e746694bfdbab22fc27ee986a3 213cbe7d811148cbb2df98a35bd0c857 - - default default] 10.0.0.84 "GET /v2.0/extensions/dns-integration HTTP/1.1" status: 200 len: 371 time: 0.0066016
2026-05-06 02:29:41.631 10 INFO neutron.wsgi [None req-230c502d-9268-4500-a36c-c621da8006c6 09a5f2e746694bfdbab22fc27ee986a3 213cbe7d811148cbb2df98a35bd0c857 - - default default] 10.0.0.84 "GET /v2.0/extensions/qos HTTP/1.1" status: 200 len: 365 time: 0.0046091
2026-05-06 02:29:41.633 10 INFO neutron.db.ovn_revision_numbers_db [None req-6b44f3aa-43bd-4f90-91c0-d854a487e36d 09a5f2e746694bfdbab22fc27ee986a3 213cbe7d811148cbb2df98a35bd0c857 - - default default] Successfully bumped revision number for resource 8a9ab1ab-dc0a-4444-8ca1-1cb542a02e19 (type: security_groups) to 1
2026-05-06 02:29:41.646 10 INFO neutron.wsgi [None req-f67032da-7072-4cbd-ac83-9e5990041afd 09a5f2e746694bfdbab22fc27ee986a3 213cbe7d811148cbb2df98a35bd0c857 - - default default] 10.0.0.84 "GET /v2.0/extensions/allowed-address-pairs HTTP/1.1" status: 200 len: 383 time: 0.0078738
2026-05-06 02:29:41.662 11 INFO neutron.wsgi [req-6cd906b6-ca78-42d7-a104-f913335ba8c3 req-ae13e8fc-bf46-43f9-80fb-bc389b0f7e5e d65f9b81d910431ea6ce2a130d36f715 c50b85c355214f8f8cfe4bfbc50eb7d0 - - default default] 10.0.0.47 "GET /v2.0/ports?device_id=aa26de32-3ec2-49c9-ae3a-7f96b279bed0 HTTP/1.1" status: 200 len: 210 time: 0.0250444
2026-05-06 02:29:41.695 10 INFO neutron.db.ovn_revision_numbers_db [None req-6b44f3aa-43bd-4f90-91c0-d854a487e36d 09a5f2e746694bfdbab22fc27ee986a3 213cbe7d811148cbb2df98a35bd0c857 - - default default] Successfully bumped revision number for resource 00a8bf80-d6a0-4925-939c-f825e386ea1c (type: security_group_rules) to 0
2026-05-06 02:29:41.732 10 INFO neutron.wsgi [None req-9ff8c838-85f8-4941-93d0-6924a8ef1eb5 09a5f2e746694bfdbab22fc27ee986a3 213cbe7d811148cbb2df98a35bd0c857 - - default default] 10.0.0.84 "GET /v2.0/subnets/09646fc7-9688-4e3e-a8b0-1a63a73a982f HTTP/1.1" status: 200 len: 850 time: 0.0781219
2026-05-06 02:29:41.736 10 INFO neutron.db.ovn_revision_numbers_db [None req-6b44f3aa-43bd-4f90-91c0-d854a487e36d 09a5f2e746694bfdbab22fc27ee986a3 213cbe7d811148cbb2df98a35bd0c857 - - default default] Successfully bumped revision number for resource d540c702-53d2-40e4-b0fb-1a795f7f2804 (type: security_group_rules) to 0
2026-05-06 02:29:41.759 10 INFO neutron.db.ovn_revision_numbers_db [None req-6b44f3aa-43bd-4f90-91c0-d854a487e36d 09a5f2e746694bfdbab22fc27ee986a3 213cbe7d811148cbb2df98a35bd0c857 - - default default] Successfully bumped revision number for resource f05f056d-d4da-4cbf-bdac-e8151f0016a5 (type: security_group_rules) to 0
2026-05-06 02:29:41.788 10 INFO neutron.db.ovn_revision_numbers_db [None req-6b44f3aa-43bd-4f90-91c0-d854a487e36d 09a5f2e746694bfdbab22fc27ee986a3 213cbe7d811148cbb2df98a35bd0c857 - - default default] Successfully bumped revision number for resource faff7283-0e4f-4171-9b9c-63d6213164a3 (type: security_group_rules) to 0
2026-05-06 02:29:41.823 10 INFO neutron.wsgi [None req-6b44f3aa-43bd-4f90-91c0-d854a487e36d 09a5f2e746694bfdbab22fc27ee986a3 213cbe7d811148cbb2df98a35bd0c857 - - default default] 10.0.0.140 "GET /v2.0/security-groups?tenant_id=2ec48f3a5de0448f9488a8c63c9f4070&name=default HTTP/1.1" status: 200 len: 2996 time: 0.3495886
2026-05-06 02:29:41.854 10 WARNING neutron.scheduler.dhcp_agent_scheduler [req-73dc140a-2da3-48d3-bb5b-d88b06e6f1f5 req-19d6102a-dcf8-44e3-bfe6-a7b33f097889 d65f9b81d910431ea6ce2a130d36f715 c50b85c355214f8f8cfe4bfbc50eb7d0 - - default default] No more DHCP agents
2026-05-06 02:29:41.858 10 WARNING neutron.api.rpc.agentnotifiers.dhcp_rpc_agent_api [req-73dc140a-2da3-48d3-bb5b-d88b06e6f1f5 req-19d6102a-dcf8-44e3-bfe6-a7b33f097889 d65f9b81d910431ea6ce2a130d36f715 c50b85c355214f8f8cfe4bfbc50eb7d0 - - default default] Unable to schedule network 1c6a940c-59ff-48cf-bb5c-86c7d833fe7b: no agents available; will retry on subsequent port and subnet creation events. /var/lib/openstack/lib/python3.10/site-packages/pycadf/identifier.py:71: UserWarning: Invalid uuid: neutron. To ensure interoperability, identifiers should be a valid uuid. warnings.warn(('Invalid uuid: %s. To ensure interoperability, '
2026-05-06 02:29:41.932 10 INFO neutron.wsgi [None req-e8d07ee2-d86b-4201-8b33-018616afd5d8 09a5f2e746694bfdbab22fc27ee986a3 213cbe7d811148cbb2df98a35bd0c857 - - default default] 10.0.0.84 "GET /v2.0/extensions/security-group HTTP/1.1" status: 200 len: 369 time: 0.0118239
2026-05-06 02:29:41.948 10 INFO neutron.wsgi [None req-f4d6fb65-dca4-4ac0-bd84-5591a942104a 09a5f2e746694bfdbab22fc27ee986a3 213cbe7d811148cbb2df98a35bd0c857 - - default default] 10.0.0.84 "GET /v2.0/extensions/dns-integration HTTP/1.1" status: 200 len: 371 time: 0.0056214
2026-05-06 02:29:41.959 10 INFO neutron.wsgi [None req-34b78515-ae89-442d-8a1d-96511102ce4f 09a5f2e746694bfdbab22fc27ee986a3 213cbe7d811148cbb2df98a35bd0c857 - - default default] 10.0.0.84 "GET /v2.0/extensions/qos HTTP/1.1" status: 200 len: 365 time: 0.0051739
2026-05-06 02:29:41.975 10 INFO neutron.wsgi [None req-d604b9cf-f2a0-4405-8dae-fed29c049987 09a5f2e746694bfdbab22fc27ee986a3 213cbe7d811148cbb2df98a35bd0c857 - - default default] 10.0.0.84 "GET /v2.0/extensions/allowed-address-pairs HTTP/1.1" status: 200 len: 383 time: 0.0103989
2026-05-06 02:29:42.036 11 INFO neutron.wsgi [None req-d262af3a-de2b-4511-84f1-7fd4ad1efa0f 09a5f2e746694bfdbab22fc27ee986a3 213cbe7d811148cbb2df98a35bd0c857 - - default default] 10.0.0.140 "DELETE /v2.0/security-groups/8a9ab1ab-dc0a-4444-8ca1-1cb542a02e19 HTTP/1.1" status: 204 len: 168 time: 0.2074842
2026-05-06 02:29:42.302 10 INFO neutron.wsgi [None req-5ba32355-aef3-4203-a3e4-88ef6e073c3f 09a5f2e746694bfdbab22fc27ee986a3 213cbe7d811148cbb2df98a35bd0c857 - - default default] 10.0.0.84 "GET /v2.0/networks/713337a7-b79d-40e0-9e0a-7a26bef05fa6 HTTP/1.1" status: 200 len: 1001 time: 0.3177433
2026-05-06 02:29:42.314 10 INFO neutron.wsgi [None req-6fcbba1f-4bae-4f94-a6ff-ab57a50bdc74 09a5f2e746694bfdbab22fc27ee986a3 213cbe7d811148cbb2df98a35bd0c857 - - default default] 10.0.0.84 "GET /v2.0/extensions/project-id HTTP/1.1" status: 200 len: 403 time: 0.0058835
2026-05-06 02:29:42.323 10 INFO neutron.db.ovn_revision_numbers_db [req-73dc140a-2da3-48d3-bb5b-d88b06e6f1f5 req-19d6102a-dcf8-44e3-bfe6-a7b33f097889 d65f9b81d910431ea6ce2a130d36f715 c50b85c355214f8f8cfe4bfbc50eb7d0 - - default default] Successfully bumped revision number for resource 1094cdcd-475a-4dfb-8bab-f8780e6ab9da (type: ports) to 1
2026-05-06 02:29:42.348 10 INFO neutron.wsgi [req-73dc140a-2da3-48d3-bb5b-d88b06e6f1f5 req-19d6102a-dcf8-44e3-bfe6-a7b33f097889 d65f9b81d910431ea6ce2a130d36f715 c50b85c355214f8f8cfe4bfbc50eb7d0 - - default default] 199.19.213.147 "POST /v2.0/ports HTTP/1.1" status: 201 len: 1162 time: 0.9545193
2026-05-06 02:29:42.699 10 WARNING neutron.scheduler.dhcp_agent_scheduler [None req-57c1fa80-2955-4218-bd27-a8d861ba7f28 09a5f2e746694bfdbab22fc27ee986a3 213cbe7d811148cbb2df98a35bd0c857 - - default default] No more DHCP agents
2026-05-06 02:29:42.702 10 WARNING neutron.api.rpc.agentnotifiers.dhcp_rpc_agent_api [None req-57c1fa80-2955-4218-bd27-a8d861ba7f28 09a5f2e746694bfdbab22fc27ee986a3 213cbe7d811148cbb2df98a35bd0c857 - - default default] Unable to schedule network 713337a7-b79d-40e0-9e0a-7a26bef05fa6: no agents available; will retry on subsequent port and subnet creation events.
2026-05-06 02:29:42.871 10 INFO neutron.db.ovn_revision_numbers_db [req-73dc140a-2da3-48d3-bb5b-d88b06e6f1f5 req-a61b8a04-9275-4520-871f-188ce55e75a3 059dd4792f9840a7996c913ad60288fa 9e1e1488ce14464e884f47ea96c05141 - - b55d5f6f0ff1483bb3a71a1c3ca2fa88 b55d5f6f0ff1483bb3a71a1c3ca2fa88] Successfully bumped revision number for resource 1094cdcd-475a-4dfb-8bab-f8780e6ab9da (type: ports) to 2
2026-05-06 02:29:42.872 11 INFO neutron.wsgi [req-59817445-c008-4756-b30a-1b6ea03f3444 req-6f4ce6e4-e322-4f5a-bcc7-6118b033a939 d65f9b81d910431ea6ce2a130d36f715 c50b85c355214f8f8cfe4bfbc50eb7d0 - - default default] 10.0.0.47 "GET /v2.0/ports?device_id=aa26de32-3ec2-49c9-ae3a-7f96b279bed0 HTTP/1.1" status: 200 len: 1172 time: 0.0975473
2026-05-06 02:29:42.923 10 INFO neutron.db.ovn_revision_numbers_db [None req-57c1fa80-2955-4218-bd27-a8d861ba7f28 09a5f2e746694bfdbab22fc27ee986a3 213cbe7d811148cbb2df98a35bd0c857 - - default default] Successfully bumped revision number for resource 3bc1507b-da84-4bc2-a7d6-9094b664d577 (type: ports) to 1
2026-05-06 02:29:42.938 11 INFO neutron.wsgi [req-59817445-c008-4756-b30a-1b6ea03f3444 req-3b1491e0-742b-46e0-99fd-d96239b902ea d65f9b81d910431ea6ce2a130d36f715 c50b85c355214f8f8cfe4bfbc50eb7d0 - - default default] 10.0.0.47 "GET /v2.0/security-groups?id=c1cc18f0-70fe-40d4-bd56-426b0bb02e5c&fields=id&fields=name HTTP/1.1" status: 200 len: 286 time: 0.0553279
2026-05-06 02:29:42.950 10 INFO neutron.wsgi [None req-57c1fa80-2955-4218-bd27-a8d861ba7f28 09a5f2e746694bfdbab22fc27ee986a3 213cbe7d811148cbb2df98a35bd0c857 - - default default] 10.0.0.84 "POST /v2.0/ports HTTP/1.1" status: 201 len: 1337 time: 0.6318786
2026-05-06 02:29:43.100 11 WARNING neutron.plugins.ml2.drivers.ovn.mech_driver.ovsdb.ovn_client [None req-3bb4cb6b-ece9-4985-9fa3-ef1b798d9cba - - - - - -] No hosting information found for port 155e95b5-a377-485d-ad89-0612b775c607: RuntimeError: No hosting information found for port 155e95b5-a377-485d-ad89-0612b775c607
2026-05-06 02:29:43.118 10 INFO neutron.db.ovn_revision_numbers_db [req-73dc140a-2da3-48d3-bb5b-d88b06e6f1f5 req-a61b8a04-9275-4520-871f-188ce55e75a3 059dd4792f9840a7996c913ad60288fa 9e1e1488ce14464e884f47ea96c05141 - - b55d5f6f0ff1483bb3a71a1c3ca2fa88 b55d5f6f0ff1483bb3a71a1c3ca2fa88] Successfully bumped revision number for resource 1094cdcd-475a-4dfb-8bab-f8780e6ab9da (type: ports) to 2
2026-05-06 02:29:43.131 10 INFO neutron.wsgi [req-73dc140a-2da3-48d3-bb5b-d88b06e6f1f5 req-a61b8a04-9275-4520-871f-188ce55e75a3 059dd4792f9840a7996c913ad60288fa 9e1e1488ce14464e884f47ea96c05141 - - b55d5f6f0ff1483bb3a71a1c3ca2fa88 b55d5f6f0ff1483bb3a71a1c3ca2fa88] 199.19.213.147 "PUT /v2.0/ports/1094cdcd-475a-4dfb-8bab-f8780e6ab9da HTTP/1.1" status: 200 len: 1380 time: 0.7747071
2026-05-06 02:29:43.166 10 INFO neutron.notifiers.nova [-] Nova event matching ['req-e7bd1314-b3d5-4a8f-bc04-bfbb0e7c487e'] response: {'name': 'network-changed', 'server_uuid': 'aa26de32-3ec2-49c9-ae3a-7f96b279bed0', 'tag': '1094cdcd-475a-4dfb-8bab-f8780e6ab9da', 'status': 'completed', 'code': 200} /var/lib/openstack/lib/python3.10/site-packages/pycadf/identifier.py:71: UserWarning: Invalid uuid: neutron. To ensure interoperability, identifiers should be a valid uuid. warnings.warn(('Invalid uuid: %s. To ensure interoperability, '
2026-05-06 02:29:43.221 10 INFO neutron.wsgi [req-73dc140a-2da3-48d3-bb5b-d88b06e6f1f5 req-cba85ad8-8daa-4062-8aeb-b745cb35d8c1 059dd4792f9840a7996c913ad60288fa 9e1e1488ce14464e884f47ea96c05141 - - b55d5f6f0ff1483bb3a71a1c3ca2fa88 b55d5f6f0ff1483bb3a71a1c3ca2fa88] 199.19.213.147 "GET /v2.0/ports?tenant_id=c50b85c355214f8f8cfe4bfbc50eb7d0&device_id=aa26de32-3ec2-49c9-ae3a-7f96b279bed0 HTTP/1.1" status: 200 len: 1411 time: 0.0321982
2026-05-06 02:29:43.250 10 INFO neutron.wsgi [req-73dc140a-2da3-48d3-bb5b-d88b06e6f1f5 req-732c3d6d-e5ed-4f05-a4a4-d8d424c34b50 059dd4792f9840a7996c913ad60288fa 9e1e1488ce14464e884f47ea96c05141 - - b55d5f6f0ff1483bb3a71a1c3ca2fa88 b55d5f6f0ff1483bb3a71a1c3ca2fa88] 199.19.213.147 "GET /v2.0/floatingips?fixed_ip_address=10.100.0.11&port_id=1094cdcd-475a-4dfb-8bab-f8780e6ab9da HTTP/1.1" status: 200 len: 217 time: 0.0214782
2026-05-06 02:29:43.288 10 INFO neutron.wsgi [req-73dc140a-2da3-48d3-bb5b-d88b06e6f1f5 req-a3df4dc5-c80b-4531-be83-bfd48086f97e 059dd4792f9840a7996c913ad60288fa 9e1e1488ce14464e884f47ea96c05141 - - b55d5f6f0ff1483bb3a71a1c3ca2fa88 b55d5f6f0ff1483bb3a71a1c3ca2fa88] 199.19.213.147 "GET /v2.0/subnets?id=60b84dfd-cd39-462b-a4ea-c772468bfc62 HTTP/1.1" status: 200 len: 866 time: 0.0316577
2026-05-06 02:29:43.315 10 INFO neutron.wsgi [req-73dc140a-2da3-48d3-bb5b-d88b06e6f1f5 req-31239350-38c5-4386-a62a-418005a3fd85 059dd4792f9840a7996c913ad60288fa 9e1e1488ce14464e884f47ea96c05141 - - b55d5f6f0ff1483bb3a71a1c3ca2fa88 b55d5f6f0ff1483bb3a71a1c3ca2fa88] 199.19.213.147 "GET /v2.0/ports?network_id=1c6a940c-59ff-48cf-bb5c-86c7d833fe7b&device_owner=network%3Adhcp HTTP/1.1" status: 200 len: 210 time: 0.0182920
2026-05-06 02:29:43.384 10 INFO neutron.wsgi [req-73dc140a-2da3-48d3-bb5b-d88b06e6f1f5 req-d96872c4-2fa7-42bc-b42d-e84e39580087 059dd4792f9840a7996c913ad60288fa 9e1e1488ce14464e884f47ea96c05141 - - b55d5f6f0ff1483bb3a71a1c3ca2fa88 b55d5f6f0ff1483bb3a71a1c3ca2fa88] 199.19.213.147 "GET /v2.0/networks/1c6a940c-59ff-48cf-bb5c-86c7d833fe7b?fields=segments HTTP/1.1" status: 200 len: 212 time: 0.0613215
2026-05-06 02:29:43.441 10 INFO neutron.wsgi [req-73dc140a-2da3-48d3-bb5b-d88b06e6f1f5 req-1e8a71dc-8acb-48f3-b02f-3f0e18238169 059dd4792f9840a7996c913ad60288fa 9e1e1488ce14464e884f47ea96c05141 - - b55d5f6f0ff1483bb3a71a1c3ca2fa88 b55d5f6f0ff1483bb3a71a1c3ca2fa88] 199.19.213.147 "GET /v2.0/networks/1c6a940c-59ff-48cf-bb5c-86c7d833fe7b?fields=provider%3Aphysical_network&fields=provider%3Anetwork_type HTTP/1.1" status: 200 len: 277 time: 0.0503826
2026-05-06 02:29:43.519 10 INFO neutron.wsgi [req-ff409482-e3f4-4d57-924f-0d5fdd949391 req-5972c824-8dad-4c31-911e-b780ce7a1352 059dd4792f9840a7996c913ad60288fa 9e1e1488ce14464e884f47ea96c05141 - - b55d5f6f0ff1483bb3a71a1c3ca2fa88 b55d5f6f0ff1483bb3a71a1c3ca2fa88] 199.19.213.147 "GET /v2.0/ports?tenant_id=c50b85c355214f8f8cfe4bfbc50eb7d0&device_id=aa26de32-3ec2-49c9-ae3a-7f96b279bed0 HTTP/1.1" status: 200 len: 1411 time: 0.0313520
2026-05-06 02:29:43.578 10 INFO neutron.wsgi [req-ff409482-e3f4-4d57-924f-0d5fdd949391 req-40a676c2-e379-4e8c-a0fd-1e761040b4be 059dd4792f9840a7996c913ad60288fa 9e1e1488ce14464e884f47ea96c05141 - - b55d5f6f0ff1483bb3a71a1c3ca2fa88 b55d5f6f0ff1483bb3a71a1c3ca2fa88] 199.19.213.147 "GET /v2.0/networks?id=1c6a940c-59ff-48cf-bb5c-86c7d833fe7b HTTP/1.1" status: 200 len: 971 time: 0.0515907
2026-05-06 02:29:43.605 10 INFO neutron.wsgi [req-ff409482-e3f4-4d57-924f-0d5fdd949391 req-8f16fc64-c624-4ecf-a25c-ba1c6280970d 059dd4792f9840a7996c913ad60288fa 9e1e1488ce14464e884f47ea96c05141 - - b55d5f6f0ff1483bb3a71a1c3ca2fa88 b55d5f6f0ff1483bb3a71a1c3ca2fa88] 199.19.213.147 "GET /v2.0/floatingips?fixed_ip_address=10.100.0.11&port_id=1094cdcd-475a-4dfb-8bab-f8780e6ab9da HTTP/1.1" status: 200 len: 217 time: 0.0205193
2026-05-06 02:29:43.670 10 INFO neutron.plugins.ml2.drivers.ovn.mech_driver.mech_driver [None req-f8b393ac-a4c8-43d2-9ab8-dd3cbc701aa1 - - - - - -] OVN reports status up for port: 1094cdcd-475a-4dfb-8bab-f8780e6ab9da
2026-05-06 02:29:43.674 10 INFO neutron.wsgi [req-ff409482-e3f4-4d57-924f-0d5fdd949391 req-3d427dfc-04a0-4db3-b966-caf80b7a7bc6 059dd4792f9840a7996c913ad60288fa 9e1e1488ce14464e884f47ea96c05141 - - b55d5f6f0ff1483bb3a71a1c3ca2fa88 b55d5f6f0ff1483bb3a71a1c3ca2fa88] 199.19.213.147 "GET /v2.0/subnets?id=60b84dfd-cd39-462b-a4ea-c772468bfc62 HTTP/1.1" status: 200 len: 866 time: 0.0619013
2026-05-06 02:29:43.683 10 INFO neutron.plugins.ml2.plugin [None req-f8b393ac-a4c8-43d2-9ab8-dd3cbc701aa1 - - - - - -] Attempt 1 to provision port 1094cdcd-475a-4dfb-8bab-f8780e6ab9da
2026-05-06 02:29:43.711 10 INFO neutron.wsgi [req-ff409482-e3f4-4d57-924f-0d5fdd949391 req-2ee9a493-289f-4162-9f69-ad0fd374f119 059dd4792f9840a7996c913ad60288fa 9e1e1488ce14464e884f47ea96c05141 - - b55d5f6f0ff1483bb3a71a1c3ca2fa88 b55d5f6f0ff1483bb3a71a1c3ca2fa88] 199.19.213.147 "GET /v2.0/ports?network_id=1c6a940c-59ff-48cf-bb5c-86c7d833fe7b&device_owner=network%3Adhcp HTTP/1.1" status: 200 len: 210 time: 0.0288820
2026-05-06 02:29:43.796 10 INFO neutron.wsgi [req-ff409482-e3f4-4d57-924f-0d5fdd949391 req-293bc922-5aea-4bdf-af31-961c85a1062b 059dd4792f9840a7996c913ad60288fa 9e1e1488ce14464e884f47ea96c05141 - - b55d5f6f0ff1483bb3a71a1c3ca2fa88 b55d5f6f0ff1483bb3a71a1c3ca2fa88] 199.19.213.147 "GET /v2.0/networks/1c6a940c-59ff-48cf-bb5c-86c7d833fe7b?fields=segments HTTP/1.1" status: 200 len: 212 time: 0.0788112
2026-05-06 02:29:43.882 10 INFO neutron.wsgi [req-ff409482-e3f4-4d57-924f-0d5fdd949391 req-ee0a5905-52d1-46a5-a992-d52550e306ef 059dd4792f9840a7996c913ad60288fa 9e1e1488ce14464e884f47ea96c05141 - - b55d5f6f0ff1483bb3a71a1c3ca2fa88 b55d5f6f0ff1483bb3a71a1c3ca2fa88] 199.19.213.147 "GET /v2.0/networks/1c6a940c-59ff-48cf-bb5c-86c7d833fe7b?fields=provider%3Aphysical_network&fields=provider%3Anetwork_type HTTP/1.1" status: 200 len: 277 time: 0.0809295
2026-05-06 02:29:44.019 10 INFO neutron.db.ovn_revision_numbers_db [None req-f8b393ac-a4c8-43d2-9ab8-dd3cbc701aa1 - - - - - -] Successfully bumped revision number for resource 1094cdcd-475a-4dfb-8bab-f8780e6ab9da (type: ports) to 4 /var/lib/openstack/lib/python3.10/site-packages/pycadf/identifier.py:71: UserWarning: Invalid uuid: neutron. To ensure interoperability, identifiers should be a valid uuid. warnings.warn(('Invalid uuid: %s. To ensure interoperability, '
2026-05-06 02:29:44.100 11 INFO neutron.wsgi [req-aea77dae-30d6-424e-9b4d-e33ea73c8192 req-6d347cb5-bed6-4909-a503-ae10b25ad3c0 d65f9b81d910431ea6ce2a130d36f715 c50b85c355214f8f8cfe4bfbc50eb7d0 - - default default] 10.0.0.47 "GET /v2.0/ports?device_id=aa26de32-3ec2-49c9-ae3a-7f96b279bed0 HTTP/1.1" status: 200 len: 1174 time: 0.0749049
2026-05-06 02:29:44.157 11 INFO neutron.wsgi [req-aea77dae-30d6-424e-9b4d-e33ea73c8192 req-c85d0930-d251-429c-9f51-077390a33322 d65f9b81d910431ea6ce2a130d36f715 c50b85c355214f8f8cfe4bfbc50eb7d0 - - default default] 10.0.0.47 "GET /v2.0/security-groups?id=c1cc18f0-70fe-40d4-bd56-426b0bb02e5c&fields=id&fields=name HTTP/1.1" status: 200 len: 286 time: 0.0498924 /var/lib/openstack/lib/python3.10/site-packages/pycadf/identifier.py:71: UserWarning: Invalid uuid: neutron. To ensure interoperability, identifiers should be a valid uuid. warnings.warn(('Invalid uuid: %s. To ensure interoperability, '
2026-05-06 02:29:44.431 10 INFO neutron.wsgi [None req-c14ec4bf-2732-42dc-b80d-3b6a442c36ce 09a5f2e746694bfdbab22fc27ee986a3 213cbe7d811148cbb2df98a35bd0c857 - - default default] 199.19.213.147 "GET /v2.0/extensions/security-group HTTP/1.1" status: 200 len: 369 time: 0.1032610
2026-05-06 02:29:44.442 10 INFO neutron.wsgi [None req-9af22111-f7fe-486f-9b6f-568d16288c9b 09a5f2e746694bfdbab22fc27ee986a3 213cbe7d811148cbb2df98a35bd0c857 - - default default] 199.19.213.147 "GET /v2.0/extensions/dns-integration HTTP/1.1" status: 200 len: 371 time: 0.0042334
2026-05-06 02:29:44.451 10 INFO neutron.wsgi [None req-0d24824d-8461-4ed8-bba6-a9ba4b59b3e4 09a5f2e746694bfdbab22fc27ee986a3 213cbe7d811148cbb2df98a35bd0c857 - - default default] 199.19.213.147 "GET /v2.0/extensions/qos HTTP/1.1" status: 200 len: 365 time: 0.0056429
2026-05-06 02:29:44.460 10 INFO neutron.wsgi [None req-9e891b0b-d841-46ca-ae08-f0bb0da886e0 09a5f2e746694bfdbab22fc27ee986a3 213cbe7d811148cbb2df98a35bd0c857 - - default default] 199.19.213.147 "GET /v2.0/extensions/allowed-address-pairs HTTP/1.1" status: 200 len: 383 time: 0.0047870
2026-05-06 02:29:44.498 10 INFO neutron.wsgi [None req-bf433008-ade5-443e-a04d-985851e9c50d 09a5f2e746694bfdbab22fc27ee986a3 213cbe7d811148cbb2df98a35bd0c857 - - default default] 199.19.213.147 "GET /v2.0/ports/3bc1507b-da84-4bc2-a7d6-9094b664d577 HTTP/1.1" status: 200 len: 1332 time: 0.0321496
2026-05-06 02:29:44.604 10 INFO neutron.wsgi [None req-63f988cd-6804-47d6-be89-720eb0862ed4 09a5f2e746694bfdbab22fc27ee986a3 213cbe7d811148cbb2df98a35bd0c857 - - default default] 199.19.213.147 "GET /v2.0/extensions/security-group HTTP/1.1" status: 200 len: 369 time: 0.0071492
2026-05-06 02:29:44.617 10 INFO neutron.wsgi [None req-eead5d80-d25f-4747-a9c6-a57c0948173b 09a5f2e746694bfdbab22fc27ee986a3 213cbe7d811148cbb2df98a35bd0c857 - - default default] 199.19.213.147 "GET /v2.0/extensions/dns-integration HTTP/1.1" status: 200 len: 371 time: 0.0059390
2026-05-06 02:29:44.641 10 INFO neutron.wsgi [None req-99cd9ce2-5269-4349-ba86-b008246d9729 09a5f2e746694bfdbab22fc27ee986a3 213cbe7d811148cbb2df98a35bd0c857 - - default default] 199.19.213.147 "GET /v2.0/extensions/qos HTTP/1.1" status: 200 len: 365 time: 0.0054281
2026-05-06 02:29:44.652 10 INFO neutron.wsgi [None req-9fe6e4ba-acef-4063-a23b-c6d99fd19e5d 09a5f2e746694bfdbab22fc27ee986a3 213cbe7d811148cbb2df98a35bd0c857 - - default default] 199.19.213.147 "GET /v2.0/extensions/allowed-address-pairs HTTP/1.1" status: 200 len: 383 time: 0.0052755
2026-05-06 02:29:44.684 10 INFO neutron.wsgi [None req-4e10873d-6c96-4371-8ab5-e2f42774c01a 09a5f2e746694bfdbab22fc27ee986a3 213cbe7d811148cbb2df98a35bd0c857 - - default default] 199.19.213.147 "GET /v2.0/security-groups?name=lb-67772266-4655-456a-92c1-8ff6aafdefaa HTTP/1.1" status: 200 len: 221 time: 0.0251324
2026-05-06 02:29:44.804 10 INFO neutron.db.ovn_revision_numbers_db [None req-1efd5971-c7ce-4b30-aa3d-7b3a7a7b1a2b 09a5f2e746694bfdbab22fc27ee986a3 213cbe7d811148cbb2df98a35bd0c857 - - default default] Successfully bumped revision number for resource 43019884-5a88-4c44-8fb0-2d6c0a5a4dae (type: security_groups) to 1
2026-05-06 02:29:44.820 10 INFO neutron.db.ovn_revision_numbers_db [None req-1efd5971-c7ce-4b30-aa3d-7b3a7a7b1a2b 09a5f2e746694bfdbab22fc27ee986a3 213cbe7d811148cbb2df98a35bd0c857 - - default default] Successfully bumped revision number for resource 4a702c4b-c083-4705-b5d6-fb1cdcfcc271 (type: security_group_rules) to 0
