2026-05-06 02:27:11.186 11 INFO neutron.wsgi [req-ce178b17-4d83-4b8c-9697-162f894f077a req-9e30f74b-67ef-4066-929a-8c218527aa2d aa059eb2cf364ae9acbb676231ff029b 06adb6e380684160b8a203c959c87b16 - - default default] 10.0.0.47 "GET /v2.0/ports?device_id=c5f64e58-443e-45b5-bb84-d3c5fcfc4028 HTTP/1.1" status: 200 len: 1170 time: 0.0406866
2026-05-06 02:27:11.189 11 WARNING neutron.scheduler.dhcp_agent_scheduler [None req-ac265891-3813-4b1c-814b-903e72708743 09a5f2e746694bfdbab22fc27ee986a3 213cbe7d811148cbb2df98a35bd0c857 - - default default] No more DHCP agents
2026-05-06 02:27:11.190 11 WARNING neutron.api.rpc.agentnotifiers.dhcp_rpc_agent_api [None req-ac265891-3813-4b1c-814b-903e72708743 09a5f2e746694bfdbab22fc27ee986a3 213cbe7d811148cbb2df98a35bd0c857 - - default default] Unable to schedule network c752e693-4087-4f03-8c92-03f0da4d84c1: no agents available; will retry on subsequent port and subnet creation events.
2026-05-06 02:27:11.389 10 INFO neutron.db.ovn_revision_numbers_db [None req-17321459-809f-41c4-89e7-1b5725c045ae 5d491d94297e4210bb9e493d99303a3e d0de5882e53947839b91c9da72fa707f - - default default] Successfully bumped revision number for resource 1bdf4f4b-f17d-4783-843a-98f79fb10ea7 (type: floatingips) to 1
2026-05-06 02:27:11.506 10 INFO neutron.db.ovn_revision_numbers_db [None req-fa839db4-b485-435e-b112-0b5e09176eab - - - - - -] Successfully bumped revision number for resource de967e4b-a4a3-4dd6-8ab3-af66324581aa (type: router_ports) to 4
2026-05-06 02:27:11.565 10 INFO neutron.db.ovn_revision_numbers_db [None req-17321459-809f-41c4-89e7-1b5725c045ae 5d491d94297e4210bb9e493d99303a3e d0de5882e53947839b91c9da72fa707f - - default default] Successfully bumped revision number for resource 1bdf4f4b-f17d-4783-843a-98f79fb10ea7 (type: floatingips) to 2
2026-05-06 02:27:11.591 10 INFO neutron.wsgi [None req-17321459-809f-41c4-89e7-1b5725c045ae 5d491d94297e4210bb9e493d99303a3e d0de5882e53947839b91c9da72fa707f - - default default] 10.0.0.140 "PUT /v2.0/floatingips/1bdf4f4b-f17d-4783-843a-98f79fb10ea7 HTTP/1.1" status: 200 len: 1049 time: 0.9902909
2026-05-06 02:27:11.655 10 INFO neutron.notifiers.nova [-] Nova event matching ['req-9a044367-dc05-4827-8db6-b624e8242bd9'] response: {'name': 'network-changed', 'server_uuid': 'bf3d72f3-97ab-4c19-a6b7-3dc3b231a35f', 'tag': 'be5be143-bf39-4059-9979-191280e49f07', 'status': 'completed', 'code': 200}
2026-05-06 02:27:11.697 10 INFO neutron.db.ovn_revision_numbers_db [None req-99a74349-08cd-46e9-8ca2-1023e9610f3d 09a5f2e746694bfdbab22fc27ee986a3 213cbe7d811148cbb2df98a35bd0c857 - - default default] Successfully bumped revision number for resource d51b61f4-34c4-4ee7-8cc5-4574d326577a (type: security_groups) to 1 /var/lib/openstack/lib/python3.10/site-packages/pycadf/identifier.py:71: UserWarning: Invalid uuid: neutron. To ensure interoperability, identifiers should be a valid uuid. warnings.warn(('Invalid uuid: %s. To ensure interoperability, '
2026-05-06 02:27:11.711 10 INFO neutron.wsgi [req-fab23ebb-dd27-4a30-9bbd-3130f6a1651d req-595dcf46-a0ad-4196-b771-39292f7d9cbb 059dd4792f9840a7996c913ad60288fa 9e1e1488ce14464e884f47ea96c05141 - - b55d5f6f0ff1483bb3a71a1c3ca2fa88 b55d5f6f0ff1483bb3a71a1c3ca2fa88] 199.19.213.147 "GET /v2.0/ports?tenant_id=d0de5882e53947839b91c9da72fa707f&device_id=bf3d72f3-97ab-4c19-a6b7-3dc3b231a35f HTTP/1.1" status: 200 len: 1409 time: 0.0330036
2026-05-06 02:27:11.723 10 INFO neutron.db.ovn_revision_numbers_db [None req-99a74349-08cd-46e9-8ca2-1023e9610f3d 09a5f2e746694bfdbab22fc27ee986a3 213cbe7d811148cbb2df98a35bd0c857 - - default default] Successfully bumped revision number for resource 755d4a59-98e8-4bdd-af87-46e99d51a867 (type: security_group_rules) to 0
2026-05-06 02:27:11.728 11 INFO neutron.db.l3_db [None req-0e095969-5d31-40cd-973d-1325fe65288d aa059eb2cf364ae9acbb676231ff029b 06adb6e380684160b8a203c959c87b16 - - default default] Floating IP 47bf21f9-4d77-4004-98cc-9fc9daac2e32 associated. External IP: 10.96.250.213, port: 57db2501-a283-4954-999f-b1335fe150f6.
2026-05-06 02:27:11.738 11 INFO neutron.wsgi [req-0a8582c6-93f8-4b2c-afc7-4259d9ea7434 req-57e5b36b-8226-4e64-8dfb-fb6816100ace 5d491d94297e4210bb9e493d99303a3e d0de5882e53947839b91c9da72fa707f - - default default] 10.0.0.47 "GET /v2.0/ports?device_id=bf3d72f3-97ab-4c19-a6b7-3dc3b231a35f HTTP/1.1" status: 200 len: 1170 time: 0.0449286
2026-05-06 02:27:11.753 10 INFO neutron.db.ovn_revision_numbers_db [None req-99a74349-08cd-46e9-8ca2-1023e9610f3d 09a5f2e746694bfdbab22fc27ee986a3 213cbe7d811148cbb2df98a35bd0c857 - - default default] Successfully bumped revision number for resource 8482e88e-1add-4c48-b5f3-2e7f8a367d22 (type: security_group_rules) to 0
2026-05-06 02:27:11.774 10 INFO neutron.wsgi [req-fab23ebb-dd27-4a30-9bbd-3130f6a1651d req-4d956657-7994-4a5c-a06d-66b6d7598570 059dd4792f9840a7996c913ad60288fa 9e1e1488ce14464e884f47ea96c05141 - - b55d5f6f0ff1483bb3a71a1c3ca2fa88 b55d5f6f0ff1483bb3a71a1c3ca2fa88] 199.19.213.147 "GET /v2.0/networks?id=fd0c681e-e7c8-47d5-b3fb-d34a7748609b HTTP/1.1" status: 200 len: 967 time: 0.0577097
2026-05-06 02:27:11.775 10 INFO neutron.db.ovn_revision_numbers_db [None req-99a74349-08cd-46e9-8ca2-1023e9610f3d 09a5f2e746694bfdbab22fc27ee986a3 213cbe7d811148cbb2df98a35bd0c857 - - default default] Successfully bumped revision number for resource 8e3d00ed-7bbf-47a9-9e3d-9560013552f5 (type: security_group_rules) to 0
2026-05-06 02:27:11.801 10 INFO neutron.db.ovn_revision_numbers_db [None req-99a74349-08cd-46e9-8ca2-1023e9610f3d 09a5f2e746694bfdbab22fc27ee986a3 213cbe7d811148cbb2df98a35bd0c857 - - default default] Successfully bumped revision number for resource ea519627-c93f-41ce-bcb3-221a8f96f968 (type: security_group_rules) to 0
2026-05-06 02:27:11.830 11 INFO neutron.wsgi [req-0a8582c6-93f8-4b2c-afc7-4259d9ea7434 req-ede4de3e-aade-42b9-a2f6-ce73431ff5bb 5d491d94297e4210bb9e493d99303a3e d0de5882e53947839b91c9da72fa707f - - default default] 10.0.0.47 "GET /v2.0/security-groups?id=4450499c-221e-46fe-b5b5-0571dd71736f&fields=id&fields=name HTTP/1.1" status: 200 len: 312 time: 0.0820060
2026-05-06 02:27:11.838 10 INFO neutron.wsgi [req-fab23ebb-dd27-4a30-9bbd-3130f6a1651d req-32f25503-b09e-4d4f-a377-01774c317915 059dd4792f9840a7996c913ad60288fa 9e1e1488ce14464e884f47ea96c05141 - - b55d5f6f0ff1483bb3a71a1c3ca2fa88 b55d5f6f0ff1483bb3a71a1c3ca2fa88] 199.19.213.147 "GET /v2.0/floatingips?fixed_ip_address=10.100.0.6&port_id=be5be143-bf39-4059-9979-191280e49f07 HTTP/1.1" status: 200 len: 1059 time: 0.0589876
2026-05-06 02:27:11.841 10 INFO neutron.wsgi [None req-99a74349-08cd-46e9-8ca2-1023e9610f3d 09a5f2e746694bfdbab22fc27ee986a3 213cbe7d811148cbb2df98a35bd0c857 - - default default] 10.0.0.140 "GET /v2.0/security-groups?tenant_id=3de5b6226bfd4b02a7c6b26ada1eca7d&name=default HTTP/1.1" status: 200 len: 2996 time: 0.4480717
2026-05-06 02:27:11.909 10 INFO neutron.wsgi [req-fab23ebb-dd27-4a30-9bbd-3130f6a1651d req-785e673b-349b-425e-a956-f71d38a552de 059dd4792f9840a7996c913ad60288fa 9e1e1488ce14464e884f47ea96c05141 - - b55d5f6f0ff1483bb3a71a1c3ca2fa88 b55d5f6f0ff1483bb3a71a1c3ca2fa88] 199.19.213.147 "GET /v2.0/subnets?id=8a2563b4-b48c-4487-936f-8e3fea5b733d HTTP/1.1" status: 200 len: 862 time: 0.0659213
2026-05-06 02:27:11.940 10 INFO neutron.wsgi [req-fab23ebb-dd27-4a30-9bbd-3130f6a1651d req-efb8634c-0abb-42d4-9c29-56f9f1fe962c 059dd4792f9840a7996c913ad60288fa 9e1e1488ce14464e884f47ea96c05141 - - b55d5f6f0ff1483bb3a71a1c3ca2fa88 b55d5f6f0ff1483bb3a71a1c3ca2fa88] 199.19.213.147 "GET /v2.0/ports?network_id=fd0c681e-e7c8-47d5-b3fb-d34a7748609b&device_owner=network%3Adhcp HTTP/1.1" status: 200 len: 210 time: 0.0224597
2026-05-06 02:27:12.013 10 INFO neutron.wsgi [req-fab23ebb-dd27-4a30-9bbd-3130f6a1651d req-0cc34cba-f184-4f5e-ae1a-4e932e520aa8 059dd4792f9840a7996c913ad60288fa 9e1e1488ce14464e884f47ea96c05141 - - b55d5f6f0ff1483bb3a71a1c3ca2fa88 b55d5f6f0ff1483bb3a71a1c3ca2fa88] 199.19.213.147 "GET /v2.0/networks/fd0c681e-e7c8-47d5-b3fb-d34a7748609b?fields=segments HTTP/1.1" status: 200 len: 212 time: 0.0672963
2026-05-06 02:27:12.015 11 INFO neutron.db.ovn_revision_numbers_db [None req-0e095969-5d31-40cd-973d-1325fe65288d aa059eb2cf364ae9acbb676231ff029b 06adb6e380684160b8a203c959c87b16 - - default default] Successfully bumped revision number for resource 47bf21f9-4d77-4004-98cc-9fc9daac2e32 (type: floatingips) to 1
2026-05-06 02:27:12.098 10 INFO neutron.plugins.ml2.drivers.ovn.mech_driver.mech_driver [None req-f8b393ac-a4c8-43d2-9ab8-dd3cbc701aa1 - - - - - -] OVN reports status up for port: e0269d66-ed17-4924-944a-4ab607ca2fc4
2026-05-06 02:27:12.108 10 INFO neutron.plugins.ml2.plugin [None req-f8b393ac-a4c8-43d2-9ab8-dd3cbc701aa1 - - - - - -] Attempt 1 to provision port e0269d66-ed17-4924-944a-4ab607ca2fc4
2026-05-06 02:27:12.114 10 INFO neutron.wsgi [req-fab23ebb-dd27-4a30-9bbd-3130f6a1651d req-74520f60-e3ef-4fe8-83d6-d35443ff702e 059dd4792f9840a7996c913ad60288fa 9e1e1488ce14464e884f47ea96c05141 - - b55d5f6f0ff1483bb3a71a1c3ca2fa88 b55d5f6f0ff1483bb3a71a1c3ca2fa88] 199.19.213.147 "GET /v2.0/networks/fd0c681e-e7c8-47d5-b3fb-d34a7748609b?fields=provider%3Aphysical_network&fields=provider%3Anetwork_type HTTP/1.1" status: 200 len: 277 time: 0.0918000
2026-05-06 02:27:12.172 11 INFO neutron.db.ovn_revision_numbers_db [None req-0e095969-5d31-40cd-973d-1325fe65288d aa059eb2cf364ae9acbb676231ff029b 06adb6e380684160b8a203c959c87b16 - - default default] Successfully bumped revision number for resource 47bf21f9-4d77-4004-98cc-9fc9daac2e32 (type: floatingips) to 2
2026-05-06 02:27:12.249 11 INFO neutron.wsgi [None req-0e095969-5d31-40cd-973d-1325fe65288d aa059eb2cf364ae9acbb676231ff029b 06adb6e380684160b8a203c959c87b16 - - default default] 10.0.0.140 "PUT /v2.0/floatingips/47bf21f9-4d77-4004-98cc-9fc9daac2e32 HTTP/1.1" status: 200 len: 1049 time: 1.0486467
2026-05-06 02:27:12.252 11 INFO neutron.plugins.ml2.drivers.ovn.mech_driver.mech_driver [None req-3bb4cb6b-ece9-4985-9fa3-ef1b798d9cba - - - - - -] OVN reports status down for port: be5be143-bf39-4059-9979-191280e49f07
2026-05-06 02:27:12.300 11 INFO neutron.wsgi [req-e8456652-9fb7-4848-976b-6414a5b63372 req-a9cf2ae0-50aa-42f2-9b24-1da30a147f7c 5d491d94297e4210bb9e493d99303a3e d0de5882e53947839b91c9da72fa707f - - default default] 10.0.0.47 "GET /v2.0/ports?device_id=bf3d72f3-97ab-4c19-a6b7-3dc3b231a35f HTTP/1.1" status: 200 len: 1170 time: 0.0660648
2026-05-06 02:27:12.386 11 INFO neutron.wsgi [req-66f68ed8-82e7-4f22-a9e7-b2c5a4a1cedf req-e51f7e6f-21d3-4b4b-becf-d2007c50f309 aa059eb2cf364ae9acbb676231ff029b 06adb6e380684160b8a203c959c87b16 - - default default] 10.0.0.47 "GET /v2.0/ports?device_id=c5f64e58-443e-45b5-bb84-d3c5fcfc4028 HTTP/1.1" status: 200 len: 1170 time: 0.0824628
2026-05-06 02:27:12.401 10 INFO neutron.wsgi [None req-c8e4a043-f9c3-49a8-b693-2fa6a90671eb 09a5f2e746694bfdbab22fc27ee986a3 213cbe7d811148cbb2df98a35bd0c857 - - default default] 10.0.0.140 "DELETE /v2.0/security-groups/d51b61f4-34c4-4ee7-8cc5-4574d326577a HTTP/1.1" status: 204 len: 168 time: 0.5516093
2026-05-06 02:27:12.430 11 INFO neutron.wsgi [req-e8456652-9fb7-4848-976b-6414a5b63372 req-7020bf62-a716-42c3-99e8-726ee2cb3622 5d491d94297e4210bb9e493d99303a3e d0de5882e53947839b91c9da72fa707f - - default default] 10.0.0.47 "GET /v2.0/security-groups?id=4450499c-221e-46fe-b5b5-0571dd71736f&fields=id&fields=name HTTP/1.1" status: 200 len: 312 time: 0.1241241
2026-05-06 02:27:12.502 11 INFO neutron.wsgi [req-66f68ed8-82e7-4f22-a9e7-b2c5a4a1cedf req-12cc04aa-2624-4a29-90ec-77bfdc808777 aa059eb2cf364ae9acbb676231ff029b 06adb6e380684160b8a203c959c87b16 - - default default] 10.0.0.47 "GET /v2.0/security-groups?id=40b06901-c8e3-4c14-a15f-1628a1a0cd78&fields=id&fields=name HTTP/1.1" status: 200 len: 313 time: 0.1067386
2026-05-06 02:27:12.562 11 INFO neutron.db.ovn_revision_numbers_db [None req-ac265891-3813-4b1c-814b-903e72708743 09a5f2e746694bfdbab22fc27ee986a3 213cbe7d811148cbb2df98a35bd0c857 - - default default] Successfully bumped revision number for resource e0269d66-ed17-4924-944a-4ab607ca2fc4 (type: router_ports) to 1
2026-05-06 02:27:12.564 11 INFO neutron.wsgi [None req-ac265891-3813-4b1c-814b-903e72708743 09a5f2e746694bfdbab22fc27ee986a3 213cbe7d811148cbb2df98a35bd0c857 - - default default] 10.0.0.140 "PUT /v2.0/routers/6d295c6b-5284-447c-af53-dc1ee183bb49/add_router_interface HTTP/1.1" status: 200 len: 503 time: 2.9370496
2026-05-06 02:27:12.689 10 INFO neutron.db.ovn_revision_numbers_db [None req-f8b393ac-a4c8-43d2-9ab8-dd3cbc701aa1 - - - - - -] Successfully bumped revision number for resource e0269d66-ed17-4924-944a-4ab607ca2fc4 (type: ports) to 2
2026-05-06 02:27:12.697 11 INFO neutron.db.ovn_revision_numbers_db [None req-3bb4cb6b-ece9-4985-9fa3-ef1b798d9cba - - - - - -] Successfully bumped revision number for resource be5be143-bf39-4059-9979-191280e49f07 (type: ports) to 5
2026-05-06 02:27:12.707 10 INFO neutron.wsgi [req-b1877378-ff04-4d51-ad13-bf77bad3d7b5 req-f5a31236-8dcf-4273-893b-a052a9e8a96f 5d491d94297e4210bb9e493d99303a3e d0de5882e53947839b91c9da72fa707f - - default default] 199.19.213.147 "GET /v2.0/ports?device_id=bf3d72f3-97ab-4c19-a6b7-3dc3b231a35f HTTP/1.1" status: 200 len: 1168 time: 0.1347954
2026-05-06 02:27:12.710 11 INFO neutron.notifiers.nova [-] Nova event matching ['req-776f2353-2c17-46aa-9114-69e25565d1ea'] response: {'name': 'network-changed', 'server_uuid': 'c5f64e58-443e-45b5-bb84-d3c5fcfc4028', 'tag': '57db2501-a283-4954-999f-b1335fe150f6', 'status': 'completed', 'code': 200}
2026-05-06 02:27:12.710 11 INFO neutron.notifiers.nova [-] Nova event matching ['req-776f2353-2c17-46aa-9114-69e25565d1ea'] response: {'server_uuid': 'bf3d72f3-97ab-4c19-a6b7-3dc3b231a35f', 'name': 'network-vif-unplugged', 'status': 'completed', 'tag': 'be5be143-bf39-4059-9979-191280e49f07', 'code': 200}
2026-05-06 02:27:12.796 10 INFO neutron.wsgi [req-71162b6f-e4eb-4916-942d-57008d345876 req-c64d7587-2803-40c2-9820-1fa25a2195e8 059dd4792f9840a7996c913ad60288fa 9e1e1488ce14464e884f47ea96c05141 - - b55d5f6f0ff1483bb3a71a1c3ca2fa88 b55d5f6f0ff1483bb3a71a1c3ca2fa88] 199.19.213.147 "GET /v2.0/ports?tenant_id=06adb6e380684160b8a203c959c87b16&device_id=c5f64e58-443e-45b5-bb84-d3c5fcfc4028 HTTP/1.1" status: 200 len: 1409 time: 0.0555029
2026-05-06 02:27:12.943 10 INFO neutron.wsgi [req-71162b6f-e4eb-4916-942d-57008d345876 req-ccd1f5dc-2cc1-44ea-a9f3-356a457a7a05 059dd4792f9840a7996c913ad60288fa 9e1e1488ce14464e884f47ea96c05141 - - b55d5f6f0ff1483bb3a71a1c3ca2fa88 b55d5f6f0ff1483bb3a71a1c3ca2fa88] 199.19.213.147 "GET /v2.0/networks?id=d1bfe17a-6b63-4056-955f-660e93fbc29f HTTP/1.1" status: 200 len: 980 time: 0.1415918
2026-05-06 02:27:12.948 10 INFO neutron.db.ovn_revision_numbers_db [None req-f8b393ac-a4c8-43d2-9ab8-dd3cbc701aa1 - - - - - -] Successfully bumped revision number for resource e0269d66-ed17-4924-944a-4ab607ca2fc4 (type: router_ports) to 2
2026-05-06 02:27:13.014 10 INFO neutron.wsgi [req-71162b6f-e4eb-4916-942d-57008d345876 req-9386fd83-9104-4791-9e9e-eb692544209c 059dd4792f9840a7996c913ad60288fa 9e1e1488ce14464e884f47ea96c05141 - - b55d5f6f0ff1483bb3a71a1c3ca2fa88 b55d5f6f0ff1483bb3a71a1c3ca2fa88] 199.19.213.147 "GET /v2.0/floatingips?fixed_ip_address=10.100.0.5&port_id=57db2501-a283-4954-999f-b1335fe150f6 HTTP/1.1" status: 200 len: 1059 time: 0.0557296
2026-05-06 02:27:13.084 10 INFO neutron.wsgi [req-71162b6f-e4eb-4916-942d-57008d345876 req-fe8f43c1-5fdc-4546-b09f-6278e4c49c98 059dd4792f9840a7996c913ad60288fa 9e1e1488ce14464e884f47ea96c05141 - - b55d5f6f0ff1483bb3a71a1c3ca2fa88 b55d5f6f0ff1483bb3a71a1c3ca2fa88] 199.19.213.147 "GET /v2.0/subnets?id=52d4b01f-f876-4aaf-b85b-7ad954f35b28 HTTP/1.1" status: 200 len: 876 time: 0.0629568
2026-05-06 02:27:13.124 10 INFO neutron.wsgi [req-71162b6f-e4eb-4916-942d-57008d345876 req-aaf1d585-84d7-4957-ade0-11878b0126dc 059dd4792f9840a7996c913ad60288fa 9e1e1488ce14464e884f47ea96c05141 - - b55d5f6f0ff1483bb3a71a1c3ca2fa88 b55d5f6f0ff1483bb3a71a1c3ca2fa88] 199.19.213.147 "GET /v2.0/ports?network_id=d1bfe17a-6b63-4056-955f-660e93fbc29f&device_owner=network%3Adhcp HTTP/1.1" status: 200 len: 210 time: 0.0307930 /var/lib/openstack/lib/python3.10/site-packages/pycadf/identifier.py:71: UserWarning: Invalid uuid: neutron. To ensure interoperability, identifiers should be a valid uuid. warnings.warn(('Invalid uuid: %s. To ensure interoperability, '
2026-05-06 02:27:13.228 10 INFO neutron.wsgi [req-71162b6f-e4eb-4916-942d-57008d345876 req-e5f26565-ade3-4494-89ff-0e228689743b 059dd4792f9840a7996c913ad60288fa 9e1e1488ce14464e884f47ea96c05141 - - b55d5f6f0ff1483bb3a71a1c3ca2fa88 b55d5f6f0ff1483bb3a71a1c3ca2fa88] 199.19.213.147 "GET /v2.0/networks/d1bfe17a-6b63-4056-955f-660e93fbc29f?fields=segments HTTP/1.1" status: 200 len: 212 time: 0.0899134
2026-05-06 02:27:13.232 11 INFO neutron.db.ovn_revision_numbers_db [req-2b6ea84a-82b8-4fb2-bdb2-18f58146de57 req-866ba3df-5b49-460a-887f-3b3c7ac32b1f 68e22baa43984392a980bca4a8ee400d 189c1a1883414a68b7fc83d06ba72032 - - default default] Successfully bumped revision number for resource 1eab5a52-e5de-460c-a36e-21fe50b368a9 (type: security_groups) to 1
2026-05-06 02:27:13.245 11 INFO neutron.db.ovn_revision_numbers_db [req-2b6ea84a-82b8-4fb2-bdb2-18f58146de57 req-866ba3df-5b49-460a-887f-3b3c7ac32b1f 68e22baa43984392a980bca4a8ee400d 189c1a1883414a68b7fc83d06ba72032 - - default default] Successfully bumped revision number for resource 30ef472c-2217-4ee5-abe7-037d7f8b0191 (type: security_group_rules) to 0
2026-05-06 02:27:13.263 11 INFO neutron.db.ovn_revision_numbers_db [req-2b6ea84a-82b8-4fb2-bdb2-18f58146de57 req-866ba3df-5b49-460a-887f-3b3c7ac32b1f 68e22baa43984392a980bca4a8ee400d 189c1a1883414a68b7fc83d06ba72032 - - default default] Successfully bumped revision number for resource 806c7589-64de-4d24-8720-c7daf8fde871 (type: security_group_rules) to 0
2026-05-06 02:27:13.293 11 INFO neutron.wsgi [req-2b6ea84a-82b8-4fb2-bdb2-18f58146de57 req-866ba3df-5b49-460a-887f-3b3c7ac32b1f 68e22baa43984392a980bca4a8ee400d 189c1a1883414a68b7fc83d06ba72032 - - default default] 10.0.0.47 "POST /v2.0/security-groups HTTP/1.1" status: 201 len: 1821 time: 0.1734712
2026-05-06 02:27:13.324 10 INFO neutron.db.l3_db [req-b1877378-ff04-4d51-ad13-bf77bad3d7b5 req-13f75bd1-f498-487f-a3b3-c24b1ffe2eae 5d491d94297e4210bb9e493d99303a3e d0de5882e53947839b91c9da72fa707f - - default default] Floating IP 1bdf4f4b-f17d-4783-843a-98f79fb10ea7 disassociated. External IP: 10.96.250.220, port: be5be143-bf39-4059-9979-191280e49f07.
2026-05-06 02:27:13.344 10 INFO neutron.wsgi [req-71162b6f-e4eb-4916-942d-57008d345876 req-eb00e919-0857-4962-9260-268c8da80063 059dd4792f9840a7996c913ad60288fa 9e1e1488ce14464e884f47ea96c05141 - - b55d5f6f0ff1483bb3a71a1c3ca2fa88 b55d5f6f0ff1483bb3a71a1c3ca2fa88] 199.19.213.147 "GET /v2.0/networks/d1bfe17a-6b63-4056-955f-660e93fbc29f?fields=provider%3Aphysical_network&fields=provider%3Anetwork_type HTTP/1.1" status: 200 len: 277 time: 0.1109469
2026-05-06 02:27:13.477 11 INFO neutron.db.ovn_revision_numbers_db [req-454a863e-d03c-4271-906e-10e98937a8aa req-36d2a5a3-b241-4eea-b99f-3d2067674172 68e22baa43984392a980bca4a8ee400d 189c1a1883414a68b7fc83d06ba72032 - - default default] Successfully bumped revision number for resource 380affed-e84d-4a4c-803a-aad319ca1273 (type: security_groups) to 1
2026-05-06 02:27:13.494 11 INFO neutron.db.ovn_revision_numbers_db [req-454a863e-d03c-4271-906e-10e98937a8aa req-36d2a5a3-b241-4eea-b99f-3d2067674172 68e22baa43984392a980bca4a8ee400d 189c1a1883414a68b7fc83d06ba72032 - - default default] Successfully bumped revision number for resource 16bce294-abf6-48cb-90f6-343d83351fd2 (type: security_group_rules) to 0 /var/lib/openstack/lib/python3.10/site-packages/pycadf/identifier.py:71: UserWarning: Invalid uuid: neutron. To ensure interoperability, identifiers should be a valid uuid. warnings.warn(('Invalid uuid: %s. To ensure interoperability, '
2026-05-06 02:27:13.531 11 INFO neutron.wsgi [req-813acf8c-a11c-485d-af81-43f8324218f9 req-4d482596-4276-44c8-86e6-c7ba567af1f2 5d491d94297e4210bb9e493d99303a3e d0de5882e53947839b91c9da72fa707f - - default default] 10.0.0.47 "GET /v2.0/ports?device_id=bf3d72f3-97ab-4c19-a6b7-3dc3b231a35f HTTP/1.1" status: 200 len: 210 time: 0.0338197
2026-05-06 02:27:13.532 11 INFO neutron.db.ovn_revision_numbers_db [req-454a863e-d03c-4271-906e-10e98937a8aa req-36d2a5a3-b241-4eea-b99f-3d2067674172 68e22baa43984392a980bca4a8ee400d 189c1a1883414a68b7fc83d06ba72032 - - default default] Successfully bumped revision number for resource 8db24347-38e3-4a4a-b878-b58396a22eef (type: security_group_rules) to 0
2026-05-06 02:27:13.536 10 INFO neutron.wsgi [req-b1877378-ff04-4d51-ad13-bf77bad3d7b5 req-13f75bd1-f498-487f-a3b3-c24b1ffe2eae 5d491d94297e4210bb9e493d99303a3e d0de5882e53947839b91c9da72fa707f - - default default] 199.19.213.147 "DELETE /v2.0/ports/be5be143-bf39-4059-9979-191280e49f07 HTTP/1.1" status: 204 len: 173 time: 0.8147769
2026-05-06 02:27:13.555 11 INFO neutron.wsgi [req-454a863e-d03c-4271-906e-10e98937a8aa req-36d2a5a3-b241-4eea-b99f-3d2067674172 68e22baa43984392a980bca4a8ee400d 189c1a1883414a68b7fc83d06ba72032 - - default default] 10.0.0.47 "POST /v2.0/security-groups HTTP/1.1" status: 201 len: 1823 time: 0.2286658
2026-05-06 02:27:13.691 10 INFO neutron.notifiers.nova [-] Nova event matching ['req-4018bd6e-ef97-4a20-8b34-9be311b259c2'] response: {'server_uuid': 'bf3d72f3-97ab-4c19-a6b7-3dc3b231a35f', 'name': 'network-vif-deleted', 'tag': 'be5be143-bf39-4059-9979-191280e49f07', 'status': 'completed', 'code': 200}
2026-05-06 02:27:13.728 11 INFO neutron.db.ovn_revision_numbers_db [req-ea434003-3f82-456b-90ff-0b06976d8434 req-691bb179-5d72-45dc-a015-886f828f54d9 68e22baa43984392a980bca4a8ee400d 189c1a1883414a68b7fc83d06ba72032 - - default default] Successfully bumped revision number for resource 358c63ed-c3f8-48b8-9c63-97f2b4126793 (type: security_groups) to 1
2026-05-06 02:27:13.748 11 INFO neutron.db.ovn_revision_numbers_db [req-ea434003-3f82-456b-90ff-0b06976d8434 req-691bb179-5d72-45dc-a015-886f828f54d9 68e22baa43984392a980bca4a8ee400d 189c1a1883414a68b7fc83d06ba72032 - - default default] Successfully bumped revision number for resource 6a34ac31-c145-4403-8c2a-92f1d182fbc3 (type: security_group_rules) to 0
2026-05-06 02:27:13.772 11 INFO neutron.db.ovn_revision_numbers_db [req-ea434003-3f82-456b-90ff-0b06976d8434 req-691bb179-5d72-45dc-a015-886f828f54d9 68e22baa43984392a980bca4a8ee400d 189c1a1883414a68b7fc83d06ba72032 - - default default] Successfully bumped revision number for resource 77dea2dc-5dd3-4a24-8ed9-a0963f245104 (type: security_group_rules) to 0
2026-05-06 02:27:13.796 11 INFO neutron.wsgi [req-ea434003-3f82-456b-90ff-0b06976d8434 req-691bb179-5d72-45dc-a015-886f828f54d9 68e22baa43984392a980bca4a8ee400d 189c1a1883414a68b7fc83d06ba72032 - - default default] 10.0.0.47 "POST /v2.0/security-groups HTTP/1.1" status: 201 len: 1822 time: 0.2164209
2026-05-06 02:27:13.896 11 INFO neutron.wsgi [req-9b566112-4fb7-4b6f-ab90-7ae25fbb5035 req-6caad702-fe9f-4c8b-a5d2-fc0536ea8342 68e22baa43984392a980bca4a8ee400d 189c1a1883414a68b7fc83d06ba72032 - - default default] 10.0.0.47 "GET /v2.0/security-groups?tenant_id=189c1a1883414a68b7fc83d06ba72032 HTTP/1.1" status: 200 len: 7798 time: 0.0698969
2026-05-06 02:27:13.934 11 INFO neutron.wsgi [req-9b566112-4fb7-4b6f-ab90-7ae25fbb5035 req-4a7f7772-0c76-447b-84c8-bf46bca9ef74 68e22baa43984392a980bca4a8ee400d 189c1a1883414a68b7fc83d06ba72032 - - default default] 10.0.0.47 "GET /v2.0/security-groups/be22a133-564a-46d6-b819-7407d9e1b941 HTTP/1.1" status: 200 len: 2998 time: 0.0310431
2026-05-06 02:27:13.974 11 INFO neutron.wsgi [req-9b566112-4fb7-4b6f-ab90-7ae25fbb5035 req-7c51c3da-03ac-40aa-a3f8-4bda2ad63280 68e22baa43984392a980bca4a8ee400d 189c1a1883414a68b7fc83d06ba72032 - - default default] 10.0.0.47 "GET /v2.0/security-groups/be22a133-564a-46d6-b819-7407d9e1b941 HTTP/1.1" status: 200 len: 2998 time: 0.0342727
2026-05-06 02:27:14.033 11 INFO neutron.wsgi [req-ebf90338-73f9-42c6-ab21-ba47999c2e60 req-943c8406-2904-4ab3-a008-073a359516bf 68e22baa43984392a980bca4a8ee400d 189c1a1883414a68b7fc83d06ba72032 - - default default] 10.0.0.47 "GET /v2.0/security-groups/1eab5a52-e5de-460c-a36e-21fe50b368a9 HTTP/1.1" status: 200 len: 1816 time: 0.0317497
2026-05-06 02:27:14.149 11 INFO neutron.wsgi [req-ebf90338-73f9-42c6-ab21-ba47999c2e60 req-f0b99e63-d227-4516-924c-dd2e1a3b70d3 68e22baa43984392a980bca4a8ee400d 189c1a1883414a68b7fc83d06ba72032 - - default default] 10.0.0.47 "DELETE /v2.0/security-groups/1eab5a52-e5de-460c-a36e-21fe50b368a9 HTTP/1.1" status: 204 len: 173 time: 0.1106098
2026-05-06 02:27:14.179 11 INFO neutron.api.v2.resource [req-d12c6ace-f9f9-4a44-a8fe-9716089b3f4e req-a858d763-dcd9-43ba-97fa-6abcec81132b 68e22baa43984392a980bca4a8ee400d 189c1a1883414a68b7fc83d06ba72032 - - default default] show failed (client error): The resource could not be found.
2026-05-06 02:27:14.180 11 INFO neutron.wsgi [req-d12c6ace-f9f9-4a44-a8fe-9716089b3f4e req-a858d763-dcd9-43ba-97fa-6abcec81132b 68e22baa43984392a980bca4a8ee400d 189c1a1883414a68b7fc83d06ba72032 - - default default] 10.0.0.47 "GET /v2.0/security-groups/1eab5a52-e5de-460c-a36e-21fe50b368a9 HTTP/1.1" status: 404 len: 352 time: 0.0115714
2026-05-06 02:27:14.235 11 INFO neutron.wsgi [req-97cdcbc1-5fc4-4924-b4c2-ee094c5ec493 req-0e99342f-1df9-4272-86ba-fdb721773b52 68e22baa43984392a980bca4a8ee400d 189c1a1883414a68b7fc83d06ba72032 - - default default] 10.0.0.47 "GET /v2.0/security-groups/380affed-e84d-4a4c-803a-aad319ca1273 HTTP/1.1" status: 200 len: 1818 time: 0.0309002
2026-05-06 02:27:14.358 11 INFO neutron.wsgi [req-97cdcbc1-5fc4-4924-b4c2-ee094c5ec493 req-e349fb3b-4044-4cad-b9d7-8516d297f48a 68e22baa43984392a980bca4a8ee400d 189c1a1883414a68b7fc83d06ba72032 - - default default] 10.0.0.47 "DELETE /v2.0/security-groups/380affed-e84d-4a4c-803a-aad319ca1273 HTTP/1.1" status: 204 len: 173 time: 0.1140018
2026-05-06 02:27:14.400 11 INFO neutron.api.v2.resource [req-83884fdb-39f6-4674-b6ea-72bea670fcc5 req-23d6a229-a285-4469-915d-22d1bce31509 68e22baa43984392a980bca4a8ee400d 189c1a1883414a68b7fc83d06ba72032 - - default default] show failed (client error): The resource could not be found.
2026-05-06 02:27:14.401 11 INFO neutron.wsgi [req-83884fdb-39f6-4674-b6ea-72bea670fcc5 req-23d6a229-a285-4469-915d-22d1bce31509 68e22baa43984392a980bca4a8ee400d 189c1a1883414a68b7fc83d06ba72032 - - default default] 10.0.0.47 "GET /v2.0/security-groups/380affed-e84d-4a4c-803a-aad319ca1273 HTTP/1.1" status: 404 len: 352 time: 0.0172355
2026-05-06 02:27:14.596 11 INFO neutron.wsgi [req-ce19bc8f-35d3-43aa-9e7c-9b4056c688d4 req-a81f025d-9473-4e44-9be0-76038a925ef0 68e22baa43984392a980bca4a8ee400d 189c1a1883414a68b7fc83d06ba72032 - - default default] 10.0.0.47 "GET /v2.0/security-groups/358c63ed-c3f8-48b8-9c63-97f2b4126793 HTTP/1.1" status: 200 len: 1817 time: 0.1728983
2026-05-06 02:27:14.747 11 INFO neutron.notifiers.nova [-] Nova event matching ['req-4a9905f3-7290-488f-9323-1814ac638323'] response: {'server_uuid': 'bf3d72f3-97ab-4c19-a6b7-3dc3b231a35f', 'name': 'network-vif-plugged', 'status': 'completed', 'tag': 'be5be143-bf39-4059-9979-191280e49f07', 'code': 200}
2026-05-06 02:27:14.767 11 INFO neutron.wsgi [req-ce19bc8f-35d3-43aa-9e7c-9b4056c688d4 req-ed639374-f6f0-4f0b-a442-81144ebba938 68e22baa43984392a980bca4a8ee400d 189c1a1883414a68b7fc83d06ba72032 - - default default] 10.0.0.47 "DELETE /v2.0/security-groups/358c63ed-c3f8-48b8-9c63-97f2b4126793 HTTP/1.1" status: 204 len: 173 time: 0.1644771
2026-05-06 02:27:14.778 11 INFO neutron.wsgi [None req-231960ff-d7f1-48ce-8585-9b65f71c2e24 5d491d94297e4210bb9e493d99303a3e d0de5882e53947839b91c9da72fa707f - - default default] 10.0.0.140 "DELETE /v2.0/security-groups/4450499c-221e-46fe-b5b5-0571dd71736f HTTP/1.1" status: 204 len: 168 time: 0.1609650
2026-05-06 02:27:14.797 11 INFO neutron.api.v2.resource [None req-85c9efc0-055a-49a0-999a-faec973c2dda 5d491d94297e4210bb9e493d99303a3e d0de5882e53947839b91c9da72fa707f - - default default] show failed (client error): The resource could not be found.
2026-05-06 02:27:14.798 11 INFO neutron.wsgi [None req-85c9efc0-055a-49a0-999a-faec973c2dda 5d491d94297e4210bb9e493d99303a3e d0de5882e53947839b91c9da72fa707f - - default default] 10.0.0.140 "GET /v2.0/security-groups/4450499c-221e-46fe-b5b5-0571dd71736f HTTP/1.1" status: 404 len: 347 time: 0.0156980
2026-05-06 02:27:14.806 11 INFO neutron.api.v2.resource [req-dc090ef8-c075-4c29-a66a-c35f6c2e9113 req-34b032ed-be1f-4868-ac7d-b3a6b76b9ce2 68e22baa43984392a980bca4a8ee400d 189c1a1883414a68b7fc83d06ba72032 - - default default] show failed (client error): The resource could not be found.
2026-05-06 02:27:14.807 11 INFO neutron.wsgi [req-dc090ef8-c075-4c29-a66a-c35f6c2e9113 req-34b032ed-be1f-4868-ac7d-b3a6b76b9ce2 68e22baa43984392a980bca4a8ee400d 189c1a1883414a68b7fc83d06ba72032 - - default default] 10.0.0.47 "GET /v2.0/security-groups/358c63ed-c3f8-48b8-9c63-97f2b4126793 HTTP/1.1" status: 404 len: 352 time: 0.0159323
2026-05-06 02:27:14.921 11 INFO neutron.wsgi [req-21927ade-5241-43a9-b4a8-5953ca9be536 req-f26bdc39-6ea2-40e6-b376-40460cacb855 68e22baa43984392a980bca4a8ee400d 189c1a1883414a68b7fc83d06ba72032 - - default default] 10.0.0.47 "GET /v2.0/security-groups?tenant_id=189c1a1883414a68b7fc83d06ba72032 HTTP/1.1" status: 200 len: 3001 time: 0.0745754
2026-05-06 02:27:14.988 11 INFO neutron.wsgi [req-21927ade-5241-43a9-b4a8-5953ca9be536 req-34656388-7f73-4699-b35b-e3454e4f1712 68e22baa43984392a980bca4a8ee400d 189c1a1883414a68b7fc83d06ba72032 - - default default] 10.0.0.47 "GET /v2.0/security-groups/be22a133-564a-46d6-b819-7407d9e1b941 HTTP/1.1" status: 200 len: 2998 time: 0.0533607
2026-05-06 02:27:15.001 10 INFO neutron.db.ovn_revision_numbers_db [None req-3832b0a4-b268-4307-9320-e4a87a9966d4 09a5f2e746694bfdbab22fc27ee986a3 213cbe7d811148cbb2df98a35bd0c857 - - default default] Successfully bumped revision number for resource 146575e3-2362-4605-815e-73feabd22b73 (type: security_groups) to 1
2026-05-06 02:27:15.020 10 INFO neutron.db.ovn_revision_numbers_db [None req-3832b0a4-b268-4307-9320-e4a87a9966d4 09a5f2e746694bfdbab22fc27ee986a3 213cbe7d811148cbb2df98a35bd0c857 - - default default] Successfully bumped revision number for resource 8bc5b5d5-ce95-4d72-97f4-21183cc38723 (type: security_group_rules) to 0
2026-05-06 02:27:15.034 10 INFO neutron.db.ovn_revision_numbers_db [None req-3832b0a4-b268-4307-9320-e4a87a9966d4 09a5f2e746694bfdbab22fc27ee986a3 213cbe7d811148cbb2df98a35bd0c857 - - default default] Successfully bumped revision number for resource a5dafb69-8d5b-41d6-bd99-3127b8dfc234 (type: security_group_rules) to 0
2026-05-06 02:27:15.052 11 INFO neutron.wsgi [req-21927ade-5241-43a9-b4a8-5953ca9be536 req-c0c84481-4b97-4e3e-bfd4-937c89ac2f48 68e22baa43984392a980bca4a8ee400d 189c1a1883414a68b7fc83d06ba72032 - - default default] 10.0.0.47 "GET /v2.0/security-groups/be22a133-564a-46d6-b819-7407d9e1b941 HTTP/1.1" status: 200 len: 2998 time: 0.0461946
2026-05-06 02:27:15.052 10 INFO neutron.db.ovn_revision_numbers_db [None req-3832b0a4-b268-4307-9320-e4a87a9966d4 09a5f2e746694bfdbab22fc27ee986a3 213cbe7d811148cbb2df98a35bd0c857 - - default default] Successfully bumped revision number for resource d1bebac2-6557-4289-9c4b-100eba354963 (type: security_group_rules) to 0
2026-05-06 02:27:15.067 10 INFO neutron.db.ovn_revision_numbers_db [None req-3832b0a4-b268-4307-9320-e4a87a9966d4 09a5f2e746694bfdbab22fc27ee986a3 213cbe7d811148cbb2df98a35bd0c857 - - default default] Successfully bumped revision number for resource fca8dc4d-5ee9-4ce1-981c-5969fcfddad1 (type: security_group_rules) to 0
2026-05-06 02:27:15.090 10 INFO neutron.wsgi [None req-3832b0a4-b268-4307-9320-e4a87a9966d4 09a5f2e746694bfdbab22fc27ee986a3 213cbe7d811148cbb2df98a35bd0c857 - - default default] 10.0.0.140 "GET /v2.0/security-groups?tenant_id=d1c4a1175a17427f8047c680865440b8&name=default HTTP/1.1" status: 200 len: 2996 time: 0.3318126
2026-05-06 02:27:15.093 11 INFO neutron.api.v2.resource [req-e9795092-97cb-4c06-922c-b6a1a8eb09e9 req-99fc1ab0-ab2d-4960-809e-d45e817d4fb1 68e22baa43984392a980bca4a8ee400d 189c1a1883414a68b7fc83d06ba72032 - - default default] show failed (client error): The resource could not be found.
2026-05-06 02:27:15.094 11 INFO neutron.wsgi [req-e9795092-97cb-4c06-922c-b6a1a8eb09e9 req-99fc1ab0-ab2d-4960-809e-d45e817d4fb1 68e22baa43984392a980bca4a8ee400d 189c1a1883414a68b7fc83d06ba72032 - - default default] 10.0.0.47 "GET /v2.0/security-groups/358c63ed-c3f8-48b8-9c63-97f2b4126793 HTTP/1.1" status: 404 len: 352 time: 0.0179420
2026-05-06 02:27:15.140 11 INFO neutron.api.v2.resource [req-cd933def-28f5-49b6-8811-fe091335b65f req-75634c8f-da9a-4d53-b543-be090e6160d6 68e22baa43984392a980bca4a8ee400d 189c1a1883414a68b7fc83d06ba72032 - - default default] show failed (client error): The resource could not be found.
2026-05-06 02:27:15.142 11 INFO neutron.wsgi [req-cd933def-28f5-49b6-8811-fe091335b65f req-75634c8f-da9a-4d53-b543-be090e6160d6 68e22baa43984392a980bca4a8ee400d 189c1a1883414a68b7fc83d06ba72032 - - default default] 10.0.0.47 "GET /v2.0/security-groups/380affed-e84d-4a4c-803a-aad319ca1273 HTTP/1.1" status: 404 len: 352 time: 0.0260937
2026-05-06 02:27:15.174 11 INFO neutron.api.v2.resource [req-aeacb277-c946-48e1-a3d0-d60886c57511 req-75eadcc7-c6e2-4ede-a647-06218c4184c6 68e22baa43984392a980bca4a8ee400d 189c1a1883414a68b7fc83d06ba72032 - - default default] show failed (client error): The resource could not be found.
2026-05-06 02:27:15.175 11 INFO neutron.wsgi [req-aeacb277-c946-48e1-a3d0-d60886c57511 req-75eadcc7-c6e2-4ede-a647-06218c4184c6 68e22baa43984392a980bca4a8ee400d 189c1a1883414a68b7fc83d06ba72032 - - default default] 10.0.0.47 "GET /v2.0/security-groups/1eab5a52-e5de-460c-a36e-21fe50b368a9 HTTP/1.1" status: 404 len: 352 time: 0.0113592
2026-05-06 02:27:15.190 11 INFO neutron.wsgi [None req-617ed06a-7bb8-46a9-98c4-8e63513eefce 5d491d94297e4210bb9e493d99303a3e d0de5882e53947839b91c9da72fa707f - - default default] 10.0.0.140 "DELETE /v2.0/floatingips/1bdf4f4b-f17d-4783-843a-98f79fb10ea7 HTTP/1.1" status: 204 len: 168 time: 0.3880489
2026-05-06 02:27:15.344 10 INFO neutron.wsgi [None req-4d95149f-7177-42a7-a22f-02d69e271765 09a5f2e746694bfdbab22fc27ee986a3 213cbe7d811148cbb2df98a35bd0c857 - - default default] 10.0.0.140 "DELETE /v2.0/security-groups/146575e3-2362-4605-815e-73feabd22b73 HTTP/1.1" status: 204 len: 168 time: 0.2502992
2026-05-06 02:27:16.257 11 INFO neutron.wsgi [None req-42f783c1-cbc7-4acc-957e-3ecdc526c7f3 09a5f2e746694bfdbab22fc27ee986a3 213cbe7d811148cbb2df98a35bd0c857 - - default default] 10.0.0.140 "PUT /v2.0/routers/6d295c6b-5284-447c-af53-dc1ee183bb49/remove_router_interface HTTP/1.1" status: 200 len: 503 time: 1.0748191 /var/lib/openstack/lib/python3.10/site-packages/pycadf/identifier.py:71: UserWarning: Invalid uuid: neutron. To ensure interoperability, identifiers should be a valid uuid. warnings.warn(('Invalid uuid: %s. To ensure interoperability, '
2026-05-06 02:27:16.468 10 INFO neutron.wsgi [None req-b507a7e0-4a8d-477a-b431-cd75213a2cab 09a5f2e746694bfdbab22fc27ee986a3 213cbe7d811148cbb2df98a35bd0c857 - - default default] 10.0.0.140 "PUT /v2.0/routers/b63bebed-0730-4d79-ac4e-80d67be28d88/remove_router_interface HTTP/1.1" status: 200 len: 503 time: 1.2737045
2026-05-06 02:27:16.962 11 INFO neutron.wsgi [None req-a304e7df-0bf7-48de-939b-140f5109de9b 09a5f2e746694bfdbab22fc27ee986a3 213cbe7d811148cbb2df98a35bd0c857 - - default default] 10.0.0.140 "DELETE /v2.0/routers/6d295c6b-5284-447c-af53-dc1ee183bb49 HTTP/1.1" status: 204 len: 168 time: 0.7000735 /var/lib/openstack/lib/python3.10/site-packages/pycadf/identifier.py:71: UserWarning: Invalid uuid: neutron. To ensure interoperability, identifiers should be a valid uuid. warnings.warn(('Invalid uuid: %s. To ensure interoperability, '
2026-05-06 02:27:17.193 10 INFO neutron.wsgi [None req-398ba407-56a8-4d60-9386-42b613fd99ac 09a5f2e746694bfdbab22fc27ee986a3 213cbe7d811148cbb2df98a35bd0c857 - - default default] 10.0.0.140 "DELETE /v2.0/subnets/88b07a1d-cdcb-4b29-b11d-ef13726735dc HTTP/1.1" status: 204 len: 168 time: 0.2217839
2026-05-06 02:27:17.212 11 INFO neutron.wsgi [None req-664d13be-4424-4ecb-9e88-9e357771ba3a 09a5f2e746694bfdbab22fc27ee986a3 213cbe7d811148cbb2df98a35bd0c857 - - default default] 10.0.0.140 "DELETE /v2.0/routers/b63bebed-0730-4d79-ac4e-80d67be28d88 HTTP/1.1" status: 204 len: 168 time: 0.7368531
2026-05-06 02:27:17.320 10 INFO neutron.db.ovn_revision_numbers_db [None req-51696ea1-4bd5-4f0e-8956-25cc21f4f6d7 868ef6fa83be47abbd8f78791837ac36 5c8348928d61469c902edf88f5af5901 - - default default] Successfully bumped revision number for resource 707e597c-a52b-498a-8160-a88483164780 (type: security_groups) to 1
2026-05-06 02:27:17.333 10 INFO neutron.db.ovn_revision_numbers_db [None req-51696ea1-4bd5-4f0e-8956-25cc21f4f6d7 868ef6fa83be47abbd8f78791837ac36 5c8348928d61469c902edf88f5af5901 - - default default] Successfully bumped revision number for resource 12c3622c-8fb5-4b6e-b70a-112cd3d5bf4e (type: security_group_rules) to 0
2026-05-06 02:27:17.349 10 INFO neutron.db.ovn_revision_numbers_db [None req-51696ea1-4bd5-4f0e-8956-25cc21f4f6d7 868ef6fa83be47abbd8f78791837ac36 5c8348928d61469c902edf88f5af5901 - - default default] Successfully bumped revision number for resource 1c53a1cf-39e7-4e06-9d5c-f0816646b341 (type: security_group_rules) to 0
2026-05-06 02:27:17.364 10 INFO neutron.db.ovn_revision_numbers_db [None req-51696ea1-4bd5-4f0e-8956-25cc21f4f6d7 868ef6fa83be47abbd8f78791837ac36 5c8348928d61469c902edf88f5af5901 - - default default] Successfully bumped revision number for resource 566e5bb2-253e-4322-b57b-014ddfac3f90 (type: security_group_rules) to 0
2026-05-06 02:27:17.378 10 INFO neutron.db.ovn_revision_numbers_db [None req-51696ea1-4bd5-4f0e-8956-25cc21f4f6d7 868ef6fa83be47abbd8f78791837ac36 5c8348928d61469c902edf88f5af5901 - - default default] Successfully bumped revision number for resource 9aaaff7d-6e8a-4c25-ad2e-9a07d3ca2e5c (type: security_group_rules) to 0
2026-05-06 02:27:17.431 10 INFO neutron.db.segments_db [None req-51696ea1-4bd5-4f0e-8956-25cc21f4f6d7 868ef6fa83be47abbd8f78791837ac36 5c8348928d61469c902edf88f5af5901 - - default default] Added segment 29a91961-1d53-46e6-a4e6-136e662a9996 of type geneve for network aed7afbf-7194-4483-af3a-16d1c1d15c9e
2026-05-06 02:27:17.470 11 INFO neutron.wsgi [None req-b84bbe29-d017-4e0f-b651-4bd398a4e1ff 09a5f2e746694bfdbab22fc27ee986a3 213cbe7d811148cbb2df98a35bd0c857 - - default default] 10.0.0.140 "DELETE /v2.0/subnets/8a2563b4-b48c-4487-936f-8e3fea5b733d HTTP/1.1" status: 204 len: 168 time: 0.2533309
2026-05-06 02:27:17.604 10 INFO neutron.db.ovn_revision_numbers_db [None req-51696ea1-4bd5-4f0e-8956-25cc21f4f6d7 868ef6fa83be47abbd8f78791837ac36 5c8348928d61469c902edf88f5af5901 - - default default] Successfully bumped revision number for resource aed7afbf-7194-4483-af3a-16d1c1d15c9e (type: networks) to 1
2026-05-06 02:27:17.711 11 INFO neutron.wsgi [None req-c2b1c32c-3147-49fd-be9c-414cd38a293a 09a5f2e746694bfdbab22fc27ee986a3 213cbe7d811148cbb2df98a35bd0c857 - - default default] 10.0.0.140 "DELETE /v2.0/networks/c752e693-4087-4f03-8c92-03f0da4d84c1 HTTP/1.1" status: 204 len: 168 time: 0.5130634
2026-05-06 02:27:17.808 10 WARNING neutron.scheduler.dhcp_agent_scheduler [None req-51696ea1-4bd5-4f0e-8956-25cc21f4f6d7 868ef6fa83be47abbd8f78791837ac36 5c8348928d61469c902edf88f5af5901 - - default default] No more DHCP agents
2026-05-06 02:27:17.810 10 WARNING neutron.api.rpc.agentnotifiers.dhcp_rpc_agent_api [None req-51696ea1-4bd5-4f0e-8956-25cc21f4f6d7 868ef6fa83be47abbd8f78791837ac36 5c8348928d61469c902edf88f5af5901 - - default default] Unable to schedule network aed7afbf-7194-4483-af3a-16d1c1d15c9e: no agents available; will retry on subsequent port and subnet creation events.
2026-05-06 02:27:17.898 10 INFO neutron.wsgi [None req-23620cd4-2ac4-42f2-81e3-a2a12a19445c 09a5f2e746694bfdbab22fc27ee986a3 213cbe7d811148cbb2df98a35bd0c857 - - default default] 10.0.0.140 "GET /v2.0/security-groups?tenant_id=189c1a1883414a68b7fc83d06ba72032&name=default HTTP/1.1" status: 200 len: 2996 time: 0.0452266
2026-05-06 02:27:17.908 10 INFO neutron.db.ovn_revision_numbers_db [None req-51696ea1-4bd5-4f0e-8956-25cc21f4f6d7 868ef6fa83be47abbd8f78791837ac36 5c8348928d61469c902edf88f5af5901 - - default default] Successfully bumped revision number for resource a2104583-e47f-4d92-b908-9423ef3d052f (type: ports) to 1
2026-05-06 02:27:17.936 10 INFO neutron.wsgi [None req-51696ea1-4bd5-4f0e-8956-25cc21f4f6d7 868ef6fa83be47abbd8f78791837ac36 5c8348928d61469c902edf88f5af5901 - - default default] 10.0.0.140 "POST /v2.0/networks HTTP/1.1" status: 201 len: 847 time: 0.9077709
2026-05-06 02:27:17.970 11 INFO neutron.wsgi [None req-b36f9f29-bb2a-4b08-9a26-a49e550f0af0 09a5f2e746694bfdbab22fc27ee986a3 213cbe7d811148cbb2df98a35bd0c857 - - default default] 10.0.0.140 "DELETE /v2.0/networks/fd0c681e-e7c8-47d5-b3fb-d34a7748609b HTTP/1.1" status: 204 len: 168 time: 0.4943817
2026-05-06 02:27:18.085 10 WARNING neutron.plugins.ml2.drivers.ovn.mech_driver.ovsdb.ovn_client [None req-f8b393ac-a4c8-43d2-9ab8-dd3cbc701aa1 - - - - - -] No port found with ID e0269d66-ed17-4924-944a-4ab607ca2fc4: RuntimeError: No port found with ID e0269d66-ed17-4924-944a-4ab607ca2fc4
2026-05-06 02:27:18.130 10 INFO neutron.wsgi [None req-b24d265b-ae2f-4f8a-b3bb-40bdd0897e5a 09a5f2e746694bfdbab22fc27ee986a3 213cbe7d811148cbb2df98a35bd0c857 - - default default] 10.0.0.140 "DELETE /v2.0/security-groups/be22a133-564a-46d6-b819-7407d9e1b941 HTTP/1.1" status: 204 len: 168 time: 0.2280569
2026-05-06 02:27:18.138 11 INFO neutron.services.segments.plugin [-] Segment 677ddc6a-9021-4d29-badd-b1c37245e7c5 resource provider aggregate not found
2026-05-06 02:27:18.148 11 INFO neutron.services.segments.plugin [-] Segment 677ddc6a-9021-4d29-badd-b1c37245e7c5 resource provider aggregate not found
2026-05-06 02:27:18.168 11 INFO neutron.services.segments.plugin [-] Segment 677ddc6a-9021-4d29-badd-b1c37245e7c5 resource provider not found; error: Placement Client Error (4xx): {"errors": [{"status": 404, "title": "Not Found", "detail": "The resource could not be found.\n\n No resource provider with uuid 677ddc6a-9021-4d29-badd-b1c37245e7c5 found for delete ", "request_id": "req-9bf1e22b-5507-4acf-9ffb-5a18f43d8aea"}]}
2026-05-06 02:27:18.176 11 INFO neutron.services.segments.plugin [-] Segment 677ddc6a-9021-4d29-badd-b1c37245e7c5 resource provider not found; error: Placement Client Error (4xx): {"errors": [{"status": 404, "title": "Not Found", "detail": "The resource could not be found.\n\n No resource provider with uuid 677ddc6a-9021-4d29-badd-b1c37245e7c5 found for delete ", "request_id": "req-041198b1-efda-4fda-b3dd-14c8c30314c4"}]}
2026-05-06 02:27:18.243 11 INFO neutron.wsgi [None req-09ef341c-24f4-4be7-8f35-c8d840faba96 09a5f2e746694bfdbab22fc27ee986a3 213cbe7d811148cbb2df98a35bd0c857 - - default default] 10.0.0.140 "GET /v2.0/security-groups?tenant_id=d0de5882e53947839b91c9da72fa707f&name=default HTTP/1.1" status: 200 len: 2992 time: 0.0544865
2026-05-06 02:27:18.486 11 INFO neutron.wsgi [None req-9a928f0e-51f0-4f71-a1e3-3fd8bb9271ca 09a5f2e746694bfdbab22fc27ee986a3 213cbe7d811148cbb2df98a35bd0c857 - - default default] 10.0.0.140 "DELETE /v2.0/security-groups/a2d4df2e-336e-48a0-a280-b9eab912632a HTTP/1.1" status: 204 len: 168 time: 0.2371421
2026-05-06 02:27:18.699 11 WARNING neutron.scheduler.dhcp_agent_scheduler [None req-92267f9c-e29a-4b57-a6f9-a1f347a0d512 868ef6fa83be47abbd8f78791837ac36 5c8348928d61469c902edf88f5af5901 - - default default] No more DHCP agents
2026-05-06 02:27:18.701 11 WARNING neutron.api.rpc.agentnotifiers.dhcp_rpc_agent_api [None req-92267f9c-e29a-4b57-a6f9-a1f347a0d512 868ef6fa83be47abbd8f78791837ac36 5c8348928d61469c902edf88f5af5901 - - default default] Unable to schedule network aed7afbf-7194-4483-af3a-16d1c1d15c9e: no agents available; will retry on subsequent port and subnet creation events.
2026-05-06 02:27:18.735 11 INFO neutron.db.ovn_revision_numbers_db [None req-92267f9c-e29a-4b57-a6f9-a1f347a0d512 868ef6fa83be47abbd8f78791837ac36 5c8348928d61469c902edf88f5af5901 - - default default] Successfully bumped revision number for resource 193379ef-b487-4ced-9cd3-ed3f3b187a08 (type: subnets) to 0
2026-05-06 02:27:18.750 11 INFO neutron.wsgi [None req-92267f9c-e29a-4b57-a6f9-a1f347a0d512 868ef6fa83be47abbd8f78791837ac36 5c8348928d61469c902edf88f5af5901 - - default default] 10.0.0.140 "POST /v2.0/subnets HTTP/1.1" status: 201 len: 848 time: 0.3146734
2026-05-06 02:27:18.836 11 INFO neutron.db.segments_db [None req-f4701d40-6053-46fb-8bb2-0802317490ff 868ef6fa83be47abbd8f78791837ac36 5c8348928d61469c902edf88f5af5901 - - default default] Added segment 0c5e9143-7b87-475a-a697-3b1f67b8a3d9 of type geneve for network a638adbe-80c9-4b29-8925-32df3e3c2985
2026-05-06 02:27:19.014 11 INFO neutron.db.ovn_revision_numbers_db [None req-f4701d40-6053-46fb-8bb2-0802317490ff 868ef6fa83be47abbd8f78791837ac36 5c8348928d61469c902edf88f5af5901 - - default default] Successfully bumped revision number for resource a638adbe-80c9-4b29-8925-32df3e3c2985 (type: networks) to 1
2026-05-06 02:27:19.223 11 WARNING neutron.scheduler.dhcp_agent_scheduler [None req-f4701d40-6053-46fb-8bb2-0802317490ff 868ef6fa83be47abbd8f78791837ac36 5c8348928d61469c902edf88f5af5901 - - default default] No more DHCP agents
2026-05-06 02:27:19.227 11 WARNING neutron.api.rpc.agentnotifiers.dhcp_rpc_agent_api [None req-f4701d40-6053-46fb-8bb2-0802317490ff 868ef6fa83be47abbd8f78791837ac36 5c8348928d61469c902edf88f5af5901 - - default default] Unable to schedule network a638adbe-80c9-4b29-8925-32df3e3c2985: no agents available; will retry on subsequent port and subnet creation events.
2026-05-06 02:27:19.308 11 INFO neutron.db.ovn_revision_numbers_db [None req-f4701d40-6053-46fb-8bb2-0802317490ff 868ef6fa83be47abbd8f78791837ac36 5c8348928d61469c902edf88f5af5901 - - default default] Successfully bumped revision number for resource b62c7f12-465e-4149-ae5d-690fc7526e98 (type: ports) to 1
2026-05-06 02:27:19.330 11 INFO neutron.wsgi [None req-f4701d40-6053-46fb-8bb2-0802317490ff 868ef6fa83be47abbd8f78791837ac36 5c8348928d61469c902edf88f5af5901 - - default default] 10.0.0.140 "POST /v2.0/networks HTTP/1.1" status: 201 len: 846 time: 0.5754623
2026-05-06 02:27:19.529 11 INFO neutron.db.ovn_revision_numbers_db [None req-b0a5c154-a759-4d09-ab26-631cb2737020 868ef6fa83be47abbd8f78791837ac36 5c8348928d61469c902edf88f5af5901 - - default default] Successfully bumped revision number for resource a638adbe-80c9-4b29-8925-32df3e3c2985 (type: networks) to 2
2026-05-06 02:27:19.534 11 INFO neutron.wsgi [None req-b0a5c154-a759-4d09-ab26-631cb2737020 868ef6fa83be47abbd8f78791837ac36 5c8348928d61469c902edf88f5af5901 - - default default] 10.0.0.140 "PUT /v2.0/networks/a638adbe-80c9-4b29-8925-32df3e3c2985 HTTP/1.1" status: 200 len: 792 time: 0.1987960
2026-05-06 02:27:19.762 11 WARNING neutron.scheduler.dhcp_agent_scheduler [None req-16fb45c0-61e0-4fce-94ed-4b933ba5a472 868ef6fa83be47abbd8f78791837ac36 5c8348928d61469c902edf88f5af5901 - - default default] No more DHCP agents
2026-05-06 02:27:19.764 11 WARNING neutron.api.rpc.agentnotifiers.dhcp_rpc_agent_api [None req-16fb45c0-61e0-4fce-94ed-4b933ba5a472 868ef6fa83be47abbd8f78791837ac36 5c8348928d61469c902edf88f5af5901 - - default default] Unable to schedule network a638adbe-80c9-4b29-8925-32df3e3c2985: no agents available; will retry on subsequent port and subnet creation events.
2026-05-06 02:27:19.805 11 INFO neutron.db.ovn_revision_numbers_db [None req-16fb45c0-61e0-4fce-94ed-4b933ba5a472 868ef6fa83be47abbd8f78791837ac36 5c8348928d61469c902edf88f5af5901 - - default default] Successfully bumped revision number for resource 138bd0c6-91fe-4b95-994f-b11318c2f9f2 (type: subnets) to 0
2026-05-06 02:27:19.820 11 INFO neutron.wsgi [None req-16fb45c0-61e0-4fce-94ed-4b933ba5a472 868ef6fa83be47abbd8f78791837ac36 5c8348928d61469c902edf88f5af5901 - - default default] 10.0.0.140 "POST /v2.0/subnets HTTP/1.1" status: 201 len: 821 time: 0.2804489
2026-05-06 02:27:20.192 11 INFO neutron.services.segments.plugin [-] Segment d2a233c4-581c-4779-98c1-20ed7ca4e838 resource provider aggregate not found
2026-05-06 02:27:20.205 11 INFO neutron.services.segments.plugin [-] Segment d2a233c4-581c-4779-98c1-20ed7ca4e838 resource provider aggregate not found /var/lib/openstack/lib/python3.10/site-packages/pycadf/identifier.py:71: UserWarning: Invalid uuid: neutron. To ensure interoperability, identifiers should be a valid uuid. warnings.warn(('Invalid uuid: %s. To ensure interoperability, '
2026-05-06 02:27:20.234 11 INFO neutron.services.segments.plugin [-] Segment d2a233c4-581c-4779-98c1-20ed7ca4e838 resource provider not found; error: Placement Client Error (4xx): {"errors": [{"status": 404, "title": "Not Found", "detail": "The resource could not be found.\n\n No resource provider with uuid d2a233c4-581c-4779-98c1-20ed7ca4e838 found for delete ", "request_id": "req-6f0f9a6a-3c87-418d-aec9-db7de3de5779"}]}
2026-05-06 02:27:20.235 11 INFO neutron.services.segments.plugin [-] Segment d2a233c4-581c-4779-98c1-20ed7ca4e838 resource provider not found; error: Placement Client Error (4xx): {"errors": [{"status": 404, "title": "Not Found", "detail": "The resource could not be found.\n\n No resource provider with uuid d2a233c4-581c-4779-98c1-20ed7ca4e838 found for delete ", "request_id": "req-9ce854ee-f4f8-4a9a-b49b-55770a373f10"}]}
2026-05-06 02:27:20.354 11 INFO neutron.db.ovn_revision_numbers_db [None req-fe4ec317-f31f-4623-a0a7-bba2a0cd3002 09a5f2e746694bfdbab22fc27ee986a3 213cbe7d811148cbb2df98a35bd0c857 - - default default] Successfully bumped revision number for resource ceb1220e-1d8c-4ea8-b20b-38499e219852 (type: security_groups) to 1
2026-05-06 02:27:20.363 10 INFO neutron.db.ovn_revision_numbers_db [None req-1d8dceb0-d91d-47ca-b72c-0621a53408e1 09a5f2e746694bfdbab22fc27ee986a3 213cbe7d811148cbb2df98a35bd0c857 - - default default] Successfully bumped revision number for resource fdbb54a5-adaf-456e-9d54-cf71698a9e44 (type: security_groups) to 1
