2026-05-06 02:28:46.800 11 INFO neutron.db.ovn_revision_numbers_db [None req-2c0e30e0-4fc5-4a0e-83b4-1469812092d8 7de982f6efed4578ae925fbc1e5c9106 42b0739dcc8f48b9afb9278a2e834eb0 - - default default] Successfully bumped revision number for resource d773b6e0-ff02-450b-9922-7825b229929d (type: ports) to 2
2026-05-06 02:28:46.814 10 INFO neutron.db.ovn_revision_numbers_db [None req-4668dc4b-1f7d-44b2-86ad-0df2d5bd36a0 318aca6a62b14c87a47040e77fa178f6 a971d329d41b4e638db86990a3b05b23 - - default default] Successfully bumped revision number for resource e658db5c-dcfa-4ec4-9243-ed8421024ac7 (type: subnets) to 0
2026-05-06 02:28:46.830 10 INFO neutron.db.ovn_revision_numbers_db [None req-fa839db4-b485-435e-b112-0b5e09176eab - - - - - -] Successfully bumped revision number for resource 2009e70e-ccb9-4ff6-b5f3-66e14120ea17 (type: router_ports) to 3
2026-05-06 02:28:46.843 10 INFO neutron.wsgi [None req-4668dc4b-1f7d-44b2-86ad-0df2d5bd36a0 318aca6a62b14c87a47040e77fa178f6 a971d329d41b4e638db86990a3b05b23 - - default default] 10.0.0.140 "POST /v2.0/subnets HTTP/1.1" status: 201 len: 901 time: 0.4969735
2026-05-06 02:28:47.009 10 INFO neutron.db.ovn_revision_numbers_db [None req-fa839db4-b485-435e-b112-0b5e09176eab - - - - - -] Successfully bumped revision number for resource 2009e70e-ccb9-4ff6-b5f3-66e14120ea17 (type: ports) to 2
2026-05-06 02:28:47.084 11 INFO neutron.db.ovn_revision_numbers_db [None req-2c0e30e0-4fc5-4a0e-83b4-1469812092d8 7de982f6efed4578ae925fbc1e5c9106 42b0739dcc8f48b9afb9278a2e834eb0 - - default default] Successfully bumped revision number for resource d28bb890-a78b-4213-be7a-8a07f561c637 (type: subnets) to 0
2026-05-06 02:28:47.108 11 INFO neutron.wsgi [None req-2c0e30e0-4fc5-4a0e-83b4-1469812092d8 7de982f6efed4578ae925fbc1e5c9106 42b0739dcc8f48b9afb9278a2e834eb0 - - default default] 10.0.0.140 "POST /v2.0/subnets HTTP/1.1" status: 201 len: 831 time: 1.2617273
2026-05-06 02:28:47.208 11 INFO neutron.db.segments_db [None req-79262a5d-de7a-45f0-be26-cd0bce4a0ae2 318aca6a62b14c87a47040e77fa178f6 a971d329d41b4e638db86990a3b05b23 - - default default] Added segment d1cd2722-e4b7-4de4-8eb1-6e433328764b of type geneve for network 439ef3fe-a134-4c6d-8314-d2ccee22e50f
2026-05-06 02:28:47.298 10 INFO neutron.db.ovn_revision_numbers_db [None req-fa839db4-b485-435e-b112-0b5e09176eab - - - - - -] Successfully bumped revision number for resource 2009e70e-ccb9-4ff6-b5f3-66e14120ea17 (type: ports) to 4
2026-05-06 02:28:47.360 11 WARNING neutron.scheduler.dhcp_agent_scheduler [None req-a20711be-819d-467f-820a-c04d78af2a2a 8394991d6b5f43a183f82f266cb4e575 0c388ed46f5d4e47abbeb3bb76433d3d - - default default] No more DHCP agents
2026-05-06 02:28:47.364 11 WARNING neutron.api.rpc.agentnotifiers.dhcp_rpc_agent_api [None req-a20711be-819d-467f-820a-c04d78af2a2a 8394991d6b5f43a183f82f266cb4e575 0c388ed46f5d4e47abbeb3bb76433d3d - - default default] Unable to schedule network 8917bc5b-fe0b-4fed-8ae9-6b60d6128f35: no agents available; will retry on subsequent port and subnet creation events.
2026-05-06 02:28:47.396 11 INFO neutron.db.ovn_revision_numbers_db [None req-79262a5d-de7a-45f0-be26-cd0bce4a0ae2 318aca6a62b14c87a47040e77fa178f6 a971d329d41b4e638db86990a3b05b23 - - default default] Successfully bumped revision number for resource 439ef3fe-a134-4c6d-8314-d2ccee22e50f (type: networks) to 1
2026-05-06 02:28:47.589 11 INFO neutron.wsgi [req-6edad16c-fe75-4be7-97ae-43adf6c3776f req-3fa3eb2a-2a4e-4d33-88d9-3248e70cb866 1374d8a9b9394e2d99f23b77273ba25d 267c2443f44741dab2829e0d33f09c95 - - default default] 10.0.0.47 "GET /v2.0/ports?device_id=d235ac02-23a0-4fe2-98a0-627b4134c8e0 HTTP/1.1" status: 200 len: 1170 time: 0.0621221
2026-05-06 02:28:47.589 10 INFO neutron.db.ovn_revision_numbers_db [None req-fa839db4-b485-435e-b112-0b5e09176eab - - - - - -] Successfully bumped revision number for resource 2009e70e-ccb9-4ff6-b5f3-66e14120ea17 (type: router_ports) to 4
2026-05-06 02:28:47.630 11 INFO neutron.db.ovn_revision_numbers_db [None req-a20711be-819d-467f-820a-c04d78af2a2a 8394991d6b5f43a183f82f266cb4e575 0c388ed46f5d4e47abbeb3bb76433d3d - - default default] Successfully bumped revision number for resource 41d81cd5-929c-4bff-b04b-3db870011ffd (type: ports) to 1
2026-05-06 02:28:47.637 11 WARNING neutron.scheduler.dhcp_agent_scheduler [None req-79262a5d-de7a-45f0-be26-cd0bce4a0ae2 318aca6a62b14c87a47040e77fa178f6 a971d329d41b4e638db86990a3b05b23 - - default default] No more DHCP agents
2026-05-06 02:28:47.644 11 WARNING neutron.api.rpc.agentnotifiers.dhcp_rpc_agent_api [None req-79262a5d-de7a-45f0-be26-cd0bce4a0ae2 318aca6a62b14c87a47040e77fa178f6 a971d329d41b4e638db86990a3b05b23 - - default default] Unable to schedule network 439ef3fe-a134-4c6d-8314-d2ccee22e50f: no agents available; will retry on subsequent port and subnet creation events.
2026-05-06 02:28:47.674 11 INFO neutron.wsgi [req-6edad16c-fe75-4be7-97ae-43adf6c3776f req-99cf0556-e02d-494c-8d98-5cb23b2408c2 1374d8a9b9394e2d99f23b77273ba25d 267c2443f44741dab2829e0d33f09c95 - - default default] 10.0.0.47 "GET /v2.0/security-groups?id=0e35e7b1-4b0c-4402-8460-3d5338c84c10&fields=id&fields=name HTTP/1.1" status: 200 len: 313 time: 0.0747964
2026-05-06 02:28:47.764 10 WARNING neutron.scheduler.dhcp_agent_scheduler [None req-ff99004d-eb3b-4949-aa2a-402f7aa227b3 7de982f6efed4578ae925fbc1e5c9106 42b0739dcc8f48b9afb9278a2e834eb0 - - default default] No more DHCP agents
2026-05-06 02:28:47.767 10 WARNING neutron.api.rpc.agentnotifiers.dhcp_rpc_agent_api [None req-ff99004d-eb3b-4949-aa2a-402f7aa227b3 7de982f6efed4578ae925fbc1e5c9106 42b0739dcc8f48b9afb9278a2e834eb0 - - default default] Unable to schedule network ee041099-9b39-4af3-8344-3467a729294d: no agents available; will retry on subsequent port and subnet creation events.
2026-05-06 02:28:47.774 11 INFO neutron.db.ovn_revision_numbers_db [None req-79262a5d-de7a-45f0-be26-cd0bce4a0ae2 318aca6a62b14c87a47040e77fa178f6 a971d329d41b4e638db86990a3b05b23 - - default default] Successfully bumped revision number for resource 0a03e254-a59c-4d3b-9a7b-c972290fc1dd (type: ports) to 1
2026-05-06 02:28:47.799 11 INFO neutron.wsgi [None req-79262a5d-de7a-45f0-be26-cd0bce4a0ae2 318aca6a62b14c87a47040e77fa178f6 a971d329d41b4e638db86990a3b05b23 - - default default] 10.0.0.140 "POST /v2.0/networks HTTP/1.1" status: 201 len: 837 time: 0.9489639
2026-05-06 02:28:47.930 10 INFO neutron.db.ovn_revision_numbers_db [None req-ff99004d-eb3b-4949-aa2a-402f7aa227b3 7de982f6efed4578ae925fbc1e5c9106 42b0739dcc8f48b9afb9278a2e834eb0 - - default default] Successfully bumped revision number for resource f43e5570-ee0e-4be3-ad4b-0527df4c907f (type: ports) to 1
2026-05-06 02:28:48.083 10 INFO neutron.plugins.ml2.drivers.ovn.mech_driver.mech_driver [None req-f8b393ac-a4c8-43d2-9ab8-dd3cbc701aa1 - - - - - -] OVN reports status up for port: 87197428-0250-4420-833c-525d958027a7
2026-05-06 02:28:48.091 10 INFO neutron.plugins.ml2.plugin [None req-f8b393ac-a4c8-43d2-9ab8-dd3cbc701aa1 - - - - - -] Attempt 1 to provision port 87197428-0250-4420-833c-525d958027a7
2026-05-06 02:28:48.126 11 WARNING neutron.scheduler.dhcp_agent_scheduler [None req-0292ec20-c47a-4c7b-a451-2ff36987d3fd 318aca6a62b14c87a47040e77fa178f6 a971d329d41b4e638db86990a3b05b23 - - default default] No more DHCP agents
2026-05-06 02:28:48.132 11 WARNING neutron.api.rpc.agentnotifiers.dhcp_rpc_agent_api [None req-0292ec20-c47a-4c7b-a451-2ff36987d3fd 318aca6a62b14c87a47040e77fa178f6 a971d329d41b4e638db86990a3b05b23 - - default default] Unable to schedule network 439ef3fe-a134-4c6d-8314-d2ccee22e50f: no agents available; will retry on subsequent port and subnet creation events.
2026-05-06 02:28:48.185 11 INFO neutron.db.ovn_revision_numbers_db [None req-a20711be-819d-467f-820a-c04d78af2a2a 8394991d6b5f43a183f82f266cb4e575 0c388ed46f5d4e47abbeb3bb76433d3d - - default default] Successfully bumped revision number for resource 41d81cd5-929c-4bff-b04b-3db870011ffd (type: router_ports) to 1
2026-05-06 02:28:48.383 11 INFO neutron.db.ovn_revision_numbers_db [None req-a20711be-819d-467f-820a-c04d78af2a2a 8394991d6b5f43a183f82f266cb4e575 0c388ed46f5d4e47abbeb3bb76433d3d - - default default] Successfully bumped revision number for resource 41d81cd5-929c-4bff-b04b-3db870011ffd (type: ports) to 1
2026-05-06 02:28:48.475 11 WARNING neutron.scheduler.dhcp_agent_scheduler [None req-a20711be-819d-467f-820a-c04d78af2a2a 8394991d6b5f43a183f82f266cb4e575 0c388ed46f5d4e47abbeb3bb76433d3d - - default default] No more DHCP agents
2026-05-06 02:28:48.477 11 WARNING neutron.api.rpc.agentnotifiers.dhcp_rpc_agent_api [None req-a20711be-819d-467f-820a-c04d78af2a2a 8394991d6b5f43a183f82f266cb4e575 0c388ed46f5d4e47abbeb3bb76433d3d - - default default] Unable to schedule network 8917bc5b-fe0b-4fed-8ae9-6b60d6128f35: no agents available; will retry on subsequent port and subnet creation events.
2026-05-06 02:28:48.679 10 INFO neutron.db.ovn_revision_numbers_db [None req-f8b393ac-a4c8-43d2-9ab8-dd3cbc701aa1 - - - - - -] Successfully bumped revision number for resource 87197428-0250-4420-833c-525d958027a7 (type: ports) to 2
2026-05-06 02:28:48.722 11 INFO neutron.db.ovn_revision_numbers_db [None req-a20711be-819d-467f-820a-c04d78af2a2a 8394991d6b5f43a183f82f266cb4e575 0c388ed46f5d4e47abbeb3bb76433d3d - - default default] Successfully bumped revision number for resource 41d81cd5-929c-4bff-b04b-3db870011ffd (type: router_ports) to 1
2026-05-06 02:28:48.724 11 INFO neutron.wsgi [None req-a20711be-819d-467f-820a-c04d78af2a2a 8394991d6b5f43a183f82f266cb4e575 0c388ed46f5d4e47abbeb3bb76433d3d - - default default] 10.0.0.140 "PUT /v2.0/routers/f5c0ba7c-3805-4342-849b-469ad8ca6146/add_router_interface HTTP/1.1" status: 200 len: 503 time: 2.1466129
2026-05-06 02:28:48.775 10 INFO neutron.db.ovn_revision_numbers_db [None req-ff99004d-eb3b-4949-aa2a-402f7aa227b3 7de982f6efed4578ae925fbc1e5c9106 42b0739dcc8f48b9afb9278a2e834eb0 - - default default] Successfully bumped revision number for resource f43e5570-ee0e-4be3-ad4b-0527df4c907f (type: router_ports) to 1
2026-05-06 02:28:48.778 11 INFO neutron.db.ovn_revision_numbers_db [None req-0292ec20-c47a-4c7b-a451-2ff36987d3fd 318aca6a62b14c87a47040e77fa178f6 a971d329d41b4e638db86990a3b05b23 - - default default] Successfully bumped revision number for resource 0a03e254-a59c-4d3b-9a7b-c972290fc1dd (type: ports) to 2
2026-05-06 02:28:48.806 11 INFO neutron.wsgi [req-a2c1164c-3327-475d-9731-d8b940d0a88d req-93da30e6-3a5b-4e38-b850-94a42c982187 1374d8a9b9394e2d99f23b77273ba25d 267c2443f44741dab2829e0d33f09c95 - - default default] 10.0.0.47 "GET /v2.0/ports?device_id=d235ac02-23a0-4fe2-98a0-627b4134c8e0 HTTP/1.1" status: 200 len: 1170 time: 0.0611186
2026-05-06 02:28:48.828 10 INFO neutron.db.ovn_revision_numbers_db [None req-f8b393ac-a4c8-43d2-9ab8-dd3cbc701aa1 - - - - - -] Successfully bumped revision number for resource 87197428-0250-4420-833c-525d958027a7 (type: router_ports) to 2
2026-05-06 02:28:48.856 11 INFO neutron.db.ovn_revision_numbers_db [None req-0292ec20-c47a-4c7b-a451-2ff36987d3fd 318aca6a62b14c87a47040e77fa178f6 a971d329d41b4e638db86990a3b05b23 - - default default] Successfully bumped revision number for resource 3f299d4d-3321-4bc6-8f3d-e27f21f875da (type: subnets) to 0
2026-05-06 02:28:48.864 11 INFO neutron.wsgi [None req-b6df9330-26bb-4aa5-96d8-8ae0d31c8b0d 8394991d6b5f43a183f82f266cb4e575 0c388ed46f5d4e47abbeb3bb76433d3d - - default default] 10.0.0.140 "GET /v2.0/ports/41d81cd5-929c-4bff-b04b-3db870011ffd HTTP/1.1" status: 200 len: 1135 time: 0.1343083
2026-05-06 02:28:48.879 11 INFO neutron.wsgi [None req-0292ec20-c47a-4c7b-a451-2ff36987d3fd 318aca6a62b14c87a47040e77fa178f6 a971d329d41b4e638db86990a3b05b23 - - default default] 10.0.0.140 "POST /v2.0/subnets HTTP/1.1" status: 201 len: 830 time: 1.0745580
2026-05-06 02:28:48.906 11 INFO neutron.wsgi [req-a2c1164c-3327-475d-9731-d8b940d0a88d req-293503dd-6223-42bf-ac9c-b311701ad9ee 1374d8a9b9394e2d99f23b77273ba25d 267c2443f44741dab2829e0d33f09c95 - - default default] 10.0.0.47 "GET /v2.0/security-groups?id=0e35e7b1-4b0c-4402-8460-3d5338c84c10&fields=id&fields=name HTTP/1.1" status: 200 len: 313 time: 0.0900354
2026-05-06 02:28:49.020 10 INFO neutron.wsgi [None req-78c8b694-7891-41b3-af48-8497017e7bc7 8394991d6b5f43a183f82f266cb4e575 0c388ed46f5d4e47abbeb3bb76433d3d - - default default] 10.0.0.140 "GET /v2.0/ports/41d81cd5-929c-4bff-b04b-3db870011ffd HTTP/1.1" status: 200 len: 1135 time: 0.1475170
2026-05-06 02:28:49.030 10 INFO neutron.db.ovn_revision_numbers_db [None req-ff99004d-eb3b-4949-aa2a-402f7aa227b3 7de982f6efed4578ae925fbc1e5c9106 42b0739dcc8f48b9afb9278a2e834eb0 - - default default] Successfully bumped revision number for resource f43e5570-ee0e-4be3-ad4b-0527df4c907f (type: ports) to 1
2026-05-06 02:28:49.125 10 WARNING neutron.scheduler.dhcp_agent_scheduler [None req-ff99004d-eb3b-4949-aa2a-402f7aa227b3 7de982f6efed4578ae925fbc1e5c9106 42b0739dcc8f48b9afb9278a2e834eb0 - - default default] No more DHCP agents
2026-05-06 02:28:49.127 10 WARNING neutron.api.rpc.agentnotifiers.dhcp_rpc_agent_api [None req-ff99004d-eb3b-4949-aa2a-402f7aa227b3 7de982f6efed4578ae925fbc1e5c9106 42b0739dcc8f48b9afb9278a2e834eb0 - - default default] Unable to schedule network ee041099-9b39-4af3-8344-3467a729294d: no agents available; will retry on subsequent port and subnet creation events.
2026-05-06 02:28:49.159 11 WARNING neutron.scheduler.dhcp_agent_scheduler [None req-9ca65e4f-6dfb-43a5-9e3a-cb77dec31242 318aca6a62b14c87a47040e77fa178f6 a971d329d41b4e638db86990a3b05b23 - - default default] No more DHCP agents
2026-05-06 02:28:49.163 11 WARNING neutron.api.rpc.agentnotifiers.dhcp_rpc_agent_api [None req-9ca65e4f-6dfb-43a5-9e3a-cb77dec31242 318aca6a62b14c87a47040e77fa178f6 a971d329d41b4e638db86990a3b05b23 - - default default] Unable to schedule network 439ef3fe-a134-4c6d-8314-d2ccee22e50f: no agents available; will retry on subsequent port and subnet creation events.
2026-05-06 02:28:49.204 11 INFO neutron.db.ovn_revision_numbers_db [None req-9ca65e4f-6dfb-43a5-9e3a-cb77dec31242 318aca6a62b14c87a47040e77fa178f6 a971d329d41b4e638db86990a3b05b23 - - default default] Successfully bumped revision number for resource 5661df72-7c90-40ac-916b-84ca559b8c6d (type: subnets) to 0
2026-05-06 02:28:49.220 11 INFO neutron.wsgi [None req-9ca65e4f-6dfb-43a5-9e3a-cb77dec31242 318aca6a62b14c87a47040e77fa178f6 a971d329d41b4e638db86990a3b05b23 - - default default] 10.0.0.140 "POST /v2.0/subnets HTTP/1.1" status: 201 len: 905 time: 0.3336647
2026-05-06 02:28:49.455 10 INFO neutron.db.ovn_revision_numbers_db [None req-ff99004d-eb3b-4949-aa2a-402f7aa227b3 7de982f6efed4578ae925fbc1e5c9106 42b0739dcc8f48b9afb9278a2e834eb0 - - default default] Successfully bumped revision number for resource f43e5570-ee0e-4be3-ad4b-0527df4c907f (type: router_ports) to 1
2026-05-06 02:28:49.458 10 INFO neutron.wsgi [None req-ff99004d-eb3b-4949-aa2a-402f7aa227b3 7de982f6efed4578ae925fbc1e5c9106 42b0739dcc8f48b9afb9278a2e834eb0 - - default default] 10.0.0.140 "PUT /v2.0/routers/af6809a7-90d2-4c72-9e6e-f1a6cd0ba2db/add_router_interface HTTP/1.1" status: 200 len: 503 time: 2.3442950
2026-05-06 02:28:49.535 10 INFO neutron.wsgi [None req-b20ab2d4-f5ae-4783-84c0-98e89bda3e10 1a94bee4d4244ababdf8cca092bc3bc8 bade1d6a15bd448bb6580a92ab6e6e33 - - default default] 10.0.0.140 "GET /v2.0/networks HTTP/1.1" status: 200 len: 7729 time: 0.0715761
2026-05-06 02:28:49.582 10 INFO neutron.wsgi [None req-20cc5188-8be4-4f5c-b22d-60a12cab31c2 1a94bee4d4244ababdf8cca092bc3bc8 bade1d6a15bd448bb6580a92ab6e6e33 - - default default] 10.0.0.140 "GET /v2.0/subnets HTTP/1.1" status: 200 len: 8033 time: 0.0410478
2026-05-06 02:28:49.657 10 INFO neutron.wsgi [None req-de434a81-fe90-4793-9152-ef1214cf8cc9 1a94bee4d4244ababdf8cca092bc3bc8 bade1d6a15bd448bb6580a92ab6e6e33 - - default default] 10.0.0.140 "GET /v2.0/routers HTTP/1.1" status: 200 len: 2512 time: 0.0697331
2026-05-06 02:28:49.703 11 WARNING neutron.scheduler.dhcp_agent_scheduler [None req-4ad06024-d6f1-4cb1-bdaf-f0d46fe403ef 318aca6a62b14c87a47040e77fa178f6 a971d329d41b4e638db86990a3b05b23 - - default default] No more DHCP agents
2026-05-06 02:28:49.706 11 WARNING neutron.api.rpc.agentnotifiers.dhcp_rpc_agent_api [None req-4ad06024-d6f1-4cb1-bdaf-f0d46fe403ef 318aca6a62b14c87a47040e77fa178f6 a971d329d41b4e638db86990a3b05b23 - - default default] Unable to schedule network b5d29222-b8b0-4df6-a980-d1b93cfbe470: no agents available; will retry on subsequent port and subnet creation events.
2026-05-06 02:28:49.870 11 INFO neutron.db.ovn_revision_numbers_db [None req-544dd13c-83d4-4e44-b571-2f6a671a283b 7de982f6efed4578ae925fbc1e5c9106 42b0739dcc8f48b9afb9278a2e834eb0 - - default default] Successfully bumped revision number for resource 099ea861-f86e-4e9a-aece-685790b3d804 (type: security_groups) to 1
2026-05-06 02:28:49.891 11 INFO neutron.db.ovn_revision_numbers_db [None req-4ad06024-d6f1-4cb1-bdaf-f0d46fe403ef 318aca6a62b14c87a47040e77fa178f6 a971d329d41b4e638db86990a3b05b23 - - default default] Successfully bumped revision number for resource a4a2e1ad-9ec5-43ea-bc88-957f85fb21e3 (type: ports) to 1
2026-05-06 02:28:49.894 11 INFO neutron.db.ovn_revision_numbers_db [None req-544dd13c-83d4-4e44-b571-2f6a671a283b 7de982f6efed4578ae925fbc1e5c9106 42b0739dcc8f48b9afb9278a2e834eb0 - - default default] Successfully bumped revision number for resource d3da3c81-7194-4d6b-94e0-0af60f3bf755 (type: security_group_rules) to 0
2026-05-06 02:28:49.941 11 INFO neutron.db.ovn_revision_numbers_db [None req-544dd13c-83d4-4e44-b571-2f6a671a283b 7de982f6efed4578ae925fbc1e5c9106 42b0739dcc8f48b9afb9278a2e834eb0 - - default default] Successfully bumped revision number for resource e2b0d7f5-c906-4300-bda6-93cc9733d8c1 (type: security_group_rules) to 0
2026-05-06 02:28:50.062 10 INFO neutron.wsgi [None req-c1ed0a95-67fe-4c6f-b07c-65cce339a342 8394991d6b5f43a183f82f266cb4e575 0c388ed46f5d4e47abbeb3bb76433d3d - - default default] 10.0.0.140 "GET /v2.0/ports/41d81cd5-929c-4bff-b04b-3db870011ffd HTTP/1.1" status: 200 len: 1135 time: 0.0362120
2026-05-06 02:28:50.197 11 INFO neutron.wsgi [None req-544dd13c-83d4-4e44-b571-2f6a671a283b 7de982f6efed4578ae925fbc1e5c9106 42b0739dcc8f48b9afb9278a2e834eb0 - - default default] 10.0.0.140 "POST /v2.0/security-groups HTTP/1.1" status: 201 len: 1807 time: 0.4799447
2026-05-06 02:28:50.347 10 INFO neutron.db.ovn_revision_numbers_db [None req-ef95b1ac-8bab-4377-9558-766e42f5199a 7de982f6efed4578ae925fbc1e5c9106 42b0739dcc8f48b9afb9278a2e834eb0 - - default default] Successfully bumped revision number for resource f575846e-4b79-4ae6-91a0-a54c62dca4c5 (type: security_group_rules) to 0
2026-05-06 02:28:50.377 10 INFO neutron.wsgi [None req-ef95b1ac-8bab-4377-9558-766e42f5199a 7de982f6efed4578ae925fbc1e5c9106 42b0739dcc8f48b9afb9278a2e834eb0 - - default default] 10.0.0.140 "POST /v2.0/security-group-rules HTTP/1.1" status: 201 len: 764 time: 0.1716897
2026-05-06 02:28:50.499 10 INFO neutron.db.ovn_revision_numbers_db [None req-d4f1d9bb-d110-4544-a170-4cb3f526ec52 7de982f6efed4578ae925fbc1e5c9106 42b0739dcc8f48b9afb9278a2e834eb0 - - default default] Successfully bumped revision number for resource 3889b188-84a3-49e1-ae45-3ba0edfd3183 (type: security_group_rules) to 0
2026-05-06 02:28:50.528 10 INFO neutron.wsgi [None req-d4f1d9bb-d110-4544-a170-4cb3f526ec52 7de982f6efed4578ae925fbc1e5c9106 42b0739dcc8f48b9afb9278a2e834eb0 - - default default] 10.0.0.140 "POST /v2.0/security-group-rules HTTP/1.1" status: 201 len: 763 time: 0.1445572
2026-05-06 02:28:50.656 10 INFO neutron.db.ovn_revision_numbers_db [None req-76646e63-166d-4206-861b-f8543c23ab33 7de982f6efed4578ae925fbc1e5c9106 42b0739dcc8f48b9afb9278a2e834eb0 - - default default] Successfully bumped revision number for resource 70aaf0b0-659c-4e50-b979-c3a70bc598f4 (type: security_group_rules) to 0
2026-05-06 02:28:50.682 10 INFO neutron.wsgi [None req-76646e63-166d-4206-861b-f8543c23ab33 7de982f6efed4578ae925fbc1e5c9106 42b0739dcc8f48b9afb9278a2e834eb0 - - default default] 10.0.0.140 "POST /v2.0/security-group-rules HTTP/1.1" status: 201 len: 769 time: 0.1463237
2026-05-06 02:28:50.726 11 INFO neutron.plugins.ml2.drivers.ovn.mech_driver.ovsdb.ovsdb_monitor [None req-c3300174-91eb-4d40-9c8c-e56908912e61 - - - - - -] Router a205d92f-d073-4a22-a694-7970851d42aa is bound to host instance
2026-05-06 02:28:50.761 11 INFO neutron.db.ovn_revision_numbers_db [None req-4ad06024-d6f1-4cb1-bdaf-f0d46fe403ef 318aca6a62b14c87a47040e77fa178f6 a971d329d41b4e638db86990a3b05b23 - - default default] Successfully bumped revision number for resource a4a2e1ad-9ec5-43ea-bc88-957f85fb21e3 (type: router_ports) to 1
2026-05-06 02:28:50.822 10 INFO neutron.db.ovn_revision_numbers_db [None req-623ec6d9-3b8c-4cac-b1f5-6bc68531a9b8 7de982f6efed4578ae925fbc1e5c9106 42b0739dcc8f48b9afb9278a2e834eb0 - - default default] Successfully bumped revision number for resource e288c788-7d0f-4cd8-a21e-0cf92733a474 (type: security_group_rules) to 0
2026-05-06 02:28:50.846 10 INFO neutron.wsgi [None req-623ec6d9-3b8c-4cac-b1f5-6bc68531a9b8 7de982f6efed4578ae925fbc1e5c9106 42b0739dcc8f48b9afb9278a2e834eb0 - - default default] 10.0.0.140 "POST /v2.0/security-group-rules HTTP/1.1" status: 201 len: 768 time: 0.1594100
2026-05-06 02:28:50.872 10 INFO neutron.db.securitygroups_db [None req-b730e5e3-96bc-443e-af73-a4167a342ada 7de982f6efed4578ae925fbc1e5c9106 42b0739dcc8f48b9afb9278a2e834eb0 - - default default] Project 42b0739dcc8f48b9afb9278a2e834eb0 added a security group rule with legacy IPv6 ICMP protocol name icmp, ipv6-icmp should be used instead. It was automatically converted.
2026-05-06 02:28:50.879 11 INFO neutron.db.ovn_revision_numbers_db [None req-4ad06024-d6f1-4cb1-bdaf-f0d46fe403ef 318aca6a62b14c87a47040e77fa178f6 a971d329d41b4e638db86990a3b05b23 - - default default] Successfully bumped revision number for resource a205d92f-d073-4a22-a694-7970851d42aa (type: routers) to 2
2026-05-06 02:28:50.897 11 INFO neutron.wsgi [None req-4ad06024-d6f1-4cb1-bdaf-f0d46fe403ef 318aca6a62b14c87a47040e77fa178f6 a971d329d41b4e638db86990a3b05b23 - - default default] 10.0.0.140 "POST /v2.0/routers HTTP/1.1" status: 201 len: 865 time: 1.6713247
2026-05-06 02:28:51.064 10 INFO neutron.db.ovn_revision_numbers_db [None req-b730e5e3-96bc-443e-af73-a4167a342ada 7de982f6efed4578ae925fbc1e5c9106 42b0739dcc8f48b9afb9278a2e834eb0 - - default default] Successfully bumped revision number for resource bd40abab-7cba-4533-9e49-f42146941f7f (type: security_group_rules) to 0
2026-05-06 02:28:51.107 10 INFO neutron.wsgi [None req-b730e5e3-96bc-443e-af73-a4167a342ada 7de982f6efed4578ae925fbc1e5c9106 42b0739dcc8f48b9afb9278a2e834eb0 - - default default] 10.0.0.140 "POST /v2.0/security-group-rules HTTP/1.1" status: 201 len: 774 time: 0.2562537
2026-05-06 02:28:51.141 11 INFO neutron.wsgi [None req-ab70b734-f2c6-4fc4-8d49-53b83407dca7 8394991d6b5f43a183f82f266cb4e575 0c388ed46f5d4e47abbeb3bb76433d3d - - default default] 10.0.0.140 "GET /v2.0/ports/41d81cd5-929c-4bff-b04b-3db870011ffd HTTP/1.1" status: 200 len: 1135 time: 0.0692949
2026-05-06 02:28:51.145 10 INFO neutron.db.securitygroups_db [None req-ed383e00-7b61-4aac-b676-47ec257b578a 7de982f6efed4578ae925fbc1e5c9106 42b0739dcc8f48b9afb9278a2e834eb0 - - default default] Project 42b0739dcc8f48b9afb9278a2e834eb0 added a security group rule with legacy IPv6 ICMP protocol name icmp, ipv6-icmp should be used instead. It was automatically converted.
2026-05-06 02:28:51.334 10 INFO neutron.db.ovn_revision_numbers_db [None req-ed383e00-7b61-4aac-b676-47ec257b578a 7de982f6efed4578ae925fbc1e5c9106 42b0739dcc8f48b9afb9278a2e834eb0 - - default default] Successfully bumped revision number for resource 866e9170-ba37-47ff-ab4f-b448fd17d6a2 (type: security_group_rules) to 0
2026-05-06 02:28:51.371 10 INFO neutron.wsgi [None req-ed383e00-7b61-4aac-b676-47ec257b578a 7de982f6efed4578ae925fbc1e5c9106 42b0739dcc8f48b9afb9278a2e834eb0 - - default default] 10.0.0.140 "POST /v2.0/security-group-rules HTTP/1.1" status: 201 len: 773 time: 0.2563541
2026-05-06 02:28:51.377 11 INFO neutron.db.ovn_revision_numbers_db [None req-c3300174-91eb-4d40-9c8c-e56908912e61 - - - - - -] Successfully bumped revision number for resource a4a2e1ad-9ec5-43ea-bc88-957f85fb21e3 (type: ports) to 1
2026-05-06 02:28:51.468 10 WARNING neutron.scheduler.dhcp_agent_scheduler [None req-4c11b0e4-14e5-459b-8e0c-aaed1eac22be 318aca6a62b14c87a47040e77fa178f6 a971d329d41b4e638db86990a3b05b23 - - default default] No more DHCP agents
2026-05-06 02:28:51.470 10 WARNING neutron.api.rpc.agentnotifiers.dhcp_rpc_agent_api [None req-4c11b0e4-14e5-459b-8e0c-aaed1eac22be 318aca6a62b14c87a47040e77fa178f6 a971d329d41b4e638db86990a3b05b23 - - default default] Unable to schedule network 713337a7-b79d-40e0-9e0a-7a26bef05fa6: no agents available; will retry on subsequent port and subnet creation events.
2026-05-06 02:28:51.610 10 INFO neutron.db.ovn_revision_numbers_db [None req-4c11b0e4-14e5-459b-8e0c-aaed1eac22be 318aca6a62b14c87a47040e77fa178f6 a971d329d41b4e638db86990a3b05b23 - - default default] Successfully bumped revision number for resource 7d95de72-b78e-4ccc-8a35-ce52ee89d26a (type: ports) to 1
2026-05-06 02:28:51.624 11 INFO neutron.db.ovn_revision_numbers_db [None req-c3300174-91eb-4d40-9c8c-e56908912e61 - - - - - -] Successfully bumped revision number for resource a4a2e1ad-9ec5-43ea-bc88-957f85fb21e3 (type: router_ports) to 3
2026-05-06 02:28:51.801 11 INFO neutron.wsgi [None req-a1277537-f1c8-48f5-ba9e-ea66b266756a 7de982f6efed4578ae925fbc1e5c9106 42b0739dcc8f48b9afb9278a2e834eb0 - - default default] 10.0.0.140 "GET /v2.0/networks HTTP/1.1" status: 200 len: 1493 time: 0.1162097
2026-05-06 02:28:51.809 11 INFO neutron.db.ovn_revision_numbers_db [None req-c3300174-91eb-4d40-9c8c-e56908912e61 - - - - - -] Successfully bumped revision number for resource a4a2e1ad-9ec5-43ea-bc88-957f85fb21e3 (type: ports) to 2
2026-05-06 02:28:51.939 11 INFO neutron.wsgi [req-e44b8971-6176-44f7-b84b-895f9022744e req-e43e0788-b454-4a6a-b5af-e92346e9b96f 7de982f6efed4578ae925fbc1e5c9106 42b0739dcc8f48b9afb9278a2e834eb0 - - default default] 10.0.0.47 "GET /v2.0/security-groups?name=tempest-secgroup-smoke-83122350&fields=id&tenant_id=42b0739dcc8f48b9afb9278a2e834eb0 HTTP/1.1" status: 200 len: 267 time: 0.0596430
2026-05-06 02:28:52.036 11 INFO neutron.wsgi [req-e44b8971-6176-44f7-b84b-895f9022744e req-7d9fa6e9-fd2a-4ec8-a0b2-96a199d75dd6 7de982f6efed4578ae925fbc1e5c9106 42b0739dcc8f48b9afb9278a2e834eb0 - - default default] 10.0.0.47 "GET /v2.0/networks?id=ee041099-9b39-4af3-8344-3467a729294d HTTP/1.1" status: 200 len: 860 time: 0.0858872
2026-05-06 02:28:52.060 11 INFO neutron.wsgi [req-e44b8971-6176-44f7-b84b-895f9022744e req-edca137e-dffc-46c9-8cf0-684842e29b52 7de982f6efed4578ae925fbc1e5c9106 42b0739dcc8f48b9afb9278a2e834eb0 - - default default] 10.0.0.47 "GET /v2.0/quotas/42b0739dcc8f48b9afb9278a2e834eb0 HTTP/1.1" status: 200 len: 386 time: 0.0131979
2026-05-06 02:28:52.121 10 INFO neutron.db.ovn_revision_numbers_db [None req-4c11b0e4-14e5-459b-8e0c-aaed1eac22be 318aca6a62b14c87a47040e77fa178f6 a971d329d41b4e638db86990a3b05b23 - - default default] Successfully bumped revision number for resource 7d95de72-b78e-4ccc-8a35-ce52ee89d26a (type: router_ports) to 1
2026-05-06 02:28:52.156 11 INFO neutron.db.ovn_revision_numbers_db [None req-c3300174-91eb-4d40-9c8c-e56908912e61 - - - - - -] Successfully bumped revision number for resource a4a2e1ad-9ec5-43ea-bc88-957f85fb21e3 (type: ports) to 4
2026-05-06 02:28:52.187 11 INFO neutron.wsgi [None req-c8f1348f-a00d-4a3b-b5e6-925fb43210c9 8394991d6b5f43a183f82f266cb4e575 0c388ed46f5d4e47abbeb3bb76433d3d - - default default] 10.0.0.140 "GET /v2.0/ports/41d81cd5-929c-4bff-b04b-3db870011ffd HTTP/1.1" status: 200 len: 1135 time: 0.0379217
2026-05-06 02:28:52.189 11 INFO neutron.wsgi [req-e44b8971-6176-44f7-b84b-895f9022744e req-53f5ee9d-b4a6-436b-90e8-1a1df0ccadb6 7de982f6efed4578ae925fbc1e5c9106 42b0739dcc8f48b9afb9278a2e834eb0 - - default default] 10.0.0.47 "GET /v2.0/ports?tenant_id=42b0739dcc8f48b9afb9278a2e834eb0&fields=id HTTP/1.1" status: 200 len: 302 time: 0.1210599
2026-05-06 02:28:52.273 10 INFO neutron.db.ovn_revision_numbers_db [None req-4c11b0e4-14e5-459b-8e0c-aaed1eac22be 318aca6a62b14c87a47040e77fa178f6 a971d329d41b4e638db86990a3b05b23 - - default default] Successfully bumped revision number for resource 7d95de72-b78e-4ccc-8a35-ce52ee89d26a (type: ports) to 1
2026-05-06 02:28:52.291 11 INFO neutron.wsgi [req-e44b8971-6176-44f7-b84b-895f9022744e req-f661e2ac-7d96-4bec-a55f-14b5427c2d8b 059dd4792f9840a7996c913ad60288fa 9e1e1488ce14464e884f47ea96c05141 - - b55d5f6f0ff1483bb3a71a1c3ca2fa88 b55d5f6f0ff1483bb3a71a1c3ca2fa88] 10.0.0.47 "GET /v2.0/networks/ee041099-9b39-4af3-8344-3467a729294d?fields=segments HTTP/1.1" status: 200 len: 212 time: 0.0815418
2026-05-06 02:28:52.346 10 WARNING neutron.scheduler.dhcp_agent_scheduler [None req-4c11b0e4-14e5-459b-8e0c-aaed1eac22be 318aca6a62b14c87a47040e77fa178f6 a971d329d41b4e638db86990a3b05b23 - - default default] No more DHCP agents
2026-05-06 02:28:52.347 10 WARNING neutron.api.rpc.agentnotifiers.dhcp_rpc_agent_api [None req-4c11b0e4-14e5-459b-8e0c-aaed1eac22be 318aca6a62b14c87a47040e77fa178f6 a971d329d41b4e638db86990a3b05b23 - - default default] Unable to schedule network 713337a7-b79d-40e0-9e0a-7a26bef05fa6: no agents available; will retry on subsequent port and subnet creation events.
2026-05-06 02:28:52.375 11 INFO neutron.wsgi [req-e44b8971-6176-44f7-b84b-895f9022744e req-cda2d4b9-2db6-42d3-b0ce-5c86a6425b28 059dd4792f9840a7996c913ad60288fa 9e1e1488ce14464e884f47ea96c05141 - - b55d5f6f0ff1483bb3a71a1c3ca2fa88 b55d5f6f0ff1483bb3a71a1c3ca2fa88] 10.0.0.47 "GET /v2.0/networks/ee041099-9b39-4af3-8344-3467a729294d?fields=provider%3Aphysical_network&fields=provider%3Anetwork_type HTTP/1.1" status: 200 len: 277 time: 0.0743568
2026-05-06 02:28:52.457 11 INFO neutron.db.ovn_revision_numbers_db [None req-c3300174-91eb-4d40-9c8c-e56908912e61 - - - - - -] Successfully bumped revision number for resource a4a2e1ad-9ec5-43ea-bc88-957f85fb21e3 (type: router_ports) to 4
2026-05-06 02:28:52.510 11 INFO neutron.wsgi [req-4337e36c-146f-4760-97da-be2c59a678cd req-6e77ce7f-1bee-453e-8439-e629aee19c93 7de982f6efed4578ae925fbc1e5c9106 42b0739dcc8f48b9afb9278a2e834eb0 - - default default] 10.0.0.47 "GET /v2.0/ports?device_id=bfce238b-2b68-44f4-bc48-83c5827e0d70 HTTP/1.1" status: 200 len: 210 time: 0.0252314
2026-05-06 02:28:52.679 10 INFO neutron.db.ovn_revision_numbers_db [None req-4c11b0e4-14e5-459b-8e0c-aaed1eac22be 318aca6a62b14c87a47040e77fa178f6 a971d329d41b4e638db86990a3b05b23 - - default default] Successfully bumped revision number for resource 7d95de72-b78e-4ccc-8a35-ce52ee89d26a (type: router_ports) to 1
2026-05-06 02:28:52.682 10 INFO neutron.wsgi [None req-4c11b0e4-14e5-459b-8e0c-aaed1eac22be 318aca6a62b14c87a47040e77fa178f6 a971d329d41b4e638db86990a3b05b23 - - default default] 10.0.0.140 "PUT /v2.0/routers/a205d92f-d073-4a22-a694-7970851d42aa/add_router_interface HTTP/1.1" status: 200 len: 503 time: 1.7802987
2026-05-06 02:28:53.210 10 WARNING neutron.scheduler.dhcp_agent_scheduler [None req-7ef25188-986b-4562-a5c5-fd769a7de5c5 318aca6a62b14c87a47040e77fa178f6 a971d329d41b4e638db86990a3b05b23 - - default default] No more DHCP agents
2026-05-06 02:28:53.214 10 WARNING neutron.api.rpc.agentnotifiers.dhcp_rpc_agent_api [None req-7ef25188-986b-4562-a5c5-fd769a7de5c5 318aca6a62b14c87a47040e77fa178f6 a971d329d41b4e638db86990a3b05b23 - - default default] Unable to schedule network e9de600c-c631-473b-b4dc-383828a355c1: no agents available; will retry on subsequent port and subnet creation events.
2026-05-06 02:28:53.227 11 INFO neutron.wsgi [None req-3419e182-1c8e-4f77-84b5-f95fded8cf36 8394991d6b5f43a183f82f266cb4e575 0c388ed46f5d4e47abbeb3bb76433d3d - - default default] 10.0.0.140 "GET /v2.0/ports/41d81cd5-929c-4bff-b04b-3db870011ffd HTTP/1.1" status: 200 len: 1135 time: 0.0336921
2026-05-06 02:28:53.269 10 INFO neutron.wsgi [req-e44b8971-6176-44f7-b84b-895f9022744e req-6f1b2cc6-4ded-4a74-94aa-63acf4dea736 7de982f6efed4578ae925fbc1e5c9106 42b0739dcc8f48b9afb9278a2e834eb0 - - default default] 199.19.213.147 "GET /v2.0/networks?id=ee041099-9b39-4af3-8344-3467a729294d HTTP/1.1" status: 200 len: 860 time: 0.0824111
2026-05-06 02:28:53.326 10 INFO neutron.wsgi [req-e44b8971-6176-44f7-b84b-895f9022744e req-f2405140-f2d3-4852-b486-d760b9fd192f 7de982f6efed4578ae925fbc1e5c9106 42b0739dcc8f48b9afb9278a2e834eb0 - - default default] 199.19.213.147 "GET /v2.0/security-groups?fields=id&fields=name&tenant_id=42b0739dcc8f48b9afb9278a2e834eb0 HTTP/1.1" status: 200 len: 378 time: 0.0523880
2026-05-06 02:28:53.609 11 INFO neutron.wsgi [req-b6694fa5-5fa3-4213-a42f-41fe8f6bdb6e req-5aea1095-61eb-4b79-8650-aaf52e0e4f95 7de982f6efed4578ae925fbc1e5c9106 42b0739dcc8f48b9afb9278a2e834eb0 - - default default] 10.0.0.47 "GET /v2.0/ports?device_id=bfce238b-2b68-44f4-bc48-83c5827e0d70 HTTP/1.1" status: 200 len: 210 time: 0.0271752
2026-05-06 02:28:53.613 11 INFO neutron.wsgi [-] 10.0.0.102 "GET / HTTP/1.1" status: 200 len: 247 time: 0.0015054
2026-05-06 02:28:53.614 11 INFO neutron.wsgi [-] 10.0.0.102 "GET / HTTP/1.1" status: 200 len: 247 time: 0.0008895
2026-05-06 02:28:53.666 10 INFO neutron.db.ovn_revision_numbers_db [None req-7ef25188-986b-4562-a5c5-fd769a7de5c5 318aca6a62b14c87a47040e77fa178f6 a971d329d41b4e638db86990a3b05b23 - - default default] Successfully bumped revision number for resource 9e5619d6-9d11-4597-8cb3-9123f437e784 (type: ports) to 1
2026-05-06 02:28:53.961 10 WARNING neutron.scheduler.dhcp_agent_scheduler [req-e44b8971-6176-44f7-b84b-895f9022744e req-1130bd08-b91e-4cfd-9c91-01add636cf79 7de982f6efed4578ae925fbc1e5c9106 42b0739dcc8f48b9afb9278a2e834eb0 - - default default] No more DHCP agents
2026-05-06 02:28:53.965 10 WARNING neutron.api.rpc.agentnotifiers.dhcp_rpc_agent_api [req-e44b8971-6176-44f7-b84b-895f9022744e req-1130bd08-b91e-4cfd-9c91-01add636cf79 7de982f6efed4578ae925fbc1e5c9106 42b0739dcc8f48b9afb9278a2e834eb0 - - default default] Unable to schedule network ee041099-9b39-4af3-8344-3467a729294d: no agents available; will retry on subsequent port and subnet creation events.
2026-05-06 02:28:54.234 10 INFO neutron.db.ovn_revision_numbers_db [req-e44b8971-6176-44f7-b84b-895f9022744e req-1130bd08-b91e-4cfd-9c91-01add636cf79 7de982f6efed4578ae925fbc1e5c9106 42b0739dcc8f48b9afb9278a2e834eb0 - - default default] Successfully bumped revision number for resource 52244d0a-d384-470a-a1ad-7d5293f1bab2 (type: ports) to 1 /var/lib/openstack/lib/python3.10/site-packages/pycadf/identifier.py:71: UserWarning: Invalid uuid: neutron. To ensure interoperability, identifiers should be a valid uuid. warnings.warn(('Invalid uuid: %s. To ensure interoperability, '
2026-05-06 02:28:54.295 10 INFO neutron.wsgi [req-e44b8971-6176-44f7-b84b-895f9022744e req-1130bd08-b91e-4cfd-9c91-01add636cf79 7de982f6efed4578ae925fbc1e5c9106 42b0739dcc8f48b9afb9278a2e834eb0 - - default default] 199.19.213.147 "POST /v2.0/ports HTTP/1.1" status: 201 len: 1162 time: 0.9588716
2026-05-06 02:28:54.376 11 INFO neutron.plugins.ml2.drivers.ovn.mech_driver.mech_driver [None req-3bb4cb6b-ece9-4985-9fa3-ef1b798d9cba - - - - - -] OVN reports status up for port: 9e5619d6-9d11-4597-8cb3-9123f437e784
2026-05-06 02:28:54.385 11 INFO neutron.plugins.ml2.plugin [None req-3bb4cb6b-ece9-4985-9fa3-ef1b798d9cba - - - - - -] Attempt 1 to provision port 9e5619d6-9d11-4597-8cb3-9123f437e784
2026-05-06 02:28:54.389 10 INFO neutron.wsgi [None req-dde9a196-7684-476c-9f19-4c33c357ef7a 8394991d6b5f43a183f82f266cb4e575 0c388ed46f5d4e47abbeb3bb76433d3d - - default default] 10.0.0.140 "GET /v2.0/ports/41d81cd5-929c-4bff-b04b-3db870011ffd HTTP/1.1" status: 200 len: 1135 time: 0.1556108
2026-05-06 02:28:54.425 10 WARNING neutron.plugins.ml2.drivers.ovn.mech_driver.ovsdb.ovn_client [None req-f8b393ac-a4c8-43d2-9ab8-dd3cbc701aa1 - - - - - -] No hosting information found for port 87197428-0250-4420-833c-525d958027a7: RuntimeError: No hosting information found for port 87197428-0250-4420-833c-525d958027a7
2026-05-06 02:28:54.426 10 INFO neutron.plugins.ml2.drivers.ovn.mech_driver.mech_driver [None req-f8b393ac-a4c8-43d2-9ab8-dd3cbc701aa1 - - - - - -] OVN reports status down for port: aeebddab-d7f0-44ed-ba4a-9060aa9373fc
2026-05-06 02:28:54.472 10 INFO neutron.db.ovn_revision_numbers_db [None req-7ef25188-986b-4562-a5c5-fd769a7de5c5 318aca6a62b14c87a47040e77fa178f6 a971d329d41b4e638db86990a3b05b23 - - default default] Successfully bumped revision number for resource 9e5619d6-9d11-4597-8cb3-9123f437e784 (type: router_ports) to 1
2026-05-06 02:28:54.654 10 INFO neutron.notifiers.nova [-] Nova event matching ['req-3c811982-bea6-4b2c-80e9-f6b534e75057'] response: {'server_uuid': 'd235ac02-23a0-4fe2-98a0-627b4134c8e0', 'name': 'network-vif-unplugged', 'status': 'completed', 'tag': 'aeebddab-d7f0-44ed-ba4a-9060aa9373fc', 'code': 200}
2026-05-06 02:28:54.712 11 INFO neutron.db.ovn_revision_numbers_db [None req-3bb4cb6b-ece9-4985-9fa3-ef1b798d9cba - - - - - -] Successfully bumped revision number for resource 9e5619d6-9d11-4597-8cb3-9123f437e784 (type: ports) to 2
2026-05-06 02:28:54.722 11 INFO neutron.wsgi [req-85c0cd8e-a9d6-48d8-8001-c4d42c20d546 req-853a8bbc-b812-439e-84d9-f545545dd86b 7de982f6efed4578ae925fbc1e5c9106 42b0739dcc8f48b9afb9278a2e834eb0 - - default default] 10.0.0.47 "GET /v2.0/ports?device_id=bfce238b-2b68-44f4-bc48-83c5827e0d70 HTTP/1.1" status: 200 len: 1160 time: 0.0462456
2026-05-06 02:28:54.742 10 ERROR ovsdbapp.backend.ovs_idl.transaction [None req-7ef25188-986b-4562-a5c5-fd769a7de5c5 318aca6a62b14c87a47040e77fa178f6 a971d329d41b4e638db86990a3b05b23 - - default default]
Traceback (most recent call last): File "/var/lib/openstack/lib/python3.10/site-packages/ovsdbapp/backend/ovs_idl/connection.py", line 118, in run txn.results.put(txn.do_commit())
File "/var/lib/openstack/lib/python3.10/site-packages/ovsdbapp/backend/ovs_idl/transaction.py", line 92, in do_commit command.run_idl(txn)
File "/var/lib/openstack/lib/python3.10/site-packages/neutron/plugins/ml2/drivers/ovn/mech_driver/ovsdb/commands.py", line 825, in run_idl raise ovn_exc.RevisionConflict( neutron.common.ovn.exceptions.RevisionConflict: OVN revision number for 9e5619d6-9d11-4597-8cb3-9123f437e784 (type: ports) is higher than the given resource. Skipping update 
2026-05-06 02:28:54.742 10 INFO neutron.plugins.ml2.drivers.ovn.mech_driver.ovsdb.impl_idl_ovn [None req-7ef25188-986b-4562-a5c5-fd769a7de5c5 318aca6a62b14c87a47040e77fa178f6 a971d329d41b4e638db86990a3b05b23 - - default default] Transaction aborted. Reason: OVN revision number for 9e5619d6-9d11-4597-8cb3-9123f437e784 (type: ports) is higher than the given resource. Skipping update
2026-05-06 02:28:54.812 11 INFO neutron.wsgi [req-85c0cd8e-a9d6-48d8-8001-c4d42c20d546 req-397bc0ce-fe7e-4d68-b09e-4dacb338e02f 7de982f6efed4578ae925fbc1e5c9106 42b0739dcc8f48b9afb9278a2e834eb0 - - default default] 10.0.0.47 "GET /v2.0/security-groups?id=099ea861-f86e-4e9a-aece-685790b3d804&fields=id&fields=name HTTP/1.1" status: 200 len: 311 time: 0.0774496
2026-05-06 02:28:54.887 11 INFO neutron.db.ovn_revision_numbers_db [None req-3bb4cb6b-ece9-4985-9fa3-ef1b798d9cba - - - - - -] Successfully bumped revision number for resource 9e5619d6-9d11-4597-8cb3-9123f437e784 (type: router_ports) to 2
2026-05-06 02:28:54.897 10 WARNING neutron.scheduler.dhcp_agent_scheduler [None req-7ef25188-986b-4562-a5c5-fd769a7de5c5 318aca6a62b14c87a47040e77fa178f6 a971d329d41b4e638db86990a3b05b23 - - default default] No more DHCP agents
2026-05-06 02:28:54.904 10 WARNING neutron.api.rpc.agentnotifiers.dhcp_rpc_agent_api [None req-7ef25188-986b-4562-a5c5-fd769a7de5c5 318aca6a62b14c87a47040e77fa178f6 a971d329d41b4e638db86990a3b05b23 - - default default] Unable to schedule network e9de600c-c631-473b-b4dc-383828a355c1: no agents available; will retry on subsequent port and subnet creation events.
2026-05-06 02:28:54.999 10 INFO neutron.db.ovn_revision_numbers_db [None req-f8b393ac-a4c8-43d2-9ab8-dd3cbc701aa1 - - - - - -] Successfully bumped revision number for resource aeebddab-d7f0-44ed-ba4a-9060aa9373fc (type: ports) to 5
2026-05-06 02:28:55.023 10 WARNING neutron.plugins.ml2.drivers.ovn.mech_driver.ovsdb.ovn_client [None req-f8b393ac-a4c8-43d2-9ab8-dd3cbc701aa1 - - - - - -] Logical_Switch_Port %s host information not removed, the port state is up
2026-05-06 02:28:55.024 10 INFO neutron.plugins.ml2.drivers.ovn.mech_driver.mech_driver [None req-f8b393ac-a4c8-43d2-9ab8-dd3cbc701aa1 - - - - - -] OVN reports status up for port: aeebddab-d7f0-44ed-ba4a-9060aa9373fc
2026-05-06 02:28:55.058 10 INFO neutron.plugins.ml2.plugin [None req-f8b393ac-a4c8-43d2-9ab8-dd3cbc701aa1 - - - - - -] Attempt 1 to provision port aeebddab-d7f0-44ed-ba4a-9060aa9373fc
2026-05-06 02:28:55.073 10 INFO neutron.db.ovn_revision_numbers_db [req-e44b8971-6176-44f7-b84b-895f9022744e req-c9793bf4-b12c-486f-9d98-aea7e3b2dd78 059dd4792f9840a7996c913ad60288fa 9e1e1488ce14464e884f47ea96c05141 - - b55d5f6f0ff1483bb3a71a1c3ca2fa88 b55d5f6f0ff1483bb3a71a1c3ca2fa88] Successfully bumped revision number for resource 52244d0a-d384-470a-a1ad-7d5293f1bab2 (type: ports) to 2
2026-05-06 02:28:55.443 10 INFO neutron.db.ovn_revision_numbers_db [req-e44b8971-6176-44f7-b84b-895f9022744e req-c9793bf4-b12c-486f-9d98-aea7e3b2dd78 059dd4792f9840a7996c913ad60288fa 9e1e1488ce14464e884f47ea96c05141 - - b55d5f6f0ff1483bb3a71a1c3ca2fa88 b55d5f6f0ff1483bb3a71a1c3ca2fa88] Successfully bumped revision number for resource 52244d0a-d384-470a-a1ad-7d5293f1bab2 (type: ports) to 2
2026-05-06 02:28:55.488 10 INFO neutron.db.ovn_revision_numbers_db [None req-7ef25188-986b-4562-a5c5-fd769a7de5c5 318aca6a62b14c87a47040e77fa178f6 a971d329d41b4e638db86990a3b05b23 - - default default] Successfully bumped revision number for resource 9e5619d6-9d11-4597-8cb3-9123f437e784 (type: router_ports) to 2
2026-05-06 02:28:55.490 10 INFO neutron.wsgi [None req-7ef25188-986b-4562-a5c5-fd769a7de5c5 318aca6a62b14c87a47040e77fa178f6 a971d329d41b4e638db86990a3b05b23 - - default default] 10.0.0.140 "PUT /v2.0/routers/a205d92f-d073-4a22-a694-7970851d42aa/add_router_interface HTTP/1.1" status: 200 len: 503 time: 2.8031182
2026-05-06 02:28:55.496 11 INFO neutron.wsgi [None req-3c08e09b-636a-4912-800e-f599a91f537c 8394991d6b5f43a183f82f266cb4e575 0c388ed46f5d4e47abbeb3bb76433d3d - - default default] 10.0.0.140 "GET /v2.0/ports/41d81cd5-929c-4bff-b04b-3db870011ffd HTTP/1.1" status: 200 len: 1135 time: 0.0974283
2026-05-06 02:28:55.499 10 INFO neutron.wsgi [req-e44b8971-6176-44f7-b84b-895f9022744e req-c9793bf4-b12c-486f-9d98-aea7e3b2dd78 059dd4792f9840a7996c913ad60288fa 9e1e1488ce14464e884f47ea96c05141 - - b55d5f6f0ff1483bb3a71a1c3ca2fa88 b55d5f6f0ff1483bb3a71a1c3ca2fa88] 199.19.213.147 "PUT /v2.0/ports/52244d0a-d384-470a-a1ad-7d5293f1bab2 HTTP/1.1" status: 200 len: 1380 time: 1.1892262
2026-05-06 02:28:55.527 10 INFO neutron.db.ovn_revision_numbers_db [None req-f8b393ac-a4c8-43d2-9ab8-dd3cbc701aa1 - - - - - -] Successfully bumped revision number for resource aeebddab-d7f0-44ed-ba4a-9060aa9373fc (type: ports) to 6 /var/lib/openstack/lib/python3.10/site-packages/pycadf/identifier.py:71: UserWarning: Invalid uuid: neutron. To ensure interoperability, identifiers should be a valid uuid. warnings.warn(('Invalid uuid: %s. To ensure interoperability, '
2026-05-06 02:28:55.593 10 INFO neutron.wsgi [req-e44b8971-6176-44f7-b84b-895f9022744e req-667386e2-da55-416f-bb7b-bc855beb6ebc 059dd4792f9840a7996c913ad60288fa 9e1e1488ce14464e884f47ea96c05141 - - b55d5f6f0ff1483bb3a71a1c3ca2fa88 b55d5f6f0ff1483bb3a71a1c3ca2fa88] 199.19.213.147 "GET /v2.0/ports?tenant_id=42b0739dcc8f48b9afb9278a2e834eb0&device_id=bfce238b-2b68-44f4-bc48-83c5827e0d70 HTTP/1.1" status: 200 len: 1411 time: 0.0591807
2026-05-06 02:28:55.597 10 INFO neutron.plugins.ml2.drivers.ovn.mech_driver.mech_driver [None req-f8b393ac-a4c8-43d2-9ab8-dd3cbc701aa1 - - - - - -] OVN reports status up for port: 41d81cd5-929c-4bff-b04b-3db870011ffd /var/lib/openstack/lib/python3.10/site-packages/pycadf/identifier.py:71: UserWarning: Invalid uuid: neutron. To ensure interoperability, identifiers should be a valid uuid. warnings.warn(('Invalid uuid: %s. To ensure interoperability, '
2026-05-06 02:28:55.609 10 INFO neutron.plugins.ml2.plugin [None req-f8b393ac-a4c8-43d2-9ab8-dd3cbc701aa1 - - - - - -] Attempt 1 to provision port 41d81cd5-929c-4bff-b04b-3db870011ffd
2026-05-06 02:28:55.628 10 INFO neutron.wsgi [req-e44b8971-6176-44f7-b84b-895f9022744e req-c0dc4ddd-3d05-4500-8d5b-8f861c58d9b2 059dd4792f9840a7996c913ad60288fa 9e1e1488ce14464e884f47ea96c05141 - - b55d5f6f0ff1483bb3a71a1c3ca2fa88 b55d5f6f0ff1483bb3a71a1c3ca2fa88] 199.19.213.147 "GET /v2.0/floatingips?fixed_ip_address=10.100.0.13&port_id=52244d0a-d384-470a-a1ad-7d5293f1bab2 HTTP/1.1" status: 200 len: 217 time: 0.0248301
2026-05-06 02:28:55.673 10 INFO neutron.wsgi [req-e44b8971-6176-44f7-b84b-895f9022744e req-901f923f-0533-46fa-b869-c838c8d7505f 059dd4792f9840a7996c913ad60288fa 9e1e1488ce14464e884f47ea96c05141 - - b55d5f6f0ff1483bb3a71a1c3ca2fa88 b55d5f6f0ff1483bb3a71a1c3ca2fa88] 199.19.213.147 "GET /v2.0/subnets?id=d28bb890-a78b-4213-be7a-8a07f561c637 HTTP/1.1" status: 200 len: 852 time: 0.0365136
2026-05-06 02:28:55.931 10 INFO neutron.wsgi [req-e44b8971-6176-44f7-b84b-895f9022744e req-341c17a8-aa5e-4ada-a40f-4cc35cbc9c02 059dd4792f9840a7996c913ad60288fa 9e1e1488ce14464e884f47ea96c05141 - - b55d5f6f0ff1483bb3a71a1c3ca2fa88 b55d5f6f0ff1483bb3a71a1c3ca2fa88] 199.19.213.147 "GET /v2.0/ports?network_id=ee041099-9b39-4af3-8344-3467a729294d&device_owner=network%3Adhcp HTTP/1.1" status: 200 len: 210 time: 0.2450020
2026-05-06 02:28:55.943 11 INFO neutron.wsgi [req-8f8de09e-5a89-442f-b65c-82f0f14aa1d6 req-3253fab3-97b3-455d-b188-778223efcbfa 7de982f6efed4578ae925fbc1e5c9106 42b0739dcc8f48b9afb9278a2e834eb0 - - default default] 10.0.0.47 "GET /v2.0/ports?device_id=bfce238b-2b68-44f4-bc48-83c5827e0d70 HTTP/1.1" status: 200 len: 1172 time: 0.0440996
2026-05-06 02:28:56.013 10 INFO neutron.wsgi [req-e44b8971-6176-44f7-b84b-895f9022744e req-4a2421b1-9c7a-4b6a-acbb-564b29730739 059dd4792f9840a7996c913ad60288fa 9e1e1488ce14464e884f47ea96c05141 - - b55d5f6f0ff1483bb3a71a1c3ca2fa88 b55d5f6f0ff1483bb3a71a1c3ca2fa88] 199.19.213.147 "GET /v2.0/networks/ee041099-9b39-4af3-8344-3467a729294d?fields=segments HTTP/1.1" status: 200 len: 212 time: 0.0743620
2026-05-06 02:28:56.015 11 INFO neutron.wsgi [req-8f8de09e-5a89-442f-b65c-82f0f14aa1d6 req-626b8180-8bc8-4a70-9bce-b16677ee1fbe 7de982f6efed4578ae925fbc1e5c9106 42b0739dcc8f48b9afb9278a2e834eb0 - - default default] 10.0.0.47 "GET /v2.0/security-groups?id=099ea861-f86e-4e9a-aece-685790b3d804&fields=id&fields=name HTTP/1.1" status: 200 len: 311 time: 0.0628159
2026-05-06 02:28:56.033 11 WARNING neutron.scheduler.dhcp_agent_scheduler [None req-3889b2b8-0a68-4031-9aae-82043d080d86 318aca6a62b14c87a47040e77fa178f6 a971d329d41b4e638db86990a3b05b23 - - default default] No more DHCP agents
2026-05-06 02:28:56.036 11 WARNING neutron.api.rpc.agentnotifiers.dhcp_rpc_agent_api [None req-3889b2b8-0a68-4031-9aae-82043d080d86 318aca6a62b14c87a47040e77fa178f6 a971d329d41b4e638db86990a3b05b23 - - default default] Unable to schedule network 439ef3fe-a134-4c6d-8314-d2ccee22e50f: no agents available; will retry on subsequent port and subnet creation events.
2026-05-06 02:28:56.089 10 INFO neutron.wsgi [req-e44b8971-6176-44f7-b84b-895f9022744e req-c84c9938-ddc6-4e5e-83cb-f5d36c4fb03d 059dd4792f9840a7996c913ad60288fa 9e1e1488ce14464e884f47ea96c05141 - - b55d5f6f0ff1483bb3a71a1c3ca2fa88 b55d5f6f0ff1483bb3a71a1c3ca2fa88] 199.19.213.147 "GET /v2.0/networks/ee041099-9b39-4af3-8344-3467a729294d?fields=provider%3Aphysical_network&fields=provider%3Anetwork_type HTTP/1.1" status: 200 len: 277 time: 0.0680449
2026-05-06 02:28:56.161 10 INFO neutron.db.ovn_revision_numbers_db [None req-f8b393ac-a4c8-43d2-9ab8-dd3cbc701aa1 - - - - - -] Successfully bumped revision number for resource 41d81cd5-929c-4bff-b04b-3db870011ffd (type: ports) to 2
2026-05-06 02:28:56.308 10 INFO neutron.db.ovn_revision_numbers_db [None req-f8b393ac-a4c8-43d2-9ab8-dd3cbc701aa1 - - - - - -] Successfully bumped revision number for resource 41d81cd5-929c-4bff-b04b-3db870011ffd (type: router_ports) to 2
2026-05-06 02:28:56.438 11 INFO neutron.db.ovn_revision_numbers_db [None req-3889b2b8-0a68-4031-9aae-82043d080d86 318aca6a62b14c87a47040e77fa178f6 a971d329d41b4e638db86990a3b05b23 - - default default] Successfully bumped revision number for resource 75736d4e-772c-4de7-8aa8-5fa45e37bfa8 (type: ports) to 1
2026-05-06 02:28:56.542 10 INFO neutron.wsgi [None req-9db0ffed-9a96-480e-8956-51ad4f663337 8394991d6b5f43a183f82f266cb4e575 0c388ed46f5d4e47abbeb3bb76433d3d - - default default] 10.0.0.140 "GET /v2.0/ports/41d81cd5-929c-4bff-b04b-3db870011ffd HTTP/1.1" status: 200 len: 1137 time: 0.0346856
2026-05-06 02:28:56.704 10 INFO neutron.notifiers.nova [-] Nova event matching ['req-7a054261-85a9-4e00-ac2a-439a64029aa3'] response: {'server_uuid': 'd235ac02-23a0-4fe2-98a0-627b4134c8e0', 'name': 'network-vif-plugged', 'status': 'completed', 'tag': 'aeebddab-d7f0-44ed-ba4a-9060aa9373fc', 'code': 200}
2026-05-06 02:28:56.704 10 INFO neutron.notifiers.nova [-] Nova event matching ['req-7a054261-85a9-4e00-ac2a-439a64029aa3'] response: {'server_uuid': 'd235ac02-23a0-4fe2-98a0-627b4134c8e0', 'name': 'network-vif-plugged', 'status': 'completed', 'tag': 'aeebddab-d7f0-44ed-ba4a-9060aa9373fc', 'code': 200}
2026-05-06 02:28:56.705 10 INFO neutron.notifiers.nova [-] Nova event matching ['req-7a054261-85a9-4e00-ac2a-439a64029aa3'] response: {'name': 'network-changed', 'server_uuid': 'bfce238b-2b68-44f4-bc48-83c5827e0d70', 'tag': '52244d0a-d384-470a-a1ad-7d5293f1bab2', 'status': 'completed', 'code': 200}
2026-05-06 02:28:56.705 10 INFO neutron.notifiers.nova [-] Nova event matching ['req-7a054261-85a9-4e00-ac2a-439a64029aa3'] response: {'server_uuid': 'd235ac02-23a0-4fe2-98a0-627b4134c8e0', 'name': 'network-vif-plugged', 'status': 'completed', 'tag': 'aeebddab-d7f0-44ed-ba4a-9060aa9373fc', 'code': 200}
