2026-05-06 02:27:29.035 11 INFO neutron.db.ovn_revision_numbers_db [None req-9698b810-850f-43da-8a3c-3045e7fec078 3f4eeffd2515410c84ba01ee516f2bbc 7641de24348141ea8b99e51030e827c9 - - default default] Successfully bumped revision number for resource 08b70e64-1664-4b9a-b2d3-30376c556a6f (type: subnets) to 0
2026-05-06 02:27:29.054 11 INFO neutron.wsgi [None req-9698b810-850f-43da-8a3c-3045e7fec078 3f4eeffd2515410c84ba01ee516f2bbc 7641de24348141ea8b99e51030e827c9 - - default default] 10.0.0.140 "POST /v2.0/subnets HTTP/1.1" status: 201 len: 830 time: 0.2859402
2026-05-06 02:27:29.130 10 INFO neutron.wsgi [None req-4df3c535-a77b-4d97-93f2-3d924a1ed71f b12f4319a3f840c5ab0277227dd0aa5b c7a7c20da5664b359c8bdb44c15dbaa2 - - default default] 10.0.0.140 "POST /v2.0/floatingips HTTP/1.1" status: 201 len: 751 time: 1.2080166
2026-05-06 02:27:29.244 11 INFO neutron.db.ovn_revision_numbers_db [None req-ec397902-7ed3-4c40-9794-6a881f8feb93 3f4eeffd2515410c84ba01ee516f2bbc 7641de24348141ea8b99e51030e827c9 - - default default] Successfully bumped revision number for resource f38b67cd-d503-46df-88f5-9b8e279cde9c (type: routers) to 1
2026-05-06 02:27:29.260 11 INFO neutron.wsgi [None req-ec397902-7ed3-4c40-9794-6a881f8feb93 3f4eeffd2515410c84ba01ee516f2bbc 7641de24348141ea8b99e51030e827c9 - - default default] 10.0.0.140 "POST /v2.0/routers HTTP/1.1" status: 201 len: 690 time: 0.1936667
2026-05-06 02:27:29.434 10 INFO neutron.db.ovn_revision_numbers_db [req-f89b63d2-7c7d-4029-a7f9-ad97b8c9f92b req-d36ab582-0612-4cac-aaa1-0b5e51712b90 aa059eb2cf364ae9acbb676231ff029b 06adb6e380684160b8a203c959c87b16 - - default default] Successfully bumped revision number for resource 57db2501-a283-4954-999f-b1335fe150f6 (type: ports) to 5
2026-05-06 02:27:29.454 10 INFO neutron.wsgi [req-f89b63d2-7c7d-4029-a7f9-ad97b8c9f92b req-d36ab582-0612-4cac-aaa1-0b5e51712b90 aa059eb2cf364ae9acbb676231ff029b 06adb6e380684160b8a203c959c87b16 - - default default] 199.19.213.147 "PUT /v2.0/ports/57db2501-a283-4954-999f-b1335fe150f6 HTTP/1.1" status: 200 len: 1349 time: 0.8466129
2026-05-06 02:27:29.469 10 WARNING neutron.scheduler.dhcp_agent_scheduler [req-ccfc3464-0a42-4d89-ba71-a90ab43ff286 req-2e14e264-98b1-4a93-a157-7e7ca4ab97f2 4ab6313c4cd24402bc7614bfef3a3358 14db67a50d4340b8a28b9a80dfc6d58b - - default default] No more DHCP agents
2026-05-06 02:27:29.471 10 WARNING neutron.api.rpc.agentnotifiers.dhcp_rpc_agent_api [req-ccfc3464-0a42-4d89-ba71-a90ab43ff286 req-2e14e264-98b1-4a93-a157-7e7ca4ab97f2 4ab6313c4cd24402bc7614bfef3a3358 14db67a50d4340b8a28b9a80dfc6d58b - - default default] Unable to schedule network 58d3a50d-00c7-4343-acea-598e5349bd46: no agents available; will retry on subsequent port and subnet creation events. /var/lib/openstack/lib/python3.10/site-packages/pycadf/identifier.py:71: UserWarning: Invalid uuid: neutron. To ensure interoperability, identifiers should be a valid uuid. warnings.warn(('Invalid uuid: %s. To ensure interoperability, '
2026-05-06 02:27:29.493 10 INFO neutron.notifiers.nova [-] Nova event matching ['req-2c779400-142c-439c-9515-719349eb1a68'] response: {'name': 'network-changed', 'server_uuid': 'c5f64e58-443e-45b5-bb84-d3c5fcfc4028', 'tag': '57db2501-a283-4954-999f-b1335fe150f6', 'status': 'completed', 'code': 200}
2026-05-06 02:27:29.524 10 INFO neutron.wsgi [req-f89b63d2-7c7d-4029-a7f9-ad97b8c9f92b req-1153994e-7ab0-46be-99d5-8425523bd9cb 059dd4792f9840a7996c913ad60288fa 9e1e1488ce14464e884f47ea96c05141 - - b55d5f6f0ff1483bb3a71a1c3ca2fa88 b55d5f6f0ff1483bb3a71a1c3ca2fa88] 199.19.213.147 "GET /v2.0/ports?tenant_id=06adb6e380684160b8a203c959c87b16&device_id=c5f64e58-443e-45b5-bb84-d3c5fcfc4028 HTTP/1.1" status: 200 len: 1590 time: 0.0411212
2026-05-06 02:27:29.578 11 INFO neutron.wsgi [req-6e374d38-8eb0-4b99-b48f-6265e099441d req-d9eb2633-98ad-43fd-bd0a-fae1bc26a879 b12f4319a3f840c5ab0277227dd0aa5b c7a7c20da5664b359c8bdb44c15dbaa2 - - default default] 10.0.0.47 "GET /v2.0/security-groups?name=tempest-securitygroup--1975333666&fields=id&tenant_id=c7a7c20da5664b359c8bdb44c15dbaa2 HTTP/1.1" status: 200 len: 267 time: 0.0634201
2026-05-06 02:27:29.607 10 INFO neutron.wsgi [req-f89b63d2-7c7d-4029-a7f9-ad97b8c9f92b req-5162c4df-6858-4641-bf70-2e4f07536617 059dd4792f9840a7996c913ad60288fa 9e1e1488ce14464e884f47ea96c05141 - - b55d5f6f0ff1483bb3a71a1c3ca2fa88 b55d5f6f0ff1483bb3a71a1c3ca2fa88] 199.19.213.147 "GET /v2.0/networks?id=d1bfe17a-6b63-4056-955f-660e93fbc29f HTTP/1.1" status: 200 len: 980 time: 0.0731502
2026-05-06 02:27:29.640 10 INFO neutron.wsgi [req-f89b63d2-7c7d-4029-a7f9-ad97b8c9f92b req-af73f163-8cc5-422c-b933-49ddd44bd898 059dd4792f9840a7996c913ad60288fa 9e1e1488ce14464e884f47ea96c05141 - - b55d5f6f0ff1483bb3a71a1c3ca2fa88 b55d5f6f0ff1483bb3a71a1c3ca2fa88] 199.19.213.147 "GET /v2.0/floatingips?fixed_ip_address=10.100.0.14&port_id=57db2501-a283-4954-999f-b1335fe150f6 HTTP/1.1" status: 200 len: 217 time: 0.0255823
2026-05-06 02:27:29.682 10 INFO neutron.db.ovn_revision_numbers_db [req-ccfc3464-0a42-4d89-ba71-a90ab43ff286 req-2e14e264-98b1-4a93-a157-7e7ca4ab97f2 4ab6313c4cd24402bc7614bfef3a3358 14db67a50d4340b8a28b9a80dfc6d58b - - default default] Successfully bumped revision number for resource 665d5103-d7a2-4d78-8d88-6a95621636d2 (type: ports) to 1
2026-05-06 02:27:29.693 10 INFO neutron.wsgi [req-f89b63d2-7c7d-4029-a7f9-ad97b8c9f92b req-4823277c-2f84-4467-bc9e-868f84af9d54 059dd4792f9840a7996c913ad60288fa 9e1e1488ce14464e884f47ea96c05141 - - b55d5f6f0ff1483bb3a71a1c3ca2fa88 b55d5f6f0ff1483bb3a71a1c3ca2fa88] 199.19.213.147 "GET /v2.0/floatingips?fixed_ip_address=10.100.0.5&port_id=57db2501-a283-4954-999f-b1335fe150f6 HTTP/1.1" status: 200 len: 1059 time: 0.0445251
2026-05-06 02:27:29.713 10 INFO neutron.wsgi [req-ccfc3464-0a42-4d89-ba71-a90ab43ff286 req-2e14e264-98b1-4a93-a157-7e7ca4ab97f2 4ab6313c4cd24402bc7614bfef3a3358 14db67a50d4340b8a28b9a80dfc6d58b - - default default] 199.19.213.147 "POST /v2.0/ports HTTP/1.1" status: 201 len: 1158 time: 0.9273887
2026-05-06 02:27:29.746 10 INFO neutron.wsgi [req-f89b63d2-7c7d-4029-a7f9-ad97b8c9f92b req-3c201816-6479-46fa-803a-f37aedf9d7c6 059dd4792f9840a7996c913ad60288fa 9e1e1488ce14464e884f47ea96c05141 - - b55d5f6f0ff1483bb3a71a1c3ca2fa88 b55d5f6f0ff1483bb3a71a1c3ca2fa88] 199.19.213.147 "GET /v2.0/subnets?id=52d4b01f-f876-4aaf-b85b-7ad954f35b28 HTTP/1.1" status: 200 len: 876 time: 0.0435255
2026-05-06 02:27:29.783 10 INFO neutron.wsgi [req-f89b63d2-7c7d-4029-a7f9-ad97b8c9f92b req-9fff798e-6dbc-4e21-8743-a8a493f7937e 059dd4792f9840a7996c913ad60288fa 9e1e1488ce14464e884f47ea96c05141 - - b55d5f6f0ff1483bb3a71a1c3ca2fa88 b55d5f6f0ff1483bb3a71a1c3ca2fa88] 199.19.213.147 "GET /v2.0/ports?network_id=d1bfe17a-6b63-4056-955f-660e93fbc29f&device_owner=network%3Adhcp HTTP/1.1" status: 200 len: 210 time: 0.0296156
2026-05-06 02:27:29.846 11 INFO neutron.wsgi [req-6e374d38-8eb0-4b99-b48f-6265e099441d req-e75a45e2-ffea-43d7-893f-6ca384b7fbb0 b12f4319a3f840c5ab0277227dd0aa5b c7a7c20da5664b359c8bdb44c15dbaa2 - - default default] 10.0.0.47 "GET /v2.0/networks?id=669da014-bfe3-4053-9a1a-6b9f21e3a92c HTTP/1.1" status: 200 len: 874 time: 0.2636218
2026-05-06 02:27:29.861 10 INFO neutron.wsgi [req-f89b63d2-7c7d-4029-a7f9-ad97b8c9f92b req-da1ff7e5-3f81-4ad0-bc9f-c5df0bb02e9c 059dd4792f9840a7996c913ad60288fa 9e1e1488ce14464e884f47ea96c05141 - - b55d5f6f0ff1483bb3a71a1c3ca2fa88 b55d5f6f0ff1483bb3a71a1c3ca2fa88] 199.19.213.147 "GET /v2.0/networks/d1bfe17a-6b63-4056-955f-660e93fbc29f?fields=segments HTTP/1.1" status: 200 len: 212 time: 0.0721693
2026-05-06 02:27:29.868 11 INFO neutron.wsgi [req-6e374d38-8eb0-4b99-b48f-6265e099441d req-e3c5cdfe-0c20-40f3-8620-842df64126a9 b12f4319a3f840c5ab0277227dd0aa5b c7a7c20da5664b359c8bdb44c15dbaa2 - - default default] 10.0.0.47 "GET /v2.0/quotas/c7a7c20da5664b359c8bdb44c15dbaa2 HTTP/1.1" status: 200 len: 386 time: 0.0125763
2026-05-06 02:27:29.936 11 WARNING neutron.scheduler.dhcp_agent_scheduler [None req-92e28cd4-1437-4714-9f53-7a3cc5903f0c 3f4eeffd2515410c84ba01ee516f2bbc 7641de24348141ea8b99e51030e827c9 - - default default] No more DHCP agents
2026-05-06 02:27:29.938 10 INFO neutron.wsgi [req-f89b63d2-7c7d-4029-a7f9-ad97b8c9f92b req-165f9dc1-be51-4fba-bcf0-66aee7105adb 059dd4792f9840a7996c913ad60288fa 9e1e1488ce14464e884f47ea96c05141 - - b55d5f6f0ff1483bb3a71a1c3ca2fa88 b55d5f6f0ff1483bb3a71a1c3ca2fa88] 199.19.213.147 "GET /v2.0/networks/d1bfe17a-6b63-4056-955f-660e93fbc29f?fields=provider%3Aphysical_network&fields=provider%3Anetwork_type HTTP/1.1" status: 200 len: 277 time: 0.0692883
2026-05-06 02:27:29.950 11 WARNING neutron.api.rpc.agentnotifiers.dhcp_rpc_agent_api [None req-92e28cd4-1437-4714-9f53-7a3cc5903f0c 3f4eeffd2515410c84ba01ee516f2bbc 7641de24348141ea8b99e51030e827c9 - - default default] Unable to schedule network ee3f9ea5-dbb4-4d1c-ac1b-b6810c9d10a4: no agents available; will retry on subsequent port and subnet creation events.
2026-05-06 02:27:30.002 11 INFO neutron.wsgi [req-6862c567-c3ad-4937-bff9-938084e974ad req-b8c2d362-b50b-45f6-838f-30af381cf479 4ab6313c4cd24402bc7614bfef3a3358 14db67a50d4340b8a28b9a80dfc6d58b - - default default] 10.0.0.47 "GET /v2.0/ports?device_id=9a7646df-025b-4963-9bac-1036e3779535 HTTP/1.1" status: 200 len: 1156 time: 0.0649860
2026-05-06 02:27:30.026 11 INFO neutron.wsgi [req-6e374d38-8eb0-4b99-b48f-6265e099441d req-96e37f4d-4c0b-4d66-8d2c-f7ae030b0208 b12f4319a3f840c5ab0277227dd0aa5b c7a7c20da5664b359c8bdb44c15dbaa2 - - default default] 10.0.0.47 "GET /v2.0/ports?tenant_id=c7a7c20da5664b359c8bdb44c15dbaa2&fields=id HTTP/1.1" status: 200 len: 302 time: 0.1521902
2026-05-06 02:27:30.037 10 INFO neutron.wsgi [req-12fe972e-6b32-4baa-ad04-43dafda3a37a req-e2e20fee-ecd9-4f46-b197-f452508d5915 059dd4792f9840a7996c913ad60288fa 9e1e1488ce14464e884f47ea96c05141 - - b55d5f6f0ff1483bb3a71a1c3ca2fa88 b55d5f6f0ff1483bb3a71a1c3ca2fa88] 199.19.213.147 "GET /v2.0/ports?tenant_id=06adb6e380684160b8a203c959c87b16&device_id=c5f64e58-443e-45b5-bb84-d3c5fcfc4028 HTTP/1.1" status: 200 len: 1590 time: 0.0486081 /var/lib/openstack/lib/python3.10/site-packages/pycadf/identifier.py:71: UserWarning: Invalid uuid: neutron. To ensure interoperability, identifiers should be a valid uuid. warnings.warn(('Invalid uuid: %s. To ensure interoperability, '
2026-05-06 02:27:30.077 11 INFO neutron.wsgi [req-6862c567-c3ad-4937-bff9-938084e974ad req-a80d3a15-5dd7-49a2-b2f3-c02b0bf3e733 4ab6313c4cd24402bc7614bfef3a3358 14db67a50d4340b8a28b9a80dfc6d58b - - default default] 10.0.0.47 "GET /v2.0/security-groups?id=fdbb54a5-adaf-456e-9d54-cf71698a9e44&fields=id&fields=name HTTP/1.1" status: 200 len: 286 time: 0.0682232
2026-05-06 02:27:30.119 11 INFO neutron.wsgi [req-6e374d38-8eb0-4b99-b48f-6265e099441d req-ba68bd53-3d09-461b-93f0-0e5e89937c7a 059dd4792f9840a7996c913ad60288fa 9e1e1488ce14464e884f47ea96c05141 - - b55d5f6f0ff1483bb3a71a1c3ca2fa88 b55d5f6f0ff1483bb3a71a1c3ca2fa88] 10.0.0.47 "GET /v2.0/networks/669da014-bfe3-4053-9a1a-6b9f21e3a92c?fields=segments HTTP/1.1" status: 200 len: 212 time: 0.0788851
2026-05-06 02:27:30.119 10 INFO neutron.wsgi [req-12fe972e-6b32-4baa-ad04-43dafda3a37a req-96b405ed-a394-4505-bb9d-77572face584 059dd4792f9840a7996c913ad60288fa 9e1e1488ce14464e884f47ea96c05141 - - b55d5f6f0ff1483bb3a71a1c3ca2fa88 b55d5f6f0ff1483bb3a71a1c3ca2fa88] 199.19.213.147 "GET /v2.0/networks?id=d1bfe17a-6b63-4056-955f-660e93fbc29f HTTP/1.1" status: 200 len: 980 time: 0.0760865
2026-05-06 02:27:30.120 11 INFO neutron.db.ovn_revision_numbers_db [None req-92e28cd4-1437-4714-9f53-7a3cc5903f0c 3f4eeffd2515410c84ba01ee516f2bbc 7641de24348141ea8b99e51030e827c9 - - default default] Successfully bumped revision number for resource bdd15947-bd75-4e68-9232-38a19abc7b03 (type: ports) to 1
2026-05-06 02:27:30.165 10 INFO neutron.wsgi [req-12fe972e-6b32-4baa-ad04-43dafda3a37a req-91dc38d9-2530-4ccc-a6d4-2f0d04be5dea 059dd4792f9840a7996c913ad60288fa 9e1e1488ce14464e884f47ea96c05141 - - b55d5f6f0ff1483bb3a71a1c3ca2fa88 b55d5f6f0ff1483bb3a71a1c3ca2fa88] 199.19.213.147 "GET /v2.0/floatingips?fixed_ip_address=10.100.0.14&port_id=57db2501-a283-4954-999f-b1335fe150f6 HTTP/1.1" status: 200 len: 217 time: 0.0360527
2026-05-06 02:27:30.203 11 INFO neutron.wsgi [req-6e374d38-8eb0-4b99-b48f-6265e099441d req-10bb902d-b863-43d6-82b6-e20397589f74 059dd4792f9840a7996c913ad60288fa 9e1e1488ce14464e884f47ea96c05141 - - b55d5f6f0ff1483bb3a71a1c3ca2fa88 b55d5f6f0ff1483bb3a71a1c3ca2fa88] 10.0.0.47 "GET /v2.0/networks/669da014-bfe3-4053-9a1a-6b9f21e3a92c?fields=provider%3Aphysical_network&fields=provider%3Anetwork_type HTTP/1.1" status: 200 len: 277 time: 0.0782213
2026-05-06 02:27:30.219 10 INFO neutron.wsgi [req-12fe972e-6b32-4baa-ad04-43dafda3a37a req-4d9e4490-7c35-4cc3-8ad5-f602b45b6377 059dd4792f9840a7996c913ad60288fa 9e1e1488ce14464e884f47ea96c05141 - - b55d5f6f0ff1483bb3a71a1c3ca2fa88 b55d5f6f0ff1483bb3a71a1c3ca2fa88] 199.19.213.147 "GET /v2.0/floatingips?fixed_ip_address=10.100.0.5&port_id=57db2501-a283-4954-999f-b1335fe150f6 HTTP/1.1" status: 200 len: 1059 time: 0.0472069
2026-05-06 02:27:30.244 10 INFO neutron.db.ovn_revision_numbers_db [req-ccfc3464-0a42-4d89-ba71-a90ab43ff286 req-ec88d3ef-d094-4cea-a691-0f8cef5af5b5 059dd4792f9840a7996c913ad60288fa 9e1e1488ce14464e884f47ea96c05141 - - b55d5f6f0ff1483bb3a71a1c3ca2fa88 b55d5f6f0ff1483bb3a71a1c3ca2fa88] Successfully bumped revision number for resource 665d5103-d7a2-4d78-8d88-6a95621636d2 (type: ports) to 2
2026-05-06 02:27:30.259 10 INFO neutron.wsgi [req-12fe972e-6b32-4baa-ad04-43dafda3a37a req-89af055e-a9ec-472a-af07-80424d55048d 059dd4792f9840a7996c913ad60288fa 9e1e1488ce14464e884f47ea96c05141 - - b55d5f6f0ff1483bb3a71a1c3ca2fa88 b55d5f6f0ff1483bb3a71a1c3ca2fa88] 199.19.213.147 "GET /v2.0/subnets?id=52d4b01f-f876-4aaf-b85b-7ad954f35b28 HTTP/1.1" status: 200 len: 876 time: 0.0339096
2026-05-06 02:27:30.288 10 INFO neutron.wsgi [req-12fe972e-6b32-4baa-ad04-43dafda3a37a req-c7e1b779-72b3-48bc-9207-cf225710c65f 059dd4792f9840a7996c913ad60288fa 9e1e1488ce14464e884f47ea96c05141 - - b55d5f6f0ff1483bb3a71a1c3ca2fa88 b55d5f6f0ff1483bb3a71a1c3ca2fa88] 199.19.213.147 "GET /v2.0/ports?network_id=d1bfe17a-6b63-4056-955f-660e93fbc29f&device_owner=network%3Adhcp HTTP/1.1" status: 200 len: 210 time: 0.0221889
2026-05-06 02:27:30.359 11 INFO neutron.wsgi [req-e23427de-b90e-4dd1-bcd3-f459edb5e126 req-572e792d-53d9-4120-acf5-1df9a1595c51 b12f4319a3f840c5ab0277227dd0aa5b c7a7c20da5664b359c8bdb44c15dbaa2 - - default default] 10.0.0.47 "GET /v2.0/ports?device_id=cc924728-9868-4f7e-9642-5e616f86edf0 HTTP/1.1" status: 200 len: 210 time: 0.0259249
2026-05-06 02:27:30.373 10 INFO neutron.wsgi [req-12fe972e-6b32-4baa-ad04-43dafda3a37a req-dd87f2ff-9a68-4d91-aa59-03e6e15cf04e 059dd4792f9840a7996c913ad60288fa 9e1e1488ce14464e884f47ea96c05141 - - b55d5f6f0ff1483bb3a71a1c3ca2fa88 b55d5f6f0ff1483bb3a71a1c3ca2fa88] 199.19.213.147 "GET /v2.0/networks/d1bfe17a-6b63-4056-955f-660e93fbc29f?fields=segments HTTP/1.1" status: 200 len: 212 time: 0.0803041
2026-05-06 02:27:30.485 10 INFO neutron.wsgi [req-12fe972e-6b32-4baa-ad04-43dafda3a37a req-513cc02b-d76d-45d1-9874-72820e760482 059dd4792f9840a7996c913ad60288fa 9e1e1488ce14464e884f47ea96c05141 - - b55d5f6f0ff1483bb3a71a1c3ca2fa88 b55d5f6f0ff1483bb3a71a1c3ca2fa88] 199.19.213.147 "GET /v2.0/networks/d1bfe17a-6b63-4056-955f-660e93fbc29f?fields=provider%3Aphysical_network&fields=provider%3Anetwork_type HTTP/1.1" status: 200 len: 277 time: 0.1057520
2026-05-06 02:27:30.509 10 INFO neutron.db.ovn_revision_numbers_db [req-ccfc3464-0a42-4d89-ba71-a90ab43ff286 req-ec88d3ef-d094-4cea-a691-0f8cef5af5b5 059dd4792f9840a7996c913ad60288fa 9e1e1488ce14464e884f47ea96c05141 - - b55d5f6f0ff1483bb3a71a1c3ca2fa88 b55d5f6f0ff1483bb3a71a1c3ca2fa88] Successfully bumped revision number for resource 665d5103-d7a2-4d78-8d88-6a95621636d2 (type: ports) to 2
2026-05-06 02:27:30.524 10 INFO neutron.wsgi [req-ccfc3464-0a42-4d89-ba71-a90ab43ff286 req-ec88d3ef-d094-4cea-a691-0f8cef5af5b5 059dd4792f9840a7996c913ad60288fa 9e1e1488ce14464e884f47ea96c05141 - - b55d5f6f0ff1483bb3a71a1c3ca2fa88 b55d5f6f0ff1483bb3a71a1c3ca2fa88] 199.19.213.147 "PUT /v2.0/ports/665d5103-d7a2-4d78-8d88-6a95621636d2 HTTP/1.1" status: 200 len: 1376 time: 0.8019216
2026-05-06 02:27:30.548 11 INFO neutron.wsgi [req-451555a3-d14b-4506-82cf-5fa5bb662e90 req-1e1bcac6-323d-4b00-9f86-a2807b58cfa0 aa059eb2cf364ae9acbb676231ff029b 06adb6e380684160b8a203c959c87b16 - - default default] 10.0.0.47 "GET /v2.0/ports?device_id=c5f64e58-443e-45b5-bb84-d3c5fcfc4028 HTTP/1.1" status: 200 len: 1352 time: 0.0343602 /var/lib/openstack/lib/python3.10/site-packages/pycadf/identifier.py:71: UserWarning: Invalid uuid: neutron. To ensure interoperability, identifiers should be a valid uuid. warnings.warn(('Invalid uuid: %s. To ensure interoperability, '
2026-05-06 02:27:30.565 10 INFO neutron.plugins.ml2.drivers.ovn.mech_driver.mech_driver [None req-f8b393ac-a4c8-43d2-9ab8-dd3cbc701aa1 - - - - - -] OVN reports status up for port: bdd15947-bd75-4e68-9232-38a19abc7b03
2026-05-06 02:27:30.583 10 INFO neutron.plugins.ml2.plugin [None req-f8b393ac-a4c8-43d2-9ab8-dd3cbc701aa1 - - - - - -] Attempt 1 to provision port bdd15947-bd75-4e68-9232-38a19abc7b03
2026-05-06 02:27:30.587 10 INFO neutron.wsgi [req-ccfc3464-0a42-4d89-ba71-a90ab43ff286 req-d97d74f0-81df-41e6-be47-23345e73731a 059dd4792f9840a7996c913ad60288fa 9e1e1488ce14464e884f47ea96c05141 - - b55d5f6f0ff1483bb3a71a1c3ca2fa88 b55d5f6f0ff1483bb3a71a1c3ca2fa88] 199.19.213.147 "GET /v2.0/ports?tenant_id=14db67a50d4340b8a28b9a80dfc6d58b&device_id=9a7646df-025b-4963-9bac-1036e3779535 HTTP/1.1" status: 200 len: 1407 time: 0.0362926
2026-05-06 02:27:30.587 11 INFO neutron.db.ovn_revision_numbers_db [None req-92e28cd4-1437-4714-9f53-7a3cc5903f0c 3f4eeffd2515410c84ba01ee516f2bbc 7641de24348141ea8b99e51030e827c9 - - default default] Successfully bumped revision number for resource bdd15947-bd75-4e68-9232-38a19abc7b03 (type: router_ports) to 1
2026-05-06 02:27:30.608 11 INFO neutron.wsgi [req-451555a3-d14b-4506-82cf-5fa5bb662e90 req-441b2d1b-1e83-4f9f-b75c-058dfba03c47 aa059eb2cf364ae9acbb676231ff029b 06adb6e380684160b8a203c959c87b16 - - default default] 10.0.0.47 "GET /v2.0/security-groups?id=40b06901-c8e3-4c14-a15f-1628a1a0cd78&fields=id&fields=name HTTP/1.1" status: 200 len: 313 time: 0.0444133
2026-05-06 02:27:30.612 10 INFO neutron.wsgi [req-ccfc3464-0a42-4d89-ba71-a90ab43ff286 req-e6af6990-8567-41df-884c-a7e86e5037ce 059dd4792f9840a7996c913ad60288fa 9e1e1488ce14464e884f47ea96c05141 - - b55d5f6f0ff1483bb3a71a1c3ca2fa88 b55d5f6f0ff1483bb3a71a1c3ca2fa88] 199.19.213.147 "GET /v2.0/floatingips?fixed_ip_address=10.100.0.9&port_id=665d5103-d7a2-4d78-8d88-6a95621636d2 HTTP/1.1" status: 200 len: 217 time: 0.0196662
2026-05-06 02:27:30.653 10 INFO neutron.wsgi [req-ccfc3464-0a42-4d89-ba71-a90ab43ff286 req-d5084b66-4867-4ac4-ac7f-62099a20ecaa 059dd4792f9840a7996c913ad60288fa 9e1e1488ce14464e884f47ea96c05141 - - b55d5f6f0ff1483bb3a71a1c3ca2fa88 b55d5f6f0ff1483bb3a71a1c3ca2fa88] 199.19.213.147 "GET /v2.0/subnets?id=ed748b47-9e3f-4e92-b2bb-ac62d270050c HTTP/1.1" status: 200 len: 871 time: 0.0318117
2026-05-06 02:27:30.682 10 INFO neutron.wsgi [req-ccfc3464-0a42-4d89-ba71-a90ab43ff286 req-da0de51d-fd09-4132-8525-e28c74a92b7e 059dd4792f9840a7996c913ad60288fa 9e1e1488ce14464e884f47ea96c05141 - - b55d5f6f0ff1483bb3a71a1c3ca2fa88 b55d5f6f0ff1483bb3a71a1c3ca2fa88] 199.19.213.147 "GET /v2.0/ports?network_id=58d3a50d-00c7-4343-acea-598e5349bd46&device_owner=network%3Adhcp HTTP/1.1" status: 200 len: 210 time: 0.0201998
2026-05-06 02:27:30.692 11 INFO neutron.db.ovn_revision_numbers_db [None req-92e28cd4-1437-4714-9f53-7a3cc5903f0c 3f4eeffd2515410c84ba01ee516f2bbc 7641de24348141ea8b99e51030e827c9 - - default default] Successfully bumped revision number for resource bdd15947-bd75-4e68-9232-38a19abc7b03 (type: ports) to 1
2026-05-06 02:27:30.760 11 WARNING neutron.scheduler.dhcp_agent_scheduler [None req-92e28cd4-1437-4714-9f53-7a3cc5903f0c 3f4eeffd2515410c84ba01ee516f2bbc 7641de24348141ea8b99e51030e827c9 - - default default] No more DHCP agents
2026-05-06 02:27:30.762 11 WARNING neutron.api.rpc.agentnotifiers.dhcp_rpc_agent_api [None req-92e28cd4-1437-4714-9f53-7a3cc5903f0c 3f4eeffd2515410c84ba01ee516f2bbc 7641de24348141ea8b99e51030e827c9 - - default default] Unable to schedule network ee3f9ea5-dbb4-4d1c-ac1b-b6810c9d10a4: no agents available; will retry on subsequent port and subnet creation events.
2026-05-06 02:27:30.787 10 INFO neutron.wsgi [req-652fc242-f12d-4980-a411-4a04e79caa80 req-0ba8cb70-2c07-4629-8046-e8530c6f992e aa059eb2cf364ae9acbb676231ff029b 06adb6e380684160b8a203c959c87b16 - - default default] 199.19.213.147 "GET /v2.0/ports?device_id=c5f64e58-443e-45b5-bb84-d3c5fcfc4028&device_owner=compute%3Anova&fixed_ips=ip_address%3D10.100.0.14 HTTP/1.1" status: 200 len: 1352 time: 0.0936127
2026-05-06 02:27:30.846 10 INFO neutron.wsgi [req-ccfc3464-0a42-4d89-ba71-a90ab43ff286 req-39b10899-e79e-422f-82b1-46fd115654e0 059dd4792f9840a7996c913ad60288fa 9e1e1488ce14464e884f47ea96c05141 - - b55d5f6f0ff1483bb3a71a1c3ca2fa88 b55d5f6f0ff1483bb3a71a1c3ca2fa88] 199.19.213.147 "GET /v2.0/networks/58d3a50d-00c7-4343-acea-598e5349bd46?fields=segments HTTP/1.1" status: 200 len: 212 time: 0.1531124
2026-05-06 02:27:30.972 11 INFO neutron.db.ovn_revision_numbers_db [None req-92e28cd4-1437-4714-9f53-7a3cc5903f0c 3f4eeffd2515410c84ba01ee516f2bbc 7641de24348141ea8b99e51030e827c9 - - default default] Successfully bumped revision number for resource bdd15947-bd75-4e68-9232-38a19abc7b03 (type: router_ports) to 2
2026-05-06 02:27:30.975 11 INFO neutron.wsgi [None req-92e28cd4-1437-4714-9f53-7a3cc5903f0c 3f4eeffd2515410c84ba01ee516f2bbc 7641de24348141ea8b99e51030e827c9 - - default default] 10.0.0.140 "PUT /v2.0/routers/f38b67cd-d503-46df-88f5-9b8e279cde9c/add_router_interface HTTP/1.1" status: 200 len: 503 time: 1.7098317
2026-05-06 02:27:30.979 10 INFO neutron.wsgi [req-ccfc3464-0a42-4d89-ba71-a90ab43ff286 req-c77e7da4-2c93-4a75-a4de-ff800cb7b5df 059dd4792f9840a7996c913ad60288fa 9e1e1488ce14464e884f47ea96c05141 - - b55d5f6f0ff1483bb3a71a1c3ca2fa88 b55d5f6f0ff1483bb3a71a1c3ca2fa88] 199.19.213.147 "GET /v2.0/networks/58d3a50d-00c7-4343-acea-598e5349bd46?fields=provider%3Aphysical_network&fields=provider%3Anetwork_type HTTP/1.1" status: 200 len: 277 time: 0.1280177
2026-05-06 02:27:31.009 11 INFO neutron.wsgi [None req-a42b01d7-86ee-4b8c-9cef-70fe3a27c21c 3f4eeffd2515410c84ba01ee516f2bbc 7641de24348141ea8b99e51030e827c9 - - default default] 10.0.0.140 "GET /v2.0/ports/bdd15947-bd75-4e68-9232-38a19abc7b03 HTTP/1.1" status: 200 len: 1141 time: 0.0297108
2026-05-06 02:27:31.123 10 INFO neutron.db.ovn_revision_numbers_db [None req-f8b393ac-a4c8-43d2-9ab8-dd3cbc701aa1 - - - - - -] Successfully bumped revision number for resource bdd15947-bd75-4e68-9232-38a19abc7b03 (type: ports) to 2
2026-05-06 02:27:31.208 10 INFO neutron.wsgi [req-6e374d38-8eb0-4b99-b48f-6265e099441d req-2164b953-390e-4419-af34-7af5f53ff4e6 b12f4319a3f840c5ab0277227dd0aa5b c7a7c20da5664b359c8bdb44c15dbaa2 - - default default] 199.19.213.147 "GET /v2.0/networks?id=669da014-bfe3-4053-9a1a-6b9f21e3a92c HTTP/1.1" status: 200 len: 874 time: 0.1343057
2026-05-06 02:27:31.219 11 INFO neutron.wsgi [req-21c1873a-9bad-4b18-9b5c-6ff420dab0ba req-252cfd9b-0fa0-45d8-97ca-6302bcd6b410 4ab6313c4cd24402bc7614bfef3a3358 14db67a50d4340b8a28b9a80dfc6d58b - - default default] 10.0.0.47 "GET /v2.0/ports?device_id=9a7646df-025b-4963-9bac-1036e3779535 HTTP/1.1" status: 200 len: 1168 time: 0.0473540
2026-05-06 02:27:31.296 10 INFO neutron.wsgi [req-6e374d38-8eb0-4b99-b48f-6265e099441d req-6fac88a7-bef7-454b-b56a-4319fdf92719 b12f4319a3f840c5ab0277227dd0aa5b c7a7c20da5664b359c8bdb44c15dbaa2 - - default default] 199.19.213.147 "GET /v2.0/security-groups?fields=id&fields=name&tenant_id=c7a7c20da5664b359c8bdb44c15dbaa2 HTTP/1.1" status: 200 len: 380 time: 0.0818729
2026-05-06 02:27:31.303 11 INFO neutron.wsgi [req-21c1873a-9bad-4b18-9b5c-6ff420dab0ba req-e1427f04-9113-46f9-8d53-e50e4946e421 4ab6313c4cd24402bc7614bfef3a3358 14db67a50d4340b8a28b9a80dfc6d58b - - default default] 10.0.0.47 "GET /v2.0/security-groups?id=fdbb54a5-adaf-456e-9d54-cf71698a9e44&fields=id&fields=name HTTP/1.1" status: 200 len: 286 time: 0.0779228
2026-05-06 02:27:31.485 11 INFO neutron.wsgi [req-3d15284b-16d7-4b78-82cf-11f206480187 req-9f146b4a-bdbe-4e8a-88a9-b52a3670c669 b12f4319a3f840c5ab0277227dd0aa5b c7a7c20da5664b359c8bdb44c15dbaa2 - - default default] 10.0.0.47 "GET /v2.0/ports?device_id=cc924728-9868-4f7e-9642-5e616f86edf0 HTTP/1.1" status: 200 len: 210 time: 0.0259297
2026-05-06 02:27:31.550 10 INFO neutron.db.ovn_revision_numbers_db [None req-f8b393ac-a4c8-43d2-9ab8-dd3cbc701aa1 - - - - - -] Successfully bumped revision number for resource bdd15947-bd75-4e68-9232-38a19abc7b03 (type: router_ports) to 2
2026-05-06 02:27:31.561 11 WARNING neutron.scheduler.dhcp_agent_scheduler [None req-4afda765-8f86-40c5-b46c-ad577fba1525 3f4eeffd2515410c84ba01ee516f2bbc 7641de24348141ea8b99e51030e827c9 - - default default] No more DHCP agents
2026-05-06 02:27:31.564 11 WARNING neutron.api.rpc.agentnotifiers.dhcp_rpc_agent_api [None req-4afda765-8f86-40c5-b46c-ad577fba1525 3f4eeffd2515410c84ba01ee516f2bbc 7641de24348141ea8b99e51030e827c9 - - default default] Unable to schedule network c3f424ad-e152-4936-962b-8392b1375460: no agents available; will retry on subsequent port and subnet creation events.
2026-05-06 02:27:31.566 10 INFO neutron.notifiers.nova [-] Nova event matching ['req-3cea50fa-223e-4ff7-9a09-3427f0605b51'] response: {'name': 'network-changed', 'server_uuid': '9a7646df-025b-4963-9bac-1036e3779535', 'tag': '665d5103-d7a2-4d78-8d88-6a95621636d2', 'status': 'completed', 'code': 200}
2026-05-06 02:27:31.646 10 INFO neutron.wsgi [req-405e6543-39d0-4e49-b0de-9b8019ed9df1 req-ca008c87-537b-49ff-bc28-59a8473d5a53 059dd4792f9840a7996c913ad60288fa 9e1e1488ce14464e884f47ea96c05141 - - b55d5f6f0ff1483bb3a71a1c3ca2fa88 b55d5f6f0ff1483bb3a71a1c3ca2fa88] 199.19.213.147 "GET /v2.0/ports?tenant_id=14db67a50d4340b8a28b9a80dfc6d58b&device_id=9a7646df-025b-4963-9bac-1036e3779535 HTTP/1.1" status: 200 len: 1407 time: 0.0630596 /var/lib/openstack/lib/python3.10/site-packages/pycadf/identifier.py:71: UserWarning: Invalid uuid: neutron. To ensure interoperability, identifiers should be a valid uuid. warnings.warn(('Invalid uuid: %s. To ensure interoperability, '
2026-05-06 02:27:31.659 11 INFO neutron.db.ovn_revision_numbers_db [None req-4afda765-8f86-40c5-b46c-ad577fba1525 3f4eeffd2515410c84ba01ee516f2bbc 7641de24348141ea8b99e51030e827c9 - - default default] Successfully bumped revision number for resource 09d08a1d-284f-4ad2-b2b2-1756e546c0eb (type: ports) to 1
2026-05-06 02:27:31.729 10 INFO neutron.wsgi [req-405e6543-39d0-4e49-b0de-9b8019ed9df1 req-42746909-4882-469b-8c3e-00eaff92f77c 059dd4792f9840a7996c913ad60288fa 9e1e1488ce14464e884f47ea96c05141 - - b55d5f6f0ff1483bb3a71a1c3ca2fa88 b55d5f6f0ff1483bb3a71a1c3ca2fa88] 199.19.213.147 "GET /v2.0/networks?id=58d3a50d-00c7-4343-acea-598e5349bd46 HTTP/1.1" status: 200 len: 976 time: 0.0766213
2026-05-06 02:27:31.760 10 INFO neutron.wsgi [req-405e6543-39d0-4e49-b0de-9b8019ed9df1 req-475ff000-e5d3-45cc-bbca-14a6da9f32c9 059dd4792f9840a7996c913ad60288fa 9e1e1488ce14464e884f47ea96c05141 - - b55d5f6f0ff1483bb3a71a1c3ca2fa88 b55d5f6f0ff1483bb3a71a1c3ca2fa88] 199.19.213.147 "GET /v2.0/floatingips?fixed_ip_address=10.100.0.9&port_id=665d5103-d7a2-4d78-8d88-6a95621636d2 HTTP/1.1" status: 200 len: 217 time: 0.0218639
2026-05-06 02:27:31.762 10 INFO neutron.db.ovn_revision_numbers_db [req-652fc242-f12d-4980-a411-4a04e79caa80 req-eeac5422-c8f9-4d83-a1c0-fcf8485dea55 aa059eb2cf364ae9acbb676231ff029b 06adb6e380684160b8a203c959c87b16 - - default default] Successfully bumped revision number for resource 57db2501-a283-4954-999f-b1335fe150f6 (type: ports) to 6
2026-05-06 02:27:31.780 10 INFO neutron.wsgi [req-652fc242-f12d-4980-a411-4a04e79caa80 req-eeac5422-c8f9-4d83-a1c0-fcf8485dea55 aa059eb2cf364ae9acbb676231ff029b 06adb6e380684160b8a203c959c87b16 - - default default] 199.19.213.147 "PUT /v2.0/ports/57db2501-a283-4954-999f-b1335fe150f6 HTTP/1.1" status: 200 len: 1167 time: 0.9872108
2026-05-06 02:27:31.826 10 INFO neutron.wsgi [req-405e6543-39d0-4e49-b0de-9b8019ed9df1 req-f6062cdc-b2e2-4af1-b05b-b0f533fded25 059dd4792f9840a7996c913ad60288fa 9e1e1488ce14464e884f47ea96c05141 - - b55d5f6f0ff1483bb3a71a1c3ca2fa88 b55d5f6f0ff1483bb3a71a1c3ca2fa88] 199.19.213.147 "GET /v2.0/subnets?id=ed748b47-9e3f-4e92-b2bb-ac62d270050c HTTP/1.1" status: 200 len: 871 time: 0.0580645
2026-05-06 02:27:31.846 10 INFO neutron.wsgi [req-652fc242-f12d-4980-a411-4a04e79caa80 req-b72dd976-7822-4a7d-af15-3642ba30e74b 059dd4792f9840a7996c913ad60288fa 9e1e1488ce14464e884f47ea96c05141 - - b55d5f6f0ff1483bb3a71a1c3ca2fa88 b55d5f6f0ff1483bb3a71a1c3ca2fa88] 199.19.213.147 "GET /v2.0/ports?tenant_id=06adb6e380684160b8a203c959c87b16&device_id=c5f64e58-443e-45b5-bb84-d3c5fcfc4028 HTTP/1.1" status: 200 len: 1409 time: 0.0433004
2026-05-06 02:27:31.854 10 INFO neutron.wsgi [req-405e6543-39d0-4e49-b0de-9b8019ed9df1 req-d563b2a3-f2e0-4a24-a69a-3f04cba7f806 059dd4792f9840a7996c913ad60288fa 9e1e1488ce14464e884f47ea96c05141 - - b55d5f6f0ff1483bb3a71a1c3ca2fa88 b55d5f6f0ff1483bb3a71a1c3ca2fa88] 199.19.213.147 "GET /v2.0/ports?network_id=58d3a50d-00c7-4343-acea-598e5349bd46&device_owner=network%3Adhcp HTTP/1.1" status: 200 len: 210 time: 0.0210130
2026-05-06 02:27:31.962 10 INFO neutron.wsgi [req-405e6543-39d0-4e49-b0de-9b8019ed9df1 req-6bc6da1f-2591-4ca7-9163-e96c5995c9ea 059dd4792f9840a7996c913ad60288fa 9e1e1488ce14464e884f47ea96c05141 - - b55d5f6f0ff1483bb3a71a1c3ca2fa88 b55d5f6f0ff1483bb3a71a1c3ca2fa88] 199.19.213.147 "GET /v2.0/networks/58d3a50d-00c7-4343-acea-598e5349bd46?fields=segments HTTP/1.1" status: 200 len: 212 time: 0.1025813
2026-05-06 02:27:31.965 10 INFO neutron.wsgi [req-652fc242-f12d-4980-a411-4a04e79caa80 req-917c9b8e-ca3d-4fc2-964b-f0c1464d913a 059dd4792f9840a7996c913ad60288fa 9e1e1488ce14464e884f47ea96c05141 - - b55d5f6f0ff1483bb3a71a1c3ca2fa88 b55d5f6f0ff1483bb3a71a1c3ca2fa88] 199.19.213.147 "GET /v2.0/networks?id=d1bfe17a-6b63-4056-955f-660e93fbc29f HTTP/1.1" status: 200 len: 980 time: 0.1133268
2026-05-06 02:27:32.041 10 INFO neutron.wsgi [req-652fc242-f12d-4980-a411-4a04e79caa80 req-304964d9-98de-43d7-9cda-3aa52a5c42a2 059dd4792f9840a7996c913ad60288fa 9e1e1488ce14464e884f47ea96c05141 - - b55d5f6f0ff1483bb3a71a1c3ca2fa88 b55d5f6f0ff1483bb3a71a1c3ca2fa88] 199.19.213.147 "GET /v2.0/floatingips?fixed_ip_address=10.100.0.5&port_id=57db2501-a283-4954-999f-b1335fe150f6 HTTP/1.1" status: 200 len: 1059 time: 0.0674016
2026-05-06 02:27:32.075 10 INFO neutron.wsgi [req-405e6543-39d0-4e49-b0de-9b8019ed9df1 req-6668103a-1325-4e41-91e1-2ab9f01b060d 059dd4792f9840a7996c913ad60288fa 9e1e1488ce14464e884f47ea96c05141 - - b55d5f6f0ff1483bb3a71a1c3ca2fa88 b55d5f6f0ff1483bb3a71a1c3ca2fa88] 199.19.213.147 "GET /v2.0/networks/58d3a50d-00c7-4343-acea-598e5349bd46?fields=provider%3Aphysical_network&fields=provider%3Anetwork_type HTTP/1.1" status: 200 len: 277 time: 0.1005368
2026-05-06 02:27:32.097 10 INFO neutron.wsgi [req-652fc242-f12d-4980-a411-4a04e79caa80 req-0e4b478e-e3d0-4c1c-ab46-5147c5842ea7 059dd4792f9840a7996c913ad60288fa 9e1e1488ce14464e884f47ea96c05141 - - b55d5f6f0ff1483bb3a71a1c3ca2fa88 b55d5f6f0ff1483bb3a71a1c3ca2fa88] 199.19.213.147 "GET /v2.0/subnets?id=52d4b01f-f876-4aaf-b85b-7ad954f35b28 HTTP/1.1" status: 200 len: 876 time: 0.0484724
2026-05-06 02:27:32.103 10 WARNING neutron.scheduler.dhcp_agent_scheduler [req-6e374d38-8eb0-4b99-b48f-6265e099441d req-3faf4d60-d2ed-438c-877c-aa668b47bed8 b12f4319a3f840c5ab0277227dd0aa5b c7a7c20da5664b359c8bdb44c15dbaa2 - - default default] No more DHCP agents /var/lib/openstack/lib/python3.10/site-packages/pycadf/identifier.py:71: UserWarning: Invalid uuid: neutron. To ensure interoperability, identifiers should be a valid uuid. warnings.warn(('Invalid uuid: %s. To ensure interoperability, '
2026-05-06 02:27:32.111 10 WARNING neutron.api.rpc.agentnotifiers.dhcp_rpc_agent_api [req-6e374d38-8eb0-4b99-b48f-6265e099441d req-3faf4d60-d2ed-438c-877c-aa668b47bed8 b12f4319a3f840c5ab0277227dd0aa5b c7a7c20da5664b359c8bdb44c15dbaa2 - - default default] Unable to schedule network 669da014-bfe3-4053-9a1a-6b9f21e3a92c: no agents available; will retry on subsequent port and subnet creation events.
2026-05-06 02:27:32.133 10 INFO neutron.wsgi [req-652fc242-f12d-4980-a411-4a04e79caa80 req-fad488b5-5be8-4f39-b333-c4e385b4ebbb 059dd4792f9840a7996c913ad60288fa 9e1e1488ce14464e884f47ea96c05141 - - b55d5f6f0ff1483bb3a71a1c3ca2fa88 b55d5f6f0ff1483bb3a71a1c3ca2fa88] 199.19.213.147 "GET /v2.0/ports?network_id=d1bfe17a-6b63-4056-955f-660e93fbc29f&device_owner=network%3Adhcp HTTP/1.1" status: 200 len: 210 time: 0.0306423 /var/lib/openstack/lib/python3.10/site-packages/pycadf/identifier.py:71: UserWarning: Invalid uuid: neutron. To ensure interoperability, identifiers should be a valid uuid. warnings.warn(('Invalid uuid: %s. To ensure interoperability, '
2026-05-06 02:27:32.146 11 INFO neutron.db.ovn_revision_numbers_db [None req-4afda765-8f86-40c5-b46c-ad577fba1525 3f4eeffd2515410c84ba01ee516f2bbc 7641de24348141ea8b99e51030e827c9 - - default default] Successfully bumped revision number for resource 09d08a1d-284f-4ad2-b2b2-1756e546c0eb (type: router_ports) to 1
2026-05-06 02:27:32.207 10 INFO neutron.wsgi [req-652fc242-f12d-4980-a411-4a04e79caa80 req-c931fa75-02b2-493a-904a-11d0a9388227 059dd4792f9840a7996c913ad60288fa 9e1e1488ce14464e884f47ea96c05141 - - b55d5f6f0ff1483bb3a71a1c3ca2fa88 b55d5f6f0ff1483bb3a71a1c3ca2fa88] 199.19.213.147 "GET /v2.0/networks/d1bfe17a-6b63-4056-955f-660e93fbc29f?fields=segments HTTP/1.1" status: 200 len: 212 time: 0.0673618
2026-05-06 02:27:32.250 11 INFO neutron.db.ovn_revision_numbers_db [None req-4afda765-8f86-40c5-b46c-ad577fba1525 3f4eeffd2515410c84ba01ee516f2bbc 7641de24348141ea8b99e51030e827c9 - - default default] Successfully bumped revision number for resource 09d08a1d-284f-4ad2-b2b2-1756e546c0eb (type: ports) to 1
2026-05-06 02:27:32.291 10 INFO neutron.wsgi [req-652fc242-f12d-4980-a411-4a04e79caa80 req-b0295fa7-a108-4ab6-8ef7-67d7cf30aeb5 059dd4792f9840a7996c913ad60288fa 9e1e1488ce14464e884f47ea96c05141 - - b55d5f6f0ff1483bb3a71a1c3ca2fa88 b55d5f6f0ff1483bb3a71a1c3ca2fa88] 199.19.213.147 "GET /v2.0/networks/d1bfe17a-6b63-4056-955f-660e93fbc29f?fields=provider%3Aphysical_network&fields=provider%3Anetwork_type HTTP/1.1" status: 200 len: 277 time: 0.0771739
2026-05-06 02:27:32.313 11 WARNING neutron.scheduler.dhcp_agent_scheduler [None req-4afda765-8f86-40c5-b46c-ad577fba1525 3f4eeffd2515410c84ba01ee516f2bbc 7641de24348141ea8b99e51030e827c9 - - default default] No more DHCP agents
2026-05-06 02:27:32.314 11 WARNING neutron.api.rpc.agentnotifiers.dhcp_rpc_agent_api [None req-4afda765-8f86-40c5-b46c-ad577fba1525 3f4eeffd2515410c84ba01ee516f2bbc 7641de24348141ea8b99e51030e827c9 - - default default] Unable to schedule network c3f424ad-e152-4936-962b-8392b1375460: no agents available; will retry on subsequent port and subnet creation events.
2026-05-06 02:27:32.320 10 INFO neutron.db.ovn_revision_numbers_db [req-6e374d38-8eb0-4b99-b48f-6265e099441d req-3faf4d60-d2ed-438c-877c-aa668b47bed8 b12f4319a3f840c5ab0277227dd0aa5b c7a7c20da5664b359c8bdb44c15dbaa2 - - default default] Successfully bumped revision number for resource 4d07ddec-8af2-49b4-a12a-0f91eeec95b6 (type: ports) to 1
2026-05-06 02:27:32.351 10 INFO neutron.wsgi [req-6e374d38-8eb0-4b99-b48f-6265e099441d req-3faf4d60-d2ed-438c-877c-aa668b47bed8 b12f4319a3f840c5ab0277227dd0aa5b c7a7c20da5664b359c8bdb44c15dbaa2 - - default default] 199.19.213.147 "POST /v2.0/ports HTTP/1.1" status: 201 len: 1162 time: 1.0466645
2026-05-06 02:27:32.479 11 INFO neutron.wsgi [req-ef44fc20-2817-4fca-93f7-a7fe73df29d5 req-3ee64d6c-91b4-4a6c-ac3b-60a088356742 4ab6313c4cd24402bc7614bfef3a3358 14db67a50d4340b8a28b9a80dfc6d58b - - default default] 10.0.0.47 "GET /v2.0/ports?device_id=9a7646df-025b-4963-9bac-1036e3779535 HTTP/1.1" status: 200 len: 1168 time: 0.0982518
2026-05-06 02:27:32.523 11 INFO neutron.db.ovn_revision_numbers_db [None req-4afda765-8f86-40c5-b46c-ad577fba1525 3f4eeffd2515410c84ba01ee516f2bbc 7641de24348141ea8b99e51030e827c9 - - default default] Successfully bumped revision number for resource 09d08a1d-284f-4ad2-b2b2-1756e546c0eb (type: router_ports) to 1
2026-05-06 02:27:32.525 11 INFO neutron.wsgi [None req-4afda765-8f86-40c5-b46c-ad577fba1525 3f4eeffd2515410c84ba01ee516f2bbc 7641de24348141ea8b99e51030e827c9 - - default default] 10.0.0.140 "PUT /v2.0/routers/f38b67cd-d503-46df-88f5-9b8e279cde9c/add_router_interface HTTP/1.1" status: 200 len: 503 time: 1.5113063
2026-05-06 02:27:32.529 11 INFO neutron.wsgi [req-ef44fc20-2817-4fca-93f7-a7fe73df29d5 req-b4c4496b-1e97-4797-af32-141b3b6a2aed 4ab6313c4cd24402bc7614bfef3a3358 14db67a50d4340b8a28b9a80dfc6d58b - - default default] 10.0.0.47 "GET /v2.0/security-groups?id=fdbb54a5-adaf-456e-9d54-cf71698a9e44&fields=id&fields=name HTTP/1.1" status: 200 len: 286 time: 0.0424068
2026-05-06 02:27:32.578 11 INFO neutron.wsgi [req-25b27392-1e66-4de2-9db4-f5734ed0f71b req-303d3435-57d0-489f-a21e-eea840e9a5b7 b12f4319a3f840c5ab0277227dd0aa5b c7a7c20da5664b359c8bdb44c15dbaa2 - - default default] 10.0.0.47 "GET /v2.0/ports?device_id=cc924728-9868-4f7e-9642-5e616f86edf0 HTTP/1.1" status: 200 len: 1160 time: 0.0365493
2026-05-06 02:27:32.636 11 INFO neutron.wsgi [req-25b27392-1e66-4de2-9db4-f5734ed0f71b req-0299ccd2-fe6a-4d42-909f-924b027a6e1c b12f4319a3f840c5ab0277227dd0aa5b c7a7c20da5664b359c8bdb44c15dbaa2 - - default default] 10.0.0.47 "GET /v2.0/security-groups?id=44e92e02-147e-427b-be81-b611c6efe7af&fields=id&fields=name HTTP/1.1" status: 200 len: 313 time: 0.0502553
2026-05-06 02:27:32.668 10 INFO neutron.wsgi [None req-43ecdf71-4c38-4fe3-96dc-dd06c8edd5df 3f4eeffd2515410c84ba01ee516f2bbc 7641de24348141ea8b99e51030e827c9 - - default default] 10.0.0.140 "GET /v2.0/ports/09d08a1d-284f-4ad2-b2b2-1756e546c0eb HTTP/1.1" status: 200 len: 1147 time: 0.1381423
2026-05-06 02:27:32.708 11 INFO neutron.wsgi [None req-09d7f861-5a27-4311-966e-dbd7d3823ffa 3f4eeffd2515410c84ba01ee516f2bbc 7641de24348141ea8b99e51030e827c9 - - default default] 10.0.0.140 "GET /v2.0/ports/09d08a1d-284f-4ad2-b2b2-1756e546c0eb HTTP/1.1" status: 200 len: 1147 time: 0.0355268
2026-05-06 02:27:32.758 10 INFO neutron.db.ovn_revision_numbers_db [req-6e374d38-8eb0-4b99-b48f-6265e099441d req-8aae801a-71da-43a0-a0cb-a1fb90f06811 059dd4792f9840a7996c913ad60288fa 9e1e1488ce14464e884f47ea96c05141 - - b55d5f6f0ff1483bb3a71a1c3ca2fa88 b55d5f6f0ff1483bb3a71a1c3ca2fa88] Successfully bumped revision number for resource 4d07ddec-8af2-49b4-a12a-0f91eeec95b6 (type: ports) to 2
2026-05-06 02:27:32.951 10 INFO neutron.db.ovn_revision_numbers_db [req-6e374d38-8eb0-4b99-b48f-6265e099441d req-8aae801a-71da-43a0-a0cb-a1fb90f06811 059dd4792f9840a7996c913ad60288fa 9e1e1488ce14464e884f47ea96c05141 - - b55d5f6f0ff1483bb3a71a1c3ca2fa88 b55d5f6f0ff1483bb3a71a1c3ca2fa88] Successfully bumped revision number for resource 4d07ddec-8af2-49b4-a12a-0f91eeec95b6 (type: ports) to 2
2026-05-06 02:27:32.968 10 INFO neutron.wsgi [req-6e374d38-8eb0-4b99-b48f-6265e099441d req-8aae801a-71da-43a0-a0cb-a1fb90f06811 059dd4792f9840a7996c913ad60288fa 9e1e1488ce14464e884f47ea96c05141 - - b55d5f6f0ff1483bb3a71a1c3ca2fa88 b55d5f6f0ff1483bb3a71a1c3ca2fa88] 199.19.213.147 "PUT /v2.0/ports/4d07ddec-8af2-49b4-a12a-0f91eeec95b6 HTTP/1.1" status: 200 len: 1380 time: 0.6113248
2026-05-06 02:27:32.993 11 INFO neutron.wsgi [req-f047c417-c0cc-4c92-a700-40f57cf36311 req-85d6b8d5-f261-4840-9464-d8cdfb683c81 aa059eb2cf364ae9acbb676231ff029b 06adb6e380684160b8a203c959c87b16 - - default default] 10.0.0.47 "GET /v2.0/ports?device_id=c5f64e58-443e-45b5-bb84-d3c5fcfc4028 HTTP/1.1" status: 200 len: 1170 time: 0.0473638
2026-05-06 02:27:32.994 11 WARNING neutron.plugins.ml2.drivers.ovn.mech_driver.ovsdb.ovn_client [None req-3bb4cb6b-ece9-4985-9fa3-ef1b798d9cba - - - - - -] No hosting information found for port 459f6090-ad1c-4061-bd9c-ece5f3dfa33c: RuntimeError: No hosting information found for port 459f6090-ad1c-4061-bd9c-ece5f3dfa33c
2026-05-06 02:27:32.994 11 INFO neutron.plugins.ml2.drivers.ovn.mech_driver.mech_driver [None req-3bb4cb6b-ece9-4985-9fa3-ef1b798d9cba - - - - - -] OVN reports status up for port: 5e246867-5b60-4f82-8ba2-d7610c3f75f0 /var/lib/openstack/lib/python3.10/site-packages/pycadf/identifier.py:71: UserWarning: Invalid uuid: neutron. To ensure interoperability, identifiers should be a valid uuid. warnings.warn(('Invalid uuid: %s. To ensure interoperability, '
2026-05-06 02:27:33.009 11 INFO neutron.plugins.ml2.plugin [None req-3bb4cb6b-ece9-4985-9fa3-ef1b798d9cba - - - - - -] Attempt 1 to provision port 5e246867-5b60-4f82-8ba2-d7610c3f75f0
2026-05-06 02:27:33.043 10 INFO neutron.wsgi [req-6e374d38-8eb0-4b99-b48f-6265e099441d req-5d2d481c-b37c-4e52-8f9d-94e3d67155b7 059dd4792f9840a7996c913ad60288fa 9e1e1488ce14464e884f47ea96c05141 - - b55d5f6f0ff1483bb3a71a1c3ca2fa88 b55d5f6f0ff1483bb3a71a1c3ca2fa88] 199.19.213.147 "GET /v2.0/ports?tenant_id=c7a7c20da5664b359c8bdb44c15dbaa2&device_id=cc924728-9868-4f7e-9642-5e616f86edf0 HTTP/1.1" status: 200 len: 1411 time: 0.0427978
2026-05-06 02:27:33.068 11 INFO neutron.wsgi [req-f047c417-c0cc-4c92-a700-40f57cf36311 req-9d6b0678-6411-43a0-8ee5-d4244619e116 aa059eb2cf364ae9acbb676231ff029b 06adb6e380684160b8a203c959c87b16 - - default default] 10.0.0.47 "GET /v2.0/security-groups?id=40b06901-c8e3-4c14-a15f-1628a1a0cd78&fields=id&fields=name HTTP/1.1" status: 200 len: 313 time: 0.0668302
2026-05-06 02:27:33.079 10 INFO neutron.wsgi [req-6e374d38-8eb0-4b99-b48f-6265e099441d req-cf1e8921-f608-4675-809f-fea80270c12c 059dd4792f9840a7996c913ad60288fa 9e1e1488ce14464e884f47ea96c05141 - - b55d5f6f0ff1483bb3a71a1c3ca2fa88 b55d5f6f0ff1483bb3a71a1c3ca2fa88] 199.19.213.147 "GET /v2.0/floatingips?fixed_ip_address=10.100.0.13&port_id=4d07ddec-8af2-49b4-a12a-0f91eeec95b6 HTTP/1.1" status: 200 len: 217 time: 0.0272906
2026-05-06 02:27:33.118 10 INFO neutron.wsgi [req-6e374d38-8eb0-4b99-b48f-6265e099441d req-59ccad3b-a280-4b80-ae81-c0414217368a 059dd4792f9840a7996c913ad60288fa 9e1e1488ce14464e884f47ea96c05141 - - b55d5f6f0ff1483bb3a71a1c3ca2fa88 b55d5f6f0ff1483bb3a71a1c3ca2fa88] 199.19.213.147 "GET /v2.0/subnets?id=1791e8ee-ae14-4ab2-94b2-3fa890c80b7d HTTP/1.1" status: 200 len: 868 time: 0.0352540
2026-05-06 02:27:33.156 10 INFO neutron.wsgi [req-6e374d38-8eb0-4b99-b48f-6265e099441d req-21ef2c57-f409-4823-9464-eca87fe81671 059dd4792f9840a7996c913ad60288fa 9e1e1488ce14464e884f47ea96c05141 - - b55d5f6f0ff1483bb3a71a1c3ca2fa88 b55d5f6f0ff1483bb3a71a1c3ca2fa88] 199.19.213.147 "GET /v2.0/ports?network_id=669da014-bfe3-4053-9a1a-6b9f21e3a92c&device_owner=network%3Adhcp HTTP/1.1" status: 200 len: 210 time: 0.0313146
2026-05-06 02:27:33.235 10 INFO neutron.wsgi [req-6e374d38-8eb0-4b99-b48f-6265e099441d req-0ae3ee10-305e-4dc4-ba6b-11db23bc9a9d 059dd4792f9840a7996c913ad60288fa 9e1e1488ce14464e884f47ea96c05141 - - b55d5f6f0ff1483bb3a71a1c3ca2fa88 b55d5f6f0ff1483bb3a71a1c3ca2fa88] 199.19.213.147 "GET /v2.0/networks/669da014-bfe3-4053-9a1a-6b9f21e3a92c?fields=segments HTTP/1.1" status: 200 len: 212 time: 0.0720551
2026-05-06 02:27:33.322 10 INFO neutron.wsgi [req-835e9a02-3d28-4c3e-aa32-fd78b7f74747 req-60472a47-7bb8-4acb-863c-558de1a8a4ac aa059eb2cf364ae9acbb676231ff029b 06adb6e380684160b8a203c959c87b16 - - default default] 199.19.213.147 "GET /v2.0/ports?device_id=c5f64e58-443e-45b5-bb84-d3c5fcfc4028 HTTP/1.1" status: 200 len: 1170 time: 0.0396299
2026-05-06 02:27:33.323 10 INFO neutron.wsgi [req-6e374d38-8eb0-4b99-b48f-6265e099441d req-dbc7a787-3bdb-4ae5-ad85-0cc57d1213a2 059dd4792f9840a7996c913ad60288fa 9e1e1488ce14464e884f47ea96c05141 - - b55d5f6f0ff1483bb3a71a1c3ca2fa88 b55d5f6f0ff1483bb3a71a1c3ca2fa88] 199.19.213.147 "GET /v2.0/networks/669da014-bfe3-4053-9a1a-6b9f21e3a92c?fields=provider%3Aphysical_network&fields=provider%3Anetwork_type HTTP/1.1" status: 200 len: 277 time: 0.0789514
2026-05-06 02:27:33.521 11 INFO neutron.db.ovn_revision_numbers_db [None req-3bb4cb6b-ece9-4985-9fa3-ef1b798d9cba - - - - - -] Successfully bumped revision number for resource 5e246867-5b60-4f82-8ba2-d7610c3f75f0 (type: ports) to 2
2026-05-06 02:27:33.615 10 INFO neutron.notifiers.nova [-] Nova event matching ['req-2775dbb2-03d6-42ee-927f-c401760d1e0e'] response: {'name': 'network-changed', 'server_uuid': 'c5f64e58-443e-45b5-bb84-d3c5fcfc4028', 'tag': '57db2501-a283-4954-999f-b1335fe150f6', 'status': 'completed', 'code': 200}
2026-05-06 02:27:33.615 10 INFO neutron.notifiers.nova [-] Nova event matching ['req-2775dbb2-03d6-42ee-927f-c401760d1e0e'] response: {'name': 'network-changed', 'server_uuid': 'cc924728-9868-4f7e-9642-5e616f86edf0', 'tag': '4d07ddec-8af2-49b4-a12a-0f91eeec95b6', 'status': 'completed', 'code': 200}
2026-05-06 02:27:33.635 10 INFO neutron.db.l3_db [req-835e9a02-3d28-4c3e-aa32-fd78b7f74747 req-ad46c6f5-1485-4307-a8c3-66f42e823d59 aa059eb2cf364ae9acbb676231ff029b 06adb6e380684160b8a203c959c87b16 - - default default] Floating IP 47bf21f9-4d77-4004-98cc-9fc9daac2e32 disassociated. External IP: 10.96.250.213, port: 57db2501-a283-4954-999f-b1335fe150f6.
2026-05-06 02:27:33.675 11 INFO neutron.wsgi [req-e88ce175-d6c1-4f48-aeb6-f3b8d1807010 req-02f8b7dd-eb7e-4d83-a4b9-cb484f5e5541 4ab6313c4cd24402bc7614bfef3a3358 14db67a50d4340b8a28b9a80dfc6d58b - - default default] 10.0.0.47 "GET /v2.0/ports?device_id=9a7646df-025b-4963-9bac-1036e3779535 HTTP/1.1" status: 200 len: 1168 time: 0.0660219
2026-05-06 02:27:33.693 10 INFO neutron.wsgi [req-e8576647-4ded-4c91-a263-29515ed2d1bb req-6af63d82-e7cc-457c-8ed3-ffe6f3242806 059dd4792f9840a7996c913ad60288fa 9e1e1488ce14464e884f47ea96c05141 - - b55d5f6f0ff1483bb3a71a1c3ca2fa88 b55d5f6f0ff1483bb3a71a1c3ca2fa88] 199.19.213.147 "GET /v2.0/ports?tenant_id=06adb6e380684160b8a203c959c87b16&device_id=c5f64e58-443e-45b5-bb84-d3c5fcfc4028 HTTP/1.1" status: 200 len: 1409 time: 0.0535617
2026-05-06 02:27:33.694 11 INFO neutron.db.ovn_revision_numbers_db [None req-3bb4cb6b-ece9-4985-9fa3-ef1b798d9cba - - - - - -] Successfully bumped revision number for resource 5e246867-5b60-4f82-8ba2-d7610c3f75f0 (type: router_ports) to 2
2026-05-06 02:27:33.754 11 INFO neutron.wsgi [req-559841ed-f209-46c4-aced-aa2a04767350 req-7f23f55b-c0fd-4d0f-9574-cac4d265844b b12f4319a3f840c5ab0277227dd0aa5b c7a7c20da5664b359c8bdb44c15dbaa2 - - default default] 10.0.0.47 "GET /v2.0/ports?device_id=cc924728-9868-4f7e-9642-5e616f86edf0 HTTP/1.1" status: 200 len: 1172 time: 0.0400810
2026-05-06 02:27:33.763 10 INFO neutron.wsgi [None req-4132c7c2-c3ef-4443-8a29-bad322e1c55c 3f4eeffd2515410c84ba01ee516f2bbc 7641de24348141ea8b99e51030e827c9 - - default default] 10.0.0.140 "GET /v2.0/ports/09d08a1d-284f-4ad2-b2b2-1756e546c0eb HTTP/1.1" status: 200 len: 1147 time: 0.0467527
2026-05-06 02:27:33.773 11 INFO neutron.wsgi [req-e88ce175-d6c1-4f48-aeb6-f3b8d1807010 req-9e50a7f7-bab2-4b44-9c9d-f0ef2dc59bcc 4ab6313c4cd24402bc7614bfef3a3358 14db67a50d4340b8a28b9a80dfc6d58b - - default default] 10.0.0.47 "GET /v2.0/security-groups?id=fdbb54a5-adaf-456e-9d54-cf71698a9e44&fields=id&fields=name HTTP/1.1" status: 200 len: 286 time: 0.0898201
2026-05-06 02:27:33.795 10 INFO neutron.wsgi [req-e8576647-4ded-4c91-a263-29515ed2d1bb req-de7af0c6-dd36-4ad6-981a-2a4251b72a2f 059dd4792f9840a7996c913ad60288fa 9e1e1488ce14464e884f47ea96c05141 - - b55d5f6f0ff1483bb3a71a1c3ca2fa88 b55d5f6f0ff1483bb3a71a1c3ca2fa88] 199.19.213.147 "GET /v2.0/networks?id=d1bfe17a-6b63-4056-955f-660e93fbc29f HTTP/1.1" status: 200 len: 980 time: 0.0963011
2026-05-06 02:27:33.803 11 INFO neutron.wsgi [req-559841ed-f209-46c4-aced-aa2a04767350 req-0143bd3f-d672-4308-ba71-c22ec768ecec b12f4319a3f840c5ab0277227dd0aa5b c7a7c20da5664b359c8bdb44c15dbaa2 - - default default] 10.0.0.47 "GET /v2.0/security-groups?id=44e92e02-147e-427b-be81-b611c6efe7af&fields=id&fields=name HTTP/1.1" status: 200 len: 313 time: 0.0424948
2026-05-06 02:27:33.858 10 INFO neutron.wsgi [req-e8576647-4ded-4c91-a263-29515ed2d1bb req-68fd069c-2e6f-4f98-bc55-18bf3430fee0 059dd4792f9840a7996c913ad60288fa 9e1e1488ce14464e884f47ea96c05141 - - b55d5f6f0ff1483bb3a71a1c3ca2fa88 b55d5f6f0ff1483bb3a71a1c3ca2fa88] 199.19.213.147 "GET /v2.0/floatingips?fixed_ip_address=10.100.0.5&port_id=57db2501-a283-4954-999f-b1335fe150f6 HTTP/1.1" status: 200 len: 1059 time: 0.0514815
2026-05-06 02:27:33.889 10 INFO neutron.wsgi [req-835e9a02-3d28-4c3e-aa32-fd78b7f74747 req-ad46c6f5-1485-4307-a8c3-66f42e823d59 aa059eb2cf364ae9acbb676231ff029b 06adb6e380684160b8a203c959c87b16 - - default default] 199.19.213.147 "DELETE /v2.0/ports/57db2501-a283-4954-999f-b1335fe150f6 HTTP/1.1" status: 204 len: 173 time: 0.5605049
2026-05-06 02:27:33.902 10 INFO neutron.wsgi [req-e8576647-4ded-4c91-a263-29515ed2d1bb req-ab9d9a50-ec24-4ade-b71b-1da6394fe0c4 059dd4792f9840a7996c913ad60288fa 9e1e1488ce14464e884f47ea96c05141 - - b55d5f6f0ff1483bb3a71a1c3ca2fa88 b55d5f6f0ff1483bb3a71a1c3ca2fa88] 199.19.213.147 "GET /v2.0/subnets?id=52d4b01f-f876-4aaf-b85b-7ad954f35b28 HTTP/1.1" status: 200 len: 876 time: 0.0336797
2026-05-06 02:27:33.930 10 INFO neutron.wsgi [req-e8576647-4ded-4c91-a263-29515ed2d1bb req-253d8bd2-fafa-478c-b497-8ede7462b9ab 059dd4792f9840a7996c913ad60288fa 9e1e1488ce14464e884f47ea96c05141 - - b55d5f6f0ff1483bb3a71a1c3ca2fa88 b55d5f6f0ff1483bb3a71a1c3ca2fa88] 199.19.213.147 "GET /v2.0/ports?network_id=d1bfe17a-6b63-4056-955f-660e93fbc29f&device_owner=network%3Adhcp HTTP/1.1" status: 200 len: 210 time: 0.0229468
2026-05-06 02:27:33.997 10 INFO neutron.wsgi [req-e8576647-4ded-4c91-a263-29515ed2d1bb req-9c5498ed-53c7-43e2-8a31-c3d433815860 059dd4792f9840a7996c913ad60288fa 9e1e1488ce14464e884f47ea96c05141 - - b55d5f6f0ff1483bb3a71a1c3ca2fa88 b55d5f6f0ff1483bb3a71a1c3ca2fa88] 199.19.213.147 "GET /v2.0/networks/d1bfe17a-6b63-4056-955f-660e93fbc29f?fields=segments HTTP/1.1" status: 200 len: 212 time: 0.0590825
