2026-05-06 02:26:53.651 11 WARNING neutron.api.rpc.agentnotifiers.dhcp_rpc_agent_api [None req-ffb0041e-773c-4280-b7ed-e57318b88d60 09a5f2e746694bfdbab22fc27ee986a3 213cbe7d811148cbb2df98a35bd0c857 - - default default] Unable to schedule network 4623c567-7d1b-4e9c-af39-3ece34702b94: no agents available; will retry on subsequent port and subnet creation events.
2026-05-06 02:26:53.670 11 INFO neutron.db.segments_db [None req-d29af852-2781-49a9-9527-21ee484c46a8 09a5f2e746694bfdbab22fc27ee986a3 213cbe7d811148cbb2df98a35bd0c857 - - default default] Added segment 40f67ca0-6964-47ad-85ad-2d26d8edd5c4 of type geneve for network d1bfe17a-6b63-4056-955f-660e93fbc29f
2026-05-06 02:26:53.686 11 INFO neutron.db.ovn_revision_numbers_db [None req-5bb62ac5-f71e-4be6-85d0-c6af3a321146 09a5f2e746694bfdbab22fc27ee986a3 213cbe7d811148cbb2df98a35bd0c857 - - default default] Successfully bumped revision number for resource 14463488-ffdd-402d-a4fc-f1a9eafe608e (type: ports) to 1
2026-05-06 02:26:53.736 10 INFO neutron.db.ovn_revision_numbers_db [None req-fa839db4-b485-435e-b112-0b5e09176eab - - - - - -] Successfully bumped revision number for resource 1484dbbb-5ed0-4902-8124-179c8a655daf (type: ports) to 2
2026-05-06 02:26:53.954 11 INFO neutron.db.ovn_revision_numbers_db [None req-d29af852-2781-49a9-9527-21ee484c46a8 09a5f2e746694bfdbab22fc27ee986a3 213cbe7d811148cbb2df98a35bd0c857 - - default default] Successfully bumped revision number for resource d1bfe17a-6b63-4056-955f-660e93fbc29f (type: networks) to 1
2026-05-06 02:26:53.966 11 INFO neutron.db.ovn_revision_numbers_db [None req-ffb0041e-773c-4280-b7ed-e57318b88d60 09a5f2e746694bfdbab22fc27ee986a3 213cbe7d811148cbb2df98a35bd0c857 - - default default] Successfully bumped revision number for resource 26b1c791-72be-4a10-88a2-ebec732295e7 (type: ports) to 1
2026-05-06 02:26:53.991 10 INFO neutron.db.ovn_revision_numbers_db [None req-fa839db4-b485-435e-b112-0b5e09176eab - - - - - -] Successfully bumped revision number for resource 1484dbbb-5ed0-4902-8124-179c8a655daf (type: ports) to 4
2026-05-06 02:26:54.312 10 INFO neutron.db.ovn_revision_numbers_db [None req-fa839db4-b485-435e-b112-0b5e09176eab - - - - - -] Successfully bumped revision number for resource 1484dbbb-5ed0-4902-8124-179c8a655daf (type: router_ports) to 4
2026-05-06 02:26:54.337 10 INFO neutron.plugins.ml2.drivers.ovn.mech_driver.ovsdb.ovsdb_monitor [None req-fa839db4-b485-435e-b112-0b5e09176eab - - - - - -] Router 3f985120-bb83-46be-838e-928d5c2954ac is bound to host instance
2026-05-06 02:26:54.348 11 WARNING neutron.scheduler.dhcp_agent_scheduler [None req-d29af852-2781-49a9-9527-21ee484c46a8 09a5f2e746694bfdbab22fc27ee986a3 213cbe7d811148cbb2df98a35bd0c857 - - default default] No more DHCP agents
2026-05-06 02:26:54.355 11 WARNING neutron.api.rpc.agentnotifiers.dhcp_rpc_agent_api [None req-d29af852-2781-49a9-9527-21ee484c46a8 09a5f2e746694bfdbab22fc27ee986a3 213cbe7d811148cbb2df98a35bd0c857 - - default default] Unable to schedule network d1bfe17a-6b63-4056-955f-660e93fbc29f: no agents available; will retry on subsequent port and subnet creation events.
2026-05-06 02:26:54.511 11 INFO neutron.db.ovn_revision_numbers_db [None req-d29af852-2781-49a9-9527-21ee484c46a8 09a5f2e746694bfdbab22fc27ee986a3 213cbe7d811148cbb2df98a35bd0c857 - - default default] Successfully bumped revision number for resource c8e9a3a5-f033-4ab6-8f96-b7845f76cc58 (type: ports) to 1
2026-05-06 02:26:54.577 11 INFO neutron.wsgi [None req-d29af852-2781-49a9-9527-21ee484c46a8 09a5f2e746694bfdbab22fc27ee986a3 213cbe7d811148cbb2df98a35bd0c857 - - default default] 10.0.0.140 "POST /v2.0/networks HTTP/1.1" status: 201 len: 952 time: 1.5437305
2026-05-06 02:26:54.607 11 INFO neutron.db.ovn_revision_numbers_db [None req-5bb62ac5-f71e-4be6-85d0-c6af3a321146 09a5f2e746694bfdbab22fc27ee986a3 213cbe7d811148cbb2df98a35bd0c857 - - default default] Successfully bumped revision number for resource 14463488-ffdd-402d-a4fc-f1a9eafe608e (type: router_ports) to 1
2026-05-06 02:26:54.828 11 INFO neutron.db.ovn_revision_numbers_db [None req-5bb62ac5-f71e-4be6-85d0-c6af3a321146 09a5f2e746694bfdbab22fc27ee986a3 213cbe7d811148cbb2df98a35bd0c857 - - default default] Successfully bumped revision number for resource 14463488-ffdd-402d-a4fc-f1a9eafe608e (type: ports) to 1
2026-05-06 02:26:54.863 11 WARNING neutron.scheduler.dhcp_agent_scheduler [None req-b46a4651-b894-493e-b566-437ad3d39924 09a5f2e746694bfdbab22fc27ee986a3 213cbe7d811148cbb2df98a35bd0c857 - - default default] No more DHCP agents
2026-05-06 02:26:54.865 11 WARNING neutron.api.rpc.agentnotifiers.dhcp_rpc_agent_api [None req-b46a4651-b894-493e-b566-437ad3d39924 09a5f2e746694bfdbab22fc27ee986a3 213cbe7d811148cbb2df98a35bd0c857 - - default default] Unable to schedule network d1bfe17a-6b63-4056-955f-660e93fbc29f: no agents available; will retry on subsequent port and subnet creation events.
2026-05-06 02:26:54.879 11 INFO neutron.db.ovn_revision_numbers_db [None req-ffb0041e-773c-4280-b7ed-e57318b88d60 09a5f2e746694bfdbab22fc27ee986a3 213cbe7d811148cbb2df98a35bd0c857 - - default default] Successfully bumped revision number for resource 26b1c791-72be-4a10-88a2-ebec732295e7 (type: router_ports) to 1
2026-05-06 02:26:54.962 11 WARNING neutron.scheduler.dhcp_agent_scheduler [None req-5bb62ac5-f71e-4be6-85d0-c6af3a321146 09a5f2e746694bfdbab22fc27ee986a3 213cbe7d811148cbb2df98a35bd0c857 - - default default] No more DHCP agents
2026-05-06 02:26:54.963 11 WARNING neutron.api.rpc.agentnotifiers.dhcp_rpc_agent_api [None req-5bb62ac5-f71e-4be6-85d0-c6af3a321146 09a5f2e746694bfdbab22fc27ee986a3 213cbe7d811148cbb2df98a35bd0c857 - - default default] Unable to schedule network fd0c681e-e7c8-47d5-b3fb-d34a7748609b: no agents available; will retry on subsequent port and subnet creation events.
2026-05-06 02:26:54.999 10 INFO neutron.db.ovn_revision_numbers_db [None req-fa839db4-b485-435e-b112-0b5e09176eab - - - - - -] Successfully bumped revision number for resource 59925e7b-cf4e-41f4-a781-0321f9eab939 (type: ports) to 1
2026-05-06 02:26:55.027 10 INFO neutron.plugins.ml2.drivers.ovn.mech_driver.mech_driver [None req-f8b393ac-a4c8-43d2-9ab8-dd3cbc701aa1 - - - - - -] OVN reports status up for port: 14463488-ffdd-402d-a4fc-f1a9eafe608e
2026-05-06 02:26:55.042 10 INFO neutron.plugins.ml2.plugin [None req-f8b393ac-a4c8-43d2-9ab8-dd3cbc701aa1 - - - - - -] Attempt 1 to provision port 14463488-ffdd-402d-a4fc-f1a9eafe608e
2026-05-06 02:26:55.196 11 INFO neutron.db.ovn_revision_numbers_db [None req-ffb0041e-773c-4280-b7ed-e57318b88d60 09a5f2e746694bfdbab22fc27ee986a3 213cbe7d811148cbb2df98a35bd0c857 - - default default] Successfully bumped revision number for resource 26b1c791-72be-4a10-88a2-ebec732295e7 (type: ports) to 1
2026-05-06 02:26:55.321 11 WARNING neutron.scheduler.dhcp_agent_scheduler [None req-ffb0041e-773c-4280-b7ed-e57318b88d60 09a5f2e746694bfdbab22fc27ee986a3 213cbe7d811148cbb2df98a35bd0c857 - - default default] No more DHCP agents
2026-05-06 02:26:55.324 11 WARNING neutron.api.rpc.agentnotifiers.dhcp_rpc_agent_api [None req-ffb0041e-773c-4280-b7ed-e57318b88d60 09a5f2e746694bfdbab22fc27ee986a3 213cbe7d811148cbb2df98a35bd0c857 - - default default] Unable to schedule network 4623c567-7d1b-4e9c-af39-3ece34702b94: no agents available; will retry on subsequent port and subnet creation events.
2026-05-06 02:26:55.364 10 INFO neutron.db.ovn_revision_numbers_db [None req-fa839db4-b485-435e-b112-0b5e09176eab - - - - - -] Successfully bumped revision number for resource 59925e7b-cf4e-41f4-a781-0321f9eab939 (type: router_ports) to 3
2026-05-06 02:26:55.406 10 INFO neutron.db.ovn_revision_numbers_db [None req-f8b393ac-a4c8-43d2-9ab8-dd3cbc701aa1 - - - - - -] Successfully bumped revision number for resource 14463488-ffdd-402d-a4fc-f1a9eafe608e (type: ports) to 2
2026-05-06 02:26:55.452 11 INFO neutron.plugins.ml2.drivers.ovn.mech_driver.mech_driver [None req-3bb4cb6b-ece9-4985-9fa3-ef1b798d9cba - - - - - -] OVN reports status up for port: 26b1c791-72be-4a10-88a2-ebec732295e7
2026-05-06 02:26:55.486 11 INFO neutron.plugins.ml2.plugin [None req-3bb4cb6b-ece9-4985-9fa3-ef1b798d9cba - - - - - -] Attempt 1 to provision port 26b1c791-72be-4a10-88a2-ebec732295e7
2026-05-06 02:26:55.530 10 INFO neutron.db.ovn_revision_numbers_db [None req-fa839db4-b485-435e-b112-0b5e09176eab - - - - - -] Successfully bumped revision number for resource 59925e7b-cf4e-41f4-a781-0321f9eab939 (type: ports) to 2
2026-05-06 02:26:55.550 10 INFO neutron.db.ovn_revision_numbers_db [None req-f8b393ac-a4c8-43d2-9ab8-dd3cbc701aa1 - - - - - -] Successfully bumped revision number for resource 14463488-ffdd-402d-a4fc-f1a9eafe608e (type: router_ports) to 2
2026-05-06 02:26:55.778 10 INFO neutron.db.ovn_revision_numbers_db [None req-fa839db4-b485-435e-b112-0b5e09176eab - - - - - -] Successfully bumped revision number for resource 59925e7b-cf4e-41f4-a781-0321f9eab939 (type: ports) to 4
2026-05-06 02:26:56.018 10 INFO neutron.db.ovn_revision_numbers_db [None req-fa839db4-b485-435e-b112-0b5e09176eab - - - - - -] Successfully bumped revision number for resource 59925e7b-cf4e-41f4-a781-0321f9eab939 (type: router_ports) to 4
2026-05-06 02:26:56.035 11 INFO neutron.db.ovn_revision_numbers_db [None req-b46a4651-b894-493e-b566-437ad3d39924 09a5f2e746694bfdbab22fc27ee986a3 213cbe7d811148cbb2df98a35bd0c857 - - default default] Successfully bumped revision number for resource c8e9a3a5-f033-4ab6-8f96-b7845f76cc58 (type: ports) to 2
2026-05-06 02:26:56.121 11 INFO neutron.db.ovn_revision_numbers_db [None req-b46a4651-b894-493e-b566-437ad3d39924 09a5f2e746694bfdbab22fc27ee986a3 213cbe7d811148cbb2df98a35bd0c857 - - default default] Successfully bumped revision number for resource 52d4b01f-f876-4aaf-b85b-7ad954f35b28 (type: subnets) to 0
2026-05-06 02:26:56.155 11 INFO neutron.wsgi [None req-b46a4651-b894-493e-b566-437ad3d39924 09a5f2e746694bfdbab22fc27ee986a3 213cbe7d811148cbb2df98a35bd0c857 - - default default] 10.0.0.140 "POST /v2.0/subnets HTTP/1.1" status: 201 len: 873 time: 1.5675986
2026-05-06 02:26:56.220 11 INFO neutron.wsgi [None req-5bb62ac5-f71e-4be6-85d0-c6af3a321146 09a5f2e746694bfdbab22fc27ee986a3 213cbe7d811148cbb2df98a35bd0c857 - - default default] 10.0.0.140 "PUT /v2.0/routers/b63bebed-0730-4d79-ac4e-80d67be28d88/add_router_interface HTTP/1.1" status: 200 len: 503 time: 3.3647118
2026-05-06 02:26:56.266 11 INFO neutron.db.ovn_revision_numbers_db [None req-3bb4cb6b-ece9-4985-9fa3-ef1b798d9cba - - - - - -] Successfully bumped revision number for resource 26b1c791-72be-4a10-88a2-ebec732295e7 (type: ports) to 2
2026-05-06 02:26:56.434 11 INFO neutron.db.ovn_revision_numbers_db [None req-3bb4cb6b-ece9-4985-9fa3-ef1b798d9cba - - - - - -] Successfully bumped revision number for resource 26b1c791-72be-4a10-88a2-ebec732295e7 (type: router_ports) to 2
2026-05-06 02:26:56.445 11 INFO neutron.db.ovn_revision_numbers_db [None req-ffb0041e-773c-4280-b7ed-e57318b88d60 09a5f2e746694bfdbab22fc27ee986a3 213cbe7d811148cbb2df98a35bd0c857 - - default default] Successfully bumped revision number for resource 26b1c791-72be-4a10-88a2-ebec732295e7 (type: router_ports) to 1
2026-05-06 02:26:56.447 11 INFO neutron.wsgi [None req-ffb0041e-773c-4280-b7ed-e57318b88d60 09a5f2e746694bfdbab22fc27ee986a3 213cbe7d811148cbb2df98a35bd0c857 - - default default] 10.0.0.140 "PUT /v2.0/routers/3f985120-bb83-46be-838e-928d5c2954ac/add_router_interface HTTP/1.1" status: 200 len: 503 time: 3.4701807
2026-05-06 02:26:56.688 10 WARNING neutron.scheduler.dhcp_agent_scheduler [None req-5131112d-c3d8-46b1-a434-36c6e244fdb1 09a5f2e746694bfdbab22fc27ee986a3 213cbe7d811148cbb2df98a35bd0c857 - - default default] No more DHCP agents
2026-05-06 02:26:56.690 10 WARNING neutron.api.rpc.agentnotifiers.dhcp_rpc_agent_api [None req-5131112d-c3d8-46b1-a434-36c6e244fdb1 09a5f2e746694bfdbab22fc27ee986a3 213cbe7d811148cbb2df98a35bd0c857 - - default default] Unable to schedule network b5d29222-b8b0-4df6-a980-d1b93cfbe470: no agents available; will retry on subsequent port and subnet creation events.
2026-05-06 02:26:56.831 10 INFO neutron.db.ovn_revision_numbers_db [None req-5131112d-c3d8-46b1-a434-36c6e244fdb1 09a5f2e746694bfdbab22fc27ee986a3 213cbe7d811148cbb2df98a35bd0c857 - - default default] Successfully bumped revision number for resource fd9b1027-a102-46a4-9fe6-345ba0e1c9bf (type: ports) to 1
2026-05-06 02:26:56.874 11 INFO neutron.db.ovn_revision_numbers_db [None req-3ce4d3b5-1627-4681-881f-896933b76255 5d491d94297e4210bb9e493d99303a3e d0de5882e53947839b91c9da72fa707f - - default default] Successfully bumped revision number for resource 4450499c-221e-46fe-b5b5-0571dd71736f (type: security_groups) to 1
2026-05-06 02:26:56.891 11 INFO neutron.db.ovn_revision_numbers_db [None req-3ce4d3b5-1627-4681-881f-896933b76255 5d491d94297e4210bb9e493d99303a3e d0de5882e53947839b91c9da72fa707f - - default default] Successfully bumped revision number for resource 49f93d9d-052f-49b3-b4e6-5318d77ac802 (type: security_group_rules) to 0
2026-05-06 02:26:56.908 11 INFO neutron.db.ovn_revision_numbers_db [None req-3ce4d3b5-1627-4681-881f-896933b76255 5d491d94297e4210bb9e493d99303a3e d0de5882e53947839b91c9da72fa707f - - default default] Successfully bumped revision number for resource ee67cf58-ddd4-4620-8b2c-f979c1dfd60b (type: security_group_rules) to 0
2026-05-06 02:26:56.935 11 INFO neutron.wsgi [None req-3ce4d3b5-1627-4681-881f-896933b76255 5d491d94297e4210bb9e493d99303a3e d0de5882e53947839b91c9da72fa707f - - default default] 10.0.0.140 "POST /v2.0/security-groups HTTP/1.1" status: 201 len: 1793 time: 0.1841607
2026-05-06 02:26:57.047 10 INFO neutron.db.ovn_revision_numbers_db [None req-23317ff1-721c-4a61-87e5-479920da1616 09a5f2e746694bfdbab22fc27ee986a3 213cbe7d811148cbb2df98a35bd0c857 - - default default] Successfully bumped revision number for resource 294a1b02-06c5-4090-be0c-6cd40d4b601f (type: security_groups) to 1
2026-05-06 02:26:57.055 11 INFO neutron.db.ovn_revision_numbers_db [None req-ea24ba4b-373c-4b5d-b1ac-28f7f8da7d66 5d491d94297e4210bb9e493d99303a3e d0de5882e53947839b91c9da72fa707f - - default default] Successfully bumped revision number for resource 5675c176-6820-452a-a682-66e65f585f27 (type: security_group_rules) to 0
2026-05-06 02:26:57.063 10 INFO neutron.db.ovn_revision_numbers_db [None req-23317ff1-721c-4a61-87e5-479920da1616 09a5f2e746694bfdbab22fc27ee986a3 213cbe7d811148cbb2df98a35bd0c857 - - default default] Successfully bumped revision number for resource a0fd500f-933e-47d1-8fd0-fc2d24ae884d (type: security_group_rules) to 0
2026-05-06 02:26:57.085 11 INFO neutron.wsgi [None req-ea24ba4b-373c-4b5d-b1ac-28f7f8da7d66 5d491d94297e4210bb9e493d99303a3e d0de5882e53947839b91c9da72fa707f - - default default] 10.0.0.140 "POST /v2.0/security-group-rules HTTP/1.1" status: 201 len: 764 time: 0.1444426
2026-05-06 02:26:57.094 10 INFO neutron.db.ovn_revision_numbers_db [None req-23317ff1-721c-4a61-87e5-479920da1616 09a5f2e746694bfdbab22fc27ee986a3 213cbe7d811148cbb2df98a35bd0c857 - - default default] Successfully bumped revision number for resource b32d57f5-9e0e-471d-94d9-180d770a4ae9 (type: security_group_rules) to 0
2026-05-06 02:26:57.113 10 INFO neutron.db.ovn_revision_numbers_db [None req-23317ff1-721c-4a61-87e5-479920da1616 09a5f2e746694bfdbab22fc27ee986a3 213cbe7d811148cbb2df98a35bd0c857 - - default default] Successfully bumped revision number for resource ec9f8679-acb8-4ff9-9250-5b890ba8d6db (type: security_group_rules) to 0
2026-05-06 02:26:57.131 10 INFO neutron.db.ovn_revision_numbers_db [None req-23317ff1-721c-4a61-87e5-479920da1616 09a5f2e746694bfdbab22fc27ee986a3 213cbe7d811148cbb2df98a35bd0c857 - - default default] Successfully bumped revision number for resource f0595887-4d92-45d8-a04d-497e7835db6d (type: security_group_rules) to 0
2026-05-06 02:26:57.160 10 INFO neutron.wsgi [None req-23317ff1-721c-4a61-87e5-479920da1616 09a5f2e746694bfdbab22fc27ee986a3 213cbe7d811148cbb2df98a35bd0c857 - - default default] 10.0.0.140 "GET /v2.0/security-groups?tenant_id=7ea7a742a90f42288c1b34f9258db061&name=default HTTP/1.1" status: 200 len: 2994 time: 0.4020607
2026-05-06 02:26:57.208 11 INFO neutron.db.ovn_revision_numbers_db [None req-b033fd5e-ecca-474f-aab1-d78d56b1e1c1 5d491d94297e4210bb9e493d99303a3e d0de5882e53947839b91c9da72fa707f - - default default] Successfully bumped revision number for resource 5875d5e9-fea5-48f9-9173-64f6ec86a3ab (type: security_group_rules) to 0
2026-05-06 02:26:57.230 11 INFO neutron.wsgi [None req-b033fd5e-ecca-474f-aab1-d78d56b1e1c1 5d491d94297e4210bb9e493d99303a3e d0de5882e53947839b91c9da72fa707f - - default default] 10.0.0.140 "POST /v2.0/security-group-rules HTTP/1.1" status: 201 len: 769 time: 0.1394858
2026-05-06 02:26:57.394 11 INFO neutron.plugins.ml2.drivers.ovn.mech_driver.ovsdb.ovsdb_monitor [-] Router c20e38ca-d380-42df-be6f-fc2f2c2ba547 is bound to host instance
2026-05-06 02:26:57.409 10 INFO neutron.wsgi [None req-f3acdc85-027b-4b90-9659-aa39ce982c11 09a5f2e746694bfdbab22fc27ee986a3 213cbe7d811148cbb2df98a35bd0c857 - - default default] 10.0.0.140 "DELETE /v2.0/security-groups/294a1b02-06c5-4090-be0c-6cd40d4b601f HTTP/1.1" status: 204 len: 168 time: 0.2400901
2026-05-06 02:26:57.409 10 INFO neutron.db.ovn_revision_numbers_db [None req-5131112d-c3d8-46b1-a434-36c6e244fdb1 09a5f2e746694bfdbab22fc27ee986a3 213cbe7d811148cbb2df98a35bd0c857 - - default default] Successfully bumped revision number for resource fd9b1027-a102-46a4-9fe6-345ba0e1c9bf (type: router_ports) to 1
2026-05-06 02:26:57.491 10 INFO neutron.db.ovn_revision_numbers_db [None req-5131112d-c3d8-46b1-a434-36c6e244fdb1 09a5f2e746694bfdbab22fc27ee986a3 213cbe7d811148cbb2df98a35bd0c857 - - default default] Successfully bumped revision number for resource c20e38ca-d380-42df-be6f-fc2f2c2ba547 (type: routers) to 2
2026-05-06 02:26:57.507 10 INFO neutron.wsgi [None req-5131112d-c3d8-46b1-a434-36c6e244fdb1 09a5f2e746694bfdbab22fc27ee986a3 213cbe7d811148cbb2df98a35bd0c857 - - default default] 10.0.0.140 "POST /v2.0/routers HTTP/1.1" status: 201 len: 884 time: 1.3472488
2026-05-06 02:26:57.675 11 INFO neutron.db.ovn_revision_numbers_db [req-d6360ccd-751f-48f7-9e4b-d4b4aa237f1e req-605f63ea-f2e6-4242-b01e-76a03dd70dd5 62afc7ee1f2e4c7180ef0bfc21a71f0c 199ab2cb37b24bb198cac2b6cb9bb0ec - - default default] Successfully bumped revision number for resource 4e8ab4bc-0e92-4ed1-83fc-30388ce10306 (type: security_groups) to 1
2026-05-06 02:26:57.711 11 INFO neutron.db.ovn_revision_numbers_db [req-d6360ccd-751f-48f7-9e4b-d4b4aa237f1e req-605f63ea-f2e6-4242-b01e-76a03dd70dd5 62afc7ee1f2e4c7180ef0bfc21a71f0c 199ab2cb37b24bb198cac2b6cb9bb0ec - - default default] Successfully bumped revision number for resource 18bda1f3-caca-41d9-a00f-82a920e8d913 (type: security_group_rules) to 0
2026-05-06 02:26:57.738 10 INFO neutron.db.ovn_revision_numbers_db [None req-ee3ec687-4416-4daf-a236-647ff0c4be28 09a5f2e746694bfdbab22fc27ee986a3 213cbe7d811148cbb2df98a35bd0c857 - - default default] Successfully bumped revision number for resource 8eaa29d5-4b06-4db8-ab4b-62de06e092f3 (type: security_groups) to 1
2026-05-06 02:26:57.746 11 INFO neutron.db.ovn_revision_numbers_db [req-d6360ccd-751f-48f7-9e4b-d4b4aa237f1e req-605f63ea-f2e6-4242-b01e-76a03dd70dd5 62afc7ee1f2e4c7180ef0bfc21a71f0c 199ab2cb37b24bb198cac2b6cb9bb0ec - - default default] Successfully bumped revision number for resource ee2f0823-900b-4a91-8fa8-cbd3dc574cd7 (type: security_group_rules) to 0
2026-05-06 02:26:57.766 10 INFO neutron.db.ovn_revision_numbers_db [None req-ee3ec687-4416-4daf-a236-647ff0c4be28 09a5f2e746694bfdbab22fc27ee986a3 213cbe7d811148cbb2df98a35bd0c857 - - default default] Successfully bumped revision number for resource 01f4fc52-210b-4d60-abc9-3190acf9fc1a (type: security_group_rules) to 0
2026-05-06 02:26:57.768 11 WARNING neutron.scheduler.dhcp_agent_scheduler [None req-929fb1fa-e8c5-4018-82bf-4cd6a8637d25 5d491d94297e4210bb9e493d99303a3e d0de5882e53947839b91c9da72fa707f - - default default] No more DHCP agents
2026-05-06 02:26:57.775 11 INFO neutron.wsgi [req-d6360ccd-751f-48f7-9e4b-d4b4aa237f1e req-605f63ea-f2e6-4242-b01e-76a03dd70dd5 62afc7ee1f2e4c7180ef0bfc21a71f0c 199ab2cb37b24bb198cac2b6cb9bb0ec - - default default] 10.0.0.47 "POST /v2.0/security-groups HTTP/1.1" status: 201 len: 1827 time: 0.4949317
2026-05-06 02:26:57.778 11 WARNING neutron.api.rpc.agentnotifiers.dhcp_rpc_agent_api [None req-929fb1fa-e8c5-4018-82bf-4cd6a8637d25 5d491d94297e4210bb9e493d99303a3e d0de5882e53947839b91c9da72fa707f - - default default] Unable to schedule network b5d29222-b8b0-4df6-a980-d1b93cfbe470: no agents available; will retry on subsequent port and subnet creation events.
2026-05-06 02:26:57.794 10 INFO neutron.db.ovn_revision_numbers_db [None req-ee3ec687-4416-4daf-a236-647ff0c4be28 09a5f2e746694bfdbab22fc27ee986a3 213cbe7d811148cbb2df98a35bd0c857 - - default default] Successfully bumped revision number for resource 09839f8f-3f31-4a8b-9c45-e412770cdf64 (type: security_group_rules) to 0
2026-05-06 02:26:57.813 10 INFO neutron.db.ovn_revision_numbers_db [None req-ee3ec687-4416-4daf-a236-647ff0c4be28 09a5f2e746694bfdbab22fc27ee986a3 213cbe7d811148cbb2df98a35bd0c857 - - default default] Successfully bumped revision number for resource 37b82d10-80f2-4d3f-b497-a02c0aaf0a47 (type: security_group_rules) to 0
2026-05-06 02:26:57.835 10 INFO neutron.db.ovn_revision_numbers_db [None req-ee3ec687-4416-4daf-a236-647ff0c4be28 09a5f2e746694bfdbab22fc27ee986a3 213cbe7d811148cbb2df98a35bd0c857 - - default default] Successfully bumped revision number for resource c38035ed-b92b-4b1c-8455-492ffe4e0ace (type: security_group_rules) to 0
2026-05-06 02:26:57.865 10 INFO neutron.wsgi [None req-ee3ec687-4416-4daf-a236-647ff0c4be28 09a5f2e746694bfdbab22fc27ee986a3 213cbe7d811148cbb2df98a35bd0c857 - - default default] 10.0.0.140 "GET /v2.0/security-groups?tenant_id=889d8533d14f4c1caac99c31990f8c7f&name=default HTTP/1.1" status: 200 len: 2996 time: 0.3468659
2026-05-06 02:26:58.001 10 WARNING neutron.scheduler.dhcp_agent_scheduler [None req-f888b29c-c2f4-4965-ac51-a1e23c5a6961 09a5f2e746694bfdbab22fc27ee986a3 213cbe7d811148cbb2df98a35bd0c857 - - default default] No more DHCP agents
2026-05-06 02:26:58.003 10 WARNING neutron.api.rpc.agentnotifiers.dhcp_rpc_agent_api [None req-f888b29c-c2f4-4965-ac51-a1e23c5a6961 09a5f2e746694bfdbab22fc27ee986a3 213cbe7d811148cbb2df98a35bd0c857 - - default default] Unable to schedule network d1bfe17a-6b63-4056-955f-660e93fbc29f: no agents available; will retry on subsequent port and subnet creation events.
2026-05-06 02:26:58.126 10 INFO neutron.db.ovn_revision_numbers_db [None req-f888b29c-c2f4-4965-ac51-a1e23c5a6961 09a5f2e746694bfdbab22fc27ee986a3 213cbe7d811148cbb2df98a35bd0c857 - - default default] Successfully bumped revision number for resource c8abd089-d82f-4603-949c-2b131907a201 (type: ports) to 1
2026-05-06 02:26:58.211 11 INFO neutron.db.ovn_revision_numbers_db [None req-929fb1fa-e8c5-4018-82bf-4cd6a8637d25 5d491d94297e4210bb9e493d99303a3e d0de5882e53947839b91c9da72fa707f - - default default] Successfully bumped revision number for resource 1bdf4f4b-f17d-4783-843a-98f79fb10ea7 (type: floatingips) to 0
2026-05-06 02:26:58.240 11 INFO neutron.wsgi [None req-929fb1fa-e8c5-4018-82bf-4cd6a8637d25 5d491d94297e4210bb9e493d99303a3e d0de5882e53947839b91c9da72fa707f - - default default] 10.0.0.140 "POST /v2.0/floatingips HTTP/1.1" status: 201 len: 751 time: 1.0036135
2026-05-06 02:26:58.275 11 INFO neutron.wsgi [None req-bde70f7d-66e9-4ea1-84e7-dbc026bdbb82 09a5f2e746694bfdbab22fc27ee986a3 213cbe7d811148cbb2df98a35bd0c857 - - default default] 10.0.0.140 "DELETE /v2.0/security-groups/8eaa29d5-4b06-4db8-ab4b-62de06e092f3 HTTP/1.1" status: 204 len: 168 time: 0.4030585
2026-05-06 02:26:58.287 11 INFO neutron.db.ovn_revision_numbers_db [None req-c3300174-91eb-4d40-9c8c-e56908912e61 - - - - - -] Successfully bumped revision number for resource fd9b1027-a102-46a4-9fe6-345ba0e1c9bf (type: ports) to 1
2026-05-06 02:26:58.348 11 INFO neutron.wsgi [req-ca881f7a-f742-4df5-b5c9-19401e453423 req-15be6521-6769-4810-847a-4d28ff167ae7 62afc7ee1f2e4c7180ef0bfc21a71f0c 199ab2cb37b24bb198cac2b6cb9bb0ec - - default default] 10.0.0.47 "GET /v2.0/security-groups/4e8ab4bc-0e92-4ed1-83fc-30388ce10306 HTTP/1.1" status: 200 len: 1822 time: 0.1423700
2026-05-06 02:26:58.582 10 INFO neutron.db.ovn_revision_numbers_db [None req-f888b29c-c2f4-4965-ac51-a1e23c5a6961 09a5f2e746694bfdbab22fc27ee986a3 213cbe7d811148cbb2df98a35bd0c857 - - default default] Successfully bumped revision number for resource c8abd089-d82f-4603-949c-2b131907a201 (type: router_ports) to 1
2026-05-06 02:26:58.626 11 INFO neutron.db.ovn_revision_numbers_db [req-ca881f7a-f742-4df5-b5c9-19401e453423 req-846071c7-ecfb-427c-9b2f-26e4b11996e7 62afc7ee1f2e4c7180ef0bfc21a71f0c 199ab2cb37b24bb198cac2b6cb9bb0ec - - default default] Successfully bumped revision number for resource 3e299c46-0e0f-4def-9087-12d0f9d620bb (type: security_group_rules) to 0
2026-05-06 02:26:58.661 11 INFO neutron.wsgi [req-ca881f7a-f742-4df5-b5c9-19401e453423 req-846071c7-ecfb-427c-9b2f-26e4b11996e7 62afc7ee1f2e4c7180ef0bfc21a71f0c 199ab2cb37b24bb198cac2b6cb9bb0ec - - default default] 10.0.0.47 "POST /v2.0/security-group-rules HTTP/1.1" status: 201 len: 786 time: 0.3052959
2026-05-06 02:26:58.701 11 INFO neutron.db.ovn_revision_numbers_db [None req-c3300174-91eb-4d40-9c8c-e56908912e61 - - - - - -] Successfully bumped revision number for resource fd9b1027-a102-46a4-9fe6-345ba0e1c9bf (type: router_ports) to 3
2026-05-06 02:26:58.728 10 INFO neutron.db.ovn_revision_numbers_db [None req-f888b29c-c2f4-4965-ac51-a1e23c5a6961 09a5f2e746694bfdbab22fc27ee986a3 213cbe7d811148cbb2df98a35bd0c857 - - default default] Successfully bumped revision number for resource c8abd089-d82f-4603-949c-2b131907a201 (type: ports) to 1
2026-05-06 02:26:58.769 11 INFO neutron.wsgi [req-bb5b2042-15f0-462b-88d2-c737a4e80e2b req-ab73b4cf-9cc7-42e4-a12e-c738956da765 5d491d94297e4210bb9e493d99303a3e d0de5882e53947839b91c9da72fa707f - - default default] 10.0.0.47 "GET /v2.0/security-groups?name=tempest-securitygroup--235279697&fields=id&tenant_id=d0de5882e53947839b91c9da72fa707f HTTP/1.1" status: 200 len: 267 time: 0.0580194
2026-05-06 02:26:58.807 10 WARNING neutron.scheduler.dhcp_agent_scheduler [None req-f888b29c-c2f4-4965-ac51-a1e23c5a6961 09a5f2e746694bfdbab22fc27ee986a3 213cbe7d811148cbb2df98a35bd0c857 - - default default] No more DHCP agents
2026-05-06 02:26:58.808 10 WARNING neutron.api.rpc.agentnotifiers.dhcp_rpc_agent_api [None req-f888b29c-c2f4-4965-ac51-a1e23c5a6961 09a5f2e746694bfdbab22fc27ee986a3 213cbe7d811148cbb2df98a35bd0c857 - - default default] Unable to schedule network d1bfe17a-6b63-4056-955f-660e93fbc29f: no agents available; will retry on subsequent port and subnet creation events.
2026-05-06 02:26:58.908 11 INFO neutron.wsgi [req-bb5b2042-15f0-462b-88d2-c737a4e80e2b req-1e8be4ae-f092-4515-97b2-95ea651b6522 5d491d94297e4210bb9e493d99303a3e d0de5882e53947839b91c9da72fa707f - - default default] 10.0.0.47 "GET /v2.0/networks?id=fd0c681e-e7c8-47d5-b3fb-d34a7748609b HTTP/1.1" status: 200 len: 868 time: 0.1287243
2026-05-06 02:26:58.911 11 INFO neutron.db.ovn_revision_numbers_db [req-27887eb9-bf22-4f7f-ae35-5530b54af89b req-6abbd00a-e53d-4d77-930a-ae7288425dc8 62afc7ee1f2e4c7180ef0bfc21a71f0c 199ab2cb37b24bb198cac2b6cb9bb0ec - - default default] Successfully bumped revision number for resource 8cf1706f-5a9d-4426-9271-f5047c138651 (type: security_groups) to 1
2026-05-06 02:26:58.928 11 INFO neutron.wsgi [req-bb5b2042-15f0-462b-88d2-c737a4e80e2b req-51a22473-2e90-4d38-8c7b-40b94f4e3008 5d491d94297e4210bb9e493d99303a3e d0de5882e53947839b91c9da72fa707f - - default default] 10.0.0.47 "GET /v2.0/quotas/d0de5882e53947839b91c9da72fa707f HTTP/1.1" status: 200 len: 386 time: 0.0118737
2026-05-06 02:26:58.928 11 INFO neutron.db.ovn_revision_numbers_db [req-27887eb9-bf22-4f7f-ae35-5530b54af89b req-6abbd00a-e53d-4d77-930a-ae7288425dc8 62afc7ee1f2e4c7180ef0bfc21a71f0c 199ab2cb37b24bb198cac2b6cb9bb0ec - - default default] Successfully bumped revision number for resource 80a64e09-9f7e-41f3-822c-51a37c5372b9 (type: security_group_rules) to 0
2026-05-06 02:26:58.930 11 INFO neutron.db.ovn_revision_numbers_db [None req-c3300174-91eb-4d40-9c8c-e56908912e61 - - - - - -] Successfully bumped revision number for resource fd9b1027-a102-46a4-9fe6-345ba0e1c9bf (type: ports) to 2
2026-05-06 02:26:58.973 11 INFO neutron.db.ovn_revision_numbers_db [req-27887eb9-bf22-4f7f-ae35-5530b54af89b req-6abbd00a-e53d-4d77-930a-ae7288425dc8 62afc7ee1f2e4c7180ef0bfc21a71f0c 199ab2cb37b24bb198cac2b6cb9bb0ec - - default default] Successfully bumped revision number for resource c889c3d6-0ee4-45eb-8019-1868adb10192 (type: security_group_rules) to 0
2026-05-06 02:26:58.992 11 INFO neutron.wsgi [req-27887eb9-bf22-4f7f-ae35-5530b54af89b req-6abbd00a-e53d-4d77-930a-ae7288425dc8 62afc7ee1f2e4c7180ef0bfc21a71f0c 199ab2cb37b24bb198cac2b6cb9bb0ec - - default default] 10.0.0.47 "POST /v2.0/security-groups HTTP/1.1" status: 201 len: 1827 time: 0.2996836
2026-05-06 02:26:59.061 11 INFO neutron.wsgi [req-b532c998-269e-4f25-8e2b-97481eb819da req-093e3e89-cffc-45c2-9f9a-bb8678806d25 62afc7ee1f2e4c7180ef0bfc21a71f0c 199ab2cb37b24bb198cac2b6cb9bb0ec - - default default] 10.0.0.47 "GET /v2.0/security-groups/8cf1706f-5a9d-4426-9271-f5047c138651 HTTP/1.1" status: 200 len: 1822 time: 0.0439172
2026-05-06 02:26:59.070 11 INFO neutron.wsgi [req-bb5b2042-15f0-462b-88d2-c737a4e80e2b req-6365641d-de67-4f1b-bc4e-bad94b2c4b08 5d491d94297e4210bb9e493d99303a3e d0de5882e53947839b91c9da72fa707f - - default default] 10.0.0.47 "GET /v2.0/ports?tenant_id=d0de5882e53947839b91c9da72fa707f&fields=id HTTP/1.1" status: 200 len: 302 time: 0.1374259
2026-05-06 02:26:59.224 11 INFO neutron.db.ovn_revision_numbers_db [req-b532c998-269e-4f25-8e2b-97481eb819da req-2004fad1-cef0-436e-8c93-0ca8ba7a6bd1 62afc7ee1f2e4c7180ef0bfc21a71f0c 199ab2cb37b24bb198cac2b6cb9bb0ec - - default default] Successfully bumped revision number for resource fcf07c29-41ab-4e05-847f-b90137a45e57 (type: security_group_rules) to 0
2026-05-06 02:26:59.252 11 INFO neutron.wsgi [req-b532c998-269e-4f25-8e2b-97481eb819da req-2004fad1-cef0-436e-8c93-0ca8ba7a6bd1 62afc7ee1f2e4c7180ef0bfc21a71f0c 199ab2cb37b24bb198cac2b6cb9bb0ec - - default default] 10.0.0.47 "POST /v2.0/security-group-rules HTTP/1.1" status: 201 len: 786 time: 0.1792216
2026-05-06 02:26:59.266 11 INFO neutron.db.ovn_revision_numbers_db [None req-c3300174-91eb-4d40-9c8c-e56908912e61 - - - - - -] Successfully bumped revision number for resource fd9b1027-a102-46a4-9fe6-345ba0e1c9bf (type: ports) to 4
2026-05-06 02:26:59.335 11 INFO neutron.wsgi [req-7d7b0a1d-7dcb-4329-b451-75bf542858c1 req-f36a588f-53d9-479d-88b6-14829e514e49 62afc7ee1f2e4c7180ef0bfc21a71f0c 199ab2cb37b24bb198cac2b6cb9bb0ec - - default default] 10.0.0.47 "GET /v2.0/security-groups/8cf1706f-5a9d-4426-9271-f5047c138651 HTTP/1.1" status: 200 len: 2415 time: 0.0429692
2026-05-06 02:26:59.518 11 INFO neutron.db.ovn_revision_numbers_db [req-7d7b0a1d-7dcb-4329-b451-75bf542858c1 req-9a252466-6ff3-43a4-b4d7-80369d26247b 62afc7ee1f2e4c7180ef0bfc21a71f0c 199ab2cb37b24bb198cac2b6cb9bb0ec - - default default] Successfully bumped revision number for resource 09e54949-be9a-43f4-ae80-d19fffdf1aec (type: security_group_rules) to 0
2026-05-06 02:26:59.542 11 INFO neutron.db.ovn_revision_numbers_db [None req-c3300174-91eb-4d40-9c8c-e56908912e61 - - - - - -] Successfully bumped revision number for resource fd9b1027-a102-46a4-9fe6-345ba0e1c9bf (type: router_ports) to 4
2026-05-06 02:26:59.547 11 INFO neutron.wsgi [req-7d7b0a1d-7dcb-4329-b451-75bf542858c1 req-9a252466-6ff3-43a4-b4d7-80369d26247b 62afc7ee1f2e4c7180ef0bfc21a71f0c 199ab2cb37b24bb198cac2b6cb9bb0ec - - default default] 10.0.0.47 "POST /v2.0/security-group-rules HTTP/1.1" status: 201 len: 791 time: 0.2019844
2026-05-06 02:26:59.557 11 INFO neutron.wsgi [req-bb5b2042-15f0-462b-88d2-c737a4e80e2b req-d5bebfcd-55f4-467a-88a8-d9a076980c0a 059dd4792f9840a7996c913ad60288fa 9e1e1488ce14464e884f47ea96c05141 - - b55d5f6f0ff1483bb3a71a1c3ca2fa88 b55d5f6f0ff1483bb3a71a1c3ca2fa88] 10.0.0.47 "GET /v2.0/extensions HTTP/1.1" status: 200 len: 16525 time: 0.1041572
2026-05-06 02:26:59.599 10 INFO neutron.db.ovn_revision_numbers_db [None req-f888b29c-c2f4-4965-ac51-a1e23c5a6961 09a5f2e746694bfdbab22fc27ee986a3 213cbe7d811148cbb2df98a35bd0c857 - - default default] Successfully bumped revision number for resource c8abd089-d82f-4603-949c-2b131907a201 (type: router_ports) to 1
2026-05-06 02:26:59.602 10 INFO neutron.wsgi [None req-f888b29c-c2f4-4965-ac51-a1e23c5a6961 09a5f2e746694bfdbab22fc27ee986a3 213cbe7d811148cbb2df98a35bd0c857 - - default default] 10.0.0.140 "PUT /v2.0/routers/c20e38ca-d380-42df-be6f-fc2f2c2ba547/add_router_interface HTTP/1.1" status: 200 len: 503 time: 2.0890279
2026-05-06 02:26:59.713 11 INFO neutron.wsgi [req-54c96aa0-6df7-413c-99b4-ffd801381244 req-9de23ba4-9610-4bc2-aed7-9b80dd7606b3 62afc7ee1f2e4c7180ef0bfc21a71f0c 199ab2cb37b24bb198cac2b6cb9bb0ec - - default default] 10.0.0.47 "GET /v2.0/security-groups/8cf1706f-5a9d-4426-9271-f5047c138651 HTTP/1.1" status: 200 len: 3013 time: 0.1415238
2026-05-06 02:26:59.726 11 INFO neutron.wsgi [req-bb5b2042-15f0-462b-88d2-c737a4e80e2b req-286d9be1-e4ed-4de2-a3d6-88fa7290b64d 059dd4792f9840a7996c913ad60288fa 9e1e1488ce14464e884f47ea96c05141 - - b55d5f6f0ff1483bb3a71a1c3ca2fa88 b55d5f6f0ff1483bb3a71a1c3ca2fa88] 10.0.0.47 "GET /v2.0/networks/fd0c681e-e7c8-47d5-b3fb-d34a7748609b?fields=segments HTTP/1.1" status: 200 len: 212 time: 0.1601515
2026-05-06 02:26:59.767 11 INFO neutron.wsgi [req-da807f96-a774-48c6-ab3a-a161ad1ace2d req-5f484165-cb19-44f8-b458-c29602b25f5b 62afc7ee1f2e4c7180ef0bfc21a71f0c 199ab2cb37b24bb198cac2b6cb9bb0ec - - default default] 10.0.0.47 "GET /v2.0/security-group-rules/09e54949-be9a-43f4-ae80-d19fffdf1aec HTTP/1.1" status: 200 len: 783 time: 0.0287507
2026-05-06 02:26:59.803 11 INFO neutron.wsgi [req-bb5b2042-15f0-462b-88d2-c737a4e80e2b req-ffd52a7c-4f64-4861-9ba6-4c9a01980477 059dd4792f9840a7996c913ad60288fa 9e1e1488ce14464e884f47ea96c05141 - - b55d5f6f0ff1483bb3a71a1c3ca2fa88 b55d5f6f0ff1483bb3a71a1c3ca2fa88] 10.0.0.47 "GET /v2.0/networks/fd0c681e-e7c8-47d5-b3fb-d34a7748609b?fields=provider%3Aphysical_network&fields=provider%3Anetwork_type HTTP/1.1" status: 200 len: 277 time: 0.0711257
2026-05-06 02:26:59.811 11 INFO neutron.wsgi [req-da807f96-a774-48c6-ab3a-a161ad1ace2d req-994d6409-e5db-4d43-bad3-11e986f2f779 62afc7ee1f2e4c7180ef0bfc21a71f0c 199ab2cb37b24bb198cac2b6cb9bb0ec - - default default] 10.0.0.47 "GET /v2.0/security-groups/8cf1706f-5a9d-4426-9271-f5047c138651 HTTP/1.1" status: 200 len: 3013 time: 0.0369873
2026-05-06 02:26:59.975 11 INFO neutron.wsgi [req-da807f96-a774-48c6-ab3a-a161ad1ace2d req-6592f13d-8f69-4e6b-8b66-3e534265fb40 62afc7ee1f2e4c7180ef0bfc21a71f0c 199ab2cb37b24bb198cac2b6cb9bb0ec - - default default] 10.0.0.47 "DELETE /v2.0/security-group-rules/09e54949-be9a-43f4-ae80-d19fffdf1aec HTTP/1.1" status: 204 len: 173 time: 0.1575646
2026-05-06 02:27:00.055 11 INFO neutron.wsgi [req-06ed59d1-ae81-4e43-9ead-e68e2cc51a77 req-85cbb47d-9c66-4e13-922c-24b88f12b430 62afc7ee1f2e4c7180ef0bfc21a71f0c 199ab2cb37b24bb198cac2b6cb9bb0ec - - default default] 10.0.0.47 "GET /v2.0/security-groups/8cf1706f-5a9d-4426-9271-f5047c138651 HTTP/1.1" status: 200 len: 2415 time: 0.0592885
2026-05-06 02:27:00.058 11 INFO neutron.wsgi [req-da2ed2ae-6566-4820-96e5-53c84afb3cfb req-b89b1265-e884-4c2b-9966-adbdcfe29cf3 5d491d94297e4210bb9e493d99303a3e d0de5882e53947839b91c9da72fa707f - - default default] 10.0.0.47 "GET /v2.0/ports?device_id=bf3d72f3-97ab-4c19-a6b7-3dc3b231a35f HTTP/1.1" status: 200 len: 210 time: 0.0385001
2026-05-06 02:27:00.190 11 INFO neutron.wsgi [req-06ed59d1-ae81-4e43-9ead-e68e2cc51a77 req-9e1fc8f8-1e48-4f96-8af2-eeb432aef662 62afc7ee1f2e4c7180ef0bfc21a71f0c 199ab2cb37b24bb198cac2b6cb9bb0ec - - default default] 10.0.0.47 "DELETE /v2.0/security-groups/8cf1706f-5a9d-4426-9271-f5047c138651 HTTP/1.1" status: 204 len: 173 time: 0.1259370
2026-05-06 02:27:00.241 11 INFO neutron.wsgi [req-6a2ea34a-3bb8-42de-b4cc-f579c5ae3236 req-ec7acd28-21f0-4f7c-a147-a22cbfeca8a6 62afc7ee1f2e4c7180ef0bfc21a71f0c 199ab2cb37b24bb198cac2b6cb9bb0ec - - default default] 10.0.0.47 "GET /v2.0/security-groups/4e8ab4bc-0e92-4ed1-83fc-30388ce10306 HTTP/1.1" status: 200 len: 2415 time: 0.0316026
2026-05-06 02:27:00.374 11 INFO neutron.wsgi [req-6a2ea34a-3bb8-42de-b4cc-f579c5ae3236 req-245a1159-ec42-492f-a3e4-09a586869809 62afc7ee1f2e4c7180ef0bfc21a71f0c 199ab2cb37b24bb198cac2b6cb9bb0ec - - default default] 10.0.0.47 "DELETE /v2.0/security-groups/4e8ab4bc-0e92-4ed1-83fc-30388ce10306 HTTP/1.1" status: 204 len: 173 time: 0.1249444
2026-05-06 02:27:00.478 10 INFO neutron.db.ovn_revision_numbers_db [None req-439861e2-d2a6-47bb-b348-03c062992926 aa059eb2cf364ae9acbb676231ff029b 06adb6e380684160b8a203c959c87b16 - - default default] Successfully bumped revision number for resource 40b06901-c8e3-4c14-a15f-1628a1a0cd78 (type: security_groups) to 1
2026-05-06 02:27:00.496 10 INFO neutron.db.ovn_revision_numbers_db [None req-439861e2-d2a6-47bb-b348-03c062992926 aa059eb2cf364ae9acbb676231ff029b 06adb6e380684160b8a203c959c87b16 - - default default] Successfully bumped revision number for resource 5a598020-a94e-4132-9fc2-6db309eee655 (type: security_group_rules) to 0
2026-05-06 02:27:00.511 10 INFO neutron.db.ovn_revision_numbers_db [None req-439861e2-d2a6-47bb-b348-03c062992926 aa059eb2cf364ae9acbb676231ff029b 06adb6e380684160b8a203c959c87b16 - - default default] Successfully bumped revision number for resource 70222424-4613-4fdd-8a38-762f85d5c016 (type: security_group_rules) to 0
2026-05-06 02:27:00.538 10 INFO neutron.wsgi [None req-439861e2-d2a6-47bb-b348-03c062992926 aa059eb2cf364ae9acbb676231ff029b 06adb6e380684160b8a203c959c87b16 - - default default] 10.0.0.140 "POST /v2.0/security-groups HTTP/1.1" status: 201 len: 1796 time: 0.2026629
2026-05-06 02:27:00.595 10 INFO neutron.wsgi [None req-38547732-dd02-47aa-b87a-45b594e7a92a 09a5f2e746694bfdbab22fc27ee986a3 213cbe7d811148cbb2df98a35bd0c857 - - default default] 10.0.0.207 "GET /v2.0/subnets HTTP/1.1" status: 200 len: 3412 time: 0.1667180
2026-05-06 02:27:00.633 10 INFO neutron.wsgi [None req-3acd204c-b60a-4bd7-8a31-b65a56306992 09a5f2e746694bfdbab22fc27ee986a3 213cbe7d811148cbb2df98a35bd0c857 - - default default] 10.0.0.207 "GET /v2.0/floatingips HTTP/1.1" status: 200 len: 730 time: 0.0352814
2026-05-06 02:27:00.714 10 WARNING neutron.plugins.ml2.drivers.ovn.mech_driver.ovsdb.ovn_client [None req-f8b393ac-a4c8-43d2-9ab8-dd3cbc701aa1 - - - - - -] No hosting information found for port 14463488-ffdd-402d-a4fc-f1a9eafe608e: RuntimeError: No hosting information found for port 14463488-ffdd-402d-a4fc-f1a9eafe608e
2026-05-06 02:27:00.714 10 INFO neutron.plugins.ml2.drivers.ovn.mech_driver.mech_driver [None req-f8b393ac-a4c8-43d2-9ab8-dd3cbc701aa1 - - - - - -] OVN reports status up for port: fd9b1027-a102-46a4-9fe6-345ba0e1c9bf
2026-05-06 02:27:00.738 10 INFO neutron.plugins.ml2.plugin [None req-f8b393ac-a4c8-43d2-9ab8-dd3cbc701aa1 - - - - - -] Attempt 1 to provision port fd9b1027-a102-46a4-9fe6-345ba0e1c9bf
2026-05-06 02:27:00.761 10 INFO neutron.wsgi [None req-4e8ef5e2-9748-4e4e-a604-957683266b82 09a5f2e746694bfdbab22fc27ee986a3 213cbe7d811148cbb2df98a35bd0c857 - - default default] 10.0.0.207 "GET /v2.0/routers HTTP/1.1" status: 200 len: 2215 time: 0.1245644
2026-05-06 02:27:00.780 10 INFO neutron.wsgi [None req-3dda8f04-bb7f-4efe-bbb8-d3c2cc429a14 09a5f2e746694bfdbab22fc27ee986a3 213cbe7d811148cbb2df98a35bd0c857 - - default default] 10.0.0.207 "GET /v2.0/agents?binary=ovn-controller HTTP/1.1" status: 200 len: 591 time: 0.0157897
2026-05-06 02:27:00.796 10 INFO neutron.wsgi [None req-aa469a51-2096-41f7-8e22-ded86d3961c2 09a5f2e746694bfdbab22fc27ee986a3 213cbe7d811148cbb2df98a35bd0c857 - - default default] 10.0.0.207 "GET /v2.0/agents HTTP/1.1" status: 200 len: 997 time: 0.0132635
2026-05-06 02:27:00.840 10 INFO neutron.wsgi [None req-80d7252b-1ad1-4c50-bb61-e92e357d3e5f 09a5f2e746694bfdbab22fc27ee986a3 213cbe7d811148cbb2df98a35bd0c857 - - default default] 10.0.0.207 "GET /v2.0/subnets HTTP/1.1" status: 200 len: 3412 time: 0.0416021
2026-05-06 02:27:00.840 10 INFO neutron.db.ovn_revision_numbers_db [None req-9bb1ed88-713a-4791-97ec-96dbaedbb4f9 aa059eb2cf364ae9acbb676231ff029b 06adb6e380684160b8a203c959c87b16 - - default default] Successfully bumped revision number for resource 9445dde8-3359-4b04-9bbb-b39d646140e8 (type: security_group_rules) to 0
2026-05-06 02:27:00.861 10 INFO neutron.wsgi [None req-4d12150c-7d13-4bed-ac26-4647566d1251 09a5f2e746694bfdbab22fc27ee986a3 213cbe7d811148cbb2df98a35bd0c857 - - default default] 10.0.0.207 "GET /v2.0/subnetpools HTTP/1.1" status: 200 len: 193 time: 0.0178707
2026-05-06 02:27:00.887 10 INFO neutron.wsgi [None req-aa7c86e2-bb7c-4cc5-89ff-e0ba3defd951 09a5f2e746694bfdbab22fc27ee986a3 213cbe7d811148cbb2df98a35bd0c857 - - default default] 10.0.0.207 "GET /v2.0/network-ip-availabilities HTTP/1.1" status: 200 len: 2722 time: 0.0172701
2026-05-06 02:27:00.894 10 INFO neutron.plugins.ml2.drivers.ovn.mech_driver.mech_driver [None req-f8b393ac-a4c8-43d2-9ab8-dd3cbc701aa1 - - - - - -] OVN reports status up for port: c8abd089-d82f-4603-949c-2b131907a201
2026-05-06 02:27:00.897 10 INFO neutron.wsgi [None req-9bb1ed88-713a-4791-97ec-96dbaedbb4f9 aa059eb2cf364ae9acbb676231ff029b 06adb6e380684160b8a203c959c87b16 - - default default] 10.0.0.140 "POST /v2.0/security-group-rules HTTP/1.1" status: 201 len: 764 time: 0.3541043
2026-05-06 02:27:00.915 10 INFO neutron.plugins.ml2.plugin [None req-f8b393ac-a4c8-43d2-9ab8-dd3cbc701aa1 - - - - - -] Attempt 1 to provision port c8abd089-d82f-4603-949c-2b131907a201
2026-05-06 02:27:00.940 10 INFO neutron.wsgi [None req-6fda2b73-cb9e-44a1-830d-e45dd6a3fc1e 09a5f2e746694bfdbab22fc27ee986a3 213cbe7d811148cbb2df98a35bd0c857 - - default default] 10.0.0.207 "GET /v2.0/ports HTTP/1.1" status: 200 len: 14964 time: 0.0515358
2026-05-06 02:27:00.943 11 WARNING neutron.plugins.ml2.drivers.ovn.mech_driver.ovsdb.ovn_client [None req-3bb4cb6b-ece9-4985-9fa3-ef1b798d9cba - - - - - -] No port found with ID 26b1c791-72be-4a10-88a2-ebec732295e7: RuntimeError: No port found with ID 26b1c791-72be-4a10-88a2-ebec732295e7
2026-05-06 02:27:01.027 10 INFO neutron.wsgi [None req-004da362-6f18-4fa2-ae48-7141110fbef7 09a5f2e746694bfdbab22fc27ee986a3 213cbe7d811148cbb2df98a35bd0c857 - - default default] 10.0.0.207 "GET /v2.0/networks HTTP/1.1" status: 200 len: 4636 time: 0.0711725
2026-05-06 02:27:01.112 11 INFO neutron.db.ovn_revision_numbers_db [None req-7c9ed4d6-8a61-4aef-866e-eaaef1a8c05e aa059eb2cf364ae9acbb676231ff029b 06adb6e380684160b8a203c959c87b16 - - default default] Successfully bumped revision number for resource bf315417-ee4e-4831-8693-10f2fb6fa951 (type: security_group_rules) to 0
2026-05-06 02:27:01.151 11 INFO neutron.wsgi [None req-7c9ed4d6-8a61-4aef-866e-eaaef1a8c05e aa059eb2cf364ae9acbb676231ff029b 06adb6e380684160b8a203c959c87b16 - - default default] 10.0.0.140 "POST /v2.0/security-group-rules HTTP/1.1" status: 201 len: 769 time: 0.2456996
2026-05-06 02:27:01.247 10 INFO neutron.wsgi [None req-77431f7a-ad99-46c6-adbd-f8b1423fc1ae 09a5f2e746694bfdbab22fc27ee986a3 213cbe7d811148cbb2df98a35bd0c857 - - default default] 10.0.0.207 "GET /v2.0/security-groups HTTP/1.1" status: 200 len: 30610 time: 0.2183619
2026-05-06 02:27:01.379 11 INFO neutron.wsgi [req-2f71d2af-27bf-4704-a076-07bc9f71a2f4 req-79f2c76a-b2e6-4ff2-89da-d59857a7158f 5d491d94297e4210bb9e493d99303a3e d0de5882e53947839b91c9da72fa707f - - default default] 10.0.0.47 "GET /v2.0/ports?device_id=bf3d72f3-97ab-4c19-a6b7-3dc3b231a35f HTTP/1.1" status: 200 len: 210 time: 0.0272141
2026-05-06 02:27:01.384 10 INFO neutron.db.ovn_revision_numbers_db [None req-f8b393ac-a4c8-43d2-9ab8-dd3cbc701aa1 - - - - - -] Successfully bumped revision number for resource c8abd089-d82f-4603-949c-2b131907a201 (type: ports) to 2
2026-05-06 02:27:01.509 10 INFO neutron.db.ovn_revision_numbers_db [None req-f8b393ac-a4c8-43d2-9ab8-dd3cbc701aa1 - - - - - -] Successfully bumped revision number for resource c8abd089-d82f-4603-949c-2b131907a201 (type: router_ports) to 2
2026-05-06 02:27:01.626 11 WARNING neutron.scheduler.dhcp_agent_scheduler [None req-7d00a069-fbc4-4d92-ad5a-3ced0d8534a3 aa059eb2cf364ae9acbb676231ff029b 06adb6e380684160b8a203c959c87b16 - - default default] No more DHCP agents
2026-05-06 02:27:01.629 11 WARNING neutron.api.rpc.agentnotifiers.dhcp_rpc_agent_api [None req-7d00a069-fbc4-4d92-ad5a-3ced0d8534a3 aa059eb2cf364ae9acbb676231ff029b 06adb6e380684160b8a203c959c87b16 - - default default] Unable to schedule network b5d29222-b8b0-4df6-a980-d1b93cfbe470: no agents available; will retry on subsequent port and subnet creation events.
2026-05-06 02:27:01.774 10 INFO neutron.wsgi [req-bb5b2042-15f0-462b-88d2-c737a4e80e2b req-34bce81b-2a95-4e7e-bd93-1f095f3265b9 5d491d94297e4210bb9e493d99303a3e d0de5882e53947839b91c9da72fa707f - - default default] 199.19.213.147 "GET /v2.0/networks?id=fd0c681e-e7c8-47d5-b3fb-d34a7748609b HTTP/1.1" status: 200 len: 868 time: 0.1874518
2026-05-06 02:27:01.821 11 INFO neutron.wsgi [None req-909004a9-94b5-4661-a0a5-38b87e582476 09a5f2e746694bfdbab22fc27ee986a3 213cbe7d811148cbb2df98a35bd0c857 - - default default] 10.0.0.140 "PUT /v2.0/routers/3f985120-bb83-46be-838e-928d5c2954ac/remove_router_interface HTTP/1.1" status: 200 len: 503 time: 1.4384692 /var/lib/openstack/lib/python3.10/site-packages/pycadf/identifier.py:71: UserWarning: Invalid uuid: neutron. To ensure interoperability, identifiers should be a valid uuid. warnings.warn(('Invalid uuid: %s. To ensure interoperability, '
2026-05-06 02:27:01.857 10 INFO neutron.wsgi [req-bb5b2042-15f0-462b-88d2-c737a4e80e2b req-ff03ed85-3d23-483b-95c8-6bed4783cd5b 5d491d94297e4210bb9e493d99303a3e d0de5882e53947839b91c9da72fa707f - - default default] 199.19.213.147 "GET /v2.0/security-groups?fields=id&fields=name&tenant_id=d0de5882e53947839b91c9da72fa707f HTTP/1.1" status: 200 len: 379 time: 0.0566835
2026-05-06 02:27:02.023 11 INFO neutron.db.ovn_revision_numbers_db [None req-7d00a069-fbc4-4d92-ad5a-3ced0d8534a3 aa059eb2cf364ae9acbb676231ff029b 06adb6e380684160b8a203c959c87b16 - - default default] Successfully bumped revision number for resource 47bf21f9-4d77-4004-98cc-9fc9daac2e32 (type: floatingips) to 0
2026-05-06 02:27:02.046 11 INFO neutron.wsgi [None req-7d00a069-fbc4-4d92-ad5a-3ced0d8534a3 aa059eb2cf364ae9acbb676231ff029b 06adb6e380684160b8a203c959c87b16 - - default default] 10.0.0.140 "POST /v2.0/floatingips HTTP/1.1" status: 201 len: 751 time: 0.8856168
2026-05-06 02:27:02.299 10 WARNING neutron.scheduler.dhcp_agent_scheduler [req-bb5b2042-15f0-462b-88d2-c737a4e80e2b req-17a40b47-7026-4d5c-aa60-bf60b511ae9a 5d491d94297e4210bb9e493d99303a3e d0de5882e53947839b91c9da72fa707f - - default default] No more DHCP agents
2026-05-06 02:27:02.301 10 WARNING neutron.api.rpc.agentnotifiers.dhcp_rpc_agent_api [req-bb5b2042-15f0-462b-88d2-c737a4e80e2b req-17a40b47-7026-4d5c-aa60-bf60b511ae9a 5d491d94297e4210bb9e493d99303a3e d0de5882e53947839b91c9da72fa707f - - default default] Unable to schedule network fd0c681e-e7c8-47d5-b3fb-d34a7748609b: no agents available; will retry on subsequent port and subnet creation events.
2026-05-06 02:27:02.448 10 INFO neutron.db.ovn_revision_numbers_db [req-bb5b2042-15f0-462b-88d2-c737a4e80e2b req-17a40b47-7026-4d5c-aa60-bf60b511ae9a 5d491d94297e4210bb9e493d99303a3e d0de5882e53947839b91c9da72fa707f - - default default] Successfully bumped revision number for resource be5be143-bf39-4059-9979-191280e49f07 (type: ports) to 1
2026-05-06 02:27:02.453 11 INFO neutron.wsgi [None req-73194c77-f7a4-4580-bf2e-2849e58b984c 09a5f2e746694bfdbab22fc27ee986a3 213cbe7d811148cbb2df98a35bd0c857 - - default default] 10.0.0.140 "DELETE /v2.0/routers/3f985120-bb83-46be-838e-928d5c2954ac HTTP/1.1" status: 204 len: 168 time: 0.6249413
2026-05-06 02:27:02.481 10 INFO neutron.wsgi [req-bb5b2042-15f0-462b-88d2-c737a4e80e2b req-17a40b47-7026-4d5c-aa60-bf60b511ae9a 5d491d94297e4210bb9e493d99303a3e d0de5882e53947839b91c9da72fa707f - - default default] 199.19.213.147 "POST /v2.0/ports HTTP/1.1" status: 201 len: 1158 time: 0.6180940 /var/lib/openstack/lib/python3.10/site-packages/pycadf/identifier.py:71: UserWarning: Invalid uuid: neutron. To ensure interoperability, identifiers should be a valid uuid. warnings.warn(('Invalid uuid: %s. To ensure interoperability, '
2026-05-06 02:27:02.494 10 INFO neutron.wsgi [req-bb5b2042-15f0-462b-88d2-c737a4e80e2b req-5ca08993-1a95-4534-928e-6260fe98b1e4 5d491d94297e4210bb9e493d99303a3e d0de5882e53947839b91c9da72fa707f - - default default] 199.19.213.147 "GET /v2.0/extensions HTTP/1.1" status: 200 len: 16525 time: 0.0066061
2026-05-06 02:27:02.550 11 INFO neutron.wsgi [req-dd62e4b8-a2a0-4f9c-b71a-27f59e90e92b req-50ac2d4d-04d2-481b-ae25-dfb7d0fc1be3 5d491d94297e4210bb9e493d99303a3e d0de5882e53947839b91c9da72fa707f - - default default] 10.0.0.47 "GET /v2.0/ports?device_id=bf3d72f3-97ab-4c19-a6b7-3dc3b231a35f HTTP/1.1" status: 200 len: 1156 time: 0.0942585
2026-05-06 02:27:02.571 11 INFO neutron.wsgi [req-395cd612-78c5-4845-99dc-a3364d9ecfa1 req-a12aa113-ab58-44b6-8c79-e591ea4d198d aa059eb2cf364ae9acbb676231ff029b 06adb6e380684160b8a203c959c87b16 - - default default] 10.0.0.47 "GET /v2.0/security-groups?name=tempest-securitygroup--2122300705&fields=id&tenant_id=06adb6e380684160b8a203c959c87b16 HTTP/1.1" status: 200 len: 267 time: 0.0762613
2026-05-06 02:27:02.795 11 INFO neutron.wsgi [req-dd62e4b8-a2a0-4f9c-b71a-27f59e90e92b req-98e28c40-ee3a-4d2f-a452-5efd432fa5b8 5d491d94297e4210bb9e493d99303a3e d0de5882e53947839b91c9da72fa707f - - default default] 10.0.0.47 "GET /v2.0/security-groups?id=4450499c-221e-46fe-b5b5-0571dd71736f&fields=id&fields=name HTTP/1.1" status: 200 len: 312 time: 0.2374229
