2026-05-06 02:31:47.640 10 INFO neutron.wsgi [req-50ea6a23-a215-4a31-85fd-1a281a4b99a5 req-98fb6827-33ce-4f9c-bfb1-c0a0ba5c3634 059dd4792f9840a7996c913ad60288fa 9e1e1488ce14464e884f47ea96c05141 - - b55d5f6f0ff1483bb3a71a1c3ca2fa88 b55d5f6f0ff1483bb3a71a1c3ca2fa88] 199.19.213.147 "GET /v2.0/ports?tenant_id=213cbe7d811148cbb2df98a35bd0c857&device_id=e85ff28c-eb87-4235-aa26-f9182a3e676c HTTP/1.1" status: 200 len: 1413 time: 0.0349786
2026-05-06 02:31:47.716 10 INFO neutron.wsgi [req-50ea6a23-a215-4a31-85fd-1a281a4b99a5 req-8d504922-100f-41a0-8156-2923df107a6d 059dd4792f9840a7996c913ad60288fa 9e1e1488ce14464e884f47ea96c05141 - - b55d5f6f0ff1483bb3a71a1c3ca2fa88 b55d5f6f0ff1483bb3a71a1c3ca2fa88] 199.19.213.147 "GET /v2.0/networks?id=a35503e4-8044-414c-84ee-08937d134d58&id=713337a7-b79d-40e0-9e0a-7a26bef05fa6 HTTP/1.1" status: 200 len: 1729 time: 0.0697680
2026-05-06 02:31:47.743 10 INFO neutron.wsgi [req-50ea6a23-a215-4a31-85fd-1a281a4b99a5 req-c624df96-8c66-43da-9823-464d7d48f6ab 059dd4792f9840a7996c913ad60288fa 9e1e1488ce14464e884f47ea96c05141 - - b55d5f6f0ff1483bb3a71a1c3ca2fa88 b55d5f6f0ff1483bb3a71a1c3ca2fa88] 199.19.213.147 "GET /v2.0/floatingips?fixed_ip_address=172.24.3.80&port_id=909f7d6e-f0a8-4e42-b5d1-0d8b5661582f HTTP/1.1" status: 200 len: 217 time: 0.0203061
2026-05-06 02:31:47.788 10 INFO neutron.wsgi [req-50ea6a23-a215-4a31-85fd-1a281a4b99a5 req-0946eb1c-980a-4885-be35-d515ae5fb670 059dd4792f9840a7996c913ad60288fa 9e1e1488ce14464e884f47ea96c05141 - - b55d5f6f0ff1483bb3a71a1c3ca2fa88 b55d5f6f0ff1483bb3a71a1c3ca2fa88] 199.19.213.147 "GET /v2.0/subnets?id=e05f464d-ac24-4132-998a-a364d400c03e HTTP/1.1" status: 200 len: 829 time: 0.0376842
2026-05-06 02:31:47.816 10 INFO neutron.wsgi [req-50ea6a23-a215-4a31-85fd-1a281a4b99a5 req-5538640f-0b57-435f-8d50-d1f230195853 059dd4792f9840a7996c913ad60288fa 9e1e1488ce14464e884f47ea96c05141 - - b55d5f6f0ff1483bb3a71a1c3ca2fa88 b55d5f6f0ff1483bb3a71a1c3ca2fa88] 199.19.213.147 "GET /v2.0/ports?network_id=a35503e4-8044-414c-84ee-08937d134d58&device_owner=network%3Adhcp HTTP/1.1" status: 200 len: 210 time: 0.0215971
2026-05-06 02:31:47.861 11 INFO neutron.notifiers.nova [-] Nova event matching ['req-04a07ebb-9489-4ac5-a994-d61bc31a2ce0'] response: {'server_uuid': 'e85ff28c-eb87-4235-aa26-f9182a3e676c', 'name': 'network-vif-plugged', 'status': 'completed', 'tag': '93b35ba2-5d58-4663-b746-f9671f3137ea', 'code': 200}
2026-05-06 02:31:47.881 10 INFO neutron.wsgi [req-50ea6a23-a215-4a31-85fd-1a281a4b99a5 req-29133e63-935c-4b1a-a67d-0db3f4ba97ea 059dd4792f9840a7996c913ad60288fa 9e1e1488ce14464e884f47ea96c05141 - - b55d5f6f0ff1483bb3a71a1c3ca2fa88 b55d5f6f0ff1483bb3a71a1c3ca2fa88] 199.19.213.147 "GET /v2.0/networks/a35503e4-8044-414c-84ee-08937d134d58?fields=segments HTTP/1.1" status: 200 len: 212 time: 0.0601649
2026-05-06 02:31:47.934 10 INFO neutron.wsgi [req-50ea6a23-a215-4a31-85fd-1a281a4b99a5 req-86944d99-c2d2-4810-ad06-ffed76b7a01a 059dd4792f9840a7996c913ad60288fa 9e1e1488ce14464e884f47ea96c05141 - - b55d5f6f0ff1483bb3a71a1c3ca2fa88 b55d5f6f0ff1483bb3a71a1c3ca2fa88] 199.19.213.147 "GET /v2.0/networks/a35503e4-8044-414c-84ee-08937d134d58?fields=provider%3Aphysical_network&fields=provider%3Anetwork_type HTTP/1.1" status: 200 len: 277 time: 0.0464840
2026-05-06 02:31:47.970 11 INFO neutron.wsgi [None req-76e1badf-6d51-4058-ad0d-f92b35bd6505 09a5f2e746694bfdbab22fc27ee986a3 213cbe7d811148cbb2df98a35bd0c857 - - default default] 199.19.213.147 "GET /v2.0/ports?device_id=e85ff28c-eb87-4235-aa26-f9182a3e676c HTTP/1.1" status: 200 len: 1413 time: 0.0325456
2026-05-06 02:31:48.216 10 INFO neutron.wsgi [None req-30d0bec7-f25f-48c6-84a7-9961c45fcc7a 09a5f2e746694bfdbab22fc27ee986a3 213cbe7d811148cbb2df98a35bd0c857 - - default default] 10.0.0.140 "DELETE /v2.0/security-groups/ae394256-5a26-439d-a9e0-b9d5253a77fa HTTP/1.1" status: 204 len: 168 time: 0.7286999
2026-05-06 02:31:48.829 11 INFO neutron.db.ovn_revision_numbers_db [None req-ab140619-83f8-4965-b81d-5e01415ca2f8 09a5f2e746694bfdbab22fc27ee986a3 213cbe7d811148cbb2df98a35bd0c857 - - default default] Successfully bumped revision number for resource 93b35ba2-5d58-4663-b746-f9671f3137ea (type: ports) to 8
2026-05-06 02:31:48.851 11 INFO neutron.wsgi [None req-ab140619-83f8-4965-b81d-5e01415ca2f8 09a5f2e746694bfdbab22fc27ee986a3 213cbe7d811148cbb2df98a35bd0c857 - - default default] 199.19.213.147 "PUT /v2.0/ports/93b35ba2-5d58-4663-b746-f9671f3137ea HTTP/1.1" status: 200 len: 1286 time: 0.8731527 /var/lib/openstack/lib/python3.10/site-packages/pycadf/identifier.py:71: UserWarning: Invalid uuid: neutron. To ensure interoperability, identifiers should be a valid uuid. warnings.warn(('Invalid uuid: %s. To ensure interoperability, '
2026-05-06 02:31:48.902 11 INFO neutron.wsgi [None req-52de9eac-b677-4e8e-ba39-838d2185f35d 09a5f2e746694bfdbab22fc27ee986a3 213cbe7d811148cbb2df98a35bd0c857 - - default default] 199.19.213.147 "GET /v2.0/ports/93b35ba2-5d58-4663-b746-f9671f3137ea HTTP/1.1" status: 200 len: 1286 time: 0.0462480
2026-05-06 02:31:48.917 10 INFO neutron.wsgi [None req-95cef2d8-1db6-4bfa-be8d-b718f27cb0dd 09a5f2e746694bfdbab22fc27ee986a3 213cbe7d811148cbb2df98a35bd0c857 - - default default] 10.0.0.140 "GET /v2.0/security-groups?tenant_id=449fc3ba711a43e19dae7843aa41ca74&name=default HTTP/1.1" status: 200 len: 3000 time: 0.0553470
2026-05-06 02:31:49.038 11 INFO neutron.db.ovn_revision_numbers_db [None req-c3300174-91eb-4d40-9c8c-e56908912e61 - - - - - -] Successfully bumped revision number for resource 3bc1507b-da84-4bc2-a7d6-9094b664d577 (type: ports) to 8
2026-05-06 02:31:49.995 11 INFO neutron.wsgi [None req-d5666967-2efb-4a8e-a3a3-e7ada93df449 09a5f2e746694bfdbab22fc27ee986a3 213cbe7d811148cbb2df98a35bd0c857 - - default default] 199.19.213.147 "DELETE /v2.0/ports/93b35ba2-5d58-4663-b746-f9671f3137ea HTTP/1.1" status: 204 len: 173 time: 1.0890651
2026-05-06 02:31:50.038 11 INFO neutron.wsgi [None req-e0d1cfa5-2f22-4a73-8aaf-2b82b6033ddf 09a5f2e746694bfdbab22fc27ee986a3 213cbe7d811148cbb2df98a35bd0c857 - - default default] 199.19.213.147 "GET /v2.0/extensions/security-group HTTP/1.1" status: 200 len: 369 time: 0.0076120
2026-05-06 02:31:50.049 11 INFO neutron.wsgi [None req-0974a9b7-8039-4ae6-bb3c-9d8c6a8fe06c 09a5f2e746694bfdbab22fc27ee986a3 213cbe7d811148cbb2df98a35bd0c857 - - default default] 199.19.213.147 "GET /v2.0/extensions/dns-integration HTTP/1.1" status: 200 len: 371 time: 0.0058796
2026-05-06 02:31:50.059 11 INFO neutron.wsgi [None req-c644b09a-d95d-466c-bd59-96b8d355d0a6 09a5f2e746694bfdbab22fc27ee986a3 213cbe7d811148cbb2df98a35bd0c857 - - default default] 199.19.213.147 "GET /v2.0/extensions/qos HTTP/1.1" status: 200 len: 365 time: 0.0048018
2026-05-06 02:31:50.068 11 INFO neutron.wsgi [None req-acd9af93-1c12-4899-b576-ff2d38367e8a 09a5f2e746694bfdbab22fc27ee986a3 213cbe7d811148cbb2df98a35bd0c857 - - default default] 199.19.213.147 "GET /v2.0/extensions/allowed-address-pairs HTTP/1.1" status: 200 len: 383 time: 0.0050433
2026-05-06 02:31:50.095 11 INFO neutron.pecan_wsgi.hooks.translation [None req-8e5ab929-47aa-4132-a519-c68cbff342d2 09a5f2e746694bfdbab22fc27ee986a3 213cbe7d811148cbb2df98a35bd0c857 - - default default] DELETE failed (client error): The resource could not be found.
2026-05-06 02:31:50.097 11 INFO neutron.wsgi [None req-8e5ab929-47aa-4132-a519-c68cbff342d2 09a5f2e746694bfdbab22fc27ee986a3 213cbe7d811148cbb2df98a35bd0c857 - - default default] 199.19.213.147 "DELETE /v2.0/ports/93b35ba2-5d58-4663-b746-f9671f3137ea HTTP/1.1" status: 404 len: 338 time: 0.0244131
2026-05-06 02:31:50.146 11 INFO neutron.wsgi [None req-11115b1b-c50c-45ab-a05b-92fffc8f4a03 09a5f2e746694bfdbab22fc27ee986a3 213cbe7d811148cbb2df98a35bd0c857 - - default default] 199.19.213.147 "GET /v2.0/ports/3bc1507b-da84-4bc2-a7d6-9094b664d577 HTTP/1.1" status: 200 len: 1332 time: 0.0447600
2026-05-06 02:31:50.195 11 INFO neutron.wsgi [None req-f9d87817-8a70-4a98-80d2-12f11f13dbb2 09a5f2e746694bfdbab22fc27ee986a3 213cbe7d811148cbb2df98a35bd0c857 - - default default] 199.19.213.147 "GET /v2.0/security-groups?name=lb-67772266-4655-456a-92c1-8ff6aafdefaa HTTP/1.1" status: 200 len: 1775 time: 0.0414262
2026-05-06 02:31:50.230 11 INFO neutron.wsgi [None req-1c6a527f-19e4-4316-ba4d-974867be1017 09a5f2e746694bfdbab22fc27ee986a3 213cbe7d811148cbb2df98a35bd0c857 - - default default] 199.19.213.147 "GET /v2.0/ports/3bc1507b-da84-4bc2-a7d6-9094b664d577 HTTP/1.1" status: 200 len: 1332 time: 0.0273249
2026-05-06 02:31:50.240 10 INFO neutron.wsgi [None req-4545cab4-5e38-4388-80c0-8301ac67e93e 09a5f2e746694bfdbab22fc27ee986a3 213cbe7d811148cbb2df98a35bd0c857 - - default default] 10.0.0.140 "DELETE /v2.0/security-groups/12570c3f-cc36-4e06-a907-47fc3567c94f HTTP/1.1" status: 204 len: 168 time: 1.3179250
2026-05-06 02:31:51.510 11 INFO neutron.db.ovn_revision_numbers_db [None req-224d54b7-cbf2-4a8c-ba1f-6835a5f62f62 09a5f2e746694bfdbab22fc27ee986a3 213cbe7d811148cbb2df98a35bd0c857 - - default default] Successfully bumped revision number for resource 3bc1507b-da84-4bc2-a7d6-9094b664d577 (type: ports) to 9
2026-05-06 02:31:51.533 11 INFO neutron.wsgi [None req-224d54b7-cbf2-4a8c-ba1f-6835a5f62f62 09a5f2e746694bfdbab22fc27ee986a3 213cbe7d811148cbb2df98a35bd0c857 - - default default] 199.19.213.147 "PUT /v2.0/ports/3bc1507b-da84-4bc2-a7d6-9094b664d577 HTTP/1.1" status: 200 len: 1294 time: 1.2900178
2026-05-06 02:31:51.748 11 INFO neutron.wsgi [None req-ff27ae06-d78d-4803-8d3c-2d6e34b32b0b 09a5f2e746694bfdbab22fc27ee986a3 213cbe7d811148cbb2df98a35bd0c857 - - default default] 199.19.213.147 "DELETE /v2.0/security-groups/43019884-5a88-4c44-8fb0-2d6c0a5a4dae HTTP/1.1" status: 204 len: 173 time: 0.2088342
2026-05-06 02:31:52.170 11 INFO neutron.wsgi [None req-05ec776a-e203-467a-b360-09ae2022138a 09a5f2e746694bfdbab22fc27ee986a3 213cbe7d811148cbb2df98a35bd0c857 - - default default] 199.19.213.147 "DELETE /v2.0/ports/3bc1507b-da84-4bc2-a7d6-9094b664d577 HTTP/1.1" status: 204 len: 173 time: 0.4150715
2026-05-06 02:31:53.166 10 INFO neutron.plugins.ml2.drivers.ovn.mech_driver.mech_driver [None req-f8b393ac-a4c8-43d2-9ab8-dd3cbc701aa1 - - - - - -] OVN reports status down for port: 909f7d6e-f0a8-4e42-b5d1-0d8b5661582f
2026-05-06 02:31:53.404 10 INFO neutron.notifiers.nova [-] Nova event matching ['req-11b4bdfe-09ad-4160-8c0c-8a4e743e3abe'] response: {'server_uuid': 'e85ff28c-eb87-4235-aa26-f9182a3e676c', 'name': 'network-vif-unplugged', 'status': 'completed', 'tag': '909f7d6e-f0a8-4e42-b5d1-0d8b5661582f', 'code': 200}
2026-05-06 02:31:53.613 10 INFO neutron.wsgi [-] 10.0.0.102 "GET / HTTP/1.1" status: 200 len: 247 time: 0.0017757
2026-05-06 02:31:53.616 10 INFO neutron.wsgi [-] 10.0.0.102 "GET / HTTP/1.1" status: 200 len: 247 time: 0.0017097
2026-05-06 02:31:53.711 10 INFO neutron.wsgi [req-1850a689-d5e0-4bd9-b36b-e909accba296 req-d5545da8-e54d-4276-8ae8-ee327141d654 09a5f2e746694bfdbab22fc27ee986a3 213cbe7d811148cbb2df98a35bd0c857 - - default default] 199.19.213.147 "GET /v2.0/ports?device_id=e85ff28c-eb87-4235-aa26-f9182a3e676c HTTP/1.1" status: 200 len: 1411 time: 0.0440905
2026-05-06 02:31:54.228 10 INFO neutron.db.ovn_revision_numbers_db [None req-f8b393ac-a4c8-43d2-9ab8-dd3cbc701aa1 - - - - - -] Successfully bumped revision number for resource 909f7d6e-f0a8-4e42-b5d1-0d8b5661582f (type: ports) to 5
2026-05-06 02:31:54.581 10 INFO neutron.wsgi [req-1850a689-d5e0-4bd9-b36b-e909accba296 req-accde7d4-62e8-4c86-b41b-39bf0bc4701f 09a5f2e746694bfdbab22fc27ee986a3 213cbe7d811148cbb2df98a35bd0c857 - - default default] 199.19.213.147 "DELETE /v2.0/ports/909f7d6e-f0a8-4e42-b5d1-0d8b5661582f HTTP/1.1" status: 204 len: 173 time: 0.8681891
2026-05-06 02:31:55.446 10 INFO neutron.notifiers.nova [-] Nova event matching ['req-3646bd2f-7d8e-4586-922a-bc3c7112948e'] response: {'server_uuid': 'e85ff28c-eb87-4235-aa26-f9182a3e676c', 'name': 'network-vif-plugged', 'status': 'completed', 'tag': '909f7d6e-f0a8-4e42-b5d1-0d8b5661582f', 'code': 200}
2026-05-06 02:31:55.446 10 INFO neutron.notifiers.nova [-] Nova event matching ['req-3646bd2f-7d8e-4586-922a-bc3c7112948e'] response: {'server_uuid': 'e85ff28c-eb87-4235-aa26-f9182a3e676c', 'name': 'network-vif-deleted', 'tag': '909f7d6e-f0a8-4e42-b5d1-0d8b5661582f', 'status': 'completed', 'code': 200} /var/lib/openstack/lib/python3.10/site-packages/pycadf/identifier.py:71: UserWarning: Invalid uuid: neutron. To ensure interoperability, identifiers should be a valid uuid. warnings.warn(('Invalid uuid: %s. To ensure interoperability, '
2026-05-06 02:31:56.516 11 INFO neutron.db.l3_db [None req-40edcbf0-4fce-4e83-93ba-2e2dc2c2efa8 318aca6a62b14c87a47040e77fa178f6 a971d329d41b4e638db86990a3b05b23 - - default default] Floating IP e6163800-e956-4df8-8933-32422c4c42f5 disassociated (deleted). External IP: 10.96.250.218, port: 101cc2b2-4b8f-4608-a9c1-6ce668eb2cd2.
2026-05-06 02:31:56.874 11 INFO neutron.wsgi [None req-40edcbf0-4fce-4e83-93ba-2e2dc2c2efa8 318aca6a62b14c87a47040e77fa178f6 a971d329d41b4e638db86990a3b05b23 - - default default] 10.0.0.140 "DELETE /v2.0/floatingips/e6163800-e956-4df8-8933-32422c4c42f5 HTTP/1.1" status: 204 len: 168 time: 1.2780056
2026-05-06 02:31:56.899 10 INFO neutron.api.v2.resource [None req-7d0ef62f-7290-46a2-89c4-0c1ab7a01363 318aca6a62b14c87a47040e77fa178f6 a971d329d41b4e638db86990a3b05b23 - - default default] show failed (client error): The resource could not be found.
2026-05-06 02:31:56.900 10 INFO neutron.wsgi [None req-7d0ef62f-7290-46a2-89c4-0c1ab7a01363 318aca6a62b14c87a47040e77fa178f6 a971d329d41b4e638db86990a3b05b23 - - default default] 10.0.0.140 "GET /v2.0/floatingips/e6163800-e956-4df8-8933-32422c4c42f5 HTTP/1.1" status: 404 len: 345 time: 0.0198803
2026-05-06 02:31:56.914 11 INFO neutron.notifiers.nova [-] Nova event matching ['req-3f54f9d0-dd33-4dcc-8b54-5a034f0664d4'] response: {'name': 'network-changed', 'server_uuid': 'e5d9e12e-1b61-4a4f-923a-878b10035e0c', 'tag': '101cc2b2-4b8f-4608-a9c1-6ce668eb2cd2', 'status': 'completed', 'code': 200}
2026-05-06 02:31:56.969 10 INFO neutron.wsgi [req-f6d49d44-09a0-4cab-994a-9b4cd249053a req-f821c5d5-3144-4e49-90ef-63ba75b76cf4 059dd4792f9840a7996c913ad60288fa 9e1e1488ce14464e884f47ea96c05141 - - b55d5f6f0ff1483bb3a71a1c3ca2fa88 b55d5f6f0ff1483bb3a71a1c3ca2fa88] 199.19.213.147 "GET /v2.0/ports?tenant_id=a971d329d41b4e638db86990a3b05b23&device_id=e5d9e12e-1b61-4a4f-923a-878b10035e0c HTTP/1.1" status: 200 len: 1642 time: 0.0317204
2026-05-06 02:31:57.022 10 INFO neutron.db.ovn_revision_numbers_db [None req-f5e17683-6b50-47e0-989c-7a3d526f9d5c 26f5492473a24c84909c131caf9bc9a1 86bc85a8f8dc40c98c43ea4d28ab5386 - - default default] Successfully bumped revision number for resource b7b43bae-8dba-4f9c-8f0a-6e952d2e70e7 (type: security_groups) to 1
2026-05-06 02:31:57.045 10 INFO neutron.wsgi [req-f6d49d44-09a0-4cab-994a-9b4cd249053a req-909c398d-636e-4bab-ad9e-b730a726f532 059dd4792f9840a7996c913ad60288fa 9e1e1488ce14464e884f47ea96c05141 - - b55d5f6f0ff1483bb3a71a1c3ca2fa88 b55d5f6f0ff1483bb3a71a1c3ca2fa88] 199.19.213.147 "GET /v2.0/networks?id=439ef3fe-a134-4c6d-8314-d2ccee22e50f HTTP/1.1" status: 200 len: 1002 time: 0.0679960
2026-05-06 02:31:57.076 10 INFO neutron.wsgi [req-f6d49d44-09a0-4cab-994a-9b4cd249053a req-cc248a8b-d88b-4106-841f-5cdc34458a06 059dd4792f9840a7996c913ad60288fa 9e1e1488ce14464e884f47ea96c05141 - - b55d5f6f0ff1483bb3a71a1c3ca2fa88 b55d5f6f0ff1483bb3a71a1c3ca2fa88] 199.19.213.147 "GET /v2.0/floatingips?fixed_ip_address=10.2.2.141&port_id=101cc2b2-4b8f-4608-a9c1-6ce668eb2cd2 HTTP/1.1" status: 200 len: 217 time: 0.0215857
2026-05-06 02:31:57.104 10 INFO neutron.wsgi [req-f6d49d44-09a0-4cab-994a-9b4cd249053a req-a236a5fd-7bbb-4adc-9419-cef6029e54e2 059dd4792f9840a7996c913ad60288fa 9e1e1488ce14464e884f47ea96c05141 - - b55d5f6f0ff1483bb3a71a1c3ca2fa88 b55d5f6f0ff1483bb3a71a1c3ca2fa88] 199.19.213.147 "GET /v2.0/floatingips?fixed_ip_address=fd77%3A1457%3A4cf0%3A26a8%3A%3A137&port_id=101cc2b2-4b8f-4608-a9c1-6ce668eb2cd2 HTTP/1.1" status: 200 len: 217 time: 0.0227902
2026-05-06 02:31:57.109 10 INFO neutron.db.ovn_revision_numbers_db [None req-f5e17683-6b50-47e0-989c-7a3d526f9d5c 26f5492473a24c84909c131caf9bc9a1 86bc85a8f8dc40c98c43ea4d28ab5386 - - default default] Successfully bumped revision number for resource 2b431c6f-557b-4cb2-ab40-2bce8cdb339a (type: security_group_rules) to 0
2026-05-06 02:31:57.172 10 INFO neutron.wsgi [req-f6d49d44-09a0-4cab-994a-9b4cd249053a req-3c66b756-2b93-4683-9cd4-4a6f08d5359f 059dd4792f9840a7996c913ad60288fa 9e1e1488ce14464e884f47ea96c05141 - - b55d5f6f0ff1483bb3a71a1c3ca2fa88 b55d5f6f0ff1483bb3a71a1c3ca2fa88] 199.19.213.147 "GET /v2.0/subnets?id=3f299d4d-3321-4bc6-8f3d-e27f21f875da&id=5661df72-7c90-40ac-916b-84ca559b8c6d HTTP/1.1" status: 200 len: 1566 time: 0.0548227 /var/lib/openstack/lib/python3.10/site-packages/pycadf/identifier.py:71: UserWarning: Invalid uuid: neutron. To ensure interoperability, identifiers should be a valid uuid. warnings.warn(('Invalid uuid: %s. To ensure interoperability, '
2026-05-06 02:31:57.202 10 INFO neutron.wsgi [req-f6d49d44-09a0-4cab-994a-9b4cd249053a req-7a05ae00-dd34-49e4-b670-e21db44dc66a 059dd4792f9840a7996c913ad60288fa 9e1e1488ce14464e884f47ea96c05141 - - b55d5f6f0ff1483bb3a71a1c3ca2fa88 b55d5f6f0ff1483bb3a71a1c3ca2fa88] 199.19.213.147 "GET /v2.0/ports?network_id=439ef3fe-a134-4c6d-8314-d2ccee22e50f&device_owner=network%3Adhcp HTTP/1.1" status: 200 len: 210 time: 0.0227716
2026-05-06 02:31:57.228 10 INFO neutron.wsgi [req-f6d49d44-09a0-4cab-994a-9b4cd249053a req-8e130e12-14d5-40c1-8c0e-6ceb2469c29b 059dd4792f9840a7996c913ad60288fa 9e1e1488ce14464e884f47ea96c05141 - - b55d5f6f0ff1483bb3a71a1c3ca2fa88 b55d5f6f0ff1483bb3a71a1c3ca2fa88] 199.19.213.147 "GET /v2.0/ports?network_id=439ef3fe-a134-4c6d-8314-d2ccee22e50f&device_owner=network%3Adhcp HTTP/1.1" status: 200 len: 210 time: 0.0187573
2026-05-06 02:31:57.229 10 INFO neutron.db.ovn_revision_numbers_db [None req-f5e17683-6b50-47e0-989c-7a3d526f9d5c 26f5492473a24c84909c131caf9bc9a1 86bc85a8f8dc40c98c43ea4d28ab5386 - - default default] Successfully bumped revision number for resource 83be3e7e-04da-4da5-9440-5abfd82d9a88 (type: security_group_rules) to 0
2026-05-06 02:31:57.245 10 INFO neutron.plugins.ml2.drivers.ovn.mech_driver.mech_driver [None req-f8b393ac-a4c8-43d2-9ab8-dd3cbc701aa1 - - - - - -] OVN reports status down for port: 101cc2b2-4b8f-4608-a9c1-6ce668eb2cd2
2026-05-06 02:31:57.297 11 INFO neutron.wsgi [req-d249efed-3cc6-4eea-90ed-0fde7961f1ea req-dcaaacc2-be65-4fe4-a667-dd8bdb6df7cd 318aca6a62b14c87a47040e77fa178f6 a971d329d41b4e638db86990a3b05b23 - - default default] 10.0.0.47 "GET /v2.0/ports?device_id=e5d9e12e-1b61-4a4f-923a-878b10035e0c HTTP/1.1" status: 200 len: 1404 time: 0.1048949
2026-05-06 02:31:57.331 10 INFO neutron.wsgi [req-f6d49d44-09a0-4cab-994a-9b4cd249053a req-b6dbaab9-2670-4c54-8916-cf76424fe8cc 059dd4792f9840a7996c913ad60288fa 9e1e1488ce14464e884f47ea96c05141 - - b55d5f6f0ff1483bb3a71a1c3ca2fa88 b55d5f6f0ff1483bb3a71a1c3ca2fa88] 199.19.213.147 "GET /v2.0/networks/439ef3fe-a134-4c6d-8314-d2ccee22e50f?fields=segments HTTP/1.1" status: 200 len: 212 time: 0.0866644
2026-05-06 02:31:57.352 10 INFO neutron.db.ovn_revision_numbers_db [None req-f5e17683-6b50-47e0-989c-7a3d526f9d5c 26f5492473a24c84909c131caf9bc9a1 86bc85a8f8dc40c98c43ea4d28ab5386 - - default default] Successfully bumped revision number for resource 99dfada7-503b-43bb-b062-7b1bcd354019 (type: security_group_rules) to 0
2026-05-06 02:31:57.354 11 INFO neutron.wsgi [req-d249efed-3cc6-4eea-90ed-0fde7961f1ea req-c9dd9ecf-d363-4553-b898-dbe741286eae 318aca6a62b14c87a47040e77fa178f6 a971d329d41b4e638db86990a3b05b23 - - default default] 10.0.0.47 "GET /v2.0/security-groups?id=ac2b6c0a-49d5-4e1d-844c-1414f082173a&fields=id&fields=name HTTP/1.1" status: 200 len: 311 time: 0.0516603
2026-05-06 02:31:57.411 10 INFO neutron.wsgi [req-f6d49d44-09a0-4cab-994a-9b4cd249053a req-2e01bc99-6649-48f2-a74f-2e79d3329270 059dd4792f9840a7996c913ad60288fa 9e1e1488ce14464e884f47ea96c05141 - - b55d5f6f0ff1483bb3a71a1c3ca2fa88 b55d5f6f0ff1483bb3a71a1c3ca2fa88] 199.19.213.147 "GET /v2.0/networks/439ef3fe-a134-4c6d-8314-d2ccee22e50f?fields=provider%3Aphysical_network&fields=provider%3Anetwork_type HTTP/1.1" status: 200 len: 277 time: 0.0703578
2026-05-06 02:31:57.598 10 INFO neutron.notifiers.nova [-] Nova event matching ['req-3aa4a2a1-d5b2-4b43-bc22-68092e45a014'] response: {'server_uuid': 'e5d9e12e-1b61-4a4f-923a-878b10035e0c', 'name': 'network-vif-unplugged', 'status': 'completed', 'tag': '101cc2b2-4b8f-4608-a9c1-6ce668eb2cd2', 'code': 200}
2026-05-06 02:31:57.737 10 INFO neutron.db.ovn_revision_numbers_db [None req-f5e17683-6b50-47e0-989c-7a3d526f9d5c 26f5492473a24c84909c131caf9bc9a1 86bc85a8f8dc40c98c43ea4d28ab5386 - - default default] Successfully bumped revision number for resource ba07c882-4481-4d89-a1e2-a32286d07e24 (type: security_group_rules) to 0
2026-05-06 02:31:57.790 10 INFO neutron.db.segments_db [None req-f5e17683-6b50-47e0-989c-7a3d526f9d5c 26f5492473a24c84909c131caf9bc9a1 86bc85a8f8dc40c98c43ea4d28ab5386 - - default default] Added segment 73a97107-8a3c-4f3b-9359-e12c8684fab2 of type geneve for network d9dda4ed-e84c-4cf0-b258-2d051570c5f1
2026-05-06 02:31:58.066 10 INFO neutron.wsgi [req-f361cc79-007a-481b-bb7a-fe4678a22636 req-78007e86-ea1c-4526-8309-63c4af86c3d4 318aca6a62b14c87a47040e77fa178f6 a971d329d41b4e638db86990a3b05b23 - - default default] 199.19.213.147 "GET /v2.0/ports?device_id=e5d9e12e-1b61-4a4f-923a-878b10035e0c HTTP/1.1" status: 200 len: 1402 time: 0.1784339
2026-05-06 02:31:58.272 10 INFO neutron.db.ovn_revision_numbers_db [None req-f5e17683-6b50-47e0-989c-7a3d526f9d5c 26f5492473a24c84909c131caf9bc9a1 86bc85a8f8dc40c98c43ea4d28ab5386 - - default default] Successfully bumped revision number for resource d9dda4ed-e84c-4cf0-b258-2d051570c5f1 (type: networks) to 1
2026-05-06 02:31:58.420 10 INFO neutron.db.ovn_revision_numbers_db [None req-f8b393ac-a4c8-43d2-9ab8-dd3cbc701aa1 - - - - - -] Successfully bumped revision number for resource 101cc2b2-4b8f-4608-a9c1-6ce668eb2cd2 (type: ports) to 5
2026-05-06 02:31:58.758 10 WARNING neutron.scheduler.dhcp_agent_scheduler [None req-f5e17683-6b50-47e0-989c-7a3d526f9d5c 26f5492473a24c84909c131caf9bc9a1 86bc85a8f8dc40c98c43ea4d28ab5386 - - default default] No more DHCP agents
2026-05-06 02:31:58.762 10 WARNING neutron.api.rpc.agentnotifiers.dhcp_rpc_agent_api [None req-f5e17683-6b50-47e0-989c-7a3d526f9d5c 26f5492473a24c84909c131caf9bc9a1 86bc85a8f8dc40c98c43ea4d28ab5386 - - default default] Unable to schedule network d9dda4ed-e84c-4cf0-b258-2d051570c5f1: no agents available; will retry on subsequent port and subnet creation events.
2026-05-06 02:31:58.998 10 INFO neutron.db.ovn_revision_numbers_db [None req-f5e17683-6b50-47e0-989c-7a3d526f9d5c 26f5492473a24c84909c131caf9bc9a1 86bc85a8f8dc40c98c43ea4d28ab5386 - - default default] Successfully bumped revision number for resource b1061eaf-1bd6-4b9e-a80b-8b7b4a3490f4 (type: ports) to 1
2026-05-06 02:31:59.003 10 INFO neutron.wsgi [req-f361cc79-007a-481b-bb7a-fe4678a22636 req-72782429-c473-4ad9-b14a-d7fe17af8c46 318aca6a62b14c87a47040e77fa178f6 a971d329d41b4e638db86990a3b05b23 - - default default] 199.19.213.147 "DELETE /v2.0/ports/101cc2b2-4b8f-4608-a9c1-6ce668eb2cd2 HTTP/1.1" status: 204 len: 173 time: 0.9314556
2026-05-06 02:31:59.197 10 INFO neutron.wsgi [None req-f5e17683-6b50-47e0-989c-7a3d526f9d5c 26f5492473a24c84909c131caf9bc9a1 86bc85a8f8dc40c98c43ea4d28ab5386 - - default default] 10.0.0.140 "POST /v2.0/networks HTTP/1.1" status: 201 len: 829 time: 3.1637180 /var/lib/openstack/lib/python3.10/site-packages/pycadf/identifier.py:71: UserWarning: Invalid uuid: neutron. To ensure interoperability, identifiers should be a valid uuid. warnings.warn(('Invalid uuid: %s. To ensure interoperability, '
2026-05-06 02:31:59.641 10 INFO neutron.notifiers.nova [-] Nova event matching ['req-868f53b7-40a3-48af-bad5-401111d54507'] response: {'server_uuid': 'e5d9e12e-1b61-4a4f-923a-878b10035e0c', 'name': 'network-vif-plugged', 'status': 'completed', 'tag': '101cc2b2-4b8f-4608-a9c1-6ce668eb2cd2', 'code': 200}
2026-05-06 02:31:59.642 10 INFO neutron.notifiers.nova [-] Nova event matching ['req-868f53b7-40a3-48af-bad5-401111d54507'] response: {'server_uuid': 'e5d9e12e-1b61-4a4f-923a-878b10035e0c', 'name': 'network-vif-deleted', 'tag': '101cc2b2-4b8f-4608-a9c1-6ce668eb2cd2', 'status': 'completed', 'code': 200}
2026-05-06 02:31:59.666 10 WARNING neutron.scheduler.dhcp_agent_scheduler [None req-58ba8fb2-eb15-4b47-9d82-2a0c8f06b4d7 26f5492473a24c84909c131caf9bc9a1 86bc85a8f8dc40c98c43ea4d28ab5386 - - default default] No more DHCP agents
2026-05-06 02:31:59.670 10 WARNING neutron.api.rpc.agentnotifiers.dhcp_rpc_agent_api [None req-58ba8fb2-eb15-4b47-9d82-2a0c8f06b4d7 26f5492473a24c84909c131caf9bc9a1 86bc85a8f8dc40c98c43ea4d28ab5386 - - default default] Unable to schedule network d9dda4ed-e84c-4cf0-b258-2d051570c5f1: no agents available; will retry on subsequent port and subnet creation events.
2026-05-06 02:32:00.001 10 INFO neutron.db.ovn_revision_numbers_db [None req-58ba8fb2-eb15-4b47-9d82-2a0c8f06b4d7 26f5492473a24c84909c131caf9bc9a1 86bc85a8f8dc40c98c43ea4d28ab5386 - - default default] Successfully bumped revision number for resource a66ba6a2-5651-4bb4-9637-e88acf70cf7b (type: ports) to 1
2026-05-06 02:32:00.139 10 INFO neutron.wsgi [None req-58ba8fb2-eb15-4b47-9d82-2a0c8f06b4d7 26f5492473a24c84909c131caf9bc9a1 86bc85a8f8dc40c98c43ea4d28ab5386 - - default default] 10.0.0.140 "POST /v2.0/ports HTTP/1.1" status: 201 len: 942 time: 0.9362986 /var/lib/openstack/lib/python3.10/site-packages/pycadf/identifier.py:71: UserWarning: Invalid uuid: neutron. To ensure interoperability, identifiers should be a valid uuid. warnings.warn(('Invalid uuid: %s. To ensure interoperability, '
2026-05-06 02:32:00.510 10 INFO neutron.wsgi [None req-2e3d2a9b-c431-4854-b43c-54b52dc3cf23 09a5f2e746694bfdbab22fc27ee986a3 213cbe7d811148cbb2df98a35bd0c857 - - default default] 10.0.0.207 "GET /v2.0/floatingips HTTP/1.1" status: 200 len: 1035 time: 0.0958161
2026-05-06 02:32:00.577 10 INFO neutron.wsgi [None req-539db101-3780-42e8-9c91-c7cac0d24631 09a5f2e746694bfdbab22fc27ee986a3 213cbe7d811148cbb2df98a35bd0c857 - - default default] 10.0.0.207 "GET /v2.0/security-groups HTTP/1.1" status: 200 len: 30299 time: 0.0651267
2026-05-06 02:32:00.674 10 INFO neutron.wsgi [None req-d453a36e-2c89-4b9c-a2dd-10b9209c6015 09a5f2e746694bfdbab22fc27ee986a3 213cbe7d811148cbb2df98a35bd0c857 - - default default] 10.0.0.207 "GET /v2.0/routers HTTP/1.1" status: 200 len: 850 time: 0.0901344
2026-05-06 02:32:00.688 10 INFO neutron.wsgi [None req-d5cedf6e-5b15-4117-bf00-2c56291b330d 09a5f2e746694bfdbab22fc27ee986a3 213cbe7d811148cbb2df98a35bd0c857 - - default default] 10.0.0.207 "GET /v2.0/agents?binary=ovn-controller HTTP/1.1" status: 200 len: 591 time: 0.0117509
2026-05-06 02:32:00.702 10 INFO neutron.wsgi [None req-e566d26e-3bed-49d3-bb6f-7c946548db96 09a5f2e746694bfdbab22fc27ee986a3 213cbe7d811148cbb2df98a35bd0c857 - - default default] 10.0.0.207 "GET /v2.0/agents HTTP/1.1" status: 200 len: 997 time: 0.0133045
2026-05-06 02:32:00.716 10 INFO neutron.wsgi [None req-111d904e-f83d-4626-8568-33ebdf93b6ec 09a5f2e746694bfdbab22fc27ee986a3 213cbe7d811148cbb2df98a35bd0c857 - - default default] 10.0.0.207 "GET /v2.0/network-ip-availabilities HTTP/1.1" status: 200 len: 3631 time: 0.0121853
2026-05-06 02:32:00.776 10 INFO neutron.wsgi [None req-6fa962da-f1d5-4c08-a7fa-288ec20b1262 09a5f2e746694bfdbab22fc27ee986a3 213cbe7d811148cbb2df98a35bd0c857 - - default default] 10.0.0.207 "GET /v2.0/subnets HTTP/1.1" status: 200 len: 5497 time: 0.0548913
2026-05-06 02:32:00.789 10 INFO neutron.wsgi [None req-fd61e2fe-f5f0-4327-a89c-e5c55d333755 09a5f2e746694bfdbab22fc27ee986a3 213cbe7d811148cbb2df98a35bd0c857 - - default default] 10.0.0.207 "GET /v2.0/subnetpools HTTP/1.1" status: 200 len: 193 time: 0.0101182
2026-05-06 02:32:00.857 10 INFO neutron.wsgi [None req-9cec905f-67ad-4bc6-b3a2-6a870cadc91a 09a5f2e746694bfdbab22fc27ee986a3 213cbe7d811148cbb2df98a35bd0c857 - - default default] 10.0.0.207 "GET /v2.0/networks HTTP/1.1" status: 200 len: 5425 time: 0.0680640
2026-05-06 02:32:00.901 10 INFO neutron.wsgi [None req-002196a7-c53b-4c23-b731-4afb3ae5a144 09a5f2e746694bfdbab22fc27ee986a3 213cbe7d811148cbb2df98a35bd0c857 - - default default] 10.0.0.207 "GET /v2.0/subnets HTTP/1.1" status: 200 len: 5497 time: 0.0409718
2026-05-06 02:32:00.954 10 INFO neutron.wsgi [None req-10f3c0f2-9bd8-4be8-9800-a9d54d4c99d6 09a5f2e746694bfdbab22fc27ee986a3 213cbe7d811148cbb2df98a35bd0c857 - - default default] 10.0.0.207 "GET /v2.0/ports HTTP/1.1" status: 200 len: 16976 time: 0.0501983
2026-05-06 02:32:01.821 11 INFO neutron.wsgi [None req-8697e657-65c1-47d4-bc30-a34af31a8201 26f5492473a24c84909c131caf9bc9a1 86bc85a8f8dc40c98c43ea4d28ab5386 - - default default] 10.0.0.140 "POST /v2.0/trunks HTTP/1.1" status: 201 len: 608 time: 1.6755280
2026-05-06 02:32:02.473 11 INFO neutron.wsgi [None req-32d16346-6a4f-445e-a93d-a3247b5b9d79 26f5492473a24c84909c131caf9bc9a1 86bc85a8f8dc40c98c43ea4d28ab5386 - - default default] 10.0.0.140 "PUT /v2.0/trunks/0823844a-c67e-4393-baa5-46d25041c0d9/tags HTTP/1.1" status: 200 len: 218 time: 0.6446927
2026-05-06 02:32:02.496 11 INFO neutron.wsgi [None req-c7b974ff-39dd-4d50-bdf1-29d17483cb4c 26f5492473a24c84909c131caf9bc9a1 86bc85a8f8dc40c98c43ea4d28ab5386 - - default default] 10.0.0.140 "GET /v2.0/trunks/0823844a-c67e-4393-baa5-46d25041c0d9/tags HTTP/1.1" status: 200 len: 218 time: 0.0176775
2026-05-06 02:32:02.815 10 INFO neutron.wsgi [None req-f3d5fe8d-86ef-4895-8f03-7c39afd43586 26f5492473a24c84909c131caf9bc9a1 86bc85a8f8dc40c98c43ea4d28ab5386 - - default default] 10.0.0.140 "PUT /v2.0/trunks/0823844a-c67e-4393-baa5-46d25041c0d9/tags/green HTTP/1.1" status: 201 len: 201 time: 0.3133047
2026-05-06 02:32:02.840 11 INFO neutron.wsgi [None req-58a34db8-8796-48cc-8d11-2d23444a2677 26f5492473a24c84909c131caf9bc9a1 86bc85a8f8dc40c98c43ea4d28ab5386 - - default default] 10.0.0.140 "GET /v2.0/trunks/0823844a-c67e-4393-baa5-46d25041c0d9/tags HTTP/1.1" status: 200 len: 227 time: 0.0198956
2026-05-06 02:32:02.862 11 INFO neutron.wsgi [None req-61fb8d1f-6ef9-4c04-a487-31e424ee1248 26f5492473a24c84909c131caf9bc9a1 86bc85a8f8dc40c98c43ea4d28ab5386 - - default default] 10.0.0.140 "PUT /v2.0/trunks/0823844a-c67e-4393-baa5-46d25041c0d9/tags/red HTTP/1.1" status: 201 len: 201 time: 0.0185108
2026-05-06 02:32:02.882 11 INFO neutron.wsgi [None req-57bbb6b9-f151-4e71-8f58-2b891603b4c2 26f5492473a24c84909c131caf9bc9a1 86bc85a8f8dc40c98c43ea4d28ab5386 - - default default] 10.0.0.140 "GET /v2.0/trunks/0823844a-c67e-4393-baa5-46d25041c0d9/tags HTTP/1.1" status: 200 len: 227 time: 0.0148120
2026-05-06 02:32:03.034 11 INFO neutron.wsgi [None req-28c9e21e-90d4-49b2-808d-bb1587830b43 26f5492473a24c84909c131caf9bc9a1 86bc85a8f8dc40c98c43ea4d28ab5386 - - default default] 10.0.0.140 "PUT /v2.0/trunks/0823844a-c67e-4393-baa5-46d25041c0d9/tags/black.or.white HTTP/1.1" status: 201 len: 201 time: 0.1479495
2026-05-06 02:32:03.056 11 INFO neutron.wsgi [None req-a828f96f-0e86-4898-9f56-56f075e74583 26f5492473a24c84909c131caf9bc9a1 86bc85a8f8dc40c98c43ea4d28ab5386 - - default default] 10.0.0.140 "GET /v2.0/trunks/0823844a-c67e-4393-baa5-46d25041c0d9/tags HTTP/1.1" status: 200 len: 245 time: 0.0168440
2026-05-06 02:32:03.165 10 INFO neutron.db.l3_db [None req-2844a9b1-40a9-45b8-8ddb-1222f50573b6 318aca6a62b14c87a47040e77fa178f6 a971d329d41b4e638db86990a3b05b23 - - default default] Floating IP 881d62c1-0f09-4afc-a660-f69b5fa24776 disassociated (deleted). External IP: 10.96.250.214, port: 1892a49c-b44e-4118-8bdd-d1320b60583e.
2026-05-06 02:32:03.395 11 INFO neutron.wsgi [None req-a1a2091a-42bc-43a5-b706-a491512d3b9a 26f5492473a24c84909c131caf9bc9a1 86bc85a8f8dc40c98c43ea4d28ab5386 - - default default] 10.0.0.140 "PUT /v2.0/trunks/0823844a-c67e-4393-baa5-46d25041c0d9/tags HTTP/1.1" status: 200 len: 230 time: 0.3346293
2026-05-06 02:32:03.417 11 INFO neutron.wsgi [None req-9fc1b074-db25-44a5-8950-a0439f5eea40 26f5492473a24c84909c131caf9bc9a1 86bc85a8f8dc40c98c43ea4d28ab5386 - - default default] 10.0.0.140 "GET /v2.0/trunks/0823844a-c67e-4393-baa5-46d25041c0d9/tags HTTP/1.1" status: 200 len: 230 time: 0.0174015
2026-05-06 02:32:03.438 11 INFO neutron.wsgi [None req-02738262-87fd-4959-8079-27bf354c8a25 26f5492473a24c84909c131caf9bc9a1 86bc85a8f8dc40c98c43ea4d28ab5386 - - default default] 10.0.0.140 "GET /v2.0/trunks/0823844a-c67e-4393-baa5-46d25041c0d9/tags/red HTTP/1.1" status: 204 len: 168 time: 0.0169387
2026-05-06 02:32:03.456 11 INFO neutron.api.v2.resource [None req-ed26f90d-fd5d-4976-a1d5-85e6e56ccac8 26f5492473a24c84909c131caf9bc9a1 86bc85a8f8dc40c98c43ea4d28ab5386 - - default default] show failed (client error): The resource could not be found.
2026-05-06 02:32:03.457 11 INFO neutron.wsgi [None req-ed26f90d-fd5d-4976-a1d5-85e6e56ccac8 26f5492473a24c84909c131caf9bc9a1 86bc85a8f8dc40c98c43ea4d28ab5386 - - default default] 10.0.0.140 "GET /v2.0/trunks/0823844a-c67e-4393-baa5-46d25041c0d9/tags/green HTTP/1.1" status: 404 len: 299 time: 0.0140135
2026-05-06 02:32:03.506 11 INFO neutron.wsgi [None req-4a31ef3b-2091-4f52-88ec-ba3a9669cda9 26f5492473a24c84909c131caf9bc9a1 86bc85a8f8dc40c98c43ea4d28ab5386 - - default default] 10.0.0.140 "DELETE /v2.0/trunks/0823844a-c67e-4393-baa5-46d25041c0d9/tags/red HTTP/1.1" status: 204 len: 168 time: 0.0437415
2026-05-06 02:32:03.528 11 INFO neutron.wsgi [None req-0399c181-ed6b-49d7-bfea-f956f375d3c3 26f5492473a24c84909c131caf9bc9a1 86bc85a8f8dc40c98c43ea4d28ab5386 - - default default] 10.0.0.140 "GET /v2.0/trunks/0823844a-c67e-4393-baa5-46d25041c0d9/tags HTTP/1.1" status: 200 len: 223 time: 0.0169444
2026-05-06 02:32:03.528 10 INFO neutron.wsgi [None req-2844a9b1-40a9-45b8-8ddb-1222f50573b6 318aca6a62b14c87a47040e77fa178f6 a971d329d41b4e638db86990a3b05b23 - - default default] 10.0.0.140 "DELETE /v2.0/floatingips/881d62c1-0f09-4afc-a660-f69b5fa24776 HTTP/1.1" status: 204 len: 168 time: 1.1091659
2026-05-06 02:32:03.562 11 INFO neutron.api.v2.resource [None req-c5381e55-a984-42b1-8da2-3a05ccb52fb7 318aca6a62b14c87a47040e77fa178f6 a971d329d41b4e638db86990a3b05b23 - - default default] show failed (client error): The resource could not be found.
2026-05-06 02:32:03.564 11 INFO neutron.wsgi [None req-c5381e55-a984-42b1-8da2-3a05ccb52fb7 318aca6a62b14c87a47040e77fa178f6 a971d329d41b4e638db86990a3b05b23 - - default default] 10.0.0.140 "GET /v2.0/floatingips/881d62c1-0f09-4afc-a660-f69b5fa24776 HTTP/1.1" status: 404 len: 345 time: 0.0251250
2026-05-06 02:32:03.566 10 INFO neutron.notifiers.nova [-] Nova event matching ['req-9a1608e8-a4da-4c13-a4fb-99588e29aff9'] response: {'name': 'network-changed', 'server_uuid': '7644ab6f-efa7-4ffc-a43f-99dca1580e1b', 'tag': '1892a49c-b44e-4118-8bdd-d1320b60583e', 'status': 'completed', 'code': 200}
2026-05-06 02:32:03.567 11 INFO neutron.api.v2.resource [None req-5148d3ae-8d64-4ed2-ab81-3c450cb4b67a 26f5492473a24c84909c131caf9bc9a1 86bc85a8f8dc40c98c43ea4d28ab5386 - - default default] delete failed (client error): The resource could not be found.
2026-05-06 02:32:03.568 11 INFO neutron.wsgi [None req-5148d3ae-8d64-4ed2-ab81-3c450cb4b67a 26f5492473a24c84909c131caf9bc9a1 86bc85a8f8dc40c98c43ea4d28ab5386 - - default default] 10.0.0.140 "DELETE /v2.0/trunks/0823844a-c67e-4393-baa5-46d25041c0d9/tags/green HTTP/1.1" status: 404 len: 299 time: 0.0356593
2026-05-06 02:32:03.682 11 INFO neutron.wsgi [None req-a6c8c240-7ae5-48b9-bbfd-f2cb9e6e5a8f 26f5492473a24c84909c131caf9bc9a1 86bc85a8f8dc40c98c43ea4d28ab5386 - - default default] 10.0.0.140 "DELETE /v2.0/trunks/0823844a-c67e-4393-baa5-46d25041c0d9/tags HTTP/1.1" status: 204 len: 168 time: 0.1095288
2026-05-06 02:32:03.702 11 INFO neutron.wsgi [None req-d1d63107-90e1-4036-98bc-44869fecd034 26f5492473a24c84909c131caf9bc9a1 86bc85a8f8dc40c98c43ea4d28ab5386 - - default default] 10.0.0.140 "GET /v2.0/trunks/0823844a-c67e-4393-baa5-46d25041c0d9/tags HTTP/1.1" status: 200 len: 205 time: 0.0141933
2026-05-06 02:32:03.724 11 INFO neutron.wsgi [None req-3584acad-7b8d-414b-9801-8bff42d3fb86 26f5492473a24c84909c131caf9bc9a1 86bc85a8f8dc40c98c43ea4d28ab5386 - - default default] 10.0.0.140 "GET /v2.0/trunks/0823844a-c67e-4393-baa5-46d25041c0d9 HTTP/1.1" status: 200 len: 603 time: 0.0156863 /var/lib/openstack/lib/python3.10/site-packages/pycadf/identifier.py:71: UserWarning: Invalid uuid: neutron. To ensure interoperability, identifiers should be a valid uuid. warnings.warn(('Invalid uuid: %s. To ensure interoperability, '
2026-05-06 02:32:03.762 10 INFO neutron.wsgi [req-385b2dbd-d334-4d6c-a1f7-f8752ab57c47 req-eba63834-2800-4b2c-9d58-3f0aba7c1624 059dd4792f9840a7996c913ad60288fa 9e1e1488ce14464e884f47ea96c05141 - - b55d5f6f0ff1483bb3a71a1c3ca2fa88 b55d5f6f0ff1483bb3a71a1c3ca2fa88] 199.19.213.147 "GET /v2.0/ports?tenant_id=a971d329d41b4e638db86990a3b05b23&device_id=7644ab6f-efa7-4ffc-a43f-99dca1580e1b HTTP/1.1" status: 200 len: 1638 time: 0.1746693
2026-05-06 02:32:03.828 11 INFO neutron.wsgi [None req-f5aabdad-7a45-4746-aecd-fc5b2954c8ca 26f5492473a24c84909c131caf9bc9a1 86bc85a8f8dc40c98c43ea4d28ab5386 - - default default] 10.0.0.140 "GET /v2.0/ports/a66ba6a2-5651-4bb4-9637-e88acf70cf7b HTTP/1.1" status: 200 len: 1020 time: 0.1009686
2026-05-06 02:32:03.842 10 INFO neutron.wsgi [req-385b2dbd-d334-4d6c-a1f7-f8752ab57c47 req-cc4bd11c-0ffb-496a-af76-2ddd0a8bb229 059dd4792f9840a7996c913ad60288fa 9e1e1488ce14464e884f47ea96c05141 - - b55d5f6f0ff1483bb3a71a1c3ca2fa88 b55d5f6f0ff1483bb3a71a1c3ca2fa88] 199.19.213.147 "GET /v2.0/networks?id=e9de600c-c631-473b-b4dc-383828a355c1 HTTP/1.1" status: 200 len: 1003 time: 0.0722806
2026-05-06 02:32:03.882 10 INFO neutron.wsgi [req-385b2dbd-d334-4d6c-a1f7-f8752ab57c47 req-8e8a06d7-cf19-4dc8-9391-a9f9ad6d3469 059dd4792f9840a7996c913ad60288fa 9e1e1488ce14464e884f47ea96c05141 - - b55d5f6f0ff1483bb3a71a1c3ca2fa88 b55d5f6f0ff1483bb3a71a1c3ca2fa88] 199.19.213.147 "GET /v2.0/floatingips?fixed_ip_address=10.2.1.164&port_id=1892a49c-b44e-4118-8bdd-d1320b60583e HTTP/1.1" status: 200 len: 217 time: 0.0318179
2026-05-06 02:32:03.923 10 INFO neutron.wsgi [req-385b2dbd-d334-4d6c-a1f7-f8752ab57c47 req-345d471d-401a-4073-8048-7675f7fd3b1f 059dd4792f9840a7996c913ad60288fa 9e1e1488ce14464e884f47ea96c05141 - - b55d5f6f0ff1483bb3a71a1c3ca2fa88 b55d5f6f0ff1483bb3a71a1c3ca2fa88] 199.19.213.147 "GET /v2.0/floatingips?fixed_ip_address=fd7b%3Af9f7%3Afff%3A4eca%3A%3A261&port_id=1892a49c-b44e-4118-8bdd-d1320b60583e HTTP/1.1" status: 200 len: 217 time: 0.0333562
2026-05-06 02:32:03.986 10 INFO neutron.wsgi [req-385b2dbd-d334-4d6c-a1f7-f8752ab57c47 req-c72ab2a5-ed2f-4d77-8e03-4d94557f29fc 059dd4792f9840a7996c913ad60288fa 9e1e1488ce14464e884f47ea96c05141 - - b55d5f6f0ff1483bb3a71a1c3ca2fa88 b55d5f6f0ff1483bb3a71a1c3ca2fa88] 199.19.213.147 "GET /v2.0/subnets?id=33bd9b06-0b6f-4d4f-a262-9b3c3cdc2eac&id=e658db5c-dcfa-4ec4-9243-ed8421024ac7 HTTP/1.1" status: 200 len: 1563 time: 0.0565841
2026-05-06 02:32:04.015 10 INFO neutron.wsgi [req-385b2dbd-d334-4d6c-a1f7-f8752ab57c47 req-13689b9f-b63d-4dd5-9ad3-22b5d2b652cb 059dd4792f9840a7996c913ad60288fa 9e1e1488ce14464e884f47ea96c05141 - - b55d5f6f0ff1483bb3a71a1c3ca2fa88 b55d5f6f0ff1483bb3a71a1c3ca2fa88] 199.19.213.147 "GET /v2.0/ports?network_id=e9de600c-c631-473b-b4dc-383828a355c1&device_owner=network%3Adhcp HTTP/1.1" status: 200 len: 210 time: 0.0213804
2026-05-06 02:32:04.049 10 INFO neutron.wsgi [req-385b2dbd-d334-4d6c-a1f7-f8752ab57c47 req-b5e973ee-9ef4-4bb7-abe9-63a804dfea85 059dd4792f9840a7996c913ad60288fa 9e1e1488ce14464e884f47ea96c05141 - - b55d5f6f0ff1483bb3a71a1c3ca2fa88 b55d5f6f0ff1483bb3a71a1c3ca2fa88] 199.19.213.147 "GET /v2.0/ports?network_id=e9de600c-c631-473b-b4dc-383828a355c1&device_owner=network%3Adhcp HTTP/1.1" status: 200 len: 210 time: 0.0275691
2026-05-06 02:32:04.108 10 INFO neutron.wsgi [req-385b2dbd-d334-4d6c-a1f7-f8752ab57c47 req-b494e94c-004c-4b24-aa81-c133d941807a 059dd4792f9840a7996c913ad60288fa 9e1e1488ce14464e884f47ea96c05141 - - b55d5f6f0ff1483bb3a71a1c3ca2fa88 b55d5f6f0ff1483bb3a71a1c3ca2fa88] 199.19.213.147 "GET /v2.0/networks/e9de600c-c631-473b-b4dc-383828a355c1?fields=segments HTTP/1.1" status: 200 len: 212 time: 0.0509937
2026-05-06 02:32:04.123 10 INFO neutron.wsgi [None req-c11a61e3-f10a-495a-a1a4-1d392c8a3e22 26f5492473a24c84909c131caf9bc9a1 86bc85a8f8dc40c98c43ea4d28ab5386 - - default default] 10.0.0.140 "DELETE /v2.0/trunks/0823844a-c67e-4393-baa5-46d25041c0d9 HTTP/1.1" status: 204 len: 168 time: 0.2892311
2026-05-06 02:32:04.200 10 INFO neutron.wsgi [req-385b2dbd-d334-4d6c-a1f7-f8752ab57c47 req-e50b0b9a-f1af-48a8-aabd-c09d50efe02a 059dd4792f9840a7996c913ad60288fa 9e1e1488ce14464e884f47ea96c05141 - - b55d5f6f0ff1483bb3a71a1c3ca2fa88 b55d5f6f0ff1483bb3a71a1c3ca2fa88] 199.19.213.147 "GET /v2.0/networks/e9de600c-c631-473b-b4dc-383828a355c1?fields=provider%3Aphysical_network&fields=provider%3Anetwork_type HTTP/1.1" status: 200 len: 277 time: 0.0883679
2026-05-06 02:32:04.232 10 INFO neutron.plugins.ml2.drivers.ovn.mech_driver.mech_driver [None req-f8b393ac-a4c8-43d2-9ab8-dd3cbc701aa1 - - - - - -] OVN reports status down for port: 1892a49c-b44e-4118-8bdd-d1320b60583e
2026-05-06 02:32:04.234 11 INFO neutron.wsgi [req-c4e55310-7b7f-4391-a535-835c0f787c2b req-31f8e32c-0ea6-4757-9708-108f481934e1 318aca6a62b14c87a47040e77fa178f6 a971d329d41b4e638db86990a3b05b23 - - default default] 10.0.0.47 "GET /v2.0/ports?device_id=7644ab6f-efa7-4ffc-a43f-99dca1580e1b HTTP/1.1" status: 200 len: 1400 time: 0.1593571
2026-05-06 02:32:04.294 11 INFO neutron.wsgi [req-c4e55310-7b7f-4391-a535-835c0f787c2b req-0aa4d1da-87c1-4cd6-a361-805986a1d043 318aca6a62b14c87a47040e77fa178f6 a971d329d41b4e638db86990a3b05b23 - - default default] 10.0.0.47 "GET /v2.0/security-groups?id=ac2b6c0a-49d5-4e1d-844c-1414f082173a&fields=id&fields=name HTTP/1.1" status: 200 len: 311 time: 0.0542748
2026-05-06 02:32:04.774 10 INFO neutron.wsgi [None req-79b18870-6f19-4b37-9b6c-77cc902cd851 26f5492473a24c84909c131caf9bc9a1 86bc85a8f8dc40c98c43ea4d28ab5386 - - default default] 10.0.0.140 "DELETE /v2.0/ports/a66ba6a2-5651-4bb4-9637-e88acf70cf7b HTTP/1.1" status: 204 len: 168 time: 0.6417916
2026-05-06 02:32:04.939 10 INFO neutron.wsgi [req-87e0bbce-6283-427e-9670-a671a778c0cd req-a5fe2977-c624-404d-abbb-007b4aa1d155 318aca6a62b14c87a47040e77fa178f6 a971d329d41b4e638db86990a3b05b23 - - default default] 199.19.213.147 "GET /v2.0/ports?device_id=7644ab6f-efa7-4ffc-a43f-99dca1580e1b HTTP/1.1" status: 200 len: 1398 time: 0.1501839
2026-05-06 02:32:05.154 10 INFO neutron.db.ovn_revision_numbers_db [None req-f8b393ac-a4c8-43d2-9ab8-dd3cbc701aa1 - - - - - -] Successfully bumped revision number for resource 1892a49c-b44e-4118-8bdd-d1320b60583e (type: ports) to 5
2026-05-06 02:32:05.586 10 INFO neutron.services.segments.plugin [-] Segment 73a97107-8a3c-4f3b-9359-e12c8684fab2 resource provider aggregate not found
2026-05-06 02:32:05.593 10 INFO neutron.services.segments.plugin [-] Segment 73a97107-8a3c-4f3b-9359-e12c8684fab2 resource provider aggregate not found
2026-05-06 02:32:05.602 10 INFO neutron.wsgi [req-87e0bbce-6283-427e-9670-a671a778c0cd req-6ca0b9b5-9e51-4e25-a440-8db4186a59a2 318aca6a62b14c87a47040e77fa178f6 a971d329d41b4e638db86990a3b05b23 - - default default] 199.19.213.147 "DELETE /v2.0/ports/1892a49c-b44e-4118-8bdd-d1320b60583e HTTP/1.1" status: 204 len: 173 time: 0.6567628
2026-05-06 02:32:05.609 10 INFO neutron.services.segments.plugin [-] Segment 73a97107-8a3c-4f3b-9359-e12c8684fab2 resource provider not found; error: Placement Client Error (4xx): {"errors": [{"status": 404, "title": "Not Found", "detail": "The resource could not be found.\n\n No resource provider with uuid 73a97107-8a3c-4f3b-9359-e12c8684fab2 found for delete ", "request_id": "req-92790b4a-e533-4c34-9ec4-6d7e562000cd"}]}
2026-05-06 02:32:05.612 10 INFO neutron.services.segments.plugin [-] Segment 73a97107-8a3c-4f3b-9359-e12c8684fab2 resource provider not found; error: Placement Client Error (4xx): {"errors": [{"status": 404, "title": "Not Found", "detail": "The resource could not be found.\n\n No resource provider with uuid 73a97107-8a3c-4f3b-9359-e12c8684fab2 found for delete ", "request_id": "req-33255cfc-fd16-4067-93dc-68fe8a2b4d4d"}]}
2026-05-06 02:32:05.674 10 INFO neutron.notifiers.nova [-] Nova event matching ['req-eef79df7-5ff8-438f-9ea8-c3c67551ea30'] response: {'server_uuid': '7644ab6f-efa7-4ffc-a43f-99dca1580e1b', 'name': 'network-vif-unplugged', 'status': 'completed', 'tag': '1892a49c-b44e-4118-8bdd-d1320b60583e', 'code': 200}
2026-05-06 02:32:05.674 10 INFO neutron.notifiers.nova [-] Nova event matching ['req-eef79df7-5ff8-438f-9ea8-c3c67551ea30'] response: {'server_uuid': '7644ab6f-efa7-4ffc-a43f-99dca1580e1b', 'name': 'network-vif-plugged', 'status': 'completed', 'tag': '1892a49c-b44e-4118-8bdd-d1320b60583e', 'code': 200}
2026-05-06 02:32:05.814 10 INFO neutron.wsgi [None req-3a5cd09e-cbe1-433d-b803-91ce7f459fcc 26f5492473a24c84909c131caf9bc9a1 86bc85a8f8dc40c98c43ea4d28ab5386 - - default default] 10.0.0.140 "DELETE /v2.0/networks/d9dda4ed-e84c-4cf0-b258-2d051570c5f1 HTTP/1.1" status: 204 len: 168 time: 1.0310791 /var/lib/openstack/lib/python3.10/site-packages/pycadf/identifier.py:71: UserWarning: Invalid uuid: neutron. To ensure interoperability, identifiers should be a valid uuid. warnings.warn(('Invalid uuid: %s. To ensure interoperability, '
2026-05-06 02:32:07.721 10 INFO neutron.notifiers.nova [-] Nova event matching ['req-7d4e13c5-09ca-47e6-87b7-b3e1f223233b'] response: {'server_uuid': '7644ab6f-efa7-4ffc-a43f-99dca1580e1b', 'name': 'network-vif-deleted', 'tag': '1892a49c-b44e-4118-8bdd-d1320b60583e', 'status': 'completed', 'code': 200}
2026-05-06 02:32:07.726 10 INFO neutron.wsgi [None req-dc26688e-38cc-4c64-90cf-26d5185438cd 09a5f2e746694bfdbab22fc27ee986a3 213cbe7d811148cbb2df98a35bd0c857 - - default default] 10.0.0.140 "GET /v2.0/security-groups?tenant_id=86bc85a8f8dc40c98c43ea4d28ab5386&name=default HTTP/1.1" status: 200 len: 3000 time: 0.1517329
2026-05-06 02:32:08.024 11 INFO neutron.wsgi [None req-5860a19a-b061-41c8-993d-68e42f45247e 09a5f2e746694bfdbab22fc27ee986a3 213cbe7d811148cbb2df98a35bd0c857 - - default default] 10.0.0.140 "DELETE /v2.0/security-groups/b7b43bae-8dba-4f9c-8f0a-6e952d2e70e7 HTTP/1.1" status: 204 len: 168 time: 0.2922740
2026-05-06 02:32:08.614 11 INFO neutron.wsgi [-] 10.0.0.102 "GET / HTTP/1.1" status: 200 len: 247 time: 0.0022116
2026-05-06 02:32:08.614 10 INFO neutron.wsgi [-] 10.0.0.102 "GET / HTTP/1.1" status: 200 len: 247 time: 0.0022445
2026-05-06 02:32:08.650 11 INFO neutron.db.ovn_revision_numbers_db [None req-fe4f19c6-a12d-4934-b3b3-6fd4c63f0270 09a5f2e746694bfdbab22fc27ee986a3 213cbe7d811148cbb2df98a35bd0c857 - - default default] Successfully bumped revision number for resource 2a7c3798-a9d0-43c0-b0a4-c3aff2553b48 (type: security_groups) to 1
2026-05-06 02:32:08.818 11 INFO neutron.db.ovn_revision_numbers_db [None req-fe4f19c6-a12d-4934-b3b3-6fd4c63f0270 09a5f2e746694bfdbab22fc27ee986a3 213cbe7d811148cbb2df98a35bd0c857 - - default default] Successfully bumped revision number for resource 56ab05e8-962b-4342-972b-344724046cc9 (type: security_group_rules) to 0
2026-05-06 02:32:09.090 11 INFO neutron.db.ovn_revision_numbers_db [None req-fe4f19c6-a12d-4934-b3b3-6fd4c63f0270 09a5f2e746694bfdbab22fc27ee986a3 213cbe7d811148cbb2df98a35bd0c857 - - default default] Successfully bumped revision number for resource 70303664-84da-40b3-a48e-ddde4e126007 (type: security_group_rules) to 0
2026-05-06 02:32:09.236 11 INFO neutron.db.ovn_revision_numbers_db [None req-fe4f19c6-a12d-4934-b3b3-6fd4c63f0270 09a5f2e746694bfdbab22fc27ee986a3 213cbe7d811148cbb2df98a35bd0c857 - - default default] Successfully bumped revision number for resource 760e868b-35c5-4ea2-b5a9-64b47bacce30 (type: security_group_rules) to 0
2026-05-06 02:32:09.617 11 INFO neutron.db.ovn_revision_numbers_db [None req-fe4f19c6-a12d-4934-b3b3-6fd4c63f0270 09a5f2e746694bfdbab22fc27ee986a3 213cbe7d811148cbb2df98a35bd0c857 - - default default] Successfully bumped revision number for resource eeb05824-0564-4cf0-9667-079a1ae80f7a (type: security_group_rules) to 0
2026-05-06 02:32:09.639 11 INFO neutron.wsgi [None req-fe4f19c6-a12d-4934-b3b3-6fd4c63f0270 09a5f2e746694bfdbab22fc27ee986a3 213cbe7d811148cbb2df98a35bd0c857 - - default default] 10.0.0.140 "GET /v2.0/security-groups?tenant_id=d0bc3f00a0314c75a94ca5971be081bb&name=default HTTP/1.1" status: 200 len: 3000 time: 1.4511454
2026-05-06 02:32:09.895 10 INFO neutron.wsgi [None req-a67b2a84-beb9-4f24-9fdf-27108b14ed15 318aca6a62b14c87a47040e77fa178f6 a971d329d41b4e638db86990a3b05b23 - - default default] 10.0.0.140 "DELETE /v2.0/security-group-rules/15726b5b-4af1-4115-9de0-491eb2164620 HTTP/1.1" status: 204 len: 168 time: 0.5394366
2026-05-06 02:32:09.910 10 INFO neutron.api.v2.resource [None req-9db161b5-8f8d-44d7-a17e-90dbfa40f7c0 318aca6a62b14c87a47040e77fa178f6 a971d329d41b4e638db86990a3b05b23 - - default default] show failed (client error): The resource could not be found.
2026-05-06 02:32:09.911 10 INFO neutron.wsgi [None req-9db161b5-8f8d-44d7-a17e-90dbfa40f7c0 318aca6a62b14c87a47040e77fa178f6 a971d329d41b4e638db86990a3b05b23 - - default default] 10.0.0.140 "GET /v2.0/security-group-rules/15726b5b-4af1-4115-9de0-491eb2164620 HTTP/1.1" status: 404 len: 356 time: 0.0101049
2026-05-06 02:32:10.143 11 INFO neutron.wsgi [None req-2334910b-ae7d-47e5-9b28-ffa54aed032d 09a5f2e746694bfdbab22fc27ee986a3 213cbe7d811148cbb2df98a35bd0c857 - - default default] 10.0.0.140 "DELETE /v2.0/security-groups/2a7c3798-a9d0-43c0-b0a4-c3aff2553b48 HTTP/1.1" status: 204 len: 168 time: 0.4991920
2026-05-06 02:32:10.156 10 INFO neutron.wsgi [None req-9904bb23-4ec8-43f3-9a03-d86e6e484c4a 318aca6a62b14c87a47040e77fa178f6 a971d329d41b4e638db86990a3b05b23 - - default default] 10.0.0.140 "DELETE /v2.0/security-group-rules/4115b781-dbe5-41a5-89a5-d7cd1a56204a HTTP/1.1" status: 204 len: 168 time: 0.2402620
