2026-05-06 02:27:45.661 11 WARNING neutron.api.rpc.agentnotifiers.dhcp_rpc_agent_api [None req-01e65db3-97df-461e-afb3-372066ed025d 09a5f2e746694bfdbab22fc27ee986a3 213cbe7d811148cbb2df98a35bd0c857 - - default default] Unable to schedule network 5bc4dac3-2c90-40e7-bbe6-cc782a418639: no agents available; will retry on subsequent port and subnet creation events.
2026-05-06 02:27:45.696 10 INFO neutron.wsgi [None req-d9879ba2-5dc4-425b-aa84-692f4bbca3e3 3f4eeffd2515410c84ba01ee516f2bbc 7641de24348141ea8b99e51030e827c9 - - default default] 10.0.0.140 "POST /v2.0/networks HTTP/1.1" status: 201 len: 833 time: 0.6769207
2026-05-06 02:27:45.722 11 INFO neutron.db.ovn_revision_numbers_db [None req-c3300174-91eb-4d40-9c8c-e56908912e61 - - - - - -] Successfully bumped revision number for resource 897492f3-5810-4de5-b29f-bd90715bcb2a (type: ports) to 1
2026-05-06 02:27:45.754 10 INFO neutron.wsgi [None req-96d8a3a2-201c-4b3d-8326-4f4036a232e2 09a5f2e746694bfdbab22fc27ee986a3 213cbe7d811148cbb2df98a35bd0c857 - - default default] 10.0.0.140 "DELETE /v2.0/routers/c7fce64b-a79c-45ad-8b7e-b1574a216509 HTTP/1.1" status: 204 len: 168 time: 1.0581515
2026-05-06 02:27:45.973 10 INFO neutron.wsgi [None req-829f0157-2fd6-43a1-b8e2-38135498ec21 09a5f2e746694bfdbab22fc27ee986a3 213cbe7d811148cbb2df98a35bd0c857 - - default default] 10.0.0.140 "DELETE /v2.0/subnets/1791e8ee-ae14-4ab2-94b2-3fa890c80b7d HTTP/1.1" status: 204 len: 168 time: 0.2136662
2026-05-06 02:27:45.978 10 WARNING neutron.scheduler.dhcp_agent_scheduler [None req-48755646-497d-466d-89da-4cb1ab50d049 3f4eeffd2515410c84ba01ee516f2bbc 7641de24348141ea8b99e51030e827c9 - - default default] No more DHCP agents
2026-05-06 02:27:45.983 10 WARNING neutron.api.rpc.agentnotifiers.dhcp_rpc_agent_api [None req-48755646-497d-466d-89da-4cb1ab50d049 3f4eeffd2515410c84ba01ee516f2bbc 7641de24348141ea8b99e51030e827c9 - - default default] Unable to schedule network 2130d963-fe16-4250-8d0b-41c6c99d06bf: no agents available; will retry on subsequent port and subnet creation events.
2026-05-06 02:27:46.034 10 INFO neutron.db.ovn_revision_numbers_db [None req-48755646-497d-466d-89da-4cb1ab50d049 3f4eeffd2515410c84ba01ee516f2bbc 7641de24348141ea8b99e51030e827c9 - - default default] Successfully bumped revision number for resource 91b8f125-f8a8-48fd-bb27-18adbfe464bd (type: subnets) to 0
2026-05-06 02:27:46.049 10 INFO neutron.wsgi [None req-48755646-497d-466d-89da-4cb1ab50d049 3f4eeffd2515410c84ba01ee516f2bbc 7641de24348141ea8b99e51030e827c9 - - default default] 10.0.0.140 "POST /v2.0/subnets HTTP/1.1" status: 201 len: 821 time: 0.3481417
2026-05-06 02:27:46.140 11 INFO neutron.db.ovn_revision_numbers_db [None req-01e65db3-97df-461e-afb3-372066ed025d 09a5f2e746694bfdbab22fc27ee986a3 213cbe7d811148cbb2df98a35bd0c857 - - default default] Successfully bumped revision number for resource 330baccc-2946-4741-8f15-7b660f522c02 (type: ports) to 1
2026-05-06 02:27:46.198 10 INFO neutron.services.segments.plugin [-] Segment 0be02552-ef2b-4f74-ada3-3c4e242ed01e resource provider aggregate not found
2026-05-06 02:27:46.203 10 INFO neutron.services.segments.plugin [-] Segment 0be02552-ef2b-4f74-ada3-3c4e242ed01e resource provider aggregate not found
2026-05-06 02:27:46.228 10 INFO neutron.services.segments.plugin [-] Segment 0be02552-ef2b-4f74-ada3-3c4e242ed01e resource provider not found; error: Placement Client Error (4xx): {"errors": [{"status": 404, "title": "Not Found", "detail": "The resource could not be found.\n\n No resource provider with uuid 0be02552-ef2b-4f74-ada3-3c4e242ed01e found for delete ", "request_id": "req-4e0af3db-8bb0-41ab-b291-91a141b61c8f"}]}
2026-05-06 02:27:46.228 10 INFO neutron.services.segments.plugin [-] Segment 0be02552-ef2b-4f74-ada3-3c4e242ed01e resource provider not found; error: Placement Client Error (4xx): {"errors": [{"status": 404, "title": "Not Found", "detail": "The resource could not be found.\n\n No resource provider with uuid 0be02552-ef2b-4f74-ada3-3c4e242ed01e found for delete ", "request_id": "req-8d1555d7-3614-429f-a34e-bf734d2e6b30"}]}
2026-05-06 02:27:46.272 10 INFO neutron.db.ovn_revision_numbers_db [None req-cf88a430-14c5-4846-805d-7b5fad669561 3f4eeffd2515410c84ba01ee516f2bbc 7641de24348141ea8b99e51030e827c9 - - default default] Successfully bumped revision number for resource 4f266651-3b9a-4fbb-8d46-e500eba54f92 (type: routers) to 1
2026-05-06 02:27:46.294 10 INFO neutron.wsgi [None req-cf88a430-14c5-4846-805d-7b5fad669561 3f4eeffd2515410c84ba01ee516f2bbc 7641de24348141ea8b99e51030e827c9 - - default default] 10.0.0.140 "POST /v2.0/routers HTTP/1.1" status: 201 len: 691 time: 0.2385254
2026-05-06 02:27:46.437 11 INFO neutron.db.ovn_revision_numbers_db [None req-c3300174-91eb-4d40-9c8c-e56908912e61 - - - - - -] Successfully bumped revision number for resource 897492f3-5810-4de5-b29f-bd90715bcb2a (type: router_ports) to 3
2026-05-06 02:27:46.475 10 INFO neutron.wsgi [None req-c165b3bf-6cdd-41a5-abbf-68b2f9a9def1 09a5f2e746694bfdbab22fc27ee986a3 213cbe7d811148cbb2df98a35bd0c857 - - default default] 10.0.0.140 "DELETE /v2.0/networks/669da014-bfe3-4053-9a1a-6b9f21e3a92c HTTP/1.1" status: 204 len: 168 time: 0.4962943
2026-05-06 02:27:46.628 10 INFO neutron.wsgi [None req-20e79871-b9e1-4c2d-8418-6d30d2124fe5 09a5f2e746694bfdbab22fc27ee986a3 213cbe7d811148cbb2df98a35bd0c857 - - default default] 10.0.0.140 "GET /v2.0/security-groups?tenant_id=c7a7c20da5664b359c8bdb44c15dbaa2&name=default HTTP/1.1" status: 200 len: 2996 time: 0.0426133 /var/lib/openstack/lib/python3.10/site-packages/pycadf/identifier.py:71: UserWarning: Invalid uuid: neutron. To ensure interoperability, identifiers should be a valid uuid. warnings.warn(('Invalid uuid: %s. To ensure interoperability, '
2026-05-06 02:27:46.648 10 WARNING neutron.scheduler.dhcp_agent_scheduler [None req-95a12656-b9d6-4b10-9b8e-24fcac20dbad 3f4eeffd2515410c84ba01ee516f2bbc 7641de24348141ea8b99e51030e827c9 - - default default] No more DHCP agents
2026-05-06 02:27:46.651 10 WARNING neutron.api.rpc.agentnotifiers.dhcp_rpc_agent_api [None req-95a12656-b9d6-4b10-9b8e-24fcac20dbad 3f4eeffd2515410c84ba01ee516f2bbc 7641de24348141ea8b99e51030e827c9 - - default default] Unable to schedule network 2130d963-fe16-4250-8d0b-41c6c99d06bf: no agents available; will retry on subsequent port and subnet creation events.
2026-05-06 02:27:46.737 11 INFO neutron.wsgi [None req-b1a49fda-d784-44f9-93ce-a6fac1c91e8c 09a5f2e746694bfdbab22fc27ee986a3 213cbe7d811148cbb2df98a35bd0c857 - - default default] 10.0.0.140 "PUT /v2.0/routers/2ffc79be-e700-47c0-9535-51afb91e5da5/remove_router_interface HTTP/1.1" status: 200 len: 503 time: 2.0001078 /var/lib/openstack/lib/python3.10/site-packages/pycadf/identifier.py:71: UserWarning: Invalid uuid: neutron. To ensure interoperability, identifiers should be a valid uuid. warnings.warn(('Invalid uuid: %s. To ensure interoperability, '
2026-05-06 02:27:46.774 11 INFO neutron.db.ovn_revision_numbers_db [None req-c3300174-91eb-4d40-9c8c-e56908912e61 - - - - - -] Successfully bumped revision number for resource 897492f3-5810-4de5-b29f-bd90715bcb2a (type: ports) to 2
2026-05-06 02:27:46.793 10 INFO neutron.db.ovn_revision_numbers_db [None req-95a12656-b9d6-4b10-9b8e-24fcac20dbad 3f4eeffd2515410c84ba01ee516f2bbc 7641de24348141ea8b99e51030e827c9 - - default default] Successfully bumped revision number for resource 300a4f4d-bc27-457d-a5cc-8ee025ce39c1 (type: ports) to 1
2026-05-06 02:27:46.816 10 INFO neutron.wsgi [None req-95a12656-b9d6-4b10-9b8e-24fcac20dbad 3f4eeffd2515410c84ba01ee516f2bbc 7641de24348141ea8b99e51030e827c9 - - default default] 10.0.0.140 "POST /v2.0/ports HTTP/1.1" status: 201 len: 1163 time: 0.5165792 /var/lib/openstack/lib/python3.10/site-packages/pycadf/identifier.py:71: UserWarning: Invalid uuid: neutron. To ensure interoperability, identifiers should be a valid uuid. warnings.warn(('Invalid uuid: %s. To ensure interoperability, '
2026-05-06 02:27:47.040 11 INFO neutron.db.ovn_revision_numbers_db [None req-01e65db3-97df-461e-afb3-372066ed025d 09a5f2e746694bfdbab22fc27ee986a3 213cbe7d811148cbb2df98a35bd0c857 - - default default] Successfully bumped revision number for resource 330baccc-2946-4741-8f15-7b660f522c02 (type: router_ports) to 1
2026-05-06 02:27:47.463 11 INFO neutron.wsgi [None req-c5815be9-7a08-4c21-beed-5fa6566aca58 09a5f2e746694bfdbab22fc27ee986a3 213cbe7d811148cbb2df98a35bd0c857 - - default default] 10.0.0.140 "DELETE /v2.0/security-groups/ceb1220e-1d8c-4ea8-b20b-38499e219852 HTTP/1.1" status: 204 len: 168 time: 0.8232064
2026-05-06 02:27:47.488 10 INFO neutron.plugins.ml2.drivers.ovn.mech_driver.mech_driver [None req-f8b393ac-a4c8-43d2-9ab8-dd3cbc701aa1 - - - - - -] OVN reports status up for port: 330baccc-2946-4741-8f15-7b660f522c02
2026-05-06 02:27:47.500 10 INFO neutron.plugins.ml2.plugin [None req-f8b393ac-a4c8-43d2-9ab8-dd3cbc701aa1 - - - - - -] Attempt 1 to provision port 330baccc-2946-4741-8f15-7b660f522c02
2026-05-06 02:27:47.503 10 INFO neutron.wsgi [None req-96b4c046-9db0-4a78-aac0-a1516a9a00d5 09a5f2e746694bfdbab22fc27ee986a3 213cbe7d811148cbb2df98a35bd0c857 - - default default] 10.0.0.140 "DELETE /v2.0/routers/2ffc79be-e700-47c0-9535-51afb91e5da5 HTTP/1.1" status: 204 len: 168 time: 0.7621679
2026-05-06 02:27:47.543 11 INFO neutron.db.ovn_revision_numbers_db [None req-c3300174-91eb-4d40-9c8c-e56908912e61 - - - - - -] Successfully bumped revision number for resource 897492f3-5810-4de5-b29f-bd90715bcb2a (type: ports) to 4
2026-05-06 02:27:47.556 11 INFO neutron.db.ovn_revision_numbers_db [None req-01e65db3-97df-461e-afb3-372066ed025d 09a5f2e746694bfdbab22fc27ee986a3 213cbe7d811148cbb2df98a35bd0c857 - - default default] Successfully bumped revision number for resource 330baccc-2946-4741-8f15-7b660f522c02 (type: ports) to 1
2026-05-06 02:27:47.742 10 INFO neutron.wsgi [None req-cc2146f4-d1f7-4d5d-8718-e9ae3e8717cf 09a5f2e746694bfdbab22fc27ee986a3 213cbe7d811148cbb2df98a35bd0c857 - - default default] 10.0.0.140 "DELETE /v2.0/subnets/ed748b47-9e3f-4e92-b2bb-ac62d270050c HTTP/1.1" status: 204 len: 168 time: 0.2337389
2026-05-06 02:27:47.744 11 WARNING neutron.scheduler.dhcp_agent_scheduler [None req-01e65db3-97df-461e-afb3-372066ed025d 09a5f2e746694bfdbab22fc27ee986a3 213cbe7d811148cbb2df98a35bd0c857 - - default default] No more DHCP agents
2026-05-06 02:27:47.747 11 WARNING neutron.api.rpc.agentnotifiers.dhcp_rpc_agent_api [None req-01e65db3-97df-461e-afb3-372066ed025d 09a5f2e746694bfdbab22fc27ee986a3 213cbe7d811148cbb2df98a35bd0c857 - - default default] Unable to schedule network 5bc4dac3-2c90-40e7-bbe6-cc782a418639: no agents available; will retry on subsequent port and subnet creation events. /var/lib/openstack/lib/python3.10/site-packages/pycadf/identifier.py:71: UserWarning: Invalid uuid: neutron. To ensure interoperability, identifiers should be a valid uuid. warnings.warn(('Invalid uuid: %s. To ensure interoperability, '
2026-05-06 02:27:47.830 10 INFO neutron.db.ovn_revision_numbers_db [None req-f8b393ac-a4c8-43d2-9ab8-dd3cbc701aa1 - - - - - -] Successfully bumped revision number for resource 330baccc-2946-4741-8f15-7b660f522c02 (type: ports) to 2
2026-05-06 02:27:47.831 11 INFO neutron.db.ovn_revision_numbers_db [None req-77910e4f-38ad-4a4d-8dd6-3aa2ce88dda4 3f4eeffd2515410c84ba01ee516f2bbc 7641de24348141ea8b99e51030e827c9 - - default default] Successfully bumped revision number for resource 300a4f4d-bc27-457d-a5cc-8ee025ce39c1 (type: router_ports) to 2
2026-05-06 02:27:47.956 10 INFO neutron.db.ovn_revision_numbers_db [None req-f8b393ac-a4c8-43d2-9ab8-dd3cbc701aa1 - - - - - -] Successfully bumped revision number for resource 330baccc-2946-4741-8f15-7b660f522c02 (type: router_ports) to 2
2026-05-06 02:27:48.104 11 INFO neutron.db.ovn_revision_numbers_db [None req-c3300174-91eb-4d40-9c8c-e56908912e61 - - - - - -] Successfully bumped revision number for resource 897492f3-5810-4de5-b29f-bd90715bcb2a (type: router_ports) to 4
2026-05-06 02:27:48.164 11 INFO neutron.db.ovn_revision_numbers_db [None req-77910e4f-38ad-4a4d-8dd6-3aa2ce88dda4 3f4eeffd2515410c84ba01ee516f2bbc 7641de24348141ea8b99e51030e827c9 - - default default] Successfully bumped revision number for resource 300a4f4d-bc27-457d-a5cc-8ee025ce39c1 (type: ports) to 2
2026-05-06 02:27:48.248 10 INFO neutron.services.segments.plugin [-] Segment ae5172a7-ca81-4800-9888-33c74e7f63c5 resource provider aggregate not found
2026-05-06 02:27:48.254 10 INFO neutron.services.segments.plugin [-] Segment ae5172a7-ca81-4800-9888-33c74e7f63c5 resource provider aggregate not found
2026-05-06 02:27:48.271 10 INFO neutron.services.segments.plugin [-] Segment ae5172a7-ca81-4800-9888-33c74e7f63c5 resource provider not found; error: Placement Client Error (4xx): {"errors": [{"status": 404, "title": "Not Found", "detail": "The resource could not be found.\n\n No resource provider with uuid ae5172a7-ca81-4800-9888-33c74e7f63c5 found for delete ", "request_id": "req-252ee67a-d9a5-482f-97df-ebedb2949c51"}]}
2026-05-06 02:27:48.273 10 INFO neutron.services.segments.plugin [-] Segment ae5172a7-ca81-4800-9888-33c74e7f63c5 resource provider not found; error: Placement Client Error (4xx): {"errors": [{"status": 404, "title": "Not Found", "detail": "The resource could not be found.\n\n No resource provider with uuid ae5172a7-ca81-4800-9888-33c74e7f63c5 found for delete ", "request_id": "req-ca89b4dd-8688-49cc-a39d-befcc9403199"}]}
2026-05-06 02:27:48.644 11 INFO neutron.services.segments.plugin [-] Segment bef176c6-17af-4064-9b0d-e39cff113812 resource provider aggregate not found
2026-05-06 02:27:48.649 11 INFO neutron.services.segments.plugin [-] Segment bef176c6-17af-4064-9b0d-e39cff113812 resource provider aggregate not found
2026-05-06 02:27:48.666 11 INFO neutron.services.segments.plugin [-] Segment bef176c6-17af-4064-9b0d-e39cff113812 resource provider not found; error: Placement Client Error (4xx): {"errors": [{"status": 404, "title": "Not Found", "detail": "The resource could not be found.\n\n No resource provider with uuid bef176c6-17af-4064-9b0d-e39cff113812 found for delete ", "request_id": "req-c528c795-c2b8-4e57-9bf8-8b1981bce508"}]}
2026-05-06 02:27:48.673 11 INFO neutron.services.segments.plugin [-] Segment bef176c6-17af-4064-9b0d-e39cff113812 resource provider not found; error: Placement Client Error (4xx): {"errors": [{"status": 404, "title": "Not Found", "detail": "The resource could not be found.\n\n No resource provider with uuid bef176c6-17af-4064-9b0d-e39cff113812 found for delete ", "request_id": "req-36bf30e2-717a-4bf6-b9ab-d5e9ca4f9ec4"}]}
2026-05-06 02:27:48.715 11 INFO neutron.wsgi [None req-d4b5d8c8-a079-466b-a1ae-320868b8e70a 09a5f2e746694bfdbab22fc27ee986a3 213cbe7d811148cbb2df98a35bd0c857 - - default default] 10.0.0.140 "DELETE /v2.0/networks/58d3a50d-00c7-4343-acea-598e5349bd46 HTTP/1.1" status: 204 len: 168 time: 0.9585919
2026-05-06 02:27:48.784 11 INFO neutron.db.ovn_revision_numbers_db [None req-01e65db3-97df-461e-afb3-372066ed025d 09a5f2e746694bfdbab22fc27ee986a3 213cbe7d811148cbb2df98a35bd0c857 - - default default] Successfully bumped revision number for resource 330baccc-2946-4741-8f15-7b660f522c02 (type: router_ports) to 2
2026-05-06 02:27:48.786 11 INFO neutron.wsgi [None req-01e65db3-97df-461e-afb3-372066ed025d 09a5f2e746694bfdbab22fc27ee986a3 213cbe7d811148cbb2df98a35bd0c857 - - default default] 10.0.0.140 "PUT /v2.0/routers/fc765b7b-4bfb-44fc-b33f-abf36eebae9f/add_router_interface HTTP/1.1" status: 200 len: 503 time: 3.9662623
2026-05-06 02:27:48.878 10 INFO neutron.wsgi [None req-722d5cdb-c1e7-4621-a22d-cc0fdd8a8f50 09a5f2e746694bfdbab22fc27ee986a3 213cbe7d811148cbb2df98a35bd0c857 - - default default] 10.0.0.140 "GET /v2.0/security-groups?tenant_id=14db67a50d4340b8a28b9a80dfc6d58b&name=default HTTP/1.1" status: 200 len: 2996 time: 0.0335522
2026-05-06 02:27:49.000 11 INFO neutron.db.ovn_revision_numbers_db [None req-77910e4f-38ad-4a4d-8dd6-3aa2ce88dda4 3f4eeffd2515410c84ba01ee516f2bbc 7641de24348141ea8b99e51030e827c9 - - default default] Successfully bumped revision number for resource 300a4f4d-bc27-457d-a5cc-8ee025ce39c1 (type: router_ports) to 2
2026-05-06 02:27:49.081 10 INFO neutron.wsgi [None req-d3d7140f-667a-45cb-bce9-8fb3cf2c175a 09a5f2e746694bfdbab22fc27ee986a3 213cbe7d811148cbb2df98a35bd0c857 - - default default] 10.0.0.140 "DELETE /v2.0/security-groups/fdbb54a5-adaf-456e-9d54-cf71698a9e44 HTTP/1.1" status: 204 len: 168 time: 0.1974773
2026-05-06 02:27:49.105 11 INFO neutron.db.ovn_revision_numbers_db [None req-77910e4f-38ad-4a4d-8dd6-3aa2ce88dda4 3f4eeffd2515410c84ba01ee516f2bbc 7641de24348141ea8b99e51030e827c9 - - default default] Successfully bumped revision number for resource 300a4f4d-bc27-457d-a5cc-8ee025ce39c1 (type: ports) to 2
2026-05-06 02:27:49.177 11 WARNING neutron.scheduler.dhcp_agent_scheduler [None req-77910e4f-38ad-4a4d-8dd6-3aa2ce88dda4 3f4eeffd2515410c84ba01ee516f2bbc 7641de24348141ea8b99e51030e827c9 - - default default] No more DHCP agents
2026-05-06 02:27:49.178 11 WARNING neutron.api.rpc.agentnotifiers.dhcp_rpc_agent_api [None req-77910e4f-38ad-4a4d-8dd6-3aa2ce88dda4 3f4eeffd2515410c84ba01ee516f2bbc 7641de24348141ea8b99e51030e827c9 - - default default] Unable to schedule network 2130d963-fe16-4250-8d0b-41c6c99d06bf: no agents available; will retry on subsequent port and subnet creation events.
2026-05-06 02:27:49.355 11 INFO neutron.db.ovn_revision_numbers_db [None req-77910e4f-38ad-4a4d-8dd6-3aa2ce88dda4 3f4eeffd2515410c84ba01ee516f2bbc 7641de24348141ea8b99e51030e827c9 - - default default] Successfully bumped revision number for resource 300a4f4d-bc27-457d-a5cc-8ee025ce39c1 (type: router_ports) to 2
2026-05-06 02:27:49.358 11 INFO neutron.wsgi [None req-77910e4f-38ad-4a4d-8dd6-3aa2ce88dda4 3f4eeffd2515410c84ba01ee516f2bbc 7641de24348141ea8b99e51030e827c9 - - default default] 10.0.0.140 "PUT /v2.0/routers/4f266651-3b9a-4fbb-8d46-e500eba54f92/add_router_interface HTTP/1.1" status: 200 len: 503 time: 2.5336835
2026-05-06 02:27:49.399 10 INFO neutron.wsgi [None req-2cc2f478-a252-4c53-8e43-05dc505e3feb 3f4eeffd2515410c84ba01ee516f2bbc 7641de24348141ea8b99e51030e827c9 - - default default] 10.0.0.140 "GET /v2.0/ports/300a4f4d-bc27-457d-a5cc-8ee025ce39c1 HTTP/1.1" status: 200 len: 1219 time: 0.0361373 /var/lib/openstack/lib/python3.10/site-packages/pycadf/identifier.py:71: UserWarning: Invalid uuid: neutron. To ensure interoperability, identifiers should be a valid uuid. warnings.warn(('Invalid uuid: %s. To ensure interoperability, '
2026-05-06 02:27:49.445 10 INFO neutron.db.ovn_revision_numbers_db [None req-8c86940b-b8ef-459e-a4e9-eb36c5556235 0fb42ba774344446994f70999e7a2fbd 40016b10e8e24ccb9e5d039af2814c62 - - default default] Successfully bumped revision number for resource af2d5fe9-7d7c-4559-946e-570243a4b73d (type: security_groups) to 1
2026-05-06 02:27:49.478 10 INFO neutron.db.ovn_revision_numbers_db [None req-8c86940b-b8ef-459e-a4e9-eb36c5556235 0fb42ba774344446994f70999e7a2fbd 40016b10e8e24ccb9e5d039af2814c62 - - default default] Successfully bumped revision number for resource 23aa8de1-3e6e-4451-a2a0-fbaa390a8691 (type: security_group_rules) to 0
2026-05-06 02:27:49.491 10 INFO neutron.db.ovn_revision_numbers_db [None req-8c86940b-b8ef-459e-a4e9-eb36c5556235 0fb42ba774344446994f70999e7a2fbd 40016b10e8e24ccb9e5d039af2814c62 - - default default] Successfully bumped revision number for resource a9a0ece7-941d-449f-89c0-6a799cda2f35 (type: security_group_rules) to 0
2026-05-06 02:27:49.510 10 INFO neutron.wsgi [None req-8c86940b-b8ef-459e-a4e9-eb36c5556235 0fb42ba774344446994f70999e7a2fbd 40016b10e8e24ccb9e5d039af2814c62 - - default default] 10.0.0.140 "POST /v2.0/security-groups HTTP/1.1" status: 201 len: 1796 time: 0.1976817 /var/lib/openstack/lib/python3.10/site-packages/pycadf/identifier.py:71: UserWarning: Invalid uuid: neutron. To ensure interoperability, identifiers should be a valid uuid. warnings.warn(('Invalid uuid: %s. To ensure interoperability, '
2026-05-06 02:27:49.682 11 INFO neutron.db.ovn_revision_numbers_db [None req-30f12b1f-c7ab-4c45-88d8-b7844874e527 0fb42ba774344446994f70999e7a2fbd 40016b10e8e24ccb9e5d039af2814c62 - - default default] Successfully bumped revision number for resource 36fb0d72-96a0-493f-81ab-0af5b660bbee (type: security_group_rules) to 0
2026-05-06 02:27:49.722 11 INFO neutron.wsgi [None req-30f12b1f-c7ab-4c45-88d8-b7844874e527 0fb42ba774344446994f70999e7a2fbd 40016b10e8e24ccb9e5d039af2814c62 - - default default] 10.0.0.140 "POST /v2.0/security-group-rules HTTP/1.1" status: 201 len: 764 time: 0.2070124
2026-05-06 02:27:49.866 10 INFO neutron.db.ovn_revision_numbers_db [None req-a3fb877b-7fab-4e71-bff4-b60d89b1d0fa 0fb42ba774344446994f70999e7a2fbd 40016b10e8e24ccb9e5d039af2814c62 - - default default] Successfully bumped revision number for resource 19a59200-32cd-40d6-ae89-091027efab3f (type: security_group_rules) to 0
2026-05-06 02:27:49.889 10 INFO neutron.wsgi [None req-a3fb877b-7fab-4e71-bff4-b60d89b1d0fa 0fb42ba774344446994f70999e7a2fbd 40016b10e8e24ccb9e5d039af2814c62 - - default default] 10.0.0.140 "POST /v2.0/security-group-rules HTTP/1.1" status: 201 len: 769 time: 0.1621692
2026-05-06 02:27:50.012 11 INFO neutron.wsgi [None req-9d489aa6-4dac-4831-9fc6-f8f951090232 3f4eeffd2515410c84ba01ee516f2bbc 7641de24348141ea8b99e51030e827c9 - - default default] 10.0.0.140 "PUT /v2.0/routers/4f266651-3b9a-4fbb-8d46-e500eba54f92/remove_router_interface HTTP/1.1" status: 200 len: 503 time: 0.6040649 /var/lib/openstack/lib/python3.10/site-packages/pycadf/identifier.py:71: UserWarning: Invalid uuid: neutron. To ensure interoperability, identifiers should be a valid uuid. warnings.warn(('Invalid uuid: %s. To ensure interoperability, '
2026-05-06 02:27:50.080 11 INFO neutron.api.v2.resource [None req-a9476e2a-83da-4a44-9d3b-687d557ae563 3f4eeffd2515410c84ba01ee516f2bbc 7641de24348141ea8b99e51030e827c9 - - default default] remove_router_interface failed (client error): The resource could not be found.
2026-05-06 02:27:50.081 11 INFO neutron.wsgi [None req-a9476e2a-83da-4a44-9d3b-687d557ae563 3f4eeffd2515410c84ba01ee516f2bbc 7641de24348141ea8b99e51030e827c9 - - default default] 10.0.0.140 "PUT /v2.0/routers/4f266651-3b9a-4fbb-8d46-e500eba54f92/remove_router_interface HTTP/1.1" status: 404 len: 398 time: 0.0637863
2026-05-06 02:27:50.111 11 INFO neutron.wsgi [None req-96ea9ba7-1aa8-4102-805a-b4257c1088f2 3f4eeffd2515410c84ba01ee516f2bbc 7641de24348141ea8b99e51030e827c9 - - default default] 10.0.0.140 "GET /v2.0/ports?device_id=4f266651-3b9a-4fbb-8d46-e500eba54f92 HTTP/1.1" status: 200 len: 205 time: 0.0197387
2026-05-06 02:27:50.210 10 WARNING neutron.scheduler.dhcp_agent_scheduler [None req-38ff8b67-c8ee-4618-a48e-b88971709cab 0fb42ba774344446994f70999e7a2fbd 40016b10e8e24ccb9e5d039af2814c62 - - default default] No more DHCP agents
2026-05-06 02:27:50.212 10 WARNING neutron.api.rpc.agentnotifiers.dhcp_rpc_agent_api [None req-38ff8b67-c8ee-4618-a48e-b88971709cab 0fb42ba774344446994f70999e7a2fbd 40016b10e8e24ccb9e5d039af2814c62 - - default default] Unable to schedule network b5d29222-b8b0-4df6-a980-d1b93cfbe470: no agents available; will retry on subsequent port and subnet creation events.
2026-05-06 02:27:50.373 11 INFO neutron.wsgi [None req-78fb6201-5efe-4de0-b3bd-7cbcf20c9140 3f4eeffd2515410c84ba01ee516f2bbc 7641de24348141ea8b99e51030e827c9 - - default default] 10.0.0.140 "DELETE /v2.0/routers/4f266651-3b9a-4fbb-8d46-e500eba54f92 HTTP/1.1" status: 204 len: 168 time: 0.2551944
2026-05-06 02:27:50.561 11 INFO neutron.wsgi [None req-f182f7fb-6269-40a3-9fae-4fac9d718b4b 3f4eeffd2515410c84ba01ee516f2bbc 7641de24348141ea8b99e51030e827c9 - - default default] 10.0.0.140 "DELETE /v2.0/subnets/91b8f125-f8a8-48fd-bb27-18adbfe464bd HTTP/1.1" status: 204 len: 168 time: 0.1785583
2026-05-06 02:27:50.566 10 INFO neutron.db.ovn_revision_numbers_db [None req-38ff8b67-c8ee-4618-a48e-b88971709cab 0fb42ba774344446994f70999e7a2fbd 40016b10e8e24ccb9e5d039af2814c62 - - default default] Successfully bumped revision number for resource 20a11f0a-8af1-44ba-93bd-3607c78be7d2 (type: floatingips) to 0
2026-05-06 02:27:50.580 10 INFO neutron.wsgi [None req-38ff8b67-c8ee-4618-a48e-b88971709cab 0fb42ba774344446994f70999e7a2fbd 40016b10e8e24ccb9e5d039af2814c62 - - default default] 10.0.0.140 "POST /v2.0/floatingips HTTP/1.1" status: 201 len: 751 time: 0.6856942
2026-05-06 02:27:50.915 11 INFO neutron.services.segments.plugin [-] Segment 6ecfceaf-f906-4ba3-b5a1-9828ef2ec47e resource provider aggregate not found
2026-05-06 02:27:50.925 11 INFO neutron.services.segments.plugin [-] Segment 6ecfceaf-f906-4ba3-b5a1-9828ef2ec47e resource provider aggregate not found
2026-05-06 02:27:50.940 11 INFO neutron.services.segments.plugin [-] Segment 6ecfceaf-f906-4ba3-b5a1-9828ef2ec47e resource provider not found; error: Placement Client Error (4xx): {"errors": [{"status": 404, "title": "Not Found", "detail": "The resource could not be found.\n\n No resource provider with uuid 6ecfceaf-f906-4ba3-b5a1-9828ef2ec47e found for delete ", "request_id": "req-12169c75-3173-4d11-99ba-58fb263f8b35"}]}
2026-05-06 02:27:50.941 11 INFO neutron.services.segments.plugin [-] Segment 6ecfceaf-f906-4ba3-b5a1-9828ef2ec47e resource provider not found; error: Placement Client Error (4xx): {"errors": [{"status": 404, "title": "Not Found", "detail": "The resource could not be found.\n\n No resource provider with uuid 6ecfceaf-f906-4ba3-b5a1-9828ef2ec47e found for delete ", "request_id": "req-d69d741f-cd03-4729-a971-4e16d904a5c8"}]}
2026-05-06 02:27:50.968 11 INFO neutron.wsgi [None req-3f0edafc-a3f8-411e-a4bc-2668ead8ead5 3f4eeffd2515410c84ba01ee516f2bbc 7641de24348141ea8b99e51030e827c9 - - default default] 10.0.0.140 "DELETE /v2.0/networks/2130d963-fe16-4250-8d0b-41c6c99d06bf HTTP/1.1" status: 204 len: 168 time: 0.4023252
2026-05-06 02:27:51.047 10 INFO neutron.db.segments_db [None req-108e2842-a554-45d3-93eb-aacada67c25e 3f4eeffd2515410c84ba01ee516f2bbc 7641de24348141ea8b99e51030e827c9 - - default default] Added segment 8e178dd2-baa6-4b9d-a763-aa015f33bd51 of type geneve for network 9162b14f-a810-4a7b-ac59-5beee8f37d2e
2026-05-06 02:27:51.230 10 INFO neutron.db.ovn_revision_numbers_db [None req-108e2842-a554-45d3-93eb-aacada67c25e 3f4eeffd2515410c84ba01ee516f2bbc 7641de24348141ea8b99e51030e827c9 - - default default] Successfully bumped revision number for resource 9162b14f-a810-4a7b-ac59-5beee8f37d2e (type: networks) to 1
2026-05-06 02:27:51.408 10 WARNING neutron.scheduler.dhcp_agent_scheduler [None req-108e2842-a554-45d3-93eb-aacada67c25e 3f4eeffd2515410c84ba01ee516f2bbc 7641de24348141ea8b99e51030e827c9 - - default default] No more DHCP agents
2026-05-06 02:27:51.409 10 WARNING neutron.api.rpc.agentnotifiers.dhcp_rpc_agent_api [None req-108e2842-a554-45d3-93eb-aacada67c25e 3f4eeffd2515410c84ba01ee516f2bbc 7641de24348141ea8b99e51030e827c9 - - default default] Unable to schedule network 9162b14f-a810-4a7b-ac59-5beee8f37d2e: no agents available; will retry on subsequent port and subnet creation events.
2026-05-06 02:27:51.491 10 INFO neutron.db.ovn_revision_numbers_db [None req-108e2842-a554-45d3-93eb-aacada67c25e 3f4eeffd2515410c84ba01ee516f2bbc 7641de24348141ea8b99e51030e827c9 - - default default] Successfully bumped revision number for resource e90755c4-1743-4dc2-baa1-69778527f178 (type: ports) to 1
2026-05-06 02:27:51.513 10 INFO neutron.wsgi [None req-108e2842-a554-45d3-93eb-aacada67c25e 3f4eeffd2515410c84ba01ee516f2bbc 7641de24348141ea8b99e51030e827c9 - - default default] 10.0.0.140 "POST /v2.0/networks HTTP/1.1" status: 201 len: 833 time: 0.5405509
2026-05-06 02:27:51.759 10 WARNING neutron.scheduler.dhcp_agent_scheduler [None req-987983ed-1931-4176-9315-a46ce6a10d37 3f4eeffd2515410c84ba01ee516f2bbc 7641de24348141ea8b99e51030e827c9 - - default default] No more DHCP agents
2026-05-06 02:27:51.760 10 WARNING neutron.api.rpc.agentnotifiers.dhcp_rpc_agent_api [None req-987983ed-1931-4176-9315-a46ce6a10d37 3f4eeffd2515410c84ba01ee516f2bbc 7641de24348141ea8b99e51030e827c9 - - default default] Unable to schedule network 9162b14f-a810-4a7b-ac59-5beee8f37d2e: no agents available; will retry on subsequent port and subnet creation events.
2026-05-06 02:27:51.789 10 INFO neutron.db.ovn_revision_numbers_db [None req-987983ed-1931-4176-9315-a46ce6a10d37 3f4eeffd2515410c84ba01ee516f2bbc 7641de24348141ea8b99e51030e827c9 - - default default] Successfully bumped revision number for resource e8dca4c3-2fd2-4b7e-8793-deaf73a7c445 (type: subnets) to 0
2026-05-06 02:27:51.804 10 INFO neutron.wsgi [None req-987983ed-1931-4176-9315-a46ce6a10d37 3f4eeffd2515410c84ba01ee516f2bbc 7641de24348141ea8b99e51030e827c9 - - default default] 10.0.0.140 "POST /v2.0/subnets HTTP/1.1" status: 201 len: 821 time: 0.2842023
2026-05-06 02:27:51.973 10 INFO neutron.db.ovn_revision_numbers_db [None req-98ed1934-2410-4ba7-933b-dab849ab8d12 3f4eeffd2515410c84ba01ee516f2bbc 7641de24348141ea8b99e51030e827c9 - - default default] Successfully bumped revision number for resource 41e977f3-1626-40ec-9fbc-0b30287d5ad5 (type: routers) to 1
2026-05-06 02:27:51.986 10 INFO neutron.wsgi [None req-98ed1934-2410-4ba7-933b-dab849ab8d12 3f4eeffd2515410c84ba01ee516f2bbc 7641de24348141ea8b99e51030e827c9 - - default default] 10.0.0.140 "POST /v2.0/routers HTTP/1.1" status: 201 len: 691 time: 0.1767659
2026-05-06 02:27:52.420 10 WARNING neutron.scheduler.dhcp_agent_scheduler [None req-416be793-6768-4161-9a52-c1db033351aa 3f4eeffd2515410c84ba01ee516f2bbc 7641de24348141ea8b99e51030e827c9 - - default default] No more DHCP agents
2026-05-06 02:27:52.424 10 WARNING neutron.api.rpc.agentnotifiers.dhcp_rpc_agent_api [None req-416be793-6768-4161-9a52-c1db033351aa 3f4eeffd2515410c84ba01ee516f2bbc 7641de24348141ea8b99e51030e827c9 - - default default] Unable to schedule network 9162b14f-a810-4a7b-ac59-5beee8f37d2e: no agents available; will retry on subsequent port and subnet creation events.
2026-05-06 02:27:52.499 11 INFO neutron.db.ovn_revision_numbers_db [None req-dcfc1b05-c2b3-482b-ba64-f021cec3a8af 09a5f2e746694bfdbab22fc27ee986a3 213cbe7d811148cbb2df98a35bd0c857 - - default default] Successfully bumped revision number for resource b91d3c25-10c2-4c3b-8440-1a067a6fe8e5 (type: security_groups) to 1
2026-05-06 02:27:52.521 11 INFO neutron.db.ovn_revision_numbers_db [None req-dcfc1b05-c2b3-482b-ba64-f021cec3a8af 09a5f2e746694bfdbab22fc27ee986a3 213cbe7d811148cbb2df98a35bd0c857 - - default default] Successfully bumped revision number for resource 10cf8f91-30c7-414a-8ed6-dd9fb539af1f (type: security_group_rules) to 0
2026-05-06 02:27:52.525 10 INFO neutron.db.ovn_revision_numbers_db [None req-416be793-6768-4161-9a52-c1db033351aa 3f4eeffd2515410c84ba01ee516f2bbc 7641de24348141ea8b99e51030e827c9 - - default default] Successfully bumped revision number for resource cfeda17f-39ca-4f06-8764-686a28bccecc (type: ports) to 1
2026-05-06 02:27:52.536 11 INFO neutron.db.ovn_revision_numbers_db [None req-dcfc1b05-c2b3-482b-ba64-f021cec3a8af 09a5f2e746694bfdbab22fc27ee986a3 213cbe7d811148cbb2df98a35bd0c857 - - default default] Successfully bumped revision number for resource dea707ea-0b1c-4389-b29a-9c4166b2602d (type: security_group_rules) to 0
2026-05-06 02:27:52.552 11 INFO neutron.db.ovn_revision_numbers_db [None req-dcfc1b05-c2b3-482b-ba64-f021cec3a8af 09a5f2e746694bfdbab22fc27ee986a3 213cbe7d811148cbb2df98a35bd0c857 - - default default] Successfully bumped revision number for resource ebf3e1b4-288d-4b3b-afbf-7f99be30f694 (type: security_group_rules) to 0
2026-05-06 02:27:52.568 11 INFO neutron.db.ovn_revision_numbers_db [None req-dcfc1b05-c2b3-482b-ba64-f021cec3a8af 09a5f2e746694bfdbab22fc27ee986a3 213cbe7d811148cbb2df98a35bd0c857 - - default default] Successfully bumped revision number for resource eec918dd-6fc1-442f-9594-828d0252957f (type: security_group_rules) to 0
2026-05-06 02:27:52.591 11 INFO neutron.wsgi [None req-dcfc1b05-c2b3-482b-ba64-f021cec3a8af 09a5f2e746694bfdbab22fc27ee986a3 213cbe7d811148cbb2df98a35bd0c857 - - default default] 10.0.0.140 "GET /v2.0/security-groups?tenant_id=d36d086ffefe4b77987877b9cddc93f2&name=default HTTP/1.1" status: 200 len: 2996 time: 0.2911170
2026-05-06 02:27:52.793 11 INFO neutron.wsgi [None req-0bbf2b74-7ab1-4c04-99a2-c63f6ee644da 09a5f2e746694bfdbab22fc27ee986a3 213cbe7d811148cbb2df98a35bd0c857 - - default default] 10.0.0.140 "DELETE /v2.0/security-groups/b91d3c25-10c2-4c3b-8440-1a067a6fe8e5 HTTP/1.1" status: 204 len: 168 time: 0.1980863
2026-05-06 02:27:52.914 10 INFO neutron.db.ovn_revision_numbers_db [None req-416be793-6768-4161-9a52-c1db033351aa 3f4eeffd2515410c84ba01ee516f2bbc 7641de24348141ea8b99e51030e827c9 - - default default] Successfully bumped revision number for resource cfeda17f-39ca-4f06-8764-686a28bccecc (type: router_ports) to 1
2026-05-06 02:27:53.012 11 INFO neutron.db.ovn_revision_numbers_db [None req-ffcb4f40-8713-4077-a69e-632f5d84396a 09a5f2e746694bfdbab22fc27ee986a3 213cbe7d811148cbb2df98a35bd0c857 - - default default] Successfully bumped revision number for resource 3664ce61-842b-411a-b64f-a45f4d531c05 (type: security_groups) to 1
2026-05-06 02:27:53.024 10 INFO neutron.db.ovn_revision_numbers_db [None req-416be793-6768-4161-9a52-c1db033351aa 3f4eeffd2515410c84ba01ee516f2bbc 7641de24348141ea8b99e51030e827c9 - - default default] Successfully bumped revision number for resource cfeda17f-39ca-4f06-8764-686a28bccecc (type: ports) to 1
2026-05-06 02:27:53.025 11 INFO neutron.db.ovn_revision_numbers_db [None req-ffcb4f40-8713-4077-a69e-632f5d84396a 09a5f2e746694bfdbab22fc27ee986a3 213cbe7d811148cbb2df98a35bd0c857 - - default default] Successfully bumped revision number for resource 581ebf6e-b6c2-43bc-bc63-275ef77469e0 (type: security_group_rules) to 0
2026-05-06 02:27:53.042 11 INFO neutron.db.ovn_revision_numbers_db [None req-ffcb4f40-8713-4077-a69e-632f5d84396a 09a5f2e746694bfdbab22fc27ee986a3 213cbe7d811148cbb2df98a35bd0c857 - - default default] Successfully bumped revision number for resource 7c2e7c4b-f654-49a0-a91d-30f3fdd839ab (type: security_group_rules) to 0
2026-05-06 02:27:53.055 11 INFO neutron.db.ovn_revision_numbers_db [None req-ffcb4f40-8713-4077-a69e-632f5d84396a 09a5f2e746694bfdbab22fc27ee986a3 213cbe7d811148cbb2df98a35bd0c857 - - default default] Successfully bumped revision number for resource a2c972dd-b0a2-45a7-9830-bc4f0d56b4ba (type: security_group_rules) to 0
2026-05-06 02:27:53.068 11 INFO neutron.db.ovn_revision_numbers_db [None req-ffcb4f40-8713-4077-a69e-632f5d84396a 09a5f2e746694bfdbab22fc27ee986a3 213cbe7d811148cbb2df98a35bd0c857 - - default default] Successfully bumped revision number for resource b97867a9-3b0e-42ff-a80d-7d2752d63cbb (type: security_group_rules) to 0
2026-05-06 02:27:53.091 11 INFO neutron.wsgi [None req-ffcb4f40-8713-4077-a69e-632f5d84396a 09a5f2e746694bfdbab22fc27ee986a3 213cbe7d811148cbb2df98a35bd0c857 - - default default] 10.0.0.140 "GET /v2.0/security-groups?tenant_id=e301ae5c793144e0bf36af23ad392774&name=default HTTP/1.1" status: 200 len: 2996 time: 0.1757755
2026-05-06 02:27:53.092 10 WARNING neutron.scheduler.dhcp_agent_scheduler [None req-416be793-6768-4161-9a52-c1db033351aa 3f4eeffd2515410c84ba01ee516f2bbc 7641de24348141ea8b99e51030e827c9 - - default default] No more DHCP agents
2026-05-06 02:27:53.094 10 WARNING neutron.api.rpc.agentnotifiers.dhcp_rpc_agent_api [None req-416be793-6768-4161-9a52-c1db033351aa 3f4eeffd2515410c84ba01ee516f2bbc 7641de24348141ea8b99e51030e827c9 - - default default] Unable to schedule network 9162b14f-a810-4a7b-ac59-5beee8f37d2e: no agents available; will retry on subsequent port and subnet creation events.
2026-05-06 02:27:53.285 10 INFO neutron.db.ovn_revision_numbers_db [None req-416be793-6768-4161-9a52-c1db033351aa 3f4eeffd2515410c84ba01ee516f2bbc 7641de24348141ea8b99e51030e827c9 - - default default] Successfully bumped revision number for resource cfeda17f-39ca-4f06-8764-686a28bccecc (type: router_ports) to 1
2026-05-06 02:27:53.288 10 INFO neutron.wsgi [None req-416be793-6768-4161-9a52-c1db033351aa 3f4eeffd2515410c84ba01ee516f2bbc 7641de24348141ea8b99e51030e827c9 - - default default] 10.0.0.140 "PUT /v2.0/routers/41e977f3-1626-40ec-9fbc-0b30287d5ad5/add_router_interface HTTP/1.1" status: 200 len: 503 time: 1.2965581
2026-05-06 02:27:53.339 10 INFO neutron.wsgi [None req-e1a8f09c-2fb7-4472-83ca-930212000068 09a5f2e746694bfdbab22fc27ee986a3 213cbe7d811148cbb2df98a35bd0c857 - - default default] 10.0.0.140 "DELETE /v2.0/security-groups/3664ce61-842b-411a-b64f-a45f4d531c05 HTTP/1.1" status: 204 len: 168 time: 0.2433441
2026-05-06 02:27:53.392 11 INFO neutron.wsgi [None req-8914ac76-0633-4953-b097-98599eb72415 3f4eeffd2515410c84ba01ee516f2bbc 7641de24348141ea8b99e51030e827c9 - - default default] 10.0.0.140 "GET /v2.0/ports/cfeda17f-39ca-4f06-8764-686a28bccecc HTTP/1.1" status: 200 len: 1139 time: 0.0983837
2026-05-06 02:27:53.434 11 INFO neutron.wsgi [None req-a2324564-9706-4f62-bbaf-c4a6f7bea148 3f4eeffd2515410c84ba01ee516f2bbc 7641de24348141ea8b99e51030e827c9 - - default default] 10.0.0.140 "GET /v2.0/ports/cfeda17f-39ca-4f06-8764-686a28bccecc HTTP/1.1" status: 200 len: 1139 time: 0.0367658
2026-05-06 02:27:53.615 10 INFO neutron.wsgi [-] 10.0.0.102 "GET / HTTP/1.1" status: 200 len: 247 time: 0.0025980
2026-05-06 02:27:53.617 10 INFO neutron.wsgi [-] 10.0.0.102 "GET / HTTP/1.1" status: 200 len: 247 time: 0.0013623
2026-05-06 02:27:53.840 10 WARNING neutron.plugins.ml2.drivers.ovn.mech_driver.ovsdb.ovn_client [None req-f8b393ac-a4c8-43d2-9ab8-dd3cbc701aa1 - - - - - -] No hosting information found for port 330baccc-2946-4741-8f15-7b660f522c02: RuntimeError: No hosting information found for port 330baccc-2946-4741-8f15-7b660f522c02
2026-05-06 02:27:53.841 10 INFO neutron.plugins.ml2.drivers.ovn.mech_driver.mech_driver [None req-f8b393ac-a4c8-43d2-9ab8-dd3cbc701aa1 - - - - - -] OVN reports status up for port: 300a4f4d-bc27-457d-a5cc-8ee025ce39c1
2026-05-06 02:27:53.859 10 INFO neutron.plugins.ml2.drivers.ovn.mech_driver.mech_driver [None req-f8b393ac-a4c8-43d2-9ab8-dd3cbc701aa1 - - - - - -] OVN reports status up for port: cfeda17f-39ca-4f06-8764-686a28bccecc
2026-05-06 02:27:53.866 10 INFO neutron.plugins.ml2.plugin [None req-f8b393ac-a4c8-43d2-9ab8-dd3cbc701aa1 - - - - - -] Attempt 1 to provision port cfeda17f-39ca-4f06-8764-686a28bccecc
2026-05-06 02:27:54.376 10 INFO neutron.db.ovn_revision_numbers_db [None req-f8b393ac-a4c8-43d2-9ab8-dd3cbc701aa1 - - - - - -] Successfully bumped revision number for resource cfeda17f-39ca-4f06-8764-686a28bccecc (type: ports) to 2
2026-05-06 02:27:54.480 10 INFO neutron.wsgi [None req-6cadf1fe-7317-4e66-a533-79a1b6bb5ae7 3f4eeffd2515410c84ba01ee516f2bbc 7641de24348141ea8b99e51030e827c9 - - default default] 10.0.0.140 "GET /v2.0/ports/cfeda17f-39ca-4f06-8764-686a28bccecc HTTP/1.1" status: 200 len: 1141 time: 0.0398378
2026-05-06 02:27:54.510 10 INFO neutron.db.ovn_revision_numbers_db [None req-f8b393ac-a4c8-43d2-9ab8-dd3cbc701aa1 - - - - - -] Successfully bumped revision number for resource cfeda17f-39ca-4f06-8764-686a28bccecc (type: router_ports) to 2
2026-05-06 02:27:54.829 11 INFO neutron.db.ovn_revision_numbers_db [None req-4fae0775-8466-4209-af5a-a7782dbb715a 09a5f2e746694bfdbab22fc27ee986a3 213cbe7d811148cbb2df98a35bd0c857 - - default default] Successfully bumped revision number for resource fc707222-2210-4958-bddb-2757793c42b0 (type: security_groups) to 1
2026-05-06 02:27:54.850 11 INFO neutron.db.ovn_revision_numbers_db [None req-4fae0775-8466-4209-af5a-a7782dbb715a 09a5f2e746694bfdbab22fc27ee986a3 213cbe7d811148cbb2df98a35bd0c857 - - default default] Successfully bumped revision number for resource 05933855-330a-496e-992b-a044aaebb4a1 (type: security_group_rules) to 0
2026-05-06 02:27:54.872 11 INFO neutron.db.ovn_revision_numbers_db [None req-4fae0775-8466-4209-af5a-a7782dbb715a 09a5f2e746694bfdbab22fc27ee986a3 213cbe7d811148cbb2df98a35bd0c857 - - default default] Successfully bumped revision number for resource 2fa3d44b-4e24-40d4-b842-66fa7ce715f4 (type: security_group_rules) to 0
2026-05-06 02:27:54.894 11 INFO neutron.db.ovn_revision_numbers_db [None req-4fae0775-8466-4209-af5a-a7782dbb715a 09a5f2e746694bfdbab22fc27ee986a3 213cbe7d811148cbb2df98a35bd0c857 - - default default] Successfully bumped revision number for resource 672e6b1f-dba4-4625-94a3-5341a55a0eb4 (type: security_group_rules) to 0
2026-05-06 02:27:54.933 11 INFO neutron.db.ovn_revision_numbers_db [None req-4fae0775-8466-4209-af5a-a7782dbb715a 09a5f2e746694bfdbab22fc27ee986a3 213cbe7d811148cbb2df98a35bd0c857 - - default default] Successfully bumped revision number for resource 922a7d22-27e9-4336-9ae7-151607b48634 (type: security_group_rules) to 0
2026-05-06 02:27:54.968 11 INFO neutron.wsgi [None req-4fae0775-8466-4209-af5a-a7782dbb715a 09a5f2e746694bfdbab22fc27ee986a3 213cbe7d811148cbb2df98a35bd0c857 - - default default] 10.0.0.140 "GET /v2.0/security-groups?tenant_id=297e8cd1b57848248a6e50f1006ea35e&name=default HTTP/1.1" status: 200 len: 2996 time: 0.6981213
2026-05-06 02:27:55.214 10 INFO neutron.wsgi [None req-ca4181d3-9c8f-48ff-a4e4-9a3dcdfe784b 09a5f2e746694bfdbab22fc27ee986a3 213cbe7d811148cbb2df98a35bd0c857 - - default default] 10.0.0.140 "DELETE /v2.0/security-groups/fc707222-2210-4958-bddb-2757793c42b0 HTTP/1.1" status: 204 len: 168 time: 0.2303724
2026-05-06 02:27:55.272 11 INFO neutron.wsgi [None req-13a4cb84-6772-422f-b65e-d4de1b701f8f b66f33955351423ebd64ab92a5b782e7 d0eb3b4f0923477999be0e2dcc81b851 - - default default] 10.0.0.140 "GET /v2.0/extensions HTTP/1.1" status: 200 len: 16520 time: 0.1098781
2026-05-06 02:27:55.286 10 INFO neutron.wsgi [None req-338427b2-dfa5-48a7-a5a4-dc6566e7b464 b66f33955351423ebd64ab92a5b782e7 d0eb3b4f0923477999be0e2dcc81b851 - - default default] 10.0.0.140 "GET /v2.0/extensions/address-group HTTP/1.1" status: 200 len: 353 time: 0.0038908
2026-05-06 02:27:55.295 10 INFO neutron.wsgi [None req-29b17254-ad10-40e0-97cf-7c261c849e01 b66f33955351423ebd64ab92a5b782e7 d0eb3b4f0923477999be0e2dcc81b851 - - default default] 10.0.0.140 "GET /v2.0/extensions/address-scope HTTP/1.1" status: 200 len: 357 time: 0.0035324
2026-05-06 02:27:55.304 10 INFO neutron.wsgi [None req-9eec9946-2fad-4431-b212-fd02af81467b b66f33955351423ebd64ab92a5b782e7 d0eb3b4f0923477999be0e2dcc81b851 - - default default] 10.0.0.140 "GET /v2.0/extensions/agent HTTP/1.1" status: 200 len: 347 time: 0.0034854
2026-05-06 02:27:55.315 10 INFO neutron.wsgi [None req-1521dbe8-40ee-4146-a344-5a13c7159de6 b66f33955351423ebd64ab92a5b782e7 d0eb3b4f0923477999be0e2dcc81b851 - - default default] 10.0.0.140 "GET /v2.0/extensions/allowed-address-pairs HTTP/1.1" status: 200 len: 378 time: 0.0055375
2026-05-06 02:27:55.322 11 INFO neutron.wsgi [req-2932cd97-e193-493a-8223-644185408000 req-ce9b179f-d46c-478b-9c04-f72f9d451eaa 0fb42ba774344446994f70999e7a2fbd 40016b10e8e24ccb9e5d039af2814c62 - - default default] 10.0.0.47 "GET /v2.0/security-groups?name=tempest-securitygroup--593838500&fields=id&tenant_id=40016b10e8e24ccb9e5d039af2814c62 HTTP/1.1" status: 200 len: 267 time: 0.1007156
2026-05-06 02:27:55.326 10 INFO neutron.wsgi [None req-607d769a-daca-4d2a-b52c-f9c595bffe0c b66f33955351423ebd64ab92a5b782e7 d0eb3b4f0923477999be0e2dcc81b851 - - default default] 10.0.0.140 "GET /v2.0/extensions/auto-allocated-topology HTTP/1.1" status: 200 len: 394 time: 0.0052388
2026-05-06 02:27:55.327 11 INFO neutron.wsgi [None req-fa7ed3fa-77d4-4f67-9f87-11ac07b3f647 3f4eeffd2515410c84ba01ee516f2bbc 7641de24348141ea8b99e51030e827c9 - - default default] 10.0.0.140 "PUT /v2.0/routers/41e977f3-1626-40ec-9fbc-0b30287d5ad5/remove_router_interface HTTP/1.1" status: 200 len: 503 time: 0.8380930
2026-05-06 02:27:55.335 10 INFO neutron.wsgi [None req-09d4a066-6d48-49d1-a644-ff7e3a56ea1d b66f33955351423ebd64ab92a5b782e7 d0eb3b4f0923477999be0e2dcc81b851 - - default default] 10.0.0.140 "GET /v2.0/extensions/availability_zone HTTP/1.1" status: 200 len: 372 time: 0.0047500 /var/lib/openstack/lib/python3.10/site-packages/pycadf/identifier.py:71: UserWarning: Invalid uuid: neutron. To ensure interoperability, identifiers should be a valid uuid. warnings.warn(('Invalid uuid: %s. To ensure interoperability, '
2026-05-06 02:27:55.349 10 INFO neutron.wsgi [None req-4c34ce37-81db-426e-bc5e-2524d5dd531e b66f33955351423ebd64ab92a5b782e7 d0eb3b4f0923477999be0e2dcc81b851 - - default default] 10.0.0.140 "GET /v2.0/extensions/default-subnetpools HTTP/1.1" status: 200 len: 405 time: 0.0066411
2026-05-06 02:27:55.359 10 INFO neutron.wsgi [None req-c0f036e0-9e74-4fe1-b81d-aad9ab8260ab 3f4eeffd2515410c84ba01ee516f2bbc 7641de24348141ea8b99e51030e827c9 - - default default] 10.0.0.140 "GET /v2.0/ports?device_id=41e977f3-1626-40ec-9fbc-0b30287d5ad5 HTTP/1.1" status: 200 len: 205 time: 0.0230987
2026-05-06 02:27:55.362 11 INFO neutron.wsgi [None req-677daee1-3a9c-41df-9ce2-352d6248ec02 b66f33955351423ebd64ab92a5b782e7 d0eb3b4f0923477999be0e2dcc81b851 - - default default] 10.0.0.140 "GET /v2.0/extensions/dhcp_agent_scheduler HTTP/1.1" status: 200 len: 381 time: 0.0068727
2026-05-06 02:27:55.373 10 INFO neutron.wsgi [None req-7ccb5aa3-0b17-4fb4-a612-e9d675d78df3 b66f33955351423ebd64ab92a5b782e7 d0eb3b4f0923477999be0e2dcc81b851 - - default default] 10.0.0.140 "GET /v2.0/extensions/dns-integration HTTP/1.1" status: 200 len: 366 time: 0.0058217
2026-05-06 02:27:55.381 10 INFO neutron.wsgi [None req-920e7fa2-697c-44c1-b4d2-af9d6328b3ea b66f33955351423ebd64ab92a5b782e7 d0eb3b4f0923477999be0e2dcc81b851 - - default default] 10.0.0.140 "GET /v2.0/extensions/dns-domain-ports HTTP/1.1" status: 200 len: 399 time: 0.0044205
2026-05-06 02:27:55.387 10 INFO neutron.wsgi [None req-976f5320-5956-47c9-a547-a8ee258be6ae b66f33955351423ebd64ab92a5b782e7 d0eb3b4f0923477999be0e2dcc81b851 - - default default] 10.0.0.140 "GET /v2.0/extensions/dns-integration-domain-keywords HTTP/1.1" status: 200 len: 477 time: 0.0035303
2026-05-06 02:27:55.394 10 INFO neutron.wsgi [None req-dfe346c0-041b-45a3-b1da-4cfa35ab3e3f b66f33955351423ebd64ab92a5b782e7 d0eb3b4f0923477999be0e2dcc81b851 - - default default] 10.0.0.140 "GET /v2.0/extensions/external-net HTTP/1.1" status: 200 len: 394 time: 0.0033519
2026-05-06 02:27:55.402 10 INFO neutron.wsgi [None req-a3e1b4a2-3ba2-4e54-bacc-9dc822e56fd0 b66f33955351423ebd64ab92a5b782e7 d0eb3b4f0923477999be0e2dcc81b851 - - default default] 10.0.0.140 "GET /v2.0/extensions/extra_dhcp_opt HTTP/1.1" status: 200 len: 498 time: 0.0049655
2026-05-06 02:27:55.420 10 INFO neutron.wsgi [None req-bfd74698-5348-4723-a9ff-e4848ba8e136 b66f33955351423ebd64ab92a5b782e7 d0eb3b4f0923477999be0e2dcc81b851 - - default default] 10.0.0.140 "GET /v2.0/extensions/extraroute HTTP/1.1" status: 200 len: 375 time: 0.0051866
2026-05-06 02:27:55.430 10 INFO neutron.wsgi [None req-ca6b8245-9a1a-47e3-ae50-56fcc9bf20f8 b66f33955351423ebd64ab92a5b782e7 d0eb3b4f0923477999be0e2dcc81b851 - - default default] 10.0.0.140 "GET /v2.0/extensions/filter-validation HTTP/1.1" status: 200 len: 392 time: 0.0043244
2026-05-06 02:27:55.438 10 INFO neutron.wsgi [None req-cc0a750f-4b1b-47c0-8eb2-89c6b3e50173 b66f33955351423ebd64ab92a5b782e7 d0eb3b4f0923477999be0e2dcc81b851 - - default default] 10.0.0.140 "GET /v2.0/extensions/floating-ip-port-forwarding-detail HTTP/1.1" status: 200 len: 465 time: 0.0046299
2026-05-06 02:27:55.445 11 INFO neutron.wsgi [req-2932cd97-e193-493a-8223-644185408000 req-675ee1d3-39f3-4939-9ee9-0944bd9c621c 0fb42ba774344446994f70999e7a2fbd 40016b10e8e24ccb9e5d039af2814c62 - - default default] 10.0.0.47 "GET /v2.0/networks?id=5bc4dac3-2c90-40e7-bbe6-cc782a418639 HTTP/1.1" status: 200 len: 878 time: 0.1158402
2026-05-06 02:27:55.446 10 INFO neutron.wsgi [None req-bdfedb72-623c-4b76-a239-a72e80ea04b3 b66f33955351423ebd64ab92a5b782e7 d0eb3b4f0923477999be0e2dcc81b851 - - default default] 10.0.0.140 "GET /v2.0/extensions/fip-port-details HTTP/1.1" status: 200 len: 406 time: 0.0038614
2026-05-06 02:27:55.456 10 INFO neutron.wsgi [None req-3a224ae4-4bd2-4576-a4e1-8026d59f3e40 b66f33955351423ebd64ab92a5b782e7 d0eb3b4f0923477999be0e2dcc81b851 - - default default] 10.0.0.140 "GET /v2.0/extensions/flavors HTTP/1.1" status: 200 len: 387 time: 0.0036981
2026-05-06 02:27:55.463 10 INFO neutron.wsgi [None req-bf2f1558-ef1e-4c32-8d36-0f655ae769df b66f33955351423ebd64ab92a5b782e7 d0eb3b4f0923477999be0e2dcc81b851 - - default default] 10.0.0.140 "GET /v2.0/extensions/floatingip-pools HTTP/1.1" status: 200 len: 382 time: 0.0037823
2026-05-06 02:27:55.471 10 INFO neutron.wsgi [None req-f32e2d4c-e549-4336-87ab-97f93b97002e b66f33955351423ebd64ab92a5b782e7 d0eb3b4f0923477999be0e2dcc81b851 - - default default] 10.0.0.140 "GET /v2.0/extensions/ip_allocation HTTP/1.1" status: 200 len: 356 time: 0.0043249
2026-05-06 02:27:55.476 11 INFO neutron.wsgi [req-2932cd97-e193-493a-8223-644185408000 req-0c22d01b-03fc-4960-86b0-7962b88e0eb0 0fb42ba774344446994f70999e7a2fbd 40016b10e8e24ccb9e5d039af2814c62 - - default default] 10.0.0.47 "GET /v2.0/quotas/40016b10e8e24ccb9e5d039af2814c62 HTTP/1.1" status: 200 len: 386 time: 0.0166247
2026-05-06 02:27:55.478 10 INFO neutron.wsgi [None req-137fe0f9-80f6-4001-a89c-a79873dbda6b b66f33955351423ebd64ab92a5b782e7 d0eb3b4f0923477999be0e2dcc81b851 - - default default] 10.0.0.140 "GET /v2.0/extensions/l2_adjacency HTTP/1.1" status: 200 len: 372 time: 0.0043271
2026-05-06 02:27:55.486 10 INFO neutron.wsgi [None req-77e0db43-2af7-44aa-9f8e-6cba0b5b19e6 b66f33955351423ebd64ab92a5b782e7 d0eb3b4f0923477999be0e2dcc81b851 - - default default] 10.0.0.140 "GET /v2.0/extensions/router HTTP/1.1" status: 200 len: 450 time: 0.0042613
2026-05-06 02:27:55.493 10 INFO neutron.wsgi [None req-d36f6606-7971-4bdb-b628-96a582be90db b66f33955351423ebd64ab92a5b782e7 d0eb3b4f0923477999be0e2dcc81b851 - - default default] 10.0.0.140 "GET /v2.0/extensions/ext-gw-mode HTTP/1.1" status: 200 len: 462 time: 0.0029149
2026-05-06 02:27:55.501 10 INFO neutron.wsgi [None req-d8398d1e-2bdd-4a71-9c00-c38466fb6d82 b66f33955351423ebd64ab92a5b782e7 d0eb3b4f0923477999be0e2dcc81b851 - - default default] 10.0.0.140 "GET /v2.0/extensions/logging HTTP/1.1" status: 200 len: 407 time: 0.0041318
