2026-05-06 02:28:56.768 10 INFO neutron.wsgi [req-ac4b044f-c25d-40de-a481-133543931e2c req-18f8bc92-ef74-4155-a0ac-a9ca0f297a31 059dd4792f9840a7996c913ad60288fa 9e1e1488ce14464e884f47ea96c05141 - - b55d5f6f0ff1483bb3a71a1c3ca2fa88 b55d5f6f0ff1483bb3a71a1c3ca2fa88] 199.19.213.147 "GET /v2.0/ports?tenant_id=42b0739dcc8f48b9afb9278a2e834eb0&device_id=bfce238b-2b68-44f4-bc48-83c5827e0d70 HTTP/1.1" status: 200 len: 1411 time: 0.0347135
2026-05-06 02:28:56.881 10 INFO neutron.wsgi [req-ac4b044f-c25d-40de-a481-133543931e2c req-32cf24e5-1733-433a-a272-33173c78ea87 059dd4792f9840a7996c913ad60288fa 9e1e1488ce14464e884f47ea96c05141 - - b55d5f6f0ff1483bb3a71a1c3ca2fa88 b55d5f6f0ff1483bb3a71a1c3ca2fa88] 199.19.213.147 "GET /v2.0/networks?id=ee041099-9b39-4af3-8344-3467a729294d HTTP/1.1" status: 200 len: 958 time: 0.1039338
2026-05-06 02:28:56.930 10 INFO neutron.wsgi [req-ac4b044f-c25d-40de-a481-133543931e2c req-136918ec-fad5-4da2-b53b-cbb339338ffa 059dd4792f9840a7996c913ad60288fa 9e1e1488ce14464e884f47ea96c05141 - - b55d5f6f0ff1483bb3a71a1c3ca2fa88 b55d5f6f0ff1483bb3a71a1c3ca2fa88] 199.19.213.147 "GET /v2.0/floatingips?fixed_ip_address=10.100.0.13&port_id=52244d0a-d384-470a-a1ad-7d5293f1bab2 HTTP/1.1" status: 200 len: 217 time: 0.0415683
2026-05-06 02:28:56.994 10 INFO neutron.wsgi [req-ac4b044f-c25d-40de-a481-133543931e2c req-cb75506a-8e2b-4127-b87c-4cd811e247b5 059dd4792f9840a7996c913ad60288fa 9e1e1488ce14464e884f47ea96c05141 - - b55d5f6f0ff1483bb3a71a1c3ca2fa88 b55d5f6f0ff1483bb3a71a1c3ca2fa88] 199.19.213.147 "GET /v2.0/subnets?id=d28bb890-a78b-4213-be7a-8a07f561c637 HTTP/1.1" status: 200 len: 852 time: 0.0582573
2026-05-06 02:28:57.027 10 INFO neutron.wsgi [req-ac4b044f-c25d-40de-a481-133543931e2c req-e34bbd6d-9926-417a-b552-a37c67b31abd 059dd4792f9840a7996c913ad60288fa 9e1e1488ce14464e884f47ea96c05141 - - b55d5f6f0ff1483bb3a71a1c3ca2fa88 b55d5f6f0ff1483bb3a71a1c3ca2fa88] 199.19.213.147 "GET /v2.0/ports?network_id=ee041099-9b39-4af3-8344-3467a729294d&device_owner=network%3Adhcp HTTP/1.1" status: 200 len: 210 time: 0.0168877
2026-05-06 02:28:57.119 10 INFO neutron.wsgi [req-ac4b044f-c25d-40de-a481-133543931e2c req-a6f7a9b5-c1ea-4256-ab6a-c738675ef54f 059dd4792f9840a7996c913ad60288fa 9e1e1488ce14464e884f47ea96c05141 - - b55d5f6f0ff1483bb3a71a1c3ca2fa88 b55d5f6f0ff1483bb3a71a1c3ca2fa88] 199.19.213.147 "GET /v2.0/networks/ee041099-9b39-4af3-8344-3467a729294d?fields=segments HTTP/1.1" status: 200 len: 212 time: 0.0821815
2026-05-06 02:28:57.138 11 INFO neutron.wsgi [req-bf9ab64e-06d8-4a74-bf73-2760bdbc293e req-e06fdf75-53f2-46d5-bf3e-10e9c2ef7cfd 7de982f6efed4578ae925fbc1e5c9106 42b0739dcc8f48b9afb9278a2e834eb0 - - default default] 10.0.0.47 "GET /v2.0/ports?device_id=bfce238b-2b68-44f4-bc48-83c5827e0d70 HTTP/1.1" status: 200 len: 1172 time: 0.0393317
2026-05-06 02:28:57.139 11 INFO neutron.db.ovn_revision_numbers_db [None req-3889b2b8-0a68-4031-9aae-82043d080d86 318aca6a62b14c87a47040e77fa178f6 a971d329d41b4e638db86990a3b05b23 - - default default] Successfully bumped revision number for resource 75736d4e-772c-4de7-8aa8-5fa45e37bfa8 (type: router_ports) to 1
2026-05-06 02:28:57.203 10 INFO neutron.wsgi [req-ac4b044f-c25d-40de-a481-133543931e2c req-cf6fc61a-3f4d-4fed-b011-4c3421f42c26 059dd4792f9840a7996c913ad60288fa 9e1e1488ce14464e884f47ea96c05141 - - b55d5f6f0ff1483bb3a71a1c3ca2fa88 b55d5f6f0ff1483bb3a71a1c3ca2fa88] 199.19.213.147 "GET /v2.0/networks/ee041099-9b39-4af3-8344-3467a729294d?fields=provider%3Aphysical_network&fields=provider%3Anetwork_type HTTP/1.1" status: 200 len: 277 time: 0.0739169
2026-05-06 02:28:57.207 11 INFO neutron.wsgi [req-bf9ab64e-06d8-4a74-bf73-2760bdbc293e req-aec76ad3-6b5d-4db5-9375-f093bce599f7 7de982f6efed4578ae925fbc1e5c9106 42b0739dcc8f48b9afb9278a2e834eb0 - - default default] 10.0.0.47 "GET /v2.0/security-groups?id=099ea861-f86e-4e9a-aece-685790b3d804&fields=id&fields=name HTTP/1.1" status: 200 len: 311 time: 0.0594425
2026-05-06 02:28:57.314 11 INFO neutron.db.ovn_revision_numbers_db [None req-3889b2b8-0a68-4031-9aae-82043d080d86 318aca6a62b14c87a47040e77fa178f6 a971d329d41b4e638db86990a3b05b23 - - default default] Successfully bumped revision number for resource 75736d4e-772c-4de7-8aa8-5fa45e37bfa8 (type: ports) to 1
2026-05-06 02:28:57.380 11 WARNING neutron.scheduler.dhcp_agent_scheduler [None req-3889b2b8-0a68-4031-9aae-82043d080d86 318aca6a62b14c87a47040e77fa178f6 a971d329d41b4e638db86990a3b05b23 - - default default] No more DHCP agents
2026-05-06 02:28:57.381 11 WARNING neutron.api.rpc.agentnotifiers.dhcp_rpc_agent_api [None req-3889b2b8-0a68-4031-9aae-82043d080d86 318aca6a62b14c87a47040e77fa178f6 a971d329d41b4e638db86990a3b05b23 - - default default] Unable to schedule network 439ef3fe-a134-4c6d-8314-d2ccee22e50f: no agents available; will retry on subsequent port and subnet creation events.
2026-05-06 02:28:57.397 10 INFO neutron.wsgi [None req-4a7cabf3-1fcc-41a6-bae0-f3060ebb56f2 8394991d6b5f43a183f82f266cb4e575 0c388ed46f5d4e47abbeb3bb76433d3d - - default default] 10.0.0.140 "PUT /v2.0/routers/f5c0ba7c-3805-4342-849b-469ad8ca6146/remove_router_interface HTTP/1.1" status: 200 len: 503 time: 0.8496318 /var/lib/openstack/lib/python3.10/site-packages/pycadf/identifier.py:71: UserWarning: Invalid uuid: neutron. To ensure interoperability, identifiers should be a valid uuid. warnings.warn(('Invalid uuid: %s. To ensure interoperability, '
2026-05-06 02:28:57.489 10 INFO neutron.wsgi [None req-bc4a0cc8-dc69-4bfb-9141-a6862df965ce 8394991d6b5f43a183f82f266cb4e575 0c388ed46f5d4e47abbeb3bb76433d3d - - default default] 10.0.0.140 "GET /v2.0/ports/87197428-0250-4420-833c-525d958027a7 HTTP/1.1" status: 200 len: 1137 time: 0.0857518
2026-05-06 02:28:57.728 11 INFO neutron.db.ovn_revision_numbers_db [None req-3889b2b8-0a68-4031-9aae-82043d080d86 318aca6a62b14c87a47040e77fa178f6 a971d329d41b4e638db86990a3b05b23 - - default default] Successfully bumped revision number for resource 75736d4e-772c-4de7-8aa8-5fa45e37bfa8 (type: router_ports) to 1
2026-05-06 02:28:57.731 11 INFO neutron.wsgi [None req-3889b2b8-0a68-4031-9aae-82043d080d86 318aca6a62b14c87a47040e77fa178f6 a971d329d41b4e638db86990a3b05b23 - - default default] 10.0.0.140 "PUT /v2.0/routers/a205d92f-d073-4a22-a694-7970851d42aa/add_router_interface HTTP/1.1" status: 200 len: 503 time: 2.2349162
2026-05-06 02:28:57.897 11 INFO neutron.db.ovn_revision_numbers_db [None req-13837c09-3c7b-4687-89ed-64a28fffaf08 318aca6a62b14c87a47040e77fa178f6 a971d329d41b4e638db86990a3b05b23 - - default default] Successfully bumped revision number for resource ac2b6c0a-49d5-4e1d-844c-1414f082173a (type: security_groups) to 1
2026-05-06 02:28:57.913 11 INFO neutron.db.ovn_revision_numbers_db [None req-13837c09-3c7b-4687-89ed-64a28fffaf08 318aca6a62b14c87a47040e77fa178f6 a971d329d41b4e638db86990a3b05b23 - - default default] Successfully bumped revision number for resource 56d03e51-8e4e-4ad0-b981-0db215bf0193 (type: security_group_rules) to 0
2026-05-06 02:28:57.928 11 INFO neutron.db.ovn_revision_numbers_db [None req-13837c09-3c7b-4687-89ed-64a28fffaf08 318aca6a62b14c87a47040e77fa178f6 a971d329d41b4e638db86990a3b05b23 - - default default] Successfully bumped revision number for resource 7bcfaada-a543-4dd0-ba01-46647fdb5d3e (type: security_group_rules) to 0
2026-05-06 02:28:57.948 11 INFO neutron.wsgi [None req-13837c09-3c7b-4687-89ed-64a28fffaf08 318aca6a62b14c87a47040e77fa178f6 a971d329d41b4e638db86990a3b05b23 - - default default] 10.0.0.140 "POST /v2.0/security-groups HTTP/1.1" status: 201 len: 1764 time: 0.1611001
2026-05-06 02:28:58.069 11 INFO neutron.db.ovn_revision_numbers_db [None req-d14513fe-5e0d-46a1-ac70-6ed6ab4a9fa7 318aca6a62b14c87a47040e77fa178f6 a971d329d41b4e638db86990a3b05b23 - - default default] Successfully bumped revision number for resource e68b87be-97f5-4623-aa72-782f5c59ba91 (type: security_group_rules) to 0
2026-05-06 02:28:58.108 11 INFO neutron.wsgi [None req-d14513fe-5e0d-46a1-ac70-6ed6ab4a9fa7 318aca6a62b14c87a47040e77fa178f6 a971d329d41b4e638db86990a3b05b23 - - default default] 10.0.0.140 "POST /v2.0/security-group-rules HTTP/1.1" status: 201 len: 764 time: 0.1552923
2026-05-06 02:28:58.154 10 INFO neutron.wsgi [None req-95d80ebc-6aa3-48d1-9f9c-7092cd0ab027 8394991d6b5f43a183f82f266cb4e575 0c388ed46f5d4e47abbeb3bb76433d3d - - default default] 10.0.0.140 "PUT /v2.0/routers/f5c0ba7c-3805-4342-849b-469ad8ca6146/remove_router_interface HTTP/1.1" status: 200 len: 503 time: 0.6601501 /var/lib/openstack/lib/python3.10/site-packages/pycadf/identifier.py:71: UserWarning: Invalid uuid: neutron. To ensure interoperability, identifiers should be a valid uuid. warnings.warn(('Invalid uuid: %s. To ensure interoperability, '
2026-05-06 02:28:58.182 10 INFO neutron.wsgi [None req-6db9744b-319d-4b07-aa87-164528f7ba53 8394991d6b5f43a183f82f266cb4e575 0c388ed46f5d4e47abbeb3bb76433d3d - - default default] 10.0.0.140 "GET /v2.0/ports?device_id=f5c0ba7c-3805-4342-849b-469ad8ca6146 HTTP/1.1" status: 200 len: 205 time: 0.0233076
2026-05-06 02:28:58.260 11 INFO neutron.db.ovn_revision_numbers_db [None req-f76988e5-2769-44ae-9285-6935ba405469 318aca6a62b14c87a47040e77fa178f6 a971d329d41b4e638db86990a3b05b23 - - default default] Successfully bumped revision number for resource d353149e-9b2d-42d5-88ff-48342f50ec3a (type: security_group_rules) to 0
2026-05-06 02:28:58.317 11 INFO neutron.wsgi [None req-f76988e5-2769-44ae-9285-6935ba405469 318aca6a62b14c87a47040e77fa178f6 a971d329d41b4e638db86990a3b05b23 - - default default] 10.0.0.140 "POST /v2.0/security-group-rules HTTP/1.1" status: 201 len: 764 time: 0.2045720
2026-05-06 02:28:58.399 11 INFO neutron.wsgi [req-952f67c1-21b8-4bb8-b76e-ede03ac4043b req-dc7d8ed7-b866-4d5c-b4f5-85790034bbbb 7de982f6efed4578ae925fbc1e5c9106 42b0739dcc8f48b9afb9278a2e834eb0 - - default default] 10.0.0.47 "GET /v2.0/ports?device_id=bfce238b-2b68-44f4-bc48-83c5827e0d70 HTTP/1.1" status: 200 len: 1172 time: 0.1320374
2026-05-06 02:28:58.419 11 INFO neutron.wsgi [None req-4b381396-e269-4c07-b107-b3c585fb7437 8394991d6b5f43a183f82f266cb4e575 0c388ed46f5d4e47abbeb3bb76433d3d - - default default] 10.0.0.140 "DELETE /v2.0/routers/f5c0ba7c-3805-4342-849b-469ad8ca6146 HTTP/1.1" status: 204 len: 168 time: 0.2315195
2026-05-06 02:28:58.456 10 INFO neutron.db.ovn_revision_numbers_db [None req-1f142602-bfb8-478d-b4e5-69274c6916fd 318aca6a62b14c87a47040e77fa178f6 a971d329d41b4e638db86990a3b05b23 - - default default] Successfully bumped revision number for resource f6c51d6a-239b-49d0-8c88-1a440fdef54d (type: security_group_rules) to 0
2026-05-06 02:28:58.459 11 INFO neutron.wsgi [req-952f67c1-21b8-4bb8-b76e-ede03ac4043b req-45c1ed7d-b29f-44fc-b5f4-5789cc29f2b3 7de982f6efed4578ae925fbc1e5c9106 42b0739dcc8f48b9afb9278a2e834eb0 - - default default] 10.0.0.47 "GET /v2.0/security-groups?id=099ea861-f86e-4e9a-aece-685790b3d804&fields=id&fields=name HTTP/1.1" status: 200 len: 311 time: 0.0524755
2026-05-06 02:28:58.489 10 INFO neutron.wsgi [None req-1f142602-bfb8-478d-b4e5-69274c6916fd 318aca6a62b14c87a47040e77fa178f6 a971d329d41b4e638db86990a3b05b23 - - default default] 10.0.0.140 "POST /v2.0/security-group-rules HTTP/1.1" status: 201 len: 766 time: 0.1653745
2026-05-06 02:28:58.658 10 INFO neutron.db.ovn_revision_numbers_db [None req-794e5b3f-f651-4e4b-afe6-d7ae6f8c789b 318aca6a62b14c87a47040e77fa178f6 a971d329d41b4e638db86990a3b05b23 - - default default] Successfully bumped revision number for resource 1c70395b-1c86-474f-a314-8ba1ec0d4aab (type: security_group_rules) to 0
2026-05-06 02:28:58.663 10 INFO neutron.wsgi [None req-34a4028a-0d99-42d8-9c44-34555da88479 8394991d6b5f43a183f82f266cb4e575 0c388ed46f5d4e47abbeb3bb76433d3d - - default default] 10.0.0.140 "DELETE /v2.0/subnets/f74164cf-3498-43c1-b84a-7a0a5fd41625 HTTP/1.1" status: 204 len: 168 time: 0.2361631
2026-05-06 02:28:58.680 10 INFO neutron.wsgi [None req-794e5b3f-f651-4e4b-afe6-d7ae6f8c789b 318aca6a62b14c87a47040e77fa178f6 a971d329d41b4e638db86990a3b05b23 - - default default] 10.0.0.140 "POST /v2.0/security-group-rules HTTP/1.1" status: 201 len: 768 time: 0.1873772
2026-05-06 02:28:58.801 10 INFO neutron.db.ovn_revision_numbers_db [None req-46e2a914-8081-4b24-906a-f60aaced4983 318aca6a62b14c87a47040e77fa178f6 a971d329d41b4e638db86990a3b05b23 - - default default] Successfully bumped revision number for resource 173e8dae-71bf-4aa1-92f4-a970f81ffaed (type: security_group_rules) to 0
2026-05-06 02:28:58.827 10 INFO neutron.wsgi [None req-46e2a914-8081-4b24-906a-f60aaced4983 318aca6a62b14c87a47040e77fa178f6 a971d329d41b4e638db86990a3b05b23 - - default default] 10.0.0.140 "POST /v2.0/security-group-rules HTTP/1.1" status: 201 len: 768 time: 0.1415784
2026-05-06 02:28:58.873 11 INFO neutron.wsgi [None req-94b363d4-5071-4203-a58d-368aab746e42 8394991d6b5f43a183f82f266cb4e575 0c388ed46f5d4e47abbeb3bb76433d3d - - default default] 10.0.0.140 "DELETE /v2.0/subnets/63fd6a94-3f6b-4dac-aa65-0ed4e6306675 HTTP/1.1" status: 204 len: 168 time: 0.2040060
2026-05-06 02:28:59.023 10 INFO neutron.db.ovn_revision_numbers_db [None req-4b652423-bfee-4910-8ae3-7b1623ab21ec 318aca6a62b14c87a47040e77fa178f6 a971d329d41b4e638db86990a3b05b23 - - default default] Successfully bumped revision number for resource f6f7e74a-af20-4d63-bb72-419a6f933540 (type: security_group_rules) to 0
2026-05-06 02:28:59.063 10 INFO neutron.wsgi [None req-4b652423-bfee-4910-8ae3-7b1623ab21ec 318aca6a62b14c87a47040e77fa178f6 a971d329d41b4e638db86990a3b05b23 - - default default] 10.0.0.140 "POST /v2.0/security-group-rules HTTP/1.1" status: 201 len: 764 time: 0.2313049
2026-05-06 02:28:59.203 11 INFO neutron.db.ovn_revision_numbers_db [None req-9182f9e5-4fb4-4e52-abdf-b9fc07572d5e 318aca6a62b14c87a47040e77fa178f6 a971d329d41b4e638db86990a3b05b23 - - default default] Successfully bumped revision number for resource 074eaa74-bf99-4be8-8b66-583751a9e782 (type: security_group_rules) to 0
2026-05-06 02:28:59.228 11 INFO neutron.wsgi [None req-9182f9e5-4fb4-4e52-abdf-b9fc07572d5e 318aca6a62b14c87a47040e77fa178f6 a971d329d41b4e638db86990a3b05b23 - - default default] 10.0.0.140 "POST /v2.0/security-group-rules HTTP/1.1" status: 201 len: 764 time: 0.1608853
2026-05-06 02:28:59.266 10 INFO neutron.services.segments.plugin [-] Segment 7044d3dc-0e80-414d-af26-4389d84d3b58 resource provider aggregate not found
2026-05-06 02:28:59.271 10 INFO neutron.services.segments.plugin [-] Segment 7044d3dc-0e80-414d-af26-4389d84d3b58 resource provider aggregate not found
2026-05-06 02:28:59.287 10 INFO neutron.services.segments.plugin [-] Segment 7044d3dc-0e80-414d-af26-4389d84d3b58 resource provider not found; error: Placement Client Error (4xx): {"errors": [{"status": 404, "title": "Not Found", "detail": "The resource could not be found.\n\n No resource provider with uuid 7044d3dc-0e80-414d-af26-4389d84d3b58 found for delete ", "request_id": "req-2045c1ba-2828-4e9d-8d65-430974e0cb94"}]}
2026-05-06 02:28:59.288 10 INFO neutron.services.segments.plugin [-] Segment 7044d3dc-0e80-414d-af26-4389d84d3b58 resource provider not found; error: Placement Client Error (4xx): {"errors": [{"status": 404, "title": "Not Found", "detail": "The resource could not be found.\n\n No resource provider with uuid 7044d3dc-0e80-414d-af26-4389d84d3b58 found for delete ", "request_id": "req-c872ee33-f7fe-4752-8b13-972ff9cd4e86"}]}
2026-05-06 02:28:59.310 10 INFO neutron.wsgi [None req-535b6b09-90f1-47a2-9c22-e83cd9605fef 8394991d6b5f43a183f82f266cb4e575 0c388ed46f5d4e47abbeb3bb76433d3d - - default default] 10.0.0.140 "DELETE /v2.0/networks/8917bc5b-fe0b-4fed-8ae9-6b60d6128f35 HTTP/1.1" status: 204 len: 168 time: 0.4316437
2026-05-06 02:28:59.399 11 INFO neutron.db.ovn_revision_numbers_db [None req-cc4d79b5-c883-4b1b-b32f-6570beab3901 318aca6a62b14c87a47040e77fa178f6 a971d329d41b4e638db86990a3b05b23 - - default default] Successfully bumped revision number for resource 83af6098-96c6-44b7-a2af-7c679a4f4905 (type: security_group_rules) to 0
2026-05-06 02:28:59.423 11 INFO neutron.wsgi [None req-cc4d79b5-c883-4b1b-b32f-6570beab3901 318aca6a62b14c87a47040e77fa178f6 a971d329d41b4e638db86990a3b05b23 - - default default] 10.0.0.140 "POST /v2.0/security-group-rules HTTP/1.1" status: 201 len: 764 time: 0.1889300
2026-05-06 02:28:59.561 11 INFO neutron.wsgi [req-9e0814e7-3468-499e-ad2e-d911c874ce0b req-d7157841-a4a7-4e9f-8942-f2ed68cde524 7de982f6efed4578ae925fbc1e5c9106 42b0739dcc8f48b9afb9278a2e834eb0 - - default default] 10.0.0.47 "GET /v2.0/ports?device_id=bfce238b-2b68-44f4-bc48-83c5827e0d70 HTTP/1.1" status: 200 len: 1172 time: 0.0394251
2026-05-06 02:28:59.571 10 INFO neutron.db.ovn_revision_numbers_db [None req-a5018762-0950-4970-9cdb-4960305b41be 318aca6a62b14c87a47040e77fa178f6 a971d329d41b4e638db86990a3b05b23 - - default default] Successfully bumped revision number for resource 5e08f65f-dc98-4a6c-bfec-a217c5c2a8c5 (type: security_group_rules) to 0
2026-05-06 02:28:59.602 10 INFO neutron.wsgi [None req-a5018762-0950-4970-9cdb-4960305b41be 318aca6a62b14c87a47040e77fa178f6 a971d329d41b4e638db86990a3b05b23 - - default default] 10.0.0.140 "POST /v2.0/security-group-rules HTTP/1.1" status: 201 len: 766 time: 0.1729953
2026-05-06 02:28:59.632 11 INFO neutron.wsgi [req-9e0814e7-3468-499e-ad2e-d911c874ce0b req-72fc87b0-76e5-4ada-83dd-962ce3b04c09 7de982f6efed4578ae925fbc1e5c9106 42b0739dcc8f48b9afb9278a2e834eb0 - - default default] 10.0.0.47 "GET /v2.0/security-groups?id=099ea861-f86e-4e9a-aece-685790b3d804&fields=id&fields=name HTTP/1.1" status: 200 len: 311 time: 0.0629647
2026-05-06 02:28:59.735 10 INFO neutron.db.ovn_revision_numbers_db [None req-ae20b886-8246-4872-9b94-235bb91b3966 318aca6a62b14c87a47040e77fa178f6 a971d329d41b4e638db86990a3b05b23 - - default default] Successfully bumped revision number for resource 4115b781-dbe5-41a5-89a5-d7cd1a56204a (type: security_group_rules) to 0
2026-05-06 02:28:59.738 11 INFO neutron.services.segments.plugin [-] Segment c3015820-ec87-436d-87ff-a590e8a47124 resource provider aggregate not found
2026-05-06 02:28:59.742 11 INFO neutron.services.segments.plugin [-] Segment c3015820-ec87-436d-87ff-a590e8a47124 resource provider aggregate not found
2026-05-06 02:28:59.760 11 INFO neutron.services.segments.plugin [-] Segment c3015820-ec87-436d-87ff-a590e8a47124 resource provider not found; error: Placement Client Error (4xx): {"errors": [{"status": 404, "title": "Not Found", "detail": "The resource could not be found.\n\n No resource provider with uuid c3015820-ec87-436d-87ff-a590e8a47124 found for delete ", "request_id": "req-350f12b8-d5da-4806-bb8d-2a411e5cbff3"}]}
2026-05-06 02:28:59.763 10 INFO neutron.wsgi [None req-ae20b886-8246-4872-9b94-235bb91b3966 318aca6a62b14c87a47040e77fa178f6 a971d329d41b4e638db86990a3b05b23 - - default default] 10.0.0.140 "POST /v2.0/security-group-rules HTTP/1.1" status: 201 len: 768 time: 0.1546524
2026-05-06 02:28:59.768 11 INFO neutron.services.segments.plugin [-] Segment c3015820-ec87-436d-87ff-a590e8a47124 resource provider not found; error: Placement Client Error (4xx): {"errors": [{"status": 404, "title": "Not Found", "detail": "The resource could not be found.\n\n No resource provider with uuid c3015820-ec87-436d-87ff-a590e8a47124 found for delete ", "request_id": "req-60a20057-d596-429b-bf4e-4a2d2a68c5ba"}]}
2026-05-06 02:28:59.779 11 WARNING neutron.plugins.ml2.drivers.ovn.mech_driver.ovsdb.ovn_client [None req-3bb4cb6b-ece9-4985-9fa3-ef1b798d9cba - - - - - -] No hosting information found for port 9e5619d6-9d11-4597-8cb3-9123f437e784: RuntimeError: No hosting information found for port 9e5619d6-9d11-4597-8cb3-9123f437e784
2026-05-06 02:28:59.791 11 INFO neutron.wsgi [None req-c1cb8db4-2739-4b68-8008-108995b1d4ba 8394991d6b5f43a183f82f266cb4e575 0c388ed46f5d4e47abbeb3bb76433d3d - - default default] 10.0.0.140 "DELETE /v2.0/networks/2c601779-852a-400e-91ad-95ba8b4f7934 HTTP/1.1" status: 204 len: 168 time: 0.4762831
2026-05-06 02:28:59.899 10 INFO neutron.db.ovn_revision_numbers_db [None req-bec0a3c8-fe11-4fc1-9ea8-f77d3b8286c4 318aca6a62b14c87a47040e77fa178f6 a971d329d41b4e638db86990a3b05b23 - - default default] Successfully bumped revision number for resource 15726b5b-4af1-4115-9de0-491eb2164620 (type: security_group_rules) to 0
2026-05-06 02:28:59.900 11 INFO neutron.db.segments_db [None req-5a9a6bfd-c8c1-4eb5-a4fd-432dc2553d87 8394991d6b5f43a183f82f266cb4e575 0c388ed46f5d4e47abbeb3bb76433d3d - - default default] Added segment 381f2eaa-e049-4d05-8f34-b5656e77c37d of type geneve for network cd6ef937-d28b-49a4-93b1-18b5c74bc772
2026-05-06 02:28:59.920 10 INFO neutron.wsgi [None req-bec0a3c8-fe11-4fc1-9ea8-f77d3b8286c4 318aca6a62b14c87a47040e77fa178f6 a971d329d41b4e638db86990a3b05b23 - - default default] 10.0.0.140 "POST /v2.0/security-group-rules HTTP/1.1" status: 201 len: 764 time: 0.1538811
2026-05-06 02:29:00.042 11 INFO neutron.db.ovn_revision_numbers_db [None req-5a9a6bfd-c8c1-4eb5-a4fd-432dc2553d87 8394991d6b5f43a183f82f266cb4e575 0c388ed46f5d4e47abbeb3bb76433d3d - - default default] Successfully bumped revision number for resource cd6ef937-d28b-49a4-93b1-18b5c74bc772 (type: networks) to 1
2026-05-06 02:29:00.135 11 INFO neutron.wsgi [req-d9378052-855f-4a43-b5b9-44d0d1dd7d1f req-d96d6823-457e-4edd-a54c-884cc22c1017 318aca6a62b14c87a47040e77fa178f6 a971d329d41b4e638db86990a3b05b23 - - default default] 10.0.0.47 "GET /v2.0/security-groups?name=tempest-lb_member_SG-1960528630&fields=id&tenant_id=a971d329d41b4e638db86990a3b05b23 HTTP/1.1" status: 200 len: 267 time: 0.0547214
2026-05-06 02:29:00.233 11 INFO neutron.wsgi [req-d9378052-855f-4a43-b5b9-44d0d1dd7d1f req-c09129e4-4e44-45e8-ae26-907c21cbf219 318aca6a62b14c87a47040e77fa178f6 a971d329d41b4e638db86990a3b05b23 - - default default] 10.0.0.47 "GET /v2.0/networks?id=e9de600c-c631-473b-b4dc-383828a355c1 HTTP/1.1" status: 200 len: 904 time: 0.0919964
2026-05-06 02:29:00.260 11 INFO neutron.wsgi [req-d9378052-855f-4a43-b5b9-44d0d1dd7d1f req-47943867-44e8-4c75-85f6-66ce398a74f2 318aca6a62b14c87a47040e77fa178f6 a971d329d41b4e638db86990a3b05b23 - - default default] 10.0.0.47 "GET /v2.0/quotas/a971d329d41b4e638db86990a3b05b23 HTTP/1.1" status: 200 len: 386 time: 0.0190265
2026-05-06 02:29:00.268 11 WARNING neutron.scheduler.dhcp_agent_scheduler [None req-5a9a6bfd-c8c1-4eb5-a4fd-432dc2553d87 8394991d6b5f43a183f82f266cb4e575 0c388ed46f5d4e47abbeb3bb76433d3d - - default default] No more DHCP agents
2026-05-06 02:29:00.277 11 WARNING neutron.api.rpc.agentnotifiers.dhcp_rpc_agent_api [None req-5a9a6bfd-c8c1-4eb5-a4fd-432dc2553d87 8394991d6b5f43a183f82f266cb4e575 0c388ed46f5d4e47abbeb3bb76433d3d - - default default] Unable to schedule network cd6ef937-d28b-49a4-93b1-18b5c74bc772: no agents available; will retry on subsequent port and subnet creation events.
2026-05-06 02:29:00.415 11 INFO neutron.db.ovn_revision_numbers_db [None req-5a9a6bfd-c8c1-4eb5-a4fd-432dc2553d87 8394991d6b5f43a183f82f266cb4e575 0c388ed46f5d4e47abbeb3bb76433d3d - - default default] Successfully bumped revision number for resource 8250f533-5f04-40ba-aca0-f7337ae0943d (type: ports) to 1
2026-05-06 02:29:00.442 11 INFO neutron.wsgi [None req-5a9a6bfd-c8c1-4eb5-a4fd-432dc2553d87 8394991d6b5f43a183f82f266cb4e575 0c388ed46f5d4e47abbeb3bb76433d3d - - default default] 10.0.0.140 "POST /v2.0/networks HTTP/1.1" status: 201 len: 828 time: 0.6446216
2026-05-06 02:29:00.497 11 INFO neutron.wsgi [req-d9378052-855f-4a43-b5b9-44d0d1dd7d1f req-34785b16-e664-4076-9ced-5bcee3008a58 318aca6a62b14c87a47040e77fa178f6 a971d329d41b4e638db86990a3b05b23 - - default default] 10.0.0.47 "GET /v2.0/ports?tenant_id=a971d329d41b4e638db86990a3b05b23&fields=id HTTP/1.1" status: 200 len: 486 time: 0.2285383
2026-05-06 02:29:00.565 10 INFO neutron.wsgi [None req-214572c0-17ec-4d37-a34f-31325bfab1e9 09a5f2e746694bfdbab22fc27ee986a3 213cbe7d811148cbb2df98a35bd0c857 - - default default] 10.0.0.207 "GET /v2.0/security-groups HTTP/1.1" status: 200 len: 43687 time: 0.1422877
2026-05-06 02:29:00.566 11 INFO neutron.wsgi [req-d9378052-855f-4a43-b5b9-44d0d1dd7d1f req-551d637d-ef8b-494b-923a-a0677604cf8e 059dd4792f9840a7996c913ad60288fa 9e1e1488ce14464e884f47ea96c05141 - - b55d5f6f0ff1483bb3a71a1c3ca2fa88 b55d5f6f0ff1483bb3a71a1c3ca2fa88] 10.0.0.47 "GET /v2.0/networks/e9de600c-c631-473b-b4dc-383828a355c1?fields=segments HTTP/1.1" status: 200 len: 212 time: 0.0566168
2026-05-06 02:29:00.607 10 INFO neutron.wsgi [None req-43f9ef45-9c49-4795-8e0d-0092590492f4 09a5f2e746694bfdbab22fc27ee986a3 213cbe7d811148cbb2df98a35bd0c857 - - default default] 10.0.0.207 "GET /v2.0/agents HTTP/1.1" status: 200 len: 997 time: 0.0197282
2026-05-06 02:29:00.631 11 INFO neutron.wsgi [req-d9378052-855f-4a43-b5b9-44d0d1dd7d1f req-f1b3cd9b-b446-45ba-a50e-72664a61fe3d 059dd4792f9840a7996c913ad60288fa 9e1e1488ce14464e884f47ea96c05141 - - b55d5f6f0ff1483bb3a71a1c3ca2fa88 b55d5f6f0ff1483bb3a71a1c3ca2fa88] 10.0.0.47 "GET /v2.0/networks/e9de600c-c631-473b-b4dc-383828a355c1?fields=provider%3Aphysical_network&fields=provider%3Anetwork_type HTTP/1.1" status: 200 len: 277 time: 0.0597403
2026-05-06 02:29:00.649 10 INFO neutron.wsgi [None req-7d372859-8c01-4c58-9238-b3ca98ed250b 09a5f2e746694bfdbab22fc27ee986a3 213cbe7d811148cbb2df98a35bd0c857 - - default default] 10.0.0.207 "GET /v2.0/floatingips HTTP/1.1" status: 200 len: 1035 time: 0.0400805
2026-05-06 02:29:00.693 10 INFO neutron.wsgi [None req-95562dbe-0212-4a23-9222-83046010cc86 09a5f2e746694bfdbab22fc27ee986a3 213cbe7d811148cbb2df98a35bd0c857 - - default default] 10.0.0.207 "GET /v2.0/subnets HTTP/1.1" status: 200 len: 6794 time: 0.0434108
2026-05-06 02:29:00.732 11 INFO neutron.wsgi [req-11ce635c-124f-4d0a-9265-537af11c2b52 req-466fd90f-d7ef-40b6-a6d8-fbeddae2f824 7de982f6efed4578ae925fbc1e5c9106 42b0739dcc8f48b9afb9278a2e834eb0 - - default default] 10.0.0.47 "GET /v2.0/ports?device_id=bfce238b-2b68-44f4-bc48-83c5827e0d70 HTTP/1.1" status: 200 len: 1172 time: 0.0359757
2026-05-06 02:29:00.742 10 INFO neutron.wsgi [None req-a7dfc5f7-7bb6-47e5-9f62-3a7b81db676e 09a5f2e746694bfdbab22fc27ee986a3 213cbe7d811148cbb2df98a35bd0c857 - - default default] 10.0.0.207 "GET /v2.0/ports HTTP/1.1" status: 200 len: 23453 time: 0.0462627
2026-05-06 02:29:00.792 11 INFO neutron.wsgi [req-2dbcc282-6747-49f5-b104-ca314326c0dd req-034ec7fd-4f98-4975-9f5e-37b4023b72ec 318aca6a62b14c87a47040e77fa178f6 a971d329d41b4e638db86990a3b05b23 - - default default] 10.0.0.47 "GET /v2.0/ports?device_id=7644ab6f-efa7-4ffc-a43f-99dca1580e1b HTTP/1.1" status: 200 len: 210 time: 0.0220504
2026-05-06 02:29:00.795 11 INFO neutron.wsgi [req-11ce635c-124f-4d0a-9265-537af11c2b52 req-dd930f8c-f850-4308-858a-fd283a7910fe 7de982f6efed4578ae925fbc1e5c9106 42b0739dcc8f48b9afb9278a2e834eb0 - - default default] 10.0.0.47 "GET /v2.0/security-groups?id=099ea861-f86e-4e9a-aece-685790b3d804&fields=id&fields=name HTTP/1.1" status: 200 len: 311 time: 0.0491328
2026-05-06 02:29:00.813 10 WARNING neutron.scheduler.dhcp_agent_scheduler [None req-d94f265f-472a-4da8-963f-007ca4e096b0 8394991d6b5f43a183f82f266cb4e575 0c388ed46f5d4e47abbeb3bb76433d3d - - default default] No more DHCP agents
2026-05-06 02:29:00.819 10 WARNING neutron.api.rpc.agentnotifiers.dhcp_rpc_agent_api [None req-d94f265f-472a-4da8-963f-007ca4e096b0 8394991d6b5f43a183f82f266cb4e575 0c388ed46f5d4e47abbeb3bb76433d3d - - default default] Unable to schedule network cd6ef937-d28b-49a4-93b1-18b5c74bc772: no agents available; will retry on subsequent port and subnet creation events.
2026-05-06 02:29:00.860 10 INFO neutron.wsgi [None req-8f4aae10-58d0-4fa6-b94e-f26831589722 09a5f2e746694bfdbab22fc27ee986a3 213cbe7d811148cbb2df98a35bd0c857 - - default default] 10.0.0.207 "GET /v2.0/routers HTTP/1.1" status: 200 len: 2197 time: 0.1001589
2026-05-06 02:29:00.880 10 INFO neutron.wsgi [None req-2a71a1e1-9237-44d3-b1dc-aaed45c7a648 09a5f2e746694bfdbab22fc27ee986a3 213cbe7d811148cbb2df98a35bd0c857 - - default default] 10.0.0.207 "GET /v2.0/agents?binary=ovn-controller HTTP/1.1" status: 200 len: 591 time: 0.0121834
2026-05-06 02:29:00.930 10 INFO neutron.wsgi [None req-8cc1fe04-bc45-4829-99d6-e53515b5fc40 09a5f2e746694bfdbab22fc27ee986a3 213cbe7d811148cbb2df98a35bd0c857 - - default default] 10.0.0.207 "GET /v2.0/subnets HTTP/1.1" status: 200 len: 7404 time: 0.0486350
2026-05-06 02:29:00.938 11 INFO neutron.wsgi [req-a26bcc8d-6f43-46a1-b94b-6ddc5ab2f176 req-1ba93006-ed87-4675-b0db-ed05ee4b2854 059dd4792f9840a7996c913ad60288fa 9e1e1488ce14464e884f47ea96c05141 - - b55d5f6f0ff1483bb3a71a1c3ca2fa88 b55d5f6f0ff1483bb3a71a1c3ca2fa88] 10.0.0.106 "GET /v2.0/ports?device_id=d235ac02-23a0-4fe2-98a0-627b4134c8e0 HTTP/1.1" status: 200 len: 1409 time: 0.1149530
2026-05-06 02:29:00.948 10 INFO neutron.wsgi [None req-c12865e8-0a39-401d-baf2-a5f2fd5af3c8 09a5f2e746694bfdbab22fc27ee986a3 213cbe7d811148cbb2df98a35bd0c857 - - default default] 10.0.0.207 "GET /v2.0/subnetpools HTTP/1.1" status: 200 len: 193 time: 0.0154874
2026-05-06 02:29:00.973 11 INFO neutron.wsgi [req-a26bcc8d-6f43-46a1-b94b-6ddc5ab2f176 req-ad0f5e58-55c6-47bb-990a-fa973ebcf426 059dd4792f9840a7996c913ad60288fa 9e1e1488ce14464e884f47ea96c05141 - - b55d5f6f0ff1483bb3a71a1c3ca2fa88 b55d5f6f0ff1483bb3a71a1c3ca2fa88] 10.0.0.106 "GET /v2.0/security-groups?id=0e35e7b1-4b0c-4402-8460-3d5338c84c10&fields=id&fields=name HTTP/1.1" status: 200 len: 313 time: 0.0257168
2026-05-06 02:29:01.317 10 WARNING neutron.plugins.ml2.drivers.ovn.mech_driver.ovsdb.ovn_client [None req-f8b393ac-a4c8-43d2-9ab8-dd3cbc701aa1 - - - - - -] No port found with ID 41d81cd5-929c-4bff-b04b-3db870011ffd: RuntimeError: No port found with ID 41d81cd5-929c-4bff-b04b-3db870011ffd
2026-05-06 02:29:01.318 10 INFO neutron.plugins.ml2.drivers.ovn.mech_driver.mech_driver [None req-f8b393ac-a4c8-43d2-9ab8-dd3cbc701aa1 - - - - - -] OVN reports status up for port: f43e5570-ee0e-4be3-ad4b-0527df4c907f
2026-05-06 02:29:01.337 10 INFO neutron.wsgi [None req-a9d20d30-b8bd-4f85-b991-93e8ab29b96b 09a5f2e746694bfdbab22fc27ee986a3 213cbe7d811148cbb2df98a35bd0c857 - - default default] 10.0.0.207 "GET /v2.0/networks HTTP/1.1" status: 200 len: 6967 time: 0.3877571
2026-05-06 02:29:01.340 10 INFO neutron.plugins.ml2.plugin [None req-f8b393ac-a4c8-43d2-9ab8-dd3cbc701aa1 - - - - - -] Attempt 1 to provision port f43e5570-ee0e-4be3-ad4b-0527df4c907f
2026-05-06 02:29:01.368 10 INFO neutron.wsgi [None req-e609ff70-b72a-436e-8ff2-f5b3fafac8a0 09a5f2e746694bfdbab22fc27ee986a3 213cbe7d811148cbb2df98a35bd0c857 - - default default] 10.0.0.207 "GET /v2.0/network-ip-availabilities HTTP/1.1" status: 200 len: 4701 time: 0.0266652
2026-05-06 02:29:01.674 10 INFO neutron.wsgi [req-d9378052-855f-4a43-b5b9-44d0d1dd7d1f req-05360019-177c-408c-a925-9a71e0cbbda4 318aca6a62b14c87a47040e77fa178f6 a971d329d41b4e638db86990a3b05b23 - - default default] 199.19.213.147 "GET /v2.0/networks?id=e9de600c-c631-473b-b4dc-383828a355c1 HTTP/1.1" status: 200 len: 904 time: 0.1074257
2026-05-06 02:29:01.764 10 INFO neutron.wsgi [req-d9378052-855f-4a43-b5b9-44d0d1dd7d1f req-9ebbab1c-1334-4cc7-b031-b53293eb2a36 318aca6a62b14c87a47040e77fa178f6 a971d329d41b4e638db86990a3b05b23 - - default default] 199.19.213.147 "GET /v2.0/security-groups?fields=id&fields=name&tenant_id=a971d329d41b4e638db86990a3b05b23 HTTP/1.1" status: 200 len: 378 time: 0.0829563
2026-05-06 02:29:01.790 10 INFO neutron.db.ovn_revision_numbers_db [None req-f8b393ac-a4c8-43d2-9ab8-dd3cbc701aa1 - - - - - -] Successfully bumped revision number for resource f43e5570-ee0e-4be3-ad4b-0527df4c907f (type: ports) to 2
2026-05-06 02:29:01.929 11 INFO neutron.wsgi [req-89ac5e3a-e31e-4414-a79f-1dc7aa7cdeeb req-2a675e82-2072-413a-ae69-5c6cbe85ea60 7de982f6efed4578ae925fbc1e5c9106 42b0739dcc8f48b9afb9278a2e834eb0 - - default default] 10.0.0.47 "GET /v2.0/ports?device_id=bfce238b-2b68-44f4-bc48-83c5827e0d70 HTTP/1.1" status: 200 len: 1172 time: 0.0507288
2026-05-06 02:29:01.951 10 INFO neutron.db.ovn_revision_numbers_db [None req-d94f265f-472a-4da8-963f-007ca4e096b0 8394991d6b5f43a183f82f266cb4e575 0c388ed46f5d4e47abbeb3bb76433d3d - - default default] Successfully bumped revision number for resource 8250f533-5f04-40ba-aca0-f7337ae0943d (type: ports) to 2
2026-05-06 02:29:01.978 11 INFO neutron.wsgi [req-89ac5e3a-e31e-4414-a79f-1dc7aa7cdeeb req-637ab4cc-3bb9-4d79-b159-b602a5833fd2 7de982f6efed4578ae925fbc1e5c9106 42b0739dcc8f48b9afb9278a2e834eb0 - - default default] 10.0.0.47 "GET /v2.0/security-groups?id=099ea861-f86e-4e9a-aece-685790b3d804&fields=id&fields=name HTTP/1.1" status: 200 len: 311 time: 0.0416057
2026-05-06 02:29:02.007 10 INFO neutron.db.ovn_revision_numbers_db [None req-d94f265f-472a-4da8-963f-007ca4e096b0 8394991d6b5f43a183f82f266cb4e575 0c388ed46f5d4e47abbeb3bb76433d3d - - default default] Successfully bumped revision number for resource 6b6a2434-68da-4bd8-8c2a-04926f406653 (type: subnets) to 0
2026-05-06 02:29:02.017 10 INFO neutron.db.ovn_revision_numbers_db [None req-f8b393ac-a4c8-43d2-9ab8-dd3cbc701aa1 - - - - - -] Successfully bumped revision number for resource f43e5570-ee0e-4be3-ad4b-0527df4c907f (type: router_ports) to 2
2026-05-06 02:29:02.037 10 INFO neutron.wsgi [None req-d94f265f-472a-4da8-963f-007ca4e096b0 8394991d6b5f43a183f82f266cb4e575 0c388ed46f5d4e47abbeb3bb76433d3d - - default default] 10.0.0.140 "POST /v2.0/subnets HTTP/1.1" status: 201 len: 801 time: 1.5883579
2026-05-06 02:29:02.215 11 INFO neutron.db.ovn_revision_numbers_db [None req-a264a291-c679-4507-a0f1-db57a69cf2aa 8394991d6b5f43a183f82f266cb4e575 0c388ed46f5d4e47abbeb3bb76433d3d - - default default] Successfully bumped revision number for resource 11fe58d6-8ec3-409d-8396-aea5ca65575f (type: routers) to 1
2026-05-06 02:29:02.231 10 WARNING neutron.scheduler.dhcp_agent_scheduler [req-d9378052-855f-4a43-b5b9-44d0d1dd7d1f req-c5c8c4fb-bb76-4590-9d07-b22f8afb6cf8 318aca6a62b14c87a47040e77fa178f6 a971d329d41b4e638db86990a3b05b23 - - default default] No more DHCP agents
2026-05-06 02:29:02.231 11 INFO neutron.wsgi [None req-a264a291-c679-4507-a0f1-db57a69cf2aa 8394991d6b5f43a183f82f266cb4e575 0c388ed46f5d4e47abbeb3bb76433d3d - - default default] 10.0.0.140 "POST /v2.0/routers HTTP/1.1" status: 201 len: 686 time: 0.1883960
2026-05-06 02:29:02.233 10 WARNING neutron.api.rpc.agentnotifiers.dhcp_rpc_agent_api [req-d9378052-855f-4a43-b5b9-44d0d1dd7d1f req-c5c8c4fb-bb76-4590-9d07-b22f8afb6cf8 318aca6a62b14c87a47040e77fa178f6 a971d329d41b4e638db86990a3b05b23 - - default default] Unable to schedule network e9de600c-c631-473b-b4dc-383828a355c1: no agents available; will retry on subsequent port and subnet creation events. /var/lib/openstack/lib/python3.10/site-packages/pycadf/identifier.py:71: UserWarning: Invalid uuid: neutron. To ensure interoperability, identifiers should be a valid uuid. warnings.warn(('Invalid uuid: %s. To ensure interoperability, '
2026-05-06 02:29:02.429 10 INFO neutron.db.ovn_revision_numbers_db [req-d9378052-855f-4a43-b5b9-44d0d1dd7d1f req-c5c8c4fb-bb76-4590-9d07-b22f8afb6cf8 318aca6a62b14c87a47040e77fa178f6 a971d329d41b4e638db86990a3b05b23 - - default default] Successfully bumped revision number for resource 1892a49c-b44e-4118-8bdd-d1320b60583e (type: ports) to 1
2026-05-06 02:29:02.454 10 INFO neutron.wsgi [req-d9378052-855f-4a43-b5b9-44d0d1dd7d1f req-c5c8c4fb-bb76-4590-9d07-b22f8afb6cf8 318aca6a62b14c87a47040e77fa178f6 a971d329d41b4e638db86990a3b05b23 - - default default] 199.19.213.147 "POST /v2.0/ports HTTP/1.1" status: 201 len: 1388 time: 0.6820588 /var/lib/openstack/lib/python3.10/site-packages/pycadf/identifier.py:71: UserWarning: Invalid uuid: neutron. To ensure interoperability, identifiers should be a valid uuid. warnings.warn(('Invalid uuid: %s. To ensure interoperability, '
2026-05-06 02:29:02.620 10 WARNING neutron.scheduler.dhcp_agent_scheduler [None req-9aa978cc-2439-49b7-bfb1-33c1e9647db7 8394991d6b5f43a183f82f266cb4e575 0c388ed46f5d4e47abbeb3bb76433d3d - - default default] No more DHCP agents
2026-05-06 02:29:02.625 10 WARNING neutron.api.rpc.agentnotifiers.dhcp_rpc_agent_api [None req-9aa978cc-2439-49b7-bfb1-33c1e9647db7 8394991d6b5f43a183f82f266cb4e575 0c388ed46f5d4e47abbeb3bb76433d3d - - default default] Unable to schedule network cd6ef937-d28b-49a4-93b1-18b5c74bc772: no agents available; will retry on subsequent port and subnet creation events.
2026-05-06 02:29:02.821 10 INFO neutron.db.ovn_revision_numbers_db [None req-9aa978cc-2439-49b7-bfb1-33c1e9647db7 8394991d6b5f43a183f82f266cb4e575 0c388ed46f5d4e47abbeb3bb76433d3d - - default default] Successfully bumped revision number for resource f8ed320c-4885-4fd1-8cd1-df1fb634a719 (type: ports) to 1
2026-05-06 02:29:02.859 10 INFO neutron.wsgi [None req-9aa978cc-2439-49b7-bfb1-33c1e9647db7 8394991d6b5f43a183f82f266cb4e575 0c388ed46f5d4e47abbeb3bb76433d3d - - default default] 10.0.0.140 "POST /v2.0/ports HTTP/1.1" status: 201 len: 1146 time: 0.6217167
2026-05-06 02:29:02.931 10 INFO neutron.db.ovn_revision_numbers_db [req-d9378052-855f-4a43-b5b9-44d0d1dd7d1f req-177f7d20-d64e-470e-bb8f-1a207188ba71 059dd4792f9840a7996c913ad60288fa 9e1e1488ce14464e884f47ea96c05141 - - b55d5f6f0ff1483bb3a71a1c3ca2fa88 b55d5f6f0ff1483bb3a71a1c3ca2fa88] Successfully bumped revision number for resource 1892a49c-b44e-4118-8bdd-d1320b60583e (type: ports) to 2
2026-05-06 02:29:03.101 11 INFO neutron.wsgi [req-dbb064f4-9ef9-4b2f-b4c1-f995c87d163f req-9b104feb-6cd3-4882-9b7b-968497db69e4 7de982f6efed4578ae925fbc1e5c9106 42b0739dcc8f48b9afb9278a2e834eb0 - - default default] 10.0.0.47 "GET /v2.0/ports?device_id=bfce238b-2b68-44f4-bc48-83c5827e0d70 HTTP/1.1" status: 200 len: 1172 time: 0.0552380
2026-05-06 02:29:03.115 10 INFO neutron.db.ovn_revision_numbers_db [req-d9378052-855f-4a43-b5b9-44d0d1dd7d1f req-177f7d20-d64e-470e-bb8f-1a207188ba71 059dd4792f9840a7996c913ad60288fa 9e1e1488ce14464e884f47ea96c05141 - - b55d5f6f0ff1483bb3a71a1c3ca2fa88 b55d5f6f0ff1483bb3a71a1c3ca2fa88] Successfully bumped revision number for resource 1892a49c-b44e-4118-8bdd-d1320b60583e (type: ports) to 2
2026-05-06 02:29:03.129 10 INFO neutron.wsgi [req-d9378052-855f-4a43-b5b9-44d0d1dd7d1f req-177f7d20-d64e-470e-bb8f-1a207188ba71 059dd4792f9840a7996c913ad60288fa 9e1e1488ce14464e884f47ea96c05141 - - b55d5f6f0ff1483bb3a71a1c3ca2fa88 b55d5f6f0ff1483bb3a71a1c3ca2fa88] 199.19.213.147 "PUT /v2.0/ports/1892a49c-b44e-4118-8bdd-d1320b60583e HTTP/1.1" status: 200 len: 1605 time: 0.6670380 /var/lib/openstack/lib/python3.10/site-packages/pycadf/identifier.py:71: UserWarning: Invalid uuid: neutron. To ensure interoperability, identifiers should be a valid uuid. warnings.warn(('Invalid uuid: %s. To ensure interoperability, '
2026-05-06 02:29:03.175 10 INFO neutron.notifiers.nova [-] Nova event matching ['req-1270773b-1e87-46f4-b878-3a4da686a822'] response: {'name': 'network-changed', 'server_uuid': '7644ab6f-efa7-4ffc-a43f-99dca1580e1b', 'tag': '1892a49c-b44e-4118-8bdd-d1320b60583e', 'status': 'completed', 'code': 200}
2026-05-06 02:29:03.211 10 INFO neutron.wsgi [req-d9378052-855f-4a43-b5b9-44d0d1dd7d1f req-7e5b52bd-6e9b-4da4-82a1-d8e6e6cf6447 059dd4792f9840a7996c913ad60288fa 9e1e1488ce14464e884f47ea96c05141 - - b55d5f6f0ff1483bb3a71a1c3ca2fa88 b55d5f6f0ff1483bb3a71a1c3ca2fa88] 199.19.213.147 "GET /v2.0/ports?tenant_id=a971d329d41b4e638db86990a3b05b23&device_id=7644ab6f-efa7-4ffc-a43f-99dca1580e1b HTTP/1.1" status: 200 len: 1636 time: 0.0471201
2026-05-06 02:29:03.240 10 INFO neutron.wsgi [req-d9378052-855f-4a43-b5b9-44d0d1dd7d1f req-af1fb75d-78ab-4c8f-aa68-0fc2965ad5bb 059dd4792f9840a7996c913ad60288fa 9e1e1488ce14464e884f47ea96c05141 - - b55d5f6f0ff1483bb3a71a1c3ca2fa88 b55d5f6f0ff1483bb3a71a1c3ca2fa88] 199.19.213.147 "GET /v2.0/floatingips?fixed_ip_address=10.2.1.164&port_id=1892a49c-b44e-4118-8bdd-d1320b60583e HTTP/1.1" status: 200 len: 217 time: 0.0207164
2026-05-06 02:29:03.268 10 INFO neutron.wsgi [req-d9378052-855f-4a43-b5b9-44d0d1dd7d1f req-4618db29-a9d5-44c6-afdc-f2d50604c1bc 059dd4792f9840a7996c913ad60288fa 9e1e1488ce14464e884f47ea96c05141 - - b55d5f6f0ff1483bb3a71a1c3ca2fa88 b55d5f6f0ff1483bb3a71a1c3ca2fa88] 199.19.213.147 "GET /v2.0/floatingips?fixed_ip_address=fd7b%3Af9f7%3Afff%3A4eca%3A%3A261&port_id=1892a49c-b44e-4118-8bdd-d1320b60583e HTTP/1.1" status: 200 len: 217 time: 0.0229392
2026-05-06 02:29:03.310 10 INFO neutron.wsgi [req-d9378052-855f-4a43-b5b9-44d0d1dd7d1f req-f20cf5af-ea12-4d9e-a6ed-a319ba9957a2 059dd4792f9840a7996c913ad60288fa 9e1e1488ce14464e884f47ea96c05141 - - b55d5f6f0ff1483bb3a71a1c3ca2fa88 b55d5f6f0ff1483bb3a71a1c3ca2fa88] 199.19.213.147 "GET /v2.0/subnets?id=33bd9b06-0b6f-4d4f-a262-9b3c3cdc2eac&id=e658db5c-dcfa-4ec4-9243-ed8421024ac7 HTTP/1.1" status: 200 len: 1563 time: 0.0358469
2026-05-06 02:29:03.339 10 INFO neutron.wsgi [req-d9378052-855f-4a43-b5b9-44d0d1dd7d1f req-ceb6b91b-5aff-4493-a4a9-216810d6c02b 059dd4792f9840a7996c913ad60288fa 9e1e1488ce14464e884f47ea96c05141 - - b55d5f6f0ff1483bb3a71a1c3ca2fa88 b55d5f6f0ff1483bb3a71a1c3ca2fa88] 199.19.213.147 "GET /v2.0/ports?network_id=e9de600c-c631-473b-b4dc-383828a355c1&device_owner=network%3Adhcp HTTP/1.1" status: 200 len: 210 time: 0.0186224
2026-05-06 02:29:03.356 11 INFO neutron.wsgi [req-dbb064f4-9ef9-4b2f-b4c1-f995c87d163f req-6a599265-5b44-4b23-83a5-019d954f0886 7de982f6efed4578ae925fbc1e5c9106 42b0739dcc8f48b9afb9278a2e834eb0 - - default default] 10.0.0.47 "GET /v2.0/security-groups?id=099ea861-f86e-4e9a-aece-685790b3d804&fields=id&fields=name HTTP/1.1" status: 200 len: 311 time: 0.2475169
2026-05-06 02:29:03.366 10 INFO neutron.wsgi [req-d9378052-855f-4a43-b5b9-44d0d1dd7d1f req-8078a91e-c322-4d3e-a096-4b84eda40cbc 059dd4792f9840a7996c913ad60288fa 9e1e1488ce14464e884f47ea96c05141 - - b55d5f6f0ff1483bb3a71a1c3ca2fa88 b55d5f6f0ff1483bb3a71a1c3ca2fa88] 199.19.213.147 "GET /v2.0/ports?network_id=e9de600c-c631-473b-b4dc-383828a355c1&device_owner=network%3Adhcp HTTP/1.1" status: 200 len: 210 time: 0.0201473
2026-05-06 02:29:03.440 10 INFO neutron.wsgi [req-d9378052-855f-4a43-b5b9-44d0d1dd7d1f req-b6fc92f1-f6e3-4693-8b63-628c7f230df5 059dd4792f9840a7996c913ad60288fa 9e1e1488ce14464e884f47ea96c05141 - - b55d5f6f0ff1483bb3a71a1c3ca2fa88 b55d5f6f0ff1483bb3a71a1c3ca2fa88] 199.19.213.147 "GET /v2.0/networks/e9de600c-c631-473b-b4dc-383828a355c1?fields=segments HTTP/1.1" status: 200 len: 212 time: 0.0664427
2026-05-06 02:29:03.478 11 INFO neutron.plugins.ml2.drivers.ovn.mech_driver.mech_driver [None req-3bb4cb6b-ece9-4985-9fa3-ef1b798d9cba - - - - - -] OVN reports status up for port: f8ed320c-4885-4fd1-8cd1-df1fb634a719
2026-05-06 02:29:03.487 11 INFO neutron.plugins.ml2.plugin [None req-3bb4cb6b-ece9-4985-9fa3-ef1b798d9cba - - - - - -] Attempt 1 to provision port f8ed320c-4885-4fd1-8cd1-df1fb634a719
2026-05-06 02:29:03.497 11 INFO neutron.db.ovn_revision_numbers_db [None req-aaef40b2-6453-41c3-812c-14cbee584548 8394991d6b5f43a183f82f266cb4e575 0c388ed46f5d4e47abbeb3bb76433d3d - - default default] Successfully bumped revision number for resource f8ed320c-4885-4fd1-8cd1-df1fb634a719 (type: router_ports) to 2
2026-05-06 02:29:03.501 10 INFO neutron.wsgi [req-d9378052-855f-4a43-b5b9-44d0d1dd7d1f req-313d0f57-30fb-4077-ad2a-dd9230708222 059dd4792f9840a7996c913ad60288fa 9e1e1488ce14464e884f47ea96c05141 - - b55d5f6f0ff1483bb3a71a1c3ca2fa88 b55d5f6f0ff1483bb3a71a1c3ca2fa88] 199.19.213.147 "GET /v2.0/networks/e9de600c-c631-473b-b4dc-383828a355c1?fields=provider%3Aphysical_network&fields=provider%3Anetwork_type HTTP/1.1" status: 200 len: 277 time: 0.0546074
2026-05-06 02:29:03.580 10 INFO neutron.wsgi [req-e45b019b-e5e7-4afb-abb7-aba63b54eec7 req-b0b93b07-1df4-41a1-9b2b-e430bb710005 059dd4792f9840a7996c913ad60288fa 9e1e1488ce14464e884f47ea96c05141 - - b55d5f6f0ff1483bb3a71a1c3ca2fa88 b55d5f6f0ff1483bb3a71a1c3ca2fa88] 199.19.213.147 "GET /v2.0/ports?tenant_id=a971d329d41b4e638db86990a3b05b23&device_id=7644ab6f-efa7-4ffc-a43f-99dca1580e1b HTTP/1.1" status: 200 len: 1636 time: 0.0353212
2026-05-06 02:29:03.665 10 INFO neutron.wsgi [req-e45b019b-e5e7-4afb-abb7-aba63b54eec7 req-49d49afd-05af-4e2e-803f-73e6cb06c52f 059dd4792f9840a7996c913ad60288fa 9e1e1488ce14464e884f47ea96c05141 - - b55d5f6f0ff1483bb3a71a1c3ca2fa88 b55d5f6f0ff1483bb3a71a1c3ca2fa88] 199.19.213.147 "GET /v2.0/networks?id=e9de600c-c631-473b-b4dc-383828a355c1 HTTP/1.1" status: 200 len: 1003 time: 0.0811799
2026-05-06 02:29:03.693 10 INFO neutron.wsgi [req-e45b019b-e5e7-4afb-abb7-aba63b54eec7 req-2bd61941-3ae2-4214-8fab-91af2bc4f7f0 059dd4792f9840a7996c913ad60288fa 9e1e1488ce14464e884f47ea96c05141 - - b55d5f6f0ff1483bb3a71a1c3ca2fa88 b55d5f6f0ff1483bb3a71a1c3ca2fa88] 199.19.213.147 "GET /v2.0/floatingips?fixed_ip_address=10.2.1.164&port_id=1892a49c-b44e-4118-8bdd-d1320b60583e HTTP/1.1" status: 200 len: 217 time: 0.0202794
2026-05-06 02:29:03.742 10 INFO neutron.wsgi [req-e45b019b-e5e7-4afb-abb7-aba63b54eec7 req-980664e5-73f8-48ca-9d41-c7c7c5feadb7 059dd4792f9840a7996c913ad60288fa 9e1e1488ce14464e884f47ea96c05141 - - b55d5f6f0ff1483bb3a71a1c3ca2fa88 b55d5f6f0ff1483bb3a71a1c3ca2fa88] 199.19.213.147 "GET /v2.0/floatingips?fixed_ip_address=fd7b%3Af9f7%3Afff%3A4eca%3A%3A261&port_id=1892a49c-b44e-4118-8bdd-d1320b60583e HTTP/1.1" status: 200 len: 217 time: 0.0426490
2026-05-06 02:29:03.792 10 INFO neutron.wsgi [req-e45b019b-e5e7-4afb-abb7-aba63b54eec7 req-538e4cc6-971e-486d-987f-4b3078e0e916 059dd4792f9840a7996c913ad60288fa 9e1e1488ce14464e884f47ea96c05141 - - b55d5f6f0ff1483bb3a71a1c3ca2fa88 b55d5f6f0ff1483bb3a71a1c3ca2fa88] 199.19.213.147 "GET /v2.0/subnets?id=33bd9b06-0b6f-4d4f-a262-9b3c3cdc2eac&id=e658db5c-dcfa-4ec4-9243-ed8421024ac7 HTTP/1.1" status: 200 len: 1563 time: 0.0436387
2026-05-06 02:29:03.805 11 INFO neutron.db.ovn_revision_numbers_db [None req-aaef40b2-6453-41c3-812c-14cbee584548 8394991d6b5f43a183f82f266cb4e575 0c388ed46f5d4e47abbeb3bb76433d3d - - default default] Successfully bumped revision number for resource f8ed320c-4885-4fd1-8cd1-df1fb634a719 (type: ports) to 2
2026-05-06 02:29:03.821 10 INFO neutron.wsgi [req-e45b019b-e5e7-4afb-abb7-aba63b54eec7 req-9406f92b-4401-48f9-960c-5007294c1521 059dd4792f9840a7996c913ad60288fa 9e1e1488ce14464e884f47ea96c05141 - - b55d5f6f0ff1483bb3a71a1c3ca2fa88 b55d5f6f0ff1483bb3a71a1c3ca2fa88] 199.19.213.147 "GET /v2.0/ports?network_id=e9de600c-c631-473b-b4dc-383828a355c1&device_owner=network%3Adhcp HTTP/1.1" status: 200 len: 210 time: 0.0232160
2026-05-06 02:29:03.848 10 INFO neutron.wsgi [req-e45b019b-e5e7-4afb-abb7-aba63b54eec7 req-595cefad-0e4d-4031-9984-e353cb79c030 059dd4792f9840a7996c913ad60288fa 9e1e1488ce14464e884f47ea96c05141 - - b55d5f6f0ff1483bb3a71a1c3ca2fa88 b55d5f6f0ff1483bb3a71a1c3ca2fa88] 199.19.213.147 "GET /v2.0/ports?network_id=e9de600c-c631-473b-b4dc-383828a355c1&device_owner=network%3Adhcp HTTP/1.1" status: 200 len: 210 time: 0.0220065
2026-05-06 02:29:03.884 11 INFO neutron.db.ovn_revision_numbers_db [None req-3bb4cb6b-ece9-4985-9fa3-ef1b798d9cba - - - - - -] Successfully bumped revision number for resource f8ed320c-4885-4fd1-8cd1-df1fb634a719 (type: ports) to 3
2026-05-06 02:29:03.924 10 INFO neutron.wsgi [req-e45b019b-e5e7-4afb-abb7-aba63b54eec7 req-b6c1e2bf-e4cd-48e1-bb08-5d431f2f1561 059dd4792f9840a7996c913ad60288fa 9e1e1488ce14464e884f47ea96c05141 - - b55d5f6f0ff1483bb3a71a1c3ca2fa88 b55d5f6f0ff1483bb3a71a1c3ca2fa88] 199.19.213.147 "GET /v2.0/networks/e9de600c-c631-473b-b4dc-383828a355c1?fields=segments HTTP/1.1" status: 200 len: 212 time: 0.0707583
2026-05-06 02:29:04.005 10 INFO neutron.wsgi [req-e45b019b-e5e7-4afb-abb7-aba63b54eec7 req-4c2b6357-4b7c-40c5-b0c9-041ced9477a2 059dd4792f9840a7996c913ad60288fa 9e1e1488ce14464e884f47ea96c05141 - - b55d5f6f0ff1483bb3a71a1c3ca2fa88 b55d5f6f0ff1483bb3a71a1c3ca2fa88] 199.19.213.147 "GET /v2.0/networks/e9de600c-c631-473b-b4dc-383828a355c1?fields=provider%3Aphysical_network&fields=provider%3Anetwork_type HTTP/1.1" status: 200 len: 277 time: 0.0736248
2026-05-06 02:29:04.077 11 INFO neutron.db.ovn_revision_numbers_db [None req-3bb4cb6b-ece9-4985-9fa3-ef1b798d9cba - - - - - -] Successfully bumped revision number for resource f8ed320c-4885-4fd1-8cd1-df1fb634a719 (type: router_ports) to 3 /var/lib/openstack/lib/python3.10/site-packages/pycadf/identifier.py:71: UserWarning: Invalid uuid: neutron. To ensure interoperability, identifiers should be a valid uuid. warnings.warn(('Invalid uuid: %s. To ensure interoperability, '
2026-05-06 02:29:04.573 11 INFO neutron.db.ovn_revision_numbers_db [None req-aaef40b2-6453-41c3-812c-14cbee584548 8394991d6b5f43a183f82f266cb4e575 0c388ed46f5d4e47abbeb3bb76433d3d - - default default] Successfully bumped revision number for resource f8ed320c-4885-4fd1-8cd1-df1fb634a719 (type: ports) to 3
2026-05-06 02:29:04.583 11 INFO neutron.wsgi [req-92db77cd-5f71-4295-a73c-bdfcfdc9251b req-90ba1295-9240-4c45-b391-36ba4ca66e8b 7de982f6efed4578ae925fbc1e5c9106 42b0739dcc8f48b9afb9278a2e834eb0 - - default default] 10.0.0.47 "GET /v2.0/ports?device_id=bfce238b-2b68-44f4-bc48-83c5827e0d70 HTTP/1.1" status: 200 len: 1172 time: 0.1533673
2026-05-06 02:29:04.665 11 INFO neutron.wsgi [req-92db77cd-5f71-4295-a73c-bdfcfdc9251b req-e64a2c7a-224c-4c72-a095-d416f199ad91 7de982f6efed4578ae925fbc1e5c9106 42b0739dcc8f48b9afb9278a2e834eb0 - - default default] 10.0.0.47 "GET /v2.0/security-groups?id=099ea861-f86e-4e9a-aece-685790b3d804&fields=id&fields=name HTTP/1.1" status: 200 len: 311 time: 0.0719633
2026-05-06 02:29:04.708 11 INFO neutron.wsgi [req-67e91d98-6f04-4aa9-82d5-c01d536e22bd req-e6eb1008-406d-4107-92b5-00e82109b1ba 1374d8a9b9394e2d99f23b77273ba25d 267c2443f44741dab2829e0d33f09c95 - - default default] 10.0.0.47 "GET /v2.0/ports?device_id=d235ac02-23a0-4fe2-98a0-627b4134c8e0 HTTP/1.1" status: 200 len: 1170 time: 0.1686523
2026-05-06 02:29:04.722 11 WARNING neutron.scheduler.dhcp_agent_scheduler [None req-aaef40b2-6453-41c3-812c-14cbee584548 8394991d6b5f43a183f82f266cb4e575 0c388ed46f5d4e47abbeb3bb76433d3d - - default default] No more DHCP agents
2026-05-06 02:29:04.726 11 WARNING neutron.api.rpc.agentnotifiers.dhcp_rpc_agent_api [None req-aaef40b2-6453-41c3-812c-14cbee584548 8394991d6b5f43a183f82f266cb4e575 0c388ed46f5d4e47abbeb3bb76433d3d - - default default] Unable to schedule network cd6ef937-d28b-49a4-93b1-18b5c74bc772: no agents available; will retry on subsequent port and subnet creation events.
