2026-05-06 02:31:11.473 10 INFO neutron.notifiers.nova [-] Nova event matching ['req-6382ba00-0f45-4afb-8fb2-eb291b0589e0'] response: {'name': 'network-changed', 'server_uuid': 'e85ff28c-eb87-4235-aa26-f9182a3e676c', 'tag': '770c254f-719a-4dee-9c72-e9994d1a817e', 'status': 'completed', 'code': 200}
2026-05-06 02:31:11.518 10 INFO neutron.wsgi [req-01b5d8cb-928c-4efd-a484-1ea0a67e781d req-6d77e6f5-84bc-40b7-b2a7-4383492b1e6e 059dd4792f9840a7996c913ad60288fa 9e1e1488ce14464e884f47ea96c05141 - - b55d5f6f0ff1483bb3a71a1c3ca2fa88 b55d5f6f0ff1483bb3a71a1c3ca2fa88] 199.19.213.147 "GET /v2.0/ports?tenant_id=213cbe7d811148cbb2df98a35bd0c857&device_id=e85ff28c-eb87-4235-aa26-f9182a3e676c HTTP/1.1" status: 200 len: 5343 time: 0.0475929
2026-05-06 02:31:11.523 10 INFO neutron.wsgi [None req-f0a2d68a-2f0b-4200-a126-b663f2f29da9 500048670f354df89d26122a47905e90 371bd81d5e1443778db6fa19875bdce5 - - default default] 10.0.0.140 "GET /v2.0/subnets?not-tags=red HTTP/1.1" status: 200 len: 2018 time: 0.0684416
2026-05-06 02:31:11.552 10 INFO neutron.wsgi [req-01b5d8cb-928c-4efd-a484-1ea0a67e781d req-cbcd80d3-6075-4f21-8fa5-ae5376bbb653 059dd4792f9840a7996c913ad60288fa 9e1e1488ce14464e884f47ea96c05141 - - b55d5f6f0ff1483bb3a71a1c3ca2fa88 b55d5f6f0ff1483bb3a71a1c3ca2fa88] 199.19.213.147 "GET /v2.0/floatingips?fixed_ip_address=172.24.3.80&port_id=909f7d6e-f0a8-4e42-b5d1-0d8b5661582f HTTP/1.1" status: 200 len: 217 time: 0.0277946
2026-05-06 02:31:11.601 10 INFO neutron.wsgi [None req-936753d8-0f57-44f2-8d6a-f081ab822577 500048670f354df89d26122a47905e90 371bd81d5e1443778db6fa19875bdce5 - - default default] 10.0.0.140 "GET /v2.0/subnets?not-tags=red%2Cblue HTTP/1.1" status: 200 len: 2615 time: 0.0718963
2026-05-06 02:31:11.608 10 INFO neutron.wsgi [req-01b5d8cb-928c-4efd-a484-1ea0a67e781d req-3285cc40-48e9-402f-aa21-110ab5d4370d 059dd4792f9840a7996c913ad60288fa 9e1e1488ce14464e884f47ea96c05141 - - b55d5f6f0ff1483bb3a71a1c3ca2fa88 b55d5f6f0ff1483bb3a71a1c3ca2fa88] 199.19.213.147 "GET /v2.0/subnets?id=e05f464d-ac24-4132-998a-a364d400c03e HTTP/1.1" status: 200 len: 829 time: 0.0465407
2026-05-06 02:31:11.647 10 INFO neutron.wsgi [req-01b5d8cb-928c-4efd-a484-1ea0a67e781d req-df6c6d65-c172-4f66-bede-f315be1b33b2 059dd4792f9840a7996c913ad60288fa 9e1e1488ce14464e884f47ea96c05141 - - b55d5f6f0ff1483bb3a71a1c3ca2fa88 b55d5f6f0ff1483bb3a71a1c3ca2fa88] 199.19.213.147 "GET /v2.0/ports?network_id=a35503e4-8044-414c-84ee-08937d134d58&device_owner=network%3Adhcp HTTP/1.1" status: 200 len: 210 time: 0.0282078
2026-05-06 02:31:11.673 10 INFO neutron.wsgi [None req-e1e180c3-be18-4a2f-847a-eb2bded45290 500048670f354df89d26122a47905e90 371bd81d5e1443778db6fa19875bdce5 - - default default] 10.0.0.140 "GET /v2.0/subnets?not-tags-any=blue HTTP/1.1" status: 200 len: 2615 time: 0.0674789
2026-05-06 02:31:11.700 11 INFO neutron.wsgi [None req-0ca4cd40-a6a6-4e65-82bc-170389829daf 1a079ca41b9141d7b00afc68e02307a6 15e32cf4fa754cd8b4eb8f3d2c4a79b5 - - default default] 10.0.0.140 "GET /v2.0/routers?not-tags=red HTTP/1.1" status: 200 len: 1116 time: 0.5148106
2026-05-06 02:31:11.726 10 INFO neutron.wsgi [None req-edf16f26-9fd4-4b6b-8f9f-5bd9aba3cb30 500048670f354df89d26122a47905e90 371bd81d5e1443778db6fa19875bdce5 - - default default] 10.0.0.140 "GET /v2.0/subnets?not-tags-any=red%2Cblue HTTP/1.1" status: 200 len: 2018 time: 0.0464914
2026-05-06 02:31:11.734 10 INFO neutron.wsgi [req-01b5d8cb-928c-4efd-a484-1ea0a67e781d req-db281600-6c04-4d92-8931-5979111e80b3 059dd4792f9840a7996c913ad60288fa 9e1e1488ce14464e884f47ea96c05141 - - b55d5f6f0ff1483bb3a71a1c3ca2fa88 b55d5f6f0ff1483bb3a71a1c3ca2fa88] 199.19.213.147 "GET /v2.0/networks/a35503e4-8044-414c-84ee-08937d134d58?fields=segments HTTP/1.1" status: 200 len: 212 time: 0.0804853
2026-05-06 02:31:11.786 11 INFO neutron.wsgi [None req-f070f23c-8cea-4f44-b704-6dbdbac6dcd7 1a079ca41b9141d7b00afc68e02307a6 15e32cf4fa754cd8b4eb8f3d2c4a79b5 - - default default] 10.0.0.140 "GET /v2.0/routers?not-tags=red%2Cblue HTTP/1.1" status: 200 len: 1573 time: 0.0780733
2026-05-06 02:31:11.806 10 INFO neutron.wsgi [req-01b5d8cb-928c-4efd-a484-1ea0a67e781d req-5b4ee426-0528-49f3-b726-71ca017b3885 059dd4792f9840a7996c913ad60288fa 9e1e1488ce14464e884f47ea96c05141 - - b55d5f6f0ff1483bb3a71a1c3ca2fa88 b55d5f6f0ff1483bb3a71a1c3ca2fa88] 199.19.213.147 "GET /v2.0/networks/a35503e4-8044-414c-84ee-08937d134d58?fields=provider%3Aphysical_network&fields=provider%3Anetwork_type HTTP/1.1" status: 200 len: 277 time: 0.0651793
2026-05-06 02:31:11.838 10 INFO neutron.wsgi [req-01b5d8cb-928c-4efd-a484-1ea0a67e781d req-882cd981-e115-4ecc-b3b6-a0580647b1dd 059dd4792f9840a7996c913ad60288fa 9e1e1488ce14464e884f47ea96c05141 - - b55d5f6f0ff1483bb3a71a1c3ca2fa88 b55d5f6f0ff1483bb3a71a1c3ca2fa88] 199.19.213.147 "GET /v2.0/floatingips?fixed_ip_address=10.1.1.85&port_id=93b35ba2-5d58-4663-b746-f9671f3137ea HTTP/1.1" status: 200 len: 217 time: 0.0212626
2026-05-06 02:31:11.869 11 INFO neutron.wsgi [None req-001115e7-d8a2-4394-beb9-1d2779dcaf4c 1a079ca41b9141d7b00afc68e02307a6 15e32cf4fa754cd8b4eb8f3d2c4a79b5 - - default default] 10.0.0.140 "GET /v2.0/routers?not-tags-any=blue HTTP/1.1" status: 200 len: 1573 time: 0.0765834
2026-05-06 02:31:11.887 10 INFO neutron.wsgi [req-01b5d8cb-928c-4efd-a484-1ea0a67e781d req-50b74151-fdde-4882-b84d-e58cb6c448ff 059dd4792f9840a7996c913ad60288fa 9e1e1488ce14464e884f47ea96c05141 - - b55d5f6f0ff1483bb3a71a1c3ca2fa88 b55d5f6f0ff1483bb3a71a1c3ca2fa88] 199.19.213.147 "GET /v2.0/subnets?id=09646fc7-9688-4e3e-a8b0-1a63a73a982f HTTP/1.1" status: 200 len: 853 time: 0.0412884
2026-05-06 02:31:11.953 10 INFO neutron.wsgi [req-01b5d8cb-928c-4efd-a484-1ea0a67e781d req-edbe5d47-684d-4404-ac86-298d7f6013c2 059dd4792f9840a7996c913ad60288fa 9e1e1488ce14464e884f47ea96c05141 - - b55d5f6f0ff1483bb3a71a1c3ca2fa88 b55d5f6f0ff1483bb3a71a1c3ca2fa88] 199.19.213.147 "GET /v2.0/ports?network_id=713337a7-b79d-40e0-9e0a-7a26bef05fa6&device_owner=network%3Adhcp HTTP/1.1" status: 200 len: 210 time: 0.0577502
2026-05-06 02:31:11.966 10 INFO neutron.wsgi [None req-5e7319ee-1bce-46c0-837e-3794eb4c55bd 1a079ca41b9141d7b00afc68e02307a6 15e32cf4fa754cd8b4eb8f3d2c4a79b5 - - default default] 10.0.0.140 "GET /v2.0/routers?not-tags-any=red%2Cblue HTTP/1.1" status: 200 len: 1116 time: 0.0908558
2026-05-06 02:31:12.030 10 INFO neutron.wsgi [None req-4eed6a60-edfd-414a-8927-47e3826d15f6 500048670f354df89d26122a47905e90 371bd81d5e1443778db6fa19875bdce5 - - default default] 10.0.0.140 "DELETE /v2.0/subnets/f287b544-2503-4622-b268-c094eaad245e HTTP/1.1" status: 204 len: 168 time: 0.2936983
2026-05-06 02:31:12.033 11 INFO neutron.wsgi [None req-5ea0b9f1-1d90-4a98-b074-d59c7e5f22a2 1a079ca41b9141d7b00afc68e02307a6 15e32cf4fa754cd8b4eb8f3d2c4a79b5 - - default default] 10.0.0.140 "GET /v2.0/routers/98df79cb-f950-41bb-a6bd-f34090bddd16 HTTP/1.1" status: 200 len: 660 time: 0.0576546
2026-05-06 02:31:12.034 10 INFO neutron.wsgi [req-01b5d8cb-928c-4efd-a484-1ea0a67e781d req-5b14df40-8b9d-4a41-a361-281dfe2fd25e 059dd4792f9840a7996c913ad60288fa 9e1e1488ce14464e884f47ea96c05141 - - b55d5f6f0ff1483bb3a71a1c3ca2fa88 b55d5f6f0ff1483bb3a71a1c3ca2fa88] 199.19.213.147 "GET /v2.0/networks/713337a7-b79d-40e0-9e0a-7a26bef05fa6?fields=segments HTTP/1.1" status: 200 len: 212 time: 0.0727797
2026-05-06 02:31:12.118 10 INFO neutron.wsgi [req-01b5d8cb-928c-4efd-a484-1ea0a67e781d req-4b428bb3-6f83-49f4-a0ba-3f148f65346b 059dd4792f9840a7996c913ad60288fa 9e1e1488ce14464e884f47ea96c05141 - - b55d5f6f0ff1483bb3a71a1c3ca2fa88 b55d5f6f0ff1483bb3a71a1c3ca2fa88] 199.19.213.147 "GET /v2.0/networks/713337a7-b79d-40e0-9e0a-7a26bef05fa6?fields=provider%3Aphysical_network&fields=provider%3Anetwork_type HTTP/1.1" status: 200 len: 277 time: 0.0759821
2026-05-06 02:31:12.160 10 INFO neutron.wsgi [req-01b5d8cb-928c-4efd-a484-1ea0a67e781d req-b53e4e65-2204-4545-bf3b-618cf11c5566 059dd4792f9840a7996c913ad60288fa 9e1e1488ce14464e884f47ea96c05141 - - b55d5f6f0ff1483bb3a71a1c3ca2fa88 b55d5f6f0ff1483bb3a71a1c3ca2fa88] 199.19.213.147 "GET /v2.0/floatingips?fixed_ip_address=10.2.1.114&port_id=c1106ac8-3b17-4473-bbe5-63b3a965e2af HTTP/1.1" status: 200 len: 217 time: 0.0206873
2026-05-06 02:31:12.467 10 INFO neutron.wsgi [req-01b5d8cb-928c-4efd-a484-1ea0a67e781d req-a9183c3e-b119-416e-8c4b-5e07fef86f7e 059dd4792f9840a7996c913ad60288fa 9e1e1488ce14464e884f47ea96c05141 - - b55d5f6f0ff1483bb3a71a1c3ca2fa88 b55d5f6f0ff1483bb3a71a1c3ca2fa88] 199.19.213.147 "GET /v2.0/subnets?id=33bd9b06-0b6f-4d4f-a262-9b3c3cdc2eac HTTP/1.1" status: 200 len: 852 time: 0.2947121
2026-05-06 02:31:12.505 10 INFO neutron.wsgi [req-01b5d8cb-928c-4efd-a484-1ea0a67e781d req-4c949f99-41b5-47fc-bd16-a95a6611c85d 059dd4792f9840a7996c913ad60288fa 9e1e1488ce14464e884f47ea96c05141 - - b55d5f6f0ff1483bb3a71a1c3ca2fa88 b55d5f6f0ff1483bb3a71a1c3ca2fa88] 199.19.213.147 "GET /v2.0/ports?network_id=e9de600c-c631-473b-b4dc-383828a355c1&device_owner=network%3Adhcp HTTP/1.1" status: 200 len: 210 time: 0.0335319
2026-05-06 02:31:12.505 11 INFO neutron.db.ovn_revision_numbers_db [None req-56253789-c41b-4a78-a5e3-2d5ed7d79f27 1a079ca41b9141d7b00afc68e02307a6 15e32cf4fa754cd8b4eb8f3d2c4a79b5 - - default default] Successfully bumped revision number for resource 98df79cb-f950-41bb-a6bd-f34090bddd16 (type: routers) to 2
2026-05-06 02:31:12.509 11 INFO neutron.wsgi [None req-56253789-c41b-4a78-a5e3-2d5ed7d79f27 1a079ca41b9141d7b00afc68e02307a6 15e32cf4fa754cd8b4eb8f3d2c4a79b5 - - default default] 10.0.0.140 "PUT /v2.0/routers/98df79cb-f950-41bb-a6bd-f34090bddd16 HTTP/1.1" status: 200 len: 660 time: 0.4711614
2026-05-06 02:31:12.534 11 INFO neutron.wsgi [None req-c54e3e13-6246-42ef-ba69-5d64f9d8e5c9 1a079ca41b9141d7b00afc68e02307a6 15e32cf4fa754cd8b4eb8f3d2c4a79b5 - - default default] 10.0.0.140 "GET /v2.0/ports?device_id=98df79cb-f950-41bb-a6bd-f34090bddd16 HTTP/1.1" status: 200 len: 205 time: 0.0182626
2026-05-06 02:31:12.582 10 INFO neutron.wsgi [req-01b5d8cb-928c-4efd-a484-1ea0a67e781d req-bbbdf9a0-e8d2-4070-aa71-49b328269540 059dd4792f9840a7996c913ad60288fa 9e1e1488ce14464e884f47ea96c05141 - - b55d5f6f0ff1483bb3a71a1c3ca2fa88 b55d5f6f0ff1483bb3a71a1c3ca2fa88] 199.19.213.147 "GET /v2.0/networks/e9de600c-c631-473b-b4dc-383828a355c1?fields=segments HTTP/1.1" status: 200 len: 212 time: 0.0683818
2026-05-06 02:31:12.591 10 INFO neutron.wsgi [None req-4afab48f-bea4-4745-a6d8-3b41af652884 500048670f354df89d26122a47905e90 371bd81d5e1443778db6fa19875bdce5 - - default default] 10.0.0.140 "DELETE /v2.0/subnets/e93d53e8-313b-40b0-840d-42f3510f6d84 HTTP/1.1" status: 204 len: 168 time: 0.5542293
2026-05-06 02:31:12.666 10 INFO neutron.wsgi [req-01b5d8cb-928c-4efd-a484-1ea0a67e781d req-6d7e7afc-2a5c-475b-9a95-b389cc8579fc 059dd4792f9840a7996c913ad60288fa 9e1e1488ce14464e884f47ea96c05141 - - b55d5f6f0ff1483bb3a71a1c3ca2fa88 b55d5f6f0ff1483bb3a71a1c3ca2fa88] 199.19.213.147 "GET /v2.0/networks/e9de600c-c631-473b-b4dc-383828a355c1?fields=provider%3Aphysical_network&fields=provider%3Anetwork_type HTTP/1.1" status: 200 len: 277 time: 0.0743811
2026-05-06 02:31:12.702 10 INFO neutron.wsgi [req-01b5d8cb-928c-4efd-a484-1ea0a67e781d req-673690fb-e65e-401e-9673-fb13d9b4cdfd 059dd4792f9840a7996c913ad60288fa 9e1e1488ce14464e884f47ea96c05141 - - b55d5f6f0ff1483bb3a71a1c3ca2fa88 b55d5f6f0ff1483bb3a71a1c3ca2fa88] 199.19.213.147 "GET /v2.0/floatingips?fixed_ip_address=10.2.2.101&port_id=770c254f-719a-4dee-9c72-e9994d1a817e HTTP/1.1" status: 200 len: 217 time: 0.0263479
2026-05-06 02:31:12.738 10 INFO neutron.wsgi [req-01b5d8cb-928c-4efd-a484-1ea0a67e781d req-a158b1ed-3ad0-44a1-a9f8-b42c3bedcb3a 059dd4792f9840a7996c913ad60288fa 9e1e1488ce14464e884f47ea96c05141 - - b55d5f6f0ff1483bb3a71a1c3ca2fa88 b55d5f6f0ff1483bb3a71a1c3ca2fa88] 199.19.213.147 "GET /v2.0/floatingips?fixed_ip_address=fd77%3A1457%3A4cf0%3A26a8%3A%3A5c&port_id=770c254f-719a-4dee-9c72-e9994d1a817e HTTP/1.1" status: 200 len: 217 time: 0.0284750
2026-05-06 02:31:12.762 11 INFO neutron.wsgi [None req-555476d2-6b49-445c-bfa6-1f5c6ffe20d1 1a079ca41b9141d7b00afc68e02307a6 15e32cf4fa754cd8b4eb8f3d2c4a79b5 - - default default] 10.0.0.140 "DELETE /v2.0/routers/98df79cb-f950-41bb-a6bd-f34090bddd16 HTTP/1.1" status: 204 len: 168 time: 0.2221994
2026-05-06 02:31:12.786 10 INFO neutron.wsgi [req-01b5d8cb-928c-4efd-a484-1ea0a67e781d req-3fee7326-c9cd-41f1-b4e1-35c82adecc69 059dd4792f9840a7996c913ad60288fa 9e1e1488ce14464e884f47ea96c05141 - - b55d5f6f0ff1483bb3a71a1c3ca2fa88 b55d5f6f0ff1483bb3a71a1c3ca2fa88] 199.19.213.147 "GET /v2.0/subnets?id=3f299d4d-3321-4bc6-8f3d-e27f21f875da&id=5661df72-7c90-40ac-916b-84ca559b8c6d HTTP/1.1" status: 200 len: 1566 time: 0.0397863
2026-05-06 02:31:12.818 11 INFO neutron.wsgi [None req-98caec74-87a7-4fde-b1e6-373a85265632 1a079ca41b9141d7b00afc68e02307a6 15e32cf4fa754cd8b4eb8f3d2c4a79b5 - - default default] 10.0.0.140 "GET /v2.0/routers/5e5cb371-4efd-4432-aca4-f09165bf65ce HTTP/1.1" status: 200 len: 668 time: 0.0465629
2026-05-06 02:31:12.823 10 INFO neutron.wsgi [req-01b5d8cb-928c-4efd-a484-1ea0a67e781d req-5f604fa7-b1b6-4e15-8bb2-b9c46897c9c5 059dd4792f9840a7996c913ad60288fa 9e1e1488ce14464e884f47ea96c05141 - - b55d5f6f0ff1483bb3a71a1c3ca2fa88 b55d5f6f0ff1483bb3a71a1c3ca2fa88] 199.19.213.147 "GET /v2.0/ports?network_id=439ef3fe-a134-4c6d-8314-d2ccee22e50f&device_owner=network%3Adhcp HTTP/1.1" status: 200 len: 210 time: 0.0260527
2026-05-06 02:31:12.873 10 INFO neutron.wsgi [req-01b5d8cb-928c-4efd-a484-1ea0a67e781d req-b53b532e-cfdc-4a24-89c8-383b40524321 059dd4792f9840a7996c913ad60288fa 9e1e1488ce14464e884f47ea96c05141 - - b55d5f6f0ff1483bb3a71a1c3ca2fa88 b55d5f6f0ff1483bb3a71a1c3ca2fa88] 199.19.213.147 "GET /v2.0/ports?network_id=439ef3fe-a134-4c6d-8314-d2ccee22e50f&device_owner=network%3Adhcp HTTP/1.1" status: 200 len: 210 time: 0.0397415
2026-05-06 02:31:12.935 10 INFO neutron.wsgi [None req-1d621804-4c0e-41e5-8b7c-320380e273a6 500048670f354df89d26122a47905e90 371bd81d5e1443778db6fa19875bdce5 - - default default] 10.0.0.140 "DELETE /v2.0/subnets/78955702-f508-4cc5-97c5-d0e7eeac90be HTTP/1.1" status: 204 len: 168 time: 0.3364856
2026-05-06 02:31:12.994 10 INFO neutron.wsgi [req-01b5d8cb-928c-4efd-a484-1ea0a67e781d req-7700c05c-48d4-4a0d-99e1-932b685f0048 059dd4792f9840a7996c913ad60288fa 9e1e1488ce14464e884f47ea96c05141 - - b55d5f6f0ff1483bb3a71a1c3ca2fa88 b55d5f6f0ff1483bb3a71a1c3ca2fa88] 199.19.213.147 "GET /v2.0/networks/439ef3fe-a134-4c6d-8314-d2ccee22e50f?fields=segments HTTP/1.1" status: 200 len: 212 time: 0.1142864
2026-05-06 02:31:13.109 10 INFO neutron.wsgi [req-01b5d8cb-928c-4efd-a484-1ea0a67e781d req-e234301f-400b-4595-9a6e-17677b01801b 059dd4792f9840a7996c913ad60288fa 9e1e1488ce14464e884f47ea96c05141 - - b55d5f6f0ff1483bb3a71a1c3ca2fa88 b55d5f6f0ff1483bb3a71a1c3ca2fa88] 199.19.213.147 "GET /v2.0/networks/439ef3fe-a134-4c6d-8314-d2ccee22e50f?fields=provider%3Aphysical_network&fields=provider%3Anetwork_type HTTP/1.1" status: 200 len: 277 time: 0.1020885
2026-05-06 02:31:13.140 11 INFO neutron.wsgi [None req-d02dedc1-2b00-4902-acad-1ad4cf970221 500048670f354df89d26122a47905e90 371bd81d5e1443778db6fa19875bdce5 - - default default] 10.0.0.140 "DELETE /v2.0/subnets/0ec2d2bf-a58a-4acd-99c9-fa3ec38e0359 HTTP/1.1" status: 204 len: 168 time: 0.1990855
2026-05-06 02:31:13.220 10 INFO neutron.plugins.ml2.drivers.ovn.mech_driver.mech_driver [None req-f8b393ac-a4c8-43d2-9ab8-dd3cbc701aa1 - - - - - -] OVN reports status up for port: 770c254f-719a-4dee-9c72-e9994d1a817e
2026-05-06 02:31:13.225 10 INFO neutron.wsgi [req-acd4383c-5910-4cc0-946d-ccd4b91c5f35 req-d4f90d09-3565-40e6-905a-3d29d99fd2c8 059dd4792f9840a7996c913ad60288fa 9e1e1488ce14464e884f47ea96c05141 - - b55d5f6f0ff1483bb3a71a1c3ca2fa88 b55d5f6f0ff1483bb3a71a1c3ca2fa88] 199.19.213.147 "GET /v2.0/ports?tenant_id=213cbe7d811148cbb2df98a35bd0c857&device_id=e85ff28c-eb87-4235-aa26-f9182a3e676c HTTP/1.1" status: 200 len: 5343 time: 0.0654640
2026-05-06 02:31:13.266 10 INFO neutron.plugins.ml2.plugin [None req-f8b393ac-a4c8-43d2-9ab8-dd3cbc701aa1 - - - - - -] Attempt 1 to provision port 770c254f-719a-4dee-9c72-e9994d1a817e
2026-05-06 02:31:13.362 10 INFO neutron.wsgi [req-acd4383c-5910-4cc0-946d-ccd4b91c5f35 req-45f0baff-3c43-4fae-ae1b-12e9323d5e05 059dd4792f9840a7996c913ad60288fa 9e1e1488ce14464e884f47ea96c05141 - - b55d5f6f0ff1483bb3a71a1c3ca2fa88 b55d5f6f0ff1483bb3a71a1c3ca2fa88] 199.19.213.147 "GET /v2.0/networks?id=439ef3fe-a134-4c6d-8314-d2ccee22e50f HTTP/1.1" status: 200 len: 1002 time: 0.1256156
2026-05-06 02:31:13.401 10 INFO neutron.wsgi [req-acd4383c-5910-4cc0-946d-ccd4b91c5f35 req-251fcac6-5874-4e04-a894-42fd024764c6 059dd4792f9840a7996c913ad60288fa 9e1e1488ce14464e884f47ea96c05141 - - b55d5f6f0ff1483bb3a71a1c3ca2fa88 b55d5f6f0ff1483bb3a71a1c3ca2fa88] 199.19.213.147 "GET /v2.0/floatingips?fixed_ip_address=10.2.2.101&port_id=770c254f-719a-4dee-9c72-e9994d1a817e HTTP/1.1" status: 200 len: 217 time: 0.0288885
2026-05-06 02:31:13.402 10 INFO neutron.db.ovn_revision_numbers_db [None req-70042be7-1774-4031-9dd1-31599a2bb44f 1a079ca41b9141d7b00afc68e02307a6 15e32cf4fa754cd8b4eb8f3d2c4a79b5 - - default default] Successfully bumped revision number for resource 5e5cb371-4efd-4432-aca4-f09165bf65ce (type: routers) to 2
2026-05-06 02:31:13.404 10 INFO neutron.wsgi [None req-70042be7-1774-4031-9dd1-31599a2bb44f 1a079ca41b9141d7b00afc68e02307a6 15e32cf4fa754cd8b4eb8f3d2c4a79b5 - - default default] 10.0.0.140 "PUT /v2.0/routers/5e5cb371-4efd-4432-aca4-f09165bf65ce HTTP/1.1" status: 200 len: 668 time: 0.5786190
2026-05-06 02:31:13.446 11 INFO neutron.wsgi [req-01b5d8cb-928c-4efd-a484-1ea0a67e781d req-d008988e-893d-49bd-980e-150d67639629 09a5f2e746694bfdbab22fc27ee986a3 213cbe7d811148cbb2df98a35bd0c857 - - default default] 10.0.0.47 "GET /v2.0/ports/770c254f-719a-4dee-9c72-e9994d1a817e HTTP/1.1" status: 200 len: 1633 time: 0.0373273
2026-05-06 02:31:13.454 11 INFO neutron.wsgi [None req-f9b5777f-a0ce-46eb-9ac1-a9a6f55736bc 500048670f354df89d26122a47905e90 371bd81d5e1443778db6fa19875bdce5 - - default default] 10.0.0.140 "DELETE /v2.0/subnets/190ecaf0-6d35-40e7-b58d-9ea7cf50609e HTTP/1.1" status: 204 len: 168 time: 0.3021927
2026-05-06 02:31:13.456 10 INFO neutron.wsgi [req-acd4383c-5910-4cc0-946d-ccd4b91c5f35 req-f56c31fd-f508-473f-b1f5-9a67693b434f 059dd4792f9840a7996c913ad60288fa 9e1e1488ce14464e884f47ea96c05141 - - b55d5f6f0ff1483bb3a71a1c3ca2fa88 b55d5f6f0ff1483bb3a71a1c3ca2fa88] 199.19.213.147 "GET /v2.0/floatingips?fixed_ip_address=fd77%3A1457%3A4cf0%3A26a8%3A%3A5c&port_id=770c254f-719a-4dee-9c72-e9994d1a817e HTTP/1.1" status: 200 len: 217 time: 0.0445015
2026-05-06 02:31:13.464 10 INFO neutron.wsgi [None req-f726eeeb-62cf-45aa-9370-4f56c0b1819f 1a079ca41b9141d7b00afc68e02307a6 15e32cf4fa754cd8b4eb8f3d2c4a79b5 - - default default] 10.0.0.140 "GET /v2.0/ports?device_id=5e5cb371-4efd-4432-aca4-f09165bf65ce HTTP/1.1" status: 200 len: 205 time: 0.0531197
2026-05-06 02:31:13.510 10 INFO neutron.wsgi [None req-ea56bd7a-1e52-4714-ada5-87a8dcb6c463 09a5f2e746694bfdbab22fc27ee986a3 213cbe7d811148cbb2df98a35bd0c857 - - default default] 199.19.213.147 "GET /v2.0/ports/770c254f-719a-4dee-9c72-e9994d1a817e HTTP/1.1" status: 200 len: 1633 time: 0.0520630
2026-05-06 02:31:13.519 10 INFO neutron.wsgi [req-acd4383c-5910-4cc0-946d-ccd4b91c5f35 req-8995b6cc-b766-4f84-a28e-54bfd1261a59 059dd4792f9840a7996c913ad60288fa 9e1e1488ce14464e884f47ea96c05141 - - b55d5f6f0ff1483bb3a71a1c3ca2fa88 b55d5f6f0ff1483bb3a71a1c3ca2fa88] 199.19.213.147 "GET /v2.0/subnets?id=3f299d4d-3321-4bc6-8f3d-e27f21f875da&id=5661df72-7c90-40ac-916b-84ca559b8c6d HTTP/1.1" status: 200 len: 1566 time: 0.0514815
2026-05-06 02:31:13.534 10 INFO neutron.notifiers.nova [-] Nova event matching ['req-67fc05fa-4411-4cd3-a860-1a6b62c5069d'] response: {'server_uuid': 'e85ff28c-eb87-4235-aa26-f9182a3e676c', 'name': 'network-vif-plugged', 'status': 'completed', 'tag': '770c254f-719a-4dee-9c72-e9994d1a817e', 'code': 200}
2026-05-06 02:31:13.789 10 INFO neutron.wsgi [req-acd4383c-5910-4cc0-946d-ccd4b91c5f35 req-a9795ef2-fd36-41c1-93ba-892f1492d3ae 059dd4792f9840a7996c913ad60288fa 9e1e1488ce14464e884f47ea96c05141 - - b55d5f6f0ff1483bb3a71a1c3ca2fa88 b55d5f6f0ff1483bb3a71a1c3ca2fa88] 199.19.213.147 "GET /v2.0/ports?network_id=439ef3fe-a134-4c6d-8314-d2ccee22e50f&device_owner=network%3Adhcp HTTP/1.1" status: 200 len: 210 time: 0.2536781
2026-05-06 02:31:13.810 10 INFO neutron.wsgi [None req-88dcab3b-de88-4eb8-a79b-e19dbc9a9ec3 09a5f2e746694bfdbab22fc27ee986a3 213cbe7d811148cbb2df98a35bd0c857 - - default default] 199.19.213.147 "GET /v2.0/ports/770c254f-719a-4dee-9c72-e9994d1a817e HTTP/1.1" status: 200 len: 1635 time: 0.2910681
2026-05-06 02:31:13.827 10 INFO neutron.wsgi [req-acd4383c-5910-4cc0-946d-ccd4b91c5f35 req-97404e70-0c24-45d8-a802-7330bc956a7e 059dd4792f9840a7996c913ad60288fa 9e1e1488ce14464e884f47ea96c05141 - - b55d5f6f0ff1483bb3a71a1c3ca2fa88 b55d5f6f0ff1483bb3a71a1c3ca2fa88] 199.19.213.147 "GET /v2.0/ports?network_id=439ef3fe-a134-4c6d-8314-d2ccee22e50f&device_owner=network%3Adhcp HTTP/1.1" status: 200 len: 210 time: 0.0315375
2026-05-06 02:31:13.936 10 INFO neutron.wsgi [req-acd4383c-5910-4cc0-946d-ccd4b91c5f35 req-87f483b7-a2df-49af-aad2-f3d2f989fd8c 059dd4792f9840a7996c913ad60288fa 9e1e1488ce14464e884f47ea96c05141 - - b55d5f6f0ff1483bb3a71a1c3ca2fa88 b55d5f6f0ff1483bb3a71a1c3ca2fa88] 199.19.213.147 "GET /v2.0/networks/439ef3fe-a134-4c6d-8314-d2ccee22e50f?fields=segments HTTP/1.1" status: 200 len: 212 time: 0.0995786
2026-05-06 02:31:13.968 11 INFO neutron.wsgi [None req-32ba5385-6c00-4864-8e8e-566fdc39a5b3 1a079ca41b9141d7b00afc68e02307a6 15e32cf4fa754cd8b4eb8f3d2c4a79b5 - - default default] 10.0.0.140 "DELETE /v2.0/routers/5e5cb371-4efd-4432-aca4-f09165bf65ce HTTP/1.1" status: 204 len: 168 time: 0.4998739
2026-05-06 02:31:14.058 10 INFO neutron.wsgi [None req-a70c1706-7ff6-49e6-ad02-74693c2ce685 1a079ca41b9141d7b00afc68e02307a6 15e32cf4fa754cd8b4eb8f3d2c4a79b5 - - default default] 10.0.0.140 "GET /v2.0/routers/bd9f4588-e827-4200-bc4a-ec4f200265af HTTP/1.1" status: 200 len: 677 time: 0.0739515
2026-05-06 02:31:14.089 10 INFO neutron.wsgi [req-acd4383c-5910-4cc0-946d-ccd4b91c5f35 req-35cebb1c-f060-4a8a-acdc-73be2d51182d 059dd4792f9840a7996c913ad60288fa 9e1e1488ce14464e884f47ea96c05141 - - b55d5f6f0ff1483bb3a71a1c3ca2fa88 b55d5f6f0ff1483bb3a71a1c3ca2fa88] 199.19.213.147 "GET /v2.0/networks/439ef3fe-a134-4c6d-8314-d2ccee22e50f?fields=provider%3Aphysical_network&fields=provider%3Anetwork_type HTTP/1.1" status: 200 len: 277 time: 0.1452136
2026-05-06 02:31:14.118 10 INFO neutron.db.ovn_revision_numbers_db [None req-f8b393ac-a4c8-43d2-9ab8-dd3cbc701aa1 - - - - - -] Successfully bumped revision number for resource 770c254f-719a-4dee-9c72-e9994d1a817e (type: ports) to 4
2026-05-06 02:31:14.166 11 INFO neutron.services.segments.plugin [-] Segment e2e97186-b931-42ad-a8cf-6a328ae97f5d resource provider aggregate not found
2026-05-06 02:31:14.171 11 INFO neutron.services.segments.plugin [-] Segment e2e97186-b931-42ad-a8cf-6a328ae97f5d resource provider aggregate not found
2026-05-06 02:31:14.181 11 INFO neutron.services.segments.plugin [-] Segment e2e97186-b931-42ad-a8cf-6a328ae97f5d resource provider not found; error: Placement Client Error (4xx): {"errors": [{"status": 404, "title": "Not Found", "detail": "The resource could not be found.\n\n No resource provider with uuid e2e97186-b931-42ad-a8cf-6a328ae97f5d found for delete ", "request_id": "req-73324987-b165-483c-a3b0-727d45dc2150"}]}
2026-05-06 02:31:14.187 11 INFO neutron.services.segments.plugin [-] Segment e2e97186-b931-42ad-a8cf-6a328ae97f5d resource provider not found; error: Placement Client Error (4xx): {"errors": [{"status": 404, "title": "Not Found", "detail": "The resource could not be found.\n\n No resource provider with uuid e2e97186-b931-42ad-a8cf-6a328ae97f5d found for delete ", "request_id": "req-ec292075-6c25-4b5b-a193-e953ec3742b9"}]}
2026-05-06 02:31:14.211 11 INFO neutron.wsgi [None req-4c7c64ac-65b9-4584-af7e-572c386ce6a8 500048670f354df89d26122a47905e90 371bd81d5e1443778db6fa19875bdce5 - - default default] 10.0.0.140 "DELETE /v2.0/networks/c87b2cfe-5099-45f0-9276-23cafb023892 HTTP/1.1" status: 204 len: 168 time: 0.7494087
2026-05-06 02:31:14.590 11 INFO neutron.wsgi [None req-a81c1ac8-976f-434b-a02c-e49d93732e62 500048670f354df89d26122a47905e90 371bd81d5e1443778db6fa19875bdce5 - - default default] 10.0.0.140 "DELETE /v2.0/networks/1945477e-d93f-40eb-a91c-c4f013734bd3 HTTP/1.1" status: 204 len: 168 time: 0.3717949 /var/lib/openstack/lib/python3.10/site-packages/pycadf/identifier.py:71: UserWarning: Invalid uuid: neutron. To ensure interoperability, identifiers should be a valid uuid. warnings.warn(('Invalid uuid: %s. To ensure interoperability, '
2026-05-06 02:31:14.609 10 INFO neutron.db.ovn_revision_numbers_db [None req-9444c20a-e58d-4616-85d4-1411c82c2ff2 1a079ca41b9141d7b00afc68e02307a6 15e32cf4fa754cd8b4eb8f3d2c4a79b5 - - default default] Successfully bumped revision number for resource bd9f4588-e827-4200-bc4a-ec4f200265af (type: routers) to 2
2026-05-06 02:31:14.612 10 INFO neutron.wsgi [None req-9444c20a-e58d-4616-85d4-1411c82c2ff2 1a079ca41b9141d7b00afc68e02307a6 15e32cf4fa754cd8b4eb8f3d2c4a79b5 - - default default] 10.0.0.140 "PUT /v2.0/routers/bd9f4588-e827-4200-bc4a-ec4f200265af HTTP/1.1" status: 200 len: 677 time: 0.5429235
2026-05-06 02:31:14.639 10 INFO neutron.db.ovn_revision_numbers_db [None req-d0c741b3-04b1-4826-b500-f3d584d025e2 09a5f2e746694bfdbab22fc27ee986a3 213cbe7d811148cbb2df98a35bd0c857 - - default default] Successfully bumped revision number for resource 770c254f-719a-4dee-9c72-e9994d1a817e (type: ports) to 5
2026-05-06 02:31:14.641 11 INFO neutron.wsgi [None req-db2c1f9a-ef59-4120-bffd-8691e7d1e488 1a079ca41b9141d7b00afc68e02307a6 15e32cf4fa754cd8b4eb8f3d2c4a79b5 - - default default] 10.0.0.140 "GET /v2.0/ports?device_id=bd9f4588-e827-4200-bc4a-ec4f200265af HTTP/1.1" status: 200 len: 205 time: 0.0222034
2026-05-06 02:31:14.650 10 INFO neutron.wsgi [None req-d0c741b3-04b1-4826-b500-f3d584d025e2 09a5f2e746694bfdbab22fc27ee986a3 213cbe7d811148cbb2df98a35bd0c857 - - default default] 199.19.213.147 "PUT /v2.0/ports/770c254f-719a-4dee-9c72-e9994d1a817e HTTP/1.1" status: 200 len: 1378 time: 0.8304610
2026-05-06 02:31:14.730 10 INFO neutron.wsgi [None req-96d881a2-e0da-4b63-8d55-817b5081107e 09a5f2e746694bfdbab22fc27ee986a3 213cbe7d811148cbb2df98a35bd0c857 - - default default] 199.19.213.147 "GET /v2.0/networks/439ef3fe-a134-4c6d-8314-d2ccee22e50f HTTP/1.1" status: 200 len: 999 time: 0.0745351
2026-05-06 02:31:14.783 10 INFO neutron.wsgi [None req-0d21796d-c8ab-4f69-a272-19531d4b86b2 09a5f2e746694bfdbab22fc27ee986a3 213cbe7d811148cbb2df98a35bd0c857 - - default default] 199.19.213.147 "GET /v2.0/subnets/3f299d4d-3321-4bc6-8f3d-e27f21f875da HTTP/1.1" status: 200 len: 848 time: 0.0448322
2026-05-06 02:31:14.846 11 INFO neutron.wsgi [None req-51e8cdd7-5b98-42bc-8ec3-7b458b49f2b6 1a079ca41b9141d7b00afc68e02307a6 15e32cf4fa754cd8b4eb8f3d2c4a79b5 - - default default] 10.0.0.140 "DELETE /v2.0/routers/bd9f4588-e827-4200-bc4a-ec4f200265af HTTP/1.1" status: 204 len: 168 time: 0.1992383
2026-05-06 02:31:14.894 10 INFO neutron.wsgi [None req-a7b9b1d5-4102-43c9-b8ac-85c5421eddee 09a5f2e746694bfdbab22fc27ee986a3 213cbe7d811148cbb2df98a35bd0c857 - - default default] 199.19.213.147 "GET /v2.0/extensions/security-group HTTP/1.1" status: 200 len: 369 time: 0.0040643
2026-05-06 02:31:14.900 11 INFO neutron.wsgi [None req-9f1227aa-b3bb-4ce2-a09e-4dc300a74a4f 1a079ca41b9141d7b00afc68e02307a6 15e32cf4fa754cd8b4eb8f3d2c4a79b5 - - default default] 10.0.0.140 "GET /v2.0/routers/d8adcde1-ad1b-438e-8409-820a8ad9740a HTTP/1.1" status: 200 len: 662 time: 0.0464337
2026-05-06 02:31:14.906 10 INFO neutron.wsgi [None req-20c0cf95-b708-4562-b23c-08a25b9cd458 09a5f2e746694bfdbab22fc27ee986a3 213cbe7d811148cbb2df98a35bd0c857 - - default default] 199.19.213.147 "GET /v2.0/extensions/dns-integration HTTP/1.1" status: 200 len: 371 time: 0.0051656
2026-05-06 02:31:14.920 10 INFO neutron.wsgi [None req-1ac1ae64-60db-4ded-853d-a2ecfb1085d6 09a5f2e746694bfdbab22fc27ee986a3 213cbe7d811148cbb2df98a35bd0c857 - - default default] 199.19.213.147 "GET /v2.0/extensions/qos HTTP/1.1" status: 200 len: 365 time: 0.0083454
2026-05-06 02:31:14.930 10 INFO neutron.wsgi [None req-e90c7d8a-ac36-400a-b022-5841c7dc7c30 09a5f2e746694bfdbab22fc27ee986a3 213cbe7d811148cbb2df98a35bd0c857 - - default default] 199.19.213.147 "GET /v2.0/extensions/allowed-address-pairs HTTP/1.1" status: 200 len: 383 time: 0.0049846
2026-05-06 02:31:14.992 10 INFO neutron.wsgi [None req-55148279-602d-47dd-b7d9-a1906884e3c8 09a5f2e746694bfdbab22fc27ee986a3 213cbe7d811148cbb2df98a35bd0c857 - - default default] 199.19.213.147 "GET /v2.0/subnets/09646fc7-9688-4e3e-a8b0-1a63a73a982f HTTP/1.1" status: 200 len: 850 time: 0.0528364
2026-05-06 02:31:15.005 10 INFO neutron.services.segments.plugin [-] Segment 31ef2a40-f22a-4da8-9d40-09f3e98d8318 resource provider aggregate not found
2026-05-06 02:31:15.016 10 INFO neutron.services.segments.plugin [-] Segment 31ef2a40-f22a-4da8-9d40-09f3e98d8318 resource provider aggregate not found
2026-05-06 02:31:15.021 10 INFO neutron.services.segments.plugin [-] Segment 31ef2a40-f22a-4da8-9d40-09f3e98d8318 resource provider not found; error: Placement Client Error (4xx): {"errors": [{"status": 404, "title": "Not Found", "detail": "The resource could not be found.\n\n No resource provider with uuid 31ef2a40-f22a-4da8-9d40-09f3e98d8318 found for delete ", "request_id": "req-3f24707e-46e0-4d01-8806-0910e5650d8f"}]}
2026-05-06 02:31:15.036 10 INFO neutron.services.segments.plugin [-] Segment 31ef2a40-f22a-4da8-9d40-09f3e98d8318 resource provider not found; error: Placement Client Error (4xx): {"errors": [{"status": 404, "title": "Not Found", "detail": "The resource could not be found.\n\n No resource provider with uuid 31ef2a40-f22a-4da8-9d40-09f3e98d8318 found for delete ", "request_id": "req-cef02445-61da-4606-9325-a74723c4cdf1"}]}
2026-05-06 02:31:15.048 10 INFO neutron.wsgi [None req-64238e6c-e4b2-49fc-8c8c-5a5f286feeb3 09a5f2e746694bfdbab22fc27ee986a3 213cbe7d811148cbb2df98a35bd0c857 - - default default] 199.19.213.147 "GET /v2.0/ports/3bc1507b-da84-4bc2-a7d6-9094b664d577 HTTP/1.1" status: 200 len: 1340 time: 0.0438914
2026-05-06 02:31:15.075 10 INFO neutron.wsgi [None req-eb86f09d-1667-4364-a8ed-6b8c04aa451d 500048670f354df89d26122a47905e90 371bd81d5e1443778db6fa19875bdce5 - - default default] 10.0.0.140 "DELETE /v2.0/networks/572c08f6-db80-4298-985e-5ee32d403eb9 HTTP/1.1" status: 204 len: 168 time: 0.4778273
2026-05-06 02:31:15.092 10 INFO neutron.wsgi [None req-53c25e7f-62c4-474f-80f0-a9cccc341830 09a5f2e746694bfdbab22fc27ee986a3 213cbe7d811148cbb2df98a35bd0c857 - - default default] 199.19.213.147 "GET /v2.0/ports/93b35ba2-5d58-4663-b746-f9671f3137ea HTTP/1.1" status: 200 len: 1515 time: 0.0370855
2026-05-06 02:31:15.156 10 INFO neutron.wsgi [None req-db502676-85cf-4100-84cd-0c33ec59f91d 09a5f2e746694bfdbab22fc27ee986a3 213cbe7d811148cbb2df98a35bd0c857 - - default default] 199.19.213.147 "GET /v2.0/subnets/09646fc7-9688-4e3e-a8b0-1a63a73a982f HTTP/1.1" status: 200 len: 850 time: 0.0538609
2026-05-06 02:31:15.216 10 INFO neutron.wsgi [None req-cb0f18bb-6eb7-4f92-9956-fb936aefb855 09a5f2e746694bfdbab22fc27ee986a3 213cbe7d811148cbb2df98a35bd0c857 - - default default] 199.19.213.147 "GET /v2.0/networks/713337a7-b79d-40e0-9e0a-7a26bef05fa6 HTTP/1.1" status: 200 len: 1001 time: 0.0552690
2026-05-06 02:31:15.263 10 INFO neutron.wsgi [None req-b5cb096c-d1a3-4ffb-b626-e0f093af7587 09a5f2e746694bfdbab22fc27ee986a3 213cbe7d811148cbb2df98a35bd0c857 - - default default] 199.19.213.147 "GET /v2.0/ports/3bc1507b-da84-4bc2-a7d6-9094b664d577 HTTP/1.1" status: 200 len: 1340 time: 0.0398474
2026-05-06 02:31:15.313 10 INFO neutron.wsgi [None req-e5a6126f-e4fb-4fb5-ad2e-aaf368ea5592 09a5f2e746694bfdbab22fc27ee986a3 213cbe7d811148cbb2df98a35bd0c857 - - default default] 199.19.213.147 "GET /v2.0/subnets/09646fc7-9688-4e3e-a8b0-1a63a73a982f HTTP/1.1" status: 200 len: 850 time: 0.0418098
2026-05-06 02:31:15.313 11 INFO neutron.db.ovn_revision_numbers_db [None req-0147a37b-0bec-4546-8519-82e7bac28e98 1a079ca41b9141d7b00afc68e02307a6 15e32cf4fa754cd8b4eb8f3d2c4a79b5 - - default default] Successfully bumped revision number for resource d8adcde1-ad1b-438e-8409-820a8ad9740a (type: routers) to 2
2026-05-06 02:31:15.316 11 INFO neutron.wsgi [None req-0147a37b-0bec-4546-8519-82e7bac28e98 1a079ca41b9141d7b00afc68e02307a6 15e32cf4fa754cd8b4eb8f3d2c4a79b5 - - default default] 10.0.0.140 "PUT /v2.0/routers/d8adcde1-ad1b-438e-8409-820a8ad9740a HTTP/1.1" status: 200 len: 662 time: 0.4089444
2026-05-06 02:31:15.342 11 INFO neutron.wsgi [None req-1b5a2565-f857-4f96-a13c-a7c3ffaf690c 1a079ca41b9141d7b00afc68e02307a6 15e32cf4fa754cd8b4eb8f3d2c4a79b5 - - default default] 10.0.0.140 "GET /v2.0/ports?device_id=d8adcde1-ad1b-438e-8409-820a8ad9740a HTTP/1.1" status: 200 len: 205 time: 0.0212715
2026-05-06 02:31:15.550 10 INFO neutron.wsgi [None req-0a9817f7-5e0e-4d8f-b3f8-71b4d92310fb 500048670f354df89d26122a47905e90 371bd81d5e1443778db6fa19875bdce5 - - default default] 10.0.0.140 "DELETE /v2.0/networks/224a5971-af6f-4a65-8be8-3d4cea1915e2 HTTP/1.1" status: 204 len: 168 time: 0.4651730
2026-05-06 02:31:15.562 11 INFO neutron.wsgi [None req-a2db01d5-a803-4702-8246-4149e6334ba5 1a079ca41b9141d7b00afc68e02307a6 15e32cf4fa754cd8b4eb8f3d2c4a79b5 - - default default] 10.0.0.140 "DELETE /v2.0/routers/d8adcde1-ad1b-438e-8409-820a8ad9740a HTTP/1.1" status: 204 len: 168 time: 0.2143841
2026-05-06 02:31:15.593 10 INFO neutron.notifiers.nova [-] Nova event matching ['req-9eaa8856-5d16-4fc5-8180-b89ad0298b4c'] response: {'server_uuid': 'e85ff28c-eb87-4235-aa26-f9182a3e676c', 'name': 'network-vif-plugged', 'status': 'completed', 'tag': '770c254f-719a-4dee-9c72-e9994d1a817e', 'code': 200}
2026-05-06 02:31:15.593 10 INFO neutron.notifiers.nova [-] Nova event matching ['req-9eaa8856-5d16-4fc5-8180-b89ad0298b4c'] response: {'name': 'network-changed', 'server_uuid': 'e85ff28c-eb87-4235-aa26-f9182a3e676c', 'tag': '770c254f-719a-4dee-9c72-e9994d1a817e', 'status': 'completed', 'code': 200}
2026-05-06 02:31:15.976 10 INFO neutron.wsgi [None req-d8888400-85b2-4c61-abec-f9c0c3786ca6 1a079ca41b9141d7b00afc68e02307a6 15e32cf4fa754cd8b4eb8f3d2c4a79b5 - - default default] 10.0.0.140 "GET /v2.0/routers/a9b4a4b6-79a7-4fe9-bcf2-85e2371dc0ef HTTP/1.1" status: 200 len: 655 time: 0.4080317
2026-05-06 02:31:15.979 10 INFO neutron.wsgi [req-10ce00d1-b86e-4623-86f2-a00a0e5d1e0e req-62050ce7-a9ac-4f0b-b3c4-6afd989a2b5b 059dd4792f9840a7996c913ad60288fa 9e1e1488ce14464e884f47ea96c05141 - - b55d5f6f0ff1483bb3a71a1c3ca2fa88 b55d5f6f0ff1483bb3a71a1c3ca2fa88] 199.19.213.147 "GET /v2.0/ports?tenant_id=213cbe7d811148cbb2df98a35bd0c857&device_id=e85ff28c-eb87-4235-aa26-f9182a3e676c HTTP/1.1" status: 200 len: 5116 time: 0.0500262
2026-05-06 02:31:16.058 10 INFO neutron.wsgi [req-10ce00d1-b86e-4623-86f2-a00a0e5d1e0e req-a64e9be4-c18c-472b-934e-3d57848b405c 059dd4792f9840a7996c913ad60288fa 9e1e1488ce14464e884f47ea96c05141 - - b55d5f6f0ff1483bb3a71a1c3ca2fa88 b55d5f6f0ff1483bb3a71a1c3ca2fa88] 199.19.213.147 "GET /v2.0/networks?id=439ef3fe-a134-4c6d-8314-d2ccee22e50f HTTP/1.1" status: 200 len: 1002 time: 0.0709982
2026-05-06 02:31:16.099 10 INFO neutron.wsgi [req-10ce00d1-b86e-4623-86f2-a00a0e5d1e0e req-3d897ed5-8f8e-49e8-a280-f9eb313bcfdb 059dd4792f9840a7996c913ad60288fa 9e1e1488ce14464e884f47ea96c05141 - - b55d5f6f0ff1483bb3a71a1c3ca2fa88 b55d5f6f0ff1483bb3a71a1c3ca2fa88] 199.19.213.147 "GET /v2.0/floatingips?fixed_ip_address=10.2.2.101&port_id=770c254f-719a-4dee-9c72-e9994d1a817e HTTP/1.1" status: 200 len: 217 time: 0.0266404
2026-05-06 02:31:16.159 10 INFO neutron.wsgi [req-10ce00d1-b86e-4623-86f2-a00a0e5d1e0e req-0236c45b-d260-4ce6-a388-386d17d173d2 059dd4792f9840a7996c913ad60288fa 9e1e1488ce14464e884f47ea96c05141 - - b55d5f6f0ff1483bb3a71a1c3ca2fa88 b55d5f6f0ff1483bb3a71a1c3ca2fa88] 199.19.213.147 "GET /v2.0/subnets?id=3f299d4d-3321-4bc6-8f3d-e27f21f875da HTTP/1.1" status: 200 len: 851 time: 0.0520713
2026-05-06 02:31:16.198 10 INFO neutron.wsgi [req-10ce00d1-b86e-4623-86f2-a00a0e5d1e0e req-369990b5-c21f-42b5-b4e5-00e79f4904bc 059dd4792f9840a7996c913ad60288fa 9e1e1488ce14464e884f47ea96c05141 - - b55d5f6f0ff1483bb3a71a1c3ca2fa88 b55d5f6f0ff1483bb3a71a1c3ca2fa88] 199.19.213.147 "GET /v2.0/ports?network_id=439ef3fe-a134-4c6d-8314-d2ccee22e50f&device_owner=network%3Adhcp HTTP/1.1" status: 200 len: 210 time: 0.0253763
2026-05-06 02:31:16.218 11 INFO neutron.services.segments.plugin [-] Segment c9461cd5-64ac-4f14-8709-645f88719969 resource provider aggregate not found
2026-05-06 02:31:16.224 11 INFO neutron.services.segments.plugin [-] Segment c9461cd5-64ac-4f14-8709-645f88719969 resource provider aggregate not found
2026-05-06 02:31:16.236 11 INFO neutron.services.segments.plugin [-] Segment c9461cd5-64ac-4f14-8709-645f88719969 resource provider not found; error: Placement Client Error (4xx): {"errors": [{"status": 404, "title": "Not Found", "detail": "The resource could not be found.\n\n No resource provider with uuid c9461cd5-64ac-4f14-8709-645f88719969 found for delete ", "request_id": "req-d1ba4852-9029-4891-a638-3dc202d7f7e9"}]}
2026-05-06 02:31:16.237 11 INFO neutron.services.segments.plugin [-] Segment c9461cd5-64ac-4f14-8709-645f88719969 resource provider not found; error: Placement Client Error (4xx): {"errors": [{"status": 404, "title": "Not Found", "detail": "The resource could not be found.\n\n No resource provider with uuid c9461cd5-64ac-4f14-8709-645f88719969 found for delete ", "request_id": "req-3c314d17-fbf7-4f54-8b6a-bc9bed8a4bc0"}]}
2026-05-06 02:31:16.280 10 INFO neutron.wsgi [req-10ce00d1-b86e-4623-86f2-a00a0e5d1e0e req-af99ee7f-3165-478d-bbe8-161d9f39ac4e 059dd4792f9840a7996c913ad60288fa 9e1e1488ce14464e884f47ea96c05141 - - b55d5f6f0ff1483bb3a71a1c3ca2fa88 b55d5f6f0ff1483bb3a71a1c3ca2fa88] 199.19.213.147 "GET /v2.0/networks/439ef3fe-a134-4c6d-8314-d2ccee22e50f?fields=segments HTTP/1.1" status: 200 len: 212 time: 0.0722501
2026-05-06 02:31:16.397 10 INFO neutron.wsgi [req-10ce00d1-b86e-4623-86f2-a00a0e5d1e0e req-424000a7-928e-4ffd-a28d-d7e6333817da 059dd4792f9840a7996c913ad60288fa 9e1e1488ce14464e884f47ea96c05141 - - b55d5f6f0ff1483bb3a71a1c3ca2fa88 b55d5f6f0ff1483bb3a71a1c3ca2fa88] 199.19.213.147 "GET /v2.0/networks/439ef3fe-a134-4c6d-8314-d2ccee22e50f?fields=provider%3Aphysical_network&fields=provider%3Anetwork_type HTTP/1.1" status: 200 len: 277 time: 0.1055939
2026-05-06 02:31:16.406 11 INFO neutron.wsgi [None req-a906268a-a45f-4ab4-96d0-238ca4ec8fea 1a079ca41b9141d7b00afc68e02307a6 15e32cf4fa754cd8b4eb8f3d2c4a79b5 - - default default] 10.0.0.140 "PUT /v2.0/routers/a9b4a4b6-79a7-4fe9-bcf2-85e2371dc0ef HTTP/1.1" status: 200 len: 655 time: 0.4261646
2026-05-06 02:31:16.432 11 INFO neutron.wsgi [None req-e7c619ef-8ec3-488c-8573-828c9c3327f2 1a079ca41b9141d7b00afc68e02307a6 15e32cf4fa754cd8b4eb8f3d2c4a79b5 - - default default] 10.0.0.140 "GET /v2.0/ports?device_id=a9b4a4b6-79a7-4fe9-bcf2-85e2371dc0ef HTTP/1.1" status: 200 len: 205 time: 0.0202508
2026-05-06 02:31:16.469 10 INFO neutron.wsgi [None req-3a1097a2-276a-407b-a940-a5861f878dfb 500048670f354df89d26122a47905e90 371bd81d5e1443778db6fa19875bdce5 - - default default] 10.0.0.140 "DELETE /v2.0/networks/679ceb77-3c01-4dad-82d3-be6906eff3a4 HTTP/1.1" status: 204 len: 168 time: 0.9099987
2026-05-06 02:31:16.647 11 INFO neutron.wsgi [None req-57b40521-d12e-41a7-a4ae-354230c5af1e 1a079ca41b9141d7b00afc68e02307a6 15e32cf4fa754cd8b4eb8f3d2c4a79b5 - - default default] 10.0.0.140 "DELETE /v2.0/routers/a9b4a4b6-79a7-4fe9-bcf2-85e2371dc0ef HTTP/1.1" status: 204 len: 168 time: 0.2104466
2026-05-06 02:31:17.050 10 INFO neutron.services.segments.plugin [-] Segment fa710381-ad80-4179-a595-90ef0c6687a2 resource provider aggregate not found
2026-05-06 02:31:17.064 10 INFO neutron.services.segments.plugin [-] Segment fa710381-ad80-4179-a595-90ef0c6687a2 resource provider aggregate not found
2026-05-06 02:31:17.071 10 INFO neutron.services.segments.plugin [-] Segment fa710381-ad80-4179-a595-90ef0c6687a2 resource provider not found; error: Placement Client Error (4xx): {"errors": [{"status": 404, "title": "Not Found", "detail": "The resource could not be found.\n\n No resource provider with uuid fa710381-ad80-4179-a595-90ef0c6687a2 found for delete ", "request_id": "req-d6456c95-0dd2-4227-865d-02c5ca1adace"}]}
2026-05-06 02:31:17.082 10 INFO neutron.services.segments.plugin [-] Segment fa710381-ad80-4179-a595-90ef0c6687a2 resource provider not found; error: Placement Client Error (4xx): {"errors": [{"status": 404, "title": "Not Found", "detail": "The resource could not be found.\n\n No resource provider with uuid fa710381-ad80-4179-a595-90ef0c6687a2 found for delete ", "request_id": "req-65dd4d73-a2f4-4212-adde-63dce45d2dd2"}]}
2026-05-06 02:31:17.091 10 INFO neutron.services.segments.plugin [-] Segment 20ba9b47-f217-4dd8-a50a-55517158448c resource provider aggregate not found
2026-05-06 02:31:17.103 10 INFO neutron.services.segments.plugin [-] Segment 20ba9b47-f217-4dd8-a50a-55517158448c resource provider aggregate not found
2026-05-06 02:31:17.113 10 INFO neutron.services.segments.plugin [-] Segment 20ba9b47-f217-4dd8-a50a-55517158448c resource provider not found; error: Placement Client Error (4xx): {"errors": [{"status": 404, "title": "Not Found", "detail": "The resource could not be found.\n\n No resource provider with uuid 20ba9b47-f217-4dd8-a50a-55517158448c found for delete ", "request_id": "req-7a83d942-ed36-459e-ab8a-daf03b6277f1"}]}
2026-05-06 02:31:17.124 10 INFO neutron.services.segments.plugin [-] Segment 20ba9b47-f217-4dd8-a50a-55517158448c resource provider not found; error: Placement Client Error (4xx): {"errors": [{"status": 404, "title": "Not Found", "detail": "The resource could not be found.\n\n No resource provider with uuid 20ba9b47-f217-4dd8-a50a-55517158448c found for delete ", "request_id": "req-3fb0b5a0-785a-4041-91ca-aba1a829979b"}]}
2026-05-06 02:31:17.528 10 INFO neutron.wsgi [None req-866dc02a-7647-42f3-9cc5-891c58d4ee16 09a5f2e746694bfdbab22fc27ee986a3 213cbe7d811148cbb2df98a35bd0c857 - - default default] 10.0.0.140 "GET /v2.0/security-groups?tenant_id=371bd81d5e1443778db6fa19875bdce5&name=default HTTP/1.1" status: 200 len: 2996 time: 0.2444942
2026-05-06 02:31:17.637 10 INFO neutron.db.ovn_revision_numbers_db [None req-2ffe19be-f941-42a4-8a10-20419faab14e 09a5f2e746694bfdbab22fc27ee986a3 213cbe7d811148cbb2df98a35bd0c857 - - default default] Successfully bumped revision number for resource c7c7962a-0c06-4b64-b796-53fa41c469fd (type: security_groups) to 1
2026-05-06 02:31:17.650 10 INFO neutron.db.ovn_revision_numbers_db [None req-2ffe19be-f941-42a4-8a10-20419faab14e 09a5f2e746694bfdbab22fc27ee986a3 213cbe7d811148cbb2df98a35bd0c857 - - default default] Successfully bumped revision number for resource 03ba5125-c3f1-49b8-8aac-f670bc13c24b (type: security_group_rules) to 0
2026-05-06 02:31:17.666 10 INFO neutron.db.ovn_revision_numbers_db [None req-2ffe19be-f941-42a4-8a10-20419faab14e 09a5f2e746694bfdbab22fc27ee986a3 213cbe7d811148cbb2df98a35bd0c857 - - default default] Successfully bumped revision number for resource 04d933d6-18b7-4cb7-ae42-5baf9977a2fd (type: security_group_rules) to 0
2026-05-06 02:31:17.680 10 INFO neutron.db.ovn_revision_numbers_db [None req-2ffe19be-f941-42a4-8a10-20419faab14e 09a5f2e746694bfdbab22fc27ee986a3 213cbe7d811148cbb2df98a35bd0c857 - - default default] Successfully bumped revision number for resource 3eb1035c-46b1-4f6b-bbc2-cba4e1e42dc7 (type: security_group_rules) to 0
2026-05-06 02:31:17.694 10 INFO neutron.db.ovn_revision_numbers_db [None req-2ffe19be-f941-42a4-8a10-20419faab14e 09a5f2e746694bfdbab22fc27ee986a3 213cbe7d811148cbb2df98a35bd0c857 - - default default] Successfully bumped revision number for resource e0161b08-4a69-4f41-8ac5-28d4831ef855 (type: security_group_rules) to 0
2026-05-06 02:31:17.708 11 INFO neutron.wsgi [None req-5cf34b05-1b5e-41e0-9000-b48734fd98f8 09a5f2e746694bfdbab22fc27ee986a3 213cbe7d811148cbb2df98a35bd0c857 - - default default] 10.0.0.140 "DELETE /v2.0/security-groups/2bbf4cce-469c-46bc-b7ce-988db8d21651 HTTP/1.1" status: 204 len: 168 time: 0.1743689
2026-05-06 02:31:17.715 10 INFO neutron.wsgi [None req-2ffe19be-f941-42a4-8a10-20419faab14e 09a5f2e746694bfdbab22fc27ee986a3 213cbe7d811148cbb2df98a35bd0c857 - - default default] 10.0.0.140 "GET /v2.0/security-groups?tenant_id=21371920d4f94191a72a499f3ff8a08e&name=default HTTP/1.1" status: 200 len: 2996 time: 0.2793834
2026-05-06 02:31:17.932 11 INFO neutron.db.ovn_revision_numbers_db [None req-2d82d347-27bd-4965-984d-0879854cbd0b 09a5f2e746694bfdbab22fc27ee986a3 213cbe7d811148cbb2df98a35bd0c857 - - default default] Successfully bumped revision number for resource 2a21d7d6-550c-44a7-8c1a-7b14d6f27854 (type: security_groups) to 1
2026-05-06 02:31:17.934 10 INFO neutron.wsgi [None req-cae3977d-02ac-49e1-839e-5c7b85793206 09a5f2e746694bfdbab22fc27ee986a3 213cbe7d811148cbb2df98a35bd0c857 - - default default] 10.0.0.140 "DELETE /v2.0/security-groups/c7c7962a-0c06-4b64-b796-53fa41c469fd HTTP/1.1" status: 204 len: 168 time: 0.2134244
2026-05-06 02:31:17.949 11 INFO neutron.db.ovn_revision_numbers_db [None req-2d82d347-27bd-4965-984d-0879854cbd0b 09a5f2e746694bfdbab22fc27ee986a3 213cbe7d811148cbb2df98a35bd0c857 - - default default] Successfully bumped revision number for resource 6cf587f9-c076-4b2f-ad74-6babfd4f01e1 (type: security_group_rules) to 0
2026-05-06 02:31:17.963 11 INFO neutron.db.ovn_revision_numbers_db [None req-2d82d347-27bd-4965-984d-0879854cbd0b 09a5f2e746694bfdbab22fc27ee986a3 213cbe7d811148cbb2df98a35bd0c857 - - default default] Successfully bumped revision number for resource a5886679-62b6-49c2-8b00-3d08df49f540 (type: security_group_rules) to 0
2026-05-06 02:31:17.980 11 INFO neutron.db.ovn_revision_numbers_db [None req-2d82d347-27bd-4965-984d-0879854cbd0b 09a5f2e746694bfdbab22fc27ee986a3 213cbe7d811148cbb2df98a35bd0c857 - - default default] Successfully bumped revision number for resource ed9ae884-ef37-4157-91d1-39159ecb7fa4 (type: security_group_rules) to 0
2026-05-06 02:31:17.995 11 INFO neutron.db.ovn_revision_numbers_db [None req-2d82d347-27bd-4965-984d-0879854cbd0b 09a5f2e746694bfdbab22fc27ee986a3 213cbe7d811148cbb2df98a35bd0c857 - - default default] Successfully bumped revision number for resource f49189b7-4025-4f55-9f08-c3ebacd1b20f (type: security_group_rules) to 0
2026-05-06 02:31:18.018 11 INFO neutron.wsgi [None req-2d82d347-27bd-4965-984d-0879854cbd0b 09a5f2e746694bfdbab22fc27ee986a3 213cbe7d811148cbb2df98a35bd0c857 - - default default] 10.0.0.140 "GET /v2.0/security-groups?tenant_id=ae27a79ffc63486591c3d8bbb39d0283&name=default HTTP/1.1" status: 200 len: 2996 time: 0.2060614
2026-05-06 02:31:18.224 10 INFO neutron.db.ovn_revision_numbers_db [None req-d566ced6-cb51-46a1-9bc6-dfdcf34e82bc 09a5f2e746694bfdbab22fc27ee986a3 213cbe7d811148cbb2df98a35bd0c857 - - default default] Successfully bumped revision number for resource 20a5cc70-024e-49a9-8132-8192d87381db (type: security_groups) to 1
2026-05-06 02:31:18.242 10 INFO neutron.db.ovn_revision_numbers_db [None req-d566ced6-cb51-46a1-9bc6-dfdcf34e82bc 09a5f2e746694bfdbab22fc27ee986a3 213cbe7d811148cbb2df98a35bd0c857 - - default default] Successfully bumped revision number for resource 02494000-3707-4e13-87eb-b448fd530175 (type: security_group_rules) to 0
2026-05-06 02:31:18.257 10 INFO neutron.db.ovn_revision_numbers_db [None req-d566ced6-cb51-46a1-9bc6-dfdcf34e82bc 09a5f2e746694bfdbab22fc27ee986a3 213cbe7d811148cbb2df98a35bd0c857 - - default default] Successfully bumped revision number for resource 7ee4186c-c9bc-4f5b-b948-67679c398e90 (type: security_group_rules) to 0
2026-05-06 02:31:18.279 10 INFO neutron.db.ovn_revision_numbers_db [None req-d566ced6-cb51-46a1-9bc6-dfdcf34e82bc 09a5f2e746694bfdbab22fc27ee986a3 213cbe7d811148cbb2df98a35bd0c857 - - default default] Successfully bumped revision number for resource c1c231f2-b82d-4974-915d-2cad01b9dc00 (type: security_group_rules) to 0
2026-05-06 02:31:18.296 10 INFO neutron.db.ovn_revision_numbers_db [None req-d566ced6-cb51-46a1-9bc6-dfdcf34e82bc 09a5f2e746694bfdbab22fc27ee986a3 213cbe7d811148cbb2df98a35bd0c857 - - default default] Successfully bumped revision number for resource f20eb9db-816e-485b-b9cd-d16f8a138796 (type: security_group_rules) to 0
2026-05-06 02:31:18.319 10 INFO neutron.wsgi [None req-d566ced6-cb51-46a1-9bc6-dfdcf34e82bc 09a5f2e746694bfdbab22fc27ee986a3 213cbe7d811148cbb2df98a35bd0c857 - - default default] 10.0.0.140 "GET /v2.0/security-groups?tenant_id=fc0a07b02da14141bc54e05d3284470e&name=default HTTP/1.1" status: 200 len: 2996 time: 0.2249913
2026-05-06 02:31:18.484 11 INFO neutron.wsgi [None req-1060d37d-b726-4d53-94ea-8bd2b7b27b7b 09a5f2e746694bfdbab22fc27ee986a3 213cbe7d811148cbb2df98a35bd0c857 - - default default] 10.0.0.140 "DELETE /v2.0/security-groups/2a21d7d6-550c-44a7-8c1a-7b14d6f27854 HTTP/1.1" status: 204 len: 168 time: 0.4610450
2026-05-06 02:31:18.517 10 INFO neutron.wsgi [None req-84b65ab4-bef1-4022-bbf8-4a35ba999ade 09a5f2e746694bfdbab22fc27ee986a3 213cbe7d811148cbb2df98a35bd0c857 - - default default] 10.0.0.140 "DELETE /v2.0/security-groups/20a5cc70-024e-49a9-8132-8192d87381db HTTP/1.1" status: 204 len: 168 time: 0.1908433
2026-05-06 02:31:18.736 11 INFO neutron.db.ovn_revision_numbers_db [None req-74ec4ed3-38a7-478e-a03b-d8005fc554a4 09a5f2e746694bfdbab22fc27ee986a3 213cbe7d811148cbb2df98a35bd0c857 - - default default] Successfully bumped revision number for resource b9aa6769-0802-42e2-af4e-2ceef32742cc (type: security_groups) to 1
2026-05-06 02:31:18.753 11 INFO neutron.db.ovn_revision_numbers_db [None req-74ec4ed3-38a7-478e-a03b-d8005fc554a4 09a5f2e746694bfdbab22fc27ee986a3 213cbe7d811148cbb2df98a35bd0c857 - - default default] Successfully bumped revision number for resource 1df57a80-75aa-4f8a-9673-d3fa87422d4c (type: security_group_rules) to 0
