2026-05-06 02:09:38.615 10 INFO neutron.wsgi [-] 10.0.0.102 "GET / HTTP/1.1" status: 200 len: 247 time: 0.0028009
2026-05-06 02:09:53.614 11 INFO neutron.wsgi [-] 10.0.0.102 "GET / HTTP/1.1" status: 200 len: 247 time: 0.0019689
2026-05-06 02:09:53.614 10 INFO neutron.wsgi [-] 10.0.0.102 "GET / HTTP/1.1" status: 200 len: 247 time: 0.0025630
2026-05-06 02:10:08.615 11 INFO neutron.wsgi [-] 10.0.0.102 "GET / HTTP/1.1" status: 200 len: 247 time: 0.0027680
2026-05-06 02:10:08.616 10 INFO neutron.wsgi [-] 10.0.0.102 "GET / HTTP/1.1" status: 200 len: 247 time: 0.0038264
2026-05-06 02:10:23.615 10 INFO neutron.wsgi [-] 10.0.0.102 "GET / HTTP/1.1" status: 200 len: 247 time: 0.0036879
2026-05-06 02:10:23.618 10 INFO neutron.wsgi [-] 10.0.0.102 "GET / HTTP/1.1" status: 200 len: 247 time: 0.0017478
2026-05-06 02:10:38.614 10 INFO neutron.wsgi [-] 10.0.0.102 "GET / HTTP/1.1" status: 200 len: 247 time: 0.0025482
2026-05-06 02:10:38.617 10 INFO neutron.wsgi [-] 10.0.0.102 "GET / HTTP/1.1" status: 200 len: 247 time: 0.0019212
2026-05-06 02:10:53.428 16 INFO neutron.db.ovn_revision_numbers_db [None req-e9ec1abb-55e1-490b-8e3e-88cba005208f - - - - - -] Successfully bumped revision number for resource 4587e9db-bf9e-4239-ac48-e3848bae798e (type: security_groups) to 5
2026-05-06 02:10:53.428 16 INFO neutron.plugins.ml2.drivers.ovn.mech_driver.ovsdb.maintenance [None req-e9ec1abb-55e1-490b-8e3e-88cba005208f - - - - - -] Maintenance task: Synchronization finished (took 0.05 seconds)
2026-05-06 02:10:53.614 11 INFO neutron.wsgi [-] 10.0.0.102 "GET / HTTP/1.1" status: 200 len: 247 time: 0.0027134
2026-05-06 02:10:53.614 10 INFO neutron.wsgi [-] 10.0.0.102 "GET / HTTP/1.1" status: 200 len: 247 time: 0.0034609
2026-05-06 02:11:08.614 11 INFO neutron.wsgi [-] 10.0.0.102 "GET / HTTP/1.1" status: 200 len: 247 time: 0.0022104
2026-05-06 02:11:08.620 10 INFO neutron.wsgi [-] 10.0.0.102 "GET / HTTP/1.1" status: 200 len: 247 time: 0.0024698
2026-05-06 02:11:23.614 10 INFO neutron.wsgi [-] 10.0.0.102 "GET / HTTP/1.1" status: 200 len: 247 time: 0.0025263
2026-05-06 02:11:23.616 11 INFO neutron.wsgi [-] 10.0.0.102 "GET / HTTP/1.1" status: 200 len: 247 time: 0.0038545
2026-05-06 02:11:38.615 11 INFO neutron.wsgi [-] 10.0.0.102 "GET / HTTP/1.1" status: 200 len: 247 time: 0.0025213
2026-05-06 02:11:38.617 11 INFO neutron.wsgi [-] 10.0.0.102 "GET / HTTP/1.1" status: 200 len: 247 time: 0.0019364 /var/lib/openstack/lib/python3.10/site-packages/pycadf/identifier.py:71: UserWarning: Invalid uuid: neutron. To ensure interoperability, identifiers should be a valid uuid. warnings.warn(('Invalid uuid: %s. To ensure interoperability, '
2026-05-06 02:11:50.512 10 INFO neutron.wsgi [None req-596360cb-31d4-47c5-baf7-1d09929acf3e e6aaf80471e94ac1bec9475d79c4394b 9e1e1488ce14464e884f47ea96c05141 - - b55d5f6f0ff1483bb3a71a1c3ca2fa88 b55d5f6f0ff1483bb3a71a1c3ca2fa88] 199.19.213.147 "GET /v2.0/networks?tenant_id=9e1e1488ce14464e884f47ea96c05141&shared=False HTTP/1.1" status: 200 len: 213 time: 0.1533103
2026-05-06 02:11:50.629 10 INFO neutron.db.segments_db [None req-186ef9d1-db34-49b7-bb5a-71d8956699e4 e6aaf80471e94ac1bec9475d79c4394b 9e1e1488ce14464e884f47ea96c05141 - - b55d5f6f0ff1483bb3a71a1c3ca2fa88 b55d5f6f0ff1483bb3a71a1c3ca2fa88] Added segment ba48a672-8960-4eb5-ac32-83e37cf5d149 of type geneve for network dc43754f-abbe-45c6-ba01-fbdaabd1ffa2
2026-05-06 02:11:50.838 10 INFO neutron.db.ovn_revision_numbers_db [None req-186ef9d1-db34-49b7-bb5a-71d8956699e4 e6aaf80471e94ac1bec9475d79c4394b 9e1e1488ce14464e884f47ea96c05141 - - b55d5f6f0ff1483bb3a71a1c3ca2fa88 b55d5f6f0ff1483bb3a71a1c3ca2fa88] Successfully bumped revision number for resource dc43754f-abbe-45c6-ba01-fbdaabd1ffa2 (type: networks) to 1
2026-05-06 02:11:51.013 10 WARNING neutron.scheduler.dhcp_agent_scheduler [None req-186ef9d1-db34-49b7-bb5a-71d8956699e4 e6aaf80471e94ac1bec9475d79c4394b 9e1e1488ce14464e884f47ea96c05141 - - b55d5f6f0ff1483bb3a71a1c3ca2fa88 b55d5f6f0ff1483bb3a71a1c3ca2fa88] No more DHCP agents
2026-05-06 02:11:51.015 10 WARNING neutron.api.rpc.agentnotifiers.dhcp_rpc_agent_api [None req-186ef9d1-db34-49b7-bb5a-71d8956699e4 e6aaf80471e94ac1bec9475d79c4394b 9e1e1488ce14464e884f47ea96c05141 - - b55d5f6f0ff1483bb3a71a1c3ca2fa88 b55d5f6f0ff1483bb3a71a1c3ca2fa88] Unable to schedule network dc43754f-abbe-45c6-ba01-fbdaabd1ffa2: no agents available; will retry on subsequent port and subnet creation events.
2026-05-06 02:11:51.086 10 INFO neutron.db.ovn_revision_numbers_db [None req-186ef9d1-db34-49b7-bb5a-71d8956699e4 e6aaf80471e94ac1bec9475d79c4394b 9e1e1488ce14464e884f47ea96c05141 - - b55d5f6f0ff1483bb3a71a1c3ca2fa88 b55d5f6f0ff1483bb3a71a1c3ca2fa88] Successfully bumped revision number for resource 77a23b3d-b9fb-4351-85c4-cd8f4133e23a (type: ports) to 1
2026-05-06 02:11:51.104 10 INFO neutron.wsgi [None req-186ef9d1-db34-49b7-bb5a-71d8956699e4 e6aaf80471e94ac1bec9475d79c4394b 9e1e1488ce14464e884f47ea96c05141 - - b55d5f6f0ff1483bb3a71a1c3ca2fa88 b55d5f6f0ff1483bb3a71a1c3ca2fa88] 199.19.213.147 "POST /v2.0/networks HTTP/1.1" status: 201 len: 925 time: 0.5826943
2026-05-06 02:11:51.138 10 INFO neutron.wsgi [None req-320f869e-df33-4720-97f9-18821b4db713 e6aaf80471e94ac1bec9475d79c4394b 9e1e1488ce14464e884f47ea96c05141 - - b55d5f6f0ff1483bb3a71a1c3ca2fa88 b55d5f6f0ff1483bb3a71a1c3ca2fa88] 199.19.213.147 "GET /v2.0/ports?device_id=manila-share&binding%3Ahost_id=instance HTTP/1.1" status: 200 len: 210 time: 0.0269687
2026-05-06 02:11:51.151 10 INFO neutron.wsgi [None req-e2c1be37-fbb9-4e06-bfe5-77ebe46d45ea e6aaf80471e94ac1bec9475d79c4394b 9e1e1488ce14464e884f47ea96c05141 - - b55d5f6f0ff1483bb3a71a1c3ca2fa88 b55d5f6f0ff1483bb3a71a1c3ca2fa88] 199.19.213.147 "GET /v2.0/extensions HTTP/1.1" status: 200 len: 16525 time: 0.0055578
2026-05-06 02:11:51.360 10 WARNING neutron.scheduler.dhcp_agent_scheduler [None req-286f700d-0d87-4c49-8159-480c4d142a1b e6aaf80471e94ac1bec9475d79c4394b 9e1e1488ce14464e884f47ea96c05141 - - b55d5f6f0ff1483bb3a71a1c3ca2fa88 b55d5f6f0ff1483bb3a71a1c3ca2fa88] No more DHCP agents
2026-05-06 02:11:51.362 10 WARNING neutron.api.rpc.agentnotifiers.dhcp_rpc_agent_api [None req-286f700d-0d87-4c49-8159-480c4d142a1b e6aaf80471e94ac1bec9475d79c4394b 9e1e1488ce14464e884f47ea96c05141 - - b55d5f6f0ff1483bb3a71a1c3ca2fa88 b55d5f6f0ff1483bb3a71a1c3ca2fa88] Unable to schedule network dc43754f-abbe-45c6-ba01-fbdaabd1ffa2: no agents available; will retry on subsequent port and subnet creation events.
2026-05-06 02:11:51.450 10 INFO neutron.db.ovn_revision_numbers_db [None req-286f700d-0d87-4c49-8159-480c4d142a1b e6aaf80471e94ac1bec9475d79c4394b 9e1e1488ce14464e884f47ea96c05141 - - b55d5f6f0ff1483bb3a71a1c3ca2fa88 b55d5f6f0ff1483bb3a71a1c3ca2fa88] Successfully bumped revision number for resource 1f14b44d-04fa-4f0d-8f92-721b134eea84 (type: ports) to 1
2026-05-06 02:11:51.616 10 INFO neutron.db.ovn_revision_numbers_db [None req-286f700d-0d87-4c49-8159-480c4d142a1b e6aaf80471e94ac1bec9475d79c4394b 9e1e1488ce14464e884f47ea96c05141 - - b55d5f6f0ff1483bb3a71a1c3ca2fa88 b55d5f6f0ff1483bb3a71a1c3ca2fa88] Successfully bumped revision number for resource 1f14b44d-04fa-4f0d-8f92-721b134eea84 (type: ports) to 1
2026-05-06 02:11:51.645 10 INFO neutron.wsgi [None req-286f700d-0d87-4c49-8159-480c4d142a1b e6aaf80471e94ac1bec9475d79c4394b 9e1e1488ce14464e884f47ea96c05141 - - b55d5f6f0ff1483bb3a71a1c3ca2fa88 b55d5f6f0ff1483bb3a71a1c3ca2fa88] 199.19.213.147 "POST /v2.0/ports HTTP/1.1" status: 201 len: 1144 time: 0.4913659
2026-05-06 02:11:51.707 10 INFO neutron.wsgi [None req-3643ddf8-4476-46c9-aea4-1a6d7ef26b7b e6aaf80471e94ac1bec9475d79c4394b 9e1e1488ce14464e884f47ea96c05141 - - b55d5f6f0ff1483bb3a71a1c3ca2fa88 b55d5f6f0ff1483bb3a71a1c3ca2fa88] 199.19.213.147 "GET /v2.0/networks/dc43754f-abbe-45c6-ba01-fbdaabd1ffa2 HTTP/1.1" status: 200 len: 907 time: 0.0522754
2026-05-06 02:11:52.520 10 INFO neutron.plugins.ml2.drivers.ovn.mech_driver.mech_driver [-] OVN reports status up for port: 1f14b44d-04fa-4f0d-8f92-721b134eea84
2026-05-06 02:11:52.536 10 INFO neutron.plugins.ml2.plugin [None req-f8b393ac-a4c8-43d2-9ab8-dd3cbc701aa1 - - - - - -] Attempt 1 to provision port 1f14b44d-04fa-4f0d-8f92-721b134eea84
2026-05-06 02:11:52.776 10 INFO neutron.db.ovn_revision_numbers_db [None req-f8b393ac-a4c8-43d2-9ab8-dd3cbc701aa1 - - - - - -] Successfully bumped revision number for resource 1f14b44d-04fa-4f0d-8f92-721b134eea84 (type: ports) to 3
2026-05-06 02:11:53.615 10 INFO neutron.wsgi [-] 10.0.0.102 "GET / HTTP/1.1" status: 200 len: 247 time: 0.0026956
2026-05-06 02:11:53.615 11 INFO neutron.wsgi [-] 10.0.0.102 "GET / HTTP/1.1" status: 200 len: 247 time: 0.0026860
2026-05-06 02:11:54.205 10 INFO neutron.wsgi [None req-43c49bf7-00f8-4a5c-9674-5a3e7670691c e6aaf80471e94ac1bec9475d79c4394b 9e1e1488ce14464e884f47ea96c05141 - - b55d5f6f0ff1483bb3a71a1c3ca2fa88 b55d5f6f0ff1483bb3a71a1c3ca2fa88] 199.19.213.147 "GET /v2.0/ports?device_id=manila-share&binding%3Ahost_id=instance HTTP/1.1" status: 200 len: 1172 time: 0.0556121
2026-05-06 02:11:54.262 10 INFO neutron.wsgi [None req-84f6f943-9908-4575-b42a-6e03b830e907 e6aaf80471e94ac1bec9475d79c4394b 9e1e1488ce14464e884f47ea96c05141 - - b55d5f6f0ff1483bb3a71a1c3ca2fa88 b55d5f6f0ff1483bb3a71a1c3ca2fa88] 199.19.213.147 "GET /v2.0/networks/dc43754f-abbe-45c6-ba01-fbdaabd1ffa2 HTTP/1.1" status: 200 len: 907 time: 0.0475216
2026-05-06 02:12:08.315 11 INFO neutron.wsgi [None req-68042b2c-ae4b-4674-8884-ce996aebb332 09a5f2e746694bfdbab22fc27ee986a3 213cbe7d811148cbb2df98a35bd0c857 - - default default] 199.19.213.147,10.0.0.102 "GET /v2.0/quotas/9e1e1488ce14464e884f47ea96c05141 HTTP/1.1" status: 200 len: 362 time: 0.0146179
2026-05-06 02:12:08.614 10 INFO neutron.wsgi [-] 10.0.0.102 "GET / HTTP/1.1" status: 200 len: 247 time: 0.0018318
2026-05-06 02:12:08.616 10 INFO neutron.wsgi [-] 10.0.0.102 "GET / HTTP/1.1" status: 200 len: 247 time: 0.0015452 /var/lib/openstack/lib/python3.10/site-packages/neutron/extensions/quotasv2.py:140: UserWarning: Neutron quota engine will require "--force" parameter to set a quota limit without checking the resource usage. warnings.warn('Neutron quota engine will require "--force" '
2026-05-06 02:12:08.719 11 INFO neutron.wsgi [None req-aada5a97-7bac-4331-b2c9-6ff43938d3c8 09a5f2e746694bfdbab22fc27ee986a3 213cbe7d811148cbb2df98a35bd0c857 - - default default] 199.19.213.147,10.0.0.102 "PUT /v2.0/quotas/9e1e1488ce14464e884f47ea96c05141 HTTP/1.1" status: 200 len: 361 time: 0.0292189
2026-05-06 02:12:09.066 11 INFO neutron.wsgi [None req-90794181-d00e-4ef7-ab5d-7d0ea9c2ed26 09a5f2e746694bfdbab22fc27ee986a3 213cbe7d811148cbb2df98a35bd0c857 - - default default] 199.19.213.147,10.0.0.102 "GET /v2.0/quotas/9e1e1488ce14464e884f47ea96c05141 HTTP/1.1" status: 200 len: 361 time: 0.0120580
2026-05-06 02:12:23.616 10 INFO neutron.wsgi [-] 10.0.0.102 "GET / HTTP/1.1" status: 200 len: 247 time: 0.0026474
2026-05-06 02:12:23.617 11 INFO neutron.wsgi [-] 10.0.0.102 "GET / HTTP/1.1" status: 200 len: 247 time: 0.0045762
2026-05-06 02:12:38.614 11 INFO neutron.wsgi [-] 10.0.0.102 "GET / HTTP/1.1" status: 200 len: 247 time: 0.0022702
2026-05-06 02:12:38.616 10 INFO neutron.wsgi [-] 10.0.0.102 "GET / HTTP/1.1" status: 200 len: 247 time: 0.0042717
2026-05-06 02:12:53.614 11 INFO neutron.wsgi [-] 10.0.0.102 "GET / HTTP/1.1" status: 200 len: 247 time: 0.0020106
2026-05-06 02:12:53.615 10 INFO neutron.wsgi [-] 10.0.0.102 "GET / HTTP/1.1" status: 200 len: 247 time: 0.0030749
2026-05-06 02:13:00.507 10 INFO neutron.wsgi [None req-aa1d8510-930c-4672-bc97-378132b732ec 09a5f2e746694bfdbab22fc27ee986a3 213cbe7d811148cbb2df98a35bd0c857 - - default default] 10.0.0.207 "GET /v2.0/floatingips HTTP/1.1" status: 200 len: 193 time: 0.1109529
2026-05-06 02:13:00.539 10 INFO neutron.wsgi [None req-b818d55c-aa27-41c5-b9eb-fa8d017d9332 09a5f2e746694bfdbab22fc27ee986a3 213cbe7d811148cbb2df98a35bd0c857 - - default default] 10.0.0.207 "GET /v2.0/ports HTTP/1.1" status: 200 len: 5351 time: 0.0306873
2026-05-06 02:13:00.583 10 INFO neutron.wsgi [None req-f3c12985-6b39-46e6-9be5-7876cdd8c0f0 09a5f2e746694bfdbab22fc27ee986a3 213cbe7d811148cbb2df98a35bd0c857 - - default default] 10.0.0.207 "GET /v2.0/subnets HTTP/1.1" status: 200 len: 1437 time: 0.0365376
2026-05-06 02:13:00.752 10 INFO neutron.wsgi [None req-ef287447-7aa8-4586-9622-b3d8c2a83401 09a5f2e746694bfdbab22fc27ee986a3 213cbe7d811148cbb2df98a35bd0c857 - - default default] 10.0.0.207 "GET /v2.0/networks HTTP/1.1" status: 200 len: 2350 time: 0.1660440
2026-05-06 02:13:00.799 10 INFO neutron.wsgi [None req-01b48bbf-78c9-4fdf-bc5e-00a9e0abe61b 09a5f2e746694bfdbab22fc27ee986a3 213cbe7d811148cbb2df98a35bd0c857 - - default default] 10.0.0.207 "GET /v2.0/security-groups HTTP/1.1" status: 200 len: 16803 time: 0.0440545
2026-05-06 02:13:00.818 10 INFO neutron.wsgi [None req-ff55b684-cfbd-42e4-9c7f-baa2b2779728 09a5f2e746694bfdbab22fc27ee986a3 213cbe7d811148cbb2df98a35bd0c857 - - default default] 10.0.0.207 "GET /v2.0/network-ip-availabilities HTTP/1.1" status: 200 len: 1280 time: 0.0149899
2026-05-06 02:13:00.861 10 INFO neutron.wsgi [None req-f005dd4d-2120-49aa-a5ae-eadb440b127c 09a5f2e746694bfdbab22fc27ee986a3 213cbe7d811148cbb2df98a35bd0c857 - - default default] 10.0.0.207 "GET /v2.0/routers HTTP/1.1" status: 200 len: 189 time: 0.0385995
2026-05-06 02:13:00.893 10 INFO neutron.wsgi [None req-3d01a51d-1cf5-4ba5-9d48-f4ed56699a2a 09a5f2e746694bfdbab22fc27ee986a3 213cbe7d811148cbb2df98a35bd0c857 - - default default] 10.0.0.207 "GET /v2.0/agents?binary=ovn-controller HTTP/1.1" status: 200 len: 591 time: 0.0305781
2026-05-06 02:13:00.904 10 INFO neutron.wsgi [None req-90798dab-261f-499a-9901-64716aa5b6ca 09a5f2e746694bfdbab22fc27ee986a3 213cbe7d811148cbb2df98a35bd0c857 - - default default] 10.0.0.207 "GET /v2.0/agents HTTP/1.1" status: 200 len: 997 time: 0.0093465
2026-05-06 02:13:00.928 10 INFO neutron.wsgi [None req-13889a31-16b8-488e-8914-61c63662f172 09a5f2e746694bfdbab22fc27ee986a3 213cbe7d811148cbb2df98a35bd0c857 - - default default] 10.0.0.207 "GET /v2.0/subnets HTTP/1.1" status: 200 len: 1437 time: 0.0231278
2026-05-06 02:13:00.938 10 INFO neutron.wsgi [None req-c541fc57-999d-4514-bc4a-f0c422c14a14 09a5f2e746694bfdbab22fc27ee986a3 213cbe7d811148cbb2df98a35bd0c857 - - default default] 10.0.0.207 "GET /v2.0/subnetpools HTTP/1.1" status: 200 len: 193 time: 0.0090640
2026-05-06 02:13:08.613 11 INFO neutron.wsgi [-] 10.0.0.102 "GET / HTTP/1.1" status: 200 len: 247 time: 0.0017107
2026-05-06 02:13:08.613 10 INFO neutron.wsgi [-] 10.0.0.102 "GET / HTTP/1.1" status: 200 len: 247 time: 0.0017948
2026-05-06 02:13:23.615 10 INFO neutron.wsgi [-] 10.0.0.102 "GET / HTTP/1.1" status: 200 len: 247 time: 0.0025287
2026-05-06 02:13:23.615 11 INFO neutron.wsgi [-] 10.0.0.102 "GET / HTTP/1.1" status: 200 len: 247 time: 0.0029745
2026-05-06 02:13:38.613 10 INFO neutron.wsgi [-] 10.0.0.102 "GET / HTTP/1.1" status: 200 len: 247 time: 0.0013077
2026-05-06 02:13:38.616 11 INFO neutron.wsgi [-] 10.0.0.102 "GET / HTTP/1.1" status: 200 len: 247 time: 0.0030074
2026-05-06 02:13:53.614 11 INFO neutron.wsgi [-] 10.0.0.102 "GET / HTTP/1.1" status: 200 len: 247 time: 0.0016062
2026-05-06 02:13:53.616 10 INFO neutron.wsgi [-] 10.0.0.102 "GET / HTTP/1.1" status: 200 len: 247 time: 0.0039222
2026-05-06 02:14:00.417 10 INFO neutron.wsgi [None req-583a642b-fb2b-40e1-afe6-f8b5c1472b83 09a5f2e746694bfdbab22fc27ee986a3 213cbe7d811148cbb2df98a35bd0c857 - - default default] 10.0.0.207 "GET /v2.0/routers HTTP/1.1" status: 200 len: 189 time: 0.0635800
2026-05-06 02:14:00.452 10 INFO neutron.wsgi [None req-3cd125e6-8f68-4a90-af75-7b068db2bf1b 09a5f2e746694bfdbab22fc27ee986a3 213cbe7d811148cbb2df98a35bd0c857 - - default default] 10.0.0.207 "GET /v2.0/agents?binary=ovn-controller HTTP/1.1" status: 200 len: 591 time: 0.0341349
2026-05-06 02:14:00.520 10 INFO neutron.wsgi [None req-ba260993-32c2-4025-9ac0-e85201a78610 09a5f2e746694bfdbab22fc27ee986a3 213cbe7d811148cbb2df98a35bd0c857 - - default default] 10.0.0.207 "GET /v2.0/networks HTTP/1.1" status: 200 len: 2350 time: 0.0671325
2026-05-06 02:14:00.552 10 INFO neutron.wsgi [None req-2f2e2887-9673-4e1f-bf91-44aba8a44dee 09a5f2e746694bfdbab22fc27ee986a3 213cbe7d811148cbb2df98a35bd0c857 - - default default] 10.0.0.207 "GET /v2.0/subnets HTTP/1.1" status: 200 len: 1437 time: 0.0298095
2026-05-06 02:14:00.601 10 INFO neutron.wsgi [None req-0210f92f-27bd-433d-b115-d83c5286891c 09a5f2e746694bfdbab22fc27ee986a3 213cbe7d811148cbb2df98a35bd0c857 - - default default] 10.0.0.207 "GET /v2.0/security-groups HTTP/1.1" status: 200 len: 16803 time: 0.0470154
2026-05-06 02:14:00.644 10 INFO neutron.wsgi [None req-90845918-00b5-46e0-9bf7-94942b5dd719 09a5f2e746694bfdbab22fc27ee986a3 213cbe7d811148cbb2df98a35bd0c857 - - default default] 10.0.0.207 "GET /v2.0/ports HTTP/1.1" status: 200 len: 5351 time: 0.0369890
2026-05-06 02:14:00.663 10 INFO neutron.wsgi [None req-1aca74e0-2096-48d8-a2f3-51a2ecf01d8d 09a5f2e746694bfdbab22fc27ee986a3 213cbe7d811148cbb2df98a35bd0c857 - - default default] 10.0.0.207 "GET /v2.0/network-ip-availabilities HTTP/1.1" status: 200 len: 1280 time: 0.0146148
2026-05-06 02:14:00.673 10 INFO neutron.wsgi [None req-3fec3847-3b8c-4ef3-b616-cdadb9b6cf6c 09a5f2e746694bfdbab22fc27ee986a3 213cbe7d811148cbb2df98a35bd0c857 - - default default] 10.0.0.207 "GET /v2.0/agents HTTP/1.1" status: 200 len: 997 time: 0.0093360
2026-05-06 02:14:00.690 10 INFO neutron.wsgi [None req-b58b26c6-44ec-4db1-823b-7726c3d4ab94 09a5f2e746694bfdbab22fc27ee986a3 213cbe7d811148cbb2df98a35bd0c857 - - default default] 10.0.0.207 "GET /v2.0/floatingips HTTP/1.1" status: 200 len: 193 time: 0.0153105
2026-05-06 02:14:00.727 10 INFO neutron.wsgi [None req-d5dea1fd-1349-4702-897a-d231685aa1be 09a5f2e746694bfdbab22fc27ee986a3 213cbe7d811148cbb2df98a35bd0c857 - - default default] 10.0.0.207 "GET /v2.0/subnets HTTP/1.1" status: 200 len: 1437 time: 0.0355761
2026-05-06 02:14:00.738 10 INFO neutron.wsgi [None req-989ef41c-1ec3-4acd-bf62-5b4cfa3676c0 09a5f2e746694bfdbab22fc27ee986a3 213cbe7d811148cbb2df98a35bd0c857 - - default default] 10.0.0.207 "GET /v2.0/subnetpools HTTP/1.1" status: 200 len: 193 time: 0.0090432
2026-05-06 02:14:08.614 11 INFO neutron.wsgi [-] 10.0.0.102 "GET / HTTP/1.1" status: 200 len: 247 time: 0.0025346
2026-05-06 02:14:08.614 10 INFO neutron.wsgi [-] 10.0.0.102 "GET / HTTP/1.1" status: 200 len: 247 time: 0.0028484
2026-05-06 02:14:23.613 10 INFO neutron.wsgi [-] 10.0.0.102 "GET / HTTP/1.1" status: 200 len: 247 time: 0.0015290
2026-05-06 02:14:23.614 11 INFO neutron.wsgi [-] 10.0.0.102 "GET / HTTP/1.1" status: 200 len: 247 time: 0.0023301
2026-05-06 02:14:38.616 11 INFO neutron.wsgi [-] 10.0.0.102 "GET / HTTP/1.1" status: 200 len: 247 time: 0.0043180
2026-05-06 02:14:38.618 11 INFO neutron.wsgi [-] 10.0.0.102 "GET / HTTP/1.1" status: 200 len: 247 time: 0.0012059
2026-05-06 02:14:53.614 11 INFO neutron.wsgi [-] 10.0.0.102 "GET / HTTP/1.1" status: 200 len: 247 time: 0.0026081
2026-05-06 02:14:53.615 10 INFO neutron.wsgi [-] 10.0.0.102 "GET / HTTP/1.1" status: 200 len: 247 time: 0.0036337
2026-05-06 02:15:00.483 10 INFO neutron.wsgi [None req-57735bb6-0668-4fcd-8a2a-b612c65c6d2c 09a5f2e746694bfdbab22fc27ee986a3 213cbe7d811148cbb2df98a35bd0c857 - - default default] 10.0.0.207 "GET /v2.0/subnets HTTP/1.1" status: 200 len: 1437 time: 0.0948360
2026-05-06 02:15:00.541 10 INFO neutron.wsgi [None req-d1cb3567-a03a-42dd-aac1-1ce3cbf262e9 09a5f2e746694bfdbab22fc27ee986a3 213cbe7d811148cbb2df98a35bd0c857 - - default default] 10.0.0.207 "GET /v2.0/networks HTTP/1.1" status: 200 len: 2350 time: 0.0572655
2026-05-06 02:15:00.592 10 INFO neutron.wsgi [None req-deecea21-82f4-48b3-bb82-6267adb16b1b 09a5f2e746694bfdbab22fc27ee986a3 213cbe7d811148cbb2df98a35bd0c857 - - default default] 10.0.0.207 "GET /v2.0/security-groups HTTP/1.1" status: 200 len: 16803 time: 0.0487063
2026-05-06 02:15:00.630 10 INFO neutron.wsgi [None req-0f4c6d48-682e-475f-acf6-f1a19b8d26eb 09a5f2e746694bfdbab22fc27ee986a3 213cbe7d811148cbb2df98a35bd0c857 - - default default] 10.0.0.207 "GET /v2.0/ports HTTP/1.1" status: 200 len: 5351 time: 0.0337708
2026-05-06 02:15:00.653 10 INFO neutron.wsgi [None req-0e74dc33-8043-4e59-949b-dbb2f32d5aa8 09a5f2e746694bfdbab22fc27ee986a3 213cbe7d811148cbb2df98a35bd0c857 - - default default] 10.0.0.207 "GET /v2.0/floatingips HTTP/1.1" status: 200 len: 193 time: 0.0169141
2026-05-06 02:15:00.684 10 INFO neutron.wsgi [None req-2981a3cb-b0b7-4b7d-9b00-56003e973622 09a5f2e746694bfdbab22fc27ee986a3 213cbe7d811148cbb2df98a35bd0c857 - - default default] 10.0.0.207 "GET /v2.0/subnets HTTP/1.1" status: 200 len: 1437 time: 0.0304370
2026-05-06 02:15:00.695 10 INFO neutron.wsgi [None req-f44ed64c-3c30-4435-96ae-a1e852bbaafc 09a5f2e746694bfdbab22fc27ee986a3 213cbe7d811148cbb2df98a35bd0c857 - - default default] 10.0.0.207 "GET /v2.0/subnetpools HTTP/1.1" status: 200 len: 193 time: 0.0101802
2026-05-06 02:15:00.727 10 INFO neutron.wsgi [None req-4ba6035e-4705-4b13-924a-a06bf4a36362 09a5f2e746694bfdbab22fc27ee986a3 213cbe7d811148cbb2df98a35bd0c857 - - default default] 10.0.0.207 "GET /v2.0/agents HTTP/1.1" status: 200 len: 997 time: 0.0312047
2026-05-06 02:15:00.741 10 INFO neutron.wsgi [None req-6bd5d225-a814-4f81-8300-fd731d4d296e 09a5f2e746694bfdbab22fc27ee986a3 213cbe7d811148cbb2df98a35bd0c857 - - default default] 10.0.0.207 "GET /v2.0/network-ip-availabilities HTTP/1.1" status: 200 len: 1280 time: 0.0107250
2026-05-06 02:15:00.763 10 INFO neutron.wsgi [None req-069ad91e-2e3b-477f-a0b0-affb205dbe0b 09a5f2e746694bfdbab22fc27ee986a3 213cbe7d811148cbb2df98a35bd0c857 - - default default] 10.0.0.207 "GET /v2.0/routers HTTP/1.1" status: 200 len: 189 time: 0.0213397
2026-05-06 02:15:00.772 10 INFO neutron.wsgi [None req-ff942b5e-11ae-40b8-9626-ba023b2957d1 09a5f2e746694bfdbab22fc27ee986a3 213cbe7d811148cbb2df98a35bd0c857 - - default default] 10.0.0.207 "GET /v2.0/agents?binary=ovn-controller HTTP/1.1" status: 200 len: 591 time: 0.0081930
2026-05-06 02:15:08.614 10 INFO neutron.wsgi [-] 10.0.0.102 "GET / HTTP/1.1" status: 200 len: 247 time: 0.0024929
2026-05-06 02:15:08.616 10 INFO neutron.wsgi [-] 10.0.0.102 "GET / HTTP/1.1" status: 200 len: 247 time: 0.0013459
2026-05-06 02:15:23.614 10 INFO neutron.wsgi [-] 10.0.0.102 "GET / HTTP/1.1" status: 200 len: 247 time: 0.0022297
2026-05-06 02:15:23.614 11 INFO neutron.wsgi [-] 10.0.0.102 "GET / HTTP/1.1" status: 200 len: 247 time: 0.0024049
2026-05-06 02:15:38.614 10 INFO neutron.wsgi [-] 10.0.0.102 "GET / HTTP/1.1" status: 200 len: 247 time: 0.0018916
2026-05-06 02:15:38.614 11 INFO neutron.wsgi [-] 10.0.0.102 "GET / HTTP/1.1" status: 200 len: 247 time: 0.0023019
2026-05-06 02:15:53.614 10 INFO neutron.wsgi [-] 10.0.0.102 "GET / HTTP/1.1" status: 200 len: 247 time: 0.0023406
2026-05-06 02:15:53.614 11 INFO neutron.wsgi [-] 10.0.0.102 "GET / HTTP/1.1" status: 200 len: 247 time: 0.0025585
2026-05-06 02:16:00.440 10 INFO neutron.wsgi [None req-4489b911-af35-4fa4-b956-7cbbfacfac42 09a5f2e746694bfdbab22fc27ee986a3 213cbe7d811148cbb2df98a35bd0c857 - - default default] 10.0.0.207 "GET /v2.0/security-groups HTTP/1.1" status: 200 len: 16803 time: 0.0877066
2026-05-06 02:16:00.496 10 INFO neutron.wsgi [None req-f68aeb3e-32b0-47a7-8a25-de95f8d1985e 09a5f2e746694bfdbab22fc27ee986a3 213cbe7d811148cbb2df98a35bd0c857 - - default default] 10.0.0.207 "GET /v2.0/subnets HTTP/1.1" status: 200 len: 1437 time: 0.0500107
2026-05-06 02:16:00.543 10 INFO neutron.wsgi [None req-52cef3eb-c55e-426e-a188-d0f1d98e2641 09a5f2e746694bfdbab22fc27ee986a3 213cbe7d811148cbb2df98a35bd0c857 - - default default] 10.0.0.207 "GET /v2.0/agents HTTP/1.1" status: 200 len: 997 time: 0.0419395
2026-05-06 02:16:00.554 10 INFO neutron.wsgi [None req-9b74ab4b-230a-4e7b-9f5a-ec92a6b9dbe7 09a5f2e746694bfdbab22fc27ee986a3 213cbe7d811148cbb2df98a35bd0c857 - - default default] 10.0.0.207 "GET /v2.0/network-ip-availabilities HTTP/1.1" status: 200 len: 1280 time: 0.0100732
2026-05-06 02:16:00.573 10 INFO neutron.wsgi [None req-26bc2e6b-9bf7-4994-8104-3f61eccb5f64 09a5f2e746694bfdbab22fc27ee986a3 213cbe7d811148cbb2df98a35bd0c857 - - default default] 10.0.0.207 "GET /v2.0/floatingips HTTP/1.1" status: 200 len: 193 time: 0.0183568
2026-05-06 02:16:00.629 10 INFO neutron.wsgi [None req-0f2c7d01-a7ce-4eb0-9d21-096d13552793 09a5f2e746694bfdbab22fc27ee986a3 213cbe7d811148cbb2df98a35bd0c857 - - default default] 10.0.0.207 "GET /v2.0/networks HTTP/1.1" status: 200 len: 2350 time: 0.0552919
2026-05-06 02:16:00.662 10 INFO neutron.wsgi [None req-3da59add-2810-4ea3-a99d-8537011b924f 09a5f2e746694bfdbab22fc27ee986a3 213cbe7d811148cbb2df98a35bd0c857 - - default default] 10.0.0.207 "GET /v2.0/subnets HTTP/1.1" status: 200 len: 1437 time: 0.0273888
2026-05-06 02:16:00.671 10 INFO neutron.wsgi [None req-54870593-6b23-46b0-b446-e2f1c7274b54 09a5f2e746694bfdbab22fc27ee986a3 213cbe7d811148cbb2df98a35bd0c857 - - default default] 10.0.0.207 "GET /v2.0/subnetpools HTTP/1.1" status: 200 len: 193 time: 0.0075397
2026-05-06 02:16:00.703 10 INFO neutron.wsgi [None req-cc708194-ff3c-4851-922a-27a620b3a75e 09a5f2e746694bfdbab22fc27ee986a3 213cbe7d811148cbb2df98a35bd0c857 - - default default] 10.0.0.207 "GET /v2.0/ports HTTP/1.1" status: 200 len: 5351 time: 0.0309589
2026-05-06 02:16:00.725 10 INFO neutron.wsgi [None req-0d9663b1-ea0e-4d6e-a04e-ccdbdbe26f5c 09a5f2e746694bfdbab22fc27ee986a3 213cbe7d811148cbb2df98a35bd0c857 - - default default] 10.0.0.207 "GET /v2.0/routers HTTP/1.1" status: 200 len: 189 time: 0.0180204
2026-05-06 02:16:00.733 10 INFO neutron.wsgi [None req-7ecbd313-683c-4988-819a-c58a4e0928b3 09a5f2e746694bfdbab22fc27ee986a3 213cbe7d811148cbb2df98a35bd0c857 - - default default] 10.0.0.207 "GET /v2.0/agents?binary=ovn-controller HTTP/1.1" status: 200 len: 591 time: 0.0074794
2026-05-06 02:16:08.612 11 INFO neutron.wsgi [-] 10.0.0.102 "GET / HTTP/1.1" status: 200 len: 247 time: 0.0016115
2026-05-06 02:16:08.614 11 INFO neutron.wsgi [-] 10.0.0.102 "GET / HTTP/1.1" status: 200 len: 247 time: 0.0011969
2026-05-06 02:16:23.614 10 INFO neutron.wsgi [-] 10.0.0.102 "GET / HTTP/1.1" status: 200 len: 247 time: 0.0024478
2026-05-06 02:16:23.616 11 INFO neutron.wsgi [-] 10.0.0.102 "GET / HTTP/1.1" status: 200 len: 247 time: 0.0033541
2026-05-06 02:16:38.613 11 INFO neutron.wsgi [-] 10.0.0.102 "GET / HTTP/1.1" status: 200 len: 247 time: 0.0014989
2026-05-06 02:16:38.615 11 INFO neutron.wsgi [-] 10.0.0.102 "GET / HTTP/1.1" status: 200 len: 247 time: 0.0011919
2026-05-06 02:16:53.613 10 INFO neutron.wsgi [-] 10.0.0.102 "GET / HTTP/1.1" status: 200 len: 247 time: 0.0016294
2026-05-06 02:16:53.615 10 INFO neutron.wsgi [-] 10.0.0.102 "GET / HTTP/1.1" status: 200 len: 247 time: 0.0019033
2026-05-06 02:17:00.453 10 INFO neutron.wsgi [None req-6fb5e371-6e9e-48d5-a63e-c236ace043f3 09a5f2e746694bfdbab22fc27ee986a3 213cbe7d811148cbb2df98a35bd0c857 - - default default] 10.0.0.207 "GET /v2.0/ports HTTP/1.1" status: 200 len: 5351 time: 0.0813637
2026-05-06 02:17:00.483 10 INFO neutron.wsgi [None req-abfa0aa4-be52-4033-ac01-c3fed47312b6 09a5f2e746694bfdbab22fc27ee986a3 213cbe7d811148cbb2df98a35bd0c857 - - default default] 10.0.0.207 "GET /v2.0/floatingips HTTP/1.1" status: 200 len: 193 time: 0.0275323
2026-05-06 02:17:00.513 10 INFO neutron.wsgi [None req-70cc0e3a-08b1-42d5-9c13-899e51387cff 09a5f2e746694bfdbab22fc27ee986a3 213cbe7d811148cbb2df98a35bd0c857 - - default default] 10.0.0.207 "GET /v2.0/agents HTTP/1.1" status: 200 len: 997 time: 0.0287929
2026-05-06 02:17:00.524 10 INFO neutron.wsgi [None req-23bb98cb-847f-4127-9158-6332667100f9 09a5f2e746694bfdbab22fc27ee986a3 213cbe7d811148cbb2df98a35bd0c857 - - default default] 10.0.0.207 "GET /v2.0/network-ip-availabilities HTTP/1.1" status: 200 len: 1280 time: 0.0098698
2026-05-06 02:17:00.569 10 INFO neutron.wsgi [None req-cbb67fef-8085-4c6b-9bab-875bda1c3217 09a5f2e746694bfdbab22fc27ee986a3 213cbe7d811148cbb2df98a35bd0c857 - - default default] 10.0.0.207 "GET /v2.0/security-groups HTTP/1.1" status: 200 len: 16803 time: 0.0442386
2026-05-06 02:17:00.616 10 INFO neutron.wsgi [None req-7733080e-ee04-4b03-b4d7-1ae4ecf2b714 09a5f2e746694bfdbab22fc27ee986a3 213cbe7d811148cbb2df98a35bd0c857 - - default default] 10.0.0.207 "GET /v2.0/subnets HTTP/1.1" status: 200 len: 1437 time: 0.0391657
2026-05-06 02:17:00.652 10 INFO neutron.wsgi [None req-c71697bf-1e43-4a5b-9f53-cfebb852ac68 09a5f2e746694bfdbab22fc27ee986a3 213cbe7d811148cbb2df98a35bd0c857 - - default default] 10.0.0.207 "GET /v2.0/subnets HTTP/1.1" status: 200 len: 1437 time: 0.0347328
2026-05-06 02:17:00.662 10 INFO neutron.wsgi [None req-7fa8623f-bb63-4c8e-9247-aaff6d961f35 09a5f2e746694bfdbab22fc27ee986a3 213cbe7d811148cbb2df98a35bd0c857 - - default default] 10.0.0.207 "GET /v2.0/subnetpools HTTP/1.1" status: 200 len: 193 time: 0.0086226
2026-05-06 02:17:00.711 10 INFO neutron.wsgi [None req-3d4fa59d-d67e-41f5-997d-2e6fd5cbe42d 09a5f2e746694bfdbab22fc27ee986a3 213cbe7d811148cbb2df98a35bd0c857 - - default default] 10.0.0.207 "GET /v2.0/networks HTTP/1.1" status: 200 len: 2350 time: 0.0484324
2026-05-06 02:17:00.732 10 INFO neutron.wsgi [None req-aa78d913-933b-4e5e-a5a9-db877e803a71 09a5f2e746694bfdbab22fc27ee986a3 213cbe7d811148cbb2df98a35bd0c857 - - default default] 10.0.0.207 "GET /v2.0/routers HTTP/1.1" status: 200 len: 189 time: 0.0194159
2026-05-06 02:17:00.742 10 INFO neutron.wsgi [None req-f3916bba-3111-463c-b4af-7ea3e4cad3b4 09a5f2e746694bfdbab22fc27ee986a3 213cbe7d811148cbb2df98a35bd0c857 - - default default] 10.0.0.207 "GET /v2.0/agents?binary=ovn-controller HTTP/1.1" status: 200 len: 591 time: 0.0087876
2026-05-06 02:17:08.614 10 INFO neutron.wsgi [-] 10.0.0.102 "GET / HTTP/1.1" status: 200 len: 247 time: 0.0025225
2026-05-06 02:17:08.617 10 INFO neutron.wsgi [-] 10.0.0.102 "GET / HTTP/1.1" status: 200 len: 247 time: 0.0020056
2026-05-06 02:17:23.615 11 INFO neutron.wsgi [-] 10.0.0.102 "GET / HTTP/1.1" status: 200 len: 247 time: 0.0028369
2026-05-06 02:17:23.615 10 INFO neutron.wsgi [-] 10.0.0.102 "GET / HTTP/1.1" status: 200 len: 247 time: 0.0032876
2026-05-06 02:17:38.615 11 INFO neutron.wsgi [-] 10.0.0.102 "GET / HTTP/1.1" status: 200 len: 247 time: 0.0030656
2026-05-06 02:17:38.616 10 INFO neutron.wsgi [-] 10.0.0.102 "GET / HTTP/1.1" status: 200 len: 247 time: 0.0042205
2026-05-06 02:17:53.614 10 INFO neutron.wsgi [-] 10.0.0.102 "GET / HTTP/1.1" status: 200 len: 247 time: 0.0024586
2026-05-06 02:17:53.614 11 INFO neutron.wsgi [-] 10.0.0.102 "GET / HTTP/1.1" status: 200 len: 247 time: 0.0024743
2026-05-06 02:18:00.477 10 INFO neutron.wsgi [None req-d5d7d781-139a-477c-83bd-5758be52c938 09a5f2e746694bfdbab22fc27ee986a3 213cbe7d811148cbb2df98a35bd0c857 - - default default] 10.0.0.207 "GET /v2.0/security-groups HTTP/1.1" status: 200 len: 16803 time: 0.1137073
2026-05-06 02:18:00.522 10 INFO neutron.wsgi [None req-286a23d6-3866-428c-9ff8-38f777796110 09a5f2e746694bfdbab22fc27ee986a3 213cbe7d811148cbb2df98a35bd0c857 - - default default] 10.0.0.207 "GET /v2.0/ports HTTP/1.1" status: 200 len: 5351 time: 0.0407786
2026-05-06 02:18:00.534 10 INFO neutron.wsgi [None req-64c62f8d-b760-4054-9230-2074ad31d4b8 09a5f2e746694bfdbab22fc27ee986a3 213cbe7d811148cbb2df98a35bd0c857 - - default default] 10.0.0.207 "GET /v2.0/network-ip-availabilities HTTP/1.1" status: 200 len: 1280 time: 0.0091181
2026-05-06 02:18:00.567 10 INFO neutron.wsgi [None req-2e9327b7-07be-4343-a0bf-a0d579ada750 09a5f2e746694bfdbab22fc27ee986a3 213cbe7d811148cbb2df98a35bd0c857 - - default default] 10.0.0.207 "GET /v2.0/subnets HTTP/1.1" status: 200 len: 1437 time: 0.0317051
2026-05-06 02:18:00.575 10 INFO neutron.wsgi [None req-7ae064a0-a59d-4833-a732-b00a0f09155c 09a5f2e746694bfdbab22fc27ee986a3 213cbe7d811148cbb2df98a35bd0c857 - - default default] 10.0.0.207 "GET /v2.0/subnetpools HTTP/1.1" status: 200 len: 193 time: 0.0068765
2026-05-06 02:18:00.592 10 INFO neutron.wsgi [None req-9071b887-67b4-426e-b5fb-139ed9cec588 09a5f2e746694bfdbab22fc27ee986a3 213cbe7d811148cbb2df98a35bd0c857 - - default default] 10.0.0.207 "GET /v2.0/routers HTTP/1.1" status: 200 len: 189 time: 0.0162230
2026-05-06 02:18:00.635 10 INFO neutron.wsgi [None req-a5c09457-2626-4e41-8e50-cd6ad2b3d477 09a5f2e746694bfdbab22fc27ee986a3 213cbe7d811148cbb2df98a35bd0c857 - - default default] 10.0.0.207 "GET /v2.0/agents?binary=ovn-controller HTTP/1.1" status: 200 len: 591 time: 0.0424845
2026-05-06 02:18:00.651 10 INFO neutron.wsgi [None req-282c7ca3-8aa1-4d21-91f0-7c5e664d9d63 09a5f2e746694bfdbab22fc27ee986a3 213cbe7d811148cbb2df98a35bd0c857 - - default default] 10.0.0.207 "GET /v2.0/agents HTTP/1.1" status: 200 len: 997 time: 0.0146663
2026-05-06 02:18:00.667 10 INFO neutron.wsgi [None req-338d38f0-fc4b-4a70-aa71-9639744c2974 09a5f2e746694bfdbab22fc27ee986a3 213cbe7d811148cbb2df98a35bd0c857 - - default default] 10.0.0.207 "GET /v2.0/floatingips HTTP/1.1" status: 200 len: 193 time: 0.0147686
2026-05-06 02:18:00.725 10 INFO neutron.wsgi [None req-dc1fa3da-d254-47c2-8e25-cc54e7ff2191 09a5f2e746694bfdbab22fc27ee986a3 213cbe7d811148cbb2df98a35bd0c857 - - default default] 10.0.0.207 "GET /v2.0/networks HTTP/1.1" status: 200 len: 2350 time: 0.0571601
2026-05-06 02:18:00.756 10 INFO neutron.wsgi [None req-8889b1c3-0599-4633-b8ff-eb05692b1be4 09a5f2e746694bfdbab22fc27ee986a3 213cbe7d811148cbb2df98a35bd0c857 - - default default] 10.0.0.207 "GET /v2.0/subnets HTTP/1.1" status: 200 len: 1437 time: 0.0287626
2026-05-06 02:18:08.616 11 INFO neutron.wsgi [-] 10.0.0.102 "GET / HTTP/1.1" status: 200 len: 247 time: 0.0026746
2026-05-06 02:18:08.617 10 INFO neutron.wsgi [-] 10.0.0.102 "GET / HTTP/1.1" status: 200 len: 247 time: 0.0043864
2026-05-06 02:18:23.614 10 INFO neutron.wsgi [-] 10.0.0.102 "GET / HTTP/1.1" status: 200 len: 247 time: 0.0023189
2026-05-06 02:18:23.615 11 INFO neutron.wsgi [-] 10.0.0.102 "GET / HTTP/1.1" status: 200 len: 247 time: 0.0037007
2026-05-06 02:18:38.613 11 INFO neutron.wsgi [-] 10.0.0.102 "GET / HTTP/1.1" status: 200 len: 247 time: 0.0017965
2026-05-06 02:18:38.615 11 INFO neutron.wsgi [-] 10.0.0.102 "GET / HTTP/1.1" status: 200 len: 247 time: 0.0011787
2026-05-06 02:18:53.615 11 INFO neutron.wsgi [-] 10.0.0.102 "GET / HTTP/1.1" status: 200 len: 247 time: 0.0028558
2026-05-06 02:18:53.615 10 INFO neutron.wsgi [-] 10.0.0.102 "GET / HTTP/1.1" status: 200 len: 247 time: 0.0027254
2026-05-06 02:19:00.448 10 INFO neutron.wsgi [None req-622455c9-9789-4d4d-9133-31f3ebd42a6f 09a5f2e746694bfdbab22fc27ee986a3 213cbe7d811148cbb2df98a35bd0c857 - - default default] 10.0.0.207 "GET /v2.0/routers HTTP/1.1" status: 200 len: 189 time: 0.0644622
2026-05-06 02:19:00.476 10 INFO neutron.wsgi [None req-dc80bb72-46dd-408e-a041-8aa3d4df12f7 09a5f2e746694bfdbab22fc27ee986a3 213cbe7d811148cbb2df98a35bd0c857 - - default default] 10.0.0.207 "GET /v2.0/agents?binary=ovn-controller HTTP/1.1" status: 200 len: 591 time: 0.0268815
2026-05-06 02:19:00.539 10 INFO neutron.wsgi [None req-7f088ae4-cc71-4e5e-bab0-a62c18f63c86 09a5f2e746694bfdbab22fc27ee986a3 213cbe7d811148cbb2df98a35bd0c857 - - default default] 10.0.0.207 "GET /v2.0/networks HTTP/1.1" status: 200 len: 2350 time: 0.0621896
2026-05-06 02:19:00.575 10 INFO neutron.wsgi [None req-0c48996f-cf31-44dc-aa8b-297e888468b8 09a5f2e746694bfdbab22fc27ee986a3 213cbe7d811148cbb2df98a35bd0c857 - - default default] 10.0.0.207 "GET /v2.0/ports HTTP/1.1" status: 200 len: 5351 time: 0.0348170
2026-05-06 02:19:00.591 10 INFO neutron.wsgi [None req-7d53b960-593c-476d-a0a5-41c044686847 09a5f2e746694bfdbab22fc27ee986a3 213cbe7d811148cbb2df98a35bd0c857 - - default default] 10.0.0.207 "GET /v2.0/agents HTTP/1.1" status: 200 len: 997 time: 0.0103152
2026-05-06 02:19:00.600 10 INFO neutron.wsgi [None req-43409022-ac6d-4ffa-a3b5-077239902173 09a5f2e746694bfdbab22fc27ee986a3 213cbe7d811148cbb2df98a35bd0c857 - - default default] 10.0.0.207 "GET /v2.0/network-ip-availabilities HTTP/1.1" status: 200 len: 1280 time: 0.0082676
2026-05-06 02:19:00.618 10 INFO neutron.wsgi [None req-46c46cdd-195a-4fc2-83bd-ebcfb602376c 09a5f2e746694bfdbab22fc27ee986a3 213cbe7d811148cbb2df98a35bd0c857 - - default default] 10.0.0.207 "GET /v2.0/floatingips HTTP/1.1" status: 200 len: 193 time: 0.0168912
2026-05-06 02:19:00.669 10 INFO neutron.wsgi [None req-84bdf637-0304-4bc3-badf-4d39ddf7616a 09a5f2e746694bfdbab22fc27ee986a3 213cbe7d811148cbb2df98a35bd0c857 - - default default] 10.0.0.207 "GET /v2.0/security-groups HTTP/1.1" status: 200 len: 16803 time: 0.0495174
2026-05-06 02:19:00.700 10 INFO neutron.wsgi [None req-fb93bf0d-8be7-496e-bf07-b6be130ff465 09a5f2e746694bfdbab22fc27ee986a3 213cbe7d811148cbb2df98a35bd0c857 - - default default] 10.0.0.207 "GET /v2.0/subnets HTTP/1.1" status: 200 len: 1437 time: 0.0276780
2026-05-06 02:19:00.734 10 INFO neutron.wsgi [None req-4c183761-7eee-4404-8511-61bdbea87c69 09a5f2e746694bfdbab22fc27ee986a3 213cbe7d811148cbb2df98a35bd0c857 - - default default] 10.0.0.207 "GET /v2.0/subnets HTTP/1.1" status: 200 len: 1437 time: 0.0323572
2026-05-06 02:19:00.743 10 INFO neutron.wsgi [None req-107a91a1-37ac-49d4-91bd-ac2de267711b 09a5f2e746694bfdbab22fc27ee986a3 213cbe7d811148cbb2df98a35bd0c857 - - default default] 10.0.0.207 "GET /v2.0/subnetpools HTTP/1.1" status: 200 len: 193 time: 0.0077102
2026-05-06 02:19:08.615 11 INFO neutron.wsgi [-] 10.0.0.102 "GET / HTTP/1.1" status: 200 len: 247 time: 0.0029185
2026-05-06 02:19:08.617 11 INFO neutron.wsgi [-] 10.0.0.102 "GET / HTTP/1.1" status: 200 len: 247 time: 0.0011654
2026-05-06 02:19:23.614 10 INFO neutron.wsgi [-] 10.0.0.102 "GET / HTTP/1.1" status: 200 len: 247 time: 0.0024121
2026-05-06 02:19:23.615 11 INFO neutron.wsgi [-] 10.0.0.102 "GET / HTTP/1.1" status: 200 len: 247 time: 0.0031698
2026-05-06 02:19:38.614 11 INFO neutron.wsgi [-] 10.0.0.102 "GET / HTTP/1.1" status: 200 len: 247 time: 0.0024574
2026-05-06 02:19:38.615 10 INFO neutron.wsgi [-] 10.0.0.102 "GET / HTTP/1.1" status: 200 len: 247 time: 0.0036180
2026-05-06 02:19:53.615 11 INFO neutron.wsgi [-] 10.0.0.102 "GET / HTTP/1.1" status: 200 len: 247 time: 0.0036218
2026-05-06 02:19:53.616 10 INFO neutron.wsgi [-] 10.0.0.102 "GET / HTTP/1.1" status: 200 len: 247 time: 0.0045602
2026-05-06 02:20:00.504 10 INFO neutron.wsgi [None req-3de112a1-1f76-45fc-a960-3e93c07d2214 09a5f2e746694bfdbab22fc27ee986a3 213cbe7d811148cbb2df98a35bd0c857 - - default default] 10.0.0.207 "GET /v2.0/agents HTTP/1.1" status: 200 len: 997 time: 0.1008992
2026-05-06 02:20:00.576 10 INFO neutron.wsgi [None req-25c02781-0a77-4aa9-ad12-f517d6a1f045 09a5f2e746694bfdbab22fc27ee986a3 213cbe7d811148cbb2df98a35bd0c857 - - default default] 10.0.0.207 "GET /v2.0/networks HTTP/1.1" status: 200 len: 2350 time: 0.0706234
2026-05-06 02:20:00.673 10 INFO neutron.wsgi [None req-062352b9-63ae-4000-ac34-6185aa5a4f0d 09a5f2e746694bfdbab22fc27ee986a3 213cbe7d811148cbb2df98a35bd0c857 - - default default] 10.0.0.207 "GET /v2.0/subnets HTTP/1.1" status: 200 len: 1437 time: 0.0960162
2026-05-06 02:20:00.684 10 INFO neutron.wsgi [None req-1ab245c8-8ae3-489e-b631-6d21acbed5b7 09a5f2e746694bfdbab22fc27ee986a3 213cbe7d811148cbb2df98a35bd0c857 - - default default] 10.0.0.207 "GET /v2.0/subnetpools HTTP/1.1" status: 200 len: 193 time: 0.0092187
2026-05-06 02:20:00.695 10 INFO neutron.wsgi [None req-8cb5c664-2af1-4834-8f75-f6b1aaac6ab2 09a5f2e746694bfdbab22fc27ee986a3 213cbe7d811148cbb2df98a35bd0c857 - - default default] 10.0.0.207 "GET /v2.0/network-ip-availabilities HTTP/1.1" status: 200 len: 1280 time: 0.0104656
2026-05-06 02:20:00.723 10 INFO neutron.wsgi [None req-c44747f9-14ca-4b3c-92f2-bc964c49652f 09a5f2e746694bfdbab22fc27ee986a3 213cbe7d811148cbb2df98a35bd0c857 - - default default] 10.0.0.207 "GET /v2.0/floatingips HTTP/1.1" status: 200 len: 193 time: 0.0268719
2026-05-06 02:20:00.792 10 INFO neutron.wsgi [None req-6d82bd9b-cf54-4c31-984a-b8fae4e31f09 09a5f2e746694bfdbab22fc27ee986a3 213cbe7d811148cbb2df98a35bd0c857 - - default default] 10.0.0.207 "GET /v2.0/security-groups HTTP/1.1" status: 200 len: 16803 time: 0.0666533
2026-05-06 02:20:00.834 10 INFO neutron.wsgi [None req-bbbc2df7-ca89-4485-b42b-0a6fa75e812e 09a5f2e746694bfdbab22fc27ee986a3 213cbe7d811148cbb2df98a35bd0c857 - - default default] 10.0.0.207 "GET /v2.0/subnets HTTP/1.1" status: 200 len: 1437 time: 0.0383859
2026-05-06 02:20:00.872 10 INFO neutron.wsgi [None req-34a87a2b-7672-481e-a0be-824147d6a2b5 09a5f2e746694bfdbab22fc27ee986a3 213cbe7d811148cbb2df98a35bd0c857 - - default default] 10.0.0.207 "GET /v2.0/ports HTTP/1.1" status: 200 len: 5351 time: 0.0368342
2026-05-06 02:20:00.895 10 INFO neutron.wsgi [None req-7d4eb891-e2a0-4569-8f10-2a6046bcb4fc 09a5f2e746694bfdbab22fc27ee986a3 213cbe7d811148cbb2df98a35bd0c857 - - default default] 10.0.0.207 "GET /v2.0/routers HTTP/1.1" status: 200 len: 189 time: 0.0196192
2026-05-06 02:20:00.903 10 INFO neutron.wsgi [None req-2cbffc0f-c5ca-423b-a8a0-4a4272a70341 09a5f2e746694bfdbab22fc27ee986a3 213cbe7d811148cbb2df98a35bd0c857 - - default default] 10.0.0.207 "GET /v2.0/agents?binary=ovn-controller HTTP/1.1" status: 200 len: 591 time: 0.0077212
2026-05-06 02:20:08.614 10 INFO neutron.wsgi [-] 10.0.0.102 "GET / HTTP/1.1" status: 200 len: 247 time: 0.0022290
2026-05-06 02:20:08.615 11 INFO neutron.wsgi [-] 10.0.0.102 "GET / HTTP/1.1" status: 200 len: 247 time: 0.0030091
2026-05-06 02:20:23.614 10 INFO neutron.wsgi [-] 10.0.0.102 "GET / HTTP/1.1" status: 200 len: 247 time: 0.0023561
2026-05-06 02:20:23.614 11 INFO neutron.wsgi [-] 10.0.0.102 "GET / HTTP/1.1" status: 200 len: 247 time: 0.0028923
2026-05-06 02:20:38.614 10 INFO neutron.wsgi [-] 10.0.0.102 "GET / HTTP/1.1" status: 200 len: 247 time: 0.0022051
2026-05-06 02:20:38.614 11 INFO neutron.wsgi [-] 10.0.0.102 "GET / HTTP/1.1" status: 200 len: 247 time: 0.0031190
2026-05-06 02:20:53.614 10 INFO neutron.wsgi [-] 10.0.0.102 "GET / HTTP/1.1" status: 200 len: 247 time: 0.0027876
2026-05-06 02:20:53.615 11 INFO neutron.wsgi [-] 10.0.0.102 "GET / HTTP/1.1" status: 200 len: 247 time: 0.0028324
2026-05-06 02:21:00.576 10 INFO neutron.wsgi [None req-7718214c-0733-4a4c-937a-0307acd81da5 09a5f2e746694bfdbab22fc27ee986a3 213cbe7d811148cbb2df98a35bd0c857 - - default default] 10.0.0.207 "GET /v2.0/floatingips HTTP/1.1" status: 200 len: 193 time: 0.0739038
2026-05-06 02:21:00.624 10 INFO neutron.wsgi [None req-9b1b9ed4-5a5d-465e-8fe3-31b2f5f03d92 09a5f2e746694bfdbab22fc27ee986a3 213cbe7d811148cbb2df98a35bd0c857 - - default default] 10.0.0.207 "GET /v2.0/networks HTTP/1.1" status: 200 len: 2350 time: 0.0471451
2026-05-06 02:21:00.656 10 INFO neutron.wsgi [None req-be87a29c-0727-42f7-98e0-1ecf37356646 09a5f2e746694bfdbab22fc27ee986a3 213cbe7d811148cbb2df98a35bd0c857 - - default default] 10.0.0.207 "GET /v2.0/security-groups HTTP/1.1" status: 200 len: 16803 time: 0.0302362
2026-05-06 02:21:00.669 10 INFO neutron.wsgi [None req-bb874ec0-619e-4b50-a29f-0bf2c80a2b8d 09a5f2e746694bfdbab22fc27ee986a3 213cbe7d811148cbb2df98a35bd0c857 - - default default] 10.0.0.207 "GET /v2.0/network-ip-availabilities HTTP/1.1" status: 200 len: 1280 time: 0.0072987
2026-05-06 02:21:00.693 10 INFO neutron.wsgi [None req-e4d01321-4ec5-400b-816a-61bd9fa232f5 09a5f2e746694bfdbab22fc27ee986a3 213cbe7d811148cbb2df98a35bd0c857 - - default default] 10.0.0.207 "GET /v2.0/subnets HTTP/1.1" status: 200 len: 1437 time: 0.0235312
2026-05-06 02:21:00.720 10 INFO neutron.wsgi [None req-19a20cb6-6a5f-4617-93b0-1d132511178e 09a5f2e746694bfdbab22fc27ee986a3 213cbe7d811148cbb2df98a35bd0c857 - - default default] 10.0.0.207 "GET /v2.0/ports HTTP/1.1" status: 200 len: 5351 time: 0.0260689
2026-05-06 02:21:00.754 10 INFO neutron.wsgi [None req-77089e17-dcd4-4f7d-80f1-0ec597a727a5 09a5f2e746694bfdbab22fc27ee986a3 213cbe7d811148cbb2df98a35bd0c857 - - default default] 10.0.0.207 "GET /v2.0/agents HTTP/1.1" status: 200 len: 997 time: 0.0295272
2026-05-06 02:21:00.780 10 INFO neutron.wsgi [None req-7fecd07c-1680-4a02-b810-728ab0a145d2 09a5f2e746694bfdbab22fc27ee986a3 213cbe7d811148cbb2df98a35bd0c857 - - default default] 10.0.0.207 "GET /v2.0/routers HTTP/1.1" status: 200 len: 189 time: 0.0222375
2026-05-06 02:21:00.796 10 INFO neutron.wsgi [None req-d16d6d69-039e-49cd-929f-4c6e8f0f56e3 09a5f2e746694bfdbab22fc27ee986a3 213cbe7d811148cbb2df98a35bd0c857 - - default default] 10.0.0.207 "GET /v2.0/agents?binary=ovn-controller HTTP/1.1" status: 200 len: 591 time: 0.0146348
2026-05-06 02:21:00.832 10 INFO neutron.wsgi [None req-8db19a85-ac76-4084-bfb5-9c58b4ad30ee 09a5f2e746694bfdbab22fc27ee986a3 213cbe7d811148cbb2df98a35bd0c857 - - default default] 10.0.0.207 "GET /v2.0/subnets HTTP/1.1" status: 200 len: 1437 time: 0.0359249
2026-05-06 02:21:00.843 10 INFO neutron.wsgi [None req-20c7f922-fdab-4888-94c2-f691f8468668 09a5f2e746694bfdbab22fc27ee986a3 213cbe7d811148cbb2df98a35bd0c857 - - default default] 10.0.0.207 "GET /v2.0/subnetpools HTTP/1.1" status: 200 len: 193 time: 0.0095849
2026-05-06 02:21:08.614 11 INFO neutron.wsgi [-] 10.0.0.102 "GET / HTTP/1.1" status: 200 len: 247 time: 0.0023510
2026-05-06 02:21:08.615 10 INFO neutron.wsgi [-] 10.0.0.102 "GET / HTTP/1.1" status: 200 len: 247 time: 0.0032825
2026-05-06 02:21:23.614 11 INFO neutron.wsgi [-] 10.0.0.102 "GET / HTTP/1.1" status: 200 len: 247 time: 0.0026822
2026-05-06 02:21:23.615 10 INFO neutron.wsgi [-] 10.0.0.102 "GET / HTTP/1.1" status: 200 len: 247 time: 0.0031946
2026-05-06 02:21:38.614 11 INFO neutron.wsgi [-] 10.0.0.102 "GET / HTTP/1.1" status: 200 len: 247 time: 0.0024853
2026-05-06 02:21:38.616 10 INFO neutron.wsgi [-] 10.0.0.102 "GET / HTTP/1.1" status: 200 len: 247 time: 0.0039558
2026-05-06 02:21:53.614 10 INFO neutron.wsgi [-] 10.0.0.102 "GET / HTTP/1.1" status: 200 len: 247 time: 0.0024829
2026-05-06 02:21:53.617 10 INFO neutron.wsgi [-] 10.0.0.102 "GET / HTTP/1.1" status: 200 len: 247 time: 0.0020278
2026-05-06 02:22:00.561 10 INFO neutron.wsgi [None req-56d05e6b-25b9-4b37-82d0-df7b56a8e32f 09a5f2e746694bfdbab22fc27ee986a3 213cbe7d811148cbb2df98a35bd0c857 - - default default] 10.0.0.207 "GET /v2.0/network-ip-availabilities HTTP/1.1" status: 200 len: 1280 time: 0.1539495
2026-05-06 02:22:00.634 10 INFO neutron.wsgi [None req-c5437129-cc48-4793-b3cc-6d1d2d73bb29 09a5f2e746694bfdbab22fc27ee986a3 213cbe7d811148cbb2df98a35bd0c857 - - default default] 10.0.0.207 "GET /v2.0/networks HTTP/1.1" status: 200 len: 2350 time: 0.0719836
2026-05-06 02:22:00.673 10 INFO neutron.wsgi [None req-928f1459-d657-4b58-b3c2-eaf8d0af5244 09a5f2e746694bfdbab22fc27ee986a3 213cbe7d811148cbb2df98a35bd0c857 - - default default] 10.0.0.207 "GET /v2.0/agents HTTP/1.1" status: 200 len: 997 time: 0.0351458
2026-05-06 02:22:00.711 10 INFO neutron.wsgi [None req-f302266e-889c-4f49-8525-67544ffc99e5 09a5f2e746694bfdbab22fc27ee986a3 213cbe7d811148cbb2df98a35bd0c857 - - default default] 10.0.0.207 "GET /v2.0/subnets HTTP/1.1" status: 200 len: 1437 time: 0.0371907
2026-05-06 02:22:00.746 10 INFO neutron.wsgi [None req-7aa4a279-d27e-4b94-a1c1-bdd215532581 09a5f2e746694bfdbab22fc27ee986a3 213cbe7d811148cbb2df98a35bd0c857 - - default default] 10.0.0.207 "GET /v2.0/ports HTTP/1.1" status: 200 len: 5351 time: 0.0334074
2026-05-06 02:22:00.768 10 INFO neutron.wsgi [None req-6ab273c6-5fbe-4a95-8ee7-6ca5e4f1670c 09a5f2e746694bfdbab22fc27ee986a3 213cbe7d811148cbb2df98a35bd0c857 - - default default] 10.0.0.207 "GET /v2.0/floatingips HTTP/1.1" status: 200 len: 193 time: 0.0171187
2026-05-06 02:22:00.807 10 INFO neutron.wsgi [None req-191301e7-5935-4641-a153-a4b094747d42 09a5f2e746694bfdbab22fc27ee986a3 213cbe7d811148cbb2df98a35bd0c857 - - default default] 10.0.0.207 "GET /v2.0/security-groups HTTP/1.1" status: 200 len: 16803 time: 0.0382767
2026-05-06 02:22:00.836 10 INFO neutron.wsgi [None req-08283919-0161-4b73-b8ce-cd046db4bfce 09a5f2e746694bfdbab22fc27ee986a3 213cbe7d811148cbb2df98a35bd0c857 - - default default] 10.0.0.207 "GET /v2.0/routers HTTP/1.1" status: 200 len: 189 time: 0.0239830
2026-05-06 02:22:00.844 10 INFO neutron.wsgi [None req-f0f2f428-3065-4b9f-b5e1-3cb2577e90c8 09a5f2e746694bfdbab22fc27ee986a3 213cbe7d811148cbb2df98a35bd0c857 - - default default] 10.0.0.207 "GET /v2.0/agents?binary=ovn-controller HTTP/1.1" status: 200 len: 591 time: 0.0079119
2026-05-06 02:22:00.874 10 INFO neutron.wsgi [None req-52ec44e0-dc7e-4cf1-8699-65fdebeb3596 09a5f2e746694bfdbab22fc27ee986a3 213cbe7d811148cbb2df98a35bd0c857 - - default default] 10.0.0.207 "GET /v2.0/subnets HTTP/1.1" status: 200 len: 1437 time: 0.0271430
2026-05-06 02:22:00.882 10 INFO neutron.wsgi [None req-613abb8d-375f-4619-8338-2e28a42ae589 09a5f2e746694bfdbab22fc27ee986a3 213cbe7d811148cbb2df98a35bd0c857 - - default default] 10.0.0.207 "GET /v2.0/subnetpools HTTP/1.1" status: 200 len: 193 time: 0.0074205
2026-05-06 02:22:08.612 11 INFO neutron.wsgi [-] 10.0.0.102 "GET / HTTP/1.1" status: 200 len: 247 time: 0.0016069
2026-05-06 02:22:08.615 10 INFO neutron.wsgi [-] 10.0.0.102 "GET / HTTP/1.1" status: 200 len: 247 time: 0.0029252
2026-05-06 02:22:23.614 11 INFO neutron.wsgi [-] 10.0.0.102 "GET / HTTP/1.1" status: 200 len: 247 time: 0.0023108
2026-05-06 02:22:23.615 10 INFO neutron.wsgi [-] 10.0.0.102 "GET / HTTP/1.1" status: 200 len: 247 time: 0.0024109
2026-05-06 02:22:38.615 11 INFO neutron.wsgi [-] 10.0.0.102 "GET / HTTP/1.1" status: 200 len: 247 time: 0.0036509
2026-05-06 02:22:38.615 10 INFO neutron.wsgi [-] 10.0.0.102 "GET / HTTP/1.1" status: 200 len: 247 time: 0.0037475
2026-05-06 02:22:53.614 10 INFO neutron.wsgi [-] 10.0.0.102 "GET / HTTP/1.1" status: 200 len: 247 time: 0.0024564
2026-05-06 02:22:53.614 11 INFO neutron.wsgi [-] 10.0.0.102 "GET / HTTP/1.1" status: 200 len: 247 time: 0.0025623
2026-05-06 02:23:00.471 10 INFO neutron.wsgi [None req-4820c524-31e7-4a5b-9b3c-aaf5e534fc85 09a5f2e746694bfdbab22fc27ee986a3 213cbe7d811148cbb2df98a35bd0c857 - - default default] 10.0.0.207 "GET /v2.0/networks HTTP/1.1" status: 200 len: 2350 time: 0.1164508
2026-05-06 02:23:00.495 10 INFO neutron.wsgi [None req-2062fd0c-1b42-4941-ab2e-67999c7b34c3 09a5f2e746694bfdbab22fc27ee986a3 213cbe7d811148cbb2df98a35bd0c857 - - default default] 10.0.0.207 "GET /v2.0/routers HTTP/1.1" status: 200 len: 189 time: 0.0213699
