2026-05-11 11:59:49.332 8 INFO neutron.plugins.ml2.plugin [None req-a49d6ec8-a5ee-4427-81d0-ce5e63012946 - - - - - -] Attempt 1 to provision port 7ba3bd4c-d241-4265-83d6-86812e88e80c
2026-05-11 11:59:49.530 7 WARNING neutron.scheduler.dhcp_agent_scheduler [None req-56ed1f56-ce20-4e4f-93db-b57e87527781 7276d8a5269c4a0da387f1ebf408778e 66042dc3366e46648ecde7a7b27281b1 - - default default] No more DHCP agents
2026-05-11 11:59:49.533 7 WARNING neutron.api.rpc.agentnotifiers.dhcp_rpc_agent_api [None req-56ed1f56-ce20-4e4f-93db-b57e87527781 7276d8a5269c4a0da387f1ebf408778e 66042dc3366e46648ecde7a7b27281b1 - - default default] Unable to schedule network f895deae-88d5-4213-b15c-c53f3e551431: no agents available; will retry on subsequent port and subnet creation events.
2026-05-11 11:59:49.671 7 INFO neutron.db.ovn_revision_numbers_db [None req-56ed1f56-ce20-4e4f-93db-b57e87527781 7276d8a5269c4a0da387f1ebf408778e 66042dc3366e46648ecde7a7b27281b1 - - default default] Successfully bumped revision number for resource 5c8ef697-b779-4441-bc60-c801df4e4f94 (type: ports) to 1 [pid: 7|app: 0|req: 812/1477] 10.0.0.153 () {34 vars in 665 bytes} [Mon May 11 11:59:49 2026] POST /v2.0/ports => generated 775 bytes in 461 msecs (HTTP/1.1 201) 4 headers in 162 bytes (1 switches on core 0) /var/lib/openstack/lib/python3.12/site-packages/pycadf/identifier.py:70: UserWarning: Invalid uuid: neutron. To ensure interoperability, identifiers should be a valid uuid. warnings.warn(('Invalid uuid: %s. To ensure interoperability, '
2026-05-11 11:59:49.785 8 INFO neutron.db.ovn_revision_numbers_db [None req-9e5bb6a1-dd94-4153-ae7f-9ff0866e24c4 1c5f27f41e98462ebe38c518d51877f8 21562add628944e88d162b6705802179 - - default default] Successfully bumped revision number for resource 7ba3bd4c-d241-4265-83d6-86812e88e80c (type: router_ports) to 1 [pid: 8|app: 0|req: 666/1478] 10.0.0.153 () {34 vars in 783 bytes} [Mon May 11 11:59:46 2026] PUT /v2.0/routers/cc826eb5-2f58-4f30-9e5a-05948f8559de/add_router_interface => generated 309 bytes in 3658 msecs (HTTP/1.1 200) 4 headers in 157 bytes (1 switches on core 0)
2026-05-11 11:59:49.895 7 WARNING neutron.scheduler.dhcp_agent_scheduler [None req-72571ec9-7551-4327-beae-92b8371fcf18 3a5ad4be8f2848cc941e9a9ab850d8a1 8cb9d32f272644e7994e74809e668f4f - - default default] No more DHCP agents
2026-05-11 11:59:49.896 7 WARNING neutron.api.rpc.agentnotifiers.dhcp_rpc_agent_api [None req-72571ec9-7551-4327-beae-92b8371fcf18 3a5ad4be8f2848cc941e9a9ab850d8a1 8cb9d32f272644e7994e74809e668f4f - - default default] Unable to schedule network 9c62fac1-c065-4d22-9201-c3b8637273d3: no agents available; will retry on subsequent port and subnet creation events.
2026-05-11 11:59:49.932 7 INFO neutron.db.ovn_revision_numbers_db [None req-72571ec9-7551-4327-beae-92b8371fcf18 3a5ad4be8f2848cc941e9a9ab850d8a1 8cb9d32f272644e7994e74809e668f4f - - default default] Successfully bumped revision number for resource da3d6a15-8959-460c-b837-4bdeed70ca10 (type: subnets) to 0
2026-05-11 11:59:49.939 8 INFO neutron.db.segments_db [None req-f5e587f8-8d7a-4fc5-ab76-f992670dcae9 7276d8a5269c4a0da387f1ebf408778e 66042dc3366e46648ecde7a7b27281b1 - - default default] Added segment d5f2cd05-022c-455e-9d45-e3647806467a of type geneve for network a173043f-8fe7-413b-a126-1f6926121441 [pid: 7|app: 0|req: 813/1479] 10.0.0.153 () {34 vars in 669 bytes} [Mon May 11 11:59:49 2026] POST /v2.0/subnets => generated 646 bytes in 228 msecs (HTTP/1.1 201) 4 headers in 162 bytes (1 switches on core 0)
2026-05-11 11:59:50.134 8 INFO neutron.db.ovn_revision_numbers_db [None req-a49d6ec8-a5ee-4427-81d0-ce5e63012946 - - - - - -] Successfully bumped revision number for resource 7ba3bd4c-d241-4265-83d6-86812e88e80c (type: ports) to 2
2026-05-11 11:59:50.255 8 INFO neutron.db.ovn_revision_numbers_db [None req-f5e587f8-8d7a-4fc5-ab76-f992670dcae9 7276d8a5269c4a0da387f1ebf408778e 66042dc3366e46648ecde7a7b27281b1 - - default default] Successfully bumped revision number for resource a173043f-8fe7-413b-a126-1f6926121441 (type: networks) to 1
2026-05-11 11:59:50.286 7 WARNING neutron.scheduler.dhcp_agent_scheduler [None req-fbe24bab-3aa6-4d31-8dc8-0a2f20578458 3a5ad4be8f2848cc941e9a9ab850d8a1 8cb9d32f272644e7994e74809e668f4f - - default default] No more DHCP agents
2026-05-11 11:59:50.287 7 WARNING neutron.api.rpc.agentnotifiers.dhcp_rpc_agent_api [None req-fbe24bab-3aa6-4d31-8dc8-0a2f20578458 3a5ad4be8f2848cc941e9a9ab850d8a1 8cb9d32f272644e7994e74809e668f4f - - default default] Unable to schedule network 9c62fac1-c065-4d22-9201-c3b8637273d3: no agents available; will retry on subsequent port and subnet creation events.
2026-05-11 11:59:50.442 7 INFO neutron.db.ovn_revision_numbers_db [None req-fbe24bab-3aa6-4d31-8dc8-0a2f20578458 3a5ad4be8f2848cc941e9a9ab850d8a1 8cb9d32f272644e7994e74809e668f4f - - default default] Successfully bumped revision number for resource 5f10bdb8-1e43-4211-a2d4-13e7a79a2a45 (type: ports) to 1 [pid: 7|app: 0|req: 814/1480] 10.0.0.153 () {34 vars in 665 bytes} [Mon May 11 11:59:49 2026] POST /v2.0/ports => generated 966 bytes in 510 msecs (HTTP/1.1 201) 4 headers in 162 bytes (1 switches on core 0) /var/lib/openstack/lib/python3.12/site-packages/pycadf/identifier.py:70: UserWarning: Invalid uuid: neutron. To ensure interoperability, identifiers should be a valid uuid. warnings.warn(('Invalid uuid: %s. To ensure interoperability, '
2026-05-11 11:59:50.532 8 WARNING neutron.scheduler.dhcp_agent_scheduler [None req-f5e587f8-8d7a-4fc5-ab76-f992670dcae9 7276d8a5269c4a0da387f1ebf408778e 66042dc3366e46648ecde7a7b27281b1 - - default default] No more DHCP agents
2026-05-11 11:59:50.533 8 WARNING neutron.api.rpc.agentnotifiers.dhcp_rpc_agent_api [None req-f5e587f8-8d7a-4fc5-ab76-f992670dcae9 7276d8a5269c4a0da387f1ebf408778e 66042dc3366e46648ecde7a7b27281b1 - - default default] Unable to schedule network a173043f-8fe7-413b-a126-1f6926121441: no agents available; will retry on subsequent port and subnet creation events.
2026-05-11 11:59:50.646 8 INFO neutron.db.ovn_revision_numbers_db [None req-f5e587f8-8d7a-4fc5-ab76-f992670dcae9 7276d8a5269c4a0da387f1ebf408778e 66042dc3366e46648ecde7a7b27281b1 - - default default] Successfully bumped revision number for resource b8c70e98-968f-4add-a974-3fd86c0645d4 (type: ports) to 1
2026-05-11 11:59:50.652 7 INFO neutron_taas.services.taas.taas_plugin [None req-ed5d5a46-c187-4288-884c-f22ee9ff8123 3a5ad4be8f2848cc941e9a9ab850d8a1 8cb9d32f272644e7994e74809e668f4f - - default default] TaaS: Handle Delete Port: 5f10bdb8-1e43-4211-a2d4-13e7a79a2a45
2026-05-11 11:59:50.656 7 INFO neutron_taas.services.taas.tap_mirror_plugin [None req-ed5d5a46-c187-4288-884c-f22ee9ff8123 3a5ad4be8f2848cc941e9a9ab850d8a1 8cb9d32f272644e7994e74809e668f4f - - default default] Tap Mirror: Handle Delete Port: 5f10bdb8-1e43-4211-a2d4-13e7a79a2a45 [pid: 8|app: 0|req: 667/1481] 10.0.0.153 () {34 vars in 670 bytes} [Mon May 11 11:59:49 2026] POST /v2.0/networks => generated 632 bytes in 872 msecs (HTTP/1.1 201) 4 headers in 162 bytes (1 switches on core 0) [pid: 7|app: 0|req: 815/1482] 10.0.0.153 () {32 vars in 720 bytes} [Mon May 11 11:59:50 2026] DELETE /v2.0/ports/5f10bdb8-1e43-4211-a2d4-13e7a79a2a45 => generated 0 bytes in 357 msecs (HTTP/1.1 204) 3 headers in 131 bytes (1 switches on core 0)
2026-05-11 11:59:50.942 8 WARNING neutron.scheduler.dhcp_agent_scheduler [None req-7f260e95-c015-40e7-84fe-d68e7482b3ec 7276d8a5269c4a0da387f1ebf408778e 66042dc3366e46648ecde7a7b27281b1 - - default default] No more DHCP agents
2026-05-11 11:59:50.943 8 WARNING neutron.api.rpc.agentnotifiers.dhcp_rpc_agent_api [None req-7f260e95-c015-40e7-84fe-d68e7482b3ec 7276d8a5269c4a0da387f1ebf408778e 66042dc3366e46648ecde7a7b27281b1 - - default default] Unable to schedule network a173043f-8fe7-413b-a126-1f6926121441: no agents available; will retry on subsequent port and subnet creation events.
2026-05-11 11:59:51.025 7 INFO neutron.db.ovn_revision_numbers_db [None req-5e11c907-628c-4077-8db6-0618d4b40d25 1c5f27f41e98462ebe38c518d51877f8 21562add628944e88d162b6705802179 - - default default] Successfully bumped revision number for resource 92cac9b5-4ca4-42ed-a1ef-37d1609c304a (type: security_groups) to 1
2026-05-11 11:59:51.038 7 INFO neutron.db.ovn_revision_numbers_db [None req-5e11c907-628c-4077-8db6-0618d4b40d25 1c5f27f41e98462ebe38c518d51877f8 21562add628944e88d162b6705802179 - - default default] Successfully bumped revision number for resource 13ec6607-795d-4937-a39e-e95c4d8cc6e7 (type: security_group_rules) to 0
2026-05-11 11:59:51.051 7 INFO neutron.db.ovn_revision_numbers_db [None req-5e11c907-628c-4077-8db6-0618d4b40d25 1c5f27f41e98462ebe38c518d51877f8 21562add628944e88d162b6705802179 - - default default] Successfully bumped revision number for resource 91133e89-eb45-42a7-a14e-4136b5177512 (type: security_group_rules) to 0
2026-05-11 11:59:51.063 7 INFO neutron.db.ovn_revision_numbers_db [None req-5e11c907-628c-4077-8db6-0618d4b40d25 1c5f27f41e98462ebe38c518d51877f8 21562add628944e88d162b6705802179 - - default default] Successfully bumped revision number for resource e158e143-3416-422d-8800-acf426b4e73d (type: security_group_rules) to 0
2026-05-11 11:59:51.074 7 INFO neutron.db.ovn_revision_numbers_db [None req-5e11c907-628c-4077-8db6-0618d4b40d25 1c5f27f41e98462ebe38c518d51877f8 21562add628944e88d162b6705802179 - - default default] Successfully bumped revision number for resource fd67ca5a-ebff-4156-a02d-efabe02bb5b7 (type: security_group_rules) to 0
2026-05-11 11:59:51.147 7 INFO neutron.db.segments_db [None req-5e11c907-628c-4077-8db6-0618d4b40d25 1c5f27f41e98462ebe38c518d51877f8 21562add628944e88d162b6705802179 - - default default] Added segment 20e75398-001b-42b7-9a33-749649031010 of type geneve for network 0d8d37b5-f00f-4829-bdcd-e46ac8d41133
2026-05-11 11:59:51.268 7 INFO neutron.db.ovn_revision_numbers_db [None req-5e11c907-628c-4077-8db6-0618d4b40d25 1c5f27f41e98462ebe38c518d51877f8 21562add628944e88d162b6705802179 - - default default] Successfully bumped revision number for resource 0d8d37b5-f00f-4829-bdcd-e46ac8d41133 (type: networks) to 1
2026-05-11 11:59:51.472 7 WARNING neutron.scheduler.dhcp_agent_scheduler [None req-5e11c907-628c-4077-8db6-0618d4b40d25 1c5f27f41e98462ebe38c518d51877f8 21562add628944e88d162b6705802179 - - default default] No more DHCP agents
2026-05-11 11:59:51.473 7 WARNING neutron.api.rpc.agentnotifiers.dhcp_rpc_agent_api [None req-5e11c907-628c-4077-8db6-0618d4b40d25 1c5f27f41e98462ebe38c518d51877f8 21562add628944e88d162b6705802179 - - default default] Unable to schedule network 0d8d37b5-f00f-4829-bdcd-e46ac8d41133: no agents available; will retry on subsequent port and subnet creation events.
2026-05-11 11:59:51.482 8 INFO neutron.db.ovn_revision_numbers_db [None req-24662764-f711-4e05-b685-700d4d713e75 - - - - - -] Successfully bumped revision number for resource b8c70e98-968f-4add-a974-3fd86c0645d4 (type: ports) to 2
2026-05-11 11:59:51.542 8 INFO neutron.db.ovn_revision_numbers_db [None req-24662764-f711-4e05-b685-700d4d713e75 - - - - - -] Successfully bumped revision number for resource 70b5a8dd-5a4f-46f8-8eca-0ce276dd7f3c (type: subnets) to 0 [pid: 8|app: 0|req: 668/1483] 10.0.0.153 () {34 vars in 669 bytes} [Mon May 11 11:59:50 2026] POST /v2.0/subnets => generated 626 bytes in 892 msecs (HTTP/1.1 201) 4 headers in 162 bytes (1 switches on core 0)
2026-05-11 11:59:51.584 7 INFO neutron.db.ovn_revision_numbers_db [None req-5e11c907-628c-4077-8db6-0618d4b40d25 1c5f27f41e98462ebe38c518d51877f8 21562add628944e88d162b6705802179 - - default default] Successfully bumped revision number for resource 4b90e77b-f26b-401b-adff-9e7a3bb19d52 (type: ports) to 1
2026-05-11 11:59:51.587 8 INFO neutron.pecan_wsgi.hooks.translation [None req-be60e5af-64db-4d36-b5fc-c71dde79fcff 3a5ad4be8f2848cc941e9a9ab850d8a1 8cb9d32f272644e7994e74809e668f4f - - default default] DELETE failed (client error): The resource could not be found. [pid: 8|app: 0|req: 669/1484] 10.0.0.153 () {32 vars in 720 bytes} [Mon May 11 11:59:51 2026] DELETE /v2.0/ports/5f10bdb8-1e43-4211-a2d4-13e7a79a2a45 => generated 132 bytes in 24 msecs (HTTP/1.1 404) 4 headers in 164 bytes (1 switches on core 0) [pid: 7|app: 0|req: 816/1485] 10.0.0.153 () {34 vars in 671 bytes} [Mon May 11 11:59:50 2026] POST /v2.0/networks => generated 744 bytes in 777 msecs (HTTP/1.1 201) 4 headers in 162 bytes (1 switches on core 0)
2026-05-11 11:59:51.621 7 INFO neutron.pecan_wsgi.hooks.translation [None req-e94e3a05-583f-4fe8-8a99-e0dd972e121d 3a5ad4be8f2848cc941e9a9ab850d8a1 8cb9d32f272644e7994e74809e668f4f - - default default] GET failed (client error): The resource could not be found. [pid: 7|app: 0|req: 817/1486] 10.0.0.153 () {32 vars in 717 bytes} [Mon May 11 11:59:51 2026] GET /v2.0/ports/5f10bdb8-1e43-4211-a2d4-13e7a79a2a45 => generated 132 bytes in 16 msecs (HTTP/1.1 404) 4 headers in 164 bytes (1 switches on core 0)
2026-05-11 11:59:51.759 7 WARNING neutron.scheduler.dhcp_agent_scheduler [None req-2e766c31-fa0a-40b4-bdf0-7830f8736ba9 1c5f27f41e98462ebe38c518d51877f8 21562add628944e88d162b6705802179 - - default default] No more DHCP agents
2026-05-11 11:59:51.761 7 WARNING neutron.api.rpc.agentnotifiers.dhcp_rpc_agent_api [None req-2e766c31-fa0a-40b4-bdf0-7830f8736ba9 1c5f27f41e98462ebe38c518d51877f8 21562add628944e88d162b6705802179 - - default default] Unable to schedule network 0d8d37b5-f00f-4829-bdcd-e46ac8d41133: no agents available; will retry on subsequent port and subnet creation events.
2026-05-11 11:59:51.885 8 WARNING neutron.scheduler.dhcp_agent_scheduler [None req-9c6d8e4b-1e3c-4a92-8174-3049bd27bb74 7276d8a5269c4a0da387f1ebf408778e 66042dc3366e46648ecde7a7b27281b1 - - default default] No more DHCP agents
2026-05-11 11:59:51.886 8 WARNING neutron.api.rpc.agentnotifiers.dhcp_rpc_agent_api [None req-9c6d8e4b-1e3c-4a92-8174-3049bd27bb74 7276d8a5269c4a0da387f1ebf408778e 66042dc3366e46648ecde7a7b27281b1 - - default default] Unable to schedule network a173043f-8fe7-413b-a126-1f6926121441: no agents available; will retry on subsequent port and subnet creation events.
2026-05-11 11:59:52.097 8 INFO neutron.db.ovn_revision_numbers_db [None req-9c6d8e4b-1e3c-4a92-8174-3049bd27bb74 7276d8a5269c4a0da387f1ebf408778e 66042dc3366e46648ecde7a7b27281b1 - - default default] Successfully bumped revision number for resource a8751e2f-7e2e-4915-a067-978cda611bed (type: ports) to 1 [pid: 8|app: 0|req: 670/1487] 10.0.0.153 () {34 vars in 665 bytes} [Mon May 11 11:59:51 2026] POST /v2.0/ports => generated 950 bytes in 527 msecs (HTTP/1.1 201) 4 headers in 162 bytes (1 switches on core 0) /var/lib/openstack/lib/python3.12/site-packages/pycadf/identifier.py:70: UserWarning: Invalid uuid: neutron. To ensure interoperability, identifiers should be a valid uuid. warnings.warn(('Invalid uuid: %s. To ensure interoperability, '
2026-05-11 11:59:52.314 7 INFO neutron.db.ovn_revision_numbers_db [None req-83b99524-938c-472e-aa5c-dcc578524a4f - - - - - -] Successfully bumped revision number for resource 4b90e77b-f26b-401b-adff-9e7a3bb19d52 (type: ports) to 2 [pid: 8|app: 0|req: 671/1488] 10.0.0.153 () {32 vars in 724 bytes} [Mon May 11 11:59:52 2026] DELETE /v2.0/subnets/da3d6a15-8959-460c-b837-4bdeed70ca10 => generated 0 bytes in 200 msecs (HTTP/1.1 204) 3 headers in 131 bytes (1 switches on core 0)
2026-05-11 11:59:52.341 7 INFO neutron.db.ovn_revision_numbers_db [None req-83b99524-938c-472e-aa5c-dcc578524a4f - - - - - -] Successfully bumped revision number for resource 4fdfbeae-5956-4707-bee7-5c95c4cea853 (type: subnets) to 0 [pid: 7|app: 0|req: 818/1489] 10.0.0.153 () {34 vars in 669 bytes} [Mon May 11 11:59:51 2026] POST /v2.0/subnets => generated 688 bytes in 735 msecs (HTTP/1.1 201) 4 headers in 162 bytes (1 switches on core 0)
2026-05-11 11:59:52.480 7 INFO neutron_taas.services.taas.taas_plugin [None req-31bdfafa-e490-4ad3-9191-c0484422ca59 3a5ad4be8f2848cc941e9a9ab850d8a1 8cb9d32f272644e7994e74809e668f4f - - default default] TaaS: Handle Delete Port: 784495e5-c764-46a3-a508-8d9014f1d355
2026-05-11 11:59:52.483 7 INFO neutron_taas.services.taas.tap_mirror_plugin [None req-31bdfafa-e490-4ad3-9191-c0484422ca59 3a5ad4be8f2848cc941e9a9ab850d8a1 8cb9d32f272644e7994e74809e668f4f - - default default] Tap Mirror: Handle Delete Port: 784495e5-c764-46a3-a508-8d9014f1d355
2026-05-11 11:59:52.490 8 INFO neutron_taas.services.taas.taas_plugin [None req-417f8f96-4f18-4059-9420-3d1abd77233f 7276d8a5269c4a0da387f1ebf408778e 66042dc3366e46648ecde7a7b27281b1 - - default default] TaaS: Handle Delete Port: a8751e2f-7e2e-4915-a067-978cda611bed
2026-05-11 11:59:52.493 8 INFO neutron_taas.services.taas.tap_mirror_plugin [None req-417f8f96-4f18-4059-9420-3d1abd77233f 7276d8a5269c4a0da387f1ebf408778e 66042dc3366e46648ecde7a7b27281b1 - - default default] Tap Mirror: Handle Delete Port: a8751e2f-7e2e-4915-a067-978cda611bed
2026-05-11 11:59:52.681 7 INFO neutron.services.segments.plugin [-] Segment 21711c50-c131-42f1-8ed6-4309eb73fd60 resource provider aggregate not found
2026-05-11 11:59:52.690 7 INFO neutron.services.segments.plugin [-] Segment 21711c50-c131-42f1-8ed6-4309eb73fd60 resource provider aggregate not found
2026-05-11 11:59:52.710 7 INFO neutron.services.segments.plugin [-] Segment 21711c50-c131-42f1-8ed6-4309eb73fd60 resource provider not found; error: Placement Client Error (4xx): {"errors": [{"status": 404, "title": "Not Found", "detail": "The resource could not be found.\n\n No resource provider with uuid 21711c50-c131-42f1-8ed6-4309eb73fd60 found for delete ", "request_id": "req-f6b71c3b-60e0-4384-a2ff-7b87630159af"}]}
2026-05-11 11:59:52.714 7 INFO neutron.services.segments.plugin [-] Segment 21711c50-c131-42f1-8ed6-4309eb73fd60 resource provider not found; error: Placement Client Error (4xx): {"errors": [{"status": 404, "title": "Not Found", "detail": "The resource could not be found.\n\n No resource provider with uuid 21711c50-c131-42f1-8ed6-4309eb73fd60 found for delete ", "request_id": "req-3375b37a-650d-442b-87b1-abcf9f2ddc92"}]} [pid: 8|app: 0|req: 672/1490] 10.0.0.153 () {32 vars in 720 bytes} [Mon May 11 11:59:52 2026] DELETE /v2.0/ports/a8751e2f-7e2e-4915-a067-978cda611bed => generated 0 bytes in 419 msecs (HTTP/1.1 204) 3 headers in 131 bytes (1 switches on core 0) [pid: 7|app: 0|req: 819/1491] 10.0.0.153 () {32 vars in 726 bytes} [Mon May 11 11:59:52 2026] DELETE /v2.0/networks/9c62fac1-c065-4d22-9201-c3b8637273d3 => generated 0 bytes in 446 msecs (HTTP/1.1 204) 3 headers in 131 bytes (1 switches on core 0)
2026-05-11 11:59:52.819 7 INFO neutron.pecan_wsgi.hooks.translation [None req-d7afb386-3d1c-4170-b30c-c8ec0acb657d 7276d8a5269c4a0da387f1ebf408778e 66042dc3366e46648ecde7a7b27281b1 - - default default] DELETE failed (client error): The resource could not be found. [pid: 7|app: 0|req: 820/1492] 10.0.0.153 () {32 vars in 720 bytes} [Mon May 11 11:59:52 2026] DELETE /v2.0/ports/a8751e2f-7e2e-4915-a067-978cda611bed => generated 132 bytes in 17 msecs (HTTP/1.1 404) 4 headers in 164 bytes (1 switches on core 0)
2026-05-11 11:59:52.906 7 INFO neutron.db.segments_db [None req-fe9edd77-70b5-4fe9-931d-32a2072ce8ae 3a5ad4be8f2848cc941e9a9ab850d8a1 8cb9d32f272644e7994e74809e668f4f - - default default] Added segment 88b669a1-a551-4e7f-8610-6a67a359740c of type geneve for network 61004faf-8a69-41bd-af8f-c0d0232a5b78
2026-05-11 11:59:53.025 7 INFO neutron.db.ovn_revision_numbers_db [None req-fe9edd77-70b5-4fe9-931d-32a2072ce8ae 3a5ad4be8f2848cc941e9a9ab850d8a1 8cb9d32f272644e7994e74809e668f4f - - default default] Successfully bumped revision number for resource 61004faf-8a69-41bd-af8f-c0d0232a5b78 (type: networks) to 1
2026-05-11 11:59:53.186 8 WARNING neutron.scheduler.dhcp_agent_scheduler [None req-dc727008-b0f1-480e-b0a2-2ac2cb9b8a19 1c5f27f41e98462ebe38c518d51877f8 21562add628944e88d162b6705802179 - - default default] No more DHCP agents
2026-05-11 11:59:53.187 8 WARNING neutron.api.rpc.agentnotifiers.dhcp_rpc_agent_api [None req-dc727008-b0f1-480e-b0a2-2ac2cb9b8a19 1c5f27f41e98462ebe38c518d51877f8 21562add628944e88d162b6705802179 - - default default] Unable to schedule network 06ba0b3e-0e8c-4db3-b2ba-c38b479047a1: no agents available; will retry on subsequent port and subnet creation events.
2026-05-11 11:59:53.212 7 WARNING neutron.scheduler.dhcp_agent_scheduler [None req-fe9edd77-70b5-4fe9-931d-32a2072ce8ae 3a5ad4be8f2848cc941e9a9ab850d8a1 8cb9d32f272644e7994e74809e668f4f - - default default] No more DHCP agents
2026-05-11 11:59:53.214 7 WARNING neutron.api.rpc.agentnotifiers.dhcp_rpc_agent_api [None req-fe9edd77-70b5-4fe9-931d-32a2072ce8ae 3a5ad4be8f2848cc941e9a9ab850d8a1 8cb9d32f272644e7994e74809e668f4f - - default default] Unable to schedule network 61004faf-8a69-41bd-af8f-c0d0232a5b78: no agents available; will retry on subsequent port and subnet creation events.
2026-05-11 11:59:53.346 7 INFO neutron.db.ovn_revision_numbers_db [None req-fe9edd77-70b5-4fe9-931d-32a2072ce8ae 3a5ad4be8f2848cc941e9a9ab850d8a1 8cb9d32f272644e7994e74809e668f4f - - default default] Successfully bumped revision number for resource 86ed1605-9a9a-4403-8fe0-5bc72995f8f4 (type: ports) to 1 [pid: 7|app: 0|req: 821/1493] 10.0.0.153 () {34 vars in 670 bytes} [Mon May 11 11:59:52 2026] POST /v2.0/networks => generated 636 bytes in 566 msecs (HTTP/1.1 201) 4 headers in 162 bytes (1 switches on core 0)
2026-05-11 11:59:53.413 8 INFO neutron.db.ovn_revision_numbers_db [None req-dc727008-b0f1-480e-b0a2-2ac2cb9b8a19 1c5f27f41e98462ebe38c518d51877f8 21562add628944e88d162b6705802179 - - default default] Successfully bumped revision number for resource d3017863-e12f-4436-9246-2ea3776654bf (type: ports) to 1
2026-05-11 11:59:53.417 7 INFO neutron.pecan_wsgi.hooks.translation [None req-7763509e-50a3-4ee2-87a9-1a9757b8c074 7276d8a5269c4a0da387f1ebf408778e 66042dc3366e46648ecde7a7b27281b1 - - default default] GET failed (client error): The resource could not be found. [pid: 7|app: 0|req: 822/1494] 10.0.0.153 () {32 vars in 717 bytes} [Mon May 11 11:59:53 2026] GET /v2.0/ports/a8751e2f-7e2e-4915-a067-978cda611bed => generated 132 bytes in 31 msecs (HTTP/1.1 404) 4 headers in 164 bytes (1 switches on core 0) [pid: 7|app: 0|req: 823/1495] 10.0.0.120 () {34 vars in 990 bytes} [Mon May 11 11:59:53 2026] GET /v2.0/ports?device_id=8df91457-6194-425c-9355-c987479090d2 => generated 971 bytes in 82 msecs (HTTP/1.1 200) 4 headers in 157 bytes (1 switches on core 0)
2026-05-11 11:59:53.690 7 WARNING neutron.scheduler.dhcp_agent_scheduler [None req-75f5b2a6-0da7-485e-8b48-ffc19b832ee8 3a5ad4be8f2848cc941e9a9ab850d8a1 8cb9d32f272644e7994e74809e668f4f - - default default] No more DHCP agents
2026-05-11 11:59:53.691 7 WARNING neutron.api.rpc.agentnotifiers.dhcp_rpc_agent_api [None req-75f5b2a6-0da7-485e-8b48-ffc19b832ee8 3a5ad4be8f2848cc941e9a9ab850d8a1 8cb9d32f272644e7994e74809e668f4f - - default default] Unable to schedule network 61004faf-8a69-41bd-af8f-c0d0232a5b78: no agents available; will retry on subsequent port and subnet creation events.
2026-05-11 11:59:53.738 7 INFO neutron.db.ovn_revision_numbers_db [None req-75f5b2a6-0da7-485e-8b48-ffc19b832ee8 3a5ad4be8f2848cc941e9a9ab850d8a1 8cb9d32f272644e7994e74809e668f4f - - default default] Successfully bumped revision number for resource a4741521-d404-4816-b677-fbb5327a3c36 (type: subnets) to 0 [pid: 7|app: 0|req: 824/1496] 10.0.0.153 () {34 vars in 669 bytes} [Mon May 11 11:59:53 2026] POST /v2.0/subnets => generated 646 bytes in 251 msecs (HTTP/1.1 201) 4 headers in 162 bytes (1 switches on core 0) [pid: 7|app: 0|req: 825/1497] 10.0.0.153 () {32 vars in 724 bytes} [Mon May 11 11:59:53 2026] DELETE /v2.0/subnets/70b5a8dd-5a4f-46f8-8eca-0ce276dd7f3c => generated 0 bytes in 199 msecs (HTTP/1.1 204) 3 headers in 131 bytes (1 switches on core 0) [pid: 7|app: 0|req: 826/1498] 10.0.0.120 () {34 vars in 1040 bytes} [Mon May 11 11:59:53 2026] GET /v2.0/security-groups?id=72ea473e-f4d2-49c8-ba0a-f0faa00a4807&fields=id&fields=name => generated 113 bytes in 35 msecs (HTTP/1.1 200) 4 headers in 157 bytes (1 switches on core 0)
2026-05-11 11:59:54.045 8 INFO neutron.plugins.ml2.drivers.ovn.mech_driver.ovsdb.commands [None req-fa71e73c-64b9-4b5c-91bb-6d48808b70a6 - - - - - -] Schedule LRP lrp-d3017863-e12f-4436-9246-2ea3776654bf on gateway bad81df1-0deb-4336-a461-2a03f19a5382 with priority 1
2026-05-11 11:59:54.160 8 INFO neutron.plugins.ml2.drivers.ovn.mech_driver.ovsdb.ovsdb_monitor [None req-762ed7e0-7f82-469e-a810-67e647ec6cc5 - - - - - -] Router 8f89ea52-c0e8-46c5-8780-a0364294ecbf is bound to host instance
2026-05-11 11:59:54.257 8 INFO neutron.db.ovn_revision_numbers_db [None req-dc727008-b0f1-480e-b0a2-2ac2cb9b8a19 1c5f27f41e98462ebe38c518d51877f8 21562add628944e88d162b6705802179 - - default default] Successfully bumped revision number for resource d3017863-e12f-4436-9246-2ea3776654bf (type: router_ports) to 1
2026-05-11 11:59:54.419 8 INFO neutron.db.ovn_revision_numbers_db [None req-dc727008-b0f1-480e-b0a2-2ac2cb9b8a19 1c5f27f41e98462ebe38c518d51877f8 21562add628944e88d162b6705802179 - - default default] Successfully bumped revision number for resource 8f89ea52-c0e8-46c5-8780-a0364294ecbf (type: routers) to 2
2026-05-11 11:59:54.421 7 WARNING neutron.scheduler.dhcp_agent_scheduler [None req-d3c73a3d-16f6-49f0-b374-f3f67f4f0822 3a5ad4be8f2848cc941e9a9ab850d8a1 8cb9d32f272644e7994e74809e668f4f - - default default] No more DHCP agents
2026-05-11 11:59:54.422 7 WARNING neutron.api.rpc.agentnotifiers.dhcp_rpc_agent_api [None req-d3c73a3d-16f6-49f0-b374-f3f67f4f0822 3a5ad4be8f2848cc941e9a9ab850d8a1 8cb9d32f272644e7994e74809e668f4f - - default default] Unable to schedule network 61004faf-8a69-41bd-af8f-c0d0232a5b78: no agents available; will retry on subsequent port and subnet creation events. [pid: 8|app: 0|req: 673/1499] 10.0.0.153 () {34 vars in 669 bytes} [Mon May 11 11:59:52 2026] POST /v2.0/routers => generated 966 bytes in 1708 msecs (HTTP/1.1 201) 4 headers in 162 bytes (1 switches on core 0)
2026-05-11 11:59:54.565 7 INFO neutron.db.ovn_revision_numbers_db [None req-d3c73a3d-16f6-49f0-b374-f3f67f4f0822 3a5ad4be8f2848cc941e9a9ab850d8a1 8cb9d32f272644e7994e74809e668f4f - - default default] Successfully bumped revision number for resource e4912432-bb33-46b7-afc2-d3c841e735bb (type: ports) to 1 [pid: 7|app: 0|req: 827/1500] 10.0.0.153 () {34 vars in 665 bytes} [Mon May 11 11:59:53 2026] POST /v2.0/ports => generated 927 bytes in 601 msecs (HTTP/1.1 201) 4 headers in 162 bytes (1 switches on core 0) [pid: 7|app: 0|req: 828/1501] 10.0.0.120 () {34 vars in 990 bytes} [Mon May 11 11:59:54 2026] GET /v2.0/ports?device_id=8df91457-6194-425c-9355-c987479090d2 => generated 971 bytes in 38 msecs (HTTP/1.1 200) 4 headers in 157 bytes (1 switches on core 0)
2026-05-11 11:59:54.724 8 WARNING neutron.plugins.ml2.drivers.ovn.mech_driver.ovsdb.ovn_client [None req-1cefc17c-43ee-4756-af51-beebfca0fba9 - - - - - -] No hosting information found for port 7ba3bd4c-d241-4265-83d6-86812e88e80c: RuntimeError: No hosting information found for port 7ba3bd4c-d241-4265-83d6-86812e88e80c
2026-05-11 11:59:54.725 8 INFO neutron.plugins.ml2.drivers.ovn.mech_driver.mech_driver [None req-1cefc17c-43ee-4756-af51-beebfca0fba9 - - - - - -] OVN reports status down for port: 0ac64de9-bcf5-4daf-a2c4-274ca6d19a9f
2026-05-11 11:59:55.046 7 WARNING neutron.scheduler.dhcp_agent_scheduler [None req-20096cf4-dde7-47f0-bc81-f557eabe4f92 1c5f27f41e98462ebe38c518d51877f8 21562add628944e88d162b6705802179 - - default default] No more DHCP agents
2026-05-11 11:59:55.047 7 WARNING neutron.api.rpc.agentnotifiers.dhcp_rpc_agent_api [None req-20096cf4-dde7-47f0-bc81-f557eabe4f92 1c5f27f41e98462ebe38c518d51877f8 21562add628944e88d162b6705802179 - - default default] Unable to schedule network 0d8d37b5-f00f-4829-bdcd-e46ac8d41133: no agents available; will retry on subsequent port and subnet creation events.
2026-05-11 11:59:55.211 7 INFO neutron.db.ovn_revision_numbers_db [None req-20096cf4-dde7-47f0-bc81-f557eabe4f92 1c5f27f41e98462ebe38c518d51877f8 21562add628944e88d162b6705802179 - - default default] Successfully bumped revision number for resource d1031877-09dc-4856-b904-3ed2e2f15d97 (type: ports) to 1
2026-05-11 11:59:55.469 8 INFO neutron.plugins.ml2.drivers.ovn.mech_driver.mech_driver [None req-1cefc17c-43ee-4756-af51-beebfca0fba9 - - - - - -] OVN reports status down for port: 784495e5-c764-46a3-a508-8d9014f1d355
2026-05-11 11:59:55.471 8 INFO neutron_taas.services.taas.taas_plugin [None req-1bef0862-28c3-419f-b76b-1f19bc192cc8 7276d8a5269c4a0da387f1ebf408778e 66042dc3366e46648ecde7a7b27281b1 - - default default] TaaS: Handle Delete Port: b8c70e98-968f-4add-a974-3fd86c0645d4
2026-05-11 11:59:55.481 8 INFO neutron_taas.services.taas.tap_mirror_plugin [None req-1bef0862-28c3-419f-b76b-1f19bc192cc8 7276d8a5269c4a0da387f1ebf408778e 66042dc3366e46648ecde7a7b27281b1 - - default default] Tap Mirror: Handle Delete Port: b8c70e98-968f-4add-a974-3fd86c0645d4
2026-05-11 11:59:55.783 8 INFO neutron.db.ovn_revision_numbers_db [None req-1cefc17c-43ee-4756-af51-beebfca0fba9 - - - - - -] Successfully bumped revision number for resource 7ba3bd4c-d241-4265-83d6-86812e88e80c (type: router_ports) to 2
2026-05-11 11:59:55.785 8 INFO neutron.plugins.ml2.drivers.ovn.mech_driver.mech_driver [None req-1cefc17c-43ee-4756-af51-beebfca0fba9 - - - - - -] OVN reports status down for port: 5c8ef697-b779-4441-bc60-c801df4e4f94
2026-05-11 11:59:55.919 7 WARNING neutron.scheduler.dhcp_agent_scheduler [None req-20096cf4-dde7-47f0-bc81-f557eabe4f92 1c5f27f41e98462ebe38c518d51877f8 21562add628944e88d162b6705802179 - - default default] No more DHCP agents
2026-05-11 11:59:55.921 7 WARNING neutron.api.rpc.agentnotifiers.dhcp_rpc_agent_api [None req-20096cf4-dde7-47f0-bc81-f557eabe4f92 1c5f27f41e98462ebe38c518d51877f8 21562add628944e88d162b6705802179 - - default default] Unable to schedule network 0d8d37b5-f00f-4829-bdcd-e46ac8d41133: no agents available; will retry on subsequent port and subnet creation events.
2026-05-11 11:59:56.101 8 INFO neutron.services.segments.plugin [-] Segment d5f2cd05-022c-455e-9d45-e3647806467a resource provider aggregate not found
2026-05-11 11:59:56.118 8 INFO neutron.services.segments.plugin [-] Segment d5f2cd05-022c-455e-9d45-e3647806467a resource provider aggregate not found
2026-05-11 11:59:56.146 8 INFO neutron.services.segments.plugin [-] Segment d5f2cd05-022c-455e-9d45-e3647806467a resource provider not found; error: Placement Client Error (4xx): {"errors": [{"status": 404, "title": "Not Found", "detail": "The resource could not be found.\n\n No resource provider with uuid d5f2cd05-022c-455e-9d45-e3647806467a found for delete ", "request_id": "req-cba5f721-d5c1-4ccf-af37-db44f41f9359"}]}
2026-05-11 11:59:56.148 8 INFO neutron.services.segments.plugin [-] Segment d5f2cd05-022c-455e-9d45-e3647806467a resource provider not found; error: Placement Client Error (4xx): {"errors": [{"status": 404, "title": "Not Found", "detail": "The resource could not be found.\n\n No resource provider with uuid d5f2cd05-022c-455e-9d45-e3647806467a found for delete ", "request_id": "req-053c3617-876e-49ca-b55f-6a82fbbecad2"}]}
2026-05-11 11:59:56.174 8 INFO neutron.plugins.ml2.drivers.ovn.mech_driver.mech_driver [None req-1cefc17c-43ee-4756-af51-beebfca0fba9 - - - - - -] OVN reports status down for port: 5f10bdb8-1e43-4211-a2d4-13e7a79a2a45
2026-05-11 11:59:56.195 8 INFO neutron.plugins.ml2.drivers.ovn.mech_driver.mech_driver [None req-1cefc17c-43ee-4756-af51-beebfca0fba9 - - - - - -] OVN reports status down for port: b8c70e98-968f-4add-a974-3fd86c0645d4
2026-05-11 11:59:56.242 8 INFO neutron.plugins.ml2.drivers.ovn.mech_driver.mech_driver [None req-1cefc17c-43ee-4756-af51-beebfca0fba9 - - - - - -] OVN reports status down for port: 4b90e77b-f26b-401b-adff-9e7a3bb19d52 [pid: 8|app: 0|req: 674/1502] 10.0.0.153 () {32 vars in 726 bytes} [Mon May 11 11:59:54 2026] DELETE /v2.0/networks/a173043f-8fe7-413b-a126-1f6926121441 => generated 0 bytes in 1874 msecs (HTTP/1.1 204) 3 headers in 131 bytes (1 switches on core 0)
2026-05-11 11:59:56.442 7 INFO neutron.db.ovn_revision_numbers_db [None req-20096cf4-dde7-47f0-bc81-f557eabe4f92 1c5f27f41e98462ebe38c518d51877f8 21562add628944e88d162b6705802179 - - default default] Successfully bumped revision number for resource d1031877-09dc-4856-b904-3ed2e2f15d97 (type: router_ports) to 1 [pid: 7|app: 0|req: 829/1503] 10.0.0.153 () {34 vars in 783 bytes} [Mon May 11 11:59:54 2026] PUT /v2.0/routers/8f89ea52-c0e8-46c5-8780-a0364294ecbf/add_router_interface => generated 309 bytes in 1817 msecs (HTTP/1.1 200) 4 headers in 157 bytes (1 switches on core 0) [pid: 7|app: 0|req: 830/1504] 10.0.0.120 () {34 vars in 1040 bytes} [Mon May 11 11:59:56 2026] GET /v2.0/security-groups?id=72ea473e-f4d2-49c8-ba0a-f0faa00a4807&fields=id&fields=name => generated 113 bytes in 30 msecs (HTTP/1.1 200) 4 headers in 157 bytes (1 switches on core 0)
2026-05-11 11:59:56.565 7 INFO neutron.db.segments_db [None req-e0aab2c4-cff4-4c07-a01e-71882782cd45 7276d8a5269c4a0da387f1ebf408778e 66042dc3366e46648ecde7a7b27281b1 - - default default] Added segment 06aebbe4-27d1-48fd-b7db-0ba2b2afa767 of type geneve for network db43bc1b-96b3-4933-bd81-1474dd00ab03
2026-05-11 11:59:56.584 8 INFO neutron.plugins.ml2.drivers.ovn.mech_driver.mech_driver [None req-1cefc17c-43ee-4756-af51-beebfca0fba9 - - - - - -] OVN reports status down for port: a8751e2f-7e2e-4915-a067-978cda611bed
2026-05-11 11:59:56.609 8 INFO neutron.plugins.ml2.drivers.ovn.mech_driver.mech_driver [None req-1cefc17c-43ee-4756-af51-beebfca0fba9 - - - - - -] OVN reports status down for port: 86ed1605-9a9a-4403-8fe0-5bc72995f8f4
2026-05-11 11:59:56.717 7 INFO neutron.db.ovn_revision_numbers_db [None req-e0aab2c4-cff4-4c07-a01e-71882782cd45 7276d8a5269c4a0da387f1ebf408778e 66042dc3366e46648ecde7a7b27281b1 - - default default] Successfully bumped revision number for resource db43bc1b-96b3-4933-bd81-1474dd00ab03 (type: networks) to 1
2026-05-11 11:59:56.832 8 INFO neutron.plugins.ml2.drivers.ovn.mech_driver.mech_driver [None req-1cefc17c-43ee-4756-af51-beebfca0fba9 - - - - - -] OVN reports status down for port: d3017863-e12f-4436-9246-2ea3776654bf
2026-05-11 11:59:56.896 7 WARNING neutron.scheduler.dhcp_agent_scheduler [None req-e0aab2c4-cff4-4c07-a01e-71882782cd45 7276d8a5269c4a0da387f1ebf408778e 66042dc3366e46648ecde7a7b27281b1 - - default default] No more DHCP agents
2026-05-11 11:59:56.897 7 WARNING neutron.api.rpc.agentnotifiers.dhcp_rpc_agent_api [None req-e0aab2c4-cff4-4c07-a01e-71882782cd45 7276d8a5269c4a0da387f1ebf408778e 66042dc3366e46648ecde7a7b27281b1 - - default default] Unable to schedule network db43bc1b-96b3-4933-bd81-1474dd00ab03: no agents available; will retry on subsequent port and subnet creation events.
2026-05-11 11:59:57.011 7 INFO neutron.db.ovn_revision_numbers_db [None req-e0aab2c4-cff4-4c07-a01e-71882782cd45 7276d8a5269c4a0da387f1ebf408778e 66042dc3366e46648ecde7a7b27281b1 - - default default] Successfully bumped revision number for resource b2d482cc-67e7-4a12-b892-2f37d03b3e03 (type: ports) to 1 [pid: 7|app: 0|req: 831/1505] 10.0.0.153 () {34 vars in 670 bytes} [Mon May 11 11:59:56 2026] POST /v2.0/networks => generated 630 bytes in 559 msecs (HTTP/1.1 201) 4 headers in 162 bytes (1 switches on core 0) [pid: 7|app: 0|req: 832/1506] 199.19.213.30 () {34 vars in 993 bytes} [Mon May 11 11:59:57 2026] GET /v2.0/ports?device_id=8df91457-6194-425c-9355-c987479090d2 => generated 971 bytes in 36 msecs (HTTP/1.1 200) 4 headers in 157 bytes (1 switches on core 0)
2026-05-11 11:59:57.077 8 WARNING neutron.plugins.ml2.drivers.ovn.mech_driver.ovsdb.ovn_client [None req-1cefc17c-43ee-4756-af51-beebfca0fba9 - - - - - -] Logical_Switch_Port d3017863-e12f-4436-9246-2ea3776654bf host information not removed, the port state is up
2026-05-11 11:59:57.078 8 INFO neutron.plugins.ml2.drivers.ovn.mech_driver.mech_driver [None req-1cefc17c-43ee-4756-af51-beebfca0fba9 - - - - - -] OVN reports status up for port: d3017863-e12f-4436-9246-2ea3776654bf
2026-05-11 11:59:57.112 8 INFO neutron_taas.services.taas.taas_plugin [None req-831b30f1-afde-4c06-9974-aa8384320134 3a5ad4be8f2848cc941e9a9ab850d8a1 8cb9d32f272644e7994e74809e668f4f - - default default] TaaS: Handle Delete Port: e4912432-bb33-46b7-afc2-d3c841e735bb
2026-05-11 11:59:57.116 8 INFO neutron.plugins.ml2.plugin [None req-1cefc17c-43ee-4756-af51-beebfca0fba9 - - - - - -] Attempt 1 to provision port d3017863-e12f-4436-9246-2ea3776654bf
2026-05-11 11:59:57.126 8 INFO neutron_taas.services.taas.tap_mirror_plugin [None req-831b30f1-afde-4c06-9974-aa8384320134 3a5ad4be8f2848cc941e9a9ab850d8a1 8cb9d32f272644e7994e74809e668f4f - - default default] Tap Mirror: Handle Delete Port: e4912432-bb33-46b7-afc2-d3c841e735bb
2026-05-11 11:59:57.214 8 INFO neutron.db.ovn_revision_numbers_db [None req-3ec540ce-6064-498d-a840-a0ec7fe3b130 - - - - - -] Successfully bumped revision number for resource d3017863-e12f-4436-9246-2ea3776654bf (type: ports) to 4
2026-05-11 11:59:57.291 7 WARNING neutron.scheduler.dhcp_agent_scheduler [None req-be987e4f-ed66-493d-b747-be929ccb1184 7276d8a5269c4a0da387f1ebf408778e 66042dc3366e46648ecde7a7b27281b1 - - default default] No more DHCP agents
2026-05-11 11:59:57.293 7 WARNING neutron.api.rpc.agentnotifiers.dhcp_rpc_agent_api [None req-be987e4f-ed66-493d-b747-be929ccb1184 7276d8a5269c4a0da387f1ebf408778e 66042dc3366e46648ecde7a7b27281b1 - - default default] Unable to schedule network db43bc1b-96b3-4933-bd81-1474dd00ab03: no agents available; will retry on subsequent port and subnet creation events. [pid: 8|app: 0|req: 675/1507] 10.0.0.153 () {32 vars in 720 bytes} [Mon May 11 11:59:56 2026] DELETE /v2.0/ports/e4912432-bb33-46b7-afc2-d3c841e735bb => generated 0 bytes in 1278 msecs (HTTP/1.1 204) 3 headers in 131 bytes (1 switches on core 0)
2026-05-11 11:59:57.789 7 INFO neutron.db.ovn_revision_numbers_db [None req-3f4c01fe-ccdd-41be-a544-de53e1eb37e6 - - - - - -] Successfully bumped revision number for resource b2d482cc-67e7-4a12-b892-2f37d03b3e03 (type: ports) to 2
2026-05-11 11:59:57.819 7 INFO neutron.db.ovn_revision_numbers_db [None req-3f4c01fe-ccdd-41be-a544-de53e1eb37e6 - - - - - -] Successfully bumped revision number for resource cfc4137a-f49c-4493-8a90-07dfc7718fe2 (type: subnets) to 0 [pid: 7|app: 0|req: 833/1508] 10.0.0.153 () {34 vars in 669 bytes} [Mon May 11 11:59:57 2026] POST /v2.0/subnets => generated 626 bytes in 765 msecs (HTTP/1.1 201) 4 headers in 162 bytes (1 switches on core 0)
2026-05-11 11:59:58.021 7 INFO neutron.db.ovn_revision_numbers_db [None req-eaf89eb1-54c6-4ef6-b213-a1012686a619 7bc1384aa2b349a498c90050adac1a9f 117114625fea4f52a911a1c99cd0d339 - - default default] Successfully bumped revision number for resource 1916c8cf-647f-43ea-a923-39ab4199bcd5 (type: security_groups) to 1
2026-05-11 11:59:58.031 7 INFO neutron.db.ovn_revision_numbers_db [None req-eaf89eb1-54c6-4ef6-b213-a1012686a619 7bc1384aa2b349a498c90050adac1a9f 117114625fea4f52a911a1c99cd0d339 - - default default] Successfully bumped revision number for resource 2405a98d-9cb1-4039-96ac-8b6119fa6602 (type: security_group_rules) to 0
2026-05-11 11:59:58.037 8 INFO neutron_taas.services.taas.taas_plugin [req-d5183e82-cf9b-4ece-a316-75f2833c4182 req-06fd7a9e-dae1-4299-b4d9-6748f3c1458c d34716d4135a448f8c2b4ef5d0542485 6696152084b746b7b69c89ccf47835e1 - - default default] TaaS: Handle Delete Port: b1c1b2c6-d2f4-4d37-aef3-e1d220470eb6
2026-05-11 11:59:58.042 8 INFO neutron_taas.services.taas.tap_mirror_plugin [req-d5183e82-cf9b-4ece-a316-75f2833c4182 req-06fd7a9e-dae1-4299-b4d9-6748f3c1458c d34716d4135a448f8c2b4ef5d0542485 6696152084b746b7b69c89ccf47835e1 - - default default] Tap Mirror: Handle Delete Port: b1c1b2c6-d2f4-4d37-aef3-e1d220470eb6
2026-05-11 11:59:58.042 7 INFO neutron.db.ovn_revision_numbers_db [None req-eaf89eb1-54c6-4ef6-b213-a1012686a619 7bc1384aa2b349a498c90050adac1a9f 117114625fea4f52a911a1c99cd0d339 - - default default] Successfully bumped revision number for resource 3bd05667-4bf4-4aef-bdce-aaf8abd5d27f (type: security_group_rules) to 0
2026-05-11 11:59:58.070 8 INFO neutron.db.ovn_revision_numbers_db [None req-1cefc17c-43ee-4756-af51-beebfca0fba9 - - - - - -] Successfully bumped revision number for resource d3017863-e12f-4436-9246-2ea3776654bf (type: ports) to 5 [pid: 7|app: 0|req: 834/1509] 10.0.0.153 () {34 vars in 685 bytes} [Mon May 11 11:59:57 2026] POST /v2.0/security-groups => generated 1675 bytes in 241 msecs (HTTP/1.1 201) 4 headers in 163 bytes (1 switches on core 0) [pid: 7|app: 0|req: 835/1510] 10.0.0.120 () {34 vars in 990 bytes} [Mon May 11 11:59:58 2026] GET /v2.0/ports?device_id=8df91457-6194-425c-9355-c987479090d2 => generated 971 bytes in 36 msecs (HTTP/1.1 200) 4 headers in 157 bytes (1 switches on core 0)
2026-05-11 11:59:58.134 7 INFO neutron.pecan_wsgi.hooks.translation [None req-5e525acf-264c-4449-a285-20a7c1cfefc7 3a5ad4be8f2848cc941e9a9ab850d8a1 8cb9d32f272644e7994e74809e668f4f - - default default] GET failed (client error): The resource could not be found. [pid: 7|app: 0|req: 836/1511] 10.0.0.153 () {32 vars in 717 bytes} [Mon May 11 11:59:58 2026] GET /v2.0/ports/e4912432-bb33-46b7-afc2-d3c841e735bb => generated 132 bytes in 16 msecs (HTTP/1.1 404) 4 headers in 164 bytes (1 switches on core 0)
2026-05-11 11:59:58.319 8 INFO neutron.plugins.ml2.drivers.ovn.mech_driver.mech_driver [None req-8d81792c-06a8-45d7-8c6f-910c6a681ef7 - - - - - -] OVN reports status down for port: e4912432-bb33-46b7-afc2-d3c841e735bb
2026-05-11 11:59:58.361 8 INFO neutron.plugins.ml2.drivers.ovn.mech_driver.mech_driver [None req-8d81792c-06a8-45d7-8c6f-910c6a681ef7 - - - - - -] OVN reports status down for port: d1031877-09dc-4856-b904-3ed2e2f15d97
2026-05-11 11:59:58.388 8 INFO neutron.db.l3_db [req-d5183e82-cf9b-4ece-a316-75f2833c4182 req-06fd7a9e-dae1-4299-b4d9-6748f3c1458c d34716d4135a448f8c2b4ef5d0542485 6696152084b746b7b69c89ccf47835e1 - - default default] Floating IP 3d9f07fc-1076-401e-86ea-757ba251246e disassociated. External IP: 10.96.250.209, port: b1c1b2c6-d2f4-4d37-aef3-e1d220470eb6.
2026-05-11 11:59:58.414 7 WARNING neutron.scheduler.dhcp_agent_scheduler [None req-b83d6d0b-0637-4aef-bd09-550dcb0eda1d 7276d8a5269c4a0da387f1ebf408778e 66042dc3366e46648ecde7a7b27281b1 - - default default] No more DHCP agents
2026-05-11 11:59:58.416 7 WARNING neutron.api.rpc.agentnotifiers.dhcp_rpc_agent_api [None req-b83d6d0b-0637-4aef-bd09-550dcb0eda1d 7276d8a5269c4a0da387f1ebf408778e 66042dc3366e46648ecde7a7b27281b1 - - default default] Unable to schedule network db43bc1b-96b3-4933-bd81-1474dd00ab03: no agents available; will retry on subsequent port and subnet creation events.
2026-05-11 11:59:58.486 8 WARNING neutron.plugins.ml2.drivers.ovn.mech_driver.ovsdb.ovn_client [None req-8d81792c-06a8-45d7-8c6f-910c6a681ef7 - - - - - -] Logical_Switch_Port d1031877-09dc-4856-b904-3ed2e2f15d97 host information not removed, the port state is up
2026-05-11 11:59:58.486 8 INFO neutron.plugins.ml2.drivers.ovn.mech_driver.mech_driver [None req-8d81792c-06a8-45d7-8c6f-910c6a681ef7 - - - - - -] OVN reports status down for port: b1c1b2c6-d2f4-4d37-aef3-e1d220470eb6
2026-05-11 11:59:58.608 8 INFO neutron.plugins.ml2.drivers.ovn.mech_driver.mech_driver [None req-8d81792c-06a8-45d7-8c6f-910c6a681ef7 - - - - - -] OVN reports status up for port: d1031877-09dc-4856-b904-3ed2e2f15d97
2026-05-11 11:59:58.629 7 INFO neutron.db.ovn_revision_numbers_db [None req-b83d6d0b-0637-4aef-bd09-550dcb0eda1d 7276d8a5269c4a0da387f1ebf408778e 66042dc3366e46648ecde7a7b27281b1 - - default default] Successfully bumped revision number for resource 66909f14-f2dd-4ecb-a844-4684e4fc23f2 (type: ports) to 1 [pid: 7|app: 0|req: 837/1512] 10.0.0.153 () {34 vars in 665 bytes} [Mon May 11 11:59:58 2026] POST /v2.0/ports => generated 911 bytes in 521 msecs (HTTP/1.1 201) 4 headers in 162 bytes (1 switches on core 0)
2026-05-11 11:59:58.681 8 INFO neutron.plugins.ml2.plugin [None req-8d81792c-06a8-45d7-8c6f-910c6a681ef7 - - - - - -] Attempt 1 to provision port d1031877-09dc-4856-b904-3ed2e2f15d97 [pid: 8|app: 0|req: 676/1513] 199.19.213.30 () {36 vars in 996 bytes} [Mon May 11 11:59:57 2026] DELETE /v2.0/ports/b1c1b2c6-d2f4-4d37-aef3-e1d220470eb6 => generated 0 bytes in 1200 msecs (HTTP/1.1 204) 3 headers in 131 bytes (1 switches on core 0)
2026-05-11 11:59:58.841 8 INFO neutron.notifiers.nova [-] Nova event matching ['req-c4b30229-5f2b-46a6-9e72-31fb070db5a7'] response: {'server_uuid': '8df91457-6194-425c-9355-c987479090d2', 'name': 'network-vif-deleted', 'tag': 'b1c1b2c6-d2f4-4d37-aef3-e1d220470eb6', 'status': 'completed', 'code': 200}
2026-05-11 11:59:58.867 7 INFO neutron.db.ovn_revision_numbers_db [None req-c3bae37d-d59f-41c3-8826-de20313cecb1 7bc1384aa2b349a498c90050adac1a9f 117114625fea4f52a911a1c99cd0d339 - - default default] Successfully bumped revision number for resource c11d9f04-6e84-45ed-baba-a3ad9a759d45 (type: security_group_rules) to 0 [pid: 7|app: 0|req: 838/1514] 10.0.0.153 () {34 vars in 695 bytes} [Mon May 11 11:59:58 2026] POST /v2.0/security-group-rules => generated 597 bytes in 236 msecs (HTTP/1.1 201) 4 headers in 162 bytes (1 switches on core 0) [pid: 8|app: 0|req: 677/1515] 10.0.0.120 () {34 vars in 1040 bytes} [Mon May 11 11:59:58 2026] GET /v2.0/security-groups?id=72ea473e-f4d2-49c8-ba0a-f0faa00a4807&fields=id&fields=name => generated 113 bytes in 113 msecs (HTTP/1.1 200) 4 headers in 157 bytes (1 switches on core 0) [pid: 7|app: 0|req: 839/1516] 10.0.0.153 () {32 vars in 724 bytes} [Mon May 11 11:59:58 2026] DELETE /v2.0/subnets/a4741521-d404-4816-b677-fbb5327a3c36 => generated 0 bytes in 132 msecs (HTTP/1.1 204) 3 headers in 131 bytes (1 switches on core 0)
2026-05-11 11:59:59.170 7 INFO neutron.db.ovn_revision_numbers_db [None req-ba81be74-2e1d-46f1-ad41-1349e958f7b4 7bc1384aa2b349a498c90050adac1a9f 117114625fea4f52a911a1c99cd0d339 - - default default] Successfully bumped revision number for resource 2acd541a-d323-4aa9-ba9e-5cd783ad98c7 (type: security_group_rules) to 0 [pid: 7|app: 0|req: 842/1519] 10.0.0.153 () {34 vars in 695 bytes} [Mon May 11 11:59:59 2026] POST /v2.0/security-group-rules => generated 596 bytes in 174 msecs (HTTP/1.1 201) 4 headers in 162 bytes (1 switches on core 0)
2026-05-11 11:59:59.281 8 INFO neutron_taas.services.taas.taas_plugin [None req-3b1b8734-ad4b-4a4f-b513-ba80d231577d 7276d8a5269c4a0da387f1ebf408778e 66042dc3366e46648ecde7a7b27281b1 - - default default] TaaS: Handle Delete Port: 66909f14-f2dd-4ecb-a844-4684e4fc23f2
2026-05-11 11:59:59.290 8 INFO neutron_taas.services.taas.tap_mirror_plugin [None req-3b1b8734-ad4b-4a4f-b513-ba80d231577d 7276d8a5269c4a0da387f1ebf408778e 66042dc3366e46648ecde7a7b27281b1 - - default default] Tap Mirror: Handle Delete Port: 66909f14-f2dd-4ecb-a844-4684e4fc23f2
2026-05-11 11:59:59.325 7 INFO neutron_taas.services.taas.taas_plugin [None req-facb9c9c-adfc-4a88-8305-f44a28ccdd8c 3a5ad4be8f2848cc941e9a9ab850d8a1 8cb9d32f272644e7994e74809e668f4f - - default default] TaaS: Handle Delete Port: 86ed1605-9a9a-4403-8fe0-5bc72995f8f4
2026-05-11 11:59:59.328 7 INFO neutron_taas.services.taas.tap_mirror_plugin [None req-facb9c9c-adfc-4a88-8305-f44a28ccdd8c 3a5ad4be8f2848cc941e9a9ab850d8a1 8cb9d32f272644e7994e74809e668f4f - - default default] Tap Mirror: Handle Delete Port: 86ed1605-9a9a-4403-8fe0-5bc72995f8f4
2026-05-11 11:59:59.556 7 INFO neutron.services.segments.plugin [-] Segment 88b669a1-a551-4e7f-8610-6a67a359740c resource provider aggregate not found
2026-05-11 11:59:59.562 7 INFO neutron.services.segments.plugin [-] Segment 88b669a1-a551-4e7f-8610-6a67a359740c resource provider aggregate not found
2026-05-11 11:59:59.578 7 INFO neutron.services.segments.plugin [-] Segment 88b669a1-a551-4e7f-8610-6a67a359740c resource provider not found; error: Placement Client Error (4xx): {"errors": [{"status": 404, "title": "Not Found", "detail": "The resource could not be found.\n\n No resource provider with uuid 88b669a1-a551-4e7f-8610-6a67a359740c found for delete ", "request_id": "req-4a92a037-75a3-4152-b9aa-110d8c232539"}]}
2026-05-11 11:59:59.586 7 INFO neutron.services.segments.plugin [-] Segment 88b669a1-a551-4e7f-8610-6a67a359740c resource provider not found; error: Placement Client Error (4xx): {"errors": [{"status": 404, "title": "Not Found", "detail": "The resource could not be found.\n\n No resource provider with uuid 88b669a1-a551-4e7f-8610-6a67a359740c found for delete ", "request_id": "req-372712bd-1355-467e-ae57-ab3f18bd2f7d"}]} [pid: 7|app: 0|req: 843/1520] 10.0.0.153 () {32 vars in 726 bytes} [Mon May 11 11:59:59 2026] DELETE /v2.0/networks/61004faf-8a69-41bd-af8f-c0d0232a5b78 => generated 0 bytes in 409 msecs (HTTP/1.1 204) 3 headers in 131 bytes (1 switches on core 0)
2026-05-11 11:59:59.691 8 INFO neutron.db.ovn_revision_numbers_db [None req-8d81792c-06a8-45d7-8c6f-910c6a681ef7 - - - - - -] Successfully bumped revision number for resource d1031877-09dc-4856-b904-3ed2e2f15d97 (type: ports) to 2 [pid: 8|app: 0|req: 678/1521] 10.0.0.153 () {32 vars in 720 bytes} [Mon May 11 11:59:58 2026] DELETE /v2.0/ports/66909f14-f2dd-4ecb-a844-4684e4fc23f2 => generated 0 bytes in 827 msecs (HTTP/1.1 204) 3 headers in 131 bytes (1 switches on core 0)
2026-05-11 11:59:59.793 7 INFO neutron.db.ovn_revision_numbers_db [None req-38333c3b-2a54-465a-8288-cb37da96b722 7bc1384aa2b349a498c90050adac1a9f 117114625fea4f52a911a1c99cd0d339 - - default default] Successfully bumped revision number for resource 7d617800-d23a-46b7-a3f1-b1e872751963 (type: security_group_rules) to 0 [pid: 7|app: 0|req: 844/1522] 10.0.0.153 () {34 vars in 695 bytes} [Mon May 11 11:59:59 2026] POST /v2.0/security-group-rules => generated 602 bytes in 206 msecs (HTTP/1.1 201) 4 headers in 162 bytes (1 switches on core 0)
