2026-05-08 11:30:26.929 9 INFO neutron.db.ovn_revision_numbers_db [None req-a288f22b-dcef-4d80-96ca-fb342103465c - - - - - -] Successfully bumped revision number for resource 7410e282-7ed7-41ba-9a1d-2b3a1ab6545e (type: router_ports) to 2
2026-05-08 11:30:27.218 10 WARNING neutron.scheduler.dhcp_agent_scheduler [None req-bd812101-8ac8-4d0a-ab46-f8556f1b3008 df9a464203c148e3ab98e1883fd1e4dd 0e8355168b0549b5b8b30fc609a82f2d - - default default] No more DHCP agents
2026-05-08 11:30:27.226 10 WARNING neutron.api.rpc.agentnotifiers.dhcp_rpc_agent_api [None req-bd812101-8ac8-4d0a-ab46-f8556f1b3008 df9a464203c148e3ab98e1883fd1e4dd 0e8355168b0549b5b8b30fc609a82f2d - - default default] Unable to schedule network 9cc93166-74be-4831-97ce-7fc1299bf742: no agents available; will retry on subsequent port and subnet creation events.
2026-05-08 11:30:27.284 9 INFO neutron.db.ovn_revision_numbers_db [None req-1e1b3956-b6b0-4934-98b0-b3e1e2157aad 0904397a889c42b3ab7f2c405a8768b3 afdf55d33bf743fa8b78c28e7d662a0b - - default default] Successfully bumped revision number for resource a42b8c6f-b9cb-45d6-b040-f291acc47c21 (type: networks) to 1
2026-05-08 11:30:27.294 10 INFO neutron.db.ovn_revision_numbers_db [None req-bd812101-8ac8-4d0a-ab46-f8556f1b3008 df9a464203c148e3ab98e1883fd1e4dd 0e8355168b0549b5b8b30fc609a82f2d - - default default] Successfully bumped revision number for resource 124d074d-05df-4304-98cd-1b38521ef667 (type: subnets) to 0
2026-05-08 11:30:27.315 10 INFO neutron.wsgi [None req-bd812101-8ac8-4d0a-ab46-f8556f1b3008 df9a464203c148e3ab98e1883fd1e4dd 0e8355168b0549b5b8b30fc609a82f2d - - default default] 10.0.0.139 "POST /v2.0/subnets HTTP/1.1" status: 201 len: 802 time: 0.4353607
2026-05-08 11:30:27.324 10 WARNING neutron_lib.context [None req-f220b662-52e0-4329-862a-bdaa43ecfb3f df9a464203c148e3ab98e1883fd1e4dd 0e8355168b0549b5b8b30fc609a82f2d - - default default] Method 'is_advsvc' is deprecated since 2023.2 release (neutron-lib 3.8.0) and will be removed once support for the old RBAC API policies will be removed from Neutron. Please use method 'is_service_role' instead.
2026-05-08 11:30:27.338 9 ERROR ovsdbapp.backend.ovs_idl.command [None req-a288f22b-dcef-4d80-96ca-fb342103465c - - - - - -] Error executing command (LspGetUpCommand): ovsdbapp.backend.ovs_idl.idlutils.RowNotFound: Cannot find Logical_Switch_Port with name=7410e282-7ed7-41ba-9a1d-2b3a1ab6545e
2026-05-08 11:30:27.338 9 ERROR ovsdbapp.backend.ovs_idl.command
Traceback (most recent call last):
2026-05-08 11:30:27.338 9 ERROR ovsdbapp.backend.ovs_idl.command
File "/var/lib/openstack/lib/python3.10/site-packages/ovsdbapp/backend/ovs_idl/command.py", line 47, in execute
2026-05-08 11:30:27.338 9 ERROR ovsdbapp.backend.ovs_idl.command self.run_idl(None)
2026-05-08 11:30:27.338 9 ERROR ovsdbapp.backend.ovs_idl.command
File "/var/lib/openstack/lib/python3.10/site-packages/ovsdbapp/schema/ovn_northbound/commands.py", line 679, in run_idl
2026-05-08 11:30:27.338 9 ERROR ovsdbapp.backend.ovs_idl.command lsp = self.api.lookup('Logical_Switch_Port', self.port)
2026-05-08 11:30:27.338 9 ERROR ovsdbapp.backend.ovs_idl.command
File "/var/lib/openstack/lib/python3.10/site-packages/ovsdbapp/backend/ovs_idl/__init__.py", line 184, in lookup
2026-05-08 11:30:27.338 9 ERROR ovsdbapp.backend.ovs_idl.command return self._lookup(table, record)
2026-05-08 11:30:27.338 9 ERROR ovsdbapp.backend.ovs_idl.command
File "/var/lib/openstack/lib/python3.10/site-packages/ovsdbapp/backend/ovs_idl/__init__.py", line 235, in _lookup
2026-05-08 11:30:27.338 9 ERROR ovsdbapp.backend.ovs_idl.command row = idlutils.row_by_value(self, rl.table, rl.column, record)
2026-05-08 11:30:27.338 9 ERROR ovsdbapp.backend.ovs_idl.command
File "/var/lib/openstack/lib/python3.10/site-packages/ovsdbapp/backend/ovs_idl/idlutils.py", line 114, in row_by_value
2026-05-08 11:30:27.338 9 ERROR ovsdbapp.backend.ovs_idl.command raise RowNotFound(table=table, col=column, match=match)
2026-05-08 11:30:27.338 9 ERROR ovsdbapp.backend.ovs_idl.command ovsdbapp.backend.ovs_idl.idlutils.RowNotFound: Cannot find Logical_Switch_Port with name=7410e282-7ed7-41ba-9a1d-2b3a1ab6545e
2026-05-08 11:30:27.338 9 ERROR ovsdbapp.backend.ovs_idl.command 
2026-05-08 11:30:27.339 9 ERROR ovsdbapp.event [None req-a288f22b-dcef-4d80-96ca-fb342103465c - - - - - -] Unexpected exception in notify_loop: ovsdbapp.backend.ovs_idl.idlutils.RowNotFound: Cannot find Logical_Switch_Port with name=7410e282-7ed7-41ba-9a1d-2b3a1ab6545e
2026-05-08 11:30:27.339 9 ERROR ovsdbapp.event
Traceback (most recent call last):
2026-05-08 11:30:27.339 9 ERROR ovsdbapp.event
File "/var/lib/openstack/lib/python3.10/site-packages/ovsdbapp/event.py", line 177, in notify_loop
2026-05-08 11:30:27.339 9 ERROR ovsdbapp.event match.run(event, row, updates)
2026-05-08 11:30:27.339 9 ERROR ovsdbapp.event
File "/var/lib/openstack/lib/python3.10/site-packages/neutron/plugins/ml2/drivers/ovn/mech_driver/ovsdb/ovsdb_monitor.py", line 508, in run
2026-05-08 11:30:27.339 9 ERROR ovsdbapp.event self.driver.set_port_status_up(row.name)
2026-05-08 11:30:27.339 9 ERROR ovsdbapp.event
File "/var/lib/openstack/lib/python3.10/site-packages/neutron/plugins/ml2/drivers/ovn/mech_driver/mech_driver.py", line 1278, in set_port_status_up
2026-05-08 11:30:27.339 9 ERROR ovsdbapp.event self._ovn_client.update_lsp_host_info(admin_context, db_port)
2026-05-08 11:30:27.339 9 ERROR ovsdbapp.event
File "/var/lib/openstack/lib/python3.10/site-packages/neutron/plugins/ml2/drivers/ovn/mech_driver/ovsdb/ovn_client.py", line 307, in update_lsp_host_info
2026-05-08 11:30:27.339 9 ERROR ovsdbapp.event port_up = self._nb_idl.lsp_get_up(db_port.id).execute(
2026-05-08 11:30:27.339 9 ERROR ovsdbapp.event
File "/var/lib/openstack/lib/python3.10/site-packages/ovsdbapp/backend/ovs_idl/command.py", line 47, in execute
2026-05-08 11:30:27.339 9 ERROR ovsdbapp.event self.run_idl(None)
2026-05-08 11:30:27.339 9 ERROR ovsdbapp.event
File "/var/lib/openstack/lib/python3.10/site-packages/ovsdbapp/schema/ovn_northbound/commands.py", line 679, in run_idl
2026-05-08 11:30:27.339 9 ERROR ovsdbapp.event lsp = self.api.lookup('Logical_Switch_Port', self.port)
2026-05-08 11:30:27.339 9 ERROR ovsdbapp.event
File "/var/lib/openstack/lib/python3.10/site-packages/ovsdbapp/backend/ovs_idl/__init__.py", line 184, in lookup
2026-05-08 11:30:27.339 9 ERROR ovsdbapp.event return self._lookup(table, record)
2026-05-08 11:30:27.339 9 ERROR ovsdbapp.event
File "/var/lib/openstack/lib/python3.10/site-packages/ovsdbapp/backend/ovs_idl/__init__.py", line 235, in _lookup
2026-05-08 11:30:27.339 9 ERROR ovsdbapp.event row = idlutils.row_by_value(self, rl.table, rl.column, record)
2026-05-08 11:30:27.339 9 ERROR ovsdbapp.event
File "/var/lib/openstack/lib/python3.10/site-packages/ovsdbapp/backend/ovs_idl/idlutils.py", line 114, in row_by_value
2026-05-08 11:30:27.339 9 ERROR ovsdbapp.event raise RowNotFound(table=table, col=column, match=match)
2026-05-08 11:30:27.339 9 ERROR ovsdbapp.event ovsdbapp.backend.ovs_idl.idlutils.RowNotFound: Cannot find Logical_Switch_Port with name=7410e282-7ed7-41ba-9a1d-2b3a1ab6545e
2026-05-08 11:30:27.339 9 ERROR ovsdbapp.event 
2026-05-08 11:30:27.535 9 WARNING neutron.scheduler.dhcp_agent_scheduler [None req-1e1b3956-b6b0-4934-98b0-b3e1e2157aad 0904397a889c42b3ab7f2c405a8768b3 afdf55d33bf743fa8b78c28e7d662a0b - - default default] No more DHCP agents
2026-05-08 11:30:27.539 9 WARNING neutron.api.rpc.agentnotifiers.dhcp_rpc_agent_api [None req-1e1b3956-b6b0-4934-98b0-b3e1e2157aad 0904397a889c42b3ab7f2c405a8768b3 afdf55d33bf743fa8b78c28e7d662a0b - - default default] Unable to schedule network a42b8c6f-b9cb-45d6-b040-f291acc47c21: no agents available; will retry on subsequent port and subnet creation events.
2026-05-08 11:30:27.595 10 INFO neutron.wsgi [None req-de652a11-4c81-4b5f-a880-82b5d371a175 5024759dd3414a83bb2272cc8e88296f a40b5dfcf49d4ff685de5a75799e1ff2 - - default default] 10.0.0.139 "PUT /v2.0/routers/85d26b5d-e2ab-47a8-8aff-be71b57212f7/remove_router_interface HTTP/1.1" status: 200 len: 503 time: 1.0634558 /var/lib/openstack/lib/python3.10/site-packages/pycadf/identifier.py:71: UserWarning: Invalid uuid: neutron. To ensure interoperability, identifiers should be a valid uuid. warnings.warn(('Invalid uuid: %s. To ensure interoperability, '
2026-05-08 11:30:27.634 10 INFO neutron.wsgi [None req-45869747-fea6-43ba-a839-e08278a24a4c 5024759dd3414a83bb2272cc8e88296f a40b5dfcf49d4ff685de5a75799e1ff2 - - default default] 10.0.0.139 "GET /v2.0/ports?device_id=85d26b5d-e2ab-47a8-8aff-be71b57212f7 HTTP/1.1" status: 200 len: 205 time: 0.0329707
2026-05-08 11:30:27.652 9 INFO neutron.wsgi [None req-e149cc4b-3468-4597-923d-4ec6c3ce4008 c5185268ed244b1ebb7e958ddc354f9d 8e9360e7f4eb4b4c97fd062bc45abafd - - default default] 10.0.0.139 "POST /v2.0/floatingips HTTP/1.1" status: 201 len: 751 time: 1.4958789
2026-05-08 11:30:27.677 10 WARNING neutron_lib.context [None req-96525c30-a28e-44ee-92c6-acbc5e773d6b c5185268ed244b1ebb7e958ddc354f9d 8e9360e7f4eb4b4c97fd062bc45abafd - - default default] Method 'is_advsvc' is deprecated since 2023.2 release (neutron-lib 3.8.0) and will be removed once support for the old RBAC API policies will be removed from Neutron. Please use method 'is_service_role' instead.
2026-05-08 11:30:27.700 9 INFO neutron.db.ovn_revision_numbers_db [None req-1e1b3956-b6b0-4934-98b0-b3e1e2157aad 0904397a889c42b3ab7f2c405a8768b3 afdf55d33bf743fa8b78c28e7d662a0b - - default default] Successfully bumped revision number for resource cca85109-4eb4-43c7-9f80-00a7c6125760 (type: ports) to 1
2026-05-08 11:30:27.751 9 INFO neutron.wsgi [None req-1e1b3956-b6b0-4934-98b0-b3e1e2157aad 0904397a889c42b3ab7f2c405a8768b3 afdf55d33bf743fa8b78c28e7d662a0b - - default default] 10.0.0.139 "POST /v2.0/networks HTTP/1.1" status: 201 len: 847 time: 1.6891077
2026-05-08 11:30:27.912 9 INFO neutron.wsgi [None req-c49a2281-3eeb-47d1-9bcd-ead6365dae72 5024759dd3414a83bb2272cc8e88296f a40b5dfcf49d4ff685de5a75799e1ff2 - - default default] 10.0.0.139 "DELETE /v2.0/routers/85d26b5d-e2ab-47a8-8aff-be71b57212f7 HTTP/1.1" status: 204 len: 168 time: 0.2735140
2026-05-08 11:30:28.141 9 INFO neutron.wsgi [None req-fe5409c2-3ae1-4c0c-91c2-440d9ff3c7de 5024759dd3414a83bb2272cc8e88296f a40b5dfcf49d4ff685de5a75799e1ff2 - - default default] 10.0.0.139 "DELETE /v2.0/subnets/e1435723-e5b6-4214-9532-fe0106a241be HTTP/1.1" status: 204 len: 168 time: 0.2239826
2026-05-08 11:30:28.241 9 WARNING neutron_lib.context [None req-43b64698-9909-4720-b479-0d9a77fc2775 0904397a889c42b3ab7f2c405a8768b3 afdf55d33bf743fa8b78c28e7d662a0b - - default default] Method 'is_advsvc' is deprecated since 2023.2 release (neutron-lib 3.8.0) and will be removed once support for the old RBAC API policies will be removed from Neutron. Please use method 'is_service_role' instead.
2026-05-08 11:30:28.310 10 WARNING neutron.scheduler.dhcp_agent_scheduler [None req-f220b662-52e0-4329-862a-bdaa43ecfb3f df9a464203c148e3ab98e1883fd1e4dd 0e8355168b0549b5b8b30fc609a82f2d - - default default] No more DHCP agents
2026-05-08 11:30:28.313 10 WARNING neutron.api.rpc.agentnotifiers.dhcp_rpc_agent_api [None req-f220b662-52e0-4329-862a-bdaa43ecfb3f df9a464203c148e3ab98e1883fd1e4dd 0e8355168b0549b5b8b30fc609a82f2d - - default default] Unable to schedule network 4e9273d2-1c0a-4d09-bf10-3dea5a2b2a8c: no agents available; will retry on subsequent port and subnet creation events.
2026-05-08 11:30:28.347 10 WARNING neutron.scheduler.dhcp_agent_scheduler [None req-96525c30-a28e-44ee-92c6-acbc5e773d6b c5185268ed244b1ebb7e958ddc354f9d 8e9360e7f4eb4b4c97fd062bc45abafd - - default default] No more DHCP agents
2026-05-08 11:30:28.350 10 WARNING neutron.api.rpc.agentnotifiers.dhcp_rpc_agent_api [None req-96525c30-a28e-44ee-92c6-acbc5e773d6b c5185268ed244b1ebb7e958ddc354f9d 8e9360e7f4eb4b4c97fd062bc45abafd - - default default] Unable to schedule network 4e9273d2-1c0a-4d09-bf10-3dea5a2b2a8c: no agents available; will retry on subsequent port and subnet creation events.
2026-05-08 11:30:28.566 9 WARNING neutron.scheduler.dhcp_agent_scheduler [None req-43b64698-9909-4720-b479-0d9a77fc2775 0904397a889c42b3ab7f2c405a8768b3 afdf55d33bf743fa8b78c28e7d662a0b - - default default] No more DHCP agents
2026-05-08 11:30:28.569 9 WARNING neutron.api.rpc.agentnotifiers.dhcp_rpc_agent_api [None req-43b64698-9909-4720-b479-0d9a77fc2775 0904397a889c42b3ab7f2c405a8768b3 afdf55d33bf743fa8b78c28e7d662a0b - - default default] Unable to schedule network a42b8c6f-b9cb-45d6-b040-f291acc47c21: no agents available; will retry on subsequent port and subnet creation events.
2026-05-08 11:30:28.580 10 INFO neutron.db.ovn_revision_numbers_db [None req-f220b662-52e0-4329-862a-bdaa43ecfb3f df9a464203c148e3ab98e1883fd1e4dd 0e8355168b0549b5b8b30fc609a82f2d - - default default] Successfully bumped revision number for resource 93616945-b1f1-4c42-baeb-a969ffeea278 (type: ports) to 1
2026-05-08 11:30:28.645 9 INFO neutron.db.ovn_revision_numbers_db [None req-43b64698-9909-4720-b479-0d9a77fc2775 0904397a889c42b3ab7f2c405a8768b3 afdf55d33bf743fa8b78c28e7d662a0b - - default default] Successfully bumped revision number for resource 3faaad7d-1325-4879-8188-e2264a0e4ae4 (type: subnets) to 0
2026-05-08 11:30:28.651 9 INFO neutron.services.segments.plugin [-] Segment 5c2a65f0-9237-46d9-93ad-166311d27717 resource provider aggregate not found
2026-05-08 11:30:28.656 9 INFO neutron.services.segments.plugin [-] Segment 5c2a65f0-9237-46d9-93ad-166311d27717 resource provider aggregate not found
2026-05-08 11:30:28.671 9 INFO neutron.services.segments.plugin [-] Segment 5c2a65f0-9237-46d9-93ad-166311d27717 resource provider not found; error: Placement Client Error (4xx): {"errors": [{"status": 404, "title": "Not Found", "detail": "The resource could not be found.\n\n No resource provider with uuid 5c2a65f0-9237-46d9-93ad-166311d27717 found for delete ", "request_id": "req-2d16c570-7c47-4487-a32a-89589f6d800c"}]}
2026-05-08 11:30:28.675 9 INFO neutron.services.segments.plugin [-] Segment 5c2a65f0-9237-46d9-93ad-166311d27717 resource provider not found; error: Placement Client Error (4xx): {"errors": [{"status": 404, "title": "Not Found", "detail": "The resource could not be found.\n\n No resource provider with uuid 5c2a65f0-9237-46d9-93ad-166311d27717 found for delete ", "request_id": "req-a36899c8-7889-4fa1-bb32-b9f2fd01ba08"}]}
2026-05-08 11:30:28.679 9 INFO neutron.wsgi [None req-0593cdeb-7c03-4d80-a943-bd90d4faa7e7 5024759dd3414a83bb2272cc8e88296f a40b5dfcf49d4ff685de5a75799e1ff2 - - default default] 10.0.0.139 "DELETE /v2.0/networks/fa56dd53-0657-4ed0-b37b-d8c9fad8fe7b HTTP/1.1" status: 204 len: 168 time: 0.5309792
2026-05-08 11:30:28.681 9 INFO neutron.wsgi [None req-43b64698-9909-4720-b479-0d9a77fc2775 0904397a889c42b3ab7f2c405a8768b3 afdf55d33bf743fa8b78c28e7d662a0b - - default default] 10.0.0.139 "POST /v2.0/subnets HTTP/1.1" status: 201 len: 848 time: 0.4454682
2026-05-08 11:30:28.688 9 WARNING neutron_lib.context [None req-3eb39488-abff-4c58-bbea-92fa5de97498 5024759dd3414a83bb2272cc8e88296f a40b5dfcf49d4ff685de5a75799e1ff2 - - default default] Method 'is_advsvc' is deprecated since 2023.2 release (neutron-lib 3.8.0) and will be removed once support for the old RBAC API policies will be removed from Neutron. Please use method 'is_service_role' instead.
2026-05-08 11:30:28.702 9 WARNING neutron_lib.context [None req-aa859d47-0d86-40b4-86ae-e6c7a445bab6 0904397a889c42b3ab7f2c405a8768b3 afdf55d33bf743fa8b78c28e7d662a0b - - default default] Method 'is_advsvc' is deprecated since 2023.2 release (neutron-lib 3.8.0) and will be removed once support for the old RBAC API policies will be removed from Neutron. Please use method 'is_service_role' instead.
2026-05-08 11:30:28.797 9 INFO neutron.db.segments_db [None req-aa859d47-0d86-40b4-86ae-e6c7a445bab6 0904397a889c42b3ab7f2c405a8768b3 afdf55d33bf743fa8b78c28e7d662a0b - - default default] Added segment e0bd909f-dcc6-4922-9490-d297e30983d4 of type geneve for network 109714e3-433f-452d-a5ea-9c7506d3f1b5
2026-05-08 11:30:28.880 10 INFO neutron.wsgi [None req-96525c30-a28e-44ee-92c6-acbc5e773d6b c5185268ed244b1ebb7e958ddc354f9d 8e9360e7f4eb4b4c97fd062bc45abafd - - default default] 10.0.0.139 "POST /v2.0/floatingips HTTP/1.1" status: 201 len: 751 time: 1.2094736
2026-05-08 11:30:28.892 10 WARNING neutron_lib.context [None req-5bb5fa12-9447-4dda-9b00-143d03a60fdf c5185268ed244b1ebb7e958ddc354f9d 8e9360e7f4eb4b4c97fd062bc45abafd - - default default] Method 'is_advsvc' is deprecated since 2023.2 release (neutron-lib 3.8.0) and will be removed once support for the old RBAC API policies will be removed from Neutron. Please use method 'is_service_role' instead.
2026-05-08 11:30:29.022 9 INFO neutron.db.ovn_revision_numbers_db [None req-aa859d47-0d86-40b4-86ae-e6c7a445bab6 0904397a889c42b3ab7f2c405a8768b3 afdf55d33bf743fa8b78c28e7d662a0b - - default default] Successfully bumped revision number for resource 109714e3-433f-452d-a5ea-9c7506d3f1b5 (type: networks) to 1
2026-05-08 11:30:29.262 10 WARNING neutron.scheduler.dhcp_agent_scheduler [None req-5bb5fa12-9447-4dda-9b00-143d03a60fdf c5185268ed244b1ebb7e958ddc354f9d 8e9360e7f4eb4b4c97fd062bc45abafd - - default default] No more DHCP agents
2026-05-08 11:30:29.267 10 WARNING neutron.api.rpc.agentnotifiers.dhcp_rpc_agent_api [None req-5bb5fa12-9447-4dda-9b00-143d03a60fdf c5185268ed244b1ebb7e958ddc354f9d 8e9360e7f4eb4b4c97fd062bc45abafd - - default default] Unable to schedule network 4e9273d2-1c0a-4d09-bf10-3dea5a2b2a8c: no agents available; will retry on subsequent port and subnet creation events.
2026-05-08 11:30:29.391 9 WARNING neutron.scheduler.dhcp_agent_scheduler [None req-aa859d47-0d86-40b4-86ae-e6c7a445bab6 0904397a889c42b3ab7f2c405a8768b3 afdf55d33bf743fa8b78c28e7d662a0b - - default default] No more DHCP agents
2026-05-08 11:30:29.409 9 WARNING neutron.api.rpc.agentnotifiers.dhcp_rpc_agent_api [None req-aa859d47-0d86-40b4-86ae-e6c7a445bab6 0904397a889c42b3ab7f2c405a8768b3 afdf55d33bf743fa8b78c28e7d662a0b - - default default] Unable to schedule network 109714e3-433f-452d-a5ea-9c7506d3f1b5: no agents available; will retry on subsequent port and subnet creation events.
2026-05-08 11:30:29.471 10 INFO neutron.plugins.ml2.drivers.ovn.mech_driver.ovsdb.commands [None req-7005e48e-da9d-4068-9f0d-13997369efa1 - - - - - -] Schedule LRP lrp-93616945-b1f1-4c42-baeb-a969ffeea278 on gateway 71a8c464-18c3-4c70-9d30-2590e72738a3 with priority 1
2026-05-08 11:30:29.481 10 INFO neutron.plugins.ml2.drivers.ovn.mech_driver.mech_driver [None req-00fd083b-e1ad-463c-b35c-dbf466fe6291 - - - - - -] OVN reports status up for port: 93616945-b1f1-4c42-baeb-a969ffeea278
2026-05-08 11:30:29.504 10 INFO neutron.plugins.ml2.plugin [None req-00fd083b-e1ad-463c-b35c-dbf466fe6291 - - - - - -] Attempt 1 to provision port 93616945-b1f1-4c42-baeb-a969ffeea278
2026-05-08 11:30:29.511 9 WARNING neutron.scheduler.dhcp_agent_scheduler [None req-3eb39488-abff-4c58-bbea-92fa5de97498 5024759dd3414a83bb2272cc8e88296f a40b5dfcf49d4ff685de5a75799e1ff2 - - default default] No more DHCP agents
2026-05-08 11:30:29.516 9 WARNING neutron.api.rpc.agentnotifiers.dhcp_rpc_agent_api [None req-3eb39488-abff-4c58-bbea-92fa5de97498 5024759dd3414a83bb2272cc8e88296f a40b5dfcf49d4ff685de5a75799e1ff2 - - default default] Unable to schedule network 4e9273d2-1c0a-4d09-bf10-3dea5a2b2a8c: no agents available; will retry on subsequent port and subnet creation events.
2026-05-08 11:30:29.537 10 INFO neutron.db.ovn_revision_numbers_db [None req-f220b662-52e0-4329-862a-bdaa43ecfb3f df9a464203c148e3ab98e1883fd1e4dd 0e8355168b0549b5b8b30fc609a82f2d - - default default] Successfully bumped revision number for resource 93616945-b1f1-4c42-baeb-a969ffeea278 (type: router_ports) to 1
2026-05-08 11:30:29.582 9 INFO neutron.db.ovn_revision_numbers_db [None req-aa859d47-0d86-40b4-86ae-e6c7a445bab6 0904397a889c42b3ab7f2c405a8768b3 afdf55d33bf743fa8b78c28e7d662a0b - - default default] Successfully bumped revision number for resource 9152e10c-dc60-4d7f-b2d0-b79bf0a1c1c3 (type: ports) to 1
2026-05-08 11:30:29.610 9 INFO neutron.wsgi [None req-aa859d47-0d86-40b4-86ae-e6c7a445bab6 0904397a889c42b3ab7f2c405a8768b3 afdf55d33bf743fa8b78c28e7d662a0b - - default default] 10.0.0.139 "POST /v2.0/networks HTTP/1.1" status: 201 len: 847 time: 0.9123480
2026-05-08 11:30:29.688 10 INFO neutron.db.ovn_revision_numbers_db [None req-f220b662-52e0-4329-862a-bdaa43ecfb3f df9a464203c148e3ab98e1883fd1e4dd 0e8355168b0549b5b8b30fc609a82f2d - - default default] Successfully bumped revision number for resource 88f08194-b2bf-4af0-8de4-6ba9d48b2cc2 (type: routers) to 2
2026-05-08 11:30:29.723 10 INFO neutron.wsgi [None req-f220b662-52e0-4329-862a-bdaa43ecfb3f df9a464203c148e3ab98e1883fd1e4dd 0e8355168b0549b5b8b30fc609a82f2d - - default default] 10.0.0.139 "POST /v2.0/routers HTTP/1.1" status: 201 len: 1153 time: 2.4031188
2026-05-08 11:30:29.784 9 INFO neutron.db.ovn_revision_numbers_db [None req-3eb39488-abff-4c58-bbea-92fa5de97498 5024759dd3414a83bb2272cc8e88296f a40b5dfcf49d4ff685de5a75799e1ff2 - - default default] Successfully bumped revision number for resource dbd9a481-ff54-4457-aea6-06cf3e87c4bf (type: ports) to 1
2026-05-08 11:30:29.793 10 INFO neutron.wsgi [None req-5bb5fa12-9447-4dda-9b00-143d03a60fdf c5185268ed244b1ebb7e958ddc354f9d 8e9360e7f4eb4b4c97fd062bc45abafd - - default default] 10.0.0.139 "POST /v2.0/floatingips HTTP/1.1" status: 201 len: 751 time: 0.9070795
2026-05-08 11:30:29.806 10 WARNING neutron_lib.context [None req-3f031733-90b1-4773-8273-f8780a99259a c5185268ed244b1ebb7e958ddc354f9d 8e9360e7f4eb4b4c97fd062bc45abafd - - default default] Method 'is_advsvc' is deprecated since 2023.2 release (neutron-lib 3.8.0) and will be removed once support for the old RBAC API policies will be removed from Neutron. Please use method 'is_service_role' instead.
2026-05-08 11:30:29.851 9 INFO neutron.db.ovn_revision_numbers_db [None req-d4156296-ef31-44ee-a6b4-1a76f782cf14 0904397a889c42b3ab7f2c405a8768b3 afdf55d33bf743fa8b78c28e7d662a0b - - default default] Successfully bumped revision number for resource 109714e3-433f-452d-a5ea-9c7506d3f1b5 (type: networks) to 2
2026-05-08 11:30:29.856 9 INFO neutron.wsgi [None req-d4156296-ef31-44ee-a6b4-1a76f782cf14 0904397a889c42b3ab7f2c405a8768b3 afdf55d33bf743fa8b78c28e7d662a0b - - default default] 10.0.0.139 "PUT /v2.0/networks/109714e3-433f-452d-a5ea-9c7506d3f1b5 HTTP/1.1" status: 200 len: 792 time: 0.2360771
2026-05-08 11:30:29.867 9 WARNING neutron_lib.context [None req-b86c694b-5c60-4766-b8a4-bb74d0c62e13 0904397a889c42b3ab7f2c405a8768b3 afdf55d33bf743fa8b78c28e7d662a0b - - default default] Method 'is_advsvc' is deprecated since 2023.2 release (neutron-lib 3.8.0) and will be removed once support for the old RBAC API policies will be removed from Neutron. Please use method 'is_service_role' instead.
2026-05-08 11:30:30.214 9 WARNING neutron.scheduler.dhcp_agent_scheduler [None req-b86c694b-5c60-4766-b8a4-bb74d0c62e13 0904397a889c42b3ab7f2c405a8768b3 afdf55d33bf743fa8b78c28e7d662a0b - - default default] No more DHCP agents
2026-05-08 11:30:30.219 9 WARNING neutron.api.rpc.agentnotifiers.dhcp_rpc_agent_api [None req-b86c694b-5c60-4766-b8a4-bb74d0c62e13 0904397a889c42b3ab7f2c405a8768b3 afdf55d33bf743fa8b78c28e7d662a0b - - default default] Unable to schedule network 109714e3-433f-452d-a5ea-9c7506d3f1b5: no agents available; will retry on subsequent port and subnet creation events.
2026-05-08 11:30:30.259 9 INFO neutron.db.ovn_revision_numbers_db [None req-b86c694b-5c60-4766-b8a4-bb74d0c62e13 0904397a889c42b3ab7f2c405a8768b3 afdf55d33bf743fa8b78c28e7d662a0b - - default default] Successfully bumped revision number for resource 031d4a0b-13ba-4f44-9ef9-1449fdba745f (type: subnets) to 0
2026-05-08 11:30:30.283 9 INFO neutron.wsgi [None req-b86c694b-5c60-4766-b8a4-bb74d0c62e13 0904397a889c42b3ab7f2c405a8768b3 afdf55d33bf743fa8b78c28e7d662a0b - - default default] 10.0.0.139 "POST /v2.0/subnets HTTP/1.1" status: 201 len: 821 time: 0.4209428
2026-05-08 11:30:30.482 10 WARNING neutron.scheduler.dhcp_agent_scheduler [None req-3f031733-90b1-4773-8273-f8780a99259a c5185268ed244b1ebb7e958ddc354f9d 8e9360e7f4eb4b4c97fd062bc45abafd - - default default] No more DHCP agents
2026-05-08 11:30:30.495 10 WARNING neutron.api.rpc.agentnotifiers.dhcp_rpc_agent_api [None req-3f031733-90b1-4773-8273-f8780a99259a c5185268ed244b1ebb7e958ddc354f9d 8e9360e7f4eb4b4c97fd062bc45abafd - - default default] Unable to schedule network 4e9273d2-1c0a-4d09-bf10-3dea5a2b2a8c: no agents available; will retry on subsequent port and subnet creation events.
2026-05-08 11:30:30.527 9 INFO neutron.plugins.ml2.drivers.ovn.mech_driver.ovsdb.commands [None req-7f774c1b-3780-42f6-b50d-4a06fa26f634 - - - - - -] Schedule LRP lrp-dbd9a481-ff54-4457-aea6-06cf3e87c4bf on gateway 71a8c464-18c3-4c70-9d30-2590e72738a3 with priority 1
2026-05-08 11:30:30.565 9 INFO neutron.db.ovn_revision_numbers_db [None req-3eb39488-abff-4c58-bbea-92fa5de97498 5024759dd3414a83bb2272cc8e88296f a40b5dfcf49d4ff685de5a75799e1ff2 - - default default] Successfully bumped revision number for resource dbd9a481-ff54-4457-aea6-06cf3e87c4bf (type: router_ports) to 1
2026-05-08 11:30:30.642 9 INFO neutron.db.ovn_revision_numbers_db [None req-3eb39488-abff-4c58-bbea-92fa5de97498 5024759dd3414a83bb2272cc8e88296f a40b5dfcf49d4ff685de5a75799e1ff2 - - default default] Successfully bumped revision number for resource 28915092-851d-4217-bcde-287d718fed95 (type: routers) to 2
2026-05-08 11:30:30.660 9 INFO neutron.wsgi [None req-3eb39488-abff-4c58-bbea-92fa5de97498 5024759dd3414a83bb2272cc8e88296f a40b5dfcf49d4ff685de5a75799e1ff2 - - default default] 10.0.0.139 "POST /v2.0/routers HTTP/1.1" status: 201 len: 1146 time: 1.9765847
2026-05-08 11:30:30.912 9 INFO neutron.wsgi [None req-c3affe1d-2360-464c-9cb0-78c516916952 5024759dd3414a83bb2272cc8e88296f a40b5dfcf49d4ff685de5a75799e1ff2 - - default default] 10.0.0.139 "GET /v2.0/routers/28915092-851d-4217-bcde-287d718fed95 HTTP/1.1" status: 200 len: 1147 time: 0.2464592
2026-05-08 11:30:31.054 9 INFO neutron.wsgi [None req-d0057851-e9dc-44d1-8787-3d89965a356d 5024759dd3414a83bb2272cc8e88296f a40b5dfcf49d4ff685de5a75799e1ff2 - - default default] 10.0.0.139 "GET /v2.0/routers HTTP/1.1" status: 200 len: 1150 time: 0.1368752
2026-05-08 11:30:31.056 10 WARNING neutron.scheduler.dhcp_agent_scheduler [None req-ff7b2288-f757-4cfc-b9f6-29259eeeb787 df9a464203c148e3ab98e1883fd1e4dd 0e8355168b0549b5b8b30fc609a82f2d - - default default] No more DHCP agents
2026-05-08 11:30:31.064 10 WARNING neutron.api.rpc.agentnotifiers.dhcp_rpc_agent_api [None req-ff7b2288-f757-4cfc-b9f6-29259eeeb787 df9a464203c148e3ab98e1883fd1e4dd 0e8355168b0549b5b8b30fc609a82f2d - - default default] Unable to schedule network 9cc93166-74be-4831-97ce-7fc1299bf742: no agents available; will retry on subsequent port and subnet creation events.
2026-05-08 11:30:31.201 10 INFO neutron.wsgi [None req-3f031733-90b1-4773-8273-f8780a99259a c5185268ed244b1ebb7e958ddc354f9d 8e9360e7f4eb4b4c97fd062bc45abafd - - default default] 10.0.0.139 "POST /v2.0/floatingips HTTP/1.1" status: 201 len: 751 time: 1.4007685
2026-05-08 11:30:31.211 9 WARNING neutron_lib.context [None req-e5abb015-d481-4af0-9a58-317dc25acb2d c5185268ed244b1ebb7e958ddc354f9d 8e9360e7f4eb4b4c97fd062bc45abafd - - default default] Method 'is_advsvc' is deprecated since 2023.2 release (neutron-lib 3.8.0) and will be removed once support for the old RBAC API policies will be removed from Neutron. Please use method 'is_service_role' instead.
2026-05-08 11:30:31.342 10 INFO neutron.db.ovn_revision_numbers_db [None req-ff7b2288-f757-4cfc-b9f6-29259eeeb787 df9a464203c148e3ab98e1883fd1e4dd 0e8355168b0549b5b8b30fc609a82f2d - - default default] Successfully bumped revision number for resource d014e264-fd33-4465-aeb2-40ce36395cac (type: ports) to 1
2026-05-08 11:30:31.589 9 WARNING neutron.scheduler.dhcp_agent_scheduler [None req-e5abb015-d481-4af0-9a58-317dc25acb2d c5185268ed244b1ebb7e958ddc354f9d 8e9360e7f4eb4b4c97fd062bc45abafd - - default default] No more DHCP agents
2026-05-08 11:30:31.593 9 WARNING neutron.api.rpc.agentnotifiers.dhcp_rpc_agent_api [None req-e5abb015-d481-4af0-9a58-317dc25acb2d c5185268ed244b1ebb7e958ddc354f9d 8e9360e7f4eb4b4c97fd062bc45abafd - - default default] Unable to schedule network 4e9273d2-1c0a-4d09-bf10-3dea5a2b2a8c: no agents available; will retry on subsequent port and subnet creation events.
2026-05-08 11:30:31.698 9 INFO neutron.db.ovn_revision_numbers_db [None req-75e9c167-55d2-4762-8ada-1d7e91742f2e 5024759dd3414a83bb2272cc8e88296f a40b5dfcf49d4ff685de5a75799e1ff2 - - default default] Successfully bumped revision number for resource 28915092-851d-4217-bcde-287d718fed95 (type: routers) to 3
2026-05-08 11:30:31.703 9 INFO neutron.wsgi [None req-75e9c167-55d2-4762-8ada-1d7e91742f2e 5024759dd3414a83bb2272cc8e88296f a40b5dfcf49d4ff685de5a75799e1ff2 - - default default] 10.0.0.139 "PUT /v2.0/routers/28915092-851d-4217-bcde-287d718fed95 HTTP/1.1" status: 200 len: 1154 time: 0.6454561
2026-05-08 11:30:31.771 10 INFO neutron.db.ovn_revision_numbers_db [None req-1002c366-e0ce-4152-916c-5df0bd1d9e77 0904397a889c42b3ab7f2c405a8768b3 afdf55d33bf743fa8b78c28e7d662a0b - - default default] Successfully bumped revision number for resource 9152e10c-dc60-4d7f-b2d0-b79bf0a1c1c3 (type: ports) to 2
2026-05-08 11:30:31.839 10 INFO neutron.wsgi [None req-43f5b7a2-f645-4ad5-ae4b-8f0620d5dbbf 5024759dd3414a83bb2272cc8e88296f a40b5dfcf49d4ff685de5a75799e1ff2 - - default default] 10.0.0.139 "GET /v2.0/routers/28915092-851d-4217-bcde-287d718fed95 HTTP/1.1" status: 200 len: 1154 time: 0.1290252
2026-05-08 11:30:31.855 10 INFO neutron.db.ovn_revision_numbers_db [None req-1002c366-e0ce-4152-916c-5df0bd1d9e77 0904397a889c42b3ab7f2c405a8768b3 afdf55d33bf743fa8b78c28e7d662a0b - - default default] Successfully bumped revision number for resource 031d4a0b-13ba-4f44-9ef9-1449fdba745f (type: subnets) to 1
2026-05-08 11:30:31.858 10 INFO neutron.wsgi [None req-1002c366-e0ce-4152-916c-5df0bd1d9e77 0904397a889c42b3ab7f2c405a8768b3 afdf55d33bf743fa8b78c28e7d662a0b - - default default] 10.0.0.139 "PUT /v2.0/subnets/031d4a0b-13ba-4f44-9ef9-1449fdba745f HTTP/1.1" status: 200 len: 826 time: 1.5649788
2026-05-08 11:30:31.868 10 INFO neutron.wsgi [None req-c24f79ed-129a-45ac-b6ce-d643364403a8 5024759dd3414a83bb2272cc8e88296f a40b5dfcf49d4ff685de5a75799e1ff2 - - default default] 10.0.0.139 "GET /v2.0/ports?device_id=28915092-851d-4217-bcde-287d718fed95 HTTP/1.1" status: 200 len: 205 time: 0.0234697
2026-05-08 11:30:32.005 9 INFO neutron.wsgi [None req-e5abb015-d481-4af0-9a58-317dc25acb2d c5185268ed244b1ebb7e958ddc354f9d 8e9360e7f4eb4b4c97fd062bc45abafd - - default default] 10.0.0.139 "POST /v2.0/floatingips HTTP/1.1" status: 201 len: 751 time: 0.7990372
2026-05-08 11:30:32.072 9 INFO neutron.wsgi [None req-117da835-76db-45d2-b618-bea69d5e518f c5185268ed244b1ebb7e958ddc354f9d 8e9360e7f4eb4b4c97fd062bc45abafd - - default default] 10.0.0.139 "PUT /v2.0/floatingips/08250ed0-332a-4514-861b-e67fc9c32da0/tags HTTP/1.1" status: 200 len: 210 time: 0.0614040
2026-05-08 11:30:32.138 9 INFO neutron.wsgi [-] 10.0.0.214 "GET / HTTP/1.1" status: 200 len: 247 time: 0.0013011
2026-05-08 11:30:32.139 9 INFO neutron.wsgi [-] 10.0.0.214 "GET / HTTP/1.1" status: 200 len: 247 time: 0.0009193
2026-05-08 11:30:32.215 10 INFO neutron.wsgi [None req-93104fb3-85cc-4880-b296-936f32dc06c9 c5185268ed244b1ebb7e958ddc354f9d 8e9360e7f4eb4b4c97fd062bc45abafd - - default default] 10.0.0.139 "PUT /v2.0/floatingips/ec3dce6c-c976-44a3-8072-e4fe1b05849c/tags HTTP/1.1" status: 200 len: 218 time: 0.1226983
2026-05-08 11:30:32.304 10 INFO neutron.wsgi [None req-59d3ef4b-c0de-4755-a9c8-794525cd32e0 c5185268ed244b1ebb7e958ddc354f9d 8e9360e7f4eb4b4c97fd062bc45abafd - - default default] 10.0.0.139 "PUT /v2.0/floatingips/c6b7bc11-9502-4dc7-9416-7c54dbad77c9/tags HTTP/1.1" status: 200 len: 227 time: 0.0817971
2026-05-08 11:30:32.372 9 INFO neutron.wsgi [None req-8afe3461-bfaa-4325-9b3e-ed3505af0127 c5185268ed244b1ebb7e958ddc354f9d 8e9360e7f4eb4b4c97fd062bc45abafd - - default default] 10.0.0.139 "PUT /v2.0/floatingips/5694c623-2b3a-4c98-8da7-8a960ae32fdb/tags HTTP/1.1" status: 200 len: 212 time: 0.0611336
2026-05-08 11:30:32.420 9 INFO neutron.wsgi [None req-565f497d-5e2b-426f-adac-d5ccd1205c27 c5185268ed244b1ebb7e958ddc354f9d 8e9360e7f4eb4b4c97fd062bc45abafd - - default default] 10.0.0.139 "GET /v2.0/floatingips?tags=red HTTP/1.1" status: 200 len: 1866 time: 0.0421121
2026-05-08 11:30:32.477 9 INFO neutron.wsgi [None req-e4dc8787-b89e-45ee-8740-73f1c0316973 c5185268ed244b1ebb7e958ddc354f9d 8e9360e7f4eb4b4c97fd062bc45abafd - - default default] 10.0.0.139 "GET /v2.0/floatingips?tags=red%2Cblue HTTP/1.1" status: 200 len: 1323 time: 0.0522411
2026-05-08 11:30:32.497 10 ERROR ovsdbapp.backend.ovs_idl.command [None req-ff7b2288-f757-4cfc-b9f6-29259eeeb787 df9a464203c148e3ab98e1883fd1e4dd 0e8355168b0549b5b8b30fc609a82f2d - - default default] Error executing command (DbGetCommand): ovsdbapp.backend.ovs_idl.idlutils.RowNotFound: Cannot find Logical_Router_Port with name=lrp-d014e264-fd33-4465-aeb2-40ce36395cac
2026-05-08 11:30:32.497 10 ERROR ovsdbapp.backend.ovs_idl.command
Traceback (most recent call last):
2026-05-08 11:30:32.497 10 ERROR ovsdbapp.backend.ovs_idl.command
File "/var/lib/openstack/lib/python3.10/site-packages/ovsdbapp/backend/ovs_idl/command.py", line 47, in execute
2026-05-08 11:30:32.497 10 ERROR ovsdbapp.backend.ovs_idl.command self.run_idl(None)
2026-05-08 11:30:32.497 10 ERROR ovsdbapp.backend.ovs_idl.command
File "/var/lib/openstack/lib/python3.10/site-packages/ovsdbapp/backend/ovs_idl/command.py", line 235, in run_idl
2026-05-08 11:30:32.497 10 ERROR ovsdbapp.backend.ovs_idl.command record = self.api.lookup(self.table, self.record)
2026-05-08 11:30:32.497 10 ERROR ovsdbapp.backend.ovs_idl.command
File "/var/lib/openstack/lib/python3.10/site-packages/ovsdbapp/backend/ovs_idl/__init__.py", line 184, in lookup
2026-05-08 11:30:32.497 10 ERROR ovsdbapp.backend.ovs_idl.command return self._lookup(table, record)
2026-05-08 11:30:32.497 10 ERROR ovsdbapp.backend.ovs_idl.command
File "/var/lib/openstack/lib/python3.10/site-packages/ovsdbapp/backend/ovs_idl/__init__.py", line 235, in _lookup
2026-05-08 11:30:32.497 10 ERROR ovsdbapp.backend.ovs_idl.command row = idlutils.row_by_value(self, rl.table, rl.column, record)
2026-05-08 11:30:32.497 10 ERROR ovsdbapp.backend.ovs_idl.command
File "/var/lib/openstack/lib/python3.10/site-packages/ovsdbapp/backend/ovs_idl/idlutils.py", line 114, in row_by_value
2026-05-08 11:30:32.497 10 ERROR ovsdbapp.backend.ovs_idl.command raise RowNotFound(table=table, col=column, match=match)
2026-05-08 11:30:32.497 10 ERROR ovsdbapp.backend.ovs_idl.command ovsdbapp.backend.ovs_idl.idlutils.RowNotFound: Cannot find Logical_Router_Port with name=lrp-d014e264-fd33-4465-aeb2-40ce36395cac
2026-05-08 11:30:32.497 10 ERROR ovsdbapp.backend.ovs_idl.command 
2026-05-08 11:30:32.498 10 ERROR neutron_lib.callbacks.manager [None req-ff7b2288-f757-4cfc-b9f6-29259eeeb787 df9a464203c148e3ab98e1883fd1e4dd 0e8355168b0549b5b8b30fc609a82f2d - - default default] Error during notification for neutron.services.ovn_l3.plugin.OVNL3RouterPlugin._port_update-8741054681839 port, after_update: ovsdbapp.backend.ovs_idl.idlutils.RowNotFound: Cannot find Logical_Router_Port with name=lrp-d014e264-fd33-4465-aeb2-40ce36395cac
2026-05-08 11:30:32.498 10 ERROR neutron_lib.callbacks.manager
Traceback (most recent call last):
2026-05-08 11:30:32.498 10 ERROR neutron_lib.callbacks.manager
File "/var/lib/openstack/lib/python3.10/site-packages/neutron_lib/callbacks/manager.py", line 189, in _notify_loop
2026-05-08 11:30:32.498 10 ERROR neutron_lib.callbacks.manager callback.method(resource, event, trigger, payload=payload)
2026-05-08 11:30:32.498 10 ERROR neutron_lib.callbacks.manager
File "/var/lib/openstack/lib/python3.10/site-packages/neutron/services/ovn_l3/plugin.py", line 391, in _port_update
2026-05-08 11:30:32.498 10 ERROR neutron_lib.callbacks.manager l3plugin._ovn_client.update_router_port(context,
2026-05-08 11:30:32.498 10 ERROR neutron_lib.callbacks.manager
File "/var/lib/openstack/lib/python3.10/site-packages/neutron/plugins/ml2/drivers/ovn/mech_driver/ovsdb/ovn_client.py", line 1878, in update_router_port
2026-05-08 11:30:32.498 10 ERROR neutron_lib.callbacks.manager self._update_lrouter_port(context, port, if_exists=if_exists,
2026-05-08 11:30:32.498 10 ERROR neutron_lib.callbacks.manager
File "/var/lib/openstack/lib/python3.10/site-packages/neutron/plugins/ml2/drivers/ovn/mech_driver/ovsdb/ovn_client.py", line 1855, in _update_lrouter_port
2026-05-08 11:30:32.498 10 ERROR neutron_lib.callbacks.manager external_ids = self._nb_idl.db_get(
2026-05-08 11:30:32.498 10 ERROR neutron_lib.callbacks.manager
File "/var/lib/openstack/lib/python3.10/site-packages/ovsdbapp/backend/ovs_idl/command.py", line 47, in execute
2026-05-08 11:30:32.498 10 ERROR neutron_lib.callbacks.manager self.run_idl(None)
2026-05-08 11:30:32.498 10 ERROR neutron_lib.callbacks.manager
File "/var/lib/openstack/lib/python3.10/site-packages/ovsdbapp/backend/ovs_idl/command.py", line 235, in run_idl
2026-05-08 11:30:32.498 10 ERROR neutron_lib.callbacks.manager record = self.api.lookup(self.table, self.record)
2026-05-08 11:30:32.498 10 ERROR neutron_lib.callbacks.manager
File "/var/lib/openstack/lib/python3.10/site-packages/ovsdbapp/backend/ovs_idl/__init__.py", line 184, in lookup
2026-05-08 11:30:32.498 10 ERROR neutron_lib.callbacks.manager return self._lookup(table, record)
2026-05-08 11:30:32.498 10 ERROR neutron_lib.callbacks.manager
File "/var/lib/openstack/lib/python3.10/site-packages/ovsdbapp/backend/ovs_idl/__init__.py", line 235, in _lookup
2026-05-08 11:30:32.498 10 ERROR neutron_lib.callbacks.manager row = idlutils.row_by_value(self, rl.table, rl.column, record)
2026-05-08 11:30:32.498 10 ERROR neutron_lib.callbacks.manager
File "/var/lib/openstack/lib/python3.10/site-packages/ovsdbapp/backend/ovs_idl/idlutils.py", line 114, in row_by_value
2026-05-08 11:30:32.498 10 ERROR neutron_lib.callbacks.manager raise RowNotFound(table=table, col=column, match=match)
2026-05-08 11:30:32.498 10 ERROR neutron_lib.callbacks.manager ovsdbapp.backend.ovs_idl.idlutils.RowNotFound: Cannot find Logical_Router_Port with name=lrp-d014e264-fd33-4465-aeb2-40ce36395cac
2026-05-08 11:30:32.498 10 ERROR neutron_lib.callbacks.manager 
2026-05-08 11:30:32.684 9 INFO neutron.services.segments.plugin [-] Segment e0bd909f-dcc6-4922-9490-d297e30983d4 resource provider aggregate not found
2026-05-08 11:30:32.688 9 INFO neutron.services.segments.plugin [-] Segment e0bd909f-dcc6-4922-9490-d297e30983d4 resource provider aggregate not found
2026-05-08 11:30:32.716 9 INFO neutron.services.segments.plugin [-] Segment e0bd909f-dcc6-4922-9490-d297e30983d4 resource provider not found; error: Placement Client Error (4xx): {"errors": [{"status": 404, "title": "Not Found", "detail": "The resource could not be found.\n\n No resource provider with uuid e0bd909f-dcc6-4922-9490-d297e30983d4 found for delete ", "request_id": "req-414a6a6f-2bce-43a4-83e0-c66461459718"}]}
2026-05-08 11:30:32.716 9 INFO neutron.services.segments.plugin [-] Segment e0bd909f-dcc6-4922-9490-d297e30983d4 resource provider not found; error: Placement Client Error (4xx): {"errors": [{"status": 404, "title": "Not Found", "detail": "The resource could not be found.\n\n No resource provider with uuid e0bd909f-dcc6-4922-9490-d297e30983d4 found for delete ", "request_id": "req-00e12523-e112-4553-8e5c-b3d1c657df34"}]}
2026-05-08 11:30:32.736 9 INFO neutron.wsgi [None req-6e4d7684-bde3-44aa-9dbe-e7fe82f36663 c5185268ed244b1ebb7e958ddc354f9d 8e9360e7f4eb4b4c97fd062bc45abafd - - default default] 10.0.0.139 "GET /v2.0/floatingips?tags-any=blue HTTP/1.1" status: 200 len: 1323 time: 0.2522738
2026-05-08 11:30:32.779 9 INFO neutron.wsgi [None req-5466e3fc-3cbb-4032-abfa-adeb740a5420 c5185268ed244b1ebb7e958ddc354f9d 8e9360e7f4eb4b4c97fd062bc45abafd - - default default] 10.0.0.139 "GET /v2.0/floatingips?tags-any=red%2Cblue HTTP/1.1" status: 200 len: 1866 time: 0.0375087
2026-05-08 11:30:32.792 9 INFO neutron.wsgi [None req-1dfac469-d233-46f0-8c73-cf7384bbc94b 0904397a889c42b3ab7f2c405a8768b3 afdf55d33bf743fa8b78c28e7d662a0b - - default default] 10.0.0.139 "DELETE /v2.0/networks/109714e3-433f-452d-a5ea-9c7506d3f1b5 HTTP/1.1" status: 204 len: 168 time: 0.9288080
2026-05-08 11:30:32.810 9 INFO neutron.pecan_wsgi.hooks.translation [None req-4a807f91-54eb-484e-80a9-57c6a673164c 0904397a889c42b3ab7f2c405a8768b3 afdf55d33bf743fa8b78c28e7d662a0b - - default default] DELETE failed (client error): The resource could not be found.
2026-05-08 11:30:32.813 9 INFO neutron.wsgi [None req-4a807f91-54eb-484e-80a9-57c6a673164c 0904397a889c42b3ab7f2c405a8768b3 afdf55d33bf743fa8b78c28e7d662a0b - - default default] 10.0.0.139 "DELETE /v2.0/networks/109714e3-433f-452d-a5ea-9c7506d3f1b5 HTTP/1.1" status: 404 len: 339 time: 0.0145299
2026-05-08 11:30:32.834 10 INFO neutron.wsgi [None req-9c063bae-9fbc-4b6b-b6df-57eb116ea25f c5185268ed244b1ebb7e958ddc354f9d 8e9360e7f4eb4b4c97fd062bc45abafd - - default default] 10.0.0.139 "GET /v2.0/floatingips?not-tags=red HTTP/1.1" status: 200 len: 1295 time: 0.0514264
2026-05-08 11:30:32.912 9 INFO neutron.wsgi [None req-871420df-52b9-4948-8ab1-01885e961091 c5185268ed244b1ebb7e958ddc354f9d 8e9360e7f4eb4b4c97fd062bc45abafd - - default default] 10.0.0.139 "GET /v2.0/floatingips?not-tags=red%2Cblue HTTP/1.1" status: 200 len: 1838 time: 0.0719604
2026-05-08 11:30:32.969 9 INFO neutron.wsgi [None req-5b9d49e4-b132-408b-b7ae-c6cfef5b4946 c5185268ed244b1ebb7e958ddc354f9d 8e9360e7f4eb4b4c97fd062bc45abafd - - default default] 10.0.0.139 "GET /v2.0/floatingips?not-tags-any=blue HTTP/1.1" status: 200 len: 1838 time: 0.0458117
2026-05-08 11:30:32.983 9 INFO neutron.wsgi [None req-3c1933a1-3ef1-41d2-8640-838833cae491 0904397a889c42b3ab7f2c405a8768b3 afdf55d33bf743fa8b78c28e7d662a0b - - default default] 10.0.0.139 "GET /v2.0/networks?router%3Aexternal=True HTTP/1.1" status: 200 len: 845 time: 0.1638317
2026-05-08 11:30:33.020 9 INFO neutron.wsgi [None req-69cbb9aa-ccf7-4cb3-8aeb-d73616006adb 0904397a889c42b3ab7f2c405a8768b3 afdf55d33bf743fa8b78c28e7d662a0b - - default default] 10.0.0.139 "GET /v2.0/subnets?network_id=4e9273d2-1c0a-4d09-bf10-3dea5a2b2a8c HTTP/1.1" status: 200 len: 820 time: 0.0341179
2026-05-08 11:30:33.024 10 INFO neutron.wsgi [None req-bfe859d8-4fbf-4a9b-836e-60000efb648c c5185268ed244b1ebb7e958ddc354f9d 8e9360e7f4eb4b4c97fd062bc45abafd - - default default] 10.0.0.139 "GET /v2.0/floatingips?not-tags-any=red%2Cblue HTTP/1.1" status: 200 len: 1295 time: 0.0473261
2026-05-08 11:30:33.029 9 INFO neutron.wsgi [None req-2b653819-9628-4cf1-8d80-910572cbf559 0904397a889c42b3ab7f2c405a8768b3 afdf55d33bf743fa8b78c28e7d662a0b - - default default] 10.0.0.139 "GET /v2.0/extensions HTTP/1.1" status: 200 len: 18678 time: 0.0047934
2026-05-08 11:30:33.110 10 INFO neutron.db.ovn_revision_numbers_db [None req-ff7b2288-f757-4cfc-b9f6-29259eeeb787 df9a464203c148e3ab98e1883fd1e4dd 0e8355168b0549b5b8b30fc609a82f2d - - default default] Successfully bumped revision number for resource d014e264-fd33-4465-aeb2-40ce36395cac (type: ports) to 1
2026-05-08 11:30:33.163 9 INFO neutron.wsgi [None req-3fefce23-b75c-4999-a1d5-d9467d14e61b 0904397a889c42b3ab7f2c405a8768b3 afdf55d33bf743fa8b78c28e7d662a0b - - default default] 10.0.0.139 "GET /v2.0/networks HTTP/1.1" status: 200 len: 1508 time: 0.1282680
2026-05-08 11:30:33.224 9 INFO neutron.wsgi [None req-b5d5574c-5443-46a0-b50f-468f32af5825 0904397a889c42b3ab7f2c405a8768b3 afdf55d33bf743fa8b78c28e7d662a0b - - default default] 10.0.0.139 "GET /v2.0/subnets HTTP/1.1" status: 200 len: 1460 time: 0.0535960
2026-05-08 11:30:33.250 10 WARNING neutron.scheduler.dhcp_agent_scheduler [None req-ff7b2288-f757-4cfc-b9f6-29259eeeb787 df9a464203c148e3ab98e1883fd1e4dd 0e8355168b0549b5b8b30fc609a82f2d - - default default] No more DHCP agents
2026-05-08 11:30:33.251 10 WARNING neutron.api.rpc.agentnotifiers.dhcp_rpc_agent_api [None req-ff7b2288-f757-4cfc-b9f6-29259eeeb787 df9a464203c148e3ab98e1883fd1e4dd 0e8355168b0549b5b8b30fc609a82f2d - - default default] Unable to schedule network 9cc93166-74be-4831-97ce-7fc1299bf742: no agents available; will retry on subsequent port and subnet creation events.
2026-05-08 11:30:33.279 10 INFO neutron.wsgi [None req-f2506b2a-2b89-4bed-bfaa-76ddce12d440 5024759dd3414a83bb2272cc8e88296f a40b5dfcf49d4ff685de5a75799e1ff2 - - default default] 10.0.0.139 "DELETE /v2.0/routers/28915092-851d-4217-bcde-287d718fed95 HTTP/1.1" status: 204 len: 168 time: 1.4058697
2026-05-08 11:30:33.300 9 INFO neutron.wsgi [None req-3aaf4d6b-079c-4cc3-8da4-df97e1343626 0904397a889c42b3ab7f2c405a8768b3 afdf55d33bf743fa8b78c28e7d662a0b - - default default] 10.0.0.139 "GET /v2.0/networks/a42b8c6f-b9cb-45d6-b040-f291acc47c21 HTTP/1.1" status: 200 len: 867 time: 0.0706921
2026-05-08 11:30:33.319 10 INFO neutron.wsgi [None req-2aa9413c-2f56-4687-b041-d5e6fdfe6591 5024759dd3414a83bb2272cc8e88296f a40b5dfcf49d4ff685de5a75799e1ff2 - - default default] 10.0.0.139 "GET /v2.0/ports?device_id=28915092-851d-4217-bcde-287d718fed95 HTTP/1.1" status: 200 len: 205 time: 0.0338707
2026-05-08 11:30:33.354 10 INFO neutron.api.v2.resource [None req-4917978c-4ed6-4585-8eac-d51fab87ad7e 5024759dd3414a83bb2272cc8e88296f a40b5dfcf49d4ff685de5a75799e1ff2 - - default default] delete failed (client error): The resource could not be found.
2026-05-08 11:30:33.354 9 INFO neutron.wsgi [None req-8ba2c62c-a062-4e3d-a761-bfbdf75f9e6d 0904397a889c42b3ab7f2c405a8768b3 afdf55d33bf743fa8b78c28e7d662a0b - - default default] 10.0.0.139 "GET /v2.0/subnets/3faaad7d-1325-4879-8188-e2264a0e4ae4 HTTP/1.1" status: 200 len: 843 time: 0.0458305
2026-05-08 11:30:33.355 10 INFO neutron.wsgi [None req-4917978c-4ed6-4585-8eac-d51fab87ad7e 5024759dd3414a83bb2272cc8e88296f a40b5dfcf49d4ff685de5a75799e1ff2 - - default default] 10.0.0.139 "DELETE /v2.0/routers/28915092-851d-4217-bcde-287d718fed95 HTTP/1.1" status: 404 len: 336 time: 0.0313869
2026-05-08 11:30:33.378 10 INFO neutron.pecan_wsgi.hooks.translation [None req-93de4163-81a4-4396-b2ff-6fd76fe2d8f7 0904397a889c42b3ab7f2c405a8768b3 afdf55d33bf743fa8b78c28e7d662a0b - - default default] DELETE failed (client error): The resource could not be found.
2026-05-08 11:30:33.381 10 INFO neutron.wsgi [None req-93de4163-81a4-4396-b2ff-6fd76fe2d8f7 0904397a889c42b3ab7f2c405a8768b3 afdf55d33bf743fa8b78c28e7d662a0b - - default default] 10.0.0.139 "DELETE /v2.0/subnets/031d4a0b-13ba-4f44-9ef9-1449fdba745f HTTP/1.1" status: 404 len: 337 time: 0.0188844
2026-05-08 11:30:33.381 9 INFO neutron.wsgi [None req-110311c8-3a6c-4a65-b104-05d35f0ac68c 5024759dd3414a83bb2272cc8e88296f a40b5dfcf49d4ff685de5a75799e1ff2 - - default default] 10.0.0.139 "GET /v2.0/ports?device_id=85d26b5d-e2ab-47a8-8aff-be71b57212f7 HTTP/1.1" status: 200 len: 205 time: 0.0199244
2026-05-08 11:30:33.398 10 INFO neutron.pecan_wsgi.hooks.translation [None req-86edd97f-f1dc-478a-b50e-2e0dbf5739cf 0904397a889c42b3ab7f2c405a8768b3 afdf55d33bf743fa8b78c28e7d662a0b - - default default] DELETE failed (client error): The resource could not be found.
2026-05-08 11:30:33.401 10 INFO neutron.wsgi [None req-86edd97f-f1dc-478a-b50e-2e0dbf5739cf 0904397a889c42b3ab7f2c405a8768b3 afdf55d33bf743fa8b78c28e7d662a0b - - default default] 10.0.0.139 "DELETE /v2.0/networks/109714e3-433f-452d-a5ea-9c7506d3f1b5 HTTP/1.1" status: 404 len: 339 time: 0.0163176
2026-05-08 11:30:33.416 9 INFO neutron.api.v2.resource [None req-457020ed-c03b-4e7d-b20a-e41f7c3dc47d 5024759dd3414a83bb2272cc8e88296f a40b5dfcf49d4ff685de5a75799e1ff2 - - default default] delete failed (client error): The resource could not be found.
2026-05-08 11:30:33.417 9 INFO neutron.wsgi [None req-457020ed-c03b-4e7d-b20a-e41f7c3dc47d 5024759dd3414a83bb2272cc8e88296f a40b5dfcf49d4ff685de5a75799e1ff2 - - default default] 10.0.0.139 "DELETE /v2.0/routers/85d26b5d-e2ab-47a8-8aff-be71b57212f7 HTTP/1.1" status: 404 len: 336 time: 0.0305221
2026-05-08 11:30:33.446 10 INFO neutron.pecan_wsgi.hooks.translation [None req-8797f7c7-d175-44e2-beca-c9a77644c3b9 5024759dd3414a83bb2272cc8e88296f a40b5dfcf49d4ff685de5a75799e1ff2 - - default default] DELETE failed (client error): The resource could not be found.
2026-05-08 11:30:33.449 10 INFO neutron.wsgi [None req-8797f7c7-d175-44e2-beca-c9a77644c3b9 5024759dd3414a83bb2272cc8e88296f a40b5dfcf49d4ff685de5a75799e1ff2 - - default default] 10.0.0.139 "DELETE /v2.0/subnets/e1435723-e5b6-4214-9532-fe0106a241be HTTP/1.1" status: 404 len: 337 time: 0.0268550
2026-05-08 11:30:33.479 9 INFO neutron.wsgi [None req-d47d7175-7cd6-41c4-b051-58c5849a594f 5024759dd3414a83bb2272cc8e88296f a40b5dfcf49d4ff685de5a75799e1ff2 - - default default] 10.0.0.139 "GET /v2.0/ports?device_id=003d979c-06e7-4fdf-b7c2-5e3d1469bd45 HTTP/1.1" status: 200 len: 205 time: 0.0232859
2026-05-08 11:30:33.521 10 INFO neutron.api.v2.resource [None req-cdf990b3-025f-47f4-a1b3-361ac44c1876 5024759dd3414a83bb2272cc8e88296f a40b5dfcf49d4ff685de5a75799e1ff2 - - default default] delete failed (client error): The resource could not be found.
2026-05-08 11:30:33.522 10 INFO neutron.wsgi [None req-cdf990b3-025f-47f4-a1b3-361ac44c1876 5024759dd3414a83bb2272cc8e88296f a40b5dfcf49d4ff685de5a75799e1ff2 - - default default] 10.0.0.139 "DELETE /v2.0/routers/003d979c-06e7-4fdf-b7c2-5e3d1469bd45 HTTP/1.1" status: 404 len: 336 time: 0.0355041
2026-05-08 11:30:33.545 9 INFO neutron.wsgi [None req-6c2dc1a1-c6c3-4af8-9777-b640d707eee8 c5185268ed244b1ebb7e958ddc354f9d 8e9360e7f4eb4b4c97fd062bc45abafd - - default default] 10.0.0.139 "DELETE /v2.0/floatingips/08250ed0-332a-4514-861b-e67fc9c32da0 HTTP/1.1" status: 204 len: 168 time: 0.5144191
