2026-05-08 11:31:49.437 10 INFO neutron.db.ovn_revision_numbers_db [None req-d0d578e2-5742-43fa-b156-1f8b909af6ac 6ea3848738a6495e897c7f3dfe23e7ae 7185a73cb48544b29baa2112d3ea8606 - - default default] Successfully bumped revision number for resource c2704b0d-9b15-444f-9a51-174007e6f8b1 (type: ports) to 1
2026-05-08 11:31:49.452 9 INFO neutron.wsgi [None req-a776ed04-0be8-4928-b1ca-81ff84881bc2 0ae205e490ed4a7bb05c1cd576234c61 601209c985cc4d79bd725ab2ff39397e - - default default] 10.0.0.139 "PUT /v2.0/ports/80ec3094-2d21-4c7c-a8c7-95483d4916bd/tags HTTP/1.1" status: 200 len: 212 time: 0.0414877
2026-05-08 11:31:49.462 10 INFO neutron.wsgi [None req-d0d578e2-5742-43fa-b156-1f8b909af6ac 6ea3848738a6495e897c7f3dfe23e7ae 7185a73cb48544b29baa2112d3ea8606 - - default default] 10.0.0.139 "POST /v2.0/networks HTTP/1.1" status: 201 len: 831 time: 1.0455081
2026-05-08 11:31:49.470 10 WARNING neutron_lib.context [None req-fd502252-cd46-4611-92ae-cb392d992a7f 6ea3848738a6495e897c7f3dfe23e7ae 7185a73cb48544b29baa2112d3ea8606 - - default default] Method 'is_advsvc' is deprecated since 2023.2 release (neutron-lib 3.8.0) and will be removed once support for the old RBAC API policies will be removed from Neutron. Please use method 'is_service_role' instead.
2026-05-08 11:31:49.649 9 INFO neutron.wsgi [None req-c56de56c-22c1-4c2e-a2f3-01ec5a37d88f 0ae205e490ed4a7bb05c1cd576234c61 601209c985cc4d79bd725ab2ff39397e - - default default] 10.0.0.139 "GET /v2.0/ports?tags=red HTTP/1.1" status: 200 len: 2448 time: 0.1893313
2026-05-08 11:31:49.739 9 INFO neutron.wsgi [None req-836e3ba4-f99c-4513-97ef-f1d1b530a289 0ae205e490ed4a7bb05c1cd576234c61 601209c985cc4d79bd725ab2ff39397e - - default default] 10.0.0.139 "GET /v2.0/ports?tags=red%2Cblue HTTP/1.1" status: 200 len: 1708 time: 0.0796175
2026-05-08 11:31:49.821 9 INFO neutron.wsgi [None req-943b2d87-3448-4c62-8e62-d83acae7c7ac 0ae205e490ed4a7bb05c1cd576234c61 601209c985cc4d79bd725ab2ff39397e - - default default] 10.0.0.139 "GET /v2.0/ports?tags-any=blue HTTP/1.1" status: 200 len: 1708 time: 0.0783501
2026-05-08 11:31:49.873 9 INFO neutron.wsgi [None req-5a4b1e04-d210-4827-92ce-2e624a877d7d 0ae205e490ed4a7bb05c1cd576234c61 601209c985cc4d79bd725ab2ff39397e - - default default] 10.0.0.139 "GET /v2.0/ports?tags-any=red%2Cblue HTTP/1.1" status: 200 len: 2448 time: 0.0464568
2026-05-08 11:31:50.026 10 INFO neutron.wsgi [req-f15ceb52-dcbe-4864-a0f2-aae1167c77cc req-a82b606e-352c-4590-99f1-84aba59e1f64 51579c51aba84bd8ab4d768bcb4472a6 1bf85a887a48476d9c90690f8b0e884e - - default default] 199.204.45.116 "GET /v2.0/networks?id=28d137ff-0a5e-4fef-bcbd-698b8ca1749b HTTP/1.1" status: 200 len: 860 time: 0.3448389
2026-05-08 11:31:50.045 10 WARNING neutron.scheduler.dhcp_agent_scheduler [None req-fd502252-cd46-4611-92ae-cb392d992a7f 6ea3848738a6495e897c7f3dfe23e7ae 7185a73cb48544b29baa2112d3ea8606 - - default default] No more DHCP agents
2026-05-08 11:31:50.053 10 WARNING neutron.api.rpc.agentnotifiers.dhcp_rpc_agent_api [None req-fd502252-cd46-4611-92ae-cb392d992a7f 6ea3848738a6495e897c7f3dfe23e7ae 7185a73cb48544b29baa2112d3ea8606 - - default default] Unable to schedule network 731528dd-252b-4942-87ea-8eaf2f3af990: no agents available; will retry on subsequent port and subnet creation events.
2026-05-08 11:31:50.054 9 INFO neutron.wsgi [None req-fbb8180a-cadc-4faf-92ef-f1ca7d806be3 0ae205e490ed4a7bb05c1cd576234c61 601209c985cc4d79bd725ab2ff39397e - - default default] 10.0.0.139 "GET /v2.0/ports?not-tags=red HTTP/1.1" status: 200 len: 5463 time: 0.1737359
2026-05-08 11:31:50.096 9 INFO neutron.wsgi [req-73255f97-7227-4a81-a739-4f42b8470b97 req-72620a02-7558-4be9-bca6-c0c745ad08d8 51579c51aba84bd8ab4d768bcb4472a6 1bf85a887a48476d9c90690f8b0e884e - - default default] 10.0.0.192 "GET /v2.0/ports?device_id=0b19d3e0-47b0-4b67-805c-70c4c4a5bd8c HTTP/1.1" status: 200 len: 210 time: 0.0404382
2026-05-08 11:31:50.101 10 INFO neutron.wsgi [req-f15ceb52-dcbe-4864-a0f2-aae1167c77cc req-4abdc6f4-ece9-448b-bc24-5755273eb4db 51579c51aba84bd8ab4d768bcb4472a6 1bf85a887a48476d9c90690f8b0e884e - - default default] 199.204.45.116 "GET /v2.0/security-groups?fields=id&fields=name&tenant_id=1bf85a887a48476d9c90690f8b0e884e HTTP/1.1" status: 200 len: 473 time: 0.0673013
2026-05-08 11:31:50.115 10 WARNING neutron_lib.context [req-f15ceb52-dcbe-4864-a0f2-aae1167c77cc req-28af4307-8384-45b7-90f0-2e546c51c1a7 51579c51aba84bd8ab4d768bcb4472a6 1bf85a887a48476d9c90690f8b0e884e - - default default] Method 'is_advsvc' is deprecated since 2023.2 release (neutron-lib 3.8.0) and will be removed once support for the old RBAC API policies will be removed from Neutron. Please use method 'is_service_role' instead.
2026-05-08 11:31:50.167 9 INFO neutron.wsgi [None req-5191f938-3dce-4116-9bab-f2bb5c9d8052 0ae205e490ed4a7bb05c1cd576234c61 601209c985cc4d79bd725ab2ff39397e - - default default] 10.0.0.139 "GET /v2.0/ports?not-tags=red%2Cblue HTTP/1.1" status: 200 len: 6203 time: 0.1036201
2026-05-08 11:31:50.260 9 INFO neutron.wsgi [None req-42a9035c-e016-4ee0-989a-cb384e8b0c07 0ae205e490ed4a7bb05c1cd576234c61 601209c985cc4d79bd725ab2ff39397e - - default default] 10.0.0.139 "GET /v2.0/ports?not-tags-any=blue HTTP/1.1" status: 200 len: 6203 time: 0.0850620
2026-05-08 11:31:50.335 9 INFO neutron.wsgi [None req-cc73c442-9c31-431b-945a-4a02f93daaff 0ae205e490ed4a7bb05c1cd576234c61 601209c985cc4d79bd725ab2ff39397e - - default default] 10.0.0.139 "GET /v2.0/ports?not-tags-any=red%2Cblue HTTP/1.1" status: 200 len: 5463 time: 0.0698969
2026-05-08 11:31:50.591 10 WARNING neutron.scheduler.dhcp_agent_scheduler [req-f15ceb52-dcbe-4864-a0f2-aae1167c77cc req-28af4307-8384-45b7-90f0-2e546c51c1a7 51579c51aba84bd8ab4d768bcb4472a6 1bf85a887a48476d9c90690f8b0e884e - - default default] No more DHCP agents
2026-05-08 11:31:50.595 10 WARNING neutron.api.rpc.agentnotifiers.dhcp_rpc_agent_api [req-f15ceb52-dcbe-4864-a0f2-aae1167c77cc req-28af4307-8384-45b7-90f0-2e546c51c1a7 51579c51aba84bd8ab4d768bcb4472a6 1bf85a887a48476d9c90690f8b0e884e - - default default] Unable to schedule network 28d137ff-0a5e-4fef-bcbd-698b8ca1749b: no agents available; will retry on subsequent port and subnet creation events.
2026-05-08 11:31:50.612 9 INFO neutron.wsgi [None req-39005149-f485-4ec6-8185-13c44fa0a3d0 0ae205e490ed4a7bb05c1cd576234c61 601209c985cc4d79bd725ab2ff39397e - - default default] 10.0.0.139 "DELETE /v2.0/ports/13719d68-d108-432b-992f-b77fb290261c HTTP/1.1" status: 204 len: 168 time: 0.2697601
2026-05-08 11:31:50.778 10 INFO neutron.db.ovn_revision_numbers_db [None req-fd502252-cd46-4611-92ae-cb392d992a7f 6ea3848738a6495e897c7f3dfe23e7ae 7185a73cb48544b29baa2112d3ea8606 - - default default] Successfully bumped revision number for resource c2704b0d-9b15-444f-9a51-174007e6f8b1 (type: ports) to 2
2026-05-08 11:31:50.828 10 INFO neutron.db.ovn_revision_numbers_db [req-f15ceb52-dcbe-4864-a0f2-aae1167c77cc req-28af4307-8384-45b7-90f0-2e546c51c1a7 51579c51aba84bd8ab4d768bcb4472a6 1bf85a887a48476d9c90690f8b0e884e - - default default] Successfully bumped revision number for resource c59959b5-e2c8-4924-bacd-48e745be2d3b (type: ports) to 1
2026-05-08 11:31:50.832 10 INFO neutron.db.ovn_revision_numbers_db [None req-fd502252-cd46-4611-92ae-cb392d992a7f 6ea3848738a6495e897c7f3dfe23e7ae 7185a73cb48544b29baa2112d3ea8606 - - default default] Successfully bumped revision number for resource 6cef4584-981e-4b34-a2d7-fdff0e8f830f (type: subnets) to 0
2026-05-08 11:31:50.856 10 INFO neutron.wsgi [None req-fd502252-cd46-4611-92ae-cb392d992a7f 6ea3848738a6495e897c7f3dfe23e7ae 7185a73cb48544b29baa2112d3ea8606 - - default default] 10.0.0.139 "POST /v2.0/subnets HTTP/1.1" status: 201 len: 801 time: 1.3902397
2026-05-08 11:31:50.860 10 INFO neutron.wsgi [req-f15ceb52-dcbe-4864-a0f2-aae1167c77cc req-28af4307-8384-45b7-90f0-2e546c51c1a7 51579c51aba84bd8ab4d768bcb4472a6 1bf85a887a48476d9c90690f8b0e884e - - default default] 199.204.45.116 "POST /v2.0/ports HTTP/1.1" status: 201 len: 1162 time: 0.7510049 /var/lib/openstack/lib/python3.10/site-packages/pycadf/identifier.py:71: UserWarning: Invalid uuid: neutron. To ensure interoperability, identifiers should be a valid uuid. warnings.warn(('Invalid uuid: %s. To ensure interoperability, '
2026-05-08 11:31:50.918 9 INFO neutron.wsgi [None req-f7f297ba-b7b7-487f-b923-ff538ee45783 0ae205e490ed4a7bb05c1cd576234c61 601209c985cc4d79bd725ab2ff39397e - - default default] 10.0.0.139 "DELETE /v2.0/ports/45a4b647-c090-4a96-ad43-215e2b34e8e1 HTTP/1.1" status: 204 len: 168 time: 0.3008988
2026-05-08 11:31:50.957 9 INFO neutron.wsgi [None req-d83070e0-ce0b-46b8-ba38-314eed8b3502 6ea3848738a6495e897c7f3dfe23e7ae 7185a73cb48544b29baa2112d3ea8606 - - default default] 10.0.0.139 "PUT /v2.0/subnets/6cef4584-981e-4b34-a2d7-fdff0e8f830f/tags HTTP/1.1" status: 200 len: 218 time: 0.0966215
2026-05-08 11:31:51.026 10 INFO neutron.wsgi [None req-a50ee69c-e270-43b1-bae6-b3593a2e9331 6ea3848738a6495e897c7f3dfe23e7ae 7185a73cb48544b29baa2112d3ea8606 - - default default] 10.0.0.139 "GET /v2.0/subnets/6cef4584-981e-4b34-a2d7-fdff0e8f830f/tags HTTP/1.1" status: 200 len: 218 time: 0.0639627
2026-05-08 11:31:51.106 10 INFO neutron.wsgi [None req-48c069cd-c7d1-445b-a5db-60edff373fdf 6ea3848738a6495e897c7f3dfe23e7ae 7185a73cb48544b29baa2112d3ea8606 - - default default] 10.0.0.139 "PUT /v2.0/subnets/6cef4584-981e-4b34-a2d7-fdff0e8f830f/tags/green HTTP/1.1" status: 201 len: 201 time: 0.0750189
2026-05-08 11:31:51.166 10 INFO neutron.wsgi [None req-ee0d8ac4-9b73-4b25-8a16-bc5b3f0339ac 6ea3848738a6495e897c7f3dfe23e7ae 7185a73cb48544b29baa2112d3ea8606 - - default default] 10.0.0.139 "GET /v2.0/subnets/6cef4584-981e-4b34-a2d7-fdff0e8f830f/tags HTTP/1.1" status: 200 len: 227 time: 0.0548306
2026-05-08 11:31:51.174 9 INFO neutron.wsgi [None req-30495375-31ce-4a93-b690-13633fe8a870 0ae205e490ed4a7bb05c1cd576234c61 601209c985cc4d79bd725ab2ff39397e - - default default] 10.0.0.139 "DELETE /v2.0/ports/c359364b-3a8f-45c8-9d07-711ec736c07c HTTP/1.1" status: 204 len: 168 time: 0.2471087
2026-05-08 11:31:51.286 10 INFO neutron.wsgi [None req-3977b0d5-287e-4a96-ae1d-b2e461378265 6ea3848738a6495e897c7f3dfe23e7ae 7185a73cb48544b29baa2112d3ea8606 - - default default] 10.0.0.139 "PUT /v2.0/subnets/6cef4584-981e-4b34-a2d7-fdff0e8f830f/tags/red HTTP/1.1" status: 201 len: 201 time: 0.1126323 /var/lib/openstack/lib/python3.10/site-packages/pycadf/identifier.py:71: UserWarning: Invalid uuid: neutron. To ensure interoperability, identifiers should be a valid uuid. warnings.warn(('Invalid uuid: %s. To ensure interoperability, '
2026-05-08 11:31:51.338 10 INFO neutron.wsgi [req-917af334-9636-43e9-8d3a-97ce3be5c619 req-19f9eabe-bfb8-4ae8-be71-fc1efe8dcf2f 51579c51aba84bd8ab4d768bcb4472a6 1bf85a887a48476d9c90690f8b0e884e - - default default] 10.0.0.192 "GET /v2.0/ports?device_id=0b19d3e0-47b0-4b67-805c-70c4c4a5bd8c HTTP/1.1" status: 200 len: 1160 time: 0.1766407
2026-05-08 11:31:51.369 10 INFO neutron.wsgi [None req-d6fbaf96-fc14-43e1-a70f-9e02e02ec70d 6ea3848738a6495e897c7f3dfe23e7ae 7185a73cb48544b29baa2112d3ea8606 - - default default] 10.0.0.139 "GET /v2.0/subnets/6cef4584-981e-4b34-a2d7-fdff0e8f830f/tags HTTP/1.1" status: 200 len: 227 time: 0.0766795
2026-05-08 11:31:51.417 10 INFO neutron.wsgi [req-917af334-9636-43e9-8d3a-97ce3be5c619 req-9e12866b-b450-40bf-b10b-5803271354ee 51579c51aba84bd8ab4d768bcb4472a6 1bf85a887a48476d9c90690f8b0e884e - - default default] 10.0.0.192 "GET /v2.0/security-groups?id=40f663a7-86de-40c9-84e4-fa392fc42e83&fields=id&fields=name HTTP/1.1" status: 200 len: 313 time: 0.0701828
2026-05-08 11:31:51.450 9 INFO neutron.wsgi [None req-941f36af-b16e-4c5b-903d-69872c0a1810 0ae205e490ed4a7bb05c1cd576234c61 601209c985cc4d79bd725ab2ff39397e - - default default] 10.0.0.139 "DELETE /v2.0/ports/80ec3094-2d21-4c7c-a8c7-95483d4916bd HTTP/1.1" status: 204 len: 168 time: 0.2698922
2026-05-08 11:31:51.455 10 INFO neutron.wsgi [None req-3c68b6bd-428e-437d-8a73-aad225edc597 6ea3848738a6495e897c7f3dfe23e7ae 7185a73cb48544b29baa2112d3ea8606 - - default default] 10.0.0.139 "PUT /v2.0/subnets/6cef4584-981e-4b34-a2d7-fdff0e8f830f/tags/black.or.white HTTP/1.1" status: 201 len: 201 time: 0.0788927
2026-05-08 11:31:51.463 10 INFO neutron.db.ovn_revision_numbers_db [req-f15ceb52-dcbe-4864-a0f2-aae1167c77cc req-c719cd68-7fa4-44e6-8432-b6a05e378225 9417783b6ca34911a9806b335f5c894c dc8312efa7ff4747b4ee9714ff67f94f - - 7e2c30979c5149b0a9cab8a21798732c 7e2c30979c5149b0a9cab8a21798732c] Successfully bumped revision number for resource c59959b5-e2c8-4924-bacd-48e745be2d3b (type: ports) to 2
2026-05-08 11:31:51.504 10 INFO neutron.wsgi [None req-5dbc4ae5-5733-45eb-bb3c-e762f9e3b1a7 6ea3848738a6495e897c7f3dfe23e7ae 7185a73cb48544b29baa2112d3ea8606 - - default default] 10.0.0.139 "GET /v2.0/subnets/6cef4584-981e-4b34-a2d7-fdff0e8f830f/tags HTTP/1.1" status: 200 len: 245 time: 0.0445955
2026-05-08 11:31:51.606 9 INFO neutron.wsgi [None req-48de2264-d1d7-45fa-ac4f-1ba60d390ebc 6ea3848738a6495e897c7f3dfe23e7ae 7185a73cb48544b29baa2112d3ea8606 - - default default] 10.0.0.139 "PUT /v2.0/subnets/6cef4584-981e-4b34-a2d7-fdff0e8f830f/tags HTTP/1.1" status: 200 len: 230 time: 0.0956614
2026-05-08 11:31:51.672 9 INFO neutron.wsgi [None req-4777317f-f00b-43f2-8739-c094752df204 6ea3848738a6495e897c7f3dfe23e7ae 7185a73cb48544b29baa2112d3ea8606 - - default default] 10.0.0.139 "GET /v2.0/subnets/6cef4584-981e-4b34-a2d7-fdff0e8f830f/tags HTTP/1.1" status: 200 len: 230 time: 0.0575294
2026-05-08 11:31:51.694 10 INFO neutron.db.ovn_revision_numbers_db [req-f15ceb52-dcbe-4864-a0f2-aae1167c77cc req-c719cd68-7fa4-44e6-8432-b6a05e378225 9417783b6ca34911a9806b335f5c894c dc8312efa7ff4747b4ee9714ff67f94f - - 7e2c30979c5149b0a9cab8a21798732c 7e2c30979c5149b0a9cab8a21798732c] Successfully bumped revision number for resource c59959b5-e2c8-4924-bacd-48e745be2d3b (type: ports) to 2
2026-05-08 11:31:51.714 10 INFO neutron.wsgi [req-f15ceb52-dcbe-4864-a0f2-aae1167c77cc req-c719cd68-7fa4-44e6-8432-b6a05e378225 9417783b6ca34911a9806b335f5c894c dc8312efa7ff4747b4ee9714ff67f94f - - 7e2c30979c5149b0a9cab8a21798732c 7e2c30979c5149b0a9cab8a21798732c] 199.204.45.116 "PUT /v2.0/ports/c59959b5-e2c8-4924-bacd-48e745be2d3b HTTP/1.1" status: 200 len: 1380 time: 0.8477969
2026-05-08 11:31:51.729 9 INFO neutron.wsgi [None req-6839aa07-936d-4894-a700-0a2fafc1be58 6ea3848738a6495e897c7f3dfe23e7ae 7185a73cb48544b29baa2112d3ea8606 - - default default] 10.0.0.139 "GET /v2.0/subnets/6cef4584-981e-4b34-a2d7-fdff0e8f830f/tags/red HTTP/1.1" status: 204 len: 168 time: 0.0531204
2026-05-08 11:31:51.754 10 INFO neutron.notifiers.nova [-] Nova event matching ['req-beb264c4-a91e-4cb4-950c-28cc991b9087'] response: {'name': 'network-changed', 'server_uuid': '0b19d3e0-47b0-4b67-805c-70c4c4a5bd8c', 'tag': 'c59959b5-e2c8-4924-bacd-48e745be2d3b', 'status': 'completed', 'code': 200} /var/lib/openstack/lib/python3.10/site-packages/pycadf/identifier.py:71: UserWarning: Invalid uuid: neutron. To ensure interoperability, identifiers should be a valid uuid. warnings.warn(('Invalid uuid: %s. To ensure interoperability, '
2026-05-08 11:31:51.802 9 INFO neutron.wsgi [None req-7fba7dfb-0009-4399-ba83-82b6f96cae1f 0ae205e490ed4a7bb05c1cd576234c61 601209c985cc4d79bd725ab2ff39397e - - default default] 10.0.0.139 "DELETE /v2.0/ports/523c5868-a3dd-44ab-8f77-8862d2e1c9be HTTP/1.1" status: 204 len: 168 time: 0.3472929
2026-05-08 11:31:51.803 9 INFO neutron.api.v2.resource [None req-078d49a7-ef70-4869-a38c-105cd739177d 6ea3848738a6495e897c7f3dfe23e7ae 7185a73cb48544b29baa2112d3ea8606 - - default default] show failed (client error): The resource could not be found.
2026-05-08 11:31:51.803 10 INFO neutron.wsgi [req-f15ceb52-dcbe-4864-a0f2-aae1167c77cc req-949ed500-787b-4e87-8fd2-f77683fdddf5 9417783b6ca34911a9806b335f5c894c dc8312efa7ff4747b4ee9714ff67f94f - - 7e2c30979c5149b0a9cab8a21798732c 7e2c30979c5149b0a9cab8a21798732c] 199.204.45.116 "GET /v2.0/ports?tenant_id=1bf85a887a48476d9c90690f8b0e884e&device_id=0b19d3e0-47b0-4b67-805c-70c4c4a5bd8c HTTP/1.1" status: 200 len: 1411 time: 0.0423322
2026-05-08 11:31:51.804 9 INFO neutron.wsgi [None req-078d49a7-ef70-4869-a38c-105cd739177d 6ea3848738a6495e897c7f3dfe23e7ae 7185a73cb48544b29baa2112d3ea8606 - - default default] 10.0.0.139 "GET /v2.0/subnets/6cef4584-981e-4b34-a2d7-fdff0e8f830f/tags/green HTTP/1.1" status: 404 len: 299 time: 0.0695145
2026-05-08 11:31:51.851 10 INFO neutron.wsgi [req-f15ceb52-dcbe-4864-a0f2-aae1167c77cc req-a64716c6-c1ec-423b-a44b-2cec7a164cf7 9417783b6ca34911a9806b335f5c894c dc8312efa7ff4747b4ee9714ff67f94f - - 7e2c30979c5149b0a9cab8a21798732c 7e2c30979c5149b0a9cab8a21798732c] 199.204.45.116 "GET /v2.0/floatingips?fixed_ip_address=10.100.0.14&port_id=c59959b5-e2c8-4924-bacd-48e745be2d3b HTTP/1.1" status: 200 len: 217 time: 0.0356615
2026-05-08 11:31:51.892 10 INFO neutron.wsgi [req-f15ceb52-dcbe-4864-a0f2-aae1167c77cc req-fde7308e-84ae-4b97-9e43-3618e20d9f44 9417783b6ca34911a9806b335f5c894c dc8312efa7ff4747b4ee9714ff67f94f - - 7e2c30979c5149b0a9cab8a21798732c 7e2c30979c5149b0a9cab8a21798732c] 199.204.45.116 "GET /v2.0/subnets?id=db75ad73-479b-4a3b-aeec-feb0f64c125c HTTP/1.1" status: 200 len: 852 time: 0.0364919
2026-05-08 11:31:51.895 10 INFO neutron.wsgi [None req-68b7e307-adce-4f93-ac3f-e5989153ad33 6ea3848738a6495e897c7f3dfe23e7ae 7185a73cb48544b29baa2112d3ea8606 - - default default] 10.0.0.139 "DELETE /v2.0/subnets/6cef4584-981e-4b34-a2d7-fdff0e8f830f/tags/red HTTP/1.1" status: 204 len: 168 time: 0.0851691
2026-05-08 11:31:51.919 10 INFO neutron.wsgi [req-f15ceb52-dcbe-4864-a0f2-aae1167c77cc req-48add3c1-1fc9-4ba1-89bb-129c8c0e2f26 9417783b6ca34911a9806b335f5c894c dc8312efa7ff4747b4ee9714ff67f94f - - 7e2c30979c5149b0a9cab8a21798732c 7e2c30979c5149b0a9cab8a21798732c] 199.204.45.116 "GET /v2.0/ports?network_id=28d137ff-0a5e-4fef-bcbd-698b8ca1749b&device_owner=network%3Adhcp HTTP/1.1" status: 200 len: 210 time: 0.0209188
2026-05-08 11:31:51.946 9 INFO neutron.wsgi [None req-5eade8d1-cf53-4d8d-ad1e-1957c6c9d685 6ea3848738a6495e897c7f3dfe23e7ae 7185a73cb48544b29baa2112d3ea8606 - - default default] 10.0.0.139 "GET /v2.0/subnets/6cef4584-981e-4b34-a2d7-fdff0e8f830f/tags HTTP/1.1" status: 200 len: 223 time: 0.0439031
2026-05-08 11:31:51.985 10 INFO neutron.wsgi [req-f15ceb52-dcbe-4864-a0f2-aae1167c77cc req-a47f0186-0f60-4f19-86d4-a2c1e03cdcbc 9417783b6ca34911a9806b335f5c894c dc8312efa7ff4747b4ee9714ff67f94f - - 7e2c30979c5149b0a9cab8a21798732c 7e2c30979c5149b0a9cab8a21798732c] 199.204.45.116 "GET /v2.0/networks/28d137ff-0a5e-4fef-bcbd-698b8ca1749b?fields=segments HTTP/1.1" status: 200 len: 212 time: 0.0573480
2026-05-08 11:31:52.007 9 INFO neutron.api.v2.resource [None req-69f7de6c-d21b-4629-b37c-487a924f598a 6ea3848738a6495e897c7f3dfe23e7ae 7185a73cb48544b29baa2112d3ea8606 - - default default] delete failed (client error): The resource could not be found.
2026-05-08 11:31:52.009 9 INFO neutron.wsgi [None req-69f7de6c-d21b-4629-b37c-487a924f598a 6ea3848738a6495e897c7f3dfe23e7ae 7185a73cb48544b29baa2112d3ea8606 - - default default] 10.0.0.139 "DELETE /v2.0/subnets/6cef4584-981e-4b34-a2d7-fdff0e8f830f/tags/green HTTP/1.1" status: 404 len: 299 time: 0.0584195
2026-05-08 11:31:52.059 10 INFO neutron.wsgi [req-f15ceb52-dcbe-4864-a0f2-aae1167c77cc req-874fb67f-5e07-48ec-9e77-e917ff7dd249 9417783b6ca34911a9806b335f5c894c dc8312efa7ff4747b4ee9714ff67f94f - - 7e2c30979c5149b0a9cab8a21798732c 7e2c30979c5149b0a9cab8a21798732c] 199.204.45.116 "GET /v2.0/networks/28d137ff-0a5e-4fef-bcbd-698b8ca1749b?fields=provider%3Aphysical_network&fields=provider%3Anetwork_type HTTP/1.1" status: 200 len: 277 time: 0.0678205
2026-05-08 11:31:52.086 9 INFO neutron.wsgi [None req-bdb303c7-2632-47ca-b716-6ab66fd56abe 6ea3848738a6495e897c7f3dfe23e7ae 7185a73cb48544b29baa2112d3ea8606 - - default default] 10.0.0.139 "DELETE /v2.0/subnets/6cef4584-981e-4b34-a2d7-fdff0e8f830f/tags HTTP/1.1" status: 204 len: 168 time: 0.0720818
2026-05-08 11:31:52.142 9 INFO neutron.wsgi [None req-4d50a6ff-df5a-419d-a755-37a324da50f1 6ea3848738a6495e897c7f3dfe23e7ae 7185a73cb48544b29baa2112d3ea8606 - - default default] 10.0.0.139 "GET /v2.0/subnets/6cef4584-981e-4b34-a2d7-fdff0e8f830f/tags HTTP/1.1" status: 200 len: 205 time: 0.0507619
2026-05-08 11:31:52.144 10 INFO neutron.wsgi [req-70b5a8be-f9f9-4394-9cd5-116644a3ed92 req-f523da44-e309-4fbe-9f69-50b08c6b810c 9417783b6ca34911a9806b335f5c894c dc8312efa7ff4747b4ee9714ff67f94f - - 7e2c30979c5149b0a9cab8a21798732c 7e2c30979c5149b0a9cab8a21798732c] 199.204.45.116 "GET /v2.0/ports?tenant_id=1bf85a887a48476d9c90690f8b0e884e&device_id=0b19d3e0-47b0-4b67-805c-70c4c4a5bd8c HTTP/1.1" status: 200 len: 1411 time: 0.0426869
2026-05-08 11:31:52.244 9 INFO neutron.services.segments.plugin [-] Segment 7ec653f5-0c76-497b-a32e-502f02684ae3 resource provider aggregate not found
2026-05-08 11:31:52.250 9 INFO neutron.services.segments.plugin [-] Segment 7ec653f5-0c76-497b-a32e-502f02684ae3 resource provider aggregate not found
2026-05-08 11:31:52.262 9 INFO neutron.services.segments.plugin [-] Segment 7ec653f5-0c76-497b-a32e-502f02684ae3 resource provider not found; error: Placement Client Error (4xx): {"errors": [{"status": 404, "title": "Not Found", "detail": "The resource could not be found.\n\n No resource provider with uuid 7ec653f5-0c76-497b-a32e-502f02684ae3 found for delete ", "request_id": "req-a22257bf-36a0-4e36-97c4-b546e777dad6"}]}
2026-05-08 11:31:52.268 9 INFO neutron.services.segments.plugin [-] Segment 7ec653f5-0c76-497b-a32e-502f02684ae3 resource provider not found; error: Placement Client Error (4xx): {"errors": [{"status": 404, "title": "Not Found", "detail": "The resource could not be found.\n\n No resource provider with uuid 7ec653f5-0c76-497b-a32e-502f02684ae3 found for delete ", "request_id": "req-1c5a0021-7e7b-4d46-8446-60621564d34c"}]}
2026-05-08 11:31:52.279 10 INFO neutron.wsgi [req-70b5a8be-f9f9-4394-9cd5-116644a3ed92 req-598f677b-4d06-46ca-b699-0b2a402127ae 9417783b6ca34911a9806b335f5c894c dc8312efa7ff4747b4ee9714ff67f94f - - 7e2c30979c5149b0a9cab8a21798732c 7e2c30979c5149b0a9cab8a21798732c] 199.204.45.116 "GET /v2.0/networks?id=28d137ff-0a5e-4fef-bcbd-698b8ca1749b HTTP/1.1" status: 200 len: 959 time: 0.1151791
2026-05-08 11:31:52.290 10 INFO neutron.plugins.ml2.drivers.ovn.mech_driver.mech_driver [None req-00fd083b-e1ad-463c-b35c-dbf466fe6291 - - - - - -] OVN reports status up for port: c59959b5-e2c8-4924-bacd-48e745be2d3b
2026-05-08 11:31:52.291 9 INFO neutron.wsgi [None req-5cf363a9-e4c5-4ea3-9219-6ff3a9318964 0ae205e490ed4a7bb05c1cd576234c61 601209c985cc4d79bd725ab2ff39397e - - default default] 10.0.0.139 "DELETE /v2.0/networks/34bf652e-ef16-4c30-adc4-0f3ad2650415 HTTP/1.1" status: 204 len: 168 time: 0.4838128
2026-05-08 11:31:52.329 10 INFO neutron.wsgi [req-70b5a8be-f9f9-4394-9cd5-116644a3ed92 req-a9991028-f488-42ea-a4b0-2e5c7a0236bf 9417783b6ca34911a9806b335f5c894c dc8312efa7ff4747b4ee9714ff67f94f - - 7e2c30979c5149b0a9cab8a21798732c 7e2c30979c5149b0a9cab8a21798732c] 199.204.45.116 "GET /v2.0/floatingips?fixed_ip_address=10.100.0.14&port_id=c59959b5-e2c8-4924-bacd-48e745be2d3b HTTP/1.1" status: 200 len: 217 time: 0.0392239
2026-05-08 11:31:52.332 10 INFO neutron.plugins.ml2.plugin [None req-00fd083b-e1ad-463c-b35c-dbf466fe6291 - - - - - -] Attempt 1 to provision port c59959b5-e2c8-4924-bacd-48e745be2d3b
2026-05-08 11:31:52.414 10 INFO neutron.wsgi [req-70b5a8be-f9f9-4394-9cd5-116644a3ed92 req-b1981f1d-73f8-47b2-88ff-11094c7548b5 9417783b6ca34911a9806b335f5c894c dc8312efa7ff4747b4ee9714ff67f94f - - 7e2c30979c5149b0a9cab8a21798732c 7e2c30979c5149b0a9cab8a21798732c] 199.204.45.116 "GET /v2.0/subnets?id=db75ad73-479b-4a3b-aeec-feb0f64c125c HTTP/1.1" status: 200 len: 852 time: 0.0704854
2026-05-08 11:31:52.453 10 INFO neutron.wsgi [req-70b5a8be-f9f9-4394-9cd5-116644a3ed92 req-fe74a90f-ce3f-4fb4-8fda-b3fc283da474 9417783b6ca34911a9806b335f5c894c dc8312efa7ff4747b4ee9714ff67f94f - - 7e2c30979c5149b0a9cab8a21798732c 7e2c30979c5149b0a9cab8a21798732c] 199.204.45.116 "GET /v2.0/ports?network_id=28d137ff-0a5e-4fef-bcbd-698b8ca1749b&device_owner=network%3Adhcp HTTP/1.1" status: 200 len: 210 time: 0.0270827
2026-05-08 11:31:52.704 9 INFO neutron.wsgi [None req-f2be4b09-190d-404c-a2d1-77b4dea0d2a2 0ae205e490ed4a7bb05c1cd576234c61 601209c985cc4d79bd725ab2ff39397e - - default default] 10.0.0.139 "DELETE /v2.0/networks/282286d1-a14e-451d-a7eb-52286c605818 HTTP/1.1" status: 204 len: 168 time: 0.4043491
2026-05-08 11:31:52.822 10 INFO neutron.wsgi [req-4c5be70a-1ab9-47b6-9bd6-00cb08106f39 req-966f4e3c-c484-4354-99b6-6dc980c215b7 51579c51aba84bd8ab4d768bcb4472a6 1bf85a887a48476d9c90690f8b0e884e - - default default] 10.0.0.192 "GET /v2.0/ports?device_id=0b19d3e0-47b0-4b67-805c-70c4c4a5bd8c HTTP/1.1" status: 200 len: 1172 time: 0.3257406
2026-05-08 11:31:52.838 10 INFO neutron.wsgi [None req-ff34205c-5b07-4705-989a-1e94e03ff63b 6ea3848738a6495e897c7f3dfe23e7ae 7185a73cb48544b29baa2112d3ea8606 - - default default] 10.0.0.139 "DELETE /v2.0/subnets/6cef4584-981e-4b34-a2d7-fdff0e8f830f HTTP/1.1" status: 204 len: 168 time: 0.6851885
2026-05-08 11:31:52.862 10 INFO neutron.wsgi [req-70b5a8be-f9f9-4394-9cd5-116644a3ed92 req-8645aab2-e549-4c68-a49a-e96dcd9d74fb 9417783b6ca34911a9806b335f5c894c dc8312efa7ff4747b4ee9714ff67f94f - - 7e2c30979c5149b0a9cab8a21798732c 7e2c30979c5149b0a9cab8a21798732c] 199.204.45.116 "GET /v2.0/networks/28d137ff-0a5e-4fef-bcbd-698b8ca1749b?fields=segments HTTP/1.1" status: 200 len: 212 time: 0.3978410
2026-05-08 11:31:52.929 10 INFO neutron.wsgi [req-4c5be70a-1ab9-47b6-9bd6-00cb08106f39 req-b40b4235-dddd-4e46-9778-71c240fe52bc 51579c51aba84bd8ab4d768bcb4472a6 1bf85a887a48476d9c90690f8b0e884e - - default default] 10.0.0.192 "GET /v2.0/security-groups?id=40f663a7-86de-40c9-84e4-fa392fc42e83&fields=id&fields=name HTTP/1.1" status: 200 len: 313 time: 0.0959857
2026-05-08 11:31:52.947 10 INFO neutron.wsgi [req-70b5a8be-f9f9-4394-9cd5-116644a3ed92 req-8c93bad9-f365-458d-86a2-d69392071adc 9417783b6ca34911a9806b335f5c894c dc8312efa7ff4747b4ee9714ff67f94f - - 7e2c30979c5149b0a9cab8a21798732c 7e2c30979c5149b0a9cab8a21798732c] 199.204.45.116 "GET /v2.0/networks/28d137ff-0a5e-4fef-bcbd-698b8ca1749b?fields=provider%3Aphysical_network&fields=provider%3Anetwork_type HTTP/1.1" status: 200 len: 277 time: 0.0743065
2026-05-08 11:31:53.064 10 INFO neutron.db.ovn_revision_numbers_db [None req-00fd083b-e1ad-463c-b35c-dbf466fe6291 - - - - - -] Successfully bumped revision number for resource c59959b5-e2c8-4924-bacd-48e745be2d3b (type: ports) to 4
2026-05-08 11:31:53.405 9 INFO neutron.wsgi [None req-4b68be15-b8e1-4808-833f-25857cfb5fac 0ae205e490ed4a7bb05c1cd576234c61 601209c985cc4d79bd725ab2ff39397e - - default default] 10.0.0.139 "DELETE /v2.0/networks/ce13cb2f-585d-4175-a1d8-8810951e5918 HTTP/1.1" status: 204 len: 168 time: 0.6944547
2026-05-08 11:31:53.594 9 INFO neutron.wsgi [None req-d184f1cb-16ab-448c-b596-fde6b183e1e5 6ea3848738a6495e897c7f3dfe23e7ae 7185a73cb48544b29baa2112d3ea8606 - - default default] 10.0.0.139 "DELETE /v2.0/networks/731528dd-252b-4942-87ea-8eaf2f3af990 HTTP/1.1" status: 204 len: 168 time: 0.7453096
2026-05-08 11:31:53.805 10 INFO neutron.notifiers.nova [-] Nova event matching ['req-3345f185-8dff-41fa-a145-21985976f826'] response: {'server_uuid': '0b19d3e0-47b0-4b67-805c-70c4c4a5bd8c', 'name': 'network-vif-plugged', 'status': 'completed', 'tag': 'c59959b5-e2c8-4924-bacd-48e745be2d3b', 'code': 200}
2026-05-08 11:31:53.806 10 INFO neutron.notifiers.nova [-] Nova event matching ['req-3345f185-8dff-41fa-a145-21985976f826'] response: {'server_uuid': '0b19d3e0-47b0-4b67-805c-70c4c4a5bd8c', 'name': 'network-vif-plugged', 'status': 'completed', 'tag': 'c59959b5-e2c8-4924-bacd-48e745be2d3b', 'code': 200}
2026-05-08 11:31:53.855 9 INFO neutron.wsgi [None req-9ebe7df4-3bd9-4759-92c9-59b78a399efd 0ae205e490ed4a7bb05c1cd576234c61 601209c985cc4d79bd725ab2ff39397e - - default default] 10.0.0.139 "DELETE /v2.0/networks/8c1167a1-d447-44bb-98e9-32ae071ec9e9 HTTP/1.1" status: 204 len: 168 time: 0.4421728 /var/lib/openstack/lib/python3.10/site-packages/pycadf/identifier.py:71: UserWarning: Invalid uuid: neutron. To ensure interoperability, identifiers should be a valid uuid. warnings.warn(('Invalid uuid: %s. To ensure interoperability, '
2026-05-08 11:31:54.062 10 INFO neutron.wsgi [req-aaf23e95-f754-4cdd-9469-cc6cf9a61041 req-850f30cb-c794-477e-a70c-e3465329a755 51579c51aba84bd8ab4d768bcb4472a6 1bf85a887a48476d9c90690f8b0e884e - - default default] 10.0.0.192 "GET /v2.0/ports?device_id=0b19d3e0-47b0-4b67-805c-70c4c4a5bd8c HTTP/1.1" status: 200 len: 1174 time: 0.0522628
2026-05-08 11:31:54.125 10 INFO neutron.wsgi [req-aaf23e95-f754-4cdd-9469-cc6cf9a61041 req-1aee443b-6bf3-4b7e-9d71-9917daed5fea 51579c51aba84bd8ab4d768bcb4472a6 1bf85a887a48476d9c90690f8b0e884e - - default default] 10.0.0.192 "GET /v2.0/security-groups?id=40f663a7-86de-40c9-84e4-fa392fc42e83&fields=id&fields=name HTTP/1.1" status: 200 len: 313 time: 0.0548530
2026-05-08 11:31:54.288 9 INFO neutron.services.segments.plugin [-] Segment 882c75f6-09d0-483d-ba3e-0344e5e1c6ce resource provider aggregate not found
2026-05-08 11:31:54.298 9 INFO neutron.services.segments.plugin [-] Segment 882c75f6-09d0-483d-ba3e-0344e5e1c6ce resource provider aggregate not found
2026-05-08 11:31:54.308 9 INFO neutron.services.segments.plugin [-] Segment 882c75f6-09d0-483d-ba3e-0344e5e1c6ce resource provider not found; error: Placement Client Error (4xx): {"errors": [{"status": 404, "title": "Not Found", "detail": "The resource could not be found.\n\n No resource provider with uuid 882c75f6-09d0-483d-ba3e-0344e5e1c6ce found for delete ", "request_id": "req-7d95277f-8b16-451e-b6d4-278c32ab0bda"}]}
2026-05-08 11:31:54.315 9 INFO neutron.services.segments.plugin [-] Segment 882c75f6-09d0-483d-ba3e-0344e5e1c6ce resource provider not found; error: Placement Client Error (4xx): {"errors": [{"status": 404, "title": "Not Found", "detail": "The resource could not be found.\n\n No resource provider with uuid 882c75f6-09d0-483d-ba3e-0344e5e1c6ce found for delete ", "request_id": "req-c531f9c7-42a2-4b5a-9a07-8898be91343d"}]}
2026-05-08 11:31:54.316 10 INFO neutron.services.segments.plugin [-] Segment aa41e6ba-0f56-4cd8-a84f-cd09e138d895 resource provider aggregate not found
2026-05-08 11:31:54.324 10 INFO neutron.services.segments.plugin [-] Segment aa41e6ba-0f56-4cd8-a84f-cd09e138d895 resource provider aggregate not found
2026-05-08 11:31:54.324 9 INFO neutron.services.segments.plugin [-] Segment f401b682-6d15-4983-8aca-8ce04f2d0854 resource provider aggregate not found
2026-05-08 11:31:54.331 9 INFO neutron.services.segments.plugin [-] Segment f401b682-6d15-4983-8aca-8ce04f2d0854 resource provider aggregate not found
2026-05-08 11:31:54.333 10 INFO neutron.services.segments.plugin [-] Segment aa41e6ba-0f56-4cd8-a84f-cd09e138d895 resource provider not found; error: Placement Client Error (4xx): {"errors": [{"status": 404, "title": "Not Found", "detail": "The resource could not be found.\n\n No resource provider with uuid aa41e6ba-0f56-4cd8-a84f-cd09e138d895 found for delete ", "request_id": "req-c4368272-a02b-4d7f-a1b6-daa25b2d05d9"}]}
2026-05-08 11:31:54.338 9 INFO neutron.services.segments.plugin [-] Segment f401b682-6d15-4983-8aca-8ce04f2d0854 resource provider not found; error: Placement Client Error (4xx): {"errors": [{"status": 404, "title": "Not Found", "detail": "The resource could not be found.\n\n No resource provider with uuid f401b682-6d15-4983-8aca-8ce04f2d0854 found for delete ", "request_id": "req-68583009-75cb-40c6-822d-c69ac89fc48a"}]}
2026-05-08 11:31:54.343 10 INFO neutron.services.segments.plugin [-] Segment aa41e6ba-0f56-4cd8-a84f-cd09e138d895 resource provider not found; error: Placement Client Error (4xx): {"errors": [{"status": 404, "title": "Not Found", "detail": "The resource could not be found.\n\n No resource provider with uuid aa41e6ba-0f56-4cd8-a84f-cd09e138d895 found for delete ", "request_id": "req-4d737c08-a8fb-454d-a12a-db1e519b89ee"}]}
2026-05-08 11:31:54.347 9 INFO neutron.services.segments.plugin [-] Segment f401b682-6d15-4983-8aca-8ce04f2d0854 resource provider not found; error: Placement Client Error (4xx): {"errors": [{"status": 404, "title": "Not Found", "detail": "The resource could not be found.\n\n No resource provider with uuid f401b682-6d15-4983-8aca-8ce04f2d0854 found for delete ", "request_id": "req-cdd0d1a7-ee9f-4ec6-9621-ad702ab36611"}]}
2026-05-08 11:31:54.352 9 INFO neutron.services.segments.plugin [-] Segment 784b6e01-8fcb-4b78-8523-c209606e2aa7 resource provider aggregate not found
2026-05-08 11:31:54.353 10 INFO neutron.wsgi [None req-8945c66f-14d7-4b95-8fa9-50a4164190d1 0ae205e490ed4a7bb05c1cd576234c61 601209c985cc4d79bd725ab2ff39397e - - default default] 10.0.0.139 "DELETE /v2.0/networks/b3f7269c-ad5c-488a-aee0-1829faac4859 HTTP/1.1" status: 204 len: 168 time: 0.4855545
2026-05-08 11:31:54.362 9 INFO neutron.services.segments.plugin [-] Segment 784b6e01-8fcb-4b78-8523-c209606e2aa7 resource provider aggregate not found
2026-05-08 11:31:54.370 9 INFO neutron.services.segments.plugin [-] Segment 784b6e01-8fcb-4b78-8523-c209606e2aa7 resource provider not found; error: Placement Client Error (4xx): {"errors": [{"status": 404, "title": "Not Found", "detail": "The resource could not be found.\n\n No resource provider with uuid 784b6e01-8fcb-4b78-8523-c209606e2aa7 found for delete ", "request_id": "req-2c19379a-dc57-4cd3-b97f-8af1bf43b87a"}]}
2026-05-08 11:31:54.376 9 INFO neutron.services.segments.plugin [-] Segment 784b6e01-8fcb-4b78-8523-c209606e2aa7 resource provider not found; error: Placement Client Error (4xx): {"errors": [{"status": 404, "title": "Not Found", "detail": "The resource could not be found.\n\n No resource provider with uuid 784b6e01-8fcb-4b78-8523-c209606e2aa7 found for delete ", "request_id": "req-7356183c-f741-488f-a3fb-87a849587a79"}]}
2026-05-08 11:31:54.385 9 INFO neutron.services.segments.plugin [-] Segment 6f767aae-d0b4-41f2-b720-0c0e5a108f44 resource provider aggregate not found
2026-05-08 11:31:54.390 9 INFO neutron.services.segments.plugin [-] Segment 6f767aae-d0b4-41f2-b720-0c0e5a108f44 resource provider aggregate not found
2026-05-08 11:31:54.401 9 INFO neutron.services.segments.plugin [-] Segment 6f767aae-d0b4-41f2-b720-0c0e5a108f44 resource provider not found; error: Placement Client Error (4xx): {"errors": [{"status": 404, "title": "Not Found", "detail": "The resource could not be found.\n\n No resource provider with uuid 6f767aae-d0b4-41f2-b720-0c0e5a108f44 found for delete ", "request_id": "req-ddeb67de-fdae-4dfa-944c-3670daf679fb"}]}
2026-05-08 11:31:54.408 9 INFO neutron.services.segments.plugin [-] Segment 6f767aae-d0b4-41f2-b720-0c0e5a108f44 resource provider not found; error: Placement Client Error (4xx): {"errors": [{"status": 404, "title": "Not Found", "detail": "The resource could not be found.\n\n No resource provider with uuid 6f767aae-d0b4-41f2-b720-0c0e5a108f44 found for delete ", "request_id": "req-2bef4ef9-000a-4a3e-8023-a4b3bdb46511"}]}
2026-05-08 11:31:54.649 9 INFO neutron.wsgi [None req-31541072-9655-489d-9c25-e3cb0a27c5f1 cdde802451324f03b5d6f3a36e72db0f ae18359b93bb40dab5168e6c42c9c622 - - default default] 10.0.0.139 "GET /v2.0/security-groups?tenant_id=7185a73cb48544b29baa2112d3ea8606&name=default HTTP/1.1" status: 200 len: 3120 time: 0.2904625
2026-05-08 11:31:54.912 9 INFO neutron.wsgi [None req-a93dcab9-bf4f-4daa-8cbc-07f61c1afb36 cdde802451324f03b5d6f3a36e72db0f ae18359b93bb40dab5168e6c42c9c622 - - default default] 10.0.0.139 "DELETE /v2.0/security-groups/3705ccd8-924c-46a3-9f4b-fb3cc75d4c5f HTTP/1.1" status: 204 len: 168 time: 0.2574160
2026-05-08 11:31:55.204 10 INFO neutron.db.ovn_revision_numbers_db [None req-68e578e1-806d-42b6-b5cf-498921a53afd cdde802451324f03b5d6f3a36e72db0f ae18359b93bb40dab5168e6c42c9c622 - - default default] Successfully bumped revision number for resource 86173ae2-e989-42f1-be6a-402d5582415c (type: security_groups) to 1
2026-05-08 11:31:55.215 10 INFO neutron.db.ovn_revision_numbers_db [None req-68e578e1-806d-42b6-b5cf-498921a53afd cdde802451324f03b5d6f3a36e72db0f ae18359b93bb40dab5168e6c42c9c622 - - default default] Successfully bumped revision number for resource 257612ab-8253-44d1-97a5-3830d851eca5 (type: security_group_rules) to 0
2026-05-08 11:31:55.228 10 INFO neutron.db.ovn_revision_numbers_db [None req-68e578e1-806d-42b6-b5cf-498921a53afd cdde802451324f03b5d6f3a36e72db0f ae18359b93bb40dab5168e6c42c9c622 - - default default] Successfully bumped revision number for resource 5b9936d4-8f78-4229-a0cb-59f92a88e5f7 (type: security_group_rules) to 0
2026-05-08 11:31:55.243 10 INFO neutron.db.ovn_revision_numbers_db [None req-68e578e1-806d-42b6-b5cf-498921a53afd cdde802451324f03b5d6f3a36e72db0f ae18359b93bb40dab5168e6c42c9c622 - - default default] Successfully bumped revision number for resource 8a5c1bb3-2e4e-4dcc-a8ec-c633f7ed01fa (type: security_group_rules) to 0
2026-05-08 11:31:55.259 10 INFO neutron.db.ovn_revision_numbers_db [None req-68e578e1-806d-42b6-b5cf-498921a53afd cdde802451324f03b5d6f3a36e72db0f ae18359b93bb40dab5168e6c42c9c622 - - default default] Successfully bumped revision number for resource cde826fd-5991-484f-bf29-e191e993ae3d (type: security_group_rules) to 0
2026-05-08 11:31:55.279 10 INFO neutron.wsgi [None req-68e578e1-806d-42b6-b5cf-498921a53afd cdde802451324f03b5d6f3a36e72db0f ae18359b93bb40dab5168e6c42c9c622 - - default default] 10.0.0.139 "GET /v2.0/security-groups?tenant_id=f1096783acbe4c82bf74d268ca431c59&name=default HTTP/1.1" status: 200 len: 3120 time: 0.2184005
2026-05-08 11:31:55.321 9 INFO neutron.wsgi [req-cbca9a2a-8673-4735-a893-1f1cbac67348 req-52932cbe-2e2f-4bbe-8b17-dcc3a9b2ef65 51579c51aba84bd8ab4d768bcb4472a6 1bf85a887a48476d9c90690f8b0e884e - - default default] 10.0.0.192 "GET /v2.0/ports?device_id=0b19d3e0-47b0-4b67-805c-70c4c4a5bd8c HTTP/1.1" status: 200 len: 1174 time: 0.1132979
2026-05-08 11:31:55.396 9 INFO neutron.wsgi [req-cbca9a2a-8673-4735-a893-1f1cbac67348 req-c2b0d915-e6a9-44eb-8a5b-19b34d718ec9 51579c51aba84bd8ab4d768bcb4472a6 1bf85a887a48476d9c90690f8b0e884e - - default default] 10.0.0.192 "GET /v2.0/security-groups?id=40f663a7-86de-40c9-84e4-fa392fc42e83&fields=id&fields=name HTTP/1.1" status: 200 len: 313 time: 0.0668652
2026-05-08 11:31:55.409 9 INFO neutron.wsgi [None req-6698c760-4d89-41f1-b716-ccdc8a6a480f cdde802451324f03b5d6f3a36e72db0f ae18359b93bb40dab5168e6c42c9c622 - - default default] 10.0.0.139 "GET /v2.0/security-groups?tenant_id=601209c985cc4d79bd725ab2ff39397e&name=default HTTP/1.1" status: 200 len: 3120 time: 0.2564909
2026-05-08 11:31:55.489 10 INFO neutron.wsgi [req-ab3471bb-5de9-4f24-9b68-4a61f39d58d7 req-f48a0379-a4a0-432e-88aa-d386f12b10b2 51579c51aba84bd8ab4d768bcb4472a6 1bf85a887a48476d9c90690f8b0e884e - - default default] 10.0.0.192 "GET /v2.0/ports?device_id=0b19d3e0-47b0-4b67-805c-70c4c4a5bd8c HTTP/1.1" status: 200 len: 1174 time: 0.0391574
2026-05-08 11:31:55.565 10 INFO neutron.wsgi [req-ab3471bb-5de9-4f24-9b68-4a61f39d58d7 req-cda3a510-a554-480e-94b6-f655239dd0d5 51579c51aba84bd8ab4d768bcb4472a6 1bf85a887a48476d9c90690f8b0e884e - - default default] 10.0.0.192 "GET /v2.0/security-groups?id=40f663a7-86de-40c9-84e4-fa392fc42e83&fields=id&fields=name HTTP/1.1" status: 200 len: 313 time: 0.0702243
2026-05-08 11:31:55.571 9 INFO neutron.wsgi [None req-d49470f4-62d6-4637-bde7-fe946732bdd0 cdde802451324f03b5d6f3a36e72db0f ae18359b93bb40dab5168e6c42c9c622 - - default default] 10.0.0.139 "DELETE /v2.0/security-groups/86173ae2-e989-42f1-be6a-402d5582415c HTTP/1.1" status: 204 len: 168 time: 0.2858362
2026-05-08 11:31:55.652 10 INFO neutron.wsgi [None req-838f86c1-69e4-4d3a-919c-bce7fa16782e 861a99a3b68843e3bfc1b1d708434881 d6a8cc5b2587490daed59db2b03d8c6c - - default default] 10.0.0.139 "GET /v2.0/ports?device_id=0b19d3e0-47b0-4b67-805c-70c4c4a5bd8c HTTP/1.1" status: 200 len: 1408 time: 0.0602484
2026-05-08 11:31:55.735 10 INFO neutron.wsgi [None req-db7568d0-05e9-4820-8a2a-30cd3171752c cdde802451324f03b5d6f3a36e72db0f ae18359b93bb40dab5168e6c42c9c622 - - default default] 10.0.0.139 "DELETE /v2.0/security-groups/6eb48ecf-5bdd-4232-bac2-92fa56c3e4bc HTTP/1.1" status: 204 len: 168 time: 0.3212972
2026-05-08 11:31:56.051 10 INFO neutron.db.ovn_revision_numbers_db [None req-2bf8ac6a-e103-4e78-b827-f40a05c49957 cdde802451324f03b5d6f3a36e72db0f ae18359b93bb40dab5168e6c42c9c622 - - default default] Successfully bumped revision number for resource 61659dc3-e6f3-4b70-a33e-e479b132bd26 (type: security_groups) to 1
2026-05-08 11:31:56.066 10 INFO neutron.db.ovn_revision_numbers_db [None req-2bf8ac6a-e103-4e78-b827-f40a05c49957 cdde802451324f03b5d6f3a36e72db0f ae18359b93bb40dab5168e6c42c9c622 - - default default] Successfully bumped revision number for resource 2d64a8b7-4c51-46fb-8534-c9b33d949cb9 (type: security_group_rules) to 0
2026-05-08 11:31:56.085 10 INFO neutron.db.ovn_revision_numbers_db [None req-2bf8ac6a-e103-4e78-b827-f40a05c49957 cdde802451324f03b5d6f3a36e72db0f ae18359b93bb40dab5168e6c42c9c622 - - default default] Successfully bumped revision number for resource 7e51c3d3-d3a5-4a45-ba91-7d2531dfa30e (type: security_group_rules) to 0
2026-05-08 11:31:56.101 10 INFO neutron.db.ovn_revision_numbers_db [None req-2bf8ac6a-e103-4e78-b827-f40a05c49957 cdde802451324f03b5d6f3a36e72db0f ae18359b93bb40dab5168e6c42c9c622 - - default default] Successfully bumped revision number for resource 93b1f365-4363-41ea-a14a-e42138ef37f2 (type: security_group_rules) to 0
2026-05-08 11:31:56.113 10 INFO neutron.db.ovn_revision_numbers_db [None req-2bf8ac6a-e103-4e78-b827-f40a05c49957 cdde802451324f03b5d6f3a36e72db0f ae18359b93bb40dab5168e6c42c9c622 - - default default] Successfully bumped revision number for resource dae810bf-6c3d-49f3-8106-299aaf61961e (type: security_group_rules) to 0
2026-05-08 11:31:56.142 10 INFO neutron.wsgi [None req-2bf8ac6a-e103-4e78-b827-f40a05c49957 cdde802451324f03b5d6f3a36e72db0f ae18359b93bb40dab5168e6c42c9c622 - - default default] 10.0.0.139 "GET /v2.0/security-groups?tenant_id=683bc8515ea3496396197e9da5e83036&name=default HTTP/1.1" status: 200 len: 3120 time: 0.2287567
2026-05-08 11:31:56.372 10 INFO neutron.wsgi [None req-92543082-e96b-4045-9307-44d08585502a cdde802451324f03b5d6f3a36e72db0f ae18359b93bb40dab5168e6c42c9c622 - - default default] 10.0.0.139 "DELETE /v2.0/security-groups/61659dc3-e6f3-4b70-a33e-e479b132bd26 HTTP/1.1" status: 204 len: 168 time: 0.2249770
2026-05-08 11:31:56.432 9 INFO neutron.db.ovn_revision_numbers_db [None req-13287ca3-a0ec-4198-a199-5c264c18d43f 51579c51aba84bd8ab4d768bcb4472a6 1bf85a887a48476d9c90690f8b0e884e - - default default] Successfully bumped revision number for resource cec162c0-c749-41a6-9060-14cb76c73cb3 (type: floatingips) to 4
2026-05-08 11:31:56.656 10 INFO neutron.db.ovn_revision_numbers_db [None req-dc594a89-72e8-4b76-8ea3-ce7a4fbd79ee cdde802451324f03b5d6f3a36e72db0f ae18359b93bb40dab5168e6c42c9c622 - - default default] Successfully bumped revision number for resource f93cedd9-3bf0-4ab8-98e9-73b6c5f8a610 (type: security_groups) to 1
2026-05-08 11:31:56.673 10 INFO neutron.db.ovn_revision_numbers_db [None req-dc594a89-72e8-4b76-8ea3-ce7a4fbd79ee cdde802451324f03b5d6f3a36e72db0f ae18359b93bb40dab5168e6c42c9c622 - - default default] Successfully bumped revision number for resource 000460c8-9ca2-4715-af6f-693cda2c313c (type: security_group_rules) to 0
2026-05-08 11:31:56.687 10 INFO neutron.db.ovn_revision_numbers_db [None req-dc594a89-72e8-4b76-8ea3-ce7a4fbd79ee cdde802451324f03b5d6f3a36e72db0f ae18359b93bb40dab5168e6c42c9c622 - - default default] Successfully bumped revision number for resource 1ead1c18-b780-4828-958a-a0d816674fef (type: security_group_rules) to 0
2026-05-08 11:31:56.703 10 INFO neutron.db.ovn_revision_numbers_db [None req-dc594a89-72e8-4b76-8ea3-ce7a4fbd79ee cdde802451324f03b5d6f3a36e72db0f ae18359b93bb40dab5168e6c42c9c622 - - default default] Successfully bumped revision number for resource 356d5be4-5b85-4ccb-9f0a-3ea629a8d675 (type: security_group_rules) to 0
2026-05-08 11:31:56.718 10 INFO neutron.db.ovn_revision_numbers_db [None req-dc594a89-72e8-4b76-8ea3-ce7a4fbd79ee cdde802451324f03b5d6f3a36e72db0f ae18359b93bb40dab5168e6c42c9c622 - - default default] Successfully bumped revision number for resource a102e029-c043-4d09-b902-72da3bac3d88 (type: security_group_rules) to 0
2026-05-08 11:31:56.744 10 INFO neutron.wsgi [None req-dc594a89-72e8-4b76-8ea3-ce7a4fbd79ee cdde802451324f03b5d6f3a36e72db0f ae18359b93bb40dab5168e6c42c9c622 - - default default] 10.0.0.139 "GET /v2.0/security-groups?tenant_id=44ddef1aab98417ea85e913dcb5e067e&name=default HTTP/1.1" status: 200 len: 3120 time: 0.2128241
2026-05-08 11:31:56.762 9 INFO neutron.db.ovn_revision_numbers_db [None req-13287ca3-a0ec-4198-a199-5c264c18d43f 51579c51aba84bd8ab4d768bcb4472a6 1bf85a887a48476d9c90690f8b0e884e - - default default] Successfully bumped revision number for resource cec162c0-c749-41a6-9060-14cb76c73cb3 (type: floatingips) to 5
2026-05-08 11:31:56.763 9 INFO neutron.db.l3_db [None req-13287ca3-a0ec-4198-a199-5c264c18d43f 51579c51aba84bd8ab4d768bcb4472a6 1bf85a887a48476d9c90690f8b0e884e - - default default] Floating IP cec162c0-c749-41a6-9060-14cb76c73cb3 associated. External IP: 10.96.250.204, port: c59959b5-e2c8-4924-bacd-48e745be2d3b.
2026-05-08 11:31:56.795 9 INFO neutron.wsgi [None req-13287ca3-a0ec-4198-a199-5c264c18d43f 51579c51aba84bd8ab4d768bcb4472a6 1bf85a887a48476d9c90690f8b0e884e - - default default] 10.0.0.139 "PUT /v2.0/floatingips/cec162c0-c749-41a6-9060-14cb76c73cb3 HTTP/1.1" status: 200 len: 1050 time: 1.1372688
2026-05-08 11:31:56.831 9 INFO neutron.notifiers.nova [-] Nova event matching ['req-8b47ce84-2f0d-4fd9-9dd7-42d5f41e58ec'] response: {'name': 'network-changed', 'server_uuid': '0b19d3e0-47b0-4b67-805c-70c4c4a5bd8c', 'tag': 'c59959b5-e2c8-4924-bacd-48e745be2d3b', 'status': 'completed', 'code': 200}
2026-05-08 11:31:56.890 10 INFO neutron.wsgi [None req-6322ab54-7080-4897-9a03-1d413cad9c0b 51579c51aba84bd8ab4d768bcb4472a6 1bf85a887a48476d9c90690f8b0e884e - - default default] 10.0.0.139 "GET /v2.0/floatingips/cec162c0-c749-41a6-9060-14cb76c73cb3 HTTP/1.1" status: 200 len: 1052 time: 0.0895827
2026-05-08 11:31:56.913 10 INFO neutron.wsgi [req-3651b2f2-9a1d-4a9d-878d-e23161901adb req-c12b4d82-81d4-44dc-baaf-75c668f98dce 9417783b6ca34911a9806b335f5c894c dc8312efa7ff4747b4ee9714ff67f94f - - 7e2c30979c5149b0a9cab8a21798732c 7e2c30979c5149b0a9cab8a21798732c] 199.204.45.116 "GET /v2.0/ports?tenant_id=1bf85a887a48476d9c90690f8b0e884e&device_id=0b19d3e0-47b0-4b67-805c-70c4c4a5bd8c HTTP/1.1" status: 200 len: 1413 time: 0.0604908
2026-05-08 11:31:57.006 10 INFO neutron.wsgi [req-3651b2f2-9a1d-4a9d-878d-e23161901adb req-9fc168d6-3735-4f06-9b5a-32908af039ca 9417783b6ca34911a9806b335f5c894c dc8312efa7ff4747b4ee9714ff67f94f - - 7e2c30979c5149b0a9cab8a21798732c 7e2c30979c5149b0a9cab8a21798732c] 199.204.45.116 "GET /v2.0/networks?id=28d137ff-0a5e-4fef-bcbd-698b8ca1749b HTTP/1.1" status: 200 len: 959 time: 0.0864182
2026-05-08 11:31:57.059 10 INFO neutron.wsgi [req-3651b2f2-9a1d-4a9d-878d-e23161901adb req-793a3a43-a478-46f3-b426-cce21390933c 9417783b6ca34911a9806b335f5c894c dc8312efa7ff4747b4ee9714ff67f94f - - 7e2c30979c5149b0a9cab8a21798732c 7e2c30979c5149b0a9cab8a21798732c] 199.204.45.116 "GET /v2.0/floatingips?fixed_ip_address=10.100.0.14&port_id=c59959b5-e2c8-4924-bacd-48e745be2d3b HTTP/1.1" status: 200 len: 1060 time: 0.0466011
2026-05-08 11:31:57.108 10 INFO neutron.wsgi [req-3651b2f2-9a1d-4a9d-878d-e23161901adb req-c651a2e5-6e5f-430b-be12-576bf6847a25 9417783b6ca34911a9806b335f5c894c dc8312efa7ff4747b4ee9714ff67f94f - - 7e2c30979c5149b0a9cab8a21798732c 7e2c30979c5149b0a9cab8a21798732c] 199.204.45.116 "GET /v2.0/subnets?id=db75ad73-479b-4a3b-aeec-feb0f64c125c HTTP/1.1" status: 200 len: 852 time: 0.0411370
2026-05-08 11:31:57.111 10 INFO neutron.wsgi [None req-41bc6c3a-1264-4798-8f90-1316a63399a8 cdde802451324f03b5d6f3a36e72db0f ae18359b93bb40dab5168e6c42c9c622 - - default default] 10.0.0.139 "DELETE /v2.0/security-groups/f93cedd9-3bf0-4ab8-98e9-73b6c5f8a610 HTTP/1.1" status: 204 len: 168 time: 0.3628819
2026-05-08 11:31:57.140 10 INFO neutron.wsgi [req-3651b2f2-9a1d-4a9d-878d-e23161901adb req-41d3ad21-d591-4060-b62d-afb2b9af2e32 9417783b6ca34911a9806b335f5c894c dc8312efa7ff4747b4ee9714ff67f94f - - 7e2c30979c5149b0a9cab8a21798732c 7e2c30979c5149b0a9cab8a21798732c] 199.204.45.116 "GET /v2.0/ports?network_id=28d137ff-0a5e-4fef-bcbd-698b8ca1749b&device_owner=network%3Adhcp HTTP/1.1" status: 200 len: 210 time: 0.0241215
2026-05-08 11:31:57.211 10 INFO neutron.wsgi [req-3651b2f2-9a1d-4a9d-878d-e23161901adb req-ee0afe4e-f11d-45bf-a20a-528768c057b0 9417783b6ca34911a9806b335f5c894c dc8312efa7ff4747b4ee9714ff67f94f - - 7e2c30979c5149b0a9cab8a21798732c 7e2c30979c5149b0a9cab8a21798732c] 199.204.45.116 "GET /v2.0/networks/28d137ff-0a5e-4fef-bcbd-698b8ca1749b?fields=segments HTTP/1.1" status: 200 len: 212 time: 0.0637987
2026-05-08 11:31:57.274 10 INFO neutron.wsgi [req-3651b2f2-9a1d-4a9d-878d-e23161901adb req-7d412b94-fac2-4ccc-bf72-8813e1ddf4b3 9417783b6ca34911a9806b335f5c894c dc8312efa7ff4747b4ee9714ff67f94f - - 7e2c30979c5149b0a9cab8a21798732c 7e2c30979c5149b0a9cab8a21798732c] 199.204.45.116 "GET /v2.0/networks/28d137ff-0a5e-4fef-bcbd-698b8ca1749b?fields=provider%3Aphysical_network&fields=provider%3Anetwork_type HTTP/1.1" status: 200 len: 277 time: 0.0593417
2026-05-08 11:32:01.164 15 INFO neutron.plugins.ml2.drivers.ovn.mech_driver.ovsdb.maintenance [None req-2e3db5c2-0dfc-449c-80d0-5b8f24449c44 - - - - - -] Maintenance task: Synchronization completed (took 1.84 seconds)
2026-05-08 11:32:01.343 10 WARNING neutron_lib.context [None req-95495c20-4caa-4e61-a47d-753484c8128d 29bdb551fee9479a8e338ef397d09051 b07609990e334b839fea4e511abf4ef2 - - default default] Method 'is_advsvc' is deprecated since 2023.2 release (neutron-lib 3.8.0) and will be removed once support for the old RBAC API policies will be removed from Neutron. Please use method 'is_service_role' instead.
