2026-05-08 11:33:08.673 10 INFO neutron.db.ovn_revision_numbers_db [None req-e9e530e1-0817-46e9-a6ee-5df6cf49fac2 eeb2b161ba2e4724817ef75c828a3a24 f501fbb8bd6a499fbfc7c7fe1af64732 - - default default] Successfully bumped revision number for resource 8121469f-25bd-4519-b1a9-aaaa0483ed78 (type: ports) to 1
2026-05-08 11:33:08.938 10 INFO neutron.db.ovn_revision_numbers_db [None req-e9e530e1-0817-46e9-a6ee-5df6cf49fac2 eeb2b161ba2e4724817ef75c828a3a24 f501fbb8bd6a499fbfc7c7fe1af64732 - - default default] Successfully bumped revision number for resource 8121469f-25bd-4519-b1a9-aaaa0483ed78 (type: ports) to 1
2026-05-08 11:33:08.991 10 INFO neutron.db.segments_db [None req-e9e530e1-0817-46e9-a6ee-5df6cf49fac2 eeb2b161ba2e4724817ef75c828a3a24 f501fbb8bd6a499fbfc7c7fe1af64732 - - default default] Added segment da0da559-a921-43da-95aa-40b9a00be0e1 of type geneve for network e3753e43-31e8-4749-b2e6-b5d0ede37b0d
2026-05-08 11:33:09.145 10 INFO neutron.db.ovn_revision_numbers_db [None req-e9e530e1-0817-46e9-a6ee-5df6cf49fac2 eeb2b161ba2e4724817ef75c828a3a24 f501fbb8bd6a499fbfc7c7fe1af64732 - - default default] Successfully bumped revision number for resource e3753e43-31e8-4749-b2e6-b5d0ede37b0d (type: networks) to 1
2026-05-08 11:33:09.339 10 WARNING neutron.scheduler.dhcp_agent_scheduler [None req-e9e530e1-0817-46e9-a6ee-5df6cf49fac2 eeb2b161ba2e4724817ef75c828a3a24 f501fbb8bd6a499fbfc7c7fe1af64732 - - default default] No more DHCP agents
2026-05-08 11:33:09.342 10 WARNING neutron.api.rpc.agentnotifiers.dhcp_rpc_agent_api [None req-e9e530e1-0817-46e9-a6ee-5df6cf49fac2 eeb2b161ba2e4724817ef75c828a3a24 f501fbb8bd6a499fbfc7c7fe1af64732 - - default default] Unable to schedule network e3753e43-31e8-4749-b2e6-b5d0ede37b0d: no agents available; will retry on subsequent port and subnet creation events.
2026-05-08 11:33:09.473 10 INFO neutron.wsgi [None req-c806ab35-1af0-41a6-9a2a-5663f0c017b1 cdde802451324f03b5d6f3a36e72db0f ae18359b93bb40dab5168e6c42c9c622 - - default default] 10.0.0.11 "GET /v2.0/networks HTTP/1.1" status: 200 len: 5204 time: 0.3011844
2026-05-08 11:33:09.490 10 INFO neutron.wsgi [None req-5641ff67-1418-40a6-8d26-080e3cfbd852 cdde802451324f03b5d6f3a36e72db0f ae18359b93bb40dab5168e6c42c9c622 - - default default] 10.0.0.11 "GET /v2.0/agents HTTP/1.1" status: 200 len: 1390 time: 0.0134916
2026-05-08 11:33:09.517 10 INFO neutron.db.ovn_revision_numbers_db [None req-e9e530e1-0817-46e9-a6ee-5df6cf49fac2 eeb2b161ba2e4724817ef75c828a3a24 f501fbb8bd6a499fbfc7c7fe1af64732 - - default default] Successfully bumped revision number for resource c0cc7357-f782-424c-b0dd-f5a2d2414c25 (type: ports) to 1
2026-05-08 11:33:09.563 10 INFO neutron.wsgi [None req-3dd55b06-d40f-4267-ac94-46cd1df5b4e5 cdde802451324f03b5d6f3a36e72db0f ae18359b93bb40dab5168e6c42c9c622 - - default default] 10.0.0.11 "GET /v2.0/subnets HTTP/1.1" status: 200 len: 3330 time: 0.0711830
2026-05-08 11:33:09.585 10 INFO neutron.wsgi [None req-e64ad273-3b60-4e5e-897f-97af0d6839fe cdde802451324f03b5d6f3a36e72db0f ae18359b93bb40dab5168e6c42c9c622 - - default default] 10.0.0.11 "GET /v2.0/subnetpools HTTP/1.1" status: 200 len: 193 time: 0.0132253
2026-05-08 11:33:09.693 10 INFO neutron.wsgi [None req-da6a5451-9ec5-4b6e-a68f-8190b6bdb75d cdde802451324f03b5d6f3a36e72db0f ae18359b93bb40dab5168e6c42c9c622 - - default default] 10.0.0.11 "GET /v2.0/ports HTTP/1.1" status: 200 len: 17736 time: 0.1063325
2026-05-08 11:33:09.764 10 INFO neutron.wsgi [None req-3cfb22ef-7d56-4c6d-9582-ccf4b67dcdde cdde802451324f03b5d6f3a36e72db0f ae18359b93bb40dab5168e6c42c9c622 - - default default] 10.0.0.11 "GET /v2.0/security-groups HTTP/1.1" status: 200 len: 20486 time: 0.0632372
2026-05-08 11:33:09.771 10 WARNING neutron.scheduler.dhcp_agent_scheduler [None req-e9e530e1-0817-46e9-a6ee-5df6cf49fac2 eeb2b161ba2e4724817ef75c828a3a24 f501fbb8bd6a499fbfc7c7fe1af64732 - - default default] No more DHCP agents
2026-05-08 11:33:09.773 10 WARNING neutron.api.rpc.agentnotifiers.dhcp_rpc_agent_api [None req-e9e530e1-0817-46e9-a6ee-5df6cf49fac2 eeb2b161ba2e4724817ef75c828a3a24 f501fbb8bd6a499fbfc7c7fe1af64732 - - default default] Unable to schedule network e3753e43-31e8-4749-b2e6-b5d0ede37b0d: no agents available; will retry on subsequent port and subnet creation events.
2026-05-08 11:33:09.819 10 INFO neutron.wsgi [None req-46e692bb-251e-4e89-9f2a-191b7b3c9911 cdde802451324f03b5d6f3a36e72db0f ae18359b93bb40dab5168e6c42c9c622 - - default default] 10.0.0.11 "GET /v2.0/subnets HTTP/1.1" status: 200 len: 4000 time: 0.0416489
2026-05-08 11:33:09.821 10 INFO neutron.db.ovn_revision_numbers_db [None req-e9e530e1-0817-46e9-a6ee-5df6cf49fac2 eeb2b161ba2e4724817ef75c828a3a24 f501fbb8bd6a499fbfc7c7fe1af64732 - - default default] Successfully bumped revision number for resource 42ae0595-8f57-4520-8957-94c2abbabc65 (type: subnets) to 0
2026-05-08 11:33:09.854 10 INFO neutron.wsgi [None req-822c73eb-1b2a-4fd8-b21e-0f33229f3d54 cdde802451324f03b5d6f3a36e72db0f ae18359b93bb40dab5168e6c42c9c622 - - default default] 10.0.0.11 "GET /v2.0/network-ip-availabilities HTTP/1.1" status: 200 len: 2967 time: 0.0323310
2026-05-08 11:33:09.882 10 INFO neutron.wsgi [None req-a94ed6d4-49ff-4d8a-b84c-532a612a2ff1 cdde802451324f03b5d6f3a36e72db0f ae18359b93bb40dab5168e6c42c9c622 - - default default] 10.0.0.11 "GET /v2.0/floatingips HTTP/1.1" status: 200 len: 193 time: 0.0256350
2026-05-08 11:33:10.014 10 INFO neutron.wsgi [None req-9ec8c747-6370-4a69-b197-82058b866dc1 cdde802451324f03b5d6f3a36e72db0f ae18359b93bb40dab5168e6c42c9c622 - - default default] 10.0.0.11 "GET /v2.0/routers HTTP/1.1" status: 200 len: 2188 time: 0.1298885
2026-05-08 11:33:10.034 10 INFO neutron.wsgi [None req-2a1b5950-51d5-4ac5-b7c1-7fb1a0fd6f25 cdde802451324f03b5d6f3a36e72db0f ae18359b93bb40dab5168e6c42c9c622 - - default default] 10.0.0.11 "GET /v2.0/agents?binary=ovn-controller HTTP/1.1" status: 200 len: 591 time: 0.0146675
2026-05-08 11:33:10.271 9 WARNING neutron_lib.context [None req-defabbaf-dfc1-445a-8c86-511fee47fe4e d0d6ff3ca5654f25a2ac2c09cd01ba54 be7da98d934243b78a80e575c9d458b9 - - default default] Method 'is_advsvc' is deprecated since 2023.2 release (neutron-lib 3.8.0) and will be removed once support for the old RBAC API policies will be removed from Neutron. Please use method 'is_service_role' instead.
2026-05-08 11:33:10.412 10 WARNING neutron.scheduler.dhcp_agent_scheduler [None req-e9e530e1-0817-46e9-a6ee-5df6cf49fac2 eeb2b161ba2e4724817ef75c828a3a24 f501fbb8bd6a499fbfc7c7fe1af64732 - - default default] No more DHCP agents
2026-05-08 11:33:10.414 10 WARNING neutron.api.rpc.agentnotifiers.dhcp_rpc_agent_api [None req-e9e530e1-0817-46e9-a6ee-5df6cf49fac2 eeb2b161ba2e4724817ef75c828a3a24 f501fbb8bd6a499fbfc7c7fe1af64732 - - default default] Unable to schedule network e3753e43-31e8-4749-b2e6-b5d0ede37b0d: no agents available; will retry on subsequent port and subnet creation events.
2026-05-08 11:33:10.421 9 INFO neutron.db.ovn_revision_numbers_db [None req-defabbaf-dfc1-445a-8c86-511fee47fe4e d0d6ff3ca5654f25a2ac2c09cd01ba54 be7da98d934243b78a80e575c9d458b9 - - default default] Successfully bumped revision number for resource 44c7939b-f642-429d-a125-43f615aef883 (type: security_groups) to 1
2026-05-08 11:33:10.438 9 INFO neutron.db.ovn_revision_numbers_db [None req-defabbaf-dfc1-445a-8c86-511fee47fe4e d0d6ff3ca5654f25a2ac2c09cd01ba54 be7da98d934243b78a80e575c9d458b9 - - default default] Successfully bumped revision number for resource 6397be44-2472-48bf-b3fb-36c6fa781e74 (type: security_group_rules) to 0
2026-05-08 11:33:10.502 9 INFO neutron.db.ovn_revision_numbers_db [None req-defabbaf-dfc1-445a-8c86-511fee47fe4e d0d6ff3ca5654f25a2ac2c09cd01ba54 be7da98d934243b78a80e575c9d458b9 - - default default] Successfully bumped revision number for resource b45ec01c-b18a-4e30-bafa-95cf874f3a54 (type: security_group_rules) to 0
2026-05-08 11:33:10.546 9 INFO neutron.db.ovn_revision_numbers_db [None req-defabbaf-dfc1-445a-8c86-511fee47fe4e d0d6ff3ca5654f25a2ac2c09cd01ba54 be7da98d934243b78a80e575c9d458b9 - - default default] Successfully bumped revision number for resource b6c499dc-61fe-4f4a-ac5f-569aec43d6f1 (type: security_group_rules) to 0
2026-05-08 11:33:10.559 9 INFO neutron.db.ovn_revision_numbers_db [None req-defabbaf-dfc1-445a-8c86-511fee47fe4e d0d6ff3ca5654f25a2ac2c09cd01ba54 be7da98d934243b78a80e575c9d458b9 - - default default] Successfully bumped revision number for resource bef45e5f-372e-4cfc-8843-7f18a15a130c (type: security_group_rules) to 0
2026-05-08 11:33:10.620 9 INFO neutron.db.segments_db [None req-defabbaf-dfc1-445a-8c86-511fee47fe4e d0d6ff3ca5654f25a2ac2c09cd01ba54 be7da98d934243b78a80e575c9d458b9 - - default default] Added segment 36775723-bc54-4d90-9ceb-b8d6f215692f of type geneve for network 77205e73-7439-4200-89d9-b9a5a26e2f82
2026-05-08 11:33:10.786 9 INFO neutron.db.ovn_revision_numbers_db [None req-defabbaf-dfc1-445a-8c86-511fee47fe4e d0d6ff3ca5654f25a2ac2c09cd01ba54 be7da98d934243b78a80e575c9d458b9 - - default default] Successfully bumped revision number for resource 77205e73-7439-4200-89d9-b9a5a26e2f82 (type: networks) to 1
2026-05-08 11:33:10.839 10 WARNING neutron.plugins.ml2.drivers.ovn.mech_driver.ovsdb.ovn_client [None req-00fd083b-e1ad-463c-b35c-dbf466fe6291 - - - - - -] No hosting information found for port 790cc509-a3e7-4222-97c4-2f361bd1c329: RuntimeError: No hosting information found for port 790cc509-a3e7-4222-97c4-2f361bd1c329
2026-05-08 11:33:10.994 10 INFO neutron.db.ovn_revision_numbers_db [None req-e9e530e1-0817-46e9-a6ee-5df6cf49fac2 eeb2b161ba2e4724817ef75c828a3a24 f501fbb8bd6a499fbfc7c7fe1af64732 - - default default] Successfully bumped revision number for resource 2bfa3363-bd64-44bb-8643-6de04ae74acc (type: ports) to 1
2026-05-08 11:33:11.009 9 WARNING neutron.scheduler.dhcp_agent_scheduler [None req-defabbaf-dfc1-445a-8c86-511fee47fe4e d0d6ff3ca5654f25a2ac2c09cd01ba54 be7da98d934243b78a80e575c9d458b9 - - default default] No more DHCP agents
2026-05-08 11:33:11.010 9 WARNING neutron.api.rpc.agentnotifiers.dhcp_rpc_agent_api [None req-defabbaf-dfc1-445a-8c86-511fee47fe4e d0d6ff3ca5654f25a2ac2c09cd01ba54 be7da98d934243b78a80e575c9d458b9 - - default default] Unable to schedule network 77205e73-7439-4200-89d9-b9a5a26e2f82: no agents available; will retry on subsequent port and subnet creation events.
2026-05-08 11:33:11.128 9 INFO neutron.db.ovn_revision_numbers_db [None req-defabbaf-dfc1-445a-8c86-511fee47fe4e d0d6ff3ca5654f25a2ac2c09cd01ba54 be7da98d934243b78a80e575c9d458b9 - - default default] Successfully bumped revision number for resource 1411c219-d43d-442c-8dd8-0ed74bc89fba (type: ports) to 1
2026-05-08 11:33:11.159 9 INFO neutron.wsgi [None req-defabbaf-dfc1-445a-8c86-511fee47fe4e d0d6ff3ca5654f25a2ac2c09cd01ba54 be7da98d934243b78a80e575c9d458b9 - - default default] 10.0.0.139 "POST /v2.0/networks HTTP/1.1" status: 201 len: 831 time: 1.0051887
2026-05-08 11:33:11.171 10 WARNING neutron_lib.context [None req-191cc809-221f-47ae-bf93-39a665c2c0a1 d0d6ff3ca5654f25a2ac2c09cd01ba54 be7da98d934243b78a80e575c9d458b9 - - default default] Method 'is_advsvc' is deprecated since 2023.2 release (neutron-lib 3.8.0) and will be removed once support for the old RBAC API policies will be removed from Neutron. Please use method 'is_service_role' instead.
2026-05-08 11:33:11.564 10 WARNING neutron.scheduler.dhcp_agent_scheduler [None req-191cc809-221f-47ae-bf93-39a665c2c0a1 d0d6ff3ca5654f25a2ac2c09cd01ba54 be7da98d934243b78a80e575c9d458b9 - - default default] No more DHCP agents
2026-05-08 11:33:11.575 10 WARNING neutron.api.rpc.agentnotifiers.dhcp_rpc_agent_api [None req-191cc809-221f-47ae-bf93-39a665c2c0a1 d0d6ff3ca5654f25a2ac2c09cd01ba54 be7da98d934243b78a80e575c9d458b9 - - default default] Unable to schedule network 77205e73-7439-4200-89d9-b9a5a26e2f82: no agents available; will retry on subsequent port and subnet creation events.
2026-05-08 11:33:11.718 10 ERROR ovsdbapp.backend.ovs_idl.command [None req-e9e530e1-0817-46e9-a6ee-5df6cf49fac2 eeb2b161ba2e4724817ef75c828a3a24 f501fbb8bd6a499fbfc7c7fe1af64732 - - default default] Error executing command (DbGetCommand): ovsdbapp.backend.ovs_idl.idlutils.RowNotFound: Cannot find Logical_Router_Port with name=lrp-2bfa3363-bd64-44bb-8643-6de04ae74acc
2026-05-08 11:33:11.718 10 ERROR ovsdbapp.backend.ovs_idl.command
Traceback (most recent call last):
2026-05-08 11:33:11.718 10 ERROR ovsdbapp.backend.ovs_idl.command
File "/var/lib/openstack/lib/python3.10/site-packages/ovsdbapp/backend/ovs_idl/command.py", line 47, in execute
2026-05-08 11:33:11.718 10 ERROR ovsdbapp.backend.ovs_idl.command self.run_idl(None)
2026-05-08 11:33:11.718 10 ERROR ovsdbapp.backend.ovs_idl.command
File "/var/lib/openstack/lib/python3.10/site-packages/ovsdbapp/backend/ovs_idl/command.py", line 235, in run_idl
2026-05-08 11:33:11.718 10 ERROR ovsdbapp.backend.ovs_idl.command record = self.api.lookup(self.table, self.record)
2026-05-08 11:33:11.718 10 ERROR ovsdbapp.backend.ovs_idl.command
File "/var/lib/openstack/lib/python3.10/site-packages/ovsdbapp/backend/ovs_idl/__init__.py", line 184, in lookup
2026-05-08 11:33:11.718 10 ERROR ovsdbapp.backend.ovs_idl.command return self._lookup(table, record)
2026-05-08 11:33:11.718 10 ERROR ovsdbapp.backend.ovs_idl.command
File "/var/lib/openstack/lib/python3.10/site-packages/ovsdbapp/backend/ovs_idl/__init__.py", line 235, in _lookup
2026-05-08 11:33:11.718 10 ERROR ovsdbapp.backend.ovs_idl.command row = idlutils.row_by_value(self, rl.table, rl.column, record)
2026-05-08 11:33:11.718 10 ERROR ovsdbapp.backend.ovs_idl.command
File "/var/lib/openstack/lib/python3.10/site-packages/ovsdbapp/backend/ovs_idl/idlutils.py", line 114, in row_by_value
2026-05-08 11:33:11.718 10 ERROR ovsdbapp.backend.ovs_idl.command raise RowNotFound(table=table, col=column, match=match)
2026-05-08 11:33:11.718 10 ERROR ovsdbapp.backend.ovs_idl.command ovsdbapp.backend.ovs_idl.idlutils.RowNotFound: Cannot find Logical_Router_Port with name=lrp-2bfa3363-bd64-44bb-8643-6de04ae74acc
2026-05-08 11:33:11.718 10 ERROR ovsdbapp.backend.ovs_idl.command 
2026-05-08 11:33:11.719 10 ERROR neutron_lib.callbacks.manager [None req-e9e530e1-0817-46e9-a6ee-5df6cf49fac2 eeb2b161ba2e4724817ef75c828a3a24 f501fbb8bd6a499fbfc7c7fe1af64732 - - default default] Error during notification for neutron.services.ovn_l3.plugin.OVNL3RouterPlugin._port_update-8741054681839 port, after_update: ovsdbapp.backend.ovs_idl.idlutils.RowNotFound: Cannot find Logical_Router_Port with name=lrp-2bfa3363-bd64-44bb-8643-6de04ae74acc
2026-05-08 11:33:11.719 10 ERROR neutron_lib.callbacks.manager
Traceback (most recent call last):
2026-05-08 11:33:11.719 10 ERROR neutron_lib.callbacks.manager
File "/var/lib/openstack/lib/python3.10/site-packages/neutron_lib/callbacks/manager.py", line 189, in _notify_loop
2026-05-08 11:33:11.719 10 ERROR neutron_lib.callbacks.manager callback.method(resource, event, trigger, payload=payload)
2026-05-08 11:33:11.719 10 ERROR neutron_lib.callbacks.manager
File "/var/lib/openstack/lib/python3.10/site-packages/neutron/services/ovn_l3/plugin.py", line 391, in _port_update
2026-05-08 11:33:11.719 10 ERROR neutron_lib.callbacks.manager l3plugin._ovn_client.update_router_port(context,
2026-05-08 11:33:11.719 10 ERROR neutron_lib.callbacks.manager
File "/var/lib/openstack/lib/python3.10/site-packages/neutron/plugins/ml2/drivers/ovn/mech_driver/ovsdb/ovn_client.py", line 1878, in update_router_port
2026-05-08 11:33:11.719 10 ERROR neutron_lib.callbacks.manager self._update_lrouter_port(context, port, if_exists=if_exists,
2026-05-08 11:33:11.719 10 ERROR neutron_lib.callbacks.manager
File "/var/lib/openstack/lib/python3.10/site-packages/neutron/plugins/ml2/drivers/ovn/mech_driver/ovsdb/ovn_client.py", line 1855, in _update_lrouter_port
2026-05-08 11:33:11.719 10 ERROR neutron_lib.callbacks.manager external_ids = self._nb_idl.db_get(
2026-05-08 11:33:11.719 10 ERROR neutron_lib.callbacks.manager
File "/var/lib/openstack/lib/python3.10/site-packages/ovsdbapp/backend/ovs_idl/command.py", line 47, in execute
2026-05-08 11:33:11.719 10 ERROR neutron_lib.callbacks.manager self.run_idl(None)
2026-05-08 11:33:11.719 10 ERROR neutron_lib.callbacks.manager
File "/var/lib/openstack/lib/python3.10/site-packages/ovsdbapp/backend/ovs_idl/command.py", line 235, in run_idl
2026-05-08 11:33:11.719 10 ERROR neutron_lib.callbacks.manager record = self.api.lookup(self.table, self.record)
2026-05-08 11:33:11.719 10 ERROR neutron_lib.callbacks.manager
File "/var/lib/openstack/lib/python3.10/site-packages/ovsdbapp/backend/ovs_idl/__init__.py", line 184, in lookup
2026-05-08 11:33:11.719 10 ERROR neutron_lib.callbacks.manager return self._lookup(table, record)
2026-05-08 11:33:11.719 10 ERROR neutron_lib.callbacks.manager
File "/var/lib/openstack/lib/python3.10/site-packages/ovsdbapp/backend/ovs_idl/__init__.py", line 235, in _lookup
2026-05-08 11:33:11.719 10 ERROR neutron_lib.callbacks.manager row = idlutils.row_by_value(self, rl.table, rl.column, record)
2026-05-08 11:33:11.719 10 ERROR neutron_lib.callbacks.manager
File "/var/lib/openstack/lib/python3.10/site-packages/ovsdbapp/backend/ovs_idl/idlutils.py", line 114, in row_by_value
2026-05-08 11:33:11.719 10 ERROR neutron_lib.callbacks.manager raise RowNotFound(table=table, col=column, match=match)
2026-05-08 11:33:11.719 10 ERROR neutron_lib.callbacks.manager ovsdbapp.backend.ovs_idl.idlutils.RowNotFound: Cannot find Logical_Router_Port with name=lrp-2bfa3363-bd64-44bb-8643-6de04ae74acc
2026-05-08 11:33:11.719 10 ERROR neutron_lib.callbacks.manager 
2026-05-08 11:33:11.730 10 INFO neutron.db.ovn_revision_numbers_db [None req-191cc809-221f-47ae-bf93-39a665c2c0a1 d0d6ff3ca5654f25a2ac2c09cd01ba54 be7da98d934243b78a80e575c9d458b9 - - default default] Successfully bumped revision number for resource 3814c129-f2ea-4837-92d5-7fb2ecfe71eb (type: ports) to 1
2026-05-08 11:33:11.780 10 INFO neutron.wsgi [None req-191cc809-221f-47ae-bf93-39a665c2c0a1 d0d6ff3ca5654f25a2ac2c09cd01ba54 be7da98d934243b78a80e575c9d458b9 - - default default] 10.0.0.139 "POST /v2.0/ports HTTP/1.1" status: 201 len: 942 time: 0.6148534
2026-05-08 11:33:11.791 9 WARNING neutron_lib.context [None req-316c9a31-ffb5-40b7-b826-e3bf28d8c650 d0d6ff3ca5654f25a2ac2c09cd01ba54 be7da98d934243b78a80e575c9d458b9 - - default default] Method 'is_advsvc' is deprecated since 2023.2 release (neutron-lib 3.8.0) and will be removed once support for the old RBAC API policies will be removed from Neutron. Please use method 'is_service_role' instead.
2026-05-08 11:33:11.944 10 INFO neutron.db.ovn_revision_numbers_db [None req-e9e530e1-0817-46e9-a6ee-5df6cf49fac2 eeb2b161ba2e4724817ef75c828a3a24 f501fbb8bd6a499fbfc7c7fe1af64732 - - default default] Successfully bumped revision number for resource 2bfa3363-bd64-44bb-8643-6de04ae74acc (type: ports) to 1
2026-05-08 11:33:12.017 10 WARNING neutron.scheduler.dhcp_agent_scheduler [None req-e9e530e1-0817-46e9-a6ee-5df6cf49fac2 eeb2b161ba2e4724817ef75c828a3a24 f501fbb8bd6a499fbfc7c7fe1af64732 - - default default] No more DHCP agents
2026-05-08 11:33:12.018 10 WARNING neutron.api.rpc.agentnotifiers.dhcp_rpc_agent_api [None req-e9e530e1-0817-46e9-a6ee-5df6cf49fac2 eeb2b161ba2e4724817ef75c828a3a24 f501fbb8bd6a499fbfc7c7fe1af64732 - - default default] Unable to schedule network e3753e43-31e8-4749-b2e6-b5d0ede37b0d: no agents available; will retry on subsequent port and subnet creation events.
2026-05-08 11:33:12.024 9 INFO neutron.wsgi [None req-316c9a31-ffb5-40b7-b826-e3bf28d8c650 d0d6ff3ca5654f25a2ac2c09cd01ba54 be7da98d934243b78a80e575c9d458b9 - - default default] 10.0.0.139 "POST /v2.0/trunks HTTP/1.1" status: 201 len: 608 time: 0.2381532
2026-05-08 11:33:12.035 9 WARNING neutron_lib.context [None req-ee773f25-5d04-4f69-a05f-9fafe9097fad d0d6ff3ca5654f25a2ac2c09cd01ba54 be7da98d934243b78a80e575c9d458b9 - - default default] Method 'is_advsvc' is deprecated since 2023.2 release (neutron-lib 3.8.0) and will be removed once support for the old RBAC API policies will be removed from Neutron. Please use method 'is_service_role' instead.
2026-05-08 11:33:12.129 9 INFO neutron.db.segments_db [None req-ee773f25-5d04-4f69-a05f-9fafe9097fad d0d6ff3ca5654f25a2ac2c09cd01ba54 be7da98d934243b78a80e575c9d458b9 - - default default] Added segment ac13601a-6174-486c-b9ec-9c8e9b5ff2b9 of type geneve for network 378c9b07-1183-4dc8-87a4-9bd24f75fccb
2026-05-08 11:33:12.284 9 INFO neutron.db.ovn_revision_numbers_db [None req-ee773f25-5d04-4f69-a05f-9fafe9097fad d0d6ff3ca5654f25a2ac2c09cd01ba54 be7da98d934243b78a80e575c9d458b9 - - default default] Successfully bumped revision number for resource 378c9b07-1183-4dc8-87a4-9bd24f75fccb (type: networks) to 1
2026-05-08 11:33:12.307 9 WARNING neutron.plugins.ml2.drivers.ovn.mech_driver.ovsdb.ovn_client [None req-a288f22b-dcef-4d80-96ca-fb342103465c - - - - - -] No hosting information found for port e6bb0101-d081-4aae-86b3-ede6a3502f67: RuntimeError: No hosting information found for port e6bb0101-d081-4aae-86b3-ede6a3502f67
2026-05-08 11:33:12.308 9 INFO neutron.plugins.ml2.drivers.ovn.mech_driver.mech_driver [None req-a288f22b-dcef-4d80-96ca-fb342103465c - - - - - -] OVN reports status up for port: 2bfa3363-bd64-44bb-8643-6de04ae74acc
2026-05-08 11:33:12.319 9 INFO neutron.plugins.ml2.plugin [None req-a288f22b-dcef-4d80-96ca-fb342103465c - - - - - -] Attempt 1 to provision port 2bfa3363-bd64-44bb-8643-6de04ae74acc
2026-05-08 11:33:12.515 9 WARNING neutron.scheduler.dhcp_agent_scheduler [None req-ee773f25-5d04-4f69-a05f-9fafe9097fad d0d6ff3ca5654f25a2ac2c09cd01ba54 be7da98d934243b78a80e575c9d458b9 - - default default] No more DHCP agents
2026-05-08 11:33:12.531 9 WARNING neutron.api.rpc.agentnotifiers.dhcp_rpc_agent_api [None req-ee773f25-5d04-4f69-a05f-9fafe9097fad d0d6ff3ca5654f25a2ac2c09cd01ba54 be7da98d934243b78a80e575c9d458b9 - - default default] Unable to schedule network 378c9b07-1183-4dc8-87a4-9bd24f75fccb: no agents available; will retry on subsequent port and subnet creation events.
2026-05-08 11:33:12.637 9 INFO neutron.db.ovn_revision_numbers_db [None req-ee773f25-5d04-4f69-a05f-9fafe9097fad d0d6ff3ca5654f25a2ac2c09cd01ba54 be7da98d934243b78a80e575c9d458b9 - - default default] Successfully bumped revision number for resource ab72bdec-172d-4dfe-89bb-b3612a2d7830 (type: ports) to 1
2026-05-08 11:33:12.652 10 INFO neutron.db.ovn_revision_numbers_db [None req-e9e530e1-0817-46e9-a6ee-5df6cf49fac2 eeb2b161ba2e4724817ef75c828a3a24 f501fbb8bd6a499fbfc7c7fe1af64732 - - default default] Successfully bumped revision number for resource 2bfa3363-bd64-44bb-8643-6de04ae74acc (type: router_ports) to 1
2026-05-08 11:33:12.661 9 INFO neutron.wsgi [None req-ee773f25-5d04-4f69-a05f-9fafe9097fad d0d6ff3ca5654f25a2ac2c09cd01ba54 be7da98d934243b78a80e575c9d458b9 - - default default] 10.0.0.139 "POST /v2.0/networks HTTP/1.1" status: 201 len: 829 time: 0.6309979 /var/lib/openstack/lib/python3.10/site-packages/pycadf/identifier.py:71: UserWarning: Invalid uuid: neutron. To ensure interoperability, identifiers should be a valid uuid. warnings.warn(('Invalid uuid: %s. To ensure interoperability, '
2026-05-08 11:33:12.677 10 WARNING neutron_lib.context [None req-aea0d437-b3ea-479f-8684-e240df4b7701 d0d6ff3ca5654f25a2ac2c09cd01ba54 be7da98d934243b78a80e575c9d458b9 - - default default] Method 'is_advsvc' is deprecated since 2023.2 release (neutron-lib 3.8.0) and will be removed once support for the old RBAC API policies will be removed from Neutron. Please use method 'is_service_role' instead.
2026-05-08 11:33:12.825 9 INFO neutron.db.ovn_revision_numbers_db [None req-a288f22b-dcef-4d80-96ca-fb342103465c - - - - - -] Successfully bumped revision number for resource 2bfa3363-bd64-44bb-8643-6de04ae74acc (type: ports) to 2
2026-05-08 11:33:12.955 9 INFO neutron.db.ovn_revision_numbers_db [None req-a288f22b-dcef-4d80-96ca-fb342103465c - - - - - -] Successfully bumped revision number for resource 2bfa3363-bd64-44bb-8643-6de04ae74acc (type: router_ports) to 2
2026-05-08 11:33:12.971 10 WARNING neutron.scheduler.dhcp_agent_scheduler [None req-704b08b8-0331-4e7c-b411-feaa26333695 - - - - - -] No more DHCP agents
2026-05-08 11:33:12.977 10 WARNING neutron.api.rpc.agentnotifiers.dhcp_rpc_agent_api [None req-704b08b8-0331-4e7c-b411-feaa26333695 - - - - - -] Unable to schedule network e3753e43-31e8-4749-b2e6-b5d0ede37b0d: no agents available; will retry on subsequent port and subnet creation events.
2026-05-08 11:33:13.003 10 WARNING neutron.scheduler.dhcp_agent_scheduler [None req-aea0d437-b3ea-479f-8684-e240df4b7701 d0d6ff3ca5654f25a2ac2c09cd01ba54 be7da98d934243b78a80e575c9d458b9 - - default default] No more DHCP agents
2026-05-08 11:33:13.005 10 WARNING neutron.api.rpc.agentnotifiers.dhcp_rpc_agent_api [None req-aea0d437-b3ea-479f-8684-e240df4b7701 d0d6ff3ca5654f25a2ac2c09cd01ba54 be7da98d934243b78a80e575c9d458b9 - - default default] Unable to schedule network 378c9b07-1183-4dc8-87a4-9bd24f75fccb: no agents available; will retry on subsequent port and subnet creation events.
2026-05-08 11:33:13.123 10 INFO neutron.db.ovn_revision_numbers_db [None req-aea0d437-b3ea-479f-8684-e240df4b7701 d0d6ff3ca5654f25a2ac2c09cd01ba54 be7da98d934243b78a80e575c9d458b9 - - default default] Successfully bumped revision number for resource 4d5dcfd0-fdd4-4c25-8980-a4bd16da2d50 (type: ports) to 1
2026-05-08 11:33:13.152 10 INFO neutron.wsgi [None req-aea0d437-b3ea-479f-8684-e240df4b7701 d0d6ff3ca5654f25a2ac2c09cd01ba54 be7da98d934243b78a80e575c9d458b9 - - default default] 10.0.0.139 "POST /v2.0/ports HTTP/1.1" status: 201 len: 942 time: 0.4809728 /var/lib/openstack/lib/python3.10/site-packages/pycadf/identifier.py:71: UserWarning: Invalid uuid: neutron. To ensure interoperability, identifiers should be a valid uuid. warnings.warn(('Invalid uuid: %s. To ensure interoperability, '
2026-05-08 11:33:13.171 10 WARNING neutron_lib.context [None req-69bef8f2-f568-42dd-bb64-d8fd54cadbbd d0d6ff3ca5654f25a2ac2c09cd01ba54 be7da98d934243b78a80e575c9d458b9 - - default default] Method 'is_advsvc' is deprecated since 2023.2 release (neutron-lib 3.8.0) and will be removed once support for the old RBAC API policies will be removed from Neutron. Please use method 'is_service_role' instead.
2026-05-08 11:33:13.195 10 INFO neutron.db.ovn_revision_numbers_db [None req-704b08b8-0331-4e7c-b411-feaa26333695 - - - - - -] Successfully bumped revision number for resource 888695ce-3f50-4e02-86a5-5eff79da464a (type: ports) to 1
2026-05-08 11:33:13.719 10 INFO neutron.wsgi [None req-69bef8f2-f568-42dd-bb64-d8fd54cadbbd d0d6ff3ca5654f25a2ac2c09cd01ba54 be7da98d934243b78a80e575c9d458b9 - - default default] 10.0.0.139 "POST /v2.0/trunks HTTP/1.1" status: 201 len: 608 time: 0.5612857
2026-05-08 11:33:13.730 10 WARNING neutron_lib.context [None req-d41bd134-24d0-462f-a571-030fc63cec1d d0d6ff3ca5654f25a2ac2c09cd01ba54 be7da98d934243b78a80e575c9d458b9 - - default default] Method 'is_advsvc' is deprecated since 2023.2 release (neutron-lib 3.8.0) and will be removed once support for the old RBAC API policies will be removed from Neutron. Please use method 'is_service_role' instead.
2026-05-08 11:33:13.801 10 INFO neutron.db.ovn_revision_numbers_db [None req-704b08b8-0331-4e7c-b411-feaa26333695 - - - - - -] Successfully bumped revision number for resource 888695ce-3f50-4e02-86a5-5eff79da464a (type: ports) to 1
2026-05-08 11:33:13.869 10 INFO neutron.db.segments_db [None req-d41bd134-24d0-462f-a571-030fc63cec1d d0d6ff3ca5654f25a2ac2c09cd01ba54 be7da98d934243b78a80e575c9d458b9 - - default default] Added segment 5f1c861e-a67b-4f50-a441-ccba205c3de5 of type geneve for network 02799d56-2cb3-43a2-9469-04d2bd87a144
2026-05-08 11:33:14.074 10 INFO neutron.db.ovn_revision_numbers_db [None req-d41bd134-24d0-462f-a571-030fc63cec1d d0d6ff3ca5654f25a2ac2c09cd01ba54 be7da98d934243b78a80e575c9d458b9 - - default default] Successfully bumped revision number for resource 02799d56-2cb3-43a2-9469-04d2bd87a144 (type: networks) to 1
2026-05-08 11:33:14.080 10 INFO neutron.wsgi [None req-e9e530e1-0817-46e9-a6ee-5df6cf49fac2 eeb2b161ba2e4724817ef75c828a3a24 f501fbb8bd6a499fbfc7c7fe1af64732 - - default default] 10.0.0.139 "POST /v2.0/vpn/vpnservices HTTP/1.1" status: 201 len: 657 time: 6.2459385
2026-05-08 11:33:14.104 9 INFO neutron.wsgi [None req-144b55cd-d047-41f3-87ce-f8c29363fd6e 2a062b02258d4ce79ca5dbbafedd3039 a96d1113912b40a98db9b7d7a65c6bad - - default default] 10.0.0.139 "GET /v2.0/vpn/vpnservices HTTP/1.1" status: 200 len: 1502 time: 0.0175953
2026-05-08 11:33:14.285 10 WARNING neutron.scheduler.dhcp_agent_scheduler [None req-d41bd134-24d0-462f-a571-030fc63cec1d d0d6ff3ca5654f25a2ac2c09cd01ba54 be7da98d934243b78a80e575c9d458b9 - - default default] No more DHCP agents
2026-05-08 11:33:14.288 10 WARNING neutron.api.rpc.agentnotifiers.dhcp_rpc_agent_api [None req-d41bd134-24d0-462f-a571-030fc63cec1d d0d6ff3ca5654f25a2ac2c09cd01ba54 be7da98d934243b78a80e575c9d458b9 - - default default] Unable to schedule network 02799d56-2cb3-43a2-9469-04d2bd87a144: no agents available; will retry on subsequent port and subnet creation events.
2026-05-08 11:33:14.369 10 INFO neutron.db.ovn_revision_numbers_db [None req-d41bd134-24d0-462f-a571-030fc63cec1d d0d6ff3ca5654f25a2ac2c09cd01ba54 be7da98d934243b78a80e575c9d458b9 - - default default] Successfully bumped revision number for resource b7b753cd-d6a1-414b-9425-03bab56749a6 (type: ports) to 1
2026-05-08 11:33:14.390 10 INFO neutron.wsgi [None req-d41bd134-24d0-462f-a571-030fc63cec1d d0d6ff3ca5654f25a2ac2c09cd01ba54 be7da98d934243b78a80e575c9d458b9 - - default default] 10.0.0.139 "POST /v2.0/networks HTTP/1.1" status: 201 len: 831 time: 0.6655314
2026-05-08 11:33:14.399 10 WARNING neutron_lib.context [None req-acb9a79a-1d48-41cf-bef7-9d203d79b5a2 d0d6ff3ca5654f25a2ac2c09cd01ba54 be7da98d934243b78a80e575c9d458b9 - - default default] Method 'is_advsvc' is deprecated since 2023.2 release (neutron-lib 3.8.0) and will be removed once support for the old RBAC API policies will be removed from Neutron. Please use method 'is_service_role' instead.
2026-05-08 11:33:14.647 10 WARNING neutron.scheduler.dhcp_agent_scheduler [None req-acb9a79a-1d48-41cf-bef7-9d203d79b5a2 d0d6ff3ca5654f25a2ac2c09cd01ba54 be7da98d934243b78a80e575c9d458b9 - - default default] No more DHCP agents
2026-05-08 11:33:14.650 10 WARNING neutron.api.rpc.agentnotifiers.dhcp_rpc_agent_api [None req-acb9a79a-1d48-41cf-bef7-9d203d79b5a2 d0d6ff3ca5654f25a2ac2c09cd01ba54 be7da98d934243b78a80e575c9d458b9 - - default default] Unable to schedule network 02799d56-2cb3-43a2-9469-04d2bd87a144: no agents available; will retry on subsequent port and subnet creation events.
2026-05-08 11:33:14.760 10 INFO neutron.db.ovn_revision_numbers_db [None req-acb9a79a-1d48-41cf-bef7-9d203d79b5a2 d0d6ff3ca5654f25a2ac2c09cd01ba54 be7da98d934243b78a80e575c9d458b9 - - default default] Successfully bumped revision number for resource 834925eb-cdee-4b75-8d86-c447489feb20 (type: ports) to 1
2026-05-08 11:33:14.785 10 INFO neutron.wsgi [None req-acb9a79a-1d48-41cf-bef7-9d203d79b5a2 d0d6ff3ca5654f25a2ac2c09cd01ba54 be7da98d934243b78a80e575c9d458b9 - - default default] 10.0.0.139 "POST /v2.0/ports HTTP/1.1" status: 201 len: 942 time: 0.3895848 /var/lib/openstack/lib/python3.10/site-packages/pycadf/identifier.py:71: UserWarning: Invalid uuid: neutron. To ensure interoperability, identifiers should be a valid uuid. warnings.warn(('Invalid uuid: %s. To ensure interoperability, '
2026-05-08 11:33:14.795 10 WARNING neutron_lib.context [None req-9a769ca9-6b38-45bf-aeff-698628d4965d d0d6ff3ca5654f25a2ac2c09cd01ba54 be7da98d934243b78a80e575c9d458b9 - - default default] Method 'is_advsvc' is deprecated since 2023.2 release (neutron-lib 3.8.0) and will be removed once support for the old RBAC API policies will be removed from Neutron. Please use method 'is_service_role' instead.
2026-05-08 11:33:14.998 10 INFO neutron.wsgi [None req-9a769ca9-6b38-45bf-aeff-698628d4965d d0d6ff3ca5654f25a2ac2c09cd01ba54 be7da98d934243b78a80e575c9d458b9 - - default default] 10.0.0.139 "POST /v2.0/trunks HTTP/1.1" status: 201 len: 608 time: 0.2081058
2026-05-08 11:33:15.008 10 WARNING neutron_lib.context [None req-334a3bc2-eff2-4709-ba5f-dbab66c3fc12 d0d6ff3ca5654f25a2ac2c09cd01ba54 be7da98d934243b78a80e575c9d458b9 - - default default] Method 'is_advsvc' is deprecated since 2023.2 release (neutron-lib 3.8.0) and will be removed once support for the old RBAC API policies will be removed from Neutron. Please use method 'is_service_role' instead.
2026-05-08 11:33:15.090 10 INFO neutron.db.segments_db [None req-334a3bc2-eff2-4709-ba5f-dbab66c3fc12 d0d6ff3ca5654f25a2ac2c09cd01ba54 be7da98d934243b78a80e575c9d458b9 - - default default] Added segment 00155be9-db34-4317-8c43-b07b22671818 of type geneve for network de0da750-ec31-420a-8fa8-f9da0b7f4f0c
2026-05-08 11:33:15.230 10 INFO neutron.db.ovn_revision_numbers_db [None req-334a3bc2-eff2-4709-ba5f-dbab66c3fc12 d0d6ff3ca5654f25a2ac2c09cd01ba54 be7da98d934243b78a80e575c9d458b9 - - default default] Successfully bumped revision number for resource de0da750-ec31-420a-8fa8-f9da0b7f4f0c (type: networks) to 1
2026-05-08 11:33:15.429 10 WARNING neutron.scheduler.dhcp_agent_scheduler [None req-334a3bc2-eff2-4709-ba5f-dbab66c3fc12 d0d6ff3ca5654f25a2ac2c09cd01ba54 be7da98d934243b78a80e575c9d458b9 - - default default] No more DHCP agents
2026-05-08 11:33:15.431 10 WARNING neutron.api.rpc.agentnotifiers.dhcp_rpc_agent_api [None req-334a3bc2-eff2-4709-ba5f-dbab66c3fc12 d0d6ff3ca5654f25a2ac2c09cd01ba54 be7da98d934243b78a80e575c9d458b9 - - default default] Unable to schedule network de0da750-ec31-420a-8fa8-f9da0b7f4f0c: no agents available; will retry on subsequent port and subnet creation events.
2026-05-08 11:33:15.531 10 INFO neutron.db.ovn_revision_numbers_db [None req-334a3bc2-eff2-4709-ba5f-dbab66c3fc12 d0d6ff3ca5654f25a2ac2c09cd01ba54 be7da98d934243b78a80e575c9d458b9 - - default default] Successfully bumped revision number for resource 9f4cdf1c-a4ee-4966-9090-eaba209ecdd1 (type: ports) to 1
2026-05-08 11:33:15.557 10 INFO neutron.wsgi [None req-334a3bc2-eff2-4709-ba5f-dbab66c3fc12 d0d6ff3ca5654f25a2ac2c09cd01ba54 be7da98d934243b78a80e575c9d458b9 - - default default] 10.0.0.139 "POST /v2.0/networks HTTP/1.1" status: 201 len: 830 time: 0.5540538
2026-05-08 11:33:15.569 10 WARNING neutron_lib.context [None req-4e7520aa-7bd6-4951-9fd5-b45c780c92df d0d6ff3ca5654f25a2ac2c09cd01ba54 be7da98d934243b78a80e575c9d458b9 - - default default] Method 'is_advsvc' is deprecated since 2023.2 release (neutron-lib 3.8.0) and will be removed once support for the old RBAC API policies will be removed from Neutron. Please use method 'is_service_role' instead.
2026-05-08 11:33:15.801 10 WARNING neutron.scheduler.dhcp_agent_scheduler [None req-4e7520aa-7bd6-4951-9fd5-b45c780c92df d0d6ff3ca5654f25a2ac2c09cd01ba54 be7da98d934243b78a80e575c9d458b9 - - default default] No more DHCP agents
2026-05-08 11:33:15.803 10 WARNING neutron.api.rpc.agentnotifiers.dhcp_rpc_agent_api [None req-4e7520aa-7bd6-4951-9fd5-b45c780c92df d0d6ff3ca5654f25a2ac2c09cd01ba54 be7da98d934243b78a80e575c9d458b9 - - default default] Unable to schedule network de0da750-ec31-420a-8fa8-f9da0b7f4f0c: no agents available; will retry on subsequent port and subnet creation events.
2026-05-08 11:33:15.896 10 INFO neutron.db.ovn_revision_numbers_db [None req-4e7520aa-7bd6-4951-9fd5-b45c780c92df d0d6ff3ca5654f25a2ac2c09cd01ba54 be7da98d934243b78a80e575c9d458b9 - - default default] Successfully bumped revision number for resource d4182e9f-408c-417b-bf6a-4228869e668b (type: ports) to 1
2026-05-08 11:33:15.920 10 INFO neutron.wsgi [None req-4e7520aa-7bd6-4951-9fd5-b45c780c92df d0d6ff3ca5654f25a2ac2c09cd01ba54 be7da98d934243b78a80e575c9d458b9 - - default default] 10.0.0.139 "POST /v2.0/ports HTTP/1.1" status: 201 len: 942 time: 0.3560092 /var/lib/openstack/lib/python3.10/site-packages/pycadf/identifier.py:71: UserWarning: Invalid uuid: neutron. To ensure interoperability, identifiers should be a valid uuid. warnings.warn(('Invalid uuid: %s. To ensure interoperability, '
2026-05-08 11:33:15.932 10 WARNING neutron_lib.context [None req-71e502a8-4b79-40ee-b735-0a072c8093d8 d0d6ff3ca5654f25a2ac2c09cd01ba54 be7da98d934243b78a80e575c9d458b9 - - default default] Method 'is_advsvc' is deprecated since 2023.2 release (neutron-lib 3.8.0) and will be removed once support for the old RBAC API policies will be removed from Neutron. Please use method 'is_service_role' instead.
2026-05-08 11:33:16.132 10 INFO neutron.wsgi [None req-71e502a8-4b79-40ee-b735-0a072c8093d8 d0d6ff3ca5654f25a2ac2c09cd01ba54 be7da98d934243b78a80e575c9d458b9 - - default default] 10.0.0.139 "POST /v2.0/trunks HTTP/1.1" status: 201 len: 608 time: 0.2051160
2026-05-08 11:33:16.143 10 WARNING neutron_lib.context [None req-39bdc51a-170e-4419-87ff-8bf419b103ef d0d6ff3ca5654f25a2ac2c09cd01ba54 be7da98d934243b78a80e575c9d458b9 - - default default] Method 'is_advsvc' is deprecated since 2023.2 release (neutron-lib 3.8.0) and will be removed once support for the old RBAC API policies will be removed from Neutron. Please use method 'is_service_role' instead.
2026-05-08 11:33:16.229 10 INFO neutron.db.segments_db [None req-39bdc51a-170e-4419-87ff-8bf419b103ef d0d6ff3ca5654f25a2ac2c09cd01ba54 be7da98d934243b78a80e575c9d458b9 - - default default] Added segment 70ccaebd-97e6-49c3-80c1-3b50c25c733a of type geneve for network 7f6305dc-de78-4559-a75a-edd8766ff21f
2026-05-08 11:33:16.373 10 INFO neutron.db.ovn_revision_numbers_db [None req-39bdc51a-170e-4419-87ff-8bf419b103ef d0d6ff3ca5654f25a2ac2c09cd01ba54 be7da98d934243b78a80e575c9d458b9 - - default default] Successfully bumped revision number for resource 7f6305dc-de78-4559-a75a-edd8766ff21f (type: networks) to 1
2026-05-08 11:33:16.581 10 WARNING neutron.scheduler.dhcp_agent_scheduler [None req-39bdc51a-170e-4419-87ff-8bf419b103ef d0d6ff3ca5654f25a2ac2c09cd01ba54 be7da98d934243b78a80e575c9d458b9 - - default default] No more DHCP agents
2026-05-08 11:33:16.585 10 WARNING neutron.api.rpc.agentnotifiers.dhcp_rpc_agent_api [None req-39bdc51a-170e-4419-87ff-8bf419b103ef d0d6ff3ca5654f25a2ac2c09cd01ba54 be7da98d934243b78a80e575c9d458b9 - - default default] Unable to schedule network 7f6305dc-de78-4559-a75a-edd8766ff21f: no agents available; will retry on subsequent port and subnet creation events.
2026-05-08 11:33:16.672 10 INFO neutron.db.ovn_revision_numbers_db [None req-39bdc51a-170e-4419-87ff-8bf419b103ef d0d6ff3ca5654f25a2ac2c09cd01ba54 be7da98d934243b78a80e575c9d458b9 - - default default] Successfully bumped revision number for resource ad94f400-4797-4ac5-b69a-ab0158de0167 (type: ports) to 1
2026-05-08 11:33:16.694 10 INFO neutron.wsgi [None req-39bdc51a-170e-4419-87ff-8bf419b103ef d0d6ff3ca5654f25a2ac2c09cd01ba54 be7da98d934243b78a80e575c9d458b9 - - default default] 10.0.0.139 "POST /v2.0/networks HTTP/1.1" status: 201 len: 831 time: 0.5560808
2026-05-08 11:33:16.704 10 WARNING neutron_lib.context [None req-22a12d69-1d85-40d4-be56-fbedaaa07683 d0d6ff3ca5654f25a2ac2c09cd01ba54 be7da98d934243b78a80e575c9d458b9 - - default default] Method 'is_advsvc' is deprecated since 2023.2 release (neutron-lib 3.8.0) and will be removed once support for the old RBAC API policies will be removed from Neutron. Please use method 'is_service_role' instead.
2026-05-08 11:33:16.866 9 INFO neutron.services.segments.plugin [-] Segment da0da559-a921-43da-95aa-40b9a00be0e1 resource provider aggregate not found
2026-05-08 11:33:16.874 9 INFO neutron.services.segments.plugin [-] Segment da0da559-a921-43da-95aa-40b9a00be0e1 resource provider aggregate not found
2026-05-08 11:33:16.884 9 INFO neutron.services.segments.plugin [-] Segment da0da559-a921-43da-95aa-40b9a00be0e1 resource provider not found; error: Placement Client Error (4xx): {"errors": [{"status": 404, "title": "Not Found", "detail": "The resource could not be found.\n\n No resource provider with uuid da0da559-a921-43da-95aa-40b9a00be0e1 found for delete ", "request_id": "req-8d396132-147c-42cd-a484-21bc6e33cbdb"}]}
2026-05-08 11:33:16.892 9 INFO neutron.services.segments.plugin [-] Segment da0da559-a921-43da-95aa-40b9a00be0e1 resource provider not found; error: Placement Client Error (4xx): {"errors": [{"status": 404, "title": "Not Found", "detail": "The resource could not be found.\n\n No resource provider with uuid da0da559-a921-43da-95aa-40b9a00be0e1 found for delete ", "request_id": "req-db4caff6-aea9-4270-b3f7-e2ac1b600ae1"}]}
2026-05-08 11:33:16.905 9 INFO neutron.wsgi [None req-5b807150-9fdb-4feb-9f19-ae92ef6c4b36 eeb2b161ba2e4724817ef75c828a3a24 f501fbb8bd6a499fbfc7c7fe1af64732 - - default default] 10.0.0.139 "DELETE /v2.0/vpn/vpnservices/39465de9-ed71-411b-a342-d9871f1d5bd8 HTTP/1.1" status: 204 len: 168 time: 2.7961636 /var/lib/openstack/lib/python3.10/site-packages/pycadf/identifier.py:71: UserWarning: Invalid uuid: neutron. To ensure interoperability, identifiers should be a valid uuid. warnings.warn(('Invalid uuid: %s. To ensure interoperability, '
2026-05-08 11:33:16.918 9 WARNING neutron_lib.context [None req-adb56d65-ff5b-47fd-82d4-444d53b0b417 2a062b02258d4ce79ca5dbbafedd3039 a96d1113912b40a98db9b7d7a65c6bad - - default default] Method 'is_advsvc' is deprecated since 2023.2 release (neutron-lib 3.8.0) and will be removed once support for the old RBAC API policies will be removed from Neutron. Please use method 'is_service_role' instead.
2026-05-08 11:33:16.967 10 WARNING neutron.scheduler.dhcp_agent_scheduler [None req-22a12d69-1d85-40d4-be56-fbedaaa07683 d0d6ff3ca5654f25a2ac2c09cd01ba54 be7da98d934243b78a80e575c9d458b9 - - default default] No more DHCP agents
2026-05-08 11:33:16.971 10 WARNING neutron.api.rpc.agentnotifiers.dhcp_rpc_agent_api [None req-22a12d69-1d85-40d4-be56-fbedaaa07683 d0d6ff3ca5654f25a2ac2c09cd01ba54 be7da98d934243b78a80e575c9d458b9 - - default default] Unable to schedule network 7f6305dc-de78-4559-a75a-edd8766ff21f: no agents available; will retry on subsequent port and subnet creation events.
2026-05-08 11:33:16.982 9 INFO neutron.wsgi [None req-adb56d65-ff5b-47fd-82d4-444d53b0b417 2a062b02258d4ce79ca5dbbafedd3039 a96d1113912b40a98db9b7d7a65c6bad - - default default] 10.0.0.139 "POST /v2.0/vpn/endpoint-groups HTTP/1.1" status: 201 len: 501 time: 0.0709577
2026-05-08 11:33:16.993 9 WARNING neutron_lib.context [None req-4ec30085-b7be-464f-9d4e-d05f272ec2b0 2a062b02258d4ce79ca5dbbafedd3039 a96d1113912b40a98db9b7d7a65c6bad - - default default] Method 'is_advsvc' is deprecated since 2023.2 release (neutron-lib 3.8.0) and will be removed once support for the old RBAC API policies will be removed from Neutron. Please use method 'is_service_role' instead.
2026-05-08 11:33:17.033 9 INFO neutron.wsgi [None req-4ec30085-b7be-464f-9d4e-d05f272ec2b0 2a062b02258d4ce79ca5dbbafedd3039 a96d1113912b40a98db9b7d7a65c6bad - - default default] 10.0.0.139 "POST /v2.0/vpn/endpoint-groups HTTP/1.1" status: 201 len: 493 time: 0.0442400
2026-05-08 11:33:17.047 9 WARNING neutron.api.v2.base [None req-0bf674f6-2074-41f8-8cb0-a8a30284a784 2a062b02258d4ce79ca5dbbafedd3039 a96d1113912b40a98db9b7d7a65c6bad - - default default] An exception happened while processing the request body. The exception message is [Unrecognized attribute(s) 'peer_cidr'].: webob.exc.HTTPBadRequest: Unrecognized attribute(s) 'peer_cidr'
2026-05-08 11:33:17.047 9 INFO neutron.api.v2.resource [None req-0bf674f6-2074-41f8-8cb0-a8a30284a784 2a062b02258d4ce79ca5dbbafedd3039 a96d1113912b40a98db9b7d7a65c6bad - - default default] create failed (client error): Unrecognized attribute(s) 'peer_cidr'
2026-05-08 11:33:17.048 9 INFO neutron.wsgi [None req-0bf674f6-2074-41f8-8cb0-a8a30284a784 2a062b02258d4ce79ca5dbbafedd3039 a96d1113912b40a98db9b7d7a65c6bad - - default default] 10.0.0.139 "POST /v2.0/vpn/ipsec-site-connections HTTP/1.1" status: 400 len: 313 time: 0.0069928
2026-05-08 11:33:17.068 9 INFO neutron.wsgi [None req-ab98205e-2e06-4a57-980f-7f680f222413 2a062b02258d4ce79ca5dbbafedd3039 a96d1113912b40a98db9b7d7a65c6bad - - default default] 10.0.0.139 "GET /v2.0/vpn/endpoint-groups HTTP/1.1" status: 200 len: 1388 time: 0.0151463
2026-05-08 11:33:17.075 10 INFO neutron.db.ovn_revision_numbers_db [None req-22a12d69-1d85-40d4-be56-fbedaaa07683 d0d6ff3ca5654f25a2ac2c09cd01ba54 be7da98d934243b78a80e575c9d458b9 - - default default] Successfully bumped revision number for resource 907eac39-2779-46d7-a3e8-7a569ff63919 (type: ports) to 1
2026-05-08 11:33:17.098 9 INFO neutron.wsgi [None req-cde82bbd-42c5-4c15-a285-f54778fccee5 2a062b02258d4ce79ca5dbbafedd3039 a96d1113912b40a98db9b7d7a65c6bad - - default default] 10.0.0.139 "DELETE /v2.0/vpn/endpoint-groups/6979c96c-e4ce-41be-92df-8136069252ce HTTP/1.1" status: 204 len: 168 time: 0.0239465
2026-05-08 11:33:17.102 10 INFO neutron.wsgi [None req-22a12d69-1d85-40d4-be56-fbedaaa07683 d0d6ff3ca5654f25a2ac2c09cd01ba54 be7da98d934243b78a80e575c9d458b9 - - default default] 10.0.0.139 "POST /v2.0/ports HTTP/1.1" status: 201 len: 942 time: 0.4030881 /var/lib/openstack/lib/python3.10/site-packages/pycadf/identifier.py:71: UserWarning: Invalid uuid: neutron. To ensure interoperability, identifiers should be a valid uuid. warnings.warn(('Invalid uuid: %s. To ensure interoperability, '
2026-05-08 11:33:17.112 10 WARNING neutron_lib.context [None req-211cf564-f797-4a8e-9d8b-cfb21fb000e1 d0d6ff3ca5654f25a2ac2c09cd01ba54 be7da98d934243b78a80e575c9d458b9 - - default default] Method 'is_advsvc' is deprecated since 2023.2 release (neutron-lib 3.8.0) and will be removed once support for the old RBAC API policies will be removed from Neutron. Please use method 'is_service_role' instead.
2026-05-08 11:33:17.125 9 INFO neutron.wsgi [None req-1d5d1023-017f-4ebc-abbb-7abc3fd93554 2a062b02258d4ce79ca5dbbafedd3039 a96d1113912b40a98db9b7d7a65c6bad - - default default] 10.0.0.139 "GET /v2.0/vpn/endpoint-groups HTTP/1.1" status: 200 len: 1111 time: 0.0178027
2026-05-08 11:33:17.129 9 INFO neutron.wsgi [-] 10.0.0.214 "GET / HTTP/1.1" status: 200 len: 247 time: 0.0013535
2026-05-08 11:33:17.130 9 INFO neutron.wsgi [-] 10.0.0.214 "GET / HTTP/1.1" status: 200 len: 247 time: 0.0009713
2026-05-08 11:33:17.146 10 INFO neutron.wsgi [None req-70146d1f-02de-46c9-aa5a-946ab82eac81 2a062b02258d4ce79ca5dbbafedd3039 a96d1113912b40a98db9b7d7a65c6bad - - default default] 10.0.0.139 "GET /v2.0/vpn/endpoint-groups HTTP/1.1" status: 200 len: 1111 time: 0.0162437
2026-05-08 11:33:17.210 10 INFO neutron.wsgi [None req-da02fe8f-c490-465c-921a-6452d73ab0dc 2a062b02258d4ce79ca5dbbafedd3039 a96d1113912b40a98db9b7d7a65c6bad - - default default] 10.0.0.139 "DELETE /v2.0/vpn/endpoint-groups/2d4a94b5-5d2d-44af-8362-3f3f2d70d597 HTTP/1.1" status: 204 len: 168 time: 0.0563617
2026-05-08 11:33:17.234 10 INFO neutron.wsgi [None req-e42e80c2-b0f3-44a8-876f-2eec904f0895 2a062b02258d4ce79ca5dbbafedd3039 a96d1113912b40a98db9b7d7a65c6bad - - default default] 10.0.0.139 "GET /v2.0/vpn/endpoint-groups HTTP/1.1" status: 200 len: 827 time: 0.0202978
2026-05-08 11:33:17.247 9 WARNING neutron_lib.context [None req-7b2652b9-4de9-4eb0-bb90-8574e4c2861d 2a062b02258d4ce79ca5dbbafedd3039 a96d1113912b40a98db9b7d7a65c6bad - - default default] Method 'is_advsvc' is deprecated since 2023.2 release (neutron-lib 3.8.0) and will be removed once support for the old RBAC API policies will be removed from Neutron. Please use method 'is_service_role' instead.
2026-05-08 11:33:17.318 9 INFO neutron.wsgi [None req-7b2652b9-4de9-4eb0-bb90-8574e4c2861d 2a062b02258d4ce79ca5dbbafedd3039 a96d1113912b40a98db9b7d7a65c6bad - - default default] 10.0.0.139 "POST /v2.0/vpn/endpoint-groups HTTP/1.1" status: 201 len: 500 time: 0.0772412
2026-05-08 11:33:17.330 10 WARNING neutron_lib.context [None req-2f204616-cc95-4649-b1b2-3a97c80b4479 2a062b02258d4ce79ca5dbbafedd3039 a96d1113912b40a98db9b7d7a65c6bad - - default default] Method 'is_advsvc' is deprecated since 2023.2 release (neutron-lib 3.8.0) and will be removed once support for the old RBAC API policies will be removed from Neutron. Please use method 'is_service_role' instead.
2026-05-08 11:33:17.373 10 INFO neutron.wsgi [None req-2f204616-cc95-4649-b1b2-3a97c80b4479 2a062b02258d4ce79ca5dbbafedd3039 a96d1113912b40a98db9b7d7a65c6bad - - default default] 10.0.0.139 "POST /v2.0/vpn/endpoint-groups HTTP/1.1" status: 201 len: 491 time: 0.0477681
2026-05-08 11:33:17.380 10 INFO neutron.wsgi [None req-211cf564-f797-4a8e-9d8b-cfb21fb000e1 d0d6ff3ca5654f25a2ac2c09cd01ba54 be7da98d934243b78a80e575c9d458b9 - - default default] 10.0.0.139 "POST /v2.0/trunks HTTP/1.1" status: 201 len: 608 time: 0.2727394
2026-05-08 11:33:17.388 9 WARNING neutron_lib.context [None req-3a9fee39-e405-44ff-904e-e128292c5644 2a062b02258d4ce79ca5dbbafedd3039 a96d1113912b40a98db9b7d7a65c6bad - - default default] Method 'is_advsvc' is deprecated since 2023.2 release (neutron-lib 3.8.0) and will be removed once support for the old RBAC API policies will be removed from Neutron. Please use method 'is_service_role' instead.
2026-05-08 11:33:17.416 10 INFO neutron.wsgi [None req-49119a7e-fe89-477d-bbd6-2ac353a4e424 d0d6ff3ca5654f25a2ac2c09cd01ba54 be7da98d934243b78a80e575c9d458b9 - - default default] 10.0.0.139 "PUT /v2.0/trunks/687d4fca-2a3b-4dc0-b457-86abd2e99825/tags HTTP/1.1" status: 200 len: 210 time: 0.0317812
2026-05-08 11:33:17.427 9 INFO neutron.api.v2.resource [None req-3a9fee39-e405-44ff-904e-e128292c5644 2a062b02258d4ce79ca5dbbafedd3039 a96d1113912b40a98db9b7d7a65c6bad - - default default] create failed (client error): The server could not comply with the request since it is either malformed or otherwise incorrect.
2026-05-08 11:33:17.428 9 INFO neutron.wsgi [None req-3a9fee39-e405-44ff-904e-e128292c5644 2a062b02258d4ce79ca5dbbafedd3039 a96d1113912b40a98db9b7d7a65c6bad - - default default] 10.0.0.139 "POST /v2.0/vpn/ipsec-site-connections HTTP/1.1" status: 400 len: 373 time: 0.0481036
