2026-05-08 11:29:47.290 10 INFO neutron.db.ovn_revision_numbers_db [None req-1077e9ef-6c77-4d64-9bae-828e520a0b01 cdde802451324f03b5d6f3a36e72db0f ae18359b93bb40dab5168e6c42c9c622 - - default default] Successfully bumped revision number for resource f8903055-3bc5-4d20-8e6e-689fb24781d0 (type: security_group_rules) to 0
2026-05-08 11:29:47.310 10 INFO neutron.wsgi [None req-1077e9ef-6c77-4d64-9bae-828e520a0b01 cdde802451324f03b5d6f3a36e72db0f ae18359b93bb40dab5168e6c42c9c622 - - default default] 10.0.0.139 "GET /v2.0/security-groups?tenant_id=a38571cb60bd4832a4f23883d5d1de1f&name=default HTTP/1.1" status: 200 len: 3120 time: 0.4092946
2026-05-08 11:29:47.540 9 INFO neutron.plugins.ml2.drivers.ovn.mech_driver.ovsdb.commands [None req-7f774c1b-3780-42f6-b50d-4a06fa26f634 - - - - - -] Schedule LRP lrp-0b4a46ab-64d1-4f30-9719-bb02bec05474 on gateway 71a8c464-18c3-4c70-9d30-2590e72738a3 with priority 1
2026-05-08 11:29:47.553 10 INFO neutron.plugins.ml2.drivers.ovn.mech_driver.mech_driver [None req-00fd083b-e1ad-463c-b35c-dbf466fe6291 - - - - - -] OVN reports status up for port: 0b4a46ab-64d1-4f30-9719-bb02bec05474
2026-05-08 11:29:47.557 10 INFO neutron.wsgi [None req-2db9efaa-a535-4fe0-8e85-8753acd9252b cdde802451324f03b5d6f3a36e72db0f ae18359b93bb40dab5168e6c42c9c622 - - default default] 10.0.0.139 "DELETE /v2.0/security-groups/6c7e7ffc-98a7-48dc-b003-eb30219c45e4 HTTP/1.1" status: 204 len: 168 time: 0.2428482
2026-05-08 11:29:47.566 10 INFO neutron.plugins.ml2.plugin [None req-00fd083b-e1ad-463c-b35c-dbf466fe6291 - - - - - -] Attempt 1 to provision port 0b4a46ab-64d1-4f30-9719-bb02bec05474
2026-05-08 11:29:47.578 9 INFO neutron.plugins.ml2.drivers.ovn.mech_driver.ovsdb.ovsdb_monitor [None req-b0972ab6-0f8d-4e5c-9c25-be2874a497fe - - - - - -] Router 065542e1-f14e-48b3-85a2-f28ee5d33e1a is bound to host instance
2026-05-08 11:29:47.604 9 INFO neutron.db.ovn_revision_numbers_db [None req-01fa9b5f-46a9-4629-b625-386a932b052c cdde802451324f03b5d6f3a36e72db0f ae18359b93bb40dab5168e6c42c9c622 - - default default] Successfully bumped revision number for resource 0b4a46ab-64d1-4f30-9719-bb02bec05474 (type: router_ports) to 1
2026-05-08 11:29:47.719 9 INFO neutron.db.ovn_revision_numbers_db [None req-01fa9b5f-46a9-4629-b625-386a932b052c cdde802451324f03b5d6f3a36e72db0f ae18359b93bb40dab5168e6c42c9c622 - - default default] Successfully bumped revision number for resource 065542e1-f14e-48b3-85a2-f28ee5d33e1a (type: routers) to 2
2026-05-08 11:29:47.754 9 INFO neutron.wsgi [None req-01fa9b5f-46a9-4629-b625-386a932b052c cdde802451324f03b5d6f3a36e72db0f ae18359b93bb40dab5168e6c42c9c622 - - default default] 10.0.0.139 "POST /v2.0/routers HTTP/1.1" status: 201 len: 1170 time: 1.6820867
2026-05-08 11:29:47.771 9 WARNING neutron_lib.context [None req-6fddd64d-d898-49e9-b952-755acc7ebfd5 b618b3bd2e5441afbfbc1de14608e735 4561d7dc7f204ca68cfcaca36e850edb - - default default] Method 'is_advsvc' is deprecated since 2023.2 release (neutron-lib 3.8.0) and will be removed once support for the old RBAC API policies will be removed from Neutron. Please use method 'is_service_role' instead.
2026-05-08 11:29:47.771 9 WARNING neutron_lib.context [None req-6fddd64d-d898-49e9-b952-755acc7ebfd5 b618b3bd2e5441afbfbc1de14608e735 4561d7dc7f204ca68cfcaca36e850edb - - default default] Method 'is_advsvc' is deprecated since 2023.2 release (neutron-lib 3.8.0) and will be removed once support for the old RBAC API policies will be removed from Neutron. Please use method 'is_service_role' instead.
2026-05-08 11:29:48.005 9 INFO neutron.db.ovn_revision_numbers_db [None req-6fddd64d-d898-49e9-b952-755acc7ebfd5 b618b3bd2e5441afbfbc1de14608e735 4561d7dc7f204ca68cfcaca36e850edb - - default default] Successfully bumped revision number for resource 11fcbdb0-7d57-4f3e-b2c5-526b18efb3ef (type: security_groups) to 1
2026-05-08 11:29:48.022 9 INFO neutron.db.ovn_revision_numbers_db [None req-6fddd64d-d898-49e9-b952-755acc7ebfd5 b618b3bd2e5441afbfbc1de14608e735 4561d7dc7f204ca68cfcaca36e850edb - - default default] Successfully bumped revision number for resource 3b537f9d-543e-4506-9b8b-da6be4a08980 (type: security_group_rules) to 0
2026-05-08 11:29:48.043 9 INFO neutron.db.ovn_revision_numbers_db [None req-6fddd64d-d898-49e9-b952-755acc7ebfd5 b618b3bd2e5441afbfbc1de14608e735 4561d7dc7f204ca68cfcaca36e850edb - - default default] Successfully bumped revision number for resource 52e29f59-1e92-438f-8e21-7770e8e24c3a (type: security_group_rules) to 0
2026-05-08 11:29:48.069 9 INFO neutron.db.ovn_revision_numbers_db [None req-6fddd64d-d898-49e9-b952-755acc7ebfd5 b618b3bd2e5441afbfbc1de14608e735 4561d7dc7f204ca68cfcaca36e850edb - - default default] Successfully bumped revision number for resource f6717a5d-e3c0-4860-bce7-986d034eabcd (type: security_group_rules) to 0
2026-05-08 11:29:48.094 9 INFO neutron.db.ovn_revision_numbers_db [None req-6fddd64d-d898-49e9-b952-755acc7ebfd5 b618b3bd2e5441afbfbc1de14608e735 4561d7dc7f204ca68cfcaca36e850edb - - default default] Successfully bumped revision number for resource fbf4ede2-d26f-4b4c-8229-a4cbe85c428b (type: security_group_rules) to 0
2026-05-08 11:29:48.180 9 INFO neutron.db.segments_db [None req-6fddd64d-d898-49e9-b952-755acc7ebfd5 b618b3bd2e5441afbfbc1de14608e735 4561d7dc7f204ca68cfcaca36e850edb - - default default] Added segment 6f3f20d7-5e6e-420d-9d71-59fa2b8b1ad1 of type geneve for network 7cfab997-d3d1-4dee-a96b-a418a6ef61f6
2026-05-08 11:29:48.342 9 INFO neutron.db.segments_db [None req-6fddd64d-d898-49e9-b952-755acc7ebfd5 b618b3bd2e5441afbfbc1de14608e735 4561d7dc7f204ca68cfcaca36e850edb - - default default] Added segment ed28bd4f-8010-449d-930c-91122d259b87 of type geneve for network e344a7ed-f14d-4e79-9f47-f7d0820eb7d9
2026-05-08 11:29:48.350 10 WARNING neutron.scheduler.dhcp_agent_scheduler [None req-2d4aaf57-1415-4b55-83ef-47f13ad415ef cdde802451324f03b5d6f3a36e72db0f ae18359b93bb40dab5168e6c42c9c622 - - default default] No more DHCP agents
2026-05-08 11:29:48.353 10 WARNING neutron.api.rpc.agentnotifiers.dhcp_rpc_agent_api [None req-2d4aaf57-1415-4b55-83ef-47f13ad415ef cdde802451324f03b5d6f3a36e72db0f ae18359b93bb40dab5168e6c42c9c622 - - default default] Unable to schedule network c0cfa6b7-c301-4607-b1f7-4b443ff3d747: no agents available; will retry on subsequent port and subnet creation events.
2026-05-08 11:29:48.540 10 INFO neutron.db.ovn_revision_numbers_db [None req-2d4aaf57-1415-4b55-83ef-47f13ad415ef cdde802451324f03b5d6f3a36e72db0f ae18359b93bb40dab5168e6c42c9c622 - - default default] Successfully bumped revision number for resource b2150609-4026-4adf-9960-1d26eda620e4 (type: ports) to 1
2026-05-08 11:29:48.685 9 INFO neutron.db.ovn_revision_numbers_db [None req-b0972ab6-0f8d-4e5c-9c25-be2874a497fe - - - - - -] Successfully bumped revision number for resource 0b4a46ab-64d1-4f30-9719-bb02bec05474 (type: ports) to 1
2026-05-08 11:29:48.761 9 INFO neutron.db.ovn_revision_numbers_db [None req-6fddd64d-d898-49e9-b952-755acc7ebfd5 b618b3bd2e5441afbfbc1de14608e735 4561d7dc7f204ca68cfcaca36e850edb - - default default] Successfully bumped revision number for resource 7cfab997-d3d1-4dee-a96b-a418a6ef61f6 (type: networks) to 1
2026-05-08 11:29:49.022 9 WARNING neutron.scheduler.dhcp_agent_scheduler [None req-6fddd64d-d898-49e9-b952-755acc7ebfd5 b618b3bd2e5441afbfbc1de14608e735 4561d7dc7f204ca68cfcaca36e850edb - - default default] No more DHCP agents
2026-05-08 11:29:49.027 9 WARNING neutron.api.rpc.agentnotifiers.dhcp_rpc_agent_api [None req-6fddd64d-d898-49e9-b952-755acc7ebfd5 b618b3bd2e5441afbfbc1de14608e735 4561d7dc7f204ca68cfcaca36e850edb - - default default] Unable to schedule network 7cfab997-d3d1-4dee-a96b-a418a6ef61f6: no agents available; will retry on subsequent port and subnet creation events.
2026-05-08 11:29:49.135 10 ERROR ovsdbapp.backend.ovs_idl.command [None req-2d4aaf57-1415-4b55-83ef-47f13ad415ef cdde802451324f03b5d6f3a36e72db0f ae18359b93bb40dab5168e6c42c9c622 - - default default] Error executing command (DbGetCommand): ovsdbapp.backend.ovs_idl.idlutils.RowNotFound: Cannot find Logical_Router_Port with name=lrp-b2150609-4026-4adf-9960-1d26eda620e4
2026-05-08 11:29:49.135 10 ERROR ovsdbapp.backend.ovs_idl.command
Traceback (most recent call last):
2026-05-08 11:29:49.135 10 ERROR ovsdbapp.backend.ovs_idl.command
File "/var/lib/openstack/lib/python3.10/site-packages/ovsdbapp/backend/ovs_idl/command.py", line 47, in execute
2026-05-08 11:29:49.135 10 ERROR ovsdbapp.backend.ovs_idl.command self.run_idl(None)
2026-05-08 11:29:49.135 10 ERROR ovsdbapp.backend.ovs_idl.command
File "/var/lib/openstack/lib/python3.10/site-packages/ovsdbapp/backend/ovs_idl/command.py", line 235, in run_idl
2026-05-08 11:29:49.135 10 ERROR ovsdbapp.backend.ovs_idl.command record = self.api.lookup(self.table, self.record)
2026-05-08 11:29:49.135 10 ERROR ovsdbapp.backend.ovs_idl.command
File "/var/lib/openstack/lib/python3.10/site-packages/ovsdbapp/backend/ovs_idl/__init__.py", line 184, in lookup
2026-05-08 11:29:49.135 10 ERROR ovsdbapp.backend.ovs_idl.command return self._lookup(table, record)
2026-05-08 11:29:49.135 10 ERROR ovsdbapp.backend.ovs_idl.command
File "/var/lib/openstack/lib/python3.10/site-packages/ovsdbapp/backend/ovs_idl/__init__.py", line 235, in _lookup
2026-05-08 11:29:49.135 10 ERROR ovsdbapp.backend.ovs_idl.command row = idlutils.row_by_value(self, rl.table, rl.column, record)
2026-05-08 11:29:49.135 10 ERROR ovsdbapp.backend.ovs_idl.command
File "/var/lib/openstack/lib/python3.10/site-packages/ovsdbapp/backend/ovs_idl/idlutils.py", line 114, in row_by_value
2026-05-08 11:29:49.135 10 ERROR ovsdbapp.backend.ovs_idl.command raise RowNotFound(table=table, col=column, match=match)
2026-05-08 11:29:49.135 10 ERROR ovsdbapp.backend.ovs_idl.command ovsdbapp.backend.ovs_idl.idlutils.RowNotFound: Cannot find Logical_Router_Port with name=lrp-b2150609-4026-4adf-9960-1d26eda620e4
2026-05-08 11:29:49.135 10 ERROR ovsdbapp.backend.ovs_idl.command 
2026-05-08 11:29:49.136 10 ERROR neutron_lib.callbacks.manager [None req-2d4aaf57-1415-4b55-83ef-47f13ad415ef cdde802451324f03b5d6f3a36e72db0f ae18359b93bb40dab5168e6c42c9c622 - - default default] Error during notification for neutron.services.ovn_l3.plugin.OVNL3RouterPlugin._port_update-8741054681839 port, after_update: ovsdbapp.backend.ovs_idl.idlutils.RowNotFound: Cannot find Logical_Router_Port with name=lrp-b2150609-4026-4adf-9960-1d26eda620e4
2026-05-08 11:29:49.136 10 ERROR neutron_lib.callbacks.manager
Traceback (most recent call last):
2026-05-08 11:29:49.136 10 ERROR neutron_lib.callbacks.manager
File "/var/lib/openstack/lib/python3.10/site-packages/neutron_lib/callbacks/manager.py", line 189, in _notify_loop
2026-05-08 11:29:49.136 10 ERROR neutron_lib.callbacks.manager callback.method(resource, event, trigger, payload=payload)
2026-05-08 11:29:49.136 10 ERROR neutron_lib.callbacks.manager
File "/var/lib/openstack/lib/python3.10/site-packages/neutron/services/ovn_l3/plugin.py", line 391, in _port_update
2026-05-08 11:29:49.136 10 ERROR neutron_lib.callbacks.manager l3plugin._ovn_client.update_router_port(context,
2026-05-08 11:29:49.136 10 ERROR neutron_lib.callbacks.manager
File "/var/lib/openstack/lib/python3.10/site-packages/neutron/plugins/ml2/drivers/ovn/mech_driver/ovsdb/ovn_client.py", line 1878, in update_router_port
2026-05-08 11:29:49.136 10 ERROR neutron_lib.callbacks.manager self._update_lrouter_port(context, port, if_exists=if_exists,
2026-05-08 11:29:49.136 10 ERROR neutron_lib.callbacks.manager
File "/var/lib/openstack/lib/python3.10/site-packages/neutron/plugins/ml2/drivers/ovn/mech_driver/ovsdb/ovn_client.py", line 1855, in _update_lrouter_port
2026-05-08 11:29:49.136 10 ERROR neutron_lib.callbacks.manager external_ids = self._nb_idl.db_get(
2026-05-08 11:29:49.136 10 ERROR neutron_lib.callbacks.manager
File "/var/lib/openstack/lib/python3.10/site-packages/ovsdbapp/backend/ovs_idl/command.py", line 47, in execute
2026-05-08 11:29:49.136 10 ERROR neutron_lib.callbacks.manager self.run_idl(None)
2026-05-08 11:29:49.136 10 ERROR neutron_lib.callbacks.manager
File "/var/lib/openstack/lib/python3.10/site-packages/ovsdbapp/backend/ovs_idl/command.py", line 235, in run_idl
2026-05-08 11:29:49.136 10 ERROR neutron_lib.callbacks.manager record = self.api.lookup(self.table, self.record)
2026-05-08 11:29:49.136 10 ERROR neutron_lib.callbacks.manager
File "/var/lib/openstack/lib/python3.10/site-packages/ovsdbapp/backend/ovs_idl/__init__.py", line 184, in lookup
2026-05-08 11:29:49.136 10 ERROR neutron_lib.callbacks.manager return self._lookup(table, record)
2026-05-08 11:29:49.136 10 ERROR neutron_lib.callbacks.manager
File "/var/lib/openstack/lib/python3.10/site-packages/ovsdbapp/backend/ovs_idl/__init__.py", line 235, in _lookup
2026-05-08 11:29:49.136 10 ERROR neutron_lib.callbacks.manager row = idlutils.row_by_value(self, rl.table, rl.column, record)
2026-05-08 11:29:49.136 10 ERROR neutron_lib.callbacks.manager
File "/var/lib/openstack/lib/python3.10/site-packages/ovsdbapp/backend/ovs_idl/idlutils.py", line 114, in row_by_value
2026-05-08 11:29:49.136 10 ERROR neutron_lib.callbacks.manager raise RowNotFound(table=table, col=column, match=match)
2026-05-08 11:29:49.136 10 ERROR neutron_lib.callbacks.manager ovsdbapp.backend.ovs_idl.idlutils.RowNotFound: Cannot find Logical_Router_Port with name=lrp-b2150609-4026-4adf-9960-1d26eda620e4
2026-05-08 11:29:49.136 10 ERROR neutron_lib.callbacks.manager 
2026-05-08 11:29:49.146 9 INFO neutron.db.ovn_revision_numbers_db [None req-6fddd64d-d898-49e9-b952-755acc7ebfd5 b618b3bd2e5441afbfbc1de14608e735 4561d7dc7f204ca68cfcaca36e850edb - - default default] Successfully bumped revision number for resource 7d3842f2-befa-425c-b117-41fb33aca022 (type: ports) to 1
2026-05-08 11:29:49.245 9 INFO neutron.db.ovn_revision_numbers_db [None req-6fddd64d-d898-49e9-b952-755acc7ebfd5 b618b3bd2e5441afbfbc1de14608e735 4561d7dc7f204ca68cfcaca36e850edb - - default default] Successfully bumped revision number for resource e344a7ed-f14d-4e79-9f47-f7d0820eb7d9 (type: networks) to 1
2026-05-08 11:29:49.273 9 INFO neutron.db.ovn_revision_numbers_db [None req-b0972ab6-0f8d-4e5c-9c25-be2874a497fe - - - - - -] Successfully bumped revision number for resource 0b4a46ab-64d1-4f30-9719-bb02bec05474 (type: router_ports) to 3
2026-05-08 11:29:49.367 10 INFO neutron.db.ovn_revision_numbers_db [None req-2d4aaf57-1415-4b55-83ef-47f13ad415ef cdde802451324f03b5d6f3a36e72db0f ae18359b93bb40dab5168e6c42c9c622 - - default default] Successfully bumped revision number for resource b2150609-4026-4adf-9960-1d26eda620e4 (type: ports) to 1
2026-05-08 11:29:49.436 10 WARNING neutron.scheduler.dhcp_agent_scheduler [None req-2d4aaf57-1415-4b55-83ef-47f13ad415ef cdde802451324f03b5d6f3a36e72db0f ae18359b93bb40dab5168e6c42c9c622 - - default default] No more DHCP agents
2026-05-08 11:29:49.438 10 WARNING neutron.api.rpc.agentnotifiers.dhcp_rpc_agent_api [None req-2d4aaf57-1415-4b55-83ef-47f13ad415ef cdde802451324f03b5d6f3a36e72db0f ae18359b93bb40dab5168e6c42c9c622 - - default default] Unable to schedule network c0cfa6b7-c301-4607-b1f7-4b443ff3d747: no agents available; will retry on subsequent port and subnet creation events.
2026-05-08 11:29:49.471 9 WARNING neutron.scheduler.dhcp_agent_scheduler [None req-6fddd64d-d898-49e9-b952-755acc7ebfd5 b618b3bd2e5441afbfbc1de14608e735 4561d7dc7f204ca68cfcaca36e850edb - - default default] No more DHCP agents
2026-05-08 11:29:49.475 9 WARNING neutron.api.rpc.agentnotifiers.dhcp_rpc_agent_api [None req-6fddd64d-d898-49e9-b952-755acc7ebfd5 b618b3bd2e5441afbfbc1de14608e735 4561d7dc7f204ca68cfcaca36e850edb - - default default] Unable to schedule network e344a7ed-f14d-4e79-9f47-f7d0820eb7d9: no agents available; will retry on subsequent port and subnet creation events.
2026-05-08 11:29:49.577 9 INFO neutron.db.ovn_revision_numbers_db [None req-6fddd64d-d898-49e9-b952-755acc7ebfd5 b618b3bd2e5441afbfbc1de14608e735 4561d7dc7f204ca68cfcaca36e850edb - - default default] Successfully bumped revision number for resource 14b3e650-99e7-4939-9874-fbcd12ac98f0 (type: ports) to 1
2026-05-08 11:29:49.587 9 INFO neutron.db.ovn_revision_numbers_db [None req-b0972ab6-0f8d-4e5c-9c25-be2874a497fe - - - - - -] Successfully bumped revision number for resource 0b4a46ab-64d1-4f30-9719-bb02bec05474 (type: ports) to 2
2026-05-08 11:29:49.619 9 INFO neutron.wsgi [None req-6fddd64d-d898-49e9-b952-755acc7ebfd5 b618b3bd2e5441afbfbc1de14608e735 4561d7dc7f204ca68cfcaca36e850edb - - default default] 10.0.0.139 "POST /v2.0/networks HTTP/1.1" status: 201 len: 1445 time: 1.9687595
2026-05-08 11:29:49.747 9 INFO neutron.wsgi [None req-1086d9dd-db0d-419d-8363-67a5ccd280aa b618b3bd2e5441afbfbc1de14608e735 4561d7dc7f204ca68cfcaca36e850edb - - default default] 10.0.0.139 "GET /v2.0/networks HTTP/1.1" status: 200 len: 2051 time: 0.1199982
2026-05-08 11:29:50.138 10 INFO neutron.plugins.ml2.drivers.ovn.mech_driver.mech_driver [None req-00fd083b-e1ad-463c-b35c-dbf466fe6291 - - - - - -] OVN reports status up for port: b2150609-4026-4adf-9960-1d26eda620e4
2026-05-08 11:29:50.147 10 INFO neutron.plugins.ml2.plugin [None req-00fd083b-e1ad-463c-b35c-dbf466fe6291 - - - - - -] Attempt 1 to provision port b2150609-4026-4adf-9960-1d26eda620e4
2026-05-08 11:29:50.156 9 INFO neutron.db.ovn_revision_numbers_db [None req-b0972ab6-0f8d-4e5c-9c25-be2874a497fe - - - - - -] Successfully bumped revision number for resource 0b4a46ab-64d1-4f30-9719-bb02bec05474 (type: ports) to 4
2026-05-08 11:29:50.329 9 INFO neutron.services.segments.plugin [-] Segment 6f3f20d7-5e6e-420d-9d71-59fa2b8b1ad1 resource provider aggregate not found
2026-05-08 11:29:50.343 9 INFO neutron.services.segments.plugin [-] Segment 6f3f20d7-5e6e-420d-9d71-59fa2b8b1ad1 resource provider aggregate not found
2026-05-08 11:29:50.348 9 INFO neutron.services.segments.plugin [-] Segment 6f3f20d7-5e6e-420d-9d71-59fa2b8b1ad1 resource provider not found; error: Placement Client Error (4xx): {"errors": [{"status": 404, "title": "Not Found", "detail": "The resource could not be found.\n\n No resource provider with uuid 6f3f20d7-5e6e-420d-9d71-59fa2b8b1ad1 found for delete ", "request_id": "req-1754ea0c-bdc7-48dc-be1d-96a66421e9e6"}]}
2026-05-08 11:29:50.382 9 INFO neutron.services.segments.plugin [-] Segment 6f3f20d7-5e6e-420d-9d71-59fa2b8b1ad1 resource provider not found; error: Placement Client Error (4xx): {"errors": [{"status": 404, "title": "Not Found", "detail": "The resource could not be found.\n\n No resource provider with uuid 6f3f20d7-5e6e-420d-9d71-59fa2b8b1ad1 found for delete ", "request_id": "req-be47d873-13a8-4d3b-9938-feab889f0e63"}]}
2026-05-08 11:29:50.415 9 INFO neutron.wsgi [None req-628c1824-9e20-4ccd-9385-e1f0fea9c830 b618b3bd2e5441afbfbc1de14608e735 4561d7dc7f204ca68cfcaca36e850edb - - default default] 10.0.0.139 "DELETE /v2.0/networks/7cfab997-d3d1-4dee-a96b-a418a6ef61f6 HTTP/1.1" status: 204 len: 168 time: 0.6630187
2026-05-08 11:29:50.448 10 INFO neutron.db.ovn_revision_numbers_db [None req-2d4aaf57-1415-4b55-83ef-47f13ad415ef cdde802451324f03b5d6f3a36e72db0f ae18359b93bb40dab5168e6c42c9c622 - - default default] Successfully bumped revision number for resource b2150609-4026-4adf-9960-1d26eda620e4 (type: router_ports) to 1
2026-05-08 11:29:50.455 10 INFO neutron.wsgi [None req-2d4aaf57-1415-4b55-83ef-47f13ad415ef cdde802451324f03b5d6f3a36e72db0f ae18359b93bb40dab5168e6c42c9c622 - - default default] 10.0.0.139 "PUT /v2.0/routers/065542e1-f14e-48b3-85a2-f28ee5d33e1a/add_router_interface HTTP/1.1" status: 200 len: 503 time: 2.6949782
2026-05-08 11:29:50.601 9 INFO neutron.db.ovn_revision_numbers_db [None req-b0972ab6-0f8d-4e5c-9c25-be2874a497fe - - - - - -] Successfully bumped revision number for resource 0b4a46ab-64d1-4f30-9719-bb02bec05474 (type: router_ports) to 4
2026-05-08 11:29:50.728 10 INFO neutron.db.ovn_revision_numbers_db [None req-00fd083b-e1ad-463c-b35c-dbf466fe6291 - - - - - -] Successfully bumped revision number for resource b2150609-4026-4adf-9960-1d26eda620e4 (type: ports) to 2
2026-05-08 11:29:50.988 10 INFO neutron.services.segments.plugin [-] Segment ed28bd4f-8010-449d-930c-91122d259b87 resource provider aggregate not found
2026-05-08 11:29:50.992 10 INFO neutron.services.segments.plugin [-] Segment ed28bd4f-8010-449d-930c-91122d259b87 resource provider aggregate not found
2026-05-08 11:29:51.004 10 INFO neutron.services.segments.plugin [-] Segment ed28bd4f-8010-449d-930c-91122d259b87 resource provider not found; error: Placement Client Error (4xx): {"errors": [{"status": 404, "title": "Not Found", "detail": "The resource could not be found.\n\n No resource provider with uuid ed28bd4f-8010-449d-930c-91122d259b87 found for delete ", "request_id": "req-f479e4c3-2991-4a76-aeee-e4f45a812cfa"}]}
2026-05-08 11:29:51.006 10 INFO neutron.services.segments.plugin [-] Segment ed28bd4f-8010-449d-930c-91122d259b87 resource provider not found; error: Placement Client Error (4xx): {"errors": [{"status": 404, "title": "Not Found", "detail": "The resource could not be found.\n\n No resource provider with uuid ed28bd4f-8010-449d-930c-91122d259b87 found for delete ", "request_id": "req-8ede1c9f-1796-4a0b-b169-99643da846da"}]}
2026-05-08 11:29:51.043 10 INFO neutron.db.ovn_revision_numbers_db [None req-00fd083b-e1ad-463c-b35c-dbf466fe6291 - - - - - -] Successfully bumped revision number for resource b2150609-4026-4adf-9960-1d26eda620e4 (type: router_ports) to 2
2026-05-08 11:29:51.117 10 INFO neutron.wsgi [None req-8af2cf90-e0f9-4173-9ac0-e83e1d716c08 b618b3bd2e5441afbfbc1de14608e735 4561d7dc7f204ca68cfcaca36e850edb - - default default] 10.0.0.139 "DELETE /v2.0/networks/e344a7ed-f14d-4e79-9f47-f7d0820eb7d9 HTTP/1.1" status: 204 len: 168 time: 0.6898668
2026-05-08 11:29:51.221 10 INFO neutron.wsgi [None req-edef2bc7-fc19-4b21-b01e-e0ea2dea5059 b618b3bd2e5441afbfbc1de14608e735 4561d7dc7f204ca68cfcaca36e850edb - - default default] 10.0.0.139 "GET /v2.0/networks HTTP/1.1" status: 200 len: 845 time: 0.0984750
2026-05-08 11:29:51.233 10 WARNING neutron_lib.context [None req-1f99e4a5-116b-489c-8195-2af067fe6598 b618b3bd2e5441afbfbc1de14608e735 4561d7dc7f204ca68cfcaca36e850edb - - default default] Method 'is_advsvc' is deprecated since 2023.2 release (neutron-lib 3.8.0) and will be removed once support for the old RBAC API policies will be removed from Neutron. Please use method 'is_service_role' instead.
2026-05-08 11:29:51.339 10 INFO neutron.db.segments_db [None req-1f99e4a5-116b-489c-8195-2af067fe6598 b618b3bd2e5441afbfbc1de14608e735 4561d7dc7f204ca68cfcaca36e850edb - - default default] Added segment 99b456fb-226a-43de-a65d-13db27ee772d of type geneve for network f638b59b-6f92-458c-93f7-57554857ba1f
2026-05-08 11:29:51.544 10 INFO neutron.db.ovn_revision_numbers_db [None req-1f99e4a5-116b-489c-8195-2af067fe6598 b618b3bd2e5441afbfbc1de14608e735 4561d7dc7f204ca68cfcaca36e850edb - - default default] Successfully bumped revision number for resource f638b59b-6f92-458c-93f7-57554857ba1f (type: networks) to 1
2026-05-08 11:29:51.570 9 INFO neutron.wsgi [req-5118398c-6f70-433b-aef0-9acfa79597ce req-acf97d27-c914-4695-b339-a65eea4c73df 692bbb719bbf419581c407502904edbe 784ec3323f26435c8b5f6876534044a7 - - default default] 10.0.0.192 "GET /v2.0/networks?id=c0cfa6b7-c301-4607-b1f7-4b443ff3d747 HTTP/1.1" status: 200 len: 877 time: 0.0873013
2026-05-08 11:29:51.591 9 INFO neutron.wsgi [req-5118398c-6f70-433b-aef0-9acfa79597ce req-2263cfb3-5627-4abb-a25c-267895675ca0 692bbb719bbf419581c407502904edbe 784ec3323f26435c8b5f6876534044a7 - - default default] 10.0.0.192 "GET /v2.0/quotas/784ec3323f26435c8b5f6876534044a7 HTTP/1.1" status: 200 len: 491 time: 0.0125411
2026-05-08 11:29:51.939 9 INFO neutron.wsgi [req-5118398c-6f70-433b-aef0-9acfa79597ce req-dfbc1e42-fa76-4e3b-9b7c-867fab9ee450 692bbb719bbf419581c407502904edbe 784ec3323f26435c8b5f6876534044a7 - - default default] 10.0.0.192 "GET /v2.0/ports?tenant_id=784ec3323f26435c8b5f6876534044a7&fields=id HTTP/1.1" status: 200 len: 302 time: 0.3406844
2026-05-08 11:29:51.968 10 WARNING neutron.scheduler.dhcp_agent_scheduler [None req-1f99e4a5-116b-489c-8195-2af067fe6598 b618b3bd2e5441afbfbc1de14608e735 4561d7dc7f204ca68cfcaca36e850edb - - default default] No more DHCP agents
2026-05-08 11:29:51.971 10 WARNING neutron.api.rpc.agentnotifiers.dhcp_rpc_agent_api [None req-1f99e4a5-116b-489c-8195-2af067fe6598 b618b3bd2e5441afbfbc1de14608e735 4561d7dc7f204ca68cfcaca36e850edb - - default default] Unable to schedule network f638b59b-6f92-458c-93f7-57554857ba1f: no agents available; will retry on subsequent port and subnet creation events.
2026-05-08 11:29:52.040 9 INFO neutron.wsgi [req-5118398c-6f70-433b-aef0-9acfa79597ce req-40389b6d-9ea7-4744-94c3-1f9b47c3be49 9417783b6ca34911a9806b335f5c894c dc8312efa7ff4747b4ee9714ff67f94f - - 7e2c30979c5149b0a9cab8a21798732c 7e2c30979c5149b0a9cab8a21798732c] 10.0.0.192 "GET /v2.0/networks/c0cfa6b7-c301-4607-b1f7-4b443ff3d747?fields=segments HTTP/1.1" status: 200 len: 212 time: 0.0909374
2026-05-08 11:29:52.041 9 INFO neutron.db.ovn_revision_numbers_db [None req-d57a116c-773d-4418-b8cd-c32ba8eb83ea cdde802451324f03b5d6f3a36e72db0f ae18359b93bb40dab5168e6c42c9c622 - - default default] Successfully bumped revision number for resource a489841e-e0de-4fb4-8374-e24752240fff (type: security_groups) to 1
2026-05-08 11:29:52.065 9 INFO neutron.db.ovn_revision_numbers_db [None req-d57a116c-773d-4418-b8cd-c32ba8eb83ea cdde802451324f03b5d6f3a36e72db0f ae18359b93bb40dab5168e6c42c9c622 - - default default] Successfully bumped revision number for resource 026e3a36-3c7e-40f4-ab8a-dd81414e48e2 (type: security_group_rules) to 0
2026-05-08 11:29:52.070 10 INFO neutron.db.ovn_revision_numbers_db [None req-1f99e4a5-116b-489c-8195-2af067fe6598 b618b3bd2e5441afbfbc1de14608e735 4561d7dc7f204ca68cfcaca36e850edb - - default default] Successfully bumped revision number for resource 8cb8ca46-4b09-481b-a45c-fcc234df25f7 (type: ports) to 1
2026-05-08 11:29:52.093 10 INFO neutron.wsgi [None req-1f99e4a5-116b-489c-8195-2af067fe6598 b618b3bd2e5441afbfbc1de14608e735 4561d7dc7f204ca68cfcaca36e850edb - - default default] 10.0.0.139 "POST /v2.0/networks HTTP/1.1" status: 201 len: 853 time: 0.8660941
2026-05-08 11:29:52.099 9 INFO neutron.db.ovn_revision_numbers_db [None req-d57a116c-773d-4418-b8cd-c32ba8eb83ea cdde802451324f03b5d6f3a36e72db0f ae18359b93bb40dab5168e6c42c9c622 - - default default] Successfully bumped revision number for resource 04f047c7-f25a-4b4a-825a-65b324c46047 (type: security_group_rules) to 0
2026-05-08 11:29:52.104 10 WARNING neutron_lib.context [None req-fa9ea721-bbda-4267-aff1-4c938de0edd5 b618b3bd2e5441afbfbc1de14608e735 4561d7dc7f204ca68cfcaca36e850edb - - default default] Method 'is_advsvc' is deprecated since 2023.2 release (neutron-lib 3.8.0) and will be removed once support for the old RBAC API policies will be removed from Neutron. Please use method 'is_service_role' instead.
2026-05-08 11:29:52.118 9 INFO neutron.db.ovn_revision_numbers_db [None req-d57a116c-773d-4418-b8cd-c32ba8eb83ea cdde802451324f03b5d6f3a36e72db0f ae18359b93bb40dab5168e6c42c9c622 - - default default] Successfully bumped revision number for resource 47360d75-5db1-4ab5-8d5d-b253e91b08c2 (type: security_group_rules) to 0
2026-05-08 11:29:52.125 9 INFO neutron.wsgi [req-5118398c-6f70-433b-aef0-9acfa79597ce req-6c108466-7a21-4f8f-b105-58199d920737 9417783b6ca34911a9806b335f5c894c dc8312efa7ff4747b4ee9714ff67f94f - - 7e2c30979c5149b0a9cab8a21798732c 7e2c30979c5149b0a9cab8a21798732c] 10.0.0.192 "GET /v2.0/networks/c0cfa6b7-c301-4607-b1f7-4b443ff3d747?fields=provider%3Aphysical_network&fields=provider%3Anetwork_type HTTP/1.1" status: 200 len: 277 time: 0.0754380
2026-05-08 11:29:52.138 9 INFO neutron.db.ovn_revision_numbers_db [None req-d57a116c-773d-4418-b8cd-c32ba8eb83ea cdde802451324f03b5d6f3a36e72db0f ae18359b93bb40dab5168e6c42c9c622 - - default default] Successfully bumped revision number for resource 9385d271-b789-43ca-9725-4210ea6d9cad (type: security_group_rules) to 0
2026-05-08 11:29:52.163 9 INFO neutron.wsgi [None req-d57a116c-773d-4418-b8cd-c32ba8eb83ea cdde802451324f03b5d6f3a36e72db0f ae18359b93bb40dab5168e6c42c9c622 - - default default] 10.0.0.139 "GET /v2.0/security-groups?tenant_id=7db0e6ca7f864092be2e5cf8ae6e6acb&name=default HTTP/1.1" status: 200 len: 3120 time: 0.6139202
2026-05-08 11:29:52.198 10 INFO neutron.db.segments_db [None req-fa9ea721-bbda-4267-aff1-4c938de0edd5 b618b3bd2e5441afbfbc1de14608e735 4561d7dc7f204ca68cfcaca36e850edb - - default default] Added segment bd78a3f3-32fd-415d-8a54-33016bd3e3de of type geneve for network 0307987c-d476-464d-b412-a07000d42c95
2026-05-08 11:29:52.258 10 INFO neutron.wsgi [req-14bb8954-d219-47c9-935b-a667e01a621e req-cbb89ee1-4c12-4982-a967-9f47b1776b28 692bbb719bbf419581c407502904edbe 784ec3323f26435c8b5f6876534044a7 - - default default] 10.0.0.192 "GET /v2.0/ports?device_id=1654bf34-17ca-4ee9-8abd-4e838a53b8d9 HTTP/1.1" status: 200 len: 210 time: 0.0231888
2026-05-08 11:29:52.351 10 INFO neutron.db.ovn_revision_numbers_db [None req-fa9ea721-bbda-4267-aff1-4c938de0edd5 b618b3bd2e5441afbfbc1de14608e735 4561d7dc7f204ca68cfcaca36e850edb - - default default] Successfully bumped revision number for resource 0307987c-d476-464d-b412-a07000d42c95 (type: networks) to 1
2026-05-08 11:29:52.423 9 INFO neutron.wsgi [None req-b62c66ef-ce4d-4696-aa0f-221bef53ef67 cdde802451324f03b5d6f3a36e72db0f ae18359b93bb40dab5168e6c42c9c622 - - default default] 10.0.0.139 "DELETE /v2.0/security-groups/a489841e-e0de-4fb4-8374-e24752240fff HTTP/1.1" status: 204 len: 168 time: 0.2545989
2026-05-08 11:29:52.567 10 WARNING neutron.scheduler.dhcp_agent_scheduler [None req-fa9ea721-bbda-4267-aff1-4c938de0edd5 b618b3bd2e5441afbfbc1de14608e735 4561d7dc7f204ca68cfcaca36e850edb - - default default] No more DHCP agents
2026-05-08 11:29:52.568 10 WARNING neutron.api.rpc.agentnotifiers.dhcp_rpc_agent_api [None req-fa9ea721-bbda-4267-aff1-4c938de0edd5 b618b3bd2e5441afbfbc1de14608e735 4561d7dc7f204ca68cfcaca36e850edb - - default default] Unable to schedule network 0307987c-d476-464d-b412-a07000d42c95: no agents available; will retry on subsequent port and subnet creation events.
2026-05-08 11:29:52.647 10 INFO neutron.db.ovn_revision_numbers_db [None req-fa9ea721-bbda-4267-aff1-4c938de0edd5 b618b3bd2e5441afbfbc1de14608e735 4561d7dc7f204ca68cfcaca36e850edb - - default default] Successfully bumped revision number for resource 95d30e63-56c3-46d3-b176-cb3e5e2b3d7a (type: ports) to 1
2026-05-08 11:29:52.708 10 INFO neutron.wsgi [None req-fa9ea721-bbda-4267-aff1-4c938de0edd5 b618b3bd2e5441afbfbc1de14608e735 4561d7dc7f204ca68cfcaca36e850edb - - default default] 10.0.0.139 "POST /v2.0/networks HTTP/1.1" status: 201 len: 853 time: 0.6091690
2026-05-08 11:29:52.717 9 WARNING neutron_lib.context [None req-02cf9f4f-dccc-48d9-8317-0ab3e5fb070f b618b3bd2e5441afbfbc1de14608e735 4561d7dc7f204ca68cfcaca36e850edb - - default default] Method 'is_advsvc' is deprecated since 2023.2 release (neutron-lib 3.8.0) and will be removed once support for the old RBAC API policies will be removed from Neutron. Please use method 'is_service_role' instead.
2026-05-08 11:29:52.759 9 WARNING neutron_lib.context [None req-02cf9f4f-dccc-48d9-8317-0ab3e5fb070f b618b3bd2e5441afbfbc1de14608e735 4561d7dc7f204ca68cfcaca36e850edb - - default default] Method 'is_advsvc' is deprecated since 2023.2 release (neutron-lib 3.8.0) and will be removed once support for the old RBAC API policies will be removed from Neutron. Please use method 'is_service_role' instead.
2026-05-08 11:29:53.179 10 INFO neutron.wsgi [req-5118398c-6f70-433b-aef0-9acfa79597ce req-dc59c29d-e2ba-42fe-8ef2-10c60f9d726b 692bbb719bbf419581c407502904edbe 784ec3323f26435c8b5f6876534044a7 - - default default] 199.204.45.116 "GET /v2.0/networks?id=c0cfa6b7-c301-4607-b1f7-4b443ff3d747 HTTP/1.1" status: 200 len: 877 time: 0.0893571
2026-05-08 11:29:53.191 10 WARNING neutron_lib.context [req-5118398c-6f70-433b-aef0-9acfa79597ce req-1530d28c-3ba1-418d-9d6c-1085ff447934 692bbb719bbf419581c407502904edbe 784ec3323f26435c8b5f6876534044a7 - - default default] Method 'is_advsvc' is deprecated since 2023.2 release (neutron-lib 3.8.0) and will be removed once support for the old RBAC API policies will be removed from Neutron. Please use method 'is_service_role' instead.
2026-05-08 11:29:53.258 9 WARNING neutron.scheduler.dhcp_agent_scheduler [None req-02cf9f4f-dccc-48d9-8317-0ab3e5fb070f b618b3bd2e5441afbfbc1de14608e735 4561d7dc7f204ca68cfcaca36e850edb - - default default] No more DHCP agents
2026-05-08 11:29:53.260 9 WARNING neutron.api.rpc.agentnotifiers.dhcp_rpc_agent_api [None req-02cf9f4f-dccc-48d9-8317-0ab3e5fb070f b618b3bd2e5441afbfbc1de14608e735 4561d7dc7f204ca68cfcaca36e850edb - - default default] Unable to schedule network f638b59b-6f92-458c-93f7-57554857ba1f: no agents available; will retry on subsequent port and subnet creation events. /var/lib/openstack/lib/python3.10/site-packages/pycadf/identifier.py:71: UserWarning: Invalid uuid: neutron. To ensure interoperability, identifiers should be a valid uuid. warnings.warn(('Invalid uuid: %s. To ensure interoperability, '
2026-05-08 11:29:53.357 9 INFO neutron.wsgi [req-eac5bc0d-460a-432b-a0eb-be28865512f6 req-9f983c6b-156b-48c8-b784-e5da10e89dda 692bbb719bbf419581c407502904edbe 784ec3323f26435c8b5f6876534044a7 - - default default] 10.0.0.192 "GET /v2.0/ports?device_id=1654bf34-17ca-4ee9-8abd-4e838a53b8d9 HTTP/1.1" status: 200 len: 210 time: 0.0245140
2026-05-08 11:29:53.370 9 INFO neutron.db.ovn_revision_numbers_db [None req-02cf9f4f-dccc-48d9-8317-0ab3e5fb070f b618b3bd2e5441afbfbc1de14608e735 4561d7dc7f204ca68cfcaca36e850edb - - default default] Successfully bumped revision number for resource 921e5c02-c4a0-40c4-8612-1db0b855402e (type: ports) to 1
2026-05-08 11:29:53.396 9 WARNING neutron.scheduler.dhcp_agent_scheduler [None req-02cf9f4f-dccc-48d9-8317-0ab3e5fb070f b618b3bd2e5441afbfbc1de14608e735 4561d7dc7f204ca68cfcaca36e850edb - - default default] No more DHCP agents
2026-05-08 11:29:53.398 9 WARNING neutron.api.rpc.agentnotifiers.dhcp_rpc_agent_api [None req-02cf9f4f-dccc-48d9-8317-0ab3e5fb070f b618b3bd2e5441afbfbc1de14608e735 4561d7dc7f204ca68cfcaca36e850edb - - default default] Unable to schedule network 0307987c-d476-464d-b412-a07000d42c95: no agents available; will retry on subsequent port and subnet creation events.
2026-05-08 11:29:53.481 9 INFO neutron.db.ovn_revision_numbers_db [None req-02cf9f4f-dccc-48d9-8317-0ab3e5fb070f b618b3bd2e5441afbfbc1de14608e735 4561d7dc7f204ca68cfcaca36e850edb - - default default] Successfully bumped revision number for resource de50ac57-d938-4a7c-9d20-bf903e5939d2 (type: ports) to 1
2026-05-08 11:29:53.511 9 INFO neutron.wsgi [None req-02cf9f4f-dccc-48d9-8317-0ab3e5fb070f b618b3bd2e5441afbfbc1de14608e735 4561d7dc7f204ca68cfcaca36e850edb - - default default] 10.0.0.139 "POST /v2.0/ports HTTP/1.1" status: 201 len: 1706 time: 0.7978666 /var/lib/openstack/lib/python3.10/site-packages/pycadf/identifier.py:71: UserWarning: Invalid uuid: neutron. To ensure interoperability, identifiers should be a valid uuid. warnings.warn(('Invalid uuid: %s. To ensure interoperability, '
2026-05-08 11:29:53.607 10 WARNING neutron.scheduler.dhcp_agent_scheduler [req-5118398c-6f70-433b-aef0-9acfa79597ce req-1530d28c-3ba1-418d-9d6c-1085ff447934 692bbb719bbf419581c407502904edbe 784ec3323f26435c8b5f6876534044a7 - - default default] No more DHCP agents
2026-05-08 11:29:53.608 10 WARNING neutron.api.rpc.agentnotifiers.dhcp_rpc_agent_api [req-5118398c-6f70-433b-aef0-9acfa79597ce req-1530d28c-3ba1-418d-9d6c-1085ff447934 692bbb719bbf419581c407502904edbe 784ec3323f26435c8b5f6876534044a7 - - default default] Unable to schedule network c0cfa6b7-c301-4607-b1f7-4b443ff3d747: no agents available; will retry on subsequent port and subnet creation events.
2026-05-08 11:29:53.648 9 INFO neutron.wsgi [None req-a08d495d-ce3e-44b3-a16b-81b8f6670e24 b618b3bd2e5441afbfbc1de14608e735 4561d7dc7f204ca68cfcaca36e850edb - - default default] 10.0.0.139 "GET /v2.0/ports HTTP/1.1" status: 200 len: 3213 time: 0.1272733
2026-05-08 11:29:53.789 10 INFO neutron.db.ovn_revision_numbers_db [req-5118398c-6f70-433b-aef0-9acfa79597ce req-1530d28c-3ba1-418d-9d6c-1085ff447934 692bbb719bbf419581c407502904edbe 784ec3323f26435c8b5f6876534044a7 - - default default] Successfully bumped revision number for resource 770cc100-d14b-48ec-8413-33dd71b873cf (type: ports) to 1
2026-05-08 11:29:53.819 10 INFO neutron.wsgi [req-5118398c-6f70-433b-aef0-9acfa79597ce req-1530d28c-3ba1-418d-9d6c-1085ff447934 692bbb719bbf419581c407502904edbe 784ec3323f26435c8b5f6876534044a7 - - default default] 199.204.45.116 "POST /v2.0/ports HTTP/1.1" status: 201 len: 1158 time: 0.6340754 /var/lib/openstack/lib/python3.10/site-packages/pycadf/identifier.py:71: UserWarning: Invalid uuid: neutron. To ensure interoperability, identifiers should be a valid uuid. warnings.warn(('Invalid uuid: %s. To ensure interoperability, '
2026-05-08 11:29:53.931 9 INFO neutron.wsgi [None req-88501f68-b4fd-4ae8-9b30-4ea2bbdef1dc b618b3bd2e5441afbfbc1de14608e735 4561d7dc7f204ca68cfcaca36e850edb - - default default] 10.0.0.139 "DELETE /v2.0/ports/921e5c02-c4a0-40c4-8612-1db0b855402e HTTP/1.1" status: 204 len: 168 time: 0.2770028
2026-05-08 11:29:54.183 9 INFO neutron.wsgi [None req-1623fdd5-2151-4150-b033-ab4f42d9480a b618b3bd2e5441afbfbc1de14608e735 4561d7dc7f204ca68cfcaca36e850edb - - default default] 10.0.0.139 "DELETE /v2.0/ports/de50ac57-d938-4a7c-9d20-bf903e5939d2 HTTP/1.1" status: 204 len: 168 time: 0.2476025
2026-05-08 11:29:54.231 9 INFO neutron.wsgi [None req-695a889a-062a-4078-a9a1-f51ef086cad3 b618b3bd2e5441afbfbc1de14608e735 4561d7dc7f204ca68cfcaca36e850edb - - default default] 10.0.0.139 "GET /v2.0/ports HTTP/1.1" status: 200 len: 1718 time: 0.0419090
2026-05-08 11:29:54.240 9 WARNING neutron_lib.context [None req-52f28502-8b5b-4f90-8350-8599c77e4a24 b618b3bd2e5441afbfbc1de14608e735 4561d7dc7f204ca68cfcaca36e850edb - - default default] Method 'is_advsvc' is deprecated since 2023.2 release (neutron-lib 3.8.0) and will be removed once support for the old RBAC API policies will be removed from Neutron. Please use method 'is_service_role' instead.
2026-05-08 11:29:54.318 10 INFO neutron.db.ovn_revision_numbers_db [req-5118398c-6f70-433b-aef0-9acfa79597ce req-d0d955aa-5e68-4067-90b5-4d56362e8bb9 9417783b6ca34911a9806b335f5c894c dc8312efa7ff4747b4ee9714ff67f94f - - 7e2c30979c5149b0a9cab8a21798732c 7e2c30979c5149b0a9cab8a21798732c] Successfully bumped revision number for resource 770cc100-d14b-48ec-8413-33dd71b873cf (type: ports) to 2
2026-05-08 11:29:54.327 9 INFO neutron.db.segments_db [None req-52f28502-8b5b-4f90-8350-8599c77e4a24 b618b3bd2e5441afbfbc1de14608e735 4561d7dc7f204ca68cfcaca36e850edb - - default default] Added segment 0e906d7e-0f70-4fff-8d12-853c56e02ac5 of type geneve for network 5562520b-46d5-4f5d-bb4f-8cea965ed707 /var/lib/openstack/lib/python3.10/site-packages/pycadf/identifier.py:71: UserWarning: Invalid uuid: neutron. To ensure interoperability, identifiers should be a valid uuid. warnings.warn(('Invalid uuid: %s. To ensure interoperability, '
2026-05-08 11:29:54.476 9 INFO neutron.db.ovn_revision_numbers_db [None req-52f28502-8b5b-4f90-8350-8599c77e4a24 b618b3bd2e5441afbfbc1de14608e735 4561d7dc7f204ca68cfcaca36e850edb - - default default] Successfully bumped revision number for resource 5562520b-46d5-4f5d-bb4f-8cea965ed707 (type: networks) to 1
2026-05-08 11:29:54.552 10 INFO neutron.wsgi [req-8060c4de-5e82-414a-8a70-0c635a21b510 req-07591c4d-2032-45d8-8191-c614c4ae6e60 692bbb719bbf419581c407502904edbe 784ec3323f26435c8b5f6876534044a7 - - default default] 10.0.0.192 "GET /v2.0/ports?device_id=1654bf34-17ca-4ee9-8abd-4e838a53b8d9 HTTP/1.1" status: 200 len: 1168 time: 0.1229742 /var/lib/openstack/lib/python3.10/site-packages/pycadf/identifier.py:71: UserWarning: Invalid uuid: neutron. To ensure interoperability, identifiers should be a valid uuid. warnings.warn(('Invalid uuid: %s. To ensure interoperability, '
2026-05-08 11:29:54.566 10 INFO neutron.db.ovn_revision_numbers_db [req-5118398c-6f70-433b-aef0-9acfa79597ce req-d0d955aa-5e68-4067-90b5-4d56362e8bb9 9417783b6ca34911a9806b335f5c894c dc8312efa7ff4747b4ee9714ff67f94f - - 7e2c30979c5149b0a9cab8a21798732c 7e2c30979c5149b0a9cab8a21798732c] Successfully bumped revision number for resource 770cc100-d14b-48ec-8413-33dd71b873cf (type: ports) to 2
2026-05-08 11:29:54.594 10 INFO neutron.wsgi [req-5118398c-6f70-433b-aef0-9acfa79597ce req-d0d955aa-5e68-4067-90b5-4d56362e8bb9 9417783b6ca34911a9806b335f5c894c dc8312efa7ff4747b4ee9714ff67f94f - - 7e2c30979c5149b0a9cab8a21798732c 7e2c30979c5149b0a9cab8a21798732c] 199.204.45.116 "PUT /v2.0/ports/770cc100-d14b-48ec-8413-33dd71b873cf HTTP/1.1" status: 200 len: 1376 time: 0.7678869
2026-05-08 11:29:54.616 10 INFO neutron.wsgi [req-8060c4de-5e82-414a-8a70-0c635a21b510 req-6ec66148-abfe-4f79-8f35-7644b986b30b 692bbb719bbf419581c407502904edbe 784ec3323f26435c8b5f6876534044a7 - - default default] 10.0.0.192 "GET /v2.0/security-groups?id=fc5d3b66-9d97-4d6a-9665-7b9ef696978e&fields=id&fields=name HTTP/1.1" status: 200 len: 286 time: 0.0575063
2026-05-08 11:29:54.657 10 INFO neutron.notifiers.nova [-] Nova event matching ['req-85484369-61cc-4c0e-94ea-8976d89ab533'] response: {'name': 'network-changed', 'server_uuid': '1654bf34-17ca-4ee9-8abd-4e838a53b8d9', 'tag': '770cc100-d14b-48ec-8413-33dd71b873cf', 'status': 'completed', 'code': 200}
2026-05-08 11:29:54.675 9 WARNING neutron.scheduler.dhcp_agent_scheduler [None req-52f28502-8b5b-4f90-8350-8599c77e4a24 b618b3bd2e5441afbfbc1de14608e735 4561d7dc7f204ca68cfcaca36e850edb - - default default] No more DHCP agents
2026-05-08 11:29:54.680 9 WARNING neutron.api.rpc.agentnotifiers.dhcp_rpc_agent_api [None req-52f28502-8b5b-4f90-8350-8599c77e4a24 b618b3bd2e5441afbfbc1de14608e735 4561d7dc7f204ca68cfcaca36e850edb - - default default] Unable to schedule network 5562520b-46d5-4f5d-bb4f-8cea965ed707: no agents available; will retry on subsequent port and subnet creation events.
2026-05-08 11:29:54.682 10 INFO neutron.wsgi [req-5118398c-6f70-433b-aef0-9acfa79597ce req-8c62e496-2e45-4c99-8f00-459050b07786 9417783b6ca34911a9806b335f5c894c dc8312efa7ff4747b4ee9714ff67f94f - - 7e2c30979c5149b0a9cab8a21798732c 7e2c30979c5149b0a9cab8a21798732c] 199.204.45.116 "GET /v2.0/ports?tenant_id=784ec3323f26435c8b5f6876534044a7&device_id=1654bf34-17ca-4ee9-8abd-4e838a53b8d9 HTTP/1.1" status: 200 len: 1407 time: 0.0520103
2026-05-08 11:29:54.722 10 INFO neutron.wsgi [req-5118398c-6f70-433b-aef0-9acfa79597ce req-b7409d38-3af6-4005-a3f4-b5f4e74e46aa 9417783b6ca34911a9806b335f5c894c dc8312efa7ff4747b4ee9714ff67f94f - - 7e2c30979c5149b0a9cab8a21798732c 7e2c30979c5149b0a9cab8a21798732c] 199.204.45.116 "GET /v2.0/floatingips?fixed_ip_address=10.100.0.9&port_id=770cc100-d14b-48ec-8413-33dd71b873cf HTTP/1.1" status: 200 len: 217 time: 0.0323141
2026-05-08 11:29:54.771 10 INFO neutron.wsgi [req-5118398c-6f70-433b-aef0-9acfa79597ce req-9bbc7858-3b0f-48bc-8473-51c2ab118245 9417783b6ca34911a9806b335f5c894c dc8312efa7ff4747b4ee9714ff67f94f - - 7e2c30979c5149b0a9cab8a21798732c 7e2c30979c5149b0a9cab8a21798732c] 199.204.45.116 "GET /v2.0/subnets?id=aff03b23-d91a-4565-b9f1-960346cfa547 HTTP/1.1" status: 200 len: 871 time: 0.0429974
2026-05-08 11:29:54.775 9 INFO neutron.db.ovn_revision_numbers_db [None req-52f28502-8b5b-4f90-8350-8599c77e4a24 b618b3bd2e5441afbfbc1de14608e735 4561d7dc7f204ca68cfcaca36e850edb - - default default] Successfully bumped revision number for resource 2b01c72c-6394-46f4-8353-0d1877c30db9 (type: ports) to 1
2026-05-08 11:29:54.800 9 INFO neutron.wsgi [None req-52f28502-8b5b-4f90-8350-8599c77e4a24 b618b3bd2e5441afbfbc1de14608e735 4561d7dc7f204ca68cfcaca36e850edb - - default default] 10.0.0.139 "POST /v2.0/networks HTTP/1.1" status: 201 len: 853 time: 0.5634012
2026-05-08 11:29:54.800 10 INFO neutron.wsgi [req-5118398c-6f70-433b-aef0-9acfa79597ce req-c84f48ed-0371-469b-bc60-07f70818f5b7 9417783b6ca34911a9806b335f5c894c dc8312efa7ff4747b4ee9714ff67f94f - - 7e2c30979c5149b0a9cab8a21798732c 7e2c30979c5149b0a9cab8a21798732c] 199.204.45.116 "GET /v2.0/ports?network_id=c0cfa6b7-c301-4607-b1f7-4b443ff3d747&device_owner=network%3Adhcp HTTP/1.1" status: 200 len: 210 time: 0.0220008
2026-05-08 11:29:54.811 9 WARNING neutron_lib.context [None req-f27c0021-4e5d-44f8-984c-561f5993051e b618b3bd2e5441afbfbc1de14608e735 4561d7dc7f204ca68cfcaca36e850edb - - default default] Method 'is_advsvc' is deprecated since 2023.2 release (neutron-lib 3.8.0) and will be removed once support for the old RBAC API policies will be removed from Neutron. Please use method 'is_service_role' instead.
2026-05-08 11:29:54.876 10 INFO neutron.wsgi [req-5118398c-6f70-433b-aef0-9acfa79597ce req-8731df39-9057-4aa5-8356-dd3378309a93 9417783b6ca34911a9806b335f5c894c dc8312efa7ff4747b4ee9714ff67f94f - - 7e2c30979c5149b0a9cab8a21798732c 7e2c30979c5149b0a9cab8a21798732c] 199.204.45.116 "GET /v2.0/networks/c0cfa6b7-c301-4607-b1f7-4b443ff3d747?fields=segments HTTP/1.1" status: 200 len: 212 time: 0.0705175
2026-05-08 11:29:54.899 9 INFO neutron.db.segments_db [None req-f27c0021-4e5d-44f8-984c-561f5993051e b618b3bd2e5441afbfbc1de14608e735 4561d7dc7f204ca68cfcaca36e850edb - - default default] Added segment 8ed6b368-b113-48c8-b318-8aa9cadace57 of type geneve for network 6c56df58-7175-4fd6-bc0e-ed6558b8baeb
2026-05-08 11:29:54.949 10 INFO neutron.wsgi [req-5118398c-6f70-433b-aef0-9acfa79597ce req-6c2e2470-73bb-4c62-a77a-26cad9495fb4 9417783b6ca34911a9806b335f5c894c dc8312efa7ff4747b4ee9714ff67f94f - - 7e2c30979c5149b0a9cab8a21798732c 7e2c30979c5149b0a9cab8a21798732c] 199.204.45.116 "GET /v2.0/networks/c0cfa6b7-c301-4607-b1f7-4b443ff3d747?fields=provider%3Aphysical_network&fields=provider%3Anetwork_type HTTP/1.1" status: 200 len: 277 time: 0.0649607
2026-05-08 11:29:55.040 10 INFO neutron.wsgi [req-1c65034d-1618-4ca4-8164-87902a2065bf req-8ee52b3d-cfc5-497a-b7ba-f5f530edaae5 9417783b6ca34911a9806b335f5c894c dc8312efa7ff4747b4ee9714ff67f94f - - 7e2c30979c5149b0a9cab8a21798732c 7e2c30979c5149b0a9cab8a21798732c] 199.204.45.116 "GET /v2.0/ports?tenant_id=784ec3323f26435c8b5f6876534044a7&device_id=1654bf34-17ca-4ee9-8abd-4e838a53b8d9 HTTP/1.1" status: 200 len: 1407 time: 0.0421190
2026-05-08 11:29:55.076 9 INFO neutron.db.ovn_revision_numbers_db [None req-f27c0021-4e5d-44f8-984c-561f5993051e b618b3bd2e5441afbfbc1de14608e735 4561d7dc7f204ca68cfcaca36e850edb - - default default] Successfully bumped revision number for resource 6c56df58-7175-4fd6-bc0e-ed6558b8baeb (type: networks) to 1
2026-05-08 11:29:55.112 10 INFO neutron.wsgi [req-1c65034d-1618-4ca4-8164-87902a2065bf req-05f8badb-46cd-46fa-a1db-3bba94ee135f 9417783b6ca34911a9806b335f5c894c dc8312efa7ff4747b4ee9714ff67f94f - - 7e2c30979c5149b0a9cab8a21798732c 7e2c30979c5149b0a9cab8a21798732c] 199.204.45.116 "GET /v2.0/networks?id=c0cfa6b7-c301-4607-b1f7-4b443ff3d747 HTTP/1.1" status: 200 len: 976 time: 0.0664644
2026-05-08 11:29:55.158 10 INFO neutron.wsgi [req-1c65034d-1618-4ca4-8164-87902a2065bf req-be628dae-134d-4359-a506-4636d0a43d11 9417783b6ca34911a9806b335f5c894c dc8312efa7ff4747b4ee9714ff67f94f - - 7e2c30979c5149b0a9cab8a21798732c 7e2c30979c5149b0a9cab8a21798732c] 199.204.45.116 "GET /v2.0/floatingips?fixed_ip_address=10.100.0.9&port_id=770cc100-d14b-48ec-8413-33dd71b873cf HTTP/1.1" status: 200 len: 217 time: 0.0343227
2026-05-08 11:29:55.172 9 INFO neutron.plugins.ml2.drivers.ovn.mech_driver.mech_driver [None req-a288f22b-dcef-4d80-96ca-fb342103465c - - - - - -] OVN reports status up for port: 770cc100-d14b-48ec-8413-33dd71b873cf
2026-05-08 11:29:55.202 10 INFO neutron.wsgi [req-1c65034d-1618-4ca4-8164-87902a2065bf req-b9a1c96f-7261-4500-965c-c333eafd104b 9417783b6ca34911a9806b335f5c894c dc8312efa7ff4747b4ee9714ff67f94f - - 7e2c30979c5149b0a9cab8a21798732c 7e2c30979c5149b0a9cab8a21798732c] 199.204.45.116 "GET /v2.0/subnets?id=aff03b23-d91a-4565-b9f1-960346cfa547 HTTP/1.1" status: 200 len: 871 time: 0.0361419
2026-05-08 11:29:55.203 9 INFO neutron.plugins.ml2.plugin [None req-a288f22b-dcef-4d80-96ca-fb342103465c - - - - - -] Attempt 1 to provision port 770cc100-d14b-48ec-8413-33dd71b873cf
2026-05-08 11:29:55.247 10 INFO neutron.wsgi [req-1c65034d-1618-4ca4-8164-87902a2065bf req-a1b3e963-98ea-47cb-9236-ab1c5eebb6fb 9417783b6ca34911a9806b335f5c894c dc8312efa7ff4747b4ee9714ff67f94f - - 7e2c30979c5149b0a9cab8a21798732c 7e2c30979c5149b0a9cab8a21798732c] 199.204.45.116 "GET /v2.0/ports?network_id=c0cfa6b7-c301-4607-b1f7-4b443ff3d747&device_owner=network%3Adhcp HTTP/1.1" status: 200 len: 210 time: 0.0371838
2026-05-08 11:29:55.334 9 WARNING neutron.scheduler.dhcp_agent_scheduler [None req-f27c0021-4e5d-44f8-984c-561f5993051e b618b3bd2e5441afbfbc1de14608e735 4561d7dc7f204ca68cfcaca36e850edb - - default default] No more DHCP agents
2026-05-08 11:29:55.336 10 INFO neutron.wsgi [req-1c65034d-1618-4ca4-8164-87902a2065bf req-e2cc2bad-f660-4c20-aa89-509ae05b3554 9417783b6ca34911a9806b335f5c894c dc8312efa7ff4747b4ee9714ff67f94f - - 7e2c30979c5149b0a9cab8a21798732c 7e2c30979c5149b0a9cab8a21798732c] 199.204.45.116 "GET /v2.0/networks/c0cfa6b7-c301-4607-b1f7-4b443ff3d747?fields=segments HTTP/1.1" status: 200 len: 212 time: 0.0799379
2026-05-08 11:29:55.337 9 WARNING neutron.api.rpc.agentnotifiers.dhcp_rpc_agent_api [None req-f27c0021-4e5d-44f8-984c-561f5993051e b618b3bd2e5441afbfbc1de14608e735 4561d7dc7f204ca68cfcaca36e850edb - - default default] Unable to schedule network 6c56df58-7175-4fd6-bc0e-ed6558b8baeb: no agents available; will retry on subsequent port and subnet creation events.
2026-05-08 11:29:55.424 10 INFO neutron.wsgi [req-1c65034d-1618-4ca4-8164-87902a2065bf req-b4883b3f-b797-449b-8f57-a0aa9db1e000 9417783b6ca34911a9806b335f5c894c dc8312efa7ff4747b4ee9714ff67f94f - - 7e2c30979c5149b0a9cab8a21798732c 7e2c30979c5149b0a9cab8a21798732c] 199.204.45.116 "GET /v2.0/networks/c0cfa6b7-c301-4607-b1f7-4b443ff3d747?fields=provider%3Aphysical_network&fields=provider%3Anetwork_type HTTP/1.1" status: 200 len: 277 time: 0.0801039
