2026-05-08 11:29:18.535 9 ERROR ovsdbapp.backend.ovs_idl.command self.run_idl(None)
2026-05-08 11:29:18.535 9 ERROR ovsdbapp.backend.ovs_idl.command
File "/var/lib/openstack/lib/python3.10/site-packages/ovsdbapp/backend/ovs_idl/command.py", line 235, in run_idl
2026-05-08 11:29:18.535 9 ERROR ovsdbapp.backend.ovs_idl.command record = self.api.lookup(self.table, self.record)
2026-05-08 11:29:18.535 9 ERROR ovsdbapp.backend.ovs_idl.command
File "/var/lib/openstack/lib/python3.10/site-packages/ovsdbapp/backend/ovs_idl/__init__.py", line 184, in lookup
2026-05-08 11:29:18.535 9 ERROR ovsdbapp.backend.ovs_idl.command return self._lookup(table, record)
2026-05-08 11:29:18.535 9 ERROR ovsdbapp.backend.ovs_idl.command
File "/var/lib/openstack/lib/python3.10/site-packages/ovsdbapp/backend/ovs_idl/__init__.py", line 235, in _lookup
2026-05-08 11:29:18.535 9 ERROR ovsdbapp.backend.ovs_idl.command row = idlutils.row_by_value(self, rl.table, rl.column, record)
2026-05-08 11:29:18.535 9 ERROR ovsdbapp.backend.ovs_idl.command
File "/var/lib/openstack/lib/python3.10/site-packages/ovsdbapp/backend/ovs_idl/idlutils.py", line 114, in row_by_value
2026-05-08 11:29:18.535 9 ERROR ovsdbapp.backend.ovs_idl.command raise RowNotFound(table=table, col=column, match=match)
2026-05-08 11:29:18.535 9 ERROR ovsdbapp.backend.ovs_idl.command ovsdbapp.backend.ovs_idl.idlutils.RowNotFound: Cannot find Logical_Router_Port with name=lrp-014e7a17-4b18-40c5-a8d9-f19a5109be45
2026-05-08 11:29:18.535 9 ERROR ovsdbapp.backend.ovs_idl.command 
2026-05-08 11:29:18.536 9 ERROR neutron_lib.callbacks.manager [None req-a288f22b-dcef-4d80-96ca-fb342103465c - - - - - -] Error during notification for neutron.services.ovn_l3.plugin.OVNL3RouterPlugin._port_update-8741054681839 port, after_update: ovsdbapp.backend.ovs_idl.idlutils.RowNotFound: Cannot find Logical_Router_Port with name=lrp-014e7a17-4b18-40c5-a8d9-f19a5109be45
2026-05-08 11:29:18.536 9 ERROR neutron_lib.callbacks.manager
Traceback (most recent call last):
2026-05-08 11:29:18.536 9 ERROR neutron_lib.callbacks.manager
File "/var/lib/openstack/lib/python3.10/site-packages/neutron_lib/callbacks/manager.py", line 189, in _notify_loop
2026-05-08 11:29:18.536 9 ERROR neutron_lib.callbacks.manager callback.method(resource, event, trigger, payload=payload)
2026-05-08 11:29:18.536 9 ERROR neutron_lib.callbacks.manager
File "/var/lib/openstack/lib/python3.10/site-packages/neutron/services/ovn_l3/plugin.py", line 391, in _port_update
2026-05-08 11:29:18.536 9 ERROR neutron_lib.callbacks.manager l3plugin._ovn_client.update_router_port(context,
2026-05-08 11:29:18.536 9 ERROR neutron_lib.callbacks.manager
File "/var/lib/openstack/lib/python3.10/site-packages/neutron/plugins/ml2/drivers/ovn/mech_driver/ovsdb/ovn_client.py", line 1878, in update_router_port
2026-05-08 11:29:18.536 9 ERROR neutron_lib.callbacks.manager self._update_lrouter_port(context, port, if_exists=if_exists,
2026-05-08 11:29:18.536 9 ERROR neutron_lib.callbacks.manager
File "/var/lib/openstack/lib/python3.10/site-packages/neutron/plugins/ml2/drivers/ovn/mech_driver/ovsdb/ovn_client.py", line 1855, in _update_lrouter_port
2026-05-08 11:29:18.536 9 ERROR neutron_lib.callbacks.manager external_ids = self._nb_idl.db_get(
2026-05-08 11:29:18.536 9 ERROR neutron_lib.callbacks.manager
File "/var/lib/openstack/lib/python3.10/site-packages/ovsdbapp/backend/ovs_idl/command.py", line 47, in execute
2026-05-08 11:29:18.536 9 ERROR neutron_lib.callbacks.manager self.run_idl(None)
2026-05-08 11:29:18.536 9 ERROR neutron_lib.callbacks.manager
File "/var/lib/openstack/lib/python3.10/site-packages/ovsdbapp/backend/ovs_idl/command.py", line 235, in run_idl
2026-05-08 11:29:18.536 9 ERROR neutron_lib.callbacks.manager record = self.api.lookup(self.table, self.record)
2026-05-08 11:29:18.536 9 ERROR neutron_lib.callbacks.manager
File "/var/lib/openstack/lib/python3.10/site-packages/ovsdbapp/backend/ovs_idl/__init__.py", line 184, in lookup
2026-05-08 11:29:18.536 9 ERROR neutron_lib.callbacks.manager return self._lookup(table, record)
2026-05-08 11:29:18.536 9 ERROR neutron_lib.callbacks.manager
File "/var/lib/openstack/lib/python3.10/site-packages/ovsdbapp/backend/ovs_idl/__init__.py", line 235, in _lookup
2026-05-08 11:29:18.536 9 ERROR neutron_lib.callbacks.manager row = idlutils.row_by_value(self, rl.table, rl.column, record)
2026-05-08 11:29:18.536 9 ERROR neutron_lib.callbacks.manager
File "/var/lib/openstack/lib/python3.10/site-packages/ovsdbapp/backend/ovs_idl/idlutils.py", line 114, in row_by_value
2026-05-08 11:29:18.536 9 ERROR neutron_lib.callbacks.manager raise RowNotFound(table=table, col=column, match=match)
2026-05-08 11:29:18.536 9 ERROR neutron_lib.callbacks.manager ovsdbapp.backend.ovs_idl.idlutils.RowNotFound: Cannot find Logical_Router_Port with name=lrp-014e7a17-4b18-40c5-a8d9-f19a5109be45
2026-05-08 11:29:18.536 9 ERROR neutron_lib.callbacks.manager 
2026-05-08 11:29:18.609 10 INFO neutron.db.segments_db [None req-01fbe3de-29a4-4e17-9c5f-a122b7a3e0af 2348c62f63384214ac3033d79cfbd85a d86947fcf27e4522b9735ec1b231c703 - - default default] Added segment c235376e-073d-4f41-bbb7-1d1abb2d1a3e of type geneve for network 566e2da4-7206-4517-82de-28a7b07f9a31
2026-05-08 11:29:18.757 10 INFO neutron.db.ovn_revision_numbers_db [None req-01fbe3de-29a4-4e17-9c5f-a122b7a3e0af 2348c62f63384214ac3033d79cfbd85a d86947fcf27e4522b9735ec1b231c703 - - default default] Successfully bumped revision number for resource 566e2da4-7206-4517-82de-28a7b07f9a31 (type: networks) to 1
2026-05-08 11:29:18.787 9 INFO neutron.db.ovn_revision_numbers_db [None req-933fd883-b628-4791-a7cd-b1216a5f069f cdde802451324f03b5d6f3a36e72db0f ae18359b93bb40dab5168e6c42c9c622 - - default default] Successfully bumped revision number for resource 014e7a17-4b18-40c5-a8d9-f19a5109be45 (type: router_ports) to 1
2026-05-08 11:29:18.792 9 INFO neutron.wsgi [None req-933fd883-b628-4791-a7cd-b1216a5f069f cdde802451324f03b5d6f3a36e72db0f ae18359b93bb40dab5168e6c42c9c622 - - default default] 10.0.0.139 "PUT /v2.0/routers/2699b7ca-4a98-4ae2-81dc-f65dd78240c6/add_router_interface HTTP/1.1" status: 200 len: 503 time: 5.1394436
2026-05-08 11:29:18.939 9 INFO neutron.db.ovn_revision_numbers_db [None req-027dc78f-b7ec-411b-a2d9-de90e3e48ba5 cdde802451324f03b5d6f3a36e72db0f ae18359b93bb40dab5168e6c42c9c622 - - default default] Successfully bumped revision number for resource 0aa5d9c7-ef13-4f69-bd07-16f5059ba6b2 (type: router_ports) to 1
2026-05-08 11:29:18.943 9 INFO neutron.wsgi [None req-027dc78f-b7ec-411b-a2d9-de90e3e48ba5 cdde802451324f03b5d6f3a36e72db0f ae18359b93bb40dab5168e6c42c9c622 - - default default] 10.0.0.139 "PUT /v2.0/routers/d47c074f-ee17-4d50-8e4f-0258f6193ebf/add_router_interface HTTP/1.1" status: 200 len: 503 time: 5.1178436
2026-05-08 11:29:18.964 10 WARNING neutron.scheduler.dhcp_agent_scheduler [None req-01fbe3de-29a4-4e17-9c5f-a122b7a3e0af 2348c62f63384214ac3033d79cfbd85a d86947fcf27e4522b9735ec1b231c703 - - default default] No more DHCP agents
2026-05-08 11:29:18.967 10 WARNING neutron.api.rpc.agentnotifiers.dhcp_rpc_agent_api [None req-01fbe3de-29a4-4e17-9c5f-a122b7a3e0af 2348c62f63384214ac3033d79cfbd85a d86947fcf27e4522b9735ec1b231c703 - - default default] Unable to schedule network 566e2da4-7206-4517-82de-28a7b07f9a31: no agents available; will retry on subsequent port and subnet creation events.
2026-05-08 11:29:19.055 10 INFO neutron.db.ovn_revision_numbers_db [None req-01fbe3de-29a4-4e17-9c5f-a122b7a3e0af 2348c62f63384214ac3033d79cfbd85a d86947fcf27e4522b9735ec1b231c703 - - default default] Successfully bumped revision number for resource ae864a96-bab9-4365-8810-18b7839f2506 (type: ports) to 1
2026-05-08 11:29:19.078 10 INFO neutron.wsgi [None req-01fbe3de-29a4-4e17-9c5f-a122b7a3e0af 2348c62f63384214ac3033d79cfbd85a d86947fcf27e4522b9735ec1b231c703 - - default default] 10.0.0.139 "POST /v2.0/networks HTTP/1.1" status: 201 len: 832 time: 0.5534019
2026-05-08 11:29:19.088 9 WARNING neutron_lib.context [None req-af87b0a4-6093-4f25-9305-bca1d3a5ed2b 2348c62f63384214ac3033d79cfbd85a d86947fcf27e4522b9735ec1b231c703 - - default default] Method 'is_advsvc' is deprecated since 2023.2 release (neutron-lib 3.8.0) and will be removed once support for the old RBAC API policies will be removed from Neutron. Please use method 'is_service_role' instead.
2026-05-08 11:29:19.161 10 INFO neutron.plugins.ml2.drivers.ovn.mech_driver.mech_driver [None req-00fd083b-e1ad-463c-b35c-dbf466fe6291 - - - - - -] OVN reports status up for port: 4ba50eb9-9733-4270-8a2d-2c9993f1b67b
2026-05-08 11:29:19.397 10 WARNING neutron_lib.context [None req-309951b9-13f6-46e5-a33b-57bd6a911e76 e307c4c0a7e14526969e14d7c224039c e46ad2115bd948e08c3c59a4acaf96fa - - default default] Method 'is_advsvc' is deprecated since 2023.2 release (neutron-lib 3.8.0) and will be removed once support for the old RBAC API policies will be removed from Neutron. Please use method 'is_service_role' instead.
2026-05-08 11:29:19.471 10 WARNING neutron_lib.context [None req-3c4de902-380e-4ada-bcf1-0a78749607ad a5989a9d18bd4936a60fd79e99b09308 8bedd548831d4a0684905cb28af99094 - - default default] Method 'is_advsvc' is deprecated since 2023.2 release (neutron-lib 3.8.0) and will be removed once support for the old RBAC API policies will be removed from Neutron. Please use method 'is_service_role' instead.
2026-05-08 11:29:19.584 10 INFO neutron.db.ovn_revision_numbers_db [None req-309951b9-13f6-46e5-a33b-57bd6a911e76 e307c4c0a7e14526969e14d7c224039c e46ad2115bd948e08c3c59a4acaf96fa - - default default] Successfully bumped revision number for resource a21555a1-73fc-46c8-9c09-a09b475e380f (type: security_groups) to 1
2026-05-08 11:29:19.600 9 WARNING neutron.scheduler.dhcp_agent_scheduler [None req-af87b0a4-6093-4f25-9305-bca1d3a5ed2b 2348c62f63384214ac3033d79cfbd85a d86947fcf27e4522b9735ec1b231c703 - - default default] No more DHCP agents
2026-05-08 11:29:19.604 10 INFO neutron.db.ovn_revision_numbers_db [None req-309951b9-13f6-46e5-a33b-57bd6a911e76 e307c4c0a7e14526969e14d7c224039c e46ad2115bd948e08c3c59a4acaf96fa - - default default] Successfully bumped revision number for resource 2a0a4988-aef8-4e65-887b-ab1c3e1e1be7 (type: security_group_rules) to 0
2026-05-08 11:29:19.607 9 WARNING neutron.api.rpc.agentnotifiers.dhcp_rpc_agent_api [None req-af87b0a4-6093-4f25-9305-bca1d3a5ed2b 2348c62f63384214ac3033d79cfbd85a d86947fcf27e4522b9735ec1b231c703 - - default default] Unable to schedule network 566e2da4-7206-4517-82de-28a7b07f9a31: no agents available; will retry on subsequent port and subnet creation events.
2026-05-08 11:29:19.611 9 INFO neutron.db.ovn_revision_numbers_db [None req-b0972ab6-0f8d-4e5c-9c25-be2874a497fe - - - - - -] Successfully bumped revision number for resource d91d52ae-0583-48c8-a52b-cf8ac19f317d (type: ports) to 1
2026-05-08 11:29:19.634 10 INFO neutron.db.ovn_revision_numbers_db [None req-309951b9-13f6-46e5-a33b-57bd6a911e76 e307c4c0a7e14526969e14d7c224039c e46ad2115bd948e08c3c59a4acaf96fa - - default default] Successfully bumped revision number for resource b6313c0d-ab89-4c10-b2b8-23e2dbe5e721 (type: security_group_rules) to 0
2026-05-08 11:29:19.643 9 INFO neutron.db.ovn_revision_numbers_db [None req-af87b0a4-6093-4f25-9305-bca1d3a5ed2b 2348c62f63384214ac3033d79cfbd85a d86947fcf27e4522b9735ec1b231c703 - - default default] Successfully bumped revision number for resource 9f60dc5e-1004-4607-9df4-5f230bc3e234 (type: subnets) to 0
2026-05-08 11:29:19.645 10 INFO neutron.db.ovn_revision_numbers_db [None req-c903f49e-db28-458e-b402-225aa7e6a692 cdde802451324f03b5d6f3a36e72db0f ae18359b93bb40dab5168e6c42c9c622 - - default default] Successfully bumped revision number for resource aaa970ba-5008-4cd6-9272-e1e328b81339 (type: security_groups) to 1
2026-05-08 11:29:19.662 10 INFO neutron.wsgi [None req-309951b9-13f6-46e5-a33b-57bd6a911e76 e307c4c0a7e14526969e14d7c224039c e46ad2115bd948e08c3c59a4acaf96fa - - default default] 10.0.0.139 "POST /v2.0/security-groups HTTP/1.1" status: 201 len: 1860 time: 0.2723339
2026-05-08 11:29:19.665 9 INFO neutron.wsgi [None req-af87b0a4-6093-4f25-9305-bca1d3a5ed2b 2348c62f63384214ac3033d79cfbd85a d86947fcf27e4522b9735ec1b231c703 - - default default] 10.0.0.139 "POST /v2.0/subnets HTTP/1.1" status: 201 len: 821 time: 0.5835721
2026-05-08 11:29:19.670 10 INFO neutron.db.ovn_revision_numbers_db [None req-3c4de902-380e-4ada-bcf1-0a78749607ad a5989a9d18bd4936a60fd79e99b09308 8bedd548831d4a0684905cb28af99094 - - default default] Successfully bumped revision number for resource 07e0adab-afee-487f-86a2-600003177b92 (type: security_groups) to 1
2026-05-08 11:29:19.673 9 WARNING neutron_lib.context [None req-92fa6295-d458-48eb-9017-536cdda5be2d e307c4c0a7e14526969e14d7c224039c e46ad2115bd948e08c3c59a4acaf96fa - - default default] Method 'is_advsvc' is deprecated since 2023.2 release (neutron-lib 3.8.0) and will be removed once support for the old RBAC API policies will be removed from Neutron. Please use method 'is_service_role' instead.
2026-05-08 11:29:19.675 10 INFO neutron.db.ovn_revision_numbers_db [None req-c903f49e-db28-458e-b402-225aa7e6a692 cdde802451324f03b5d6f3a36e72db0f ae18359b93bb40dab5168e6c42c9c622 - - default default] Successfully bumped revision number for resource 2374038f-4016-4115-b2dc-f07cb6d101fa (type: security_group_rules) to 0
2026-05-08 11:29:19.679 9 WARNING neutron_lib.context [None req-64afc123-5683-4dea-9be3-1d201d78b1f9 2348c62f63384214ac3033d79cfbd85a d86947fcf27e4522b9735ec1b231c703 - - default default] Method 'is_advsvc' is deprecated since 2023.2 release (neutron-lib 3.8.0) and will be removed once support for the old RBAC API policies will be removed from Neutron. Please use method 'is_service_role' instead.
2026-05-08 11:29:19.684 10 INFO neutron.db.ovn_revision_numbers_db [None req-3c4de902-380e-4ada-bcf1-0a78749607ad a5989a9d18bd4936a60fd79e99b09308 8bedd548831d4a0684905cb28af99094 - - default default] Successfully bumped revision number for resource 1865b164-a919-4aff-b832-25426899c4c3 (type: security_group_rules) to 0
2026-05-08 11:29:19.688 10 INFO neutron.db.ovn_revision_numbers_db [None req-c903f49e-db28-458e-b402-225aa7e6a692 cdde802451324f03b5d6f3a36e72db0f ae18359b93bb40dab5168e6c42c9c622 - - default default] Successfully bumped revision number for resource 3d8fec07-472d-473f-83a8-48d138080a3f (type: security_group_rules) to 0
2026-05-08 11:29:19.698 10 INFO neutron.db.ovn_revision_numbers_db [None req-3c4de902-380e-4ada-bcf1-0a78749607ad a5989a9d18bd4936a60fd79e99b09308 8bedd548831d4a0684905cb28af99094 - - default default] Successfully bumped revision number for resource bc92a9d4-8435-4c04-81b0-5c69eb852e2f (type: security_group_rules) to 0
2026-05-08 11:29:19.701 10 INFO neutron.db.ovn_revision_numbers_db [None req-c903f49e-db28-458e-b402-225aa7e6a692 cdde802451324f03b5d6f3a36e72db0f ae18359b93bb40dab5168e6c42c9c622 - - default default] Successfully bumped revision number for resource 789cd931-417a-4c84-b13a-54274e13dbb2 (type: security_group_rules) to 0
2026-05-08 11:29:19.728 10 INFO neutron.wsgi [None req-3c4de902-380e-4ada-bcf1-0a78749607ad a5989a9d18bd4936a60fd79e99b09308 8bedd548831d4a0684905cb28af99094 - - default default] 10.0.0.139 "POST /v2.0/security-groups HTTP/1.1" status: 201 len: 1861 time: 0.2616365
2026-05-08 11:29:19.736 10 WARNING neutron_lib.context [None req-6d1c8576-a075-48be-bf5e-e127bd33e6c4 a5989a9d18bd4936a60fd79e99b09308 8bedd548831d4a0684905cb28af99094 - - default default] Method 'is_advsvc' is deprecated since 2023.2 release (neutron-lib 3.8.0) and will be removed once support for the old RBAC API policies will be removed from Neutron. Please use method 'is_service_role' instead.
2026-05-08 11:29:19.738 10 INFO neutron.db.ovn_revision_numbers_db [None req-c903f49e-db28-458e-b402-225aa7e6a692 cdde802451324f03b5d6f3a36e72db0f ae18359b93bb40dab5168e6c42c9c622 - - default default] Successfully bumped revision number for resource f5470825-94c1-4f0d-a8c7-0a67893c1e90 (type: security_group_rules) to 0
2026-05-08 11:29:19.766 10 INFO neutron.wsgi [None req-c903f49e-db28-458e-b402-225aa7e6a692 cdde802451324f03b5d6f3a36e72db0f ae18359b93bb40dab5168e6c42c9c622 - - default default] 10.0.0.139 "GET /v2.0/security-groups?tenant_id=b7d22ba53fca4928af307ab9642bfbf5&name=default HTTP/1.1" status: 200 len: 3120 time: 0.4320145
2026-05-08 11:29:19.939 9 INFO neutron.db.ovn_revision_numbers_db [None req-64afc123-5683-4dea-9be3-1d201d78b1f9 2348c62f63384214ac3033d79cfbd85a d86947fcf27e4522b9735ec1b231c703 - - default default] Successfully bumped revision number for resource d7767c8a-7acc-4f46-80b1-21f82de346fa (type: routers) to 1
2026-05-08 11:29:19.950 10 INFO neutron.db.ovn_revision_numbers_db [None req-6d1c8576-a075-48be-bf5e-e127bd33e6c4 a5989a9d18bd4936a60fd79e99b09308 8bedd548831d4a0684905cb28af99094 - - default default] Successfully bumped revision number for resource cf0dbe64-deef-45d4-bb08-b5ac68114672 (type: security_group_rules) to 0
2026-05-08 11:29:19.989 9 INFO neutron.wsgi [None req-64afc123-5683-4dea-9be3-1d201d78b1f9 2348c62f63384214ac3033d79cfbd85a d86947fcf27e4522b9735ec1b231c703 - - default default] 10.0.0.139 "POST /v2.0/routers HTTP/1.1" status: 201 len: 805 time: 0.3145881
2026-05-08 11:29:19.994 10 INFO neutron.wsgi [None req-6d1c8576-a075-48be-bf5e-e127bd33e6c4 a5989a9d18bd4936a60fd79e99b09308 8bedd548831d4a0684905cb28af99094 - - default default] 10.0.0.139 "POST /v2.0/security-group-rules HTTP/1.1" status: 201 len: 796 time: 0.2617815
2026-05-08 11:29:20.007 9 WARNING neutron_lib.context [None req-860af4d3-a052-4db6-9656-3cdaae96d3d8 a5989a9d18bd4936a60fd79e99b09308 8bedd548831d4a0684905cb28af99094 - - default default] Method 'is_advsvc' is deprecated since 2023.2 release (neutron-lib 3.8.0) and will be removed once support for the old RBAC API policies will be removed from Neutron. Please use method 'is_service_role' instead.
2026-05-08 11:29:20.050 9 INFO neutron.db.ovn_revision_numbers_db [None req-92fa6295-d458-48eb-9017-536cdda5be2d e307c4c0a7e14526969e14d7c224039c e46ad2115bd948e08c3c59a4acaf96fa - - default default] Successfully bumped revision number for resource f08aad47-cb50-4e03-8dca-32886f506d10 (type: security_group_rules) to 0
2026-05-08 11:29:20.100 9 INFO neutron.wsgi [None req-92fa6295-d458-48eb-9017-536cdda5be2d e307c4c0a7e14526969e14d7c224039c e46ad2115bd948e08c3c59a4acaf96fa - - default default] 10.0.0.139 "POST /v2.0/security-group-rules HTTP/1.1" status: 201 len: 796 time: 0.4315650
2026-05-08 11:29:20.124 9 WARNING neutron_lib.context [None req-3fcf3f32-6471-466e-8324-628f0d954e28 e307c4c0a7e14526969e14d7c224039c e46ad2115bd948e08c3c59a4acaf96fa - - default default] Method 'is_advsvc' is deprecated since 2023.2 release (neutron-lib 3.8.0) and will be removed once support for the old RBAC API policies will be removed from Neutron. Please use method 'is_service_role' instead.
2026-05-08 11:29:20.128 10 INFO neutron.wsgi [None req-a1e7ea64-c516-49c4-a823-258663995886 cdde802451324f03b5d6f3a36e72db0f ae18359b93bb40dab5168e6c42c9c622 - - default default] 10.0.0.139 "DELETE /v2.0/security-groups/aaa970ba-5008-4cd6-9272-e1e328b81339 HTTP/1.1" status: 204 len: 168 time: 0.3544393
2026-05-08 11:29:20.282 9 INFO neutron.db.ovn_revision_numbers_db [None req-860af4d3-a052-4db6-9656-3cdaae96d3d8 a5989a9d18bd4936a60fd79e99b09308 8bedd548831d4a0684905cb28af99094 - - default default] Successfully bumped revision number for resource a5e9d830-ec8e-4407-a015-04cc2b4d034e (type: security_group_rules) to 0
2026-05-08 11:29:20.299 9 INFO neutron.db.ovn_revision_numbers_db [None req-b0972ab6-0f8d-4e5c-9c25-be2874a497fe - - - - - -] Successfully bumped revision number for resource d91d52ae-0583-48c8-a52b-cf8ac19f317d (type: router_ports) to 3
2026-05-08 11:29:20.324 9 INFO neutron.wsgi [None req-860af4d3-a052-4db6-9656-3cdaae96d3d8 a5989a9d18bd4936a60fd79e99b09308 8bedd548831d4a0684905cb28af99094 - - default default] 10.0.0.139 "POST /v2.0/security-group-rules HTTP/1.1" status: 201 len: 801 time: 0.3237405
2026-05-08 11:29:20.336 9 WARNING neutron_lib.context [None req-d9d48370-4fc3-4d81-978f-03c29e23e9a2 a5989a9d18bd4936a60fd79e99b09308 8bedd548831d4a0684905cb28af99094 - - default default] Method 'is_advsvc' is deprecated since 2023.2 release (neutron-lib 3.8.0) and will be removed once support for the old RBAC API policies will be removed from Neutron. Please use method 'is_service_role' instead.
2026-05-08 11:29:20.379 9 INFO neutron.db.ovn_revision_numbers_db [None req-3fcf3f32-6471-466e-8324-628f0d954e28 e307c4c0a7e14526969e14d7c224039c e46ad2115bd948e08c3c59a4acaf96fa - - default default] Successfully bumped revision number for resource 3f8badf4-7b34-4a96-a324-d54bd6b4a35d (type: security_group_rules) to 0
2026-05-08 11:29:20.416 10 INFO neutron.db.ovn_revision_numbers_db [None req-ecceec5a-0c72-4bc2-ba15-900ee09d0a80 cdde802451324f03b5d6f3a36e72db0f ae18359b93bb40dab5168e6c42c9c622 - - default default] Successfully bumped revision number for resource a75b28b9-7e30-4096-b311-2f513bd76471 (type: security_groups) to 1
2026-05-08 11:29:20.436 9 INFO neutron.wsgi [None req-3fcf3f32-6471-466e-8324-628f0d954e28 e307c4c0a7e14526969e14d7c224039c e46ad2115bd948e08c3c59a4acaf96fa - - default default] 10.0.0.139 "POST /v2.0/security-group-rules HTTP/1.1" status: 201 len: 801 time: 0.3296084
2026-05-08 11:29:20.447 10 WARNING neutron_lib.context [None req-62f5a414-2f9d-4821-94de-ad25d7ae82a9 e307c4c0a7e14526969e14d7c224039c e46ad2115bd948e08c3c59a4acaf96fa - - default default] Method 'is_advsvc' is deprecated since 2023.2 release (neutron-lib 3.8.0) and will be removed once support for the old RBAC API policies will be removed from Neutron. Please use method 'is_service_role' instead.
2026-05-08 11:29:20.451 10 INFO neutron.db.ovn_revision_numbers_db [None req-ecceec5a-0c72-4bc2-ba15-900ee09d0a80 cdde802451324f03b5d6f3a36e72db0f ae18359b93bb40dab5168e6c42c9c622 - - default default] Successfully bumped revision number for resource 04d754df-b2eb-4be0-80a8-769ec74ced23 (type: security_group_rules) to 0
2026-05-08 11:29:20.484 10 WARNING neutron.scheduler.dhcp_agent_scheduler [None req-91bfec14-f8e2-481c-b4a9-52c7c14bdf20 2348c62f63384214ac3033d79cfbd85a d86947fcf27e4522b9735ec1b231c703 - - default default] No more DHCP agents
2026-05-08 11:29:20.487 10 INFO neutron.db.ovn_revision_numbers_db [None req-ecceec5a-0c72-4bc2-ba15-900ee09d0a80 cdde802451324f03b5d6f3a36e72db0f ae18359b93bb40dab5168e6c42c9c622 - - default default] Successfully bumped revision number for resource 921a821b-4f04-48c2-bfe8-e9fa12074549 (type: security_group_rules) to 0
2026-05-08 11:29:20.494 10 WARNING neutron.api.rpc.agentnotifiers.dhcp_rpc_agent_api [None req-91bfec14-f8e2-481c-b4a9-52c7c14bdf20 2348c62f63384214ac3033d79cfbd85a d86947fcf27e4522b9735ec1b231c703 - - default default] Unable to schedule network 566e2da4-7206-4517-82de-28a7b07f9a31: no agents available; will retry on subsequent port and subnet creation events.
2026-05-08 11:29:20.540 10 INFO neutron.db.ovn_revision_numbers_db [None req-ecceec5a-0c72-4bc2-ba15-900ee09d0a80 cdde802451324f03b5d6f3a36e72db0f ae18359b93bb40dab5168e6c42c9c622 - - default default] Successfully bumped revision number for resource c96e64cf-2205-4781-8b7c-f7808aab1f6d (type: security_group_rules) to 0
2026-05-08 11:29:20.577 10 INFO neutron.db.ovn_revision_numbers_db [None req-ecceec5a-0c72-4bc2-ba15-900ee09d0a80 cdde802451324f03b5d6f3a36e72db0f ae18359b93bb40dab5168e6c42c9c622 - - default default] Successfully bumped revision number for resource d6e204bb-bca9-42b1-bde3-04658d9be52f (type: security_group_rules) to 0
2026-05-08 11:29:20.637 10 INFO neutron.wsgi [None req-ecceec5a-0c72-4bc2-ba15-900ee09d0a80 cdde802451324f03b5d6f3a36e72db0f ae18359b93bb40dab5168e6c42c9c622 - - default default] 10.0.0.139 "GET /v2.0/security-groups?tenant_id=732b1bf120354d3896eb6c6fe71f411d&name=default HTTP/1.1" status: 200 len: 3120 time: 0.4071171
2026-05-08 11:29:20.679 9 INFO neutron.db.ovn_revision_numbers_db [None req-b0972ab6-0f8d-4e5c-9c25-be2874a497fe - - - - - -] Successfully bumped revision number for resource d91d52ae-0583-48c8-a52b-cf8ac19f317d (type: ports) to 2
2026-05-08 11:29:20.707 9 WARNING neutron.scheduler.dhcp_agent_scheduler [None req-d9d48370-4fc3-4d81-978f-03c29e23e9a2 a5989a9d18bd4936a60fd79e99b09308 8bedd548831d4a0684905cb28af99094 - - default default] No more DHCP agents
2026-05-08 11:29:20.710 10 INFO neutron.db.ovn_revision_numbers_db [None req-91bfec14-f8e2-481c-b4a9-52c7c14bdf20 2348c62f63384214ac3033d79cfbd85a d86947fcf27e4522b9735ec1b231c703 - - default default] Successfully bumped revision number for resource 1c62e42b-8315-47c6-8e1e-624315e0ae6f (type: ports) to 1
2026-05-08 11:29:20.711 9 WARNING neutron.api.rpc.agentnotifiers.dhcp_rpc_agent_api [None req-d9d48370-4fc3-4d81-978f-03c29e23e9a2 a5989a9d18bd4936a60fd79e99b09308 8bedd548831d4a0684905cb28af99094 - - default default] Unable to schedule network 4e9273d2-1c0a-4d09-bf10-3dea5a2b2a8c: no agents available; will retry on subsequent port and subnet creation events.
2026-05-08 11:29:21.089 10 WARNING neutron.scheduler.dhcp_agent_scheduler [None req-62f5a414-2f9d-4821-94de-ad25d7ae82a9 e307c4c0a7e14526969e14d7c224039c e46ad2115bd948e08c3c59a4acaf96fa - - default default] No more DHCP agents
2026-05-08 11:29:21.095 10 WARNING neutron.api.rpc.agentnotifiers.dhcp_rpc_agent_api [None req-62f5a414-2f9d-4821-94de-ad25d7ae82a9 e307c4c0a7e14526969e14d7c224039c e46ad2115bd948e08c3c59a4acaf96fa - - default default] Unable to schedule network 4e9273d2-1c0a-4d09-bf10-3dea5a2b2a8c: no agents available; will retry on subsequent port and subnet creation events.
2026-05-08 11:29:21.159 9 INFO neutron.wsgi [None req-d9d48370-4fc3-4d81-978f-03c29e23e9a2 a5989a9d18bd4936a60fd79e99b09308 8bedd548831d4a0684905cb28af99094 - - default default] 10.0.0.139 "POST /v2.0/floatingips HTTP/1.1" status: 201 len: 751 time: 0.8275769
2026-05-08 11:29:21.170 9 INFO neutron.db.ovn_revision_numbers_db [None req-b0972ab6-0f8d-4e5c-9c25-be2874a497fe - - - - - -] Successfully bumped revision number for resource d91d52ae-0583-48c8-a52b-cf8ac19f317d (type: ports) to 4
2026-05-08 11:29:21.317 10 INFO neutron.wsgi [None req-7bd67f5d-2f14-4ee1-9c90-db1dd113c3ae cdde802451324f03b5d6f3a36e72db0f ae18359b93bb40dab5168e6c42c9c622 - - default default] 10.0.0.139 "DELETE /v2.0/security-groups/a75b28b9-7e30-4096-b311-2f513bd76471 HTTP/1.1" status: 204 len: 168 time: 0.6710424
2026-05-08 11:29:21.613 10 ERROR ovsdbapp.backend.ovs_idl.command [None req-91bfec14-f8e2-481c-b4a9-52c7c14bdf20 2348c62f63384214ac3033d79cfbd85a d86947fcf27e4522b9735ec1b231c703 - - default default] Error executing command (DbGetCommand): ovsdbapp.backend.ovs_idl.idlutils.RowNotFound: Cannot find Logical_Router_Port with name=lrp-1c62e42b-8315-47c6-8e1e-624315e0ae6f
2026-05-08 11:29:21.613 10 ERROR ovsdbapp.backend.ovs_idl.command
Traceback (most recent call last):
2026-05-08 11:29:21.613 10 ERROR ovsdbapp.backend.ovs_idl.command
File "/var/lib/openstack/lib/python3.10/site-packages/ovsdbapp/backend/ovs_idl/command.py", line 47, in execute
2026-05-08 11:29:21.613 10 ERROR ovsdbapp.backend.ovs_idl.command self.run_idl(None)
2026-05-08 11:29:21.613 10 ERROR ovsdbapp.backend.ovs_idl.command
File "/var/lib/openstack/lib/python3.10/site-packages/ovsdbapp/backend/ovs_idl/command.py", line 235, in run_idl
2026-05-08 11:29:21.613 10 ERROR ovsdbapp.backend.ovs_idl.command record = self.api.lookup(self.table, self.record)
2026-05-08 11:29:21.613 10 ERROR ovsdbapp.backend.ovs_idl.command
File "/var/lib/openstack/lib/python3.10/site-packages/ovsdbapp/backend/ovs_idl/__init__.py", line 184, in lookup
2026-05-08 11:29:21.613 10 ERROR ovsdbapp.backend.ovs_idl.command return self._lookup(table, record)
2026-05-08 11:29:21.613 10 ERROR ovsdbapp.backend.ovs_idl.command
File "/var/lib/openstack/lib/python3.10/site-packages/ovsdbapp/backend/ovs_idl/__init__.py", line 235, in _lookup
2026-05-08 11:29:21.613 10 ERROR ovsdbapp.backend.ovs_idl.command row = idlutils.row_by_value(self, rl.table, rl.column, record)
2026-05-08 11:29:21.613 10 ERROR ovsdbapp.backend.ovs_idl.command
File "/var/lib/openstack/lib/python3.10/site-packages/ovsdbapp/backend/ovs_idl/idlutils.py", line 114, in row_by_value
2026-05-08 11:29:21.613 10 ERROR ovsdbapp.backend.ovs_idl.command raise RowNotFound(table=table, col=column, match=match)
2026-05-08 11:29:21.613 10 ERROR ovsdbapp.backend.ovs_idl.command ovsdbapp.backend.ovs_idl.idlutils.RowNotFound: Cannot find Logical_Router_Port with name=lrp-1c62e42b-8315-47c6-8e1e-624315e0ae6f
2026-05-08 11:29:21.613 10 ERROR ovsdbapp.backend.ovs_idl.command 
2026-05-08 11:29:21.614 10 ERROR neutron_lib.callbacks.manager [None req-91bfec14-f8e2-481c-b4a9-52c7c14bdf20 2348c62f63384214ac3033d79cfbd85a d86947fcf27e4522b9735ec1b231c703 - - default default] Error during notification for neutron.services.ovn_l3.plugin.OVNL3RouterPlugin._port_update-8741054681839 port, after_update: ovsdbapp.backend.ovs_idl.idlutils.RowNotFound: Cannot find Logical_Router_Port with name=lrp-1c62e42b-8315-47c6-8e1e-624315e0ae6f
2026-05-08 11:29:21.614 10 ERROR neutron_lib.callbacks.manager
Traceback (most recent call last):
2026-05-08 11:29:21.614 10 ERROR neutron_lib.callbacks.manager
File "/var/lib/openstack/lib/python3.10/site-packages/neutron_lib/callbacks/manager.py", line 189, in _notify_loop
2026-05-08 11:29:21.614 10 ERROR neutron_lib.callbacks.manager callback.method(resource, event, trigger, payload=payload)
2026-05-08 11:29:21.614 10 ERROR neutron_lib.callbacks.manager
File "/var/lib/openstack/lib/python3.10/site-packages/neutron/services/ovn_l3/plugin.py", line 391, in _port_update
2026-05-08 11:29:21.614 10 ERROR neutron_lib.callbacks.manager l3plugin._ovn_client.update_router_port(context,
2026-05-08 11:29:21.614 10 ERROR neutron_lib.callbacks.manager
File "/var/lib/openstack/lib/python3.10/site-packages/neutron/plugins/ml2/drivers/ovn/mech_driver/ovsdb/ovn_client.py", line 1878, in update_router_port
2026-05-08 11:29:21.614 10 ERROR neutron_lib.callbacks.manager self._update_lrouter_port(context, port, if_exists=if_exists,
2026-05-08 11:29:21.614 10 ERROR neutron_lib.callbacks.manager
File "/var/lib/openstack/lib/python3.10/site-packages/neutron/plugins/ml2/drivers/ovn/mech_driver/ovsdb/ovn_client.py", line 1855, in _update_lrouter_port
2026-05-08 11:29:21.614 10 ERROR neutron_lib.callbacks.manager external_ids = self._nb_idl.db_get(
2026-05-08 11:29:21.614 10 ERROR neutron_lib.callbacks.manager
File "/var/lib/openstack/lib/python3.10/site-packages/ovsdbapp/backend/ovs_idl/command.py", line 47, in execute
2026-05-08 11:29:21.614 10 ERROR neutron_lib.callbacks.manager self.run_idl(None)
2026-05-08 11:29:21.614 10 ERROR neutron_lib.callbacks.manager
File "/var/lib/openstack/lib/python3.10/site-packages/ovsdbapp/backend/ovs_idl/command.py", line 235, in run_idl
2026-05-08 11:29:21.614 10 ERROR neutron_lib.callbacks.manager record = self.api.lookup(self.table, self.record)
2026-05-08 11:29:21.614 10 ERROR neutron_lib.callbacks.manager
File "/var/lib/openstack/lib/python3.10/site-packages/ovsdbapp/backend/ovs_idl/__init__.py", line 184, in lookup
2026-05-08 11:29:21.614 10 ERROR neutron_lib.callbacks.manager return self._lookup(table, record)
2026-05-08 11:29:21.614 10 ERROR neutron_lib.callbacks.manager
File "/var/lib/openstack/lib/python3.10/site-packages/ovsdbapp/backend/ovs_idl/__init__.py", line 235, in _lookup
2026-05-08 11:29:21.614 10 ERROR neutron_lib.callbacks.manager row = idlutils.row_by_value(self, rl.table, rl.column, record)
2026-05-08 11:29:21.614 10 ERROR neutron_lib.callbacks.manager
File "/var/lib/openstack/lib/python3.10/site-packages/ovsdbapp/backend/ovs_idl/idlutils.py", line 114, in row_by_value
2026-05-08 11:29:21.614 10 ERROR neutron_lib.callbacks.manager raise RowNotFound(table=table, col=column, match=match)
2026-05-08 11:29:21.614 10 ERROR neutron_lib.callbacks.manager ovsdbapp.backend.ovs_idl.idlutils.RowNotFound: Cannot find Logical_Router_Port with name=lrp-1c62e42b-8315-47c6-8e1e-624315e0ae6f
2026-05-08 11:29:21.614 10 ERROR neutron_lib.callbacks.manager 
2026-05-08 11:29:21.679 10 INFO neutron.wsgi [None req-62f5a414-2f9d-4821-94de-ad25d7ae82a9 e307c4c0a7e14526969e14d7c224039c e46ad2115bd948e08c3c59a4acaf96fa - - default default] 10.0.0.139 "POST /v2.0/floatingips HTTP/1.1" status: 201 len: 751 time: 1.2370498
2026-05-08 11:29:21.693 9 INFO neutron.wsgi [req-e33193f8-8c4d-4c37-9303-ba471d946ab4 req-fa972f73-2418-47b3-b734-8273d8ffdfc2 a5989a9d18bd4936a60fd79e99b09308 8bedd548831d4a0684905cb28af99094 - - default default] 10.0.0.192 "GET /v2.0/security-groups?name=tempest-securitygroup--1578858677&fields=id&tenant_id=8bedd548831d4a0684905cb28af99094 HTTP/1.1" status: 200 len: 267 time: 0.0481617
2026-05-08 11:29:21.694 9 INFO neutron.db.ovn_revision_numbers_db [None req-b0972ab6-0f8d-4e5c-9c25-be2874a497fe - - - - - -] Successfully bumped revision number for resource d91d52ae-0583-48c8-a52b-cf8ac19f317d (type: router_ports) to 4
2026-05-08 11:29:21.786 10 INFO neutron.plugins.ml2.drivers.ovn.mech_driver.mech_driver [None req-00fd083b-e1ad-463c-b35c-dbf466fe6291 - - - - - -] OVN reports status up for port: 1c62e42b-8315-47c6-8e1e-624315e0ae6f
2026-05-08 11:29:21.795 9 INFO neutron.wsgi [req-e33193f8-8c4d-4c37-9303-ba471d946ab4 req-7ac76ea7-c23b-45e0-8d24-836bec6320a3 a5989a9d18bd4936a60fd79e99b09308 8bedd548831d4a0684905cb28af99094 - - default default] 10.0.0.192 "GET /v2.0/networks?id=48af2f73-cc43-4969-a1c7-ce7fbf38517a HTTP/1.1" status: 200 len: 874 time: 0.0915318
2026-05-08 11:29:21.801 10 INFO neutron.plugins.ml2.plugin [None req-00fd083b-e1ad-463c-b35c-dbf466fe6291 - - - - - -] Attempt 1 to provision port 1c62e42b-8315-47c6-8e1e-624315e0ae6f
2026-05-08 11:29:21.814 9 INFO neutron.wsgi [req-e33193f8-8c4d-4c37-9303-ba471d946ab4 req-9c30d591-3362-4cfe-a0fe-5469ed92fd56 a5989a9d18bd4936a60fd79e99b09308 8bedd548831d4a0684905cb28af99094 - - default default] 10.0.0.192 "GET /v2.0/quotas/8bedd548831d4a0684905cb28af99094 HTTP/1.1" status: 200 len: 491 time: 0.0118282
2026-05-08 11:29:21.818 10 INFO neutron.db.ovn_revision_numbers_db [None req-91bfec14-f8e2-481c-b4a9-52c7c14bdf20 2348c62f63384214ac3033d79cfbd85a d86947fcf27e4522b9735ec1b231c703 - - default default] Successfully bumped revision number for resource 1c62e42b-8315-47c6-8e1e-624315e0ae6f (type: ports) to 1
2026-05-08 11:29:21.906 10 WARNING neutron.scheduler.dhcp_agent_scheduler [None req-91bfec14-f8e2-481c-b4a9-52c7c14bdf20 2348c62f63384214ac3033d79cfbd85a d86947fcf27e4522b9735ec1b231c703 - - default default] No more DHCP agents
2026-05-08 11:29:21.909 9 INFO neutron.wsgi [req-e33193f8-8c4d-4c37-9303-ba471d946ab4 req-2af9c4ac-3ac8-43db-8624-b7f7c17fbd62 a5989a9d18bd4936a60fd79e99b09308 8bedd548831d4a0684905cb28af99094 - - default default] 10.0.0.192 "GET /v2.0/ports?tenant_id=8bedd548831d4a0684905cb28af99094&fields=id HTTP/1.1" status: 200 len: 302 time: 0.0880444
2026-05-08 11:29:21.910 10 WARNING neutron.api.rpc.agentnotifiers.dhcp_rpc_agent_api [None req-91bfec14-f8e2-481c-b4a9-52c7c14bdf20 2348c62f63384214ac3033d79cfbd85a d86947fcf27e4522b9735ec1b231c703 - - default default] Unable to schedule network 566e2da4-7206-4517-82de-28a7b07f9a31: no agents available; will retry on subsequent port and subnet creation events.
2026-05-08 11:29:21.982 9 INFO neutron.wsgi [req-e33193f8-8c4d-4c37-9303-ba471d946ab4 req-bd2af6d9-4475-4b4c-8e13-00f0278bbe22 9417783b6ca34911a9806b335f5c894c dc8312efa7ff4747b4ee9714ff67f94f - - 7e2c30979c5149b0a9cab8a21798732c 7e2c30979c5149b0a9cab8a21798732c] 10.0.0.192 "GET /v2.0/networks/48af2f73-cc43-4969-a1c7-ce7fbf38517a?fields=segments HTTP/1.1" status: 200 len: 212 time: 0.0609362
2026-05-08 11:29:22.049 9 INFO neutron.wsgi [req-e33193f8-8c4d-4c37-9303-ba471d946ab4 req-5699df92-3710-4c05-84ab-c3626c73e89a 9417783b6ca34911a9806b335f5c894c dc8312efa7ff4747b4ee9714ff67f94f - - 7e2c30979c5149b0a9cab8a21798732c 7e2c30979c5149b0a9cab8a21798732c] 10.0.0.192 "GET /v2.0/networks/48af2f73-cc43-4969-a1c7-ce7fbf38517a?fields=provider%3Aphysical_network&fields=provider%3Anetwork_type HTTP/1.1" status: 200 len: 277 time: 0.0623336
2026-05-08 11:29:22.199 10 INFO neutron.db.ovn_revision_numbers_db [None req-91bfec14-f8e2-481c-b4a9-52c7c14bdf20 2348c62f63384214ac3033d79cfbd85a d86947fcf27e4522b9735ec1b231c703 - - default default] Successfully bumped revision number for resource 1c62e42b-8315-47c6-8e1e-624315e0ae6f (type: router_ports) to 1
2026-05-08 11:29:22.206 10 INFO neutron.wsgi [None req-91bfec14-f8e2-481c-b4a9-52c7c14bdf20 2348c62f63384214ac3033d79cfbd85a d86947fcf27e4522b9735ec1b231c703 - - default default] 10.0.0.139 "PUT /v2.0/routers/d7767c8a-7acc-4f46-80b1-21f82de346fa/add_router_interface HTTP/1.1" status: 200 len: 503 time: 2.2086322
2026-05-08 11:29:22.217 9 INFO neutron.wsgi [req-3148a724-9100-483d-8e3b-0e8dd2375cd7 req-b2888473-8f6b-4258-be12-61585278447d a5989a9d18bd4936a60fd79e99b09308 8bedd548831d4a0684905cb28af99094 - - default default] 10.0.0.192 "GET /v2.0/ports?device_id=b9acc45c-aef2-40df-9816-24a39a06e5eb HTTP/1.1" status: 200 len: 210 time: 0.0269072
2026-05-08 11:29:22.243 10 INFO neutron.wsgi [req-4de7a547-5b97-4cce-8fb0-6c61dd714907 req-a2f4b16e-7e40-4386-a2e0-ef60d3c3395d e307c4c0a7e14526969e14d7c224039c e46ad2115bd948e08c3c59a4acaf96fa - - default default] 10.0.0.192 "GET /v2.0/security-groups?name=tempest-securitygroup--596543449&fields=id&tenant_id=e46ad2115bd948e08c3c59a4acaf96fa HTTP/1.1" status: 200 len: 267 time: 0.0814922
2026-05-08 11:29:22.258 9 INFO neutron.wsgi [None req-d09eb162-e50a-42b1-ac2b-5d22ac304840 2348c62f63384214ac3033d79cfbd85a d86947fcf27e4522b9735ec1b231c703 - - default default] 10.0.0.139 "GET /v2.0/ports/1c62e42b-8315-47c6-8e1e-624315e0ae6f HTTP/1.1" status: 200 len: 1141 time: 0.0480449
2026-05-08 11:29:22.307 9 INFO neutron.wsgi [None req-9d8e26df-7b69-434b-bf12-7ccb643d678b 2348c62f63384214ac3033d79cfbd85a d86947fcf27e4522b9735ec1b231c703 - - default default] 10.0.0.139 "GET /v2.0/ports/1c62e42b-8315-47c6-8e1e-624315e0ae6f HTTP/1.1" status: 200 len: 1141 time: 0.0422037
2026-05-08 11:29:22.576 10 INFO neutron.wsgi [req-4de7a547-5b97-4cce-8fb0-6c61dd714907 req-0e737835-ec27-4430-9fe8-59ca60b22c3f e307c4c0a7e14526969e14d7c224039c e46ad2115bd948e08c3c59a4acaf96fa - - default default] 10.0.0.192 "GET /v2.0/networks?id=8a67a8e8-ba0d-4e56-a9f6-b6a681dc3db2 HTTP/1.1" status: 200 len: 874 time: 0.3230152
2026-05-08 11:29:22.608 10 INFO neutron.wsgi [req-4de7a547-5b97-4cce-8fb0-6c61dd714907 req-2753b1e1-a7e6-4d2e-a9ea-675e5533dab7 e307c4c0a7e14526969e14d7c224039c e46ad2115bd948e08c3c59a4acaf96fa - - default default] 10.0.0.192 "GET /v2.0/quotas/e46ad2115bd948e08c3c59a4acaf96fa HTTP/1.1" status: 200 len: 491 time: 0.0215964
2026-05-08 11:29:22.647 10 INFO neutron.db.ovn_revision_numbers_db [None req-00fd083b-e1ad-463c-b35c-dbf466fe6291 - - - - - -] Successfully bumped revision number for resource 1c62e42b-8315-47c6-8e1e-624315e0ae6f (type: ports) to 2
2026-05-08 11:29:22.768 10 INFO neutron.wsgi [req-4de7a547-5b97-4cce-8fb0-6c61dd714907 req-aaf9e6de-3d03-43e1-9f16-eefca3933827 e307c4c0a7e14526969e14d7c224039c e46ad2115bd948e08c3c59a4acaf96fa - - default default] 10.0.0.192 "GET /v2.0/ports?tenant_id=e46ad2115bd948e08c3c59a4acaf96fa&fields=id HTTP/1.1" status: 200 len: 302 time: 0.1530020
2026-05-08 11:29:22.838 10 INFO neutron.db.ovn_revision_numbers_db [None req-00fd083b-e1ad-463c-b35c-dbf466fe6291 - - - - - -] Successfully bumped revision number for resource 1c62e42b-8315-47c6-8e1e-624315e0ae6f (type: router_ports) to 2
2026-05-08 11:29:22.854 10 INFO neutron.wsgi [req-4de7a547-5b97-4cce-8fb0-6c61dd714907 req-99aaeac5-ea74-41f7-917c-9f4240588cb7 9417783b6ca34911a9806b335f5c894c dc8312efa7ff4747b4ee9714ff67f94f - - 7e2c30979c5149b0a9cab8a21798732c 7e2c30979c5149b0a9cab8a21798732c] 10.0.0.192 "GET /v2.0/networks/8a67a8e8-ba0d-4e56-a9f6-b6a681dc3db2?fields=segments HTTP/1.1" status: 200 len: 212 time: 0.0737712
2026-05-08 11:29:22.936 10 INFO neutron.wsgi [req-4de7a547-5b97-4cce-8fb0-6c61dd714907 req-b97f88c6-212f-47af-a74c-cbc3607edb80 9417783b6ca34911a9806b335f5c894c dc8312efa7ff4747b4ee9714ff67f94f - - 7e2c30979c5149b0a9cab8a21798732c 7e2c30979c5149b0a9cab8a21798732c] 10.0.0.192 "GET /v2.0/networks/8a67a8e8-ba0d-4e56-a9f6-b6a681dc3db2?fields=provider%3Aphysical_network&fields=provider%3Anetwork_type HTTP/1.1" status: 200 len: 277 time: 0.0715592
2026-05-08 11:29:23.017 9 INFO neutron.wsgi [None req-c2982700-3d6f-4160-be4d-de67c5c43a6d 2348c62f63384214ac3033d79cfbd85a d86947fcf27e4522b9735ec1b231c703 - - default default] 10.0.0.139 "PUT /v2.0/routers/d7767c8a-7acc-4f46-80b1-21f82de346fa/remove_router_interface HTTP/1.1" status: 200 len: 503 time: 0.7031193 /var/lib/openstack/lib/python3.10/site-packages/pycadf/identifier.py:71: UserWarning: Invalid uuid: neutron. To ensure interoperability, identifiers should be a valid uuid. warnings.warn(('Invalid uuid: %s. To ensure interoperability, '
2026-05-08 11:29:23.051 9 INFO neutron.wsgi [None req-18702823-bbc3-46bf-9166-c9fb0fca2bc6 2348c62f63384214ac3033d79cfbd85a d86947fcf27e4522b9735ec1b231c703 - - default default] 10.0.0.139 "GET /v2.0/ports?device_id=d7767c8a-7acc-4f46-80b1-21f82de346fa HTTP/1.1" status: 200 len: 205 time: 0.0265784
2026-05-08 11:29:23.107 10 INFO neutron.wsgi [req-e33193f8-8c4d-4c37-9303-ba471d946ab4 req-7e76b0cc-9d70-4b27-8a9f-3df0cfba3e38 a5989a9d18bd4936a60fd79e99b09308 8bedd548831d4a0684905cb28af99094 - - default default] 199.204.45.116 "GET /v2.0/networks?id=48af2f73-cc43-4969-a1c7-ce7fbf38517a HTTP/1.1" status: 200 len: 874 time: 0.0830095
2026-05-08 11:29:23.111 9 INFO neutron.wsgi [req-c963a079-e1c8-4ada-abc5-41690419dfa3 req-cd3890ba-c032-4e56-b6e2-a55217c5c7ee e307c4c0a7e14526969e14d7c224039c e46ad2115bd948e08c3c59a4acaf96fa - - default default] 10.0.0.192 "GET /v2.0/ports?device_id=1f417b24-e330-4c98-97b1-d70e8ccc9caf HTTP/1.1" status: 200 len: 210 time: 0.0218241
2026-05-08 11:29:23.215 10 INFO neutron.wsgi [req-e33193f8-8c4d-4c37-9303-ba471d946ab4 req-2fd88c92-b35a-4c36-a3e1-13aff155c109 a5989a9d18bd4936a60fd79e99b09308 8bedd548831d4a0684905cb28af99094 - - default default] 199.204.45.116 "GET /v2.0/security-groups?fields=id&fields=name&tenant_id=8bedd548831d4a0684905cb28af99094 HTTP/1.1" status: 200 len: 380 time: 0.0904846
2026-05-08 11:29:23.266 10 WARNING neutron_lib.context [req-e33193f8-8c4d-4c37-9303-ba471d946ab4 req-b73bf211-c347-4a7a-bf9e-1396255360e7 a5989a9d18bd4936a60fd79e99b09308 8bedd548831d4a0684905cb28af99094 - - default default] Method 'is_advsvc' is deprecated since 2023.2 release (neutron-lib 3.8.0) and will be removed once support for the old RBAC API policies will be removed from Neutron. Please use method 'is_service_role' instead.
2026-05-08 11:29:23.330 10 INFO neutron.wsgi [req-1a321e5e-1e9d-49fc-937a-b8913e5c9754 req-1638a841-0c4d-4572-a22b-2acdb2747d77 a5989a9d18bd4936a60fd79e99b09308 8bedd548831d4a0684905cb28af99094 - - default default] 10.0.0.192 "GET /v2.0/ports?device_id=b9acc45c-aef2-40df-9816-24a39a06e5eb HTTP/1.1" status: 200 len: 210 time: 0.0412068
2026-05-08 11:29:23.356 10 INFO neutron.wsgi [None req-72f17e02-2303-44f3-b79c-cd55954dc61a 2348c62f63384214ac3033d79cfbd85a d86947fcf27e4522b9735ec1b231c703 - - default default] 10.0.0.139 "DELETE /v2.0/routers/d7767c8a-7acc-4f46-80b1-21f82de346fa HTTP/1.1" status: 204 len: 168 time: 0.3002598
2026-05-08 11:29:23.574 10 INFO neutron.wsgi [None req-269e937f-62fe-47bd-8bae-f0ca8806f4eb 2348c62f63384214ac3033d79cfbd85a d86947fcf27e4522b9735ec1b231c703 - - default default] 10.0.0.139 "DELETE /v2.0/subnets/9f60dc5e-1004-4607-9df4-5f230bc3e234 HTTP/1.1" status: 204 len: 168 time: 0.2109232
2026-05-08 11:29:23.851 10 WARNING neutron.scheduler.dhcp_agent_scheduler [req-e33193f8-8c4d-4c37-9303-ba471d946ab4 req-b73bf211-c347-4a7a-bf9e-1396255360e7 a5989a9d18bd4936a60fd79e99b09308 8bedd548831d4a0684905cb28af99094 - - default default] No more DHCP agents
2026-05-08 11:29:23.855 10 WARNING neutron.api.rpc.agentnotifiers.dhcp_rpc_agent_api [req-e33193f8-8c4d-4c37-9303-ba471d946ab4 req-b73bf211-c347-4a7a-bf9e-1396255360e7 a5989a9d18bd4936a60fd79e99b09308 8bedd548831d4a0684905cb28af99094 - - default default] Unable to schedule network 48af2f73-cc43-4969-a1c7-ce7fbf38517a: no agents available; will retry on subsequent port and subnet creation events. /var/lib/openstack/lib/python3.10/site-packages/pycadf/identifier.py:71: UserWarning: Invalid uuid: neutron. To ensure interoperability, identifiers should be a valid uuid. warnings.warn(('Invalid uuid: %s. To ensure interoperability, '
2026-05-08 11:29:24.205 9 INFO neutron.wsgi [req-e9f91264-9e1c-4d24-ac7c-5f687cfb41bc req-99ba8a43-d27f-46bc-8bd4-2ed53a616386 e307c4c0a7e14526969e14d7c224039c e46ad2115bd948e08c3c59a4acaf96fa - - default default] 10.0.0.192 "GET /v2.0/ports?device_id=1f417b24-e330-4c98-97b1-d70e8ccc9caf HTTP/1.1" status: 200 len: 210 time: 0.0295746
2026-05-08 11:29:24.248 10 INFO neutron.wsgi [req-4de7a547-5b97-4cce-8fb0-6c61dd714907 req-08c6bf7a-231a-4da8-bb08-f02f3a7ef909 e307c4c0a7e14526969e14d7c224039c e46ad2115bd948e08c3c59a4acaf96fa - - default default] 199.204.45.116 "GET /v2.0/networks?id=8a67a8e8-ba0d-4e56-a9f6-b6a681dc3db2 HTTP/1.1" status: 200 len: 874 time: 0.3091424
2026-05-08 11:29:24.329 10 INFO neutron.services.segments.plugin [-] Segment c235376e-073d-4f41-bbb7-1d1abb2d1a3e resource provider aggregate not found
2026-05-08 11:29:24.340 10 INFO neutron.services.segments.plugin [-] Segment c235376e-073d-4f41-bbb7-1d1abb2d1a3e resource provider aggregate not found
2026-05-08 11:29:24.360 10 INFO neutron.services.segments.plugin [-] Segment c235376e-073d-4f41-bbb7-1d1abb2d1a3e resource provider not found; error: Placement Client Error (4xx): {"errors": [{"status": 404, "title": "Not Found", "detail": "The resource could not be found.\n\n No resource provider with uuid c235376e-073d-4f41-bbb7-1d1abb2d1a3e found for delete ", "request_id": "req-4b6bf657-e9ba-43c1-9457-ad23e60cd348"}]}
2026-05-08 11:29:24.367 10 INFO neutron.services.segments.plugin [-] Segment c235376e-073d-4f41-bbb7-1d1abb2d1a3e resource provider not found; error: Placement Client Error (4xx): {"errors": [{"status": 404, "title": "Not Found", "detail": "The resource could not be found.\n\n No resource provider with uuid c235376e-073d-4f41-bbb7-1d1abb2d1a3e found for delete ", "request_id": "req-667871f7-1033-4092-90b2-613cd522a3f2"}]}
2026-05-08 11:29:24.369 10 INFO neutron.db.ovn_revision_numbers_db [req-e33193f8-8c4d-4c37-9303-ba471d946ab4 req-b73bf211-c347-4a7a-bf9e-1396255360e7 a5989a9d18bd4936a60fd79e99b09308 8bedd548831d4a0684905cb28af99094 - - default default] Successfully bumped revision number for resource d3d68ac4-e97e-4504-a1dc-dd498f20cff0 (type: ports) to 1
2026-05-08 11:29:24.376 10 INFO neutron.wsgi [req-4de7a547-5b97-4cce-8fb0-6c61dd714907 req-92e81ffd-4850-4097-b774-4361a1edee78 e307c4c0a7e14526969e14d7c224039c e46ad2115bd948e08c3c59a4acaf96fa - - default default] 199.204.45.116 "GET /v2.0/security-groups?fields=id&fields=name&tenant_id=e46ad2115bd948e08c3c59a4acaf96fa HTTP/1.1" status: 200 len: 379 time: 0.1158733
2026-05-08 11:29:24.396 10 WARNING neutron_lib.context [req-4de7a547-5b97-4cce-8fb0-6c61dd714907 req-2cb0d39b-f5f7-4df3-a4cc-31a2b54a1b60 e307c4c0a7e14526969e14d7c224039c e46ad2115bd948e08c3c59a4acaf96fa - - default default] Method 'is_advsvc' is deprecated since 2023.2 release (neutron-lib 3.8.0) and will be removed once support for the old RBAC API policies will be removed from Neutron. Please use method 'is_service_role' instead.
2026-05-08 11:29:24.435 10 INFO neutron.wsgi [None req-e61b7571-cf4e-4de7-b174-d43513b82c38 2348c62f63384214ac3033d79cfbd85a d86947fcf27e4522b9735ec1b231c703 - - default default] 10.0.0.139 "DELETE /v2.0/networks/566e2da4-7206-4517-82de-28a7b07f9a31 HTTP/1.1" status: 204 len: 168 time: 0.8537993
2026-05-08 11:29:24.438 10 INFO neutron.wsgi [req-e33193f8-8c4d-4c37-9303-ba471d946ab4 req-b73bf211-c347-4a7a-bf9e-1396255360e7 a5989a9d18bd4936a60fd79e99b09308 8bedd548831d4a0684905cb28af99094 - - default default] 199.204.45.116 "POST /v2.0/ports HTTP/1.1" status: 201 len: 1162 time: 1.1803954
2026-05-08 11:29:24.453 9 WARNING neutron_lib.context [None req-c98ff96f-adf7-452e-92e1-2c4121217384 2348c62f63384214ac3033d79cfbd85a d86947fcf27e4522b9735ec1b231c703 - - default default] Method 'is_advsvc' is deprecated since 2023.2 release (neutron-lib 3.8.0) and will be removed once support for the old RBAC API policies will be removed from Neutron. Please use method 'is_service_role' instead.
2026-05-08 11:29:24.518 9 WARNING neutron.plugins.ml2.drivers.ovn.mech_driver.ovsdb.ovn_client [None req-a288f22b-dcef-4d80-96ca-fb342103465c - - - - - -] No hosting information found for port 014e7a17-4b18-40c5-a8d9-f19a5109be45: RuntimeError: No hosting information found for port 014e7a17-4b18-40c5-a8d9-f19a5109be45
2026-05-08 11:29:24.519 9 INFO neutron.plugins.ml2.drivers.ovn.mech_driver.mech_driver [None req-a288f22b-dcef-4d80-96ca-fb342103465c - - - - - -] OVN reports status up for port: 0aa5d9c7-ef13-4f69-bd07-16f5059ba6b2
2026-05-08 11:29:24.586 9 INFO neutron.plugins.ml2.plugin [None req-a288f22b-dcef-4d80-96ca-fb342103465c - - - - - -] Attempt 1 to provision port 0aa5d9c7-ef13-4f69-bd07-16f5059ba6b2
2026-05-08 11:29:24.594 10 INFO neutron.wsgi [req-8d85ab87-bb76-4988-af56-2ec18fc4bbf9 req-873c3c88-56c7-4f04-8d79-46fbf59055cc a5989a9d18bd4936a60fd79e99b09308 8bedd548831d4a0684905cb28af99094 - - default default] 10.0.0.192 "GET /v2.0/ports?device_id=b9acc45c-aef2-40df-9816-24a39a06e5eb HTTP/1.1" status: 200 len: 1160 time: 0.1937265
2026-05-08 11:29:24.674 10 INFO neutron.wsgi [req-8d85ab87-bb76-4988-af56-2ec18fc4bbf9 req-6ec276d4-116d-4b67-9e68-e6ad63206237 a5989a9d18bd4936a60fd79e99b09308 8bedd548831d4a0684905cb28af99094 - - default default] 10.0.0.192 "GET /v2.0/security-groups?id=07e0adab-afee-487f-86a2-600003177b92&fields=id&fields=name HTTP/1.1" status: 200 len: 313 time: 0.0740831
