2026-09-11 18:40:59.366 10 INFO neutron.wsgi [req-4882a0d6-8f01-4e0a-84cc-43a52d71fc1f req-6cf4bdaa-1fbe-49e4-a39b-d63849d4fc92 a7df42eab0894a7cb563c06432758595 ff1ccd9c7c4a4a3fa29b722e94036c1d - - default default] 10.0.0.32 "GET /v2.0/ports?device_id=5dc450ae-f1a3-469d-8d2a-44797a6b7fc1 HTTP/1.1" status: 200 len: 1170 time: 0.0376844
2026-09-11 18:40:59.411 10 INFO neutron.wsgi [req-4882a0d6-8f01-4e0a-84cc-43a52d71fc1f req-2a1f34c2-b485-47e0-a6c8-1d3cbd19d8e9 a7df42eab0894a7cb563c06432758595 ff1ccd9c7c4a4a3fa29b722e94036c1d - - default default] 10.0.0.32 "GET /v2.0/security-groups?id=dea72c45-77b8-40f1-a47f-406649297587&fields=id&fields=name HTTP/1.1" status: 200 len: 313 time: 0.0385761 /var/lib/openstack/lib/python3.10/site-packages/pycadf/identifier.py:71: UserWarning: Invalid uuid: neutron. To ensure interoperability, identifiers should be a valid uuid. warnings.warn(('Invalid uuid: %s. To ensure interoperability, '
2026-09-11 18:40:59.508 9 INFO neutron.plugins.ml2.drivers.ovn.mech_driver.mech_driver [None req-2fc1cc0b-8c71-43a4-a3a4-329a64e56967 - - - - - -] OVN reports status down for port: 6c966fff-f3a6-41a3-a953-b7d0706283c2
2026-09-11 18:40:59.517 9 INFO neutron.wsgi [req-35f652eb-82a8-42c9-9fd3-996e93afe43a req-c1fefbd8-0146-459a-a0ca-cd8e8b53fa41 e22f0bc1e5a545f597093d60b5a39a02 8b544c1f12ee4bf0b3c0b43e2d9c3aa7 - - default default] 10.0.0.32 "GET /v2.0/ports?device_id=d8796358-d4f4-4e55-a816-3dbf812070ee HTTP/1.1" status: 200 len: 1174 time: 0.0845113
2026-09-11 18:40:59.557 10 INFO neutron.wsgi [req-7459660d-dcda-4374-8171-a0bd3411f209 req-7c66cf45-239f-43c9-b6ea-a1175f268931 a7df42eab0894a7cb563c06432758595 ff1ccd9c7c4a4a3fa29b722e94036c1d - - default default] 10.0.0.32 "GET /v2.0/ports?device_id=5dc450ae-f1a3-469d-8d2a-44797a6b7fc1 HTTP/1.1" status: 200 len: 1170 time: 0.0478680
2026-09-11 18:40:59.572 9 INFO neutron.wsgi [req-35f652eb-82a8-42c9-9fd3-996e93afe43a req-7a2a250e-0995-454a-b578-3ce929ed4df9 e22f0bc1e5a545f597093d60b5a39a02 8b544c1f12ee4bf0b3c0b43e2d9c3aa7 - - default default] 10.0.0.32 "GET /v2.0/security-groups?id=81be4f99-948e-4a49-8a54-6a4a251660ae&fields=id&fields=name HTTP/1.1" status: 200 len: 312 time: 0.0468509
2026-09-11 18:40:59.814 9 INFO neutron.db.ovn_revision_numbers_db [None req-2fc1cc0b-8c71-43a4-a3a4-329a64e56967 - - - - - -] Successfully bumped revision number for resource 6c966fff-f3a6-41a3-a953-b7d0706283c2 (type: ports) to 5
2026-09-11 18:40:59.845 10 INFO neutron.wsgi [req-e8f9d5c1-09da-47b2-8f7a-7712b8614853 req-3c4432b9-3832-49cc-a4d1-433497c6a339 e22f0bc1e5a545f597093d60b5a39a02 8b544c1f12ee4bf0b3c0b43e2d9c3aa7 - - default default] 162.253.55.77 "GET /v2.0/ports?device_id=d8796358-d4f4-4e55-a816-3dbf812070ee HTTP/1.1" status: 200 len: 1172 time: 0.0754094
2026-09-11 18:41:00.019 10 INFO neutron.db.l3_db [None req-312446f7-2da7-44e6-a8d2-06d46f2433ee a7df42eab0894a7cb563c06432758595 ff1ccd9c7c4a4a3fa29b722e94036c1d - - default default] Floating IP 365aa757-98f4-4e2e-a0ad-f685916760c0 associated. External IP: 10.96.250.216, port: 9a658593-dc72-4d98-9fcf-f68d797a7958.
2026-09-11 18:41:00.516 10 INFO neutron.db.ovn_revision_numbers_db [None req-312446f7-2da7-44e6-a8d2-06d46f2433ee a7df42eab0894a7cb563c06432758595 ff1ccd9c7c4a4a3fa29b722e94036c1d - - default default] Successfully bumped revision number for resource 365aa757-98f4-4e2e-a0ad-f685916760c0 (type: floatingips) to 1
2026-09-11 18:41:00.537 10 INFO neutron.db.l3_db [req-e8f9d5c1-09da-47b2-8f7a-7712b8614853 req-a764c632-e003-475d-852a-91ad8c296af4 e22f0bc1e5a545f597093d60b5a39a02 8b544c1f12ee4bf0b3c0b43e2d9c3aa7 - - default default] Floating IP 2cf5ac24-6387-4a0f-a554-ebfbb7cb921b disassociated. External IP: 10.96.250.210, port: 6c966fff-f3a6-41a3-a953-b7d0706283c2.
2026-09-11 18:41:00.679 10 INFO neutron.db.ovn_revision_numbers_db [None req-312446f7-2da7-44e6-a8d2-06d46f2433ee a7df42eab0894a7cb563c06432758595 ff1ccd9c7c4a4a3fa29b722e94036c1d - - default default] Successfully bumped revision number for resource 365aa757-98f4-4e2e-a0ad-f685916760c0 (type: floatingips) to 2
2026-09-11 18:41:00.701 9 INFO neutron.notifiers.nova [-] Nova event matching ['req-aefa6173-2b81-4486-ac8e-fea3821d4c13'] response: {'name': 'network-changed', 'server_uuid': 'd8796358-d4f4-4e55-a816-3dbf812070ee', 'tag': '6c966fff-f3a6-41a3-a953-b7d0706283c2', 'status': 'completed', 'code': 200}
2026-09-11 18:41:00.702 9 INFO neutron.notifiers.nova [-] Nova event matching ['req-aefa6173-2b81-4486-ac8e-fea3821d4c13'] response: {'server_uuid': 'd8796358-d4f4-4e55-a816-3dbf812070ee', 'name': 'network-vif-unplugged', 'status': 'completed', 'tag': '6c966fff-f3a6-41a3-a953-b7d0706283c2', 'code': 200}
2026-09-11 18:41:00.703 9 INFO neutron.notifiers.nova [-] Nova event matching ['req-aefa6173-2b81-4486-ac8e-fea3821d4c13'] response: {'server_uuid': 'd8796358-d4f4-4e55-a816-3dbf812070ee', 'name': 'network-vif-plugged', 'status': 'completed', 'tag': '6c966fff-f3a6-41a3-a953-b7d0706283c2', 'code': 200}
2026-09-11 18:41:00.711 10 INFO neutron.wsgi [req-1d5ee4a8-6900-41a0-97dd-da3011e07a76 req-f535aa66-64d1-4f39-aa14-e8b0a8d74c95 e22f0bc1e5a545f597093d60b5a39a02 8b544c1f12ee4bf0b3c0b43e2d9c3aa7 - - default default] 10.0.0.32 "GET /v2.0/ports?device_id=d8796358-d4f4-4e55-a816-3dbf812070ee HTTP/1.1" status: 200 len: 1172 time: 0.0546944
2026-09-11 18:41:00.714 10 INFO neutron.wsgi [None req-312446f7-2da7-44e6-a8d2-06d46f2433ee a7df42eab0894a7cb563c06432758595 ff1ccd9c7c4a4a3fa29b722e94036c1d - - default default] 10.0.0.177 "PUT /v2.0/floatingips/365aa757-98f4-4e2e-a0ad-f685916760c0 HTTP/1.1" status: 200 len: 1049 time: 1.1449702 /var/lib/openstack/lib/python3.10/site-packages/pycadf/identifier.py:71: UserWarning: Invalid uuid: neutron. To ensure interoperability, identifiers should be a valid uuid. warnings.warn(('Invalid uuid: %s. To ensure interoperability, '
2026-09-11 18:41:00.779 10 INFO neutron.wsgi [req-e8f9d5c1-09da-47b2-8f7a-7712b8614853 req-a764c632-e003-475d-852a-91ad8c296af4 e22f0bc1e5a545f597093d60b5a39a02 8b544c1f12ee4bf0b3c0b43e2d9c3aa7 - - default default] 162.253.55.77 "DELETE /v2.0/ports/6c966fff-f3a6-41a3-a953-b7d0706283c2 HTTP/1.1" status: 204 len: 173 time: 0.9247046
2026-09-11 18:41:00.782 10 INFO neutron.wsgi [req-1d5ee4a8-6900-41a0-97dd-da3011e07a76 req-667aca98-6786-42ad-8ad3-2ac508cc2c92 e22f0bc1e5a545f597093d60b5a39a02 8b544c1f12ee4bf0b3c0b43e2d9c3aa7 - - default default] 10.0.0.32 "GET /v2.0/security-groups?id=81be4f99-948e-4a49-8a54-6a4a251660ae&fields=id&fields=name HTTP/1.1" status: 200 len: 312 time: 0.0625687
2026-09-11 18:41:00.811 9 INFO neutron.wsgi [req-14586a31-88d5-4442-b17a-51deb036c815 req-d563e924-f645-4760-85c4-18b2211d6e70 de18b38f1d104553960f5b7cb428024d acd9b28c1e554811952565e57a64a38f - - 5d5f0506ef9341d5ba3af6ed6779e1e5 5d5f0506ef9341d5ba3af6ed6779e1e5] 162.253.55.77 "GET /v2.0/ports?tenant_id=8b544c1f12ee4bf0b3c0b43e2d9c3aa7&device_id=d8796358-d4f4-4e55-a816-3dbf812070ee HTTP/1.1" status: 200 len: 210 time: 0.0803146
2026-09-11 18:41:00.829 10 INFO neutron.notifiers.nova [-] Nova event matching ['req-694b78fd-4dab-4322-b24c-2d2d75118956'] response: {'name': 'network-changed', 'server_uuid': '5dc450ae-f1a3-469d-8d2a-44797a6b7fc1', 'tag': '9a658593-dc72-4d98-9fcf-f68d797a7958', 'status': 'completed', 'code': 200}
2026-09-11 18:41:00.969 9 INFO neutron.wsgi [req-d00d7193-92dc-449e-926a-6d7bd7d11722 req-b28fd254-6ce0-4faa-9423-2470e25f85c9 de18b38f1d104553960f5b7cb428024d acd9b28c1e554811952565e57a64a38f - - 5d5f0506ef9341d5ba3af6ed6779e1e5 5d5f0506ef9341d5ba3af6ed6779e1e5] 162.253.55.77 "GET /v2.0/ports?tenant_id=ff1ccd9c7c4a4a3fa29b722e94036c1d&device_id=5dc450ae-f1a3-469d-8d2a-44797a6b7fc1 HTTP/1.1" status: 200 len: 1409 time: 0.0990198
2026-09-11 18:41:01.041 9 INFO neutron.wsgi [req-4973f914-efa3-48f1-bba7-a9cb840a61a3 req-d22c81c3-e0cd-4e80-8b14-238f77e8cbd0 a7df42eab0894a7cb563c06432758595 ff1ccd9c7c4a4a3fa29b722e94036c1d - - default default] 10.0.0.32 "GET /v2.0/ports?device_id=5dc450ae-f1a3-469d-8d2a-44797a6b7fc1 HTTP/1.1" status: 200 len: 1170 time: 0.2471874
2026-09-11 18:41:01.077 9 INFO neutron.wsgi [req-d00d7193-92dc-449e-926a-6d7bd7d11722 req-1329a30b-6d67-4edb-9476-db782e68aaab de18b38f1d104553960f5b7cb428024d acd9b28c1e554811952565e57a64a38f - - 5d5f0506ef9341d5ba3af6ed6779e1e5 5d5f0506ef9341d5ba3af6ed6779e1e5] 162.253.55.77 "GET /v2.0/networks?id=bbadfd71-cc9d-496e-b051-e5a0352da7d8 HTTP/1.1" status: 200 len: 968 time: 0.0976095
2026-09-11 18:41:01.116 9 INFO neutron.wsgi [req-4973f914-efa3-48f1-bba7-a9cb840a61a3 req-aa233eeb-459e-4f85-8fc8-35163b5ad048 a7df42eab0894a7cb563c06432758595 ff1ccd9c7c4a4a3fa29b722e94036c1d - - default default] 10.0.0.32 "GET /v2.0/security-groups?id=dea72c45-77b8-40f1-a47f-406649297587&fields=id&fields=name HTTP/1.1" status: 200 len: 313 time: 0.0659800
2026-09-11 18:41:01.130 9 INFO neutron.wsgi [req-d00d7193-92dc-449e-926a-6d7bd7d11722 req-de07c84a-da44-4f62-8b9a-b4408758a661 de18b38f1d104553960f5b7cb428024d acd9b28c1e554811952565e57a64a38f - - 5d5f0506ef9341d5ba3af6ed6779e1e5 5d5f0506ef9341d5ba3af6ed6779e1e5] 162.253.55.77 "GET /v2.0/floatingips?fixed_ip_address=10.100.0.3&port_id=9a658593-dc72-4d98-9fcf-f68d797a7958 HTTP/1.1" status: 200 len: 1059 time: 0.0466504
2026-09-11 18:41:01.171 9 INFO neutron.wsgi [req-d00d7193-92dc-449e-926a-6d7bd7d11722 req-019b200a-82d8-4811-a209-7cbf66abb6de de18b38f1d104553960f5b7cb428024d acd9b28c1e554811952565e57a64a38f - - 5d5f0506ef9341d5ba3af6ed6779e1e5 5d5f0506ef9341d5ba3af6ed6779e1e5] 162.253.55.77 "GET /v2.0/subnets?id=bf11bb66-4555-4bc9-aac7-543a49cd45cf HTTP/1.1" status: 200 len: 863 time: 0.0341728
2026-09-11 18:41:01.193 9 INFO neutron.wsgi [req-d00d7193-92dc-449e-926a-6d7bd7d11722 req-84d5c48d-8320-4d1f-a227-f4c2993df962 de18b38f1d104553960f5b7cb428024d acd9b28c1e554811952565e57a64a38f - - 5d5f0506ef9341d5ba3af6ed6779e1e5 5d5f0506ef9341d5ba3af6ed6779e1e5] 162.253.55.77 "GET /v2.0/ports?network_id=bbadfd71-cc9d-496e-b051-e5a0352da7d8&device_owner=network%3Adhcp HTTP/1.1" status: 200 len: 210 time: 0.0179629
2026-09-11 18:41:01.261 9 INFO neutron.wsgi [req-d00d7193-92dc-449e-926a-6d7bd7d11722 req-521f22b7-5e01-4b6c-a9d0-c2db295810e0 de18b38f1d104553960f5b7cb428024d acd9b28c1e554811952565e57a64a38f - - 5d5f0506ef9341d5ba3af6ed6779e1e5 5d5f0506ef9341d5ba3af6ed6779e1e5] 162.253.55.77 "GET /v2.0/networks/bbadfd71-cc9d-496e-b051-e5a0352da7d8?fields=segments HTTP/1.1" status: 200 len: 212 time: 0.0647423
2026-09-11 18:41:01.324 9 INFO neutron.wsgi [req-d00d7193-92dc-449e-926a-6d7bd7d11722 req-7b719983-ee9e-4dce-a431-8aaa5371cf7f de18b38f1d104553960f5b7cb428024d acd9b28c1e554811952565e57a64a38f - - 5d5f0506ef9341d5ba3af6ed6779e1e5 5d5f0506ef9341d5ba3af6ed6779e1e5] 162.253.55.77 "GET /v2.0/networks/bbadfd71-cc9d-496e-b051-e5a0352da7d8?fields=provider%3Aphysical_network&fields=provider%3Anetwork_type HTTP/1.1" status: 200 len: 277 time: 0.0580981
2026-09-11 18:41:01.591 9 INFO neutron.plugins.ml2.drivers.ovn.mech_driver.mech_driver [None req-2fc1cc0b-8c71-43a4-a3a4-329a64e56967 - - - - - -] OVN reports status down for port: 9a658593-dc72-4d98-9fcf-f68d797a7958
2026-09-11 18:41:01.654 10 INFO neutron.wsgi [req-39a95538-f8ca-40a0-b27e-451bd0864686 req-781add0a-96ed-460c-a4d3-cd45507a00e8 a7df42eab0894a7cb563c06432758595 ff1ccd9c7c4a4a3fa29b722e94036c1d - - default default] 10.0.0.32 "GET /v2.0/ports?device_id=5dc450ae-f1a3-469d-8d2a-44797a6b7fc1 HTTP/1.1" status: 200 len: 1170 time: 0.0942628
2026-09-11 18:41:01.722 10 INFO neutron.wsgi [req-39a95538-f8ca-40a0-b27e-451bd0864686 req-e91b2f48-578d-4269-bae5-f606173324d9 a7df42eab0894a7cb563c06432758595 ff1ccd9c7c4a4a3fa29b722e94036c1d - - default default] 10.0.0.32 "GET /v2.0/security-groups?id=dea72c45-77b8-40f1-a47f-406649297587&fields=id&fields=name HTTP/1.1" status: 200 len: 313 time: 0.0593712
2026-09-11 18:41:01.936 9 INFO neutron.wsgi [req-454b7322-4bed-4fc0-80e8-b99227ae20bf req-1ee66189-6806-4afe-8240-5f41bc5ce570 a7df42eab0894a7cb563c06432758595 ff1ccd9c7c4a4a3fa29b722e94036c1d - - default default] 162.253.55.77 "GET /v2.0/ports?device_id=5dc450ae-f1a3-469d-8d2a-44797a6b7fc1 HTTP/1.1" status: 200 len: 1168 time: 0.0518522
2026-09-11 18:41:01.972 9 INFO neutron.db.ovn_revision_numbers_db [None req-2fc1cc0b-8c71-43a4-a3a4-329a64e56967 - - - - - -] Successfully bumped revision number for resource 9a658593-dc72-4d98-9fcf-f68d797a7958 (type: ports) to 5
2026-09-11 18:41:02.106 10 INFO neutron.wsgi [None req-89e726bd-96b4-4ced-9840-88db31319378 e22f0bc1e5a545f597093d60b5a39a02 8b544c1f12ee4bf0b3c0b43e2d9c3aa7 - - default default] 10.0.0.177 "DELETE /v2.0/security-groups/81be4f99-948e-4a49-8a54-6a4a251660ae HTTP/1.1" status: 204 len: 168 time: 0.2153702
2026-09-11 18:41:02.126 10 INFO neutron.api.v2.resource [None req-2e18e015-cafd-42f4-8755-22aa8431b594 e22f0bc1e5a545f597093d60b5a39a02 8b544c1f12ee4bf0b3c0b43e2d9c3aa7 - - default default] show failed (client error): The resource could not be found.
2026-09-11 18:41:02.127 10 INFO neutron.wsgi [None req-2e18e015-cafd-42f4-8755-22aa8431b594 e22f0bc1e5a545f597093d60b5a39a02 8b544c1f12ee4bf0b3c0b43e2d9c3aa7 - - default default] 10.0.0.177 "GET /v2.0/security-groups/81be4f99-948e-4a49-8a54-6a4a251660ae HTTP/1.1" status: 404 len: 347 time: 0.0147161
2026-09-11 18:41:02.167 10 INFO neutron.db.ovn_revision_numbers_db [None req-81490268-9308-43af-83fb-25d9c7087000 8562576d89f94413a70ae97a4a10cac3 9ce981192a854de79a7a83011ba2e14e - - default default] Successfully bumped revision number for resource 1b72a3d8-cadd-42d0-ac8d-889989c0c6b6 (type: security_groups) to 1
2026-09-11 18:41:02.186 10 INFO neutron.db.ovn_revision_numbers_db [None req-81490268-9308-43af-83fb-25d9c7087000 8562576d89f94413a70ae97a4a10cac3 9ce981192a854de79a7a83011ba2e14e - - default default] Successfully bumped revision number for resource 4393672f-5769-4efe-865c-89c1ae0b51db (type: security_group_rules) to 0
2026-09-11 18:41:02.200 10 INFO neutron.db.ovn_revision_numbers_db [None req-81490268-9308-43af-83fb-25d9c7087000 8562576d89f94413a70ae97a4a10cac3 9ce981192a854de79a7a83011ba2e14e - - default default] Successfully bumped revision number for resource 5d8cae57-3c84-46d4-a5ff-0d57daea0f36 (type: security_group_rules) to 0
2026-09-11 18:41:02.221 10 INFO neutron.db.ovn_revision_numbers_db [None req-81490268-9308-43af-83fb-25d9c7087000 8562576d89f94413a70ae97a4a10cac3 9ce981192a854de79a7a83011ba2e14e - - default default] Successfully bumped revision number for resource 7f46940b-4600-4c50-b767-e53fe8dc5dfe (type: security_group_rules) to 0
2026-09-11 18:41:02.236 10 INFO neutron.db.ovn_revision_numbers_db [None req-81490268-9308-43af-83fb-25d9c7087000 8562576d89f94413a70ae97a4a10cac3 9ce981192a854de79a7a83011ba2e14e - - default default] Successfully bumped revision number for resource e3414ad5-dc9d-4def-8d3f-eed7a1e51523 (type: security_group_rules) to 0
2026-09-11 18:41:02.246 9 INFO neutron.db.l3_db [req-454b7322-4bed-4fc0-80e8-b99227ae20bf req-a1a6728b-5bba-4c39-8ba9-9acfb36e1ba9 a7df42eab0894a7cb563c06432758595 ff1ccd9c7c4a4a3fa29b722e94036c1d - - default default] Floating IP 365aa757-98f4-4e2e-a0ad-f685916760c0 disassociated. External IP: 10.96.250.216, port: 9a658593-dc72-4d98-9fcf-f68d797a7958.
2026-09-11 18:41:02.272 10 INFO neutron.wsgi [None req-81490268-9308-43af-83fb-25d9c7087000 8562576d89f94413a70ae97a4a10cac3 9ce981192a854de79a7a83011ba2e14e - - default default] 10.0.0.177 "GET /v2.0/security-groups?tenant_id=bde927434f684a808facbe58a6079dc5&name=default HTTP/1.1" status: 200 len: 2996 time: 0.5264444 /var/lib/openstack/lib/python3.10/site-packages/pycadf/identifier.py:71: UserWarning: Invalid uuid: neutron. To ensure interoperability, identifiers should be a valid uuid. warnings.warn(('Invalid uuid: %s. To ensure interoperability, '
2026-09-11 18:41:02.426 10 INFO neutron.wsgi [None req-38288283-e099-40af-8473-b4f5d311ef6a e22f0bc1e5a545f597093d60b5a39a02 8b544c1f12ee4bf0b3c0b43e2d9c3aa7 - - default default] 10.0.0.177 "DELETE /v2.0/floatingips/2cf5ac24-6387-4a0f-a554-ebfbb7cb921b HTTP/1.1" status: 204 len: 168 time: 0.2930644
2026-09-11 18:41:02.506 9 INFO neutron.wsgi [req-454b7322-4bed-4fc0-80e8-b99227ae20bf req-a1a6728b-5bba-4c39-8ba9-9acfb36e1ba9 a7df42eab0894a7cb563c06432758595 ff1ccd9c7c4a4a3fa29b722e94036c1d - - default default] 162.253.55.77 "DELETE /v2.0/ports/9a658593-dc72-4d98-9fcf-f68d797a7958 HTTP/1.1" status: 204 len: 173 time: 0.5666366
2026-09-11 18:41:02.562 9 INFO neutron.wsgi [None req-45972734-3034-4da5-b2b3-3141b8c75e22 8562576d89f94413a70ae97a4a10cac3 9ce981192a854de79a7a83011ba2e14e - - default default] 10.0.0.177 "DELETE /v2.0/security-groups/1b72a3d8-cadd-42d0-ac8d-889989c0c6b6 HTTP/1.1" status: 204 len: 168 time: 0.2839100
2026-09-11 18:41:02.750 9 INFO neutron.notifiers.nova [-] Nova event matching ['req-7399a14a-3c4c-41b1-870b-6cbc2419bdc0'] response: {'server_uuid': '5dc450ae-f1a3-469d-8d2a-44797a6b7fc1', 'name': 'network-vif-unplugged', 'status': 'completed', 'tag': '9a658593-dc72-4d98-9fcf-f68d797a7958', 'code': 200}
2026-09-11 18:41:02.750 9 INFO neutron.notifiers.nova [-] Nova event matching ['req-7399a14a-3c4c-41b1-870b-6cbc2419bdc0'] response: {'server_uuid': '5dc450ae-f1a3-469d-8d2a-44797a6b7fc1', 'name': 'network-vif-plugged', 'status': 'completed', 'tag': '9a658593-dc72-4d98-9fcf-f68d797a7958', 'code': 200}
2026-09-11 18:41:02.750 9 INFO neutron.notifiers.nova [-] Nova event matching ['req-7399a14a-3c4c-41b1-870b-6cbc2419bdc0'] response: {'server_uuid': '5dc450ae-f1a3-469d-8d2a-44797a6b7fc1', 'name': 'network-vif-deleted', 'tag': '9a658593-dc72-4d98-9fcf-f68d797a7958', 'status': 'completed', 'code': 200}
2026-09-11 18:41:02.808 10 INFO neutron.wsgi [req-6a44e829-9e49-44ad-9c4f-31f13360a327 req-cb775055-b5f5-44fc-bb53-d13d9ce82a59 a7df42eab0894a7cb563c06432758595 ff1ccd9c7c4a4a3fa29b722e94036c1d - - default default] 10.0.0.32 "GET /v2.0/ports?device_id=5dc450ae-f1a3-469d-8d2a-44797a6b7fc1 HTTP/1.1" status: 200 len: 210 time: 0.0239596
2026-09-11 18:41:02.889 10 INFO neutron.notifiers.nova [-] Nova event matching ['req-9b341906-9865-4196-b22c-3b4ca323faef'] response: {'server_uuid': 'd8796358-d4f4-4e55-a816-3dbf812070ee', 'name': 'network-vif-deleted', 'tag': '6c966fff-f3a6-41a3-a953-b7d0706283c2', 'status': 'completed', 'code': 200}
2026-09-11 18:41:02.901 10 INFO neutron.db.ovn_revision_numbers_db [None req-c186c20f-8511-4074-91df-6918d460d788 8562576d89f94413a70ae97a4a10cac3 9ce981192a854de79a7a83011ba2e14e - - default default] Successfully bumped revision number for resource 499d83cd-1245-453e-aad4-89a37fc085a8 (type: security_groups) to 1
2026-09-11 18:41:02.933 10 INFO neutron.db.ovn_revision_numbers_db [None req-c186c20f-8511-4074-91df-6918d460d788 8562576d89f94413a70ae97a4a10cac3 9ce981192a854de79a7a83011ba2e14e - - default default] Successfully bumped revision number for resource 635b0ec9-ed71-4a2d-a411-180106f69b98 (type: security_group_rules) to 0
2026-09-11 18:41:02.960 10 INFO neutron.db.ovn_revision_numbers_db [None req-c186c20f-8511-4074-91df-6918d460d788 8562576d89f94413a70ae97a4a10cac3 9ce981192a854de79a7a83011ba2e14e - - default default] Successfully bumped revision number for resource 79296d99-8f59-4f2a-ae18-5a467578a470 (type: security_group_rules) to 0
2026-09-11 18:41:02.975 10 INFO neutron.db.ovn_revision_numbers_db [None req-c186c20f-8511-4074-91df-6918d460d788 8562576d89f94413a70ae97a4a10cac3 9ce981192a854de79a7a83011ba2e14e - - default default] Successfully bumped revision number for resource 96a03341-13af-46cb-a020-0443afd98926 (type: security_group_rules) to 0
2026-09-11 18:41:02.997 10 INFO neutron.db.ovn_revision_numbers_db [None req-c186c20f-8511-4074-91df-6918d460d788 8562576d89f94413a70ae97a4a10cac3 9ce981192a854de79a7a83011ba2e14e - - default default] Successfully bumped revision number for resource cb1e1e17-8a2b-4b76-8f36-b07e929dfea9 (type: security_group_rules) to 0
2026-09-11 18:41:03.020 10 INFO neutron.wsgi [None req-c186c20f-8511-4074-91df-6918d460d788 8562576d89f94413a70ae97a4a10cac3 9ce981192a854de79a7a83011ba2e14e - - default default] 10.0.0.177 "GET /v2.0/security-groups?tenant_id=0c5393440c4742daa70bc8af125cb2b2&name=default HTTP/1.1" status: 200 len: 2996 time: 0.3254282
2026-09-11 18:41:03.284 9 INFO neutron.wsgi [None req-7644fd21-b466-48b7-95d7-f08c4370645f 8562576d89f94413a70ae97a4a10cac3 9ce981192a854de79a7a83011ba2e14e - - default default] 10.0.0.177 "DELETE /v2.0/security-groups/499d83cd-1245-453e-aad4-89a37fc085a8 HTTP/1.1" status: 204 len: 168 time: 0.2583642
2026-09-11 18:41:03.587 10 INFO neutron.wsgi [None req-0bae313c-768d-427b-82f5-f630ed612146 8562576d89f94413a70ae97a4a10cac3 9ce981192a854de79a7a83011ba2e14e - - default default] 10.0.0.177 "PUT /v2.0/routers/c8a5f6c2-cc30-4804-822a-860df06f12c8/remove_router_interface HTTP/1.1" status: 200 len: 503 time: 1.1551940
2026-09-11 18:41:04.068 9 INFO neutron.wsgi [None req-1517e357-958c-405e-9ba4-82c149908535 a7df42eab0894a7cb563c06432758595 ff1ccd9c7c4a4a3fa29b722e94036c1d - - default default] 10.0.0.177 "DELETE /v2.0/security-groups/dea72c45-77b8-40f1-a47f-406649297587 HTTP/1.1" status: 204 len: 168 time: 0.1447034
2026-09-11 18:41:04.276 9 INFO neutron.api.v2.resource [None req-13541dc5-6ba1-40b6-a76a-7c2497748fe5 a7df42eab0894a7cb563c06432758595 ff1ccd9c7c4a4a3fa29b722e94036c1d - - default default] show failed (client error): The resource could not be found.
2026-09-11 18:41:04.277 9 INFO neutron.wsgi [None req-13541dc5-6ba1-40b6-a76a-7c2497748fe5 a7df42eab0894a7cb563c06432758595 ff1ccd9c7c4a4a3fa29b722e94036c1d - - default default] 10.0.0.177 "GET /v2.0/security-groups/dea72c45-77b8-40f1-a47f-406649297587 HTTP/1.1" status: 404 len: 347 time: 0.2030921 /var/lib/openstack/lib/python3.10/site-packages/pycadf/identifier.py:71: UserWarning: Invalid uuid: neutron. To ensure interoperability, identifiers should be a valid uuid. warnings.warn(('Invalid uuid: %s. To ensure interoperability, '
2026-09-11 18:41:04.344 9 INFO neutron.wsgi [None req-71640dd8-7984-4800-aac8-ad8516a78d48 8562576d89f94413a70ae97a4a10cac3 9ce981192a854de79a7a83011ba2e14e - - default default] 10.0.0.177 "DELETE /v2.0/routers/c8a5f6c2-cc30-4804-822a-860df06f12c8 HTTP/1.1" status: 204 len: 168 time: 0.7491407
2026-09-11 18:41:04.480 9 INFO neutron.wsgi [req-437fd508-04be-4450-8d08-8c4f75599b30 req-eea253cb-13a4-447a-886c-d2bb72941b80 de18b38f1d104553960f5b7cb428024d acd9b28c1e554811952565e57a64a38f - - 5d5f0506ef9341d5ba3af6ed6779e1e5 5d5f0506ef9341d5ba3af6ed6779e1e5] 10.0.0.19 "GET /v2.0/ports?device_id=d7d2fece-8e46-4144-b6b5-c8c5c9854320 HTTP/1.1" status: 200 len: 1413 time: 0.4390059
2026-09-11 18:41:04.517 9 INFO neutron.wsgi [req-437fd508-04be-4450-8d08-8c4f75599b30 req-2fcc71e8-c4cc-440e-b1fa-394fc69a0f3c de18b38f1d104553960f5b7cb428024d acd9b28c1e554811952565e57a64a38f - - 5d5f0506ef9341d5ba3af6ed6779e1e5 5d5f0506ef9341d5ba3af6ed6779e1e5] 10.0.0.19 "GET /v2.0/security-groups?id=e31232c4-0f61-4cd2-993d-7339dba34533&fields=id&fields=name HTTP/1.1" status: 200 len: 313 time: 0.0266199
2026-09-11 18:41:04.788 10 INFO neutron.wsgi [None req-bffb24d8-4adc-4218-ae75-c7dffa24b1f0 8562576d89f94413a70ae97a4a10cac3 9ce981192a854de79a7a83011ba2e14e - - default default] 10.0.0.177 "DELETE /v2.0/subnets/52d533ac-1f40-4488-ad72-884600d30b40 HTTP/1.1" status: 204 len: 168 time: 0.4267533
2026-09-11 18:41:04.895 10 INFO neutron.wsgi [None req-52a90a05-2237-441d-ba6e-510f62d465cd a7df42eab0894a7cb563c06432758595 ff1ccd9c7c4a4a3fa29b722e94036c1d - - default default] 10.0.0.177 "DELETE /v2.0/floatingips/365aa757-98f4-4e2e-a0ad-f685916760c0 HTTP/1.1" status: 204 len: 168 time: 0.6087708
2026-09-11 18:41:05.327 9 INFO neutron.services.segments.plugin [-] Segment 2e35d191-c17e-4015-a57d-5f52191567b7 resource provider aggregate not found
2026-09-11 18:41:05.336 9 INFO neutron.services.segments.plugin [-] Segment 2e35d191-c17e-4015-a57d-5f52191567b7 resource provider aggregate not found
2026-09-11 18:41:05.347 9 INFO neutron.services.segments.plugin [-] Segment 2e35d191-c17e-4015-a57d-5f52191567b7 resource provider not found; error: Placement Client Error (4xx): {"errors": [{"status": 404, "title": "Not Found", "detail": "The resource could not be found.\n\n No resource provider with uuid 2e35d191-c17e-4015-a57d-5f52191567b7 found for delete ", "request_id": "req-e2d8e436-1836-447a-b952-de23b72f4b01"}]}
2026-09-11 18:41:05.355 9 INFO neutron.services.segments.plugin [-] Segment 2e35d191-c17e-4015-a57d-5f52191567b7 resource provider not found; error: Placement Client Error (4xx): {"errors": [{"status": 404, "title": "Not Found", "detail": "The resource could not be found.\n\n No resource provider with uuid 2e35d191-c17e-4015-a57d-5f52191567b7 found for delete ", "request_id": "req-a4488b78-b329-4062-b2e3-d28f3d331f5e"}]}
2026-09-11 18:41:05.376 9 INFO neutron.wsgi [None req-334c275b-c657-4a83-b992-018ac48f7013 8562576d89f94413a70ae97a4a10cac3 9ce981192a854de79a7a83011ba2e14e - - default default] 10.0.0.177 "DELETE /v2.0/networks/08dece8f-5da2-4c2e-b713-2b1639c51513 HTTP/1.1" status: 204 len: 168 time: 0.5821052
2026-09-11 18:41:05.581 10 INFO neutron.wsgi [None req-330f3093-bf2c-4cf2-bdc6-df19121bb8ca 8562576d89f94413a70ae97a4a10cac3 9ce981192a854de79a7a83011ba2e14e - - default default] 10.0.0.177 "GET /v2.0/security-groups?tenant_id=8b544c1f12ee4bf0b3c0b43e2d9c3aa7&name=default HTTP/1.1" status: 200 len: 2992 time: 0.0637648
2026-09-11 18:41:05.867 10 INFO neutron.wsgi [None req-9479b363-e617-477f-a20d-df146c9e42ec 8562576d89f94413a70ae97a4a10cac3 9ce981192a854de79a7a83011ba2e14e - - default default] 10.0.0.177 "DELETE /v2.0/security-groups/0c8f1fc5-bed6-4c45-9f7d-1abbcbb10f01 HTTP/1.1" status: 204 len: 168 time: 0.2810018
2026-09-11 18:41:06.050 9 INFO neutron.wsgi [None req-ab30e295-b6f3-44c3-a748-ff6b66feae0b 8562576d89f94413a70ae97a4a10cac3 9ce981192a854de79a7a83011ba2e14e - - default default] 10.0.0.177 "PUT /v2.0/routers/f353bc47-6f8c-48ee-9a2b-2ae733d56274/remove_router_interface HTTP/1.1" status: 200 len: 503 time: 1.1510880 /var/lib/openstack/lib/python3.10/site-packages/pycadf/identifier.py:71: UserWarning: Invalid uuid: neutron. To ensure interoperability, identifiers should be a valid uuid. warnings.warn(('Invalid uuid: %s. To ensure interoperability, '
2026-09-11 18:41:06.572 9 INFO neutron.wsgi [None req-c1a2328f-d6c5-4d35-87db-55ff98225764 8562576d89f94413a70ae97a4a10cac3 9ce981192a854de79a7a83011ba2e14e - - default default] 10.0.0.177 "DELETE /v2.0/routers/f353bc47-6f8c-48ee-9a2b-2ae733d56274 HTTP/1.1" status: 204 len: 168 time: 0.5182455
2026-09-11 18:41:06.735 9 INFO neutron.wsgi [None req-0867099b-0182-4b44-a5e1-f475cc189157 8562576d89f94413a70ae97a4a10cac3 9ce981192a854de79a7a83011ba2e14e - - default default] 10.0.0.177 "DELETE /v2.0/subnets/bf11bb66-4555-4bc9-aac7-543a49cd45cf HTTP/1.1" status: 204 len: 168 time: 0.1551893
2026-09-11 18:41:07.049 9 INFO neutron.wsgi [None req-5988b6d2-480c-438e-9508-49bf8d690801 8562576d89f94413a70ae97a4a10cac3 9ce981192a854de79a7a83011ba2e14e - - default default] 10.0.0.100 "GET /v2.0/ports HTTP/1.1" status: 200 len: 10763 time: 0.2423799
2026-09-11 18:41:07.119 9 INFO neutron.wsgi [None req-c0bf4f01-6bbd-41f9-8c57-ae4ec13eb686 8562576d89f94413a70ae97a4a10cac3 9ce981192a854de79a7a83011ba2e14e - - default default] 10.0.0.100 "GET /v2.0/security-groups HTTP/1.1" status: 200 len: 25092 time: 0.0639958
2026-09-11 18:41:07.124 9 INFO neutron.wsgi [None req-db80e00c-c052-461d-8652-e985baaa48af 8562576d89f94413a70ae97a4a10cac3 9ce981192a854de79a7a83011ba2e14e - - default default] 10.0.0.177 "DELETE /v2.0/networks/bbadfd71-cc9d-496e-b051-e5a0352da7d8 HTTP/1.1" status: 204 len: 168 time: 0.3831146
2026-09-11 18:41:07.140 9 INFO neutron.wsgi [None req-022e18f9-91d9-4cda-951b-2a16510388c4 8562576d89f94413a70ae97a4a10cac3 9ce981192a854de79a7a83011ba2e14e - - default default] 10.0.0.100 "GET /v2.0/agents HTTP/1.1" status: 200 len: 997 time: 0.0151474
2026-09-11 18:41:07.169 9 INFO neutron.wsgi [None req-529c2519-2cdf-4154-b2c6-062bbeea71c9 8562576d89f94413a70ae97a4a10cac3 9ce981192a854de79a7a83011ba2e14e - - default default] 10.0.0.100 "GET /v2.0/subnets HTTP/1.1" status: 200 len: 2102 time: 0.0273287
2026-09-11 18:41:07.178 9 INFO neutron.wsgi [None req-376629c0-9cad-4b0c-b8d1-b86e105b1196 8562576d89f94413a70ae97a4a10cac3 9ce981192a854de79a7a83011ba2e14e - - default default] 10.0.0.100 "GET /v2.0/subnetpools HTTP/1.1" status: 200 len: 193 time: 0.0077944
2026-09-11 18:41:07.213 9 INFO neutron.wsgi [None req-407538a5-15b1-447f-bca5-a3b7e82daa44 8562576d89f94413a70ae97a4a10cac3 9ce981192a854de79a7a83011ba2e14e - - default default] 10.0.0.100 "GET /v2.0/floatingips HTTP/1.1" status: 200 len: 1036 time: 0.0348368
2026-09-11 18:41:07.296 9 INFO neutron.wsgi [None req-11daeb83-3e11-460d-a7c8-8f91388b4d20 8562576d89f94413a70ae97a4a10cac3 9ce981192a854de79a7a83011ba2e14e - - default default] 10.0.0.100 "GET /v2.0/networks HTTP/1.1" status: 200 len: 3117 time: 0.0819216
2026-09-11 18:41:07.427 10 INFO neutron.wsgi [None req-7ba2d963-4612-4848-b85a-7069b8e151ab 8562576d89f94413a70ae97a4a10cac3 9ce981192a854de79a7a83011ba2e14e - - default default] 10.0.0.177 "GET /v2.0/security-groups?tenant_id=ff1ccd9c7c4a4a3fa29b722e94036c1d&name=default HTTP/1.1" status: 200 len: 2996 time: 0.0747797
2026-09-11 18:41:07.512 9 INFO neutron.services.segments.plugin [-] Segment 9ca41c77-de83-4da3-b646-78865013518c resource provider aggregate not found
2026-09-11 18:41:07.516 9 INFO neutron.services.segments.plugin [-] Segment 9ca41c77-de83-4da3-b646-78865013518c resource provider aggregate not found
2026-09-11 18:41:07.531 9 INFO neutron.services.segments.plugin [-] Segment 9ca41c77-de83-4da3-b646-78865013518c resource provider not found; error: Placement Client Error (4xx): {"errors": [{"status": 404, "title": "Not Found", "detail": "The resource could not be found.\n\n No resource provider with uuid 9ca41c77-de83-4da3-b646-78865013518c found for delete ", "request_id": "req-3948af12-059b-402b-921b-3b44e9438d10"}]}
2026-09-11 18:41:07.537 9 INFO neutron.services.segments.plugin [-] Segment 9ca41c77-de83-4da3-b646-78865013518c resource provider not found; error: Placement Client Error (4xx): {"errors": [{"status": 404, "title": "Not Found", "detail": "The resource could not be found.\n\n No resource provider with uuid 9ca41c77-de83-4da3-b646-78865013518c found for delete ", "request_id": "req-57f0ae6f-0ea8-4d74-9bf3-fb442e3c4e7e"}]}
2026-09-11 18:41:07.555 9 INFO neutron.wsgi [None req-3d8d6754-feef-4fe6-a00a-12252c004c94 8562576d89f94413a70ae97a4a10cac3 9ce981192a854de79a7a83011ba2e14e - - default default] 10.0.0.100 "GET /v2.0/routers HTTP/1.1" status: 200 len: 870 time: 0.2572310
2026-09-11 18:41:07.564 9 INFO neutron.wsgi [None req-afe9619e-ed51-43fd-b42d-beccd10406bb 8562576d89f94413a70ae97a4a10cac3 9ce981192a854de79a7a83011ba2e14e - - default default] 10.0.0.100 "GET /v2.0/agents?binary=ovn-controller HTTP/1.1" status: 200 len: 591 time: 0.0077980
2026-09-11 18:41:07.573 9 INFO neutron.wsgi [None req-00ad11ce-5005-4f04-9458-422dfa29c3ca 8562576d89f94413a70ae97a4a10cac3 9ce981192a854de79a7a83011ba2e14e - - default default] 10.0.0.100 "GET /v2.0/network-ip-availabilities HTTP/1.1" status: 200 len: 1774 time: 0.0080209
2026-09-11 18:41:07.598 9 INFO neutron.wsgi [None req-8077a044-674e-4a4f-b67b-b20ba1c90431 8562576d89f94413a70ae97a4a10cac3 9ce981192a854de79a7a83011ba2e14e - - default default] 10.0.0.100 "GET /v2.0/subnets HTTP/1.1" status: 200 len: 2102 time: 0.0240223
2026-09-11 18:41:07.627 10 INFO neutron.wsgi [None req-ab6791cc-4a68-4556-849a-fe3f65bbf6c1 8562576d89f94413a70ae97a4a10cac3 9ce981192a854de79a7a83011ba2e14e - - default default] 10.0.0.177 "DELETE /v2.0/security-groups/1e1a6e64-af84-458e-9bc7-2e14f55ba884 HTTP/1.1" status: 204 len: 168 time: 0.1964586
2026-09-11 18:41:07.787 10 INFO neutron.db.ovn_revision_numbers_db [None req-2a2bcb3f-cde4-4f7c-a1ef-7737a1d23d73 8562576d89f94413a70ae97a4a10cac3 9ce981192a854de79a7a83011ba2e14e - - default default] Successfully bumped revision number for resource 10c85615-b90b-4f09-aeec-f2d94782a012 (type: security_groups) to 1
2026-09-11 18:41:07.800 10 INFO neutron.db.ovn_revision_numbers_db [None req-2a2bcb3f-cde4-4f7c-a1ef-7737a1d23d73 8562576d89f94413a70ae97a4a10cac3 9ce981192a854de79a7a83011ba2e14e - - default default] Successfully bumped revision number for resource 0ca783da-a7b4-40c3-9e8c-301969c22a7c (type: security_group_rules) to 0
2026-09-11 18:41:07.812 10 INFO neutron.db.ovn_revision_numbers_db [None req-2a2bcb3f-cde4-4f7c-a1ef-7737a1d23d73 8562576d89f94413a70ae97a4a10cac3 9ce981192a854de79a7a83011ba2e14e - - default default] Successfully bumped revision number for resource 31e6cf65-e72d-4cd0-9522-3a891a177b75 (type: security_group_rules) to 0
2026-09-11 18:41:07.829 10 INFO neutron.db.ovn_revision_numbers_db [None req-2a2bcb3f-cde4-4f7c-a1ef-7737a1d23d73 8562576d89f94413a70ae97a4a10cac3 9ce981192a854de79a7a83011ba2e14e - - default default] Successfully bumped revision number for resource 38392cc3-bced-4cca-8c2a-2273622b2070 (type: security_group_rules) to 0
2026-09-11 18:41:07.856 10 INFO neutron.db.ovn_revision_numbers_db [None req-2a2bcb3f-cde4-4f7c-a1ef-7737a1d23d73 8562576d89f94413a70ae97a4a10cac3 9ce981192a854de79a7a83011ba2e14e - - default default] Successfully bumped revision number for resource 89dc1892-86f4-4912-b9e4-96468216eb22 (type: security_group_rules) to 0
2026-09-11 18:41:07.903 10 INFO neutron.wsgi [None req-2a2bcb3f-cde4-4f7c-a1ef-7737a1d23d73 8562576d89f94413a70ae97a4a10cac3 9ce981192a854de79a7a83011ba2e14e - - default default] 10.0.0.177 "GET /v2.0/security-groups?tenant_id=306208a003e542fbb374ab9d202e942a&name=default HTTP/1.1" status: 200 len: 2996 time: 0.4988627
2026-09-11 18:41:08.154 10 INFO neutron.wsgi [None req-42fec4fb-fe21-4db9-9397-4ac21b7f38cf 8562576d89f94413a70ae97a4a10cac3 9ce981192a854de79a7a83011ba2e14e - - default default] 10.0.0.177 "DELETE /v2.0/security-groups/10c85615-b90b-4f09-aeec-f2d94782a012 HTTP/1.1" status: 204 len: 168 time: 0.2467854
2026-09-11 18:41:08.163 9 INFO neutron.db.ovn_revision_numbers_db [None req-e6da6466-0e79-4c19-927a-607cd28cdf8b 8562576d89f94413a70ae97a4a10cac3 9ce981192a854de79a7a83011ba2e14e - - default default] Successfully bumped revision number for resource aa938db3-bb25-4f3c-954a-15b0d0020b64 (type: security_groups) to 1
2026-09-11 18:41:08.177 9 INFO neutron.db.ovn_revision_numbers_db [None req-e6da6466-0e79-4c19-927a-607cd28cdf8b 8562576d89f94413a70ae97a4a10cac3 9ce981192a854de79a7a83011ba2e14e - - default default] Successfully bumped revision number for resource 09d435ed-ee0e-4eef-a316-725dc0568823 (type: security_group_rules) to 0
2026-09-11 18:41:08.192 9 INFO neutron.db.ovn_revision_numbers_db [None req-e6da6466-0e79-4c19-927a-607cd28cdf8b 8562576d89f94413a70ae97a4a10cac3 9ce981192a854de79a7a83011ba2e14e - - default default] Successfully bumped revision number for resource a1daa20c-be42-426e-a20c-bc336b193447 (type: security_group_rules) to 0
2026-09-11 18:41:08.206 9 INFO neutron.db.ovn_revision_numbers_db [None req-e6da6466-0e79-4c19-927a-607cd28cdf8b 8562576d89f94413a70ae97a4a10cac3 9ce981192a854de79a7a83011ba2e14e - - default default] Successfully bumped revision number for resource b6069181-0b69-4125-a092-2ed5e4905d72 (type: security_group_rules) to 0
2026-09-11 18:41:08.221 9 INFO neutron.db.ovn_revision_numbers_db [None req-e6da6466-0e79-4c19-927a-607cd28cdf8b 8562576d89f94413a70ae97a4a10cac3 9ce981192a854de79a7a83011ba2e14e - - default default] Successfully bumped revision number for resource efb263fa-33dd-4240-91ba-bd5f58d4c02b (type: security_group_rules) to 0
2026-09-11 18:41:08.282 9 INFO neutron.db.segments_db [None req-e6da6466-0e79-4c19-927a-607cd28cdf8b 8562576d89f94413a70ae97a4a10cac3 9ce981192a854de79a7a83011ba2e14e - - default default] Added segment 6ff2f86c-0133-4ea0-8062-a6ecc892f155 of type geneve for network a2b9b9c3-45ff-4fd5-9969-d309321cdb53
2026-09-11 18:41:08.359 9 INFO neutron.db.ovn_revision_numbers_db [None req-46b34148-d4aa-4ae4-a291-05be53795e15 8562576d89f94413a70ae97a4a10cac3 9ce981192a854de79a7a83011ba2e14e - - default default] Successfully bumped revision number for resource 476b7f88-d0bc-4b6a-a223-121b9b0fe962 (type: security_groups) to 1
2026-09-11 18:41:08.396 9 INFO neutron.db.ovn_revision_numbers_db [None req-46b34148-d4aa-4ae4-a291-05be53795e15 8562576d89f94413a70ae97a4a10cac3 9ce981192a854de79a7a83011ba2e14e - - default default] Successfully bumped revision number for resource 2c43729b-b334-4836-8a8c-a99218000173 (type: security_group_rules) to 0
2026-09-11 18:41:08.418 9 INFO neutron.db.ovn_revision_numbers_db [None req-46b34148-d4aa-4ae4-a291-05be53795e15 8562576d89f94413a70ae97a4a10cac3 9ce981192a854de79a7a83011ba2e14e - - default default] Successfully bumped revision number for resource 38f6118e-eeb9-495d-a46b-77a5e68486f1 (type: security_group_rules) to 0
2026-09-11 18:41:08.421 9 INFO neutron.db.ovn_revision_numbers_db [None req-e6da6466-0e79-4c19-927a-607cd28cdf8b 8562576d89f94413a70ae97a4a10cac3 9ce981192a854de79a7a83011ba2e14e - - default default] Successfully bumped revision number for resource a2b9b9c3-45ff-4fd5-9969-d309321cdb53 (type: networks) to 1
2026-09-11 18:41:08.439 9 INFO neutron.db.ovn_revision_numbers_db [None req-46b34148-d4aa-4ae4-a291-05be53795e15 8562576d89f94413a70ae97a4a10cac3 9ce981192a854de79a7a83011ba2e14e - - default default] Successfully bumped revision number for resource 47c6f876-e9a9-4be6-80cf-aef362eb5567 (type: security_group_rules) to 0
2026-09-11 18:41:08.456 9 INFO neutron.db.ovn_revision_numbers_db [None req-46b34148-d4aa-4ae4-a291-05be53795e15 8562576d89f94413a70ae97a4a10cac3 9ce981192a854de79a7a83011ba2e14e - - default default] Successfully bumped revision number for resource fad64871-997a-4280-b576-45241f9ee5a0 (type: security_group_rules) to 0
2026-09-11 18:41:08.486 9 INFO neutron.wsgi [None req-46b34148-d4aa-4ae4-a291-05be53795e15 8562576d89f94413a70ae97a4a10cac3 9ce981192a854de79a7a83011ba2e14e - - default default] 10.0.0.177 "GET /v2.0/security-groups?tenant_id=d8d9f1d3bd3044ab981379e0b895a0d3&name=default HTTP/1.1" status: 200 len: 2996 time: 0.2422588
2026-09-11 18:41:08.595 9 WARNING neutron.scheduler.dhcp_agent_scheduler [None req-e6da6466-0e79-4c19-927a-607cd28cdf8b 8562576d89f94413a70ae97a4a10cac3 9ce981192a854de79a7a83011ba2e14e - - default default] No more DHCP agents
2026-09-11 18:41:08.602 9 WARNING neutron.api.rpc.agentnotifiers.dhcp_rpc_agent_api [None req-e6da6466-0e79-4c19-927a-607cd28cdf8b 8562576d89f94413a70ae97a4a10cac3 9ce981192a854de79a7a83011ba2e14e - - default default] Unable to schedule network a2b9b9c3-45ff-4fd5-9969-d309321cdb53: no agents available; will retry on subsequent port and subnet creation events.
2026-09-11 18:41:08.682 10 INFO neutron.wsgi [None req-31f90f78-6e2b-41a3-b2f8-97a49eb1eca2 8562576d89f94413a70ae97a4a10cac3 9ce981192a854de79a7a83011ba2e14e - - default default] 10.0.0.177 "DELETE /v2.0/security-groups/476b7f88-d0bc-4b6a-a223-121b9b0fe962 HTTP/1.1" status: 204 len: 168 time: 0.1917908
2026-09-11 18:41:08.728 9 INFO neutron.db.ovn_revision_numbers_db [None req-e6da6466-0e79-4c19-927a-607cd28cdf8b 8562576d89f94413a70ae97a4a10cac3 9ce981192a854de79a7a83011ba2e14e - - default default] Successfully bumped revision number for resource 8309602d-5f40-4182-8bc0-8926ff07e615 (type: ports) to 1
2026-09-11 18:41:08.750 9 INFO neutron.wsgi [None req-e6da6466-0e79-4c19-927a-607cd28cdf8b 8562576d89f94413a70ae97a4a10cac3 9ce981192a854de79a7a83011ba2e14e - - default default] 10.0.0.177 "POST /v2.0/networks HTTP/1.1" status: 201 len: 947 time: 0.8461826
2026-09-11 18:41:08.902 9 WARNING neutron.scheduler.dhcp_agent_scheduler [None req-69a4cd93-aaab-45f9-8ba7-3c7c64f5789c 8562576d89f94413a70ae97a4a10cac3 9ce981192a854de79a7a83011ba2e14e - - default default] No more DHCP agents
2026-09-11 18:41:08.904 9 WARNING neutron.api.rpc.agentnotifiers.dhcp_rpc_agent_api [None req-69a4cd93-aaab-45f9-8ba7-3c7c64f5789c 8562576d89f94413a70ae97a4a10cac3 9ce981192a854de79a7a83011ba2e14e - - default default] Unable to schedule network a2b9b9c3-45ff-4fd5-9969-d309321cdb53: no agents available; will retry on subsequent port and subnet creation events.
2026-09-11 18:41:09.331 9 INFO neutron.db.ovn_revision_numbers_db [None req-69a4cd93-aaab-45f9-8ba7-3c7c64f5789c 8562576d89f94413a70ae97a4a10cac3 9ce981192a854de79a7a83011ba2e14e - - default default] Successfully bumped revision number for resource 8309602d-5f40-4182-8bc0-8926ff07e615 (type: ports) to 2
2026-09-11 18:41:09.365 9 INFO neutron.db.ovn_revision_numbers_db [None req-69a4cd93-aaab-45f9-8ba7-3c7c64f5789c 8562576d89f94413a70ae97a4a10cac3 9ce981192a854de79a7a83011ba2e14e - - default default] Successfully bumped revision number for resource 0de92f2d-bf26-4c55-8e06-5bf67b22208d (type: subnets) to 0
2026-09-11 18:41:09.378 9 INFO neutron.wsgi [None req-69a4cd93-aaab-45f9-8ba7-3c7c64f5789c 8562576d89f94413a70ae97a4a10cac3 9ce981192a854de79a7a83011ba2e14e - - default default] 10.0.0.177 "POST /v2.0/subnets HTTP/1.1" status: 201 len: 867 time: 0.6220124
2026-09-11 18:41:09.835 10 INFO neutron.db.ovn_revision_numbers_db [None req-4eb52d0f-3d89-4d96-b68d-d44158ec22e1 8562576d89f94413a70ae97a4a10cac3 9ce981192a854de79a7a83011ba2e14e - - default default] Successfully bumped revision number for resource 3cfa667a-c14c-4b7a-9e11-86186b0ff149 (type: security_groups) to 1
2026-09-11 18:41:09.858 10 INFO neutron.db.ovn_revision_numbers_db [None req-4eb52d0f-3d89-4d96-b68d-d44158ec22e1 8562576d89f94413a70ae97a4a10cac3 9ce981192a854de79a7a83011ba2e14e - - default default] Successfully bumped revision number for resource 0a4423f3-2467-4d92-b74c-ba375ceb31fd (type: security_group_rules) to 0
2026-09-11 18:41:09.864 9 WARNING neutron.scheduler.dhcp_agent_scheduler [None req-7fd17db2-539d-4d41-8997-7bc53615ad08 8562576d89f94413a70ae97a4a10cac3 9ce981192a854de79a7a83011ba2e14e - - default default] No more DHCP agents
2026-09-11 18:41:09.868 9 WARNING neutron.api.rpc.agentnotifiers.dhcp_rpc_agent_api [None req-7fd17db2-539d-4d41-8997-7bc53615ad08 8562576d89f94413a70ae97a4a10cac3 9ce981192a854de79a7a83011ba2e14e - - default default] Unable to schedule network a99854ed-6c4f-4a71-9877-457a1a1331f2: no agents available; will retry on subsequent port and subnet creation events.
2026-09-11 18:41:09.886 10 INFO neutron.db.ovn_revision_numbers_db [None req-4eb52d0f-3d89-4d96-b68d-d44158ec22e1 8562576d89f94413a70ae97a4a10cac3 9ce981192a854de79a7a83011ba2e14e - - default default] Successfully bumped revision number for resource 73f162af-cc22-48ef-b5ce-a1cdad181bdd (type: security_group_rules) to 0
2026-09-11 18:41:09.911 10 INFO neutron.db.ovn_revision_numbers_db [None req-4eb52d0f-3d89-4d96-b68d-d44158ec22e1 8562576d89f94413a70ae97a4a10cac3 9ce981192a854de79a7a83011ba2e14e - - default default] Successfully bumped revision number for resource 7ada249d-d7bc-4518-8e9f-49a9686c416f (type: security_group_rules) to 0
2026-09-11 18:41:09.944 10 INFO neutron.db.ovn_revision_numbers_db [None req-4eb52d0f-3d89-4d96-b68d-d44158ec22e1 8562576d89f94413a70ae97a4a10cac3 9ce981192a854de79a7a83011ba2e14e - - default default] Successfully bumped revision number for resource b8b951ce-60e4-44eb-96a0-85602b29a916 (type: security_group_rules) to 0
2026-09-11 18:41:10.014 10 INFO neutron.db.segments_db [None req-4eb52d0f-3d89-4d96-b68d-d44158ec22e1 8562576d89f94413a70ae97a4a10cac3 9ce981192a854de79a7a83011ba2e14e - - default default] Added segment b2c1f5dc-85b7-4a3a-9d0f-da0556658b4a of type geneve for network a384ceba-f50f-4e94-a70c-24c3527e96c6
2026-09-11 18:41:10.075 9 INFO neutron.db.ovn_revision_numbers_db [None req-7fd17db2-539d-4d41-8997-7bc53615ad08 8562576d89f94413a70ae97a4a10cac3 9ce981192a854de79a7a83011ba2e14e - - default default] Successfully bumped revision number for resource 50b0afb1-1bed-4b3a-abf9-d4e8ea9e7d19 (type: ports) to 1
2026-09-11 18:41:10.190 10 INFO neutron.db.ovn_revision_numbers_db [None req-4eb52d0f-3d89-4d96-b68d-d44158ec22e1 8562576d89f94413a70ae97a4a10cac3 9ce981192a854de79a7a83011ba2e14e - - default default] Successfully bumped revision number for resource a384ceba-f50f-4e94-a70c-24c3527e96c6 (type: networks) to 1
2026-09-11 18:41:10.375 9 INFO neutron.wsgi [req-fc693bba-0700-4b89-9689-c4641b3d00fd req-0ba07f87-77b2-44e9-b4f2-2a146bf7b7e7 7f15e3fe31a34452b02de6d0e9ce455c 91f904dc71024dc48302105efa68406b - - default default] 10.0.0.32 "GET /v2.0/ports?device_id=d7d2fece-8e46-4144-b6b5-c8c5c9854320 HTTP/1.1" status: 200 len: 1174 time: 0.1480730
2026-09-11 18:41:10.386 10 WARNING neutron.scheduler.dhcp_agent_scheduler [None req-4eb52d0f-3d89-4d96-b68d-d44158ec22e1 8562576d89f94413a70ae97a4a10cac3 9ce981192a854de79a7a83011ba2e14e - - default default] No more DHCP agents
2026-09-11 18:41:10.388 10 WARNING neutron.api.rpc.agentnotifiers.dhcp_rpc_agent_api [None req-4eb52d0f-3d89-4d96-b68d-d44158ec22e1 8562576d89f94413a70ae97a4a10cac3 9ce981192a854de79a7a83011ba2e14e - - default default] Unable to schedule network a384ceba-f50f-4e94-a70c-24c3527e96c6: no agents available; will retry on subsequent port and subnet creation events.
2026-09-11 18:41:10.476 10 INFO neutron.db.ovn_revision_numbers_db [None req-4eb52d0f-3d89-4d96-b68d-d44158ec22e1 8562576d89f94413a70ae97a4a10cac3 9ce981192a854de79a7a83011ba2e14e - - default default] Successfully bumped revision number for resource b796a720-d601-435c-97dc-d7c737bd7e5c (type: ports) to 1
2026-09-11 18:41:10.504 10 INFO neutron.wsgi [None req-4eb52d0f-3d89-4d96-b68d-d44158ec22e1 8562576d89f94413a70ae97a4a10cac3 9ce981192a854de79a7a83011ba2e14e - - default default] 10.0.0.177 "POST /v2.0/networks HTTP/1.1" status: 201 len: 946 time: 0.9175110
2026-09-11 18:41:10.524 10 INFO neutron.wsgi [req-2d0bdf17-6fb5-46ca-b57a-0bf47de70d5e req-acef6d33-c622-44c4-b954-9f7adf9486e7 7f15e3fe31a34452b02de6d0e9ce455c 91f904dc71024dc48302105efa68406b - - default default] 10.0.0.32 "GET /v2.0/ports/e85caf2b-7660-4c8b-9387-39c4b08a43d2 HTTP/1.1" status: 200 len: 1171 time: 0.0900676
2026-09-11 18:41:10.665 10 WARNING neutron.scheduler.dhcp_agent_scheduler [None req-417dfc68-9392-4cf0-854a-531fb1d82c6b 8562576d89f94413a70ae97a4a10cac3 9ce981192a854de79a7a83011ba2e14e - - default default] No more DHCP agents
2026-09-11 18:41:10.667 10 WARNING neutron.api.rpc.agentnotifiers.dhcp_rpc_agent_api [None req-417dfc68-9392-4cf0-854a-531fb1d82c6b 8562576d89f94413a70ae97a4a10cac3 9ce981192a854de79a7a83011ba2e14e - - default default] Unable to schedule network a384ceba-f50f-4e94-a70c-24c3527e96c6: no agents available; will retry on subsequent port and subnet creation events.
2026-09-11 18:41:10.722 9 INFO neutron.wsgi [req-13f9bec3-2388-4df1-bce6-76aab7b669a1 req-a5f85820-937a-4244-b1bb-4d91611072cf 7f15e3fe31a34452b02de6d0e9ce455c 91f904dc71024dc48302105efa68406b - - default default] 162.253.55.77 "GET /v2.0/subnets?network_id=eacec32e-a5df-4af7-87f3-a1623eb21bb3 HTTP/1.1" status: 200 len: 859 time: 0.0609660
2026-09-11 18:41:10.807 9 INFO neutron.wsgi [req-13f9bec3-2388-4df1-bce6-76aab7b669a1 req-9940420b-f0bd-4151-bafb-6afde6cd39aa 7f15e3fe31a34452b02de6d0e9ce455c 91f904dc71024dc48302105efa68406b - - default default] 162.253.55.77 "GET /v2.0/ports?device_id=d7d2fece-8e46-4144-b6b5-c8c5c9854320&device_owner=compute%3Anova&network_id=eacec32e-a5df-4af7-87f3-a1623eb21bb3 HTTP/1.1" status: 200 len: 1174 time: 0.0766144
2026-09-11 18:41:10.853 10 INFO neutron.plugins.ml2.drivers.ovn.mech_driver.mech_driver [None req-3a218d7c-672c-4cf1-bb82-44e4c90b9e5c - - - - - -] OVN reports status up for port: 50b0afb1-1bed-4b3a-abf9-d4e8ea9e7d19
2026-09-11 18:41:10.872 9 INFO neutron.plugins.ml2.drivers.ovn.mech_driver.ovsdb.ovsdb_monitor [None req-b04c6da9-0ce1-448d-a63e-0fa5da18c857 - - - - - -] Router 4fbd7d21-12e1-43bd-9d6d-93312873bc71 is bound to host instance
2026-09-11 18:41:10.884 10 INFO neutron.plugins.ml2.plugin [None req-3a218d7c-672c-4cf1-bb82-44e4c90b9e5c - - - - - -] Attempt 1 to provision port 50b0afb1-1bed-4b3a-abf9-d4e8ea9e7d19
2026-09-11 18:41:10.893 9 INFO neutron.db.ovn_revision_numbers_db [None req-7fd17db2-539d-4d41-8997-7bc53615ad08 8562576d89f94413a70ae97a4a10cac3 9ce981192a854de79a7a83011ba2e14e - - default default] Successfully bumped revision number for resource 50b0afb1-1bed-4b3a-abf9-d4e8ea9e7d19 (type: router_ports) to 1
2026-09-11 18:41:11.168 9 INFO neutron.db.ovn_revision_numbers_db [None req-7fd17db2-539d-4d41-8997-7bc53615ad08 8562576d89f94413a70ae97a4a10cac3 9ce981192a854de79a7a83011ba2e14e - - default default] Successfully bumped revision number for resource 4fbd7d21-12e1-43bd-9d6d-93312873bc71 (type: routers) to 2
2026-09-11 18:41:11.198 9 INFO neutron.wsgi [None req-7fd17db2-539d-4d41-8997-7bc53615ad08 8562576d89f94413a70ae97a4a10cac3 9ce981192a854de79a7a83011ba2e14e - - default default] 10.0.0.177 "POST /v2.0/routers HTTP/1.1" status: 201 len: 878 time: 1.8160248
2026-09-11 18:41:11.325 10 INFO neutron.db.ovn_revision_numbers_db [None req-417dfc68-9392-4cf0-854a-531fb1d82c6b 8562576d89f94413a70ae97a4a10cac3 9ce981192a854de79a7a83011ba2e14e - - default default] Successfully bumped revision number for resource b796a720-d601-435c-97dc-d7c737bd7e5c (type: ports) to 2
2026-09-11 18:41:11.378 10 INFO neutron.db.ovn_revision_numbers_db [None req-417dfc68-9392-4cf0-854a-531fb1d82c6b 8562576d89f94413a70ae97a4a10cac3 9ce981192a854de79a7a83011ba2e14e - - default default] Successfully bumped revision number for resource a687a796-532e-4e15-8852-ebef3ddb75ab (type: subnets) to 0
2026-09-11 18:41:11.394 10 INFO neutron.wsgi [None req-417dfc68-9392-4cf0-854a-531fb1d82c6b 8562576d89f94413a70ae97a4a10cac3 9ce981192a854de79a7a83011ba2e14e - - default default] 10.0.0.177 "POST /v2.0/subnets HTTP/1.1" status: 201 len: 866 time: 0.8857319
2026-09-11 18:41:11.624 9 INFO neutron.db.ovn_revision_numbers_db [req-13f9bec3-2388-4df1-bce6-76aab7b669a1 req-20de5c4f-8795-42cc-b6cf-390534d26bd0 7f15e3fe31a34452b02de6d0e9ce455c 91f904dc71024dc48302105efa68406b - - default default] Successfully bumped revision number for resource e85caf2b-7660-4c8b-9387-39c4b08a43d2 (type: ports) to 5
