2026-09-11 18:43:18.827 10 INFO neutron.db.ovn_revision_numbers_db [None req-4907cd19-3155-4a42-a55c-ab10d537f323 8f13eceda4a847af951e730a491f0c50 e2e9497ef4ab4897a5b3e1eb9407a246 - - default default] Successfully bumped revision number for resource 0f7ce8ff-aea2-4993-a6d0-457262f1524b (type: floatingips) to 1
2026-09-11 18:43:18.859 10 INFO neutron.wsgi [None req-4907cd19-3155-4a42-a55c-ab10d537f323 8f13eceda4a847af951e730a491f0c50 e2e9497ef4ab4897a5b3e1eb9407a246 - - default default] 10.0.0.177 "POST /v2.0/floatingips HTTP/1.1" status: 201 len: 1054 time: 1.1931214
2026-09-11 18:43:18.911 10 INFO neutron.wsgi [None req-7aaa0c8d-5e81-4931-a228-cdd84734a754 8f13eceda4a847af951e730a491f0c50 e2e9497ef4ab4897a5b3e1eb9407a246 - - default default] 10.0.0.177 "GET /v2.0/floatingips/0f7ce8ff-aea2-4993-a6d0-457262f1524b HTTP/1.1" status: 200 len: 1051 time: 0.0457850
2026-09-11 18:43:18.923 10 INFO neutron.notifiers.nova [-] Nova event matching ['req-c7afa0e8-5c0a-4edf-8078-364d8f978d5a'] response: {'name': 'network-changed', 'server_uuid': '9afc4b31-53e3-4e98-9ce9-c4c6d2c43a5c', 'tag': '65dcf9e5-5efe-417e-bbf4-9d1c916caa1d', 'status': 'completed', 'code': 200} /var/lib/openstack/lib/python3.10/site-packages/pycadf/identifier.py:71: UserWarning: Invalid uuid: neutron. To ensure interoperability, identifiers should be a valid uuid. warnings.warn(('Invalid uuid: %s. To ensure interoperability, '
2026-09-11 18:43:19.002 9 INFO neutron.wsgi [req-7165d377-3a26-46a9-a386-bffc15c2a2ed req-6e115dc7-cc03-42a8-b5ed-72968003844f de18b38f1d104553960f5b7cb428024d acd9b28c1e554811952565e57a64a38f - - 5d5f0506ef9341d5ba3af6ed6779e1e5 5d5f0506ef9341d5ba3af6ed6779e1e5] 162.253.55.77 "GET /v2.0/ports?tenant_id=e2e9497ef4ab4897a5b3e1eb9407a246&device_id=9afc4b31-53e3-4e98-9ce9-c4c6d2c43a5c HTTP/1.1" status: 200 len: 1409 time: 0.0427670
2026-09-11 18:43:19.063 9 INFO neutron.wsgi [req-7165d377-3a26-46a9-a386-bffc15c2a2ed req-3d21f5ff-9d05-43ca-905e-0dff76d3f59b de18b38f1d104553960f5b7cb428024d acd9b28c1e554811952565e57a64a38f - - 5d5f0506ef9341d5ba3af6ed6779e1e5 5d5f0506ef9341d5ba3af6ed6779e1e5] 162.253.55.77 "GET /v2.0/networks?id=a00da842-ba02-4837-9dd6-de517f956691 HTTP/1.1" status: 200 len: 959 time: 0.0547857
2026-09-11 18:43:19.131 9 INFO neutron.wsgi [req-7165d377-3a26-46a9-a386-bffc15c2a2ed req-530d4720-f076-4ae8-b2fb-7f10b1dface0 de18b38f1d104553960f5b7cb428024d acd9b28c1e554811952565e57a64a38f - - 5d5f0506ef9341d5ba3af6ed6779e1e5 5d5f0506ef9341d5ba3af6ed6779e1e5] 162.253.55.77 "GET /v2.0/floatingips?fixed_ip_address=10.100.0.7&port_id=65dcf9e5-5efe-417e-bbf4-9d1c916caa1d HTTP/1.1" status: 200 len: 1059 time: 0.0615625
2026-09-11 18:43:19.158 9 INFO neutron.wsgi [req-7165d377-3a26-46a9-a386-bffc15c2a2ed req-8d192a0a-bc88-4817-85ce-7f1c722553ed de18b38f1d104553960f5b7cb428024d acd9b28c1e554811952565e57a64a38f - - 5d5f0506ef9341d5ba3af6ed6779e1e5 5d5f0506ef9341d5ba3af6ed6779e1e5] 162.253.55.77 "GET /v2.0/subnets?id=ed62eb3f-2eca-445b-bf09-77cb572c2174 HTTP/1.1" status: 200 len: 853 time: 0.0230398
2026-09-11 18:43:19.182 9 INFO neutron.wsgi [req-7165d377-3a26-46a9-a386-bffc15c2a2ed req-1966be0b-4a29-4016-993d-1335b16fec0c de18b38f1d104553960f5b7cb428024d acd9b28c1e554811952565e57a64a38f - - 5d5f0506ef9341d5ba3af6ed6779e1e5 5d5f0506ef9341d5ba3af6ed6779e1e5] 162.253.55.77 "GET /v2.0/ports?network_id=a00da842-ba02-4837-9dd6-de517f956691&device_owner=network%3Adhcp HTTP/1.1" status: 200 len: 210 time: 0.0194027
2026-09-11 18:43:19.252 9 INFO neutron.wsgi [req-7165d377-3a26-46a9-a386-bffc15c2a2ed req-b7bb89b5-df56-4618-ae31-a6defaec30d8 de18b38f1d104553960f5b7cb428024d acd9b28c1e554811952565e57a64a38f - - 5d5f0506ef9341d5ba3af6ed6779e1e5 5d5f0506ef9341d5ba3af6ed6779e1e5] 162.253.55.77 "GET /v2.0/networks/a00da842-ba02-4837-9dd6-de517f956691?fields=segments HTTP/1.1" status: 200 len: 212 time: 0.0649624
2026-09-11 18:43:19.314 9 INFO neutron.wsgi [req-7165d377-3a26-46a9-a386-bffc15c2a2ed req-405d4f89-7af7-4424-881c-c2d68636513c de18b38f1d104553960f5b7cb428024d acd9b28c1e554811952565e57a64a38f - - 5d5f0506ef9341d5ba3af6ed6779e1e5 5d5f0506ef9341d5ba3af6ed6779e1e5] 162.253.55.77 "GET /v2.0/networks/a00da842-ba02-4837-9dd6-de517f956691?fields=provider%3Aphysical_network&fields=provider%3Anetwork_type HTTP/1.1" status: 200 len: 277 time: 0.0571296
2026-09-11 18:43:20.160 10 INFO neutron.db.ovn_revision_numbers_db [None req-11bfb662-ed9d-4e60-857f-fd96c8d7bbf4 0ac11ff5b9d141c4a68faf2397dd315b c209a279452145578339fb2c8dc61d78 - - default default] Successfully bumped revision number for resource c4b408b0-2c50-4479-bb0c-2cadb914a40a (type: security_groups) to 1
2026-09-11 18:43:20.174 10 INFO neutron.db.ovn_revision_numbers_db [None req-11bfb662-ed9d-4e60-857f-fd96c8d7bbf4 0ac11ff5b9d141c4a68faf2397dd315b c209a279452145578339fb2c8dc61d78 - - default default] Successfully bumped revision number for resource 203ca82e-35f6-4cd1-af73-f50dfafb06d6 (type: security_group_rules) to 0
2026-09-11 18:43:20.194 10 INFO neutron.db.ovn_revision_numbers_db [None req-11bfb662-ed9d-4e60-857f-fd96c8d7bbf4 0ac11ff5b9d141c4a68faf2397dd315b c209a279452145578339fb2c8dc61d78 - - default default] Successfully bumped revision number for resource 70a4971e-f861-4837-9fc6-624744c3fa7b (type: security_group_rules) to 0
2026-09-11 18:43:20.211 10 INFO neutron.db.ovn_revision_numbers_db [None req-11bfb662-ed9d-4e60-857f-fd96c8d7bbf4 0ac11ff5b9d141c4a68faf2397dd315b c209a279452145578339fb2c8dc61d78 - - default default] Successfully bumped revision number for resource d12f748c-2563-4811-abf2-c2195fa8e44e (type: security_group_rules) to 0
2026-09-11 18:43:20.225 10 INFO neutron.db.ovn_revision_numbers_db [None req-11bfb662-ed9d-4e60-857f-fd96c8d7bbf4 0ac11ff5b9d141c4a68faf2397dd315b c209a279452145578339fb2c8dc61d78 - - default default] Successfully bumped revision number for resource f59b17f4-8ff9-4642-b154-bf47f32b2746 (type: security_group_rules) to 0
2026-09-11 18:43:20.316 10 INFO neutron.db.ovn_revision_numbers_db [None req-11bfb662-ed9d-4e60-857f-fd96c8d7bbf4 0ac11ff5b9d141c4a68faf2397dd315b c209a279452145578339fb2c8dc61d78 - - default default] Successfully bumped revision number for resource 12136efa-845f-4a91-be2b-c5b5346c09fa (type: security_groups) to 1
2026-09-11 18:43:20.328 10 INFO neutron.db.ovn_revision_numbers_db [None req-11bfb662-ed9d-4e60-857f-fd96c8d7bbf4 0ac11ff5b9d141c4a68faf2397dd315b c209a279452145578339fb2c8dc61d78 - - default default] Successfully bumped revision number for resource 96f49fe9-1abf-4034-8c12-eb46d1cb829c (type: security_group_rules) to 0
2026-09-11 18:43:20.341 10 INFO neutron.db.ovn_revision_numbers_db [None req-11bfb662-ed9d-4e60-857f-fd96c8d7bbf4 0ac11ff5b9d141c4a68faf2397dd315b c209a279452145578339fb2c8dc61d78 - - default default] Successfully bumped revision number for resource c54244ec-72c4-42ce-8a1c-94963c64d9d5 (type: security_group_rules) to 0
2026-09-11 18:43:20.365 10 INFO neutron.wsgi [None req-11bfb662-ed9d-4e60-857f-fd96c8d7bbf4 0ac11ff5b9d141c4a68faf2397dd315b c209a279452145578339fb2c8dc61d78 - - default default] 10.0.0.177 "POST /v2.0/security-groups HTTP/1.1" status: 201 len: 1737 time: 0.5296361
2026-09-11 18:43:20.397 9 INFO neutron.db.ovn_revision_numbers_db [None req-6f28a4b3-ab1b-4a01-a9f8-5a515e74d317 8562576d89f94413a70ae97a4a10cac3 9ce981192a854de79a7a83011ba2e14e - - default default] Successfully bumped revision number for resource c81f9e0a-c715-4664-b967-03dfae6d25eb (type: security_groups) to 1
2026-09-11 18:43:20.412 9 INFO neutron.db.ovn_revision_numbers_db [None req-6f28a4b3-ab1b-4a01-a9f8-5a515e74d317 8562576d89f94413a70ae97a4a10cac3 9ce981192a854de79a7a83011ba2e14e - - default default] Successfully bumped revision number for resource 0a1f6e5c-77b7-4279-8c5e-4de38e3cb6d4 (type: security_group_rules) to 0
2026-09-11 18:43:20.424 9 INFO neutron.db.ovn_revision_numbers_db [None req-6f28a4b3-ab1b-4a01-a9f8-5a515e74d317 8562576d89f94413a70ae97a4a10cac3 9ce981192a854de79a7a83011ba2e14e - - default default] Successfully bumped revision number for resource 0a3fc881-ae38-4f0e-8199-fd4e9555c201 (type: security_group_rules) to 0
2026-09-11 18:43:20.435 9 INFO neutron.db.ovn_revision_numbers_db [None req-6f28a4b3-ab1b-4a01-a9f8-5a515e74d317 8562576d89f94413a70ae97a4a10cac3 9ce981192a854de79a7a83011ba2e14e - - default default] Successfully bumped revision number for resource 0efd5a46-43ff-4548-89fd-a5d09adb789f (type: security_group_rules) to 0
2026-09-11 18:43:20.447 9 INFO neutron.db.ovn_revision_numbers_db [None req-6f28a4b3-ab1b-4a01-a9f8-5a515e74d317 8562576d89f94413a70ae97a4a10cac3 9ce981192a854de79a7a83011ba2e14e - - default default] Successfully bumped revision number for resource d9eca028-bbed-49e9-95aa-2bf61bd09290 (type: security_group_rules) to 0
2026-09-11 18:43:20.465 9 INFO neutron.wsgi [None req-6f28a4b3-ab1b-4a01-a9f8-5a515e74d317 8562576d89f94413a70ae97a4a10cac3 9ce981192a854de79a7a83011ba2e14e - - default default] 10.0.0.177 "GET /v2.0/security-groups?tenant_id=571ca6fb87b64fc9b3795594e3981cfa&name=default HTTP/1.1" status: 200 len: 2996 time: 0.2959588
2026-09-11 18:43:20.494 10 INFO neutron.db.ovn_revision_numbers_db [None req-535f9260-97a6-4fb3-8231-2a3f97fb6f33 0ac11ff5b9d141c4a68faf2397dd315b c209a279452145578339fb2c8dc61d78 - - default default] Successfully bumped revision number for resource 48d5231b-8416-43b8-83d7-e43fbede4855 (type: security_groups) to 1
2026-09-11 18:43:20.514 10 INFO neutron.db.ovn_revision_numbers_db [None req-535f9260-97a6-4fb3-8231-2a3f97fb6f33 0ac11ff5b9d141c4a68faf2397dd315b c209a279452145578339fb2c8dc61d78 - - default default] Successfully bumped revision number for resource 350f782a-5b34-4a28-af6e-a0bf4a614c6e (type: security_group_rules) to 0
2026-09-11 18:43:20.533 10 INFO neutron.db.ovn_revision_numbers_db [None req-535f9260-97a6-4fb3-8231-2a3f97fb6f33 0ac11ff5b9d141c4a68faf2397dd315b c209a279452145578339fb2c8dc61d78 - - default default] Successfully bumped revision number for resource 3883ef7c-a2cc-4cdc-a1e4-e638d628216d (type: security_group_rules) to 0
2026-09-11 18:43:20.568 10 INFO neutron.wsgi [None req-535f9260-97a6-4fb3-8231-2a3f97fb6f33 0ac11ff5b9d141c4a68faf2397dd315b c209a279452145578339fb2c8dc61d78 - - default default] 10.0.0.177 "POST /v2.0/security-groups HTTP/1.1" status: 201 len: 1737 time: 0.1980464
2026-09-11 18:43:20.675 9 INFO neutron.wsgi [None req-7b50a731-4869-484b-9717-b765cccbab1b 8562576d89f94413a70ae97a4a10cac3 9ce981192a854de79a7a83011ba2e14e - - default default] 10.0.0.177 "DELETE /v2.0/security-groups/c81f9e0a-c715-4664-b967-03dfae6d25eb HTTP/1.1" status: 204 len: 168 time: 0.2059484
2026-09-11 18:43:20.690 9 INFO neutron.db.ovn_revision_numbers_db [None req-d3c634b4-144d-45a8-87e7-52befb38e312 0ac11ff5b9d141c4a68faf2397dd315b c209a279452145578339fb2c8dc61d78 - - default default] Successfully bumped revision number for resource b645d346-d401-48a8-a1ea-bad58b3e2170 (type: security_groups) to 1
2026-09-11 18:43:20.721 9 INFO neutron.db.ovn_revision_numbers_db [None req-d3c634b4-144d-45a8-87e7-52befb38e312 0ac11ff5b9d141c4a68faf2397dd315b c209a279452145578339fb2c8dc61d78 - - default default] Successfully bumped revision number for resource da252af6-51d0-4eae-ae01-04b17a083dd5 (type: security_group_rules) to 0
2026-09-11 18:43:20.733 9 INFO neutron.db.ovn_revision_numbers_db [None req-d3c634b4-144d-45a8-87e7-52befb38e312 0ac11ff5b9d141c4a68faf2397dd315b c209a279452145578339fb2c8dc61d78 - - default default] Successfully bumped revision number for resource f4f8793b-8e31-4634-bd5b-1af86df12ca4 (type: security_group_rules) to 0
2026-09-11 18:43:20.749 9 INFO neutron.wsgi [None req-d3c634b4-144d-45a8-87e7-52befb38e312 0ac11ff5b9d141c4a68faf2397dd315b c209a279452145578339fb2c8dc61d78 - - default default] 10.0.0.177 "POST /v2.0/security-groups HTTP/1.1" status: 201 len: 1737 time: 0.1746771
2026-09-11 18:43:20.854 9 INFO neutron.db.ovn_revision_numbers_db [None req-06da2cda-9975-4aea-aed0-4edded1bda77 0ac11ff5b9d141c4a68faf2397dd315b c209a279452145578339fb2c8dc61d78 - - default default] Successfully bumped revision number for resource 7dd2f204-080a-4d1c-aba6-c7acf7b10d87 (type: security_groups) to 1
2026-09-11 18:43:20.873 9 INFO neutron.db.ovn_revision_numbers_db [None req-06da2cda-9975-4aea-aed0-4edded1bda77 0ac11ff5b9d141c4a68faf2397dd315b c209a279452145578339fb2c8dc61d78 - - default default] Successfully bumped revision number for resource c6a73829-62d8-4ecc-abae-535e4efc212f (type: security_group_rules) to 0
2026-09-11 18:43:20.888 9 INFO neutron.db.ovn_revision_numbers_db [None req-06da2cda-9975-4aea-aed0-4edded1bda77 0ac11ff5b9d141c4a68faf2397dd315b c209a279452145578339fb2c8dc61d78 - - default default] Successfully bumped revision number for resource cf808b32-971d-4051-97e2-915b38bed37f (type: security_group_rules) to 0
2026-09-11 18:43:20.908 9 INFO neutron.wsgi [None req-06da2cda-9975-4aea-aed0-4edded1bda77 0ac11ff5b9d141c4a68faf2397dd315b c209a279452145578339fb2c8dc61d78 - - default default] 10.0.0.177 "POST /v2.0/security-groups HTTP/1.1" status: 201 len: 1737 time: 0.1550972
2026-09-11 18:43:21.055 9 INFO neutron.db.ovn_revision_numbers_db [None req-57415c21-9873-43c2-b884-54b868e6f5d0 0ac11ff5b9d141c4a68faf2397dd315b c209a279452145578339fb2c8dc61d78 - - default default] Successfully bumped revision number for resource 3f7afdca-1dc4-4226-b05b-b34f8bc086eb (type: security_groups) to 1
2026-09-11 18:43:21.075 9 INFO neutron.db.ovn_revision_numbers_db [None req-57415c21-9873-43c2-b884-54b868e6f5d0 0ac11ff5b9d141c4a68faf2397dd315b c209a279452145578339fb2c8dc61d78 - - default default] Successfully bumped revision number for resource 49d30aca-cb14-4a5b-acad-e36fcc387f04 (type: security_group_rules) to 0
2026-09-11 18:43:21.090 9 INFO neutron.db.ovn_revision_numbers_db [None req-57415c21-9873-43c2-b884-54b868e6f5d0 0ac11ff5b9d141c4a68faf2397dd315b c209a279452145578339fb2c8dc61d78 - - default default] Successfully bumped revision number for resource 806303be-0217-4645-981a-22ec4c2db5cd (type: security_group_rules) to 0
2026-09-11 18:43:21.112 9 INFO neutron.wsgi [None req-57415c21-9873-43c2-b884-54b868e6f5d0 0ac11ff5b9d141c4a68faf2397dd315b c209a279452145578339fb2c8dc61d78 - - default default] 10.0.0.177 "POST /v2.0/security-groups HTTP/1.1" status: 201 len: 1737 time: 0.1975307
2026-09-11 18:43:21.146 9 INFO neutron.wsgi [None req-383bd27f-3413-4055-b5f5-59b20025be9f 0ac11ff5b9d141c4a68faf2397dd315b c209a279452145578339fb2c8dc61d78 - - default default] 10.0.0.177 "PUT /v2.0/security-groups/12136efa-845f-4a91-be2b-c5b5346c09fa/tags HTTP/1.1" status: 200 len: 210 time: 0.0300310
2026-09-11 18:43:21.175 9 INFO neutron.wsgi [None req-a54ddf5b-214e-4852-90b0-bea7c8bc74af 0ac11ff5b9d141c4a68faf2397dd315b c209a279452145578339fb2c8dc61d78 - - default default] 10.0.0.177 "PUT /v2.0/security-groups/48d5231b-8416-43b8-83d7-e43fbede4855/tags HTTP/1.1" status: 200 len: 218 time: 0.0234423
2026-09-11 18:43:21.205 9 INFO neutron.wsgi [None req-39c36403-8172-4cba-a44d-7fc5a1b67d9f 0ac11ff5b9d141c4a68faf2397dd315b c209a279452145578339fb2c8dc61d78 - - default default] 10.0.0.177 "PUT /v2.0/security-groups/b645d346-d401-48a8-a1ea-bad58b3e2170/tags HTTP/1.1" status: 200 len: 227 time: 0.0256424
2026-09-11 18:43:21.233 9 INFO neutron.wsgi [None req-00133ec8-7278-4c62-816e-b79cdfbfe4db 0ac11ff5b9d141c4a68faf2397dd315b c209a279452145578339fb2c8dc61d78 - - default default] 10.0.0.177 "PUT /v2.0/security-groups/7dd2f204-080a-4d1c-aba6-c7acf7b10d87/tags HTTP/1.1" status: 200 len: 212 time: 0.0220764
2026-09-11 18:43:21.274 9 INFO neutron.wsgi [None req-1bc0448a-ad50-427b-b4a2-f73683f97018 0ac11ff5b9d141c4a68faf2397dd315b c209a279452145578339fb2c8dc61d78 - - default default] 10.0.0.177 "GET /v2.0/security-groups?tags=red HTTP/1.1" status: 200 len: 4813 time: 0.0351181
2026-09-11 18:43:21.316 9 INFO neutron.wsgi [None req-d58bda11-f15a-4860-96d1-23b19c8e8c82 0ac11ff5b9d141c4a68faf2397dd315b c209a279452145578339fb2c8dc61d78 - - default default] 10.0.0.177 "GET /v2.0/security-groups?tags=red%2Cblue HTTP/1.1" status: 200 len: 3289 time: 0.0373878
2026-09-11 18:43:21.355 9 INFO neutron.wsgi [None req-b05c9e71-873a-46ac-a62a-19ace904bc18 0ac11ff5b9d141c4a68faf2397dd315b c209a279452145578339fb2c8dc61d78 - - default default] 10.0.0.177 "GET /v2.0/security-groups?tags-any=blue HTTP/1.1" status: 200 len: 3289 time: 0.0327721
2026-09-11 18:43:21.399 9 INFO neutron.wsgi [None req-07521fea-d5dc-49d7-87dc-b9bc2bc79f1c 0ac11ff5b9d141c4a68faf2397dd315b c209a279452145578339fb2c8dc61d78 - - default default] 10.0.0.177 "GET /v2.0/security-groups?tags-any=red%2Cblue HTTP/1.1" status: 200 len: 4813 time: 0.0386615
2026-09-11 18:43:21.446 9 INFO neutron.wsgi [None req-56501db7-5e95-4c7e-addb-da20d61f24e0 0ac11ff5b9d141c4a68faf2397dd315b c209a279452145578339fb2c8dc61d78 - - default default] 10.0.0.177 "GET /v2.0/security-groups?not-tags=red HTTP/1.1" status: 200 len: 6041 time: 0.0417333
2026-09-11 18:43:21.498 9 INFO neutron.wsgi [None req-28d734a5-b8e0-4117-b79a-0b9c2ba77648 0ac11ff5b9d141c4a68faf2397dd315b c209a279452145578339fb2c8dc61d78 - - default default] 10.0.0.177 "GET /v2.0/security-groups?not-tags=red%2Cblue HTTP/1.1" status: 200 len: 7565 time: 0.0469968
2026-09-11 18:43:21.546 9 INFO neutron.wsgi [None req-a9391719-ec2f-4bae-82b4-db532eb3bbce 0ac11ff5b9d141c4a68faf2397dd315b c209a279452145578339fb2c8dc61d78 - - default default] 10.0.0.177 "GET /v2.0/security-groups?not-tags-any=blue HTTP/1.1" status: 200 len: 7565 time: 0.0426998
2026-09-11 18:43:21.591 9 INFO neutron.wsgi [None req-34435937-51a0-4d1c-9ebf-ba9758f5936c 0ac11ff5b9d141c4a68faf2397dd315b c209a279452145578339fb2c8dc61d78 - - default default] 10.0.0.177 "GET /v2.0/security-groups?not-tags-any=red%2Cblue HTTP/1.1" status: 200 len: 6041 time: 0.0409133
2026-09-11 18:43:21.647 9 INFO neutron.wsgi [req-1a426ea9-4f9b-4249-b5a9-218a9eee679c req-9304685f-9961-4528-8e17-64d27478155b de18b38f1d104553960f5b7cb428024d acd9b28c1e554811952565e57a64a38f - - 5d5f0506ef9341d5ba3af6ed6779e1e5 5d5f0506ef9341d5ba3af6ed6779e1e5] 162.253.55.77 "GET /v2.0/ports?device_id=9afc4b31-53e3-4e98-9ce9-c4c6d2c43a5c&fields=binding%3Ahost_id&fields=binding%3Avif_type HTTP/1.1" status: 200 len: 265 time: 0.0426855
2026-09-11 18:43:21.725 9 INFO neutron.wsgi [req-1a426ea9-4f9b-4249-b5a9-218a9eee679c req-3189c2a3-24b5-491b-86a4-b5093e698d46 de18b38f1d104553960f5b7cb428024d acd9b28c1e554811952565e57a64a38f - - 5d5f0506ef9341d5ba3af6ed6779e1e5 5d5f0506ef9341d5ba3af6ed6779e1e5] 162.253.55.77 "GET /v2.0/ports?tenant_id=e2e9497ef4ab4897a5b3e1eb9407a246&device_id=9afc4b31-53e3-4e98-9ce9-c4c6d2c43a5c HTTP/1.1" status: 200 len: 1409 time: 0.0363350
2026-09-11 18:43:21.732 10 INFO neutron.wsgi [None req-9e86eb39-1d72-4950-8f51-1959dd7cf822 0ac11ff5b9d141c4a68faf2397dd315b c209a279452145578339fb2c8dc61d78 - - default default] 10.0.0.177 "DELETE /v2.0/security-groups/12136efa-845f-4a91-be2b-c5b5346c09fa HTTP/1.1" status: 204 len: 168 time: 0.1326969
2026-09-11 18:43:21.737 9 INFO neutron.db.ovn_revision_numbers_db [None req-3f3100b3-ff90-4a80-9120-d6fc5089a28b be5bcd99246f4205a107782ea040cf83 2c634ec5c8a7453eb90f94e3e3298741 - - default default] Successfully bumped revision number for resource 2bc29222-1da0-403d-9ee7-e133ff2f9656 (type: security_groups) to 1
2026-09-11 18:43:21.751 9 INFO neutron.db.ovn_revision_numbers_db [None req-3f3100b3-ff90-4a80-9120-d6fc5089a28b be5bcd99246f4205a107782ea040cf83 2c634ec5c8a7453eb90f94e3e3298741 - - default default] Successfully bumped revision number for resource 0fb47ad3-6788-42b5-9225-c5d1000d3d9c (type: security_group_rules) to 0
2026-09-11 18:43:21.781 9 INFO neutron.db.ovn_revision_numbers_db [None req-3f3100b3-ff90-4a80-9120-d6fc5089a28b be5bcd99246f4205a107782ea040cf83 2c634ec5c8a7453eb90f94e3e3298741 - - default default] Successfully bumped revision number for resource 480dc5eb-f65b-479a-a61b-35c6df7ceecc (type: security_group_rules) to 0
2026-09-11 18:43:21.799 9 INFO neutron.db.ovn_revision_numbers_db [None req-3f3100b3-ff90-4a80-9120-d6fc5089a28b be5bcd99246f4205a107782ea040cf83 2c634ec5c8a7453eb90f94e3e3298741 - - default default] Successfully bumped revision number for resource 52ba83ad-2fc3-4f31-b5e3-433f363c7508 (type: security_group_rules) to 0
2026-09-11 18:43:21.807 9 INFO neutron.wsgi [req-1a426ea9-4f9b-4249-b5a9-218a9eee679c req-6d5eb42f-24a9-4311-9e39-d5b6b09e77d5 de18b38f1d104553960f5b7cb428024d acd9b28c1e554811952565e57a64a38f - - 5d5f0506ef9341d5ba3af6ed6779e1e5 5d5f0506ef9341d5ba3af6ed6779e1e5] 162.253.55.77 "GET /v2.0/networks?id=a00da842-ba02-4837-9dd6-de517f956691 HTTP/1.1" status: 200 len: 959 time: 0.0564883
2026-09-11 18:43:21.816 9 INFO neutron.db.ovn_revision_numbers_db [None req-3f3100b3-ff90-4a80-9120-d6fc5089a28b be5bcd99246f4205a107782ea040cf83 2c634ec5c8a7453eb90f94e3e3298741 - - default default] Successfully bumped revision number for resource d34bb038-e8eb-4901-a5f6-1f7614407e19 (type: security_group_rules) to 0
2026-09-11 18:43:21.869 10 INFO neutron.wsgi [None req-47dee82a-6b69-4801-bf56-88cfceb6e55f 0ac11ff5b9d141c4a68faf2397dd315b c209a279452145578339fb2c8dc61d78 - - default default] 10.0.0.177 "DELETE /v2.0/security-groups/48d5231b-8416-43b8-83d7-e43fbede4855 HTTP/1.1" status: 204 len: 168 time: 0.1316626
2026-09-11 18:43:21.869 9 INFO neutron.wsgi [req-1a426ea9-4f9b-4249-b5a9-218a9eee679c req-d403a289-3a22-4aa2-a912-37dd7e79d1e7 de18b38f1d104553960f5b7cb428024d acd9b28c1e554811952565e57a64a38f - - 5d5f0506ef9341d5ba3af6ed6779e1e5 5d5f0506ef9341d5ba3af6ed6779e1e5] 162.253.55.77 "GET /v2.0/floatingips?fixed_ip_address=10.100.0.7&port_id=65dcf9e5-5efe-417e-bbf4-9d1c916caa1d HTTP/1.1" status: 200 len: 1059 time: 0.0515928
2026-09-11 18:43:21.907 9 INFO neutron.db.segments_db [None req-3f3100b3-ff90-4a80-9120-d6fc5089a28b be5bcd99246f4205a107782ea040cf83 2c634ec5c8a7453eb90f94e3e3298741 - - default default] Added segment 4c4dffec-5c98-4eb3-b17e-578a038748b8 of type geneve for network af518734-c42a-4840-b7ee-9668b2f47c01
2026-09-11 18:43:21.916 9 INFO neutron.wsgi [req-1a426ea9-4f9b-4249-b5a9-218a9eee679c req-02acd748-c8ef-4aee-b809-465284300e40 de18b38f1d104553960f5b7cb428024d acd9b28c1e554811952565e57a64a38f - - 5d5f0506ef9341d5ba3af6ed6779e1e5 5d5f0506ef9341d5ba3af6ed6779e1e5] 162.253.55.77 "GET /v2.0/subnets?id=ed62eb3f-2eca-445b-bf09-77cb572c2174 HTTP/1.1" status: 200 len: 853 time: 0.0353894
2026-09-11 18:43:21.945 9 INFO neutron.wsgi [req-1a426ea9-4f9b-4249-b5a9-218a9eee679c req-e31056f4-49f1-4cf7-bc00-ae03c9c899ca de18b38f1d104553960f5b7cb428024d acd9b28c1e554811952565e57a64a38f - - 5d5f0506ef9341d5ba3af6ed6779e1e5 5d5f0506ef9341d5ba3af6ed6779e1e5] 162.253.55.77 "GET /v2.0/ports?network_id=a00da842-ba02-4837-9dd6-de517f956691&device_owner=network%3Adhcp HTTP/1.1" status: 200 len: 210 time: 0.0188346
2026-09-11 18:43:22.032 9 INFO neutron.wsgi [req-1a426ea9-4f9b-4249-b5a9-218a9eee679c req-2bf10e2a-19b1-4778-be93-cbfb10d8f803 de18b38f1d104553960f5b7cb428024d acd9b28c1e554811952565e57a64a38f - - 5d5f0506ef9341d5ba3af6ed6779e1e5 5d5f0506ef9341d5ba3af6ed6779e1e5] 162.253.55.77 "GET /v2.0/networks/a00da842-ba02-4837-9dd6-de517f956691?fields=segments HTTP/1.1" status: 200 len: 212 time: 0.0798943
2026-09-11 18:43:22.057 10 INFO neutron.wsgi [None req-9266db27-167b-4652-bd20-46e03bb03575 0ac11ff5b9d141c4a68faf2397dd315b c209a279452145578339fb2c8dc61d78 - - default default] 10.0.0.177 "DELETE /v2.0/security-groups/b645d346-d401-48a8-a1ea-bad58b3e2170 HTTP/1.1" status: 204 len: 168 time: 0.1749997
2026-09-11 18:43:22.217 10 INFO neutron.wsgi [None req-3ecc6e10-b072-4012-981e-da498ab01dcb 0ac11ff5b9d141c4a68faf2397dd315b c209a279452145578339fb2c8dc61d78 - - default default] 10.0.0.177 "DELETE /v2.0/security-groups/7dd2f204-080a-4d1c-aba6-c7acf7b10d87 HTTP/1.1" status: 204 len: 168 time: 0.1510031
2026-09-11 18:43:22.307 9 INFO neutron.db.ovn_revision_numbers_db [None req-3f3100b3-ff90-4a80-9120-d6fc5089a28b be5bcd99246f4205a107782ea040cf83 2c634ec5c8a7453eb90f94e3e3298741 - - default default] Successfully bumped revision number for resource af518734-c42a-4840-b7ee-9668b2f47c01 (type: networks) to 1
2026-09-11 18:43:22.325 9 INFO neutron.wsgi [req-1a426ea9-4f9b-4249-b5a9-218a9eee679c req-e5ff0a98-b5e7-463e-a7ff-17712cca985b de18b38f1d104553960f5b7cb428024d acd9b28c1e554811952565e57a64a38f - - 5d5f0506ef9341d5ba3af6ed6779e1e5 5d5f0506ef9341d5ba3af6ed6779e1e5] 162.253.55.77 "GET /v2.0/networks/a00da842-ba02-4837-9dd6-de517f956691?fields=provider%3Aphysical_network&fields=provider%3Anetwork_type HTTP/1.1" status: 200 len: 277 time: 0.2776015
2026-09-11 18:43:22.372 10 INFO neutron.wsgi [None req-2cd994be-296c-40d6-995e-28db33f4b370 0ac11ff5b9d141c4a68faf2397dd315b c209a279452145578339fb2c8dc61d78 - - default default] 10.0.0.177 "DELETE /v2.0/security-groups/3f7afdca-1dc4-4226-b05b-b34f8bc086eb HTTP/1.1" status: 204 len: 168 time: 0.1441438
2026-09-11 18:43:22.500 9 WARNING neutron.scheduler.dhcp_agent_scheduler [None req-3f3100b3-ff90-4a80-9120-d6fc5089a28b be5bcd99246f4205a107782ea040cf83 2c634ec5c8a7453eb90f94e3e3298741 - - default default] No more DHCP agents
2026-09-11 18:43:22.501 9 WARNING neutron.api.rpc.agentnotifiers.dhcp_rpc_agent_api [None req-3f3100b3-ff90-4a80-9120-d6fc5089a28b be5bcd99246f4205a107782ea040cf83 2c634ec5c8a7453eb90f94e3e3298741 - - default default] Unable to schedule network af518734-c42a-4840-b7ee-9668b2f47c01: no agents available; will retry on subsequent port and subnet creation events.
2026-09-11 18:43:22.587 9 INFO neutron.db.ovn_revision_numbers_db [None req-3f3100b3-ff90-4a80-9120-d6fc5089a28b be5bcd99246f4205a107782ea040cf83 2c634ec5c8a7453eb90f94e3e3298741 - - default default] Successfully bumped revision number for resource 4a9d5a57-015e-4ae6-8822-1afd25975f43 (type: ports) to 1
2026-09-11 18:43:22.610 9 INFO neutron.wsgi [None req-3f3100b3-ff90-4a80-9120-d6fc5089a28b be5bcd99246f4205a107782ea040cf83 2c634ec5c8a7453eb90f94e3e3298741 - - default default] 10.0.0.177 "POST /v2.0/networks HTTP/1.1" status: 201 len: 830 time: 1.1714029
2026-09-11 18:43:22.666 9 INFO neutron.wsgi [None req-11309c03-a503-4a14-8534-187cdae05541 be5bcd99246f4205a107782ea040cf83 2c634ec5c8a7453eb90f94e3e3298741 - - default default] 10.0.0.177 "PUT /v2.0/networks/af518734-c42a-4840-b7ee-9668b2f47c01/tags HTTP/1.1" status: 200 len: 218 time: 0.0496492
2026-09-11 18:43:22.733 10 INFO neutron.wsgi [None req-20fd1aa8-52cd-4cf6-ade5-4a993544fef8 be5bcd99246f4205a107782ea040cf83 2c634ec5c8a7453eb90f94e3e3298741 - - default default] 10.0.0.177 "GET /v2.0/networks/af518734-c42a-4840-b7ee-9668b2f47c01/tags HTTP/1.1" status: 200 len: 218 time: 0.0577433
2026-09-11 18:43:22.805 10 INFO neutron.wsgi [None req-bd8c44a4-170f-4c5f-a167-17fd23706aa7 be5bcd99246f4205a107782ea040cf83 2c634ec5c8a7453eb90f94e3e3298741 - - default default] 10.0.0.177 "PUT /v2.0/networks/af518734-c42a-4840-b7ee-9668b2f47c01/tags/green HTTP/1.1" status: 201 len: 201 time: 0.0653391
2026-09-11 18:43:22.871 10 INFO neutron.wsgi [None req-9e158bce-863b-4649-bd9e-103bc2677d16 be5bcd99246f4205a107782ea040cf83 2c634ec5c8a7453eb90f94e3e3298741 - - default default] 10.0.0.177 "GET /v2.0/networks/af518734-c42a-4840-b7ee-9668b2f47c01/tags HTTP/1.1" status: 200 len: 227 time: 0.0599689
2026-09-11 18:43:22.924 9 INFO neutron.wsgi [None req-ecfc39d2-b6f8-4d4a-a2e5-c8e4d54eade7 be5bcd99246f4205a107782ea040cf83 2c634ec5c8a7453eb90f94e3e3298741 - - default default] 10.0.0.177 "PUT /v2.0/networks/af518734-c42a-4840-b7ee-9668b2f47c01/tags/red HTTP/1.1" status: 201 len: 201 time: 0.0479026
2026-09-11 18:43:22.962 9 INFO neutron.wsgi [None req-bff0037f-2672-4659-b6f9-f82d27efc208 be5bcd99246f4205a107782ea040cf83 2c634ec5c8a7453eb90f94e3e3298741 - - default default] 10.0.0.177 "GET /v2.0/networks/af518734-c42a-4840-b7ee-9668b2f47c01/tags HTTP/1.1" status: 200 len: 227 time: 0.0338097
2026-09-11 18:43:23.018 9 INFO neutron.wsgi [None req-6471130c-0a1e-47f3-84cc-14231e605b1b be5bcd99246f4205a107782ea040cf83 2c634ec5c8a7453eb90f94e3e3298741 - - default default] 10.0.0.177 "PUT /v2.0/networks/af518734-c42a-4840-b7ee-9668b2f47c01/tags/black.or.white HTTP/1.1" status: 201 len: 201 time: 0.0477517
2026-09-11 18:43:23.051 9 INFO neutron.wsgi [None req-82f3d425-8b4b-4139-9c3c-44cff1650abf be5bcd99246f4205a107782ea040cf83 2c634ec5c8a7453eb90f94e3e3298741 - - default default] 10.0.0.177 "GET /v2.0/networks/af518734-c42a-4840-b7ee-9668b2f47c01/tags HTTP/1.1" status: 200 len: 245 time: 0.0288897
2026-09-11 18:43:23.094 9 INFO neutron.wsgi [None req-52a00d87-120d-4eff-9858-25fd393d4d2e be5bcd99246f4205a107782ea040cf83 2c634ec5c8a7453eb90f94e3e3298741 - - default default] 10.0.0.177 "PUT /v2.0/networks/af518734-c42a-4840-b7ee-9668b2f47c01/tags HTTP/1.1" status: 200 len: 230 time: 0.0391436
2026-09-11 18:43:23.131 9 INFO neutron.wsgi [None req-0ae9ed98-3472-41f9-b757-fbf6d68ab57d be5bcd99246f4205a107782ea040cf83 2c634ec5c8a7453eb90f94e3e3298741 - - default default] 10.0.0.177 "GET /v2.0/networks/af518734-c42a-4840-b7ee-9668b2f47c01/tags HTTP/1.1" status: 200 len: 230 time: 0.0333068
2026-09-11 18:43:23.180 9 INFO neutron.wsgi [None req-a93b7b2e-67a7-41a2-a512-2a25a00f2ae6 be5bcd99246f4205a107782ea040cf83 2c634ec5c8a7453eb90f94e3e3298741 - - default default] 10.0.0.177 "GET /v2.0/networks/af518734-c42a-4840-b7ee-9668b2f47c01/tags/red HTTP/1.1" status: 204 len: 168 time: 0.0453146
2026-09-11 18:43:23.223 9 INFO neutron.api.v2.resource [None req-b4e1ffa5-7ac2-43e7-a54a-75e0bbf6856f be5bcd99246f4205a107782ea040cf83 2c634ec5c8a7453eb90f94e3e3298741 - - default default] show failed (client error): The resource could not be found.
2026-09-11 18:43:23.224 9 INFO neutron.wsgi [None req-b4e1ffa5-7ac2-43e7-a54a-75e0bbf6856f be5bcd99246f4205a107782ea040cf83 2c634ec5c8a7453eb90f94e3e3298741 - - default default] 10.0.0.177 "GET /v2.0/networks/af518734-c42a-4840-b7ee-9668b2f47c01/tags/green HTTP/1.1" status: 404 len: 299 time: 0.0373111
2026-09-11 18:43:23.292 9 INFO neutron.wsgi [None req-4ca76fdc-ab67-445e-8f1d-619f1e869ae6 be5bcd99246f4205a107782ea040cf83 2c634ec5c8a7453eb90f94e3e3298741 - - default default] 10.0.0.177 "DELETE /v2.0/networks/af518734-c42a-4840-b7ee-9668b2f47c01/tags/red HTTP/1.1" status: 204 len: 168 time: 0.0620153
2026-09-11 18:43:23.330 9 INFO neutron.wsgi [None req-763d0775-9bc2-4abe-8519-b60ebc9da79a be5bcd99246f4205a107782ea040cf83 2c634ec5c8a7453eb90f94e3e3298741 - - default default] 10.0.0.177 "GET /v2.0/networks/af518734-c42a-4840-b7ee-9668b2f47c01/tags HTTP/1.1" status: 200 len: 223 time: 0.0327179
2026-09-11 18:43:23.371 9 INFO neutron.api.v2.resource [None req-cd0df1c7-7e02-42a7-8c65-66440023e9d5 be5bcd99246f4205a107782ea040cf83 2c634ec5c8a7453eb90f94e3e3298741 - - default default] delete failed (client error): The resource could not be found.
2026-09-11 18:43:23.372 9 INFO neutron.wsgi [None req-cd0df1c7-7e02-42a7-8c65-66440023e9d5 be5bcd99246f4205a107782ea040cf83 2c634ec5c8a7453eb90f94e3e3298741 - - default default] 10.0.0.177 "DELETE /v2.0/networks/af518734-c42a-4840-b7ee-9668b2f47c01/tags/green HTTP/1.1" status: 404 len: 299 time: 0.0376525
2026-09-11 18:43:23.426 9 INFO neutron.wsgi [None req-56ed90e1-6f7b-404c-8182-c20167214473 be5bcd99246f4205a107782ea040cf83 2c634ec5c8a7453eb90f94e3e3298741 - - default default] 10.0.0.177 "DELETE /v2.0/networks/af518734-c42a-4840-b7ee-9668b2f47c01/tags HTTP/1.1" status: 204 len: 168 time: 0.0483468
2026-09-11 18:43:23.481 9 INFO neutron.wsgi [None req-7fb36104-ef99-4490-b6d5-cb04c515bd3c be5bcd99246f4205a107782ea040cf83 2c634ec5c8a7453eb90f94e3e3298741 - - default default] 10.0.0.177 "GET /v2.0/networks/af518734-c42a-4840-b7ee-9668b2f47c01/tags HTTP/1.1" status: 200 len: 205 time: 0.0486009
2026-09-11 18:43:23.495 10 INFO neutron.db.ovn_revision_numbers_db [None req-f50dabeb-daee-406b-ae90-8d3d12acea87 8562576d89f94413a70ae97a4a10cac3 9ce981192a854de79a7a83011ba2e14e - - default default] Successfully bumped revision number for resource 88730f44-a39b-491b-becb-0438354b0e33 (type: security_groups) to 1
2026-09-11 18:43:23.522 10 INFO neutron.db.ovn_revision_numbers_db [None req-f50dabeb-daee-406b-ae90-8d3d12acea87 8562576d89f94413a70ae97a4a10cac3 9ce981192a854de79a7a83011ba2e14e - - default default] Successfully bumped revision number for resource 6f0f5b4b-f58b-4aba-b0d0-3dc84e6a23e8 (type: security_group_rules) to 0
2026-09-11 18:43:23.553 9 INFO neutron.db.ovn_revision_numbers_db [None req-a82b972b-e36a-466b-bfa8-04276a1d14a9 8562576d89f94413a70ae97a4a10cac3 9ce981192a854de79a7a83011ba2e14e - - default default] Successfully bumped revision number for resource e93fc124-bf19-4ee6-baf0-010ea86324a6 (type: security_groups) to 1
2026-09-11 18:43:23.558 10 INFO neutron.db.ovn_revision_numbers_db [None req-f50dabeb-daee-406b-ae90-8d3d12acea87 8562576d89f94413a70ae97a4a10cac3 9ce981192a854de79a7a83011ba2e14e - - default default] Successfully bumped revision number for resource 71761703-c7a9-4373-b7c2-c96c26876bf7 (type: security_group_rules) to 0
2026-09-11 18:43:23.566 9 INFO neutron.db.ovn_revision_numbers_db [None req-a82b972b-e36a-466b-bfa8-04276a1d14a9 8562576d89f94413a70ae97a4a10cac3 9ce981192a854de79a7a83011ba2e14e - - default default] Successfully bumped revision number for resource 125b9e9b-4b5c-487a-a1a3-01a114c20a56 (type: security_group_rules) to 0
2026-09-11 18:43:23.580 9 INFO neutron.db.ovn_revision_numbers_db [None req-a82b972b-e36a-466b-bfa8-04276a1d14a9 8562576d89f94413a70ae97a4a10cac3 9ce981192a854de79a7a83011ba2e14e - - default default] Successfully bumped revision number for resource 436e8db9-2cb2-4e92-9dff-e8d471178d9f (type: security_group_rules) to 0
2026-09-11 18:43:23.583 10 INFO neutron.db.ovn_revision_numbers_db [None req-f50dabeb-daee-406b-ae90-8d3d12acea87 8562576d89f94413a70ae97a4a10cac3 9ce981192a854de79a7a83011ba2e14e - - default default] Successfully bumped revision number for resource 758075bc-c52f-452a-9f7e-deab77f89376 (type: security_group_rules) to 0
2026-09-11 18:43:23.592 9 INFO neutron.db.ovn_revision_numbers_db [None req-a82b972b-e36a-466b-bfa8-04276a1d14a9 8562576d89f94413a70ae97a4a10cac3 9ce981192a854de79a7a83011ba2e14e - - default default] Successfully bumped revision number for resource 7e8a3a57-cb36-49ba-bc1a-b15370622ee1 (type: security_group_rules) to 0
2026-09-11 18:43:23.607 9 INFO neutron.db.ovn_revision_numbers_db [None req-a82b972b-e36a-466b-bfa8-04276a1d14a9 8562576d89f94413a70ae97a4a10cac3 9ce981192a854de79a7a83011ba2e14e - - default default] Successfully bumped revision number for resource f2bf3b6a-b3a9-4229-a901-e24981ec237f (type: security_group_rules) to 0
2026-09-11 18:43:23.612 10 INFO neutron.db.ovn_revision_numbers_db [None req-f50dabeb-daee-406b-ae90-8d3d12acea87 8562576d89f94413a70ae97a4a10cac3 9ce981192a854de79a7a83011ba2e14e - - default default] Successfully bumped revision number for resource 78e081ad-6b1a-4a09-ab28-8104b13b5490 (type: security_group_rules) to 0
2026-09-11 18:43:23.631 9 INFO neutron.wsgi [None req-a82b972b-e36a-466b-bfa8-04276a1d14a9 8562576d89f94413a70ae97a4a10cac3 9ce981192a854de79a7a83011ba2e14e - - default default] 10.0.0.177 "GET /v2.0/security-groups?tenant_id=c4df0801c06744b7859e80ba8fe35023&name=default HTTP/1.1" status: 200 len: 2996 time: 0.2681289
2026-09-11 18:43:23.636 10 INFO neutron.wsgi [None req-f50dabeb-daee-406b-ae90-8d3d12acea87 8562576d89f94413a70ae97a4a10cac3 9ce981192a854de79a7a83011ba2e14e - - default default] 10.0.0.177 "GET /v2.0/security-groups?tenant_id=099b0be67d0d474c91b467e5c8705b6f&name=default HTTP/1.1" status: 200 len: 2996 time: 0.4464610
2026-09-11 18:43:23.822 9 INFO neutron.wsgi [None req-21e76b98-76a2-4771-851b-07c3289289e1 8562576d89f94413a70ae97a4a10cac3 9ce981192a854de79a7a83011ba2e14e - - default default] 10.0.0.177 "DELETE /v2.0/security-groups/e93fc124-bf19-4ee6-baf0-010ea86324a6 HTTP/1.1" status: 204 len: 168 time: 0.1869800
2026-09-11 18:43:23.960 10 INFO neutron.services.segments.plugin [-] Segment 4c4dffec-5c98-4eb3-b17e-578a038748b8 resource provider aggregate not found
2026-09-11 18:43:23.962 9 INFO neutron.wsgi [None req-1273f745-dd58-481c-95e8-c539c2dea080 8562576d89f94413a70ae97a4a10cac3 9ce981192a854de79a7a83011ba2e14e - - default default] 10.0.0.177 "GET /v2.0/security-groups?tenant_id=c209a279452145578339fb2c8dc61d78&name=default HTTP/1.1" status: 200 len: 2996 time: 0.0441365
2026-09-11 18:43:23.975 10 INFO neutron.services.segments.plugin [-] Segment 4c4dffec-5c98-4eb3-b17e-578a038748b8 resource provider aggregate not found
2026-09-11 18:43:23.985 10 INFO neutron.wsgi [None req-c317d7d5-c1dc-41f6-a952-dccedfe86465 8562576d89f94413a70ae97a4a10cac3 9ce981192a854de79a7a83011ba2e14e - - default default] 10.0.0.177 "DELETE /v2.0/security-groups/88730f44-a39b-491b-becb-0438354b0e33 HTTP/1.1" status: 204 len: 168 time: 0.3448219
2026-09-11 18:43:23.988 10 INFO neutron.services.segments.plugin [-] Segment 4c4dffec-5c98-4eb3-b17e-578a038748b8 resource provider not found; error: Placement Client Error (4xx): {"errors": [{"status": 404, "title": "Not Found", "detail": "The resource could not be found.\n\n No resource provider with uuid 4c4dffec-5c98-4eb3-b17e-578a038748b8 found for delete ", "request_id": "req-ab9adfdf-c0ef-444c-8f82-88728d9d0ee4"}]}
2026-09-11 18:43:23.995 10 INFO neutron.services.segments.plugin [-] Segment 4c4dffec-5c98-4eb3-b17e-578a038748b8 resource provider not found; error: Placement Client Error (4xx): {"errors": [{"status": 404, "title": "Not Found", "detail": "The resource could not be found.\n\n No resource provider with uuid 4c4dffec-5c98-4eb3-b17e-578a038748b8 found for delete ", "request_id": "req-9c1354be-fda8-43be-aa2a-c7b2bd6aef48"}]}
2026-09-11 18:43:24.013 10 INFO neutron.wsgi [None req-ee3b85d2-334f-47a7-9f99-f85a3364af46 be5bcd99246f4205a107782ea040cf83 2c634ec5c8a7453eb90f94e3e3298741 - - default default] 10.0.0.177 "DELETE /v2.0/networks/af518734-c42a-4840-b7ee-9668b2f47c01 HTTP/1.1" status: 204 len: 168 time: 0.5224109
2026-09-11 18:43:24.151 9 INFO neutron.wsgi [None req-ab2b7104-41ac-4c3b-a15f-1cc9f788947c 8562576d89f94413a70ae97a4a10cac3 9ce981192a854de79a7a83011ba2e14e - - default default] 10.0.0.177 "DELETE /v2.0/security-groups/c4b408b0-2c50-4479-bb0c-2cadb914a40a HTTP/1.1" status: 204 len: 168 time: 0.1849763
2026-09-11 18:43:24.432 9 INFO neutron.db.ovn_revision_numbers_db [None req-d61e3370-6466-46a6-afc3-0b71387aeea3 8562576d89f94413a70ae97a4a10cac3 9ce981192a854de79a7a83011ba2e14e - - default default] Successfully bumped revision number for resource 94bd3c86-c662-44de-88ef-16d4ef44697a (type: security_groups) to 1
2026-09-11 18:43:24.449 9 INFO neutron.db.ovn_revision_numbers_db [None req-d61e3370-6466-46a6-afc3-0b71387aeea3 8562576d89f94413a70ae97a4a10cac3 9ce981192a854de79a7a83011ba2e14e - - default default] Successfully bumped revision number for resource 142842bb-8d08-4692-b6ac-44f45bc09c67 (type: security_group_rules) to 0
2026-09-11 18:43:24.464 9 INFO neutron.db.ovn_revision_numbers_db [None req-d61e3370-6466-46a6-afc3-0b71387aeea3 8562576d89f94413a70ae97a4a10cac3 9ce981192a854de79a7a83011ba2e14e - - default default] Successfully bumped revision number for resource a51d8dbe-ccb6-4225-9a8d-b89019211e95 (type: security_group_rules) to 0
2026-09-11 18:43:24.477 9 INFO neutron.db.ovn_revision_numbers_db [None req-d61e3370-6466-46a6-afc3-0b71387aeea3 8562576d89f94413a70ae97a4a10cac3 9ce981192a854de79a7a83011ba2e14e - - default default] Successfully bumped revision number for resource c6724ef2-31e0-45d0-b538-ebc76b3cc505 (type: security_group_rules) to 0
2026-09-11 18:43:24.492 9 INFO neutron.db.ovn_revision_numbers_db [None req-d61e3370-6466-46a6-afc3-0b71387aeea3 8562576d89f94413a70ae97a4a10cac3 9ce981192a854de79a7a83011ba2e14e - - default default] Successfully bumped revision number for resource f6c705bb-510e-485d-ac93-d816fefd3824 (type: security_group_rules) to 0
2026-09-11 18:43:24.517 9 INFO neutron.wsgi [None req-d61e3370-6466-46a6-afc3-0b71387aeea3 8562576d89f94413a70ae97a4a10cac3 9ce981192a854de79a7a83011ba2e14e - - default default] 10.0.0.177 "GET /v2.0/security-groups?tenant_id=4d87b52cafdb4a64899acbd0dd80efe3&name=default HTTP/1.1" status: 200 len: 2996 time: 0.2090886
2026-09-11 18:43:24.725 9 INFO neutron.wsgi [None req-1598f2b7-12bd-44e5-b1d4-5565c2b30c49 8562576d89f94413a70ae97a4a10cac3 9ce981192a854de79a7a83011ba2e14e - - default default] 10.0.0.177 "DELETE /v2.0/security-groups/94bd3c86-c662-44de-88ef-16d4ef44697a HTTP/1.1" status: 204 len: 168 time: 0.1979673
2026-09-11 18:43:24.832 9 INFO neutron.wsgi [None req-65792176-86d2-41f6-830c-0afd54f25a04 8562576d89f94413a70ae97a4a10cac3 9ce981192a854de79a7a83011ba2e14e - - default default] 10.0.0.177 "GET /v2.0/security-groups?tenant_id=2c634ec5c8a7453eb90f94e3e3298741&name=default HTTP/1.1" status: 200 len: 2996 time: 0.1659367
2026-09-11 18:43:25.112 9 INFO neutron.wsgi [None req-a521e4a7-52d7-4e58-b982-e48cbbe4135f 8562576d89f94413a70ae97a4a10cac3 9ce981192a854de79a7a83011ba2e14e - - default default] 10.0.0.177 "DELETE /v2.0/security-groups/2bc29222-1da0-403d-9ee7-e133ff2f9656 HTTP/1.1" status: 204 len: 168 time: 0.2756085
2026-09-11 18:43:25.395 10 INFO neutron.db.ovn_revision_numbers_db [None req-2365c051-6154-4782-9533-18e2354ed69e 8562576d89f94413a70ae97a4a10cac3 9ce981192a854de79a7a83011ba2e14e - - default default] Successfully bumped revision number for resource 9fa9e1e4-8117-486d-a884-55ea665da17e (type: security_groups) to 1
2026-09-11 18:43:25.418 10 INFO neutron.db.ovn_revision_numbers_db [None req-2365c051-6154-4782-9533-18e2354ed69e 8562576d89f94413a70ae97a4a10cac3 9ce981192a854de79a7a83011ba2e14e - - default default] Successfully bumped revision number for resource 70c30526-703a-4ed4-bb9d-8c2035e8c8c3 (type: security_group_rules) to 0
2026-09-11 18:43:25.435 10 INFO neutron.db.ovn_revision_numbers_db [None req-2365c051-6154-4782-9533-18e2354ed69e 8562576d89f94413a70ae97a4a10cac3 9ce981192a854de79a7a83011ba2e14e - - default default] Successfully bumped revision number for resource b2ee4f6f-0734-4de0-9f2b-59c3db6f5f6e (type: security_group_rules) to 0
2026-09-11 18:43:25.454 10 INFO neutron.db.ovn_revision_numbers_db [None req-2365c051-6154-4782-9533-18e2354ed69e 8562576d89f94413a70ae97a4a10cac3 9ce981192a854de79a7a83011ba2e14e - - default default] Successfully bumped revision number for resource e2c0a8cc-01e2-4a3f-aa6e-259fff0e8474 (type: security_group_rules) to 0
2026-09-11 18:43:25.473 10 INFO neutron.db.ovn_revision_numbers_db [None req-2365c051-6154-4782-9533-18e2354ed69e 8562576d89f94413a70ae97a4a10cac3 9ce981192a854de79a7a83011ba2e14e - - default default] Successfully bumped revision number for resource f2937a2d-a10c-4334-9a49-aeb25ad759a9 (type: security_group_rules) to 0
2026-09-11 18:43:25.504 10 INFO neutron.wsgi [None req-2365c051-6154-4782-9533-18e2354ed69e 8562576d89f94413a70ae97a4a10cac3 9ce981192a854de79a7a83011ba2e14e - - default default] 10.0.0.177 "GET /v2.0/security-groups?tenant_id=8844f235df884dcf9d51616260d21525&name=default HTTP/1.1" status: 200 len: 2996 time: 0.2705951
2026-09-11 18:43:25.742 10 INFO neutron.wsgi [None req-7a9e58b7-e589-40dd-8ca0-72fdc214aaa1 8562576d89f94413a70ae97a4a10cac3 9ce981192a854de79a7a83011ba2e14e - - default default] 10.0.0.177 "DELETE /v2.0/security-groups/9fa9e1e4-8117-486d-a884-55ea665da17e HTTP/1.1" status: 204 len: 168 time: 0.2328548
2026-09-11 18:43:26.198 9 INFO neutron.db.ovn_revision_numbers_db [None req-5157fbd6-9830-4b77-94ba-b946e4997583 8562576d89f94413a70ae97a4a10cac3 9ce981192a854de79a7a83011ba2e14e - - default default] Successfully bumped revision number for resource ec9875e2-8f6d-4954-917a-efb13844fc1a (type: security_groups) to 1
2026-09-11 18:43:26.225 9 INFO neutron.db.ovn_revision_numbers_db [None req-5157fbd6-9830-4b77-94ba-b946e4997583 8562576d89f94413a70ae97a4a10cac3 9ce981192a854de79a7a83011ba2e14e - - default default] Successfully bumped revision number for resource 0245cc65-ba40-4f7a-b4db-8e40f6a07f8c (type: security_group_rules) to 0
2026-09-11 18:43:26.239 9 INFO neutron.db.ovn_revision_numbers_db [None req-5157fbd6-9830-4b77-94ba-b946e4997583 8562576d89f94413a70ae97a4a10cac3 9ce981192a854de79a7a83011ba2e14e - - default default] Successfully bumped revision number for resource 7385a111-f28e-4f8e-ab42-4be3ce943800 (type: security_group_rules) to 0
2026-09-11 18:43:26.254 9 INFO neutron.db.ovn_revision_numbers_db [None req-5157fbd6-9830-4b77-94ba-b946e4997583 8562576d89f94413a70ae97a4a10cac3 9ce981192a854de79a7a83011ba2e14e - - default default] Successfully bumped revision number for resource 93d4530c-b47c-4d34-b33d-83f0b29fb4c3 (type: security_group_rules) to 0
2026-09-11 18:43:26.274 9 INFO neutron.db.ovn_revision_numbers_db [None req-5157fbd6-9830-4b77-94ba-b946e4997583 8562576d89f94413a70ae97a4a10cac3 9ce981192a854de79a7a83011ba2e14e - - default default] Successfully bumped revision number for resource e14f8213-1e23-4a55-b07b-80e4166e9e7e (type: security_group_rules) to 0
2026-09-11 18:43:26.341 9 INFO neutron.db.segments_db [None req-5157fbd6-9830-4b77-94ba-b946e4997583 8562576d89f94413a70ae97a4a10cac3 9ce981192a854de79a7a83011ba2e14e - - default default] Added segment 27a15f5b-7e70-4c17-b58a-7bec06faaacb of type geneve for network d1f93086-bf06-4b2c-992a-342e10a75795
2026-09-11 18:43:26.464 9 INFO neutron.db.ovn_revision_numbers_db [None req-5157fbd6-9830-4b77-94ba-b946e4997583 8562576d89f94413a70ae97a4a10cac3 9ce981192a854de79a7a83011ba2e14e - - default default] Successfully bumped revision number for resource d1f93086-bf06-4b2c-992a-342e10a75795 (type: networks) to 1
2026-09-11 18:43:26.608 9 WARNING neutron.scheduler.dhcp_agent_scheduler [None req-5157fbd6-9830-4b77-94ba-b946e4997583 8562576d89f94413a70ae97a4a10cac3 9ce981192a854de79a7a83011ba2e14e - - default default] No more DHCP agents
2026-09-11 18:43:26.611 9 WARNING neutron.api.rpc.agentnotifiers.dhcp_rpc_agent_api [None req-5157fbd6-9830-4b77-94ba-b946e4997583 8562576d89f94413a70ae97a4a10cac3 9ce981192a854de79a7a83011ba2e14e - - default default] Unable to schedule network d1f93086-bf06-4b2c-992a-342e10a75795: no agents available; will retry on subsequent port and subnet creation events.
2026-09-11 18:43:26.679 9 INFO neutron.db.ovn_revision_numbers_db [None req-5157fbd6-9830-4b77-94ba-b946e4997583 8562576d89f94413a70ae97a4a10cac3 9ce981192a854de79a7a83011ba2e14e - - default default] Successfully bumped revision number for resource 9f1ec5bf-d934-4c17-90f4-88667244508f (type: ports) to 1
2026-09-11 18:43:26.697 9 INFO neutron.wsgi [None req-5157fbd6-9830-4b77-94ba-b946e4997583 8562576d89f94413a70ae97a4a10cac3 9ce981192a854de79a7a83011ba2e14e - - default default] 10.0.0.177 "POST /v2.0/networks HTTP/1.1" status: 201 len: 943 time: 0.7715881
2026-09-11 18:43:26.869 9 WARNING neutron.scheduler.dhcp_agent_scheduler [None req-f9875f8e-36aa-499f-bad0-bcd2d84bd2e9 8562576d89f94413a70ae97a4a10cac3 9ce981192a854de79a7a83011ba2e14e - - default default] No more DHCP agents
2026-09-11 18:43:26.871 9 WARNING neutron.api.rpc.agentnotifiers.dhcp_rpc_agent_api [None req-f9875f8e-36aa-499f-bad0-bcd2d84bd2e9 8562576d89f94413a70ae97a4a10cac3 9ce981192a854de79a7a83011ba2e14e - - default default] Unable to schedule network d1f93086-bf06-4b2c-992a-342e10a75795: no agents available; will retry on subsequent port and subnet creation events.
2026-09-11 18:43:27.356 10 INFO neutron.wsgi [-] 10.0.0.155 "GET / HTTP/1.1" status: 200 len: 247 time: 0.0022230
2026-09-11 18:43:27.361 10 INFO neutron.wsgi [-] 10.0.0.155 "GET / HTTP/1.1" status: 200 len: 247 time: 0.0034914
2026-09-11 18:43:27.394 9 INFO neutron.db.ovn_revision_numbers_db [None req-f9875f8e-36aa-499f-bad0-bcd2d84bd2e9 8562576d89f94413a70ae97a4a10cac3 9ce981192a854de79a7a83011ba2e14e - - default default] Successfully bumped revision number for resource 9f1ec5bf-d934-4c17-90f4-88667244508f (type: ports) to 2
2026-09-11 18:43:27.430 9 INFO neutron.db.ovn_revision_numbers_db [None req-f9875f8e-36aa-499f-bad0-bcd2d84bd2e9 8562576d89f94413a70ae97a4a10cac3 9ce981192a854de79a7a83011ba2e14e - - default default] Successfully bumped revision number for resource 17f36340-a497-4a95-962a-f1a35b68a3ae (type: subnets) to 0
2026-09-11 18:43:27.445 9 INFO neutron.wsgi [None req-f9875f8e-36aa-499f-bad0-bcd2d84bd2e9 8562576d89f94413a70ae97a4a10cac3 9ce981192a854de79a7a83011ba2e14e - - default default] 10.0.0.177 "POST /v2.0/subnets HTTP/1.1" status: 201 len: 863 time: 0.7417614
2026-09-11 18:43:27.927 9 WARNING neutron.scheduler.dhcp_agent_scheduler [None req-68304ef7-98c3-41ef-897a-467ff266f2b4 8562576d89f94413a70ae97a4a10cac3 9ce981192a854de79a7a83011ba2e14e - - default default] No more DHCP agents
2026-09-11 18:43:27.929 9 WARNING neutron.api.rpc.agentnotifiers.dhcp_rpc_agent_api [None req-68304ef7-98c3-41ef-897a-467ff266f2b4 8562576d89f94413a70ae97a4a10cac3 9ce981192a854de79a7a83011ba2e14e - - default default] Unable to schedule network a99854ed-6c4f-4a71-9877-457a1a1331f2: no agents available; will retry on subsequent port and subnet creation events.
2026-09-11 18:43:28.081 9 INFO neutron.db.ovn_revision_numbers_db [None req-68304ef7-98c3-41ef-897a-467ff266f2b4 8562576d89f94413a70ae97a4a10cac3 9ce981192a854de79a7a83011ba2e14e - - default default] Successfully bumped revision number for resource 669c3a08-7118-464c-940a-78c014fc8a8a (type: ports) to 1
2026-09-11 18:43:28.463 9 INFO neutron.wsgi [req-5b9678ed-f9ed-476c-b93c-343b7bbacfbc req-1772176c-2799-463e-92f1-b122bbf5f4e7 de18b38f1d104553960f5b7cb428024d acd9b28c1e554811952565e57a64a38f - - 5d5f0506ef9341d5ba3af6ed6779e1e5 5d5f0506ef9341d5ba3af6ed6779e1e5] 10.0.0.19 "GET /v2.0/ports?device_id=9afc4b31-53e3-4e98-9ce9-c4c6d2c43a5c HTTP/1.1" status: 200 len: 1409 time: 0.0410883
2026-09-11 18:43:28.542 9 INFO neutron.wsgi [req-5b9678ed-f9ed-476c-b93c-343b7bbacfbc req-4912e8af-a3ab-4fdd-99db-2023d0ccd8c6 de18b38f1d104553960f5b7cb428024d acd9b28c1e554811952565e57a64a38f - - 5d5f0506ef9341d5ba3af6ed6779e1e5 5d5f0506ef9341d5ba3af6ed6779e1e5] 10.0.0.19 "GET /v2.0/security-groups?id=8b998e03-62ec-40a5-9ee6-a3fc2b6c233b&fields=id&fields=name HTTP/1.1" status: 200 len: 312 time: 0.0722940
