2026-09-11 18:44:58.138 9 INFO neutron.wsgi [None req-36764589-12de-4914-89af-242a808c824f 5be50a5fd12746028d2fcc1bb83dd554 9944af9a82fa453bb10c646317d7b512 - - default default] 10.0.0.177 "GET /v2.0/networks/d9e4a449-b370-4542-a8fb-dcd6d1bf7c07/tags HTTP/1.1" status: 200 len: 218 time: 0.0633957
2026-09-11 18:44:58.143 10 INFO neutron.db.ovn_revision_numbers_db [None req-9284e199-9cd0-464d-bba3-c99a9b7010f4 e3ddca86f32548db97feff22867548c7 23c2b0487176475abf150d681e5986dc - - default default] Successfully bumped revision number for resource 81832288-ef4d-444b-82d7-1e660500a056 (type: routers) to 1
2026-09-11 18:44:58.165 10 INFO neutron.wsgi [None req-9284e199-9cd0-464d-bba3-c99a9b7010f4 e3ddca86f32548db97feff22867548c7 23c2b0487176475abf150d681e5986dc - - default default] 10.0.0.177 "POST /v2.0/routers HTTP/1.1" status: 201 len: 654 time: 0.4662046
2026-09-11 18:44:58.193 9 INFO neutron.wsgi [None req-2130afb9-3ed0-415a-a17e-ecd951f66abc 5be50a5fd12746028d2fcc1bb83dd554 9944af9a82fa453bb10c646317d7b512 - - default default] 10.0.0.177 "PUT /v2.0/networks/3393d925-7e43-4829-a7f7-6c4a7c02fd39/tags HTTP/1.1" status: 200 len: 210 time: 0.0492144
2026-09-11 18:44:58.254 10 INFO neutron.wsgi [None req-7c86181a-eeea-46d3-93a5-7b37157b7088 5be50a5fd12746028d2fcc1bb83dd554 9944af9a82fa453bb10c646317d7b512 - - default default] 10.0.0.177 "GET /v2.0/networks/3393d925-7e43-4829-a7f7-6c4a7c02fd39/tags HTTP/1.1" status: 200 len: 210 time: 0.0556040
2026-09-11 18:44:58.330 9 INFO neutron.wsgi [None req-de9f37cb-a6bc-47ab-b54f-02f77d105bf0 5be50a5fd12746028d2fcc1bb83dd554 9944af9a82fa453bb10c646317d7b512 - - default default] 10.0.0.177 "PUT /v2.0/networks/3393d925-7e43-4829-a7f7-6c4a7c02fd39/tags HTTP/1.1" status: 200 len: 205 time: 0.0711510
2026-09-11 18:44:58.376 9 INFO neutron.wsgi [None req-75949198-9652-4e23-be1b-01e6cf880192 5be50a5fd12746028d2fcc1bb83dd554 9944af9a82fa453bb10c646317d7b512 - - default default] 10.0.0.177 "GET /v2.0/networks/3393d925-7e43-4829-a7f7-6c4a7c02fd39/tags HTTP/1.1" status: 200 len: 205 time: 0.0407729
2026-09-11 18:44:58.387 10 INFO neutron.db.ovn_revision_numbers_db [None req-b4df6bb1-569c-461b-8ffb-a94c92efa4a6 e3ddca86f32548db97feff22867548c7 23c2b0487176475abf150d681e5986dc - - default default] Successfully bumped revision number for resource 1133647f-0616-42c1-bf89-34f3ae937545 (type: routers) to 1
2026-09-11 18:44:58.403 10 INFO neutron.wsgi [None req-b4df6bb1-569c-461b-8ffb-a94c92efa4a6 e3ddca86f32548db97feff22867548c7 23c2b0487176475abf150d681e5986dc - - default default] 10.0.0.177 "POST /v2.0/routers HTTP/1.1" status: 201 len: 654 time: 0.2327156
2026-09-11 18:44:58.418 9 INFO neutron.wsgi [None req-21ae0615-f12e-4816-8f1c-8c164603b4ae 5be50a5fd12746028d2fcc1bb83dd554 9944af9a82fa453bb10c646317d7b512 - - default default] 10.0.0.177 "GET /v2.0/networks/d9e4a449-b370-4542-a8fb-dcd6d1bf7c07/tags HTTP/1.1" status: 200 len: 218 time: 0.0368314
2026-09-11 18:44:58.607 10 INFO neutron.db.ovn_revision_numbers_db [None req-da7c079b-f196-4742-9b3c-4277255f1982 e3ddca86f32548db97feff22867548c7 23c2b0487176475abf150d681e5986dc - - default default] Successfully bumped revision number for resource 53bb4b97-24de-4b88-822a-b396f8fa68bc (type: routers) to 1
2026-09-11 18:44:58.623 10 INFO neutron.wsgi [None req-da7c079b-f196-4742-9b3c-4277255f1982 e3ddca86f32548db97feff22867548c7 23c2b0487176475abf150d681e5986dc - - default default] 10.0.0.177 "POST /v2.0/routers HTTP/1.1" status: 201 len: 654 time: 0.2151463
2026-09-11 18:44:58.801 9 INFO neutron.db.ovn_revision_numbers_db [None req-875574de-bf53-41fa-be59-f662f6aaf347 e3ddca86f32548db97feff22867548c7 23c2b0487176475abf150d681e5986dc - - default default] Successfully bumped revision number for resource 558c84fe-0928-4f26-af1f-dc02db36960e (type: routers) to 1
2026-09-11 18:44:58.820 10 INFO neutron.services.segments.plugin [-] Segment add6c012-4005-4f37-aa50-94fd1b6f0b8e resource provider aggregate not found
2026-09-11 18:44:58.822 9 INFO neutron.wsgi [None req-875574de-bf53-41fa-be59-f662f6aaf347 e3ddca86f32548db97feff22867548c7 23c2b0487176475abf150d681e5986dc - - default default] 10.0.0.177 "POST /v2.0/routers HTTP/1.1" status: 201 len: 654 time: 0.1891158
2026-09-11 18:44:58.825 10 INFO neutron.services.segments.plugin [-] Segment add6c012-4005-4f37-aa50-94fd1b6f0b8e resource provider aggregate not found
2026-09-11 18:44:58.842 10 INFO neutron.services.segments.plugin [-] Segment add6c012-4005-4f37-aa50-94fd1b6f0b8e resource provider not found; error: Placement Client Error (4xx): {"errors": [{"status": 404, "title": "Not Found", "detail": "The resource could not be found.\n\n No resource provider with uuid add6c012-4005-4f37-aa50-94fd1b6f0b8e found for delete ", "request_id": "req-152b72b4-4631-41cc-a595-1b774d08928a"}]}
2026-09-11 18:44:58.843 10 INFO neutron.services.segments.plugin [-] Segment add6c012-4005-4f37-aa50-94fd1b6f0b8e resource provider not found; error: Placement Client Error (4xx): {"errors": [{"status": 404, "title": "Not Found", "detail": "The resource could not be found.\n\n No resource provider with uuid add6c012-4005-4f37-aa50-94fd1b6f0b8e found for delete ", "request_id": "req-9af98f4e-7f10-480c-a13e-fa5bb610d3f1"}]}
2026-09-11 18:44:58.857 10 INFO neutron.wsgi [None req-c86f1fd0-509c-445c-87d5-7863d5e18cf7 5be50a5fd12746028d2fcc1bb83dd554 9944af9a82fa453bb10c646317d7b512 - - default default] 10.0.0.177 "DELETE /v2.0/networks/d9e4a449-b370-4542-a8fb-dcd6d1bf7c07 HTTP/1.1" status: 204 len: 168 time: 0.4291997
2026-09-11 18:44:59.017 9 INFO neutron.db.ovn_revision_numbers_db [None req-2f3ed2cf-4b68-4316-8708-99a8f772f92d e3ddca86f32548db97feff22867548c7 23c2b0487176475abf150d681e5986dc - - default default] Successfully bumped revision number for resource 8e1c64bb-f5fa-43f0-84fc-9b0fe8875507 (type: routers) to 1
2026-09-11 18:44:59.029 9 INFO neutron.wsgi [None req-2f3ed2cf-4b68-4316-8708-99a8f772f92d e3ddca86f32548db97feff22867548c7 23c2b0487176475abf150d681e5986dc - - default default] 10.0.0.177 "POST /v2.0/routers HTTP/1.1" status: 201 len: 654 time: 0.2025931
2026-09-11 18:44:59.076 9 INFO neutron.wsgi [None req-2fa464b8-1463-4a8d-8022-8331ef02f2fe e3ddca86f32548db97feff22867548c7 23c2b0487176475abf150d681e5986dc - - default default] 10.0.0.177 "PUT /v2.0/routers/81832288-ef4d-444b-82d7-1e660500a056/tags HTTP/1.1" status: 200 len: 210 time: 0.0420501
2026-09-11 18:44:59.126 9 INFO neutron.wsgi [None req-c9c6004b-3f2a-4fc5-92ef-0b715471719b e3ddca86f32548db97feff22867548c7 23c2b0487176475abf150d681e5986dc - - default default] 10.0.0.177 "PUT /v2.0/routers/1133647f-0616-42c1-bf89-34f3ae937545/tags HTTP/1.1" status: 200 len: 218 time: 0.0418365
2026-09-11 18:44:59.176 9 INFO neutron.wsgi [None req-ca295f28-3d55-4f27-ba71-6f501010f7b9 e3ddca86f32548db97feff22867548c7 23c2b0487176475abf150d681e5986dc - - default default] 10.0.0.177 "PUT /v2.0/routers/53bb4b97-24de-4b88-822a-b396f8fa68bc/tags HTTP/1.1" status: 200 len: 227 time: 0.0451136
2026-09-11 18:44:59.209 10 INFO neutron.wsgi [None req-1b28a7f6-625b-4651-a204-698c83037201 5be50a5fd12746028d2fcc1bb83dd554 9944af9a82fa453bb10c646317d7b512 - - default default] 10.0.0.177 "DELETE /v2.0/networks/3393d925-7e43-4829-a7f7-6c4a7c02fd39 HTTP/1.1" status: 204 len: 168 time: 0.3443694
2026-09-11 18:44:59.221 9 INFO neutron.wsgi [None req-f23579ff-7385-45d7-95bf-980e6d470635 e3ddca86f32548db97feff22867548c7 23c2b0487176475abf150d681e5986dc - - default default] 10.0.0.177 "PUT /v2.0/routers/558c84fe-0928-4f26-af1f-dc02db36960e/tags HTTP/1.1" status: 200 len: 212 time: 0.0406046
2026-09-11 18:44:59.284 9 INFO neutron.wsgi [None req-95a94412-438b-42f8-b136-bb74fce35b84 e3ddca86f32548db97feff22867548c7 23c2b0487176475abf150d681e5986dc - - default default] 10.0.0.177 "GET /v2.0/routers?tags=red HTTP/1.1" status: 200 len: 1601 time: 0.0574899
2026-09-11 18:44:59.346 9 INFO neutron.wsgi [None req-f879c4f9-c2c6-453e-a98f-cbbd54e2096a e3ddca86f32548db97feff22867548c7 23c2b0487176475abf150d681e5986dc - - default default] 10.0.0.177 "GET /v2.0/routers?tags=red%2Cblue HTTP/1.1" status: 200 len: 1144 time: 0.0564988
2026-09-11 18:44:59.403 9 INFO neutron.wsgi [None req-51fc2c0c-a3cb-4036-92af-1bb9fa33c579 e3ddca86f32548db97feff22867548c7 23c2b0487176475abf150d681e5986dc - - default default] 10.0.0.177 "GET /v2.0/routers?tags-any=blue HTTP/1.1" status: 200 len: 1144 time: 0.0519865
2026-09-11 18:44:59.447 9 INFO neutron.wsgi [None req-948e5ab0-5ffc-4e8a-913b-b475dfd0e661 e3ddca86f32548db97feff22867548c7 23c2b0487176475abf150d681e5986dc - - default default] 10.0.0.177 "GET /v2.0/routers?tags-any=red%2Cblue HTTP/1.1" status: 200 len: 1601 time: 0.0380802
2026-09-11 18:44:59.720 9 INFO neutron.wsgi [None req-121b7aab-a5f5-49a1-a689-de687dac3b9c e3ddca86f32548db97feff22867548c7 23c2b0487176475abf150d681e5986dc - - default default] 10.0.0.177 "GET /v2.0/routers?not-tags=red HTTP/1.1" status: 200 len: 1116 time: 0.2688885
2026-09-11 18:44:59.786 9 INFO neutron.wsgi [None req-06379faf-0278-4117-8946-33a6feab3ce5 e3ddca86f32548db97feff22867548c7 23c2b0487176475abf150d681e5986dc - - default default] 10.0.0.177 "GET /v2.0/routers?not-tags=red%2Cblue HTTP/1.1" status: 200 len: 1573 time: 0.0606954
2026-09-11 18:44:59.848 9 INFO neutron.wsgi [None req-7f806eb1-540b-4038-8de0-01c6798f91da e3ddca86f32548db97feff22867548c7 23c2b0487176475abf150d681e5986dc - - default default] 10.0.0.177 "GET /v2.0/routers?not-tags-any=blue HTTP/1.1" status: 200 len: 1573 time: 0.0560889
2026-09-11 18:44:59.898 9 INFO neutron.wsgi [None req-a3e73264-124a-40e1-9d60-9a2170862fd2 e3ddca86f32548db97feff22867548c7 23c2b0487176475abf150d681e5986dc - - default default] 10.0.0.177 "GET /v2.0/routers?not-tags-any=red%2Cblue HTTP/1.1" status: 200 len: 1116 time: 0.0420780
2026-09-11 18:44:59.964 9 INFO neutron.wsgi [None req-5bd06203-e488-4b7d-8b0f-8ad155d86c47 e3ddca86f32548db97feff22867548c7 23c2b0487176475abf150d681e5986dc - - default default] 10.0.0.177 "GET /v2.0/routers/81832288-ef4d-444b-82d7-1e660500a056 HTTP/1.1" status: 200 len: 660 time: 0.0579040
2026-09-11 18:45:00.154 10 INFO neutron.wsgi [None req-d7a3aa35-c8f9-4829-a5ee-9643d25d62da 8562576d89f94413a70ae97a4a10cac3 9ce981192a854de79a7a83011ba2e14e - - default default] 10.0.0.177 "GET /v2.0/security-groups?tenant_id=9944af9a82fa453bb10c646317d7b512&name=default HTTP/1.1" status: 200 len: 3000 time: 0.1634526
2026-09-11 18:45:00.447 10 INFO neutron.wsgi [None req-a0565523-4d9a-4d79-90cc-c5137ca072ba 8562576d89f94413a70ae97a4a10cac3 9ce981192a854de79a7a83011ba2e14e - - default default] 10.0.0.177 "DELETE /v2.0/security-groups/6bdc64e9-742f-4bbe-8bd3-eb0cb82c8359 HTTP/1.1" status: 204 len: 168 time: 0.2860355
2026-09-11 18:45:00.504 9 INFO neutron.db.ovn_revision_numbers_db [None req-ecf2c7a2-8b8e-40df-b06f-10b2941fb84b e3ddca86f32548db97feff22867548c7 23c2b0487176475abf150d681e5986dc - - default default] Successfully bumped revision number for resource 81832288-ef4d-444b-82d7-1e660500a056 (type: routers) to 2
2026-09-11 18:45:00.507 9 INFO neutron.wsgi [None req-ecf2c7a2-8b8e-40df-b06f-10b2941fb84b e3ddca86f32548db97feff22867548c7 23c2b0487176475abf150d681e5986dc - - default default] 10.0.0.177 "PUT /v2.0/routers/81832288-ef4d-444b-82d7-1e660500a056 HTTP/1.1" status: 200 len: 660 time: 0.5384960
2026-09-11 18:45:00.527 9 INFO neutron.wsgi [None req-f8a96fc9-a197-4309-9736-69a3ef4d5506 e3ddca86f32548db97feff22867548c7 23c2b0487176475abf150d681e5986dc - - default default] 10.0.0.177 "GET /v2.0/ports?device_id=81832288-ef4d-444b-82d7-1e660500a056 HTTP/1.1" status: 200 len: 205 time: 0.0154414
2026-09-11 18:45:00.721 9 INFO neutron.wsgi [None req-14c6114c-e182-4de3-aae4-5672bbfec9d3 e3ddca86f32548db97feff22867548c7 23c2b0487176475abf150d681e5986dc - - default default] 10.0.0.177 "DELETE /v2.0/routers/81832288-ef4d-444b-82d7-1e660500a056 HTTP/1.1" status: 204 len: 168 time: 0.1907673
2026-09-11 18:45:00.776 9 INFO neutron.db.ovn_revision_numbers_db [None req-4ffbc837-7818-4a17-9201-f1d7bd0ea7cb 8562576d89f94413a70ae97a4a10cac3 9ce981192a854de79a7a83011ba2e14e - - default default] Successfully bumped revision number for resource 325e13be-3ab0-4f04-9ff7-f7bc9f2260ca (type: security_groups) to 1
2026-09-11 18:45:00.785 10 INFO neutron.wsgi [None req-a62071df-56a1-40dc-b0c6-0cf7d77ea09e e3ddca86f32548db97feff22867548c7 23c2b0487176475abf150d681e5986dc - - default default] 10.0.0.177 "GET /v2.0/routers/1133647f-0616-42c1-bf89-34f3ae937545 HTTP/1.1" status: 200 len: 668 time: 0.0598111
2026-09-11 18:45:00.792 9 INFO neutron.db.ovn_revision_numbers_db [None req-4ffbc837-7818-4a17-9201-f1d7bd0ea7cb 8562576d89f94413a70ae97a4a10cac3 9ce981192a854de79a7a83011ba2e14e - - default default] Successfully bumped revision number for resource 28f9f382-3220-4f61-9e22-482b345d2368 (type: security_group_rules) to 0
2026-09-11 18:45:00.805 9 INFO neutron.db.ovn_revision_numbers_db [None req-4ffbc837-7818-4a17-9201-f1d7bd0ea7cb 8562576d89f94413a70ae97a4a10cac3 9ce981192a854de79a7a83011ba2e14e - - default default] Successfully bumped revision number for resource 3dd853d5-385d-4d69-ad3c-86f5b03baea6 (type: security_group_rules) to 0
2026-09-11 18:45:00.819 9 INFO neutron.db.ovn_revision_numbers_db [None req-4ffbc837-7818-4a17-9201-f1d7bd0ea7cb 8562576d89f94413a70ae97a4a10cac3 9ce981192a854de79a7a83011ba2e14e - - default default] Successfully bumped revision number for resource b4ffbd1d-03d4-4f73-8e54-9c55e7ffc482 (type: security_group_rules) to 0
2026-09-11 18:45:00.830 9 INFO neutron.db.ovn_revision_numbers_db [None req-4ffbc837-7818-4a17-9201-f1d7bd0ea7cb 8562576d89f94413a70ae97a4a10cac3 9ce981192a854de79a7a83011ba2e14e - - default default] Successfully bumped revision number for resource ddbc15ba-4507-4fc6-b687-f26634e16bef (type: security_group_rules) to 0
2026-09-11 18:45:00.859 9 INFO neutron.wsgi [None req-4ffbc837-7818-4a17-9201-f1d7bd0ea7cb 8562576d89f94413a70ae97a4a10cac3 9ce981192a854de79a7a83011ba2e14e - - default default] 10.0.0.177 "GET /v2.0/security-groups?tenant_id=eb989a7b739941caba617ac9149a370b&name=default HTTP/1.1" status: 200 len: 3000 time: 0.2341464
2026-09-11 18:45:00.874 10 INFO neutron.services.segments.plugin [-] Segment a7c79363-8f6b-4911-9acd-88e502ffb70b resource provider aggregate not found
2026-09-11 18:45:00.879 10 INFO neutron.services.segments.plugin [-] Segment a7c79363-8f6b-4911-9acd-88e502ffb70b resource provider aggregate not found
2026-09-11 18:45:00.893 10 INFO neutron.services.segments.plugin [-] Segment a7c79363-8f6b-4911-9acd-88e502ffb70b resource provider not found; error: Placement Client Error (4xx): {"errors": [{"status": 404, "title": "Not Found", "detail": "The resource could not be found.\n\n No resource provider with uuid a7c79363-8f6b-4911-9acd-88e502ffb70b found for delete ", "request_id": "req-0f2f76c4-49e2-4c64-9313-445141debd08"}]}
2026-09-11 18:45:00.908 10 INFO neutron.services.segments.plugin [-] Segment a7c79363-8f6b-4911-9acd-88e502ffb70b resource provider not found; error: Placement Client Error (4xx): {"errors": [{"status": 404, "title": "Not Found", "detail": "The resource could not be found.\n\n No resource provider with uuid a7c79363-8f6b-4911-9acd-88e502ffb70b found for delete ", "request_id": "req-cf9a8706-bec0-423e-8dfb-ce143072ee24"}]}
2026-09-11 18:45:01.043 9 INFO neutron.wsgi [None req-b635ce00-83c4-486e-aab1-f2dcb593136a 8562576d89f94413a70ae97a4a10cac3 9ce981192a854de79a7a83011ba2e14e - - default default] 10.0.0.177 "DELETE /v2.0/security-groups/325e13be-3ab0-4f04-9ff7-f7bc9f2260ca HTTP/1.1" status: 204 len: 168 time: 0.1737399
2026-09-11 18:45:01.256 10 INFO neutron.db.ovn_revision_numbers_db [None req-1d76ea83-f233-4dbb-9f29-962a8e5aa299 e3ddca86f32548db97feff22867548c7 23c2b0487176475abf150d681e5986dc - - default default] Successfully bumped revision number for resource 1133647f-0616-42c1-bf89-34f3ae937545 (type: routers) to 2
2026-09-11 18:45:01.258 10 INFO neutron.wsgi [None req-1d76ea83-f233-4dbb-9f29-962a8e5aa299 e3ddca86f32548db97feff22867548c7 23c2b0487176475abf150d681e5986dc - - default default] 10.0.0.177 "PUT /v2.0/routers/1133647f-0616-42c1-bf89-34f3ae937545 HTTP/1.1" status: 200 len: 668 time: 0.4694653
2026-09-11 18:45:01.288 10 INFO neutron.wsgi [None req-4728a041-3425-46c9-bd50-b9a36bf133fb e3ddca86f32548db97feff22867548c7 23c2b0487176475abf150d681e5986dc - - default default] 10.0.0.177 "GET /v2.0/ports?device_id=1133647f-0616-42c1-bf89-34f3ae937545 HTTP/1.1" status: 200 len: 205 time: 0.0212553
2026-09-11 18:45:01.500 10 INFO neutron.wsgi [None req-68761284-4cf2-4167-9b89-4e5fbc0806c0 e3ddca86f32548db97feff22867548c7 23c2b0487176475abf150d681e5986dc - - default default] 10.0.0.177 "DELETE /v2.0/routers/1133647f-0616-42c1-bf89-34f3ae937545 HTTP/1.1" status: 204 len: 168 time: 0.2072117
2026-09-11 18:45:01.541 10 INFO neutron.wsgi [None req-ad0c2679-54e6-4ae1-b755-c674bfd1b497 e3ddca86f32548db97feff22867548c7 23c2b0487176475abf150d681e5986dc - - default default] 10.0.0.177 "GET /v2.0/routers/53bb4b97-24de-4b88-822a-b396f8fa68bc HTTP/1.1" status: 200 len: 677 time: 0.0354209
2026-09-11 18:45:02.202 10 INFO neutron.db.ovn_revision_numbers_db [None req-709f9f3f-efc1-470c-9e2e-7a9f6331aaec e3ddca86f32548db97feff22867548c7 23c2b0487176475abf150d681e5986dc - - default default] Successfully bumped revision number for resource 53bb4b97-24de-4b88-822a-b396f8fa68bc (type: routers) to 2
2026-09-11 18:45:02.207 10 INFO neutron.wsgi [None req-709f9f3f-efc1-470c-9e2e-7a9f6331aaec e3ddca86f32548db97feff22867548c7 23c2b0487176475abf150d681e5986dc - - default default] 10.0.0.177 "PUT /v2.0/routers/53bb4b97-24de-4b88-822a-b396f8fa68bc HTTP/1.1" status: 200 len: 677 time: 0.6585627
2026-09-11 18:45:02.241 10 INFO neutron.wsgi [None req-6ea1a4f1-1f5b-4b18-8409-7c6926eae3c1 e3ddca86f32548db97feff22867548c7 23c2b0487176475abf150d681e5986dc - - default default] 10.0.0.177 "GET /v2.0/ports?device_id=53bb4b97-24de-4b88-822a-b396f8fa68bc HTTP/1.1" status: 200 len: 205 time: 0.0274673
2026-09-11 18:45:02.535 10 INFO neutron.wsgi [None req-bff094be-a527-4ee1-99a2-0478ed552b4f e3ddca86f32548db97feff22867548c7 23c2b0487176475abf150d681e5986dc - - default default] 10.0.0.177 "DELETE /v2.0/routers/53bb4b97-24de-4b88-822a-b396f8fa68bc HTTP/1.1" status: 204 len: 168 time: 0.2890122
2026-09-11 18:45:02.589 10 INFO neutron.wsgi [None req-d622e1bd-2fcd-4523-8207-7e8a84186d7d e3ddca86f32548db97feff22867548c7 23c2b0487176475abf150d681e5986dc - - default default] 10.0.0.177 "GET /v2.0/routers/558c84fe-0928-4f26-af1f-dc02db36960e HTTP/1.1" status: 200 len: 662 time: 0.0484734
2026-09-11 18:45:03.043 10 INFO neutron.db.ovn_revision_numbers_db [None req-f95a621f-1ee3-4c55-96f1-8e4777f00acc e3ddca86f32548db97feff22867548c7 23c2b0487176475abf150d681e5986dc - - default default] Successfully bumped revision number for resource 558c84fe-0928-4f26-af1f-dc02db36960e (type: routers) to 2
2026-09-11 18:45:03.046 10 INFO neutron.wsgi [None req-f95a621f-1ee3-4c55-96f1-8e4777f00acc e3ddca86f32548db97feff22867548c7 23c2b0487176475abf150d681e5986dc - - default default] 10.0.0.177 "PUT /v2.0/routers/558c84fe-0928-4f26-af1f-dc02db36960e HTTP/1.1" status: 200 len: 662 time: 0.4516995
2026-09-11 18:45:03.070 10 INFO neutron.wsgi [None req-90d167f0-c480-4d26-b22b-b31b6e3fec0b e3ddca86f32548db97feff22867548c7 23c2b0487176475abf150d681e5986dc - - default default] 10.0.0.177 "GET /v2.0/ports?device_id=558c84fe-0928-4f26-af1f-dc02db36960e HTTP/1.1" status: 200 len: 205 time: 0.0184560
2026-09-11 18:45:03.238 10 INFO neutron.wsgi [None req-12fa4624-bc18-4a80-b3bc-098104ffc493 e3ddca86f32548db97feff22867548c7 23c2b0487176475abf150d681e5986dc - - default default] 10.0.0.177 "DELETE /v2.0/routers/558c84fe-0928-4f26-af1f-dc02db36960e HTTP/1.1" status: 204 len: 168 time: 0.1625764
2026-09-11 18:45:03.274 10 INFO neutron.wsgi [None req-d364b888-6ac0-4871-99eb-9bf709203a8a e3ddca86f32548db97feff22867548c7 23c2b0487176475abf150d681e5986dc - - default default] 10.0.0.177 "GET /v2.0/routers/8e1c64bb-f5fa-43f0-84fc-9b0fe8875507 HTTP/1.1" status: 200 len: 655 time: 0.0313911
2026-09-11 18:45:03.844 10 INFO neutron.wsgi [None req-46a1246b-4943-4530-8ef9-ea2e72bb97c9 e3ddca86f32548db97feff22867548c7 23c2b0487176475abf150d681e5986dc - - default default] 10.0.0.177 "PUT /v2.0/routers/8e1c64bb-f5fa-43f0-84fc-9b0fe8875507 HTTP/1.1" status: 200 len: 655 time: 0.5654366
2026-09-11 18:45:03.868 10 INFO neutron.wsgi [None req-056f8fe7-d321-4efe-8bc5-765487af6a67 e3ddca86f32548db97feff22867548c7 23c2b0487176475abf150d681e5986dc - - default default] 10.0.0.177 "GET /v2.0/ports?device_id=8e1c64bb-f5fa-43f0-84fc-9b0fe8875507 HTTP/1.1" status: 200 len: 205 time: 0.0182412
2026-09-11 18:45:04.077 10 INFO neutron.wsgi [None req-470f1877-6992-4536-914c-9fb37339d50d e3ddca86f32548db97feff22867548c7 23c2b0487176475abf150d681e5986dc - - default default] 10.0.0.177 "DELETE /v2.0/routers/8e1c64bb-f5fa-43f0-84fc-9b0fe8875507 HTTP/1.1" status: 204 len: 168 time: 0.2052581
2026-09-11 18:45:05.339 10 INFO neutron.db.ovn_revision_numbers_db [None req-00fabaa1-a210-4d2d-96c5-2e9234c74185 8562576d89f94413a70ae97a4a10cac3 9ce981192a854de79a7a83011ba2e14e - - default default] Successfully bumped revision number for resource 2b2fdf04-17f9-45bd-a087-06ebc8316379 (type: security_groups) to 1
2026-09-11 18:45:05.357 10 INFO neutron.db.ovn_revision_numbers_db [None req-00fabaa1-a210-4d2d-96c5-2e9234c74185 8562576d89f94413a70ae97a4a10cac3 9ce981192a854de79a7a83011ba2e14e - - default default] Successfully bumped revision number for resource 0ea3aa8e-9bd1-49ed-b9ac-d9e4751f42e3 (type: security_group_rules) to 0
2026-09-11 18:45:05.374 10 INFO neutron.db.ovn_revision_numbers_db [None req-00fabaa1-a210-4d2d-96c5-2e9234c74185 8562576d89f94413a70ae97a4a10cac3 9ce981192a854de79a7a83011ba2e14e - - default default] Successfully bumped revision number for resource 70d1f7e9-9cb1-4e0f-a89a-ad6e8a3b62dd (type: security_group_rules) to 0
2026-09-11 18:45:05.389 10 INFO neutron.db.ovn_revision_numbers_db [None req-00fabaa1-a210-4d2d-96c5-2e9234c74185 8562576d89f94413a70ae97a4a10cac3 9ce981192a854de79a7a83011ba2e14e - - default default] Successfully bumped revision number for resource 860a5677-bb46-47da-a9b9-a5a5c8d6b9f3 (type: security_group_rules) to 0
2026-09-11 18:45:05.403 10 INFO neutron.db.ovn_revision_numbers_db [None req-00fabaa1-a210-4d2d-96c5-2e9234c74185 8562576d89f94413a70ae97a4a10cac3 9ce981192a854de79a7a83011ba2e14e - - default default] Successfully bumped revision number for resource 96aeeeda-c455-4235-934d-316ba40c6f98 (type: security_group_rules) to 0
2026-09-11 18:45:05.430 10 INFO neutron.wsgi [None req-00fabaa1-a210-4d2d-96c5-2e9234c74185 8562576d89f94413a70ae97a4a10cac3 9ce981192a854de79a7a83011ba2e14e - - default default] 10.0.0.177 "GET /v2.0/security-groups?tenant_id=23c2b0487176475abf150d681e5986dc&name=default HTTP/1.1" status: 200 len: 3000 time: 0.4072120
2026-09-11 18:45:05.644 10 INFO neutron.wsgi [None req-b5089804-9735-4880-b5ef-435d519649a9 8562576d89f94413a70ae97a4a10cac3 9ce981192a854de79a7a83011ba2e14e - - default default] 10.0.0.177 "DELETE /v2.0/security-groups/2b2fdf04-17f9-45bd-a087-06ebc8316379 HTTP/1.1" status: 204 len: 168 time: 0.2091036
2026-09-11 18:45:05.922 9 INFO neutron.db.ovn_revision_numbers_db [None req-932a1d0f-7f08-4ee0-9de4-5e0d3ff4cd85 8562576d89f94413a70ae97a4a10cac3 9ce981192a854de79a7a83011ba2e14e - - default default] Successfully bumped revision number for resource fbc46a10-9b86-4113-a2b1-d7cc97710697 (type: security_groups) to 1
2026-09-11 18:45:05.941 9 INFO neutron.db.ovn_revision_numbers_db [None req-932a1d0f-7f08-4ee0-9de4-5e0d3ff4cd85 8562576d89f94413a70ae97a4a10cac3 9ce981192a854de79a7a83011ba2e14e - - default default] Successfully bumped revision number for resource 38a77dc1-d660-4f93-bdb8-44e06b63c7c7 (type: security_group_rules) to 0
2026-09-11 18:45:05.961 9 INFO neutron.db.ovn_revision_numbers_db [None req-932a1d0f-7f08-4ee0-9de4-5e0d3ff4cd85 8562576d89f94413a70ae97a4a10cac3 9ce981192a854de79a7a83011ba2e14e - - default default] Successfully bumped revision number for resource 7dc197a3-3f22-462a-b507-c7f0eafbcc97 (type: security_group_rules) to 0
2026-09-11 18:45:05.979 9 INFO neutron.db.ovn_revision_numbers_db [None req-932a1d0f-7f08-4ee0-9de4-5e0d3ff4cd85 8562576d89f94413a70ae97a4a10cac3 9ce981192a854de79a7a83011ba2e14e - - default default] Successfully bumped revision number for resource bce65ad9-82b0-4242-9520-6897ba6a545b (type: security_group_rules) to 0
2026-09-11 18:45:05.996 9 INFO neutron.db.ovn_revision_numbers_db [None req-932a1d0f-7f08-4ee0-9de4-5e0d3ff4cd85 8562576d89f94413a70ae97a4a10cac3 9ce981192a854de79a7a83011ba2e14e - - default default] Successfully bumped revision number for resource fc713948-2924-4859-b987-d3f2aa8ec3df (type: security_group_rules) to 0
2026-09-11 18:45:06.017 9 INFO neutron.wsgi [None req-932a1d0f-7f08-4ee0-9de4-5e0d3ff4cd85 8562576d89f94413a70ae97a4a10cac3 9ce981192a854de79a7a83011ba2e14e - - default default] 10.0.0.177 "GET /v2.0/security-groups?tenant_id=7a0d61a553c046be8cbf85fc5d012365&name=default HTTP/1.1" status: 200 len: 3000 time: 0.2418211
2026-09-11 18:45:06.185 9 INFO neutron.wsgi [None req-4eb70b73-83c9-4b73-9d01-251d3153ef26 8562576d89f94413a70ae97a4a10cac3 9ce981192a854de79a7a83011ba2e14e - - default default] 10.0.0.177 "DELETE /v2.0/security-groups/fbc46a10-9b86-4113-a2b1-d7cc97710697 HTTP/1.1" status: 204 len: 168 time: 0.1629453
2026-09-11 18:45:06.461 10 INFO neutron.db.ovn_revision_numbers_db [None req-5ba87a76-2df6-4e18-a645-64d860bd0b76 8562576d89f94413a70ae97a4a10cac3 9ce981192a854de79a7a83011ba2e14e - - default default] Successfully bumped revision number for resource 97546961-bc1d-4a45-bb45-e341d358669a (type: security_groups) to 1
2026-09-11 18:45:06.477 10 INFO neutron.db.ovn_revision_numbers_db [None req-5ba87a76-2df6-4e18-a645-64d860bd0b76 8562576d89f94413a70ae97a4a10cac3 9ce981192a854de79a7a83011ba2e14e - - default default] Successfully bumped revision number for resource 196f2f9b-5f7e-42b6-8163-627c1f9c89a3 (type: security_group_rules) to 0
2026-09-11 18:45:06.490 10 INFO neutron.db.ovn_revision_numbers_db [None req-5ba87a76-2df6-4e18-a645-64d860bd0b76 8562576d89f94413a70ae97a4a10cac3 9ce981192a854de79a7a83011ba2e14e - - default default] Successfully bumped revision number for resource 4f0cde5f-c74a-475b-929f-18777e1b446f (type: security_group_rules) to 0
2026-09-11 18:45:06.509 10 INFO neutron.db.ovn_revision_numbers_db [None req-5ba87a76-2df6-4e18-a645-64d860bd0b76 8562576d89f94413a70ae97a4a10cac3 9ce981192a854de79a7a83011ba2e14e - - default default] Successfully bumped revision number for resource 8f3f444b-39ec-4fcc-92a9-05a72001d656 (type: security_group_rules) to 0
2026-09-11 18:45:06.525 10 INFO neutron.db.ovn_revision_numbers_db [None req-5ba87a76-2df6-4e18-a645-64d860bd0b76 8562576d89f94413a70ae97a4a10cac3 9ce981192a854de79a7a83011ba2e14e - - default default] Successfully bumped revision number for resource dc53be87-8896-465a-a42b-3919de7167a1 (type: security_group_rules) to 0
2026-09-11 18:45:06.548 10 INFO neutron.wsgi [None req-5ba87a76-2df6-4e18-a645-64d860bd0b76 8562576d89f94413a70ae97a4a10cac3 9ce981192a854de79a7a83011ba2e14e - - default default] 10.0.0.177 "GET /v2.0/security-groups?tenant_id=2822bd5687cc405091da7991ca6b4f3b&name=default HTTP/1.1" status: 200 len: 3000 time: 0.2115023
2026-09-11 18:45:06.721 10 INFO neutron.wsgi [None req-3a13c6ec-be84-41fd-9406-5f997c139d09 8562576d89f94413a70ae97a4a10cac3 9ce981192a854de79a7a83011ba2e14e - - default default] 10.0.0.177 "DELETE /v2.0/security-groups/97546961-bc1d-4a45-bb45-e341d358669a HTTP/1.1" status: 204 len: 168 time: 0.1663408
2026-09-11 18:45:07.085 9 INFO neutron.wsgi [None req-8f26c962-623b-46e4-a3f6-ec4160651ae8 8562576d89f94413a70ae97a4a10cac3 9ce981192a854de79a7a83011ba2e14e - - default default] 10.0.0.100 "GET /v2.0/subnets HTTP/1.1" status: 200 len: 1437 time: 0.2632787
2026-09-11 18:45:07.099 9 INFO neutron.wsgi [None req-6b9b7048-1ea9-49b2-b7cf-29e8d706f2d2 8562576d89f94413a70ae97a4a10cac3 9ce981192a854de79a7a83011ba2e14e - - default default] 10.0.0.100 "GET /v2.0/subnetpools HTTP/1.1" status: 200 len: 193 time: 0.0127461
2026-09-11 18:45:07.129 9 INFO neutron.wsgi [None req-562cceb8-0311-4f96-97cc-e9edaaa71af1 8562576d89f94413a70ae97a4a10cac3 9ce981192a854de79a7a83011ba2e14e - - default default] 10.0.0.100 "GET /v2.0/floatingips HTTP/1.1" status: 200 len: 193 time: 0.0289202
2026-09-11 18:45:07.198 9 INFO neutron.wsgi [None req-69521fee-2b4f-4328-b975-5e4cc28bef43 8562576d89f94413a70ae97a4a10cac3 9ce981192a854de79a7a83011ba2e14e - - default default] 10.0.0.100 "GET /v2.0/networks HTTP/1.1" status: 200 len: 2349 time: 0.0680275
2026-09-11 18:45:07.215 9 INFO neutron.wsgi [None req-9a7ed5b6-1df1-4309-ab92-8c306ed64068 8562576d89f94413a70ae97a4a10cac3 9ce981192a854de79a7a83011ba2e14e - - default default] 10.0.0.100 "GET /v2.0/agents HTTP/1.1" status: 200 len: 997 time: 0.0146377
2026-09-11 18:45:07.234 9 INFO neutron.wsgi [None req-4ce289c8-93ce-4559-9cb7-4504e02e8f7c 8562576d89f94413a70ae97a4a10cac3 9ce981192a854de79a7a83011ba2e14e - - default default] 10.0.0.100 "GET /v2.0/network-ip-availabilities HTTP/1.1" status: 200 len: 1280 time: 0.0140884
2026-09-11 18:45:07.264 9 INFO neutron.wsgi [None req-e8e48b8e-d482-4be8-8522-c2159484bc49 8562576d89f94413a70ae97a4a10cac3 9ce981192a854de79a7a83011ba2e14e - - default default] 10.0.0.100 "GET /v2.0/ports HTTP/1.1" status: 200 len: 5341 time: 0.0287213
2026-09-11 18:45:07.312 9 INFO neutron.wsgi [None req-1ec7f889-3d7a-473b-8993-a5533921344a 8562576d89f94413a70ae97a4a10cac3 9ce981192a854de79a7a83011ba2e14e - - default default] 10.0.0.100 "GET /v2.0/security-groups HTTP/1.1" status: 200 len: 16795 time: 0.0435004
2026-09-11 18:45:07.346 9 INFO neutron.wsgi [None req-e646c1a0-ed97-4223-ae84-9ac20fe3e9f9 8562576d89f94413a70ae97a4a10cac3 9ce981192a854de79a7a83011ba2e14e - - default default] 10.0.0.100 "GET /v2.0/subnets HTTP/1.1" status: 200 len: 1437 time: 0.0261707
2026-09-11 18:45:07.367 9 INFO neutron.wsgi [None req-5acdfabd-1e5e-46fc-928b-f47e00ea7cad 8562576d89f94413a70ae97a4a10cac3 9ce981192a854de79a7a83011ba2e14e - - default default] 10.0.0.100 "GET /v2.0/routers HTTP/1.1" status: 200 len: 189 time: 0.0187457
2026-09-11 18:45:07.376 9 INFO neutron.wsgi [None req-5b1817c2-2f75-4bc2-a703-700007643fba 8562576d89f94413a70ae97a4a10cac3 9ce981192a854de79a7a83011ba2e14e - - default default] 10.0.0.100 "GET /v2.0/agents?binary=ovn-controller HTTP/1.1" status: 200 len: 591 time: 0.0086973
2026-09-11 18:45:10.282 10 INFO neutron.wsgi [None req-9e63079a-8016-447b-aeca-e4d341690958 4c1dc60e11bf4a40967a4872975e9c72 39391bb2605646a4b9d5412ae6bfa388 - - default default] 10.0.0.177 "POST /v2.0/qos/policies HTTP/1.1" status: 201 len: 558 time: 0.2005723
2026-09-11 18:45:10.312 10 INFO neutron.wsgi [None req-62bac084-4155-4002-afcb-788cf50d6698 4c1dc60e11bf4a40967a4872975e9c72 39391bb2605646a4b9d5412ae6bfa388 - - default default] 10.0.0.177 "PUT /v2.0/policies/54980a01-176b-4741-b358-d842a32d1a06/tags HTTP/1.1" status: 200 len: 218 time: 0.0250468
2026-09-11 18:45:10.335 10 INFO neutron.wsgi [None req-00080252-2716-4691-8a38-0a8f8ac5d5ed 4c1dc60e11bf4a40967a4872975e9c72 39391bb2605646a4b9d5412ae6bfa388 - - default default] 10.0.0.177 "GET /v2.0/policies/54980a01-176b-4741-b358-d842a32d1a06/tags HTTP/1.1" status: 200 len: 218 time: 0.0153511
2026-09-11 18:45:10.365 10 INFO neutron.wsgi [None req-60cc5f50-9cde-4d1e-9a80-3504f0e77322 4c1dc60e11bf4a40967a4872975e9c72 39391bb2605646a4b9d5412ae6bfa388 - - default default] 10.0.0.177 "PUT /v2.0/policies/54980a01-176b-4741-b358-d842a32d1a06/tags/green HTTP/1.1" status: 201 len: 201 time: 0.0248621
2026-09-11 18:45:10.383 10 INFO neutron.wsgi [None req-cb5632de-db8f-48c3-ab11-c18d7a60746b 4c1dc60e11bf4a40967a4872975e9c72 39391bb2605646a4b9d5412ae6bfa388 - - default default] 10.0.0.177 "GET /v2.0/policies/54980a01-176b-4741-b358-d842a32d1a06/tags HTTP/1.1" status: 200 len: 227 time: 0.0121801
2026-09-11 18:45:10.400 10 INFO neutron.wsgi [None req-922591de-860f-4792-8810-5f300794639f 4c1dc60e11bf4a40967a4872975e9c72 39391bb2605646a4b9d5412ae6bfa388 - - default default] 10.0.0.177 "PUT /v2.0/policies/54980a01-176b-4741-b358-d842a32d1a06/tags/red HTTP/1.1" status: 201 len: 201 time: 0.0123074
2026-09-11 18:45:10.422 10 INFO neutron.wsgi [None req-7c3c49b5-c8d3-4285-b148-76bbc34ef57f 4c1dc60e11bf4a40967a4872975e9c72 39391bb2605646a4b9d5412ae6bfa388 - - default default] 10.0.0.177 "GET /v2.0/policies/54980a01-176b-4741-b358-d842a32d1a06/tags HTTP/1.1" status: 200 len: 227 time: 0.0167127
2026-09-11 18:45:10.472 9 INFO neutron.wsgi [None req-0b97c1ff-775a-4bf8-832d-6795a8a0bf91 4c1dc60e11bf4a40967a4872975e9c72 39391bb2605646a4b9d5412ae6bfa388 - - default default] 10.0.0.177 "PUT /v2.0/policies/54980a01-176b-4741-b358-d842a32d1a06/tags/black.or.white HTTP/1.1" status: 201 len: 201 time: 0.0436141
2026-09-11 18:45:10.498 10 INFO neutron.wsgi [None req-cb0b7735-80d3-48c0-bcbe-c214ea78079c 4c1dc60e11bf4a40967a4872975e9c72 39391bb2605646a4b9d5412ae6bfa388 - - default default] 10.0.0.177 "GET /v2.0/policies/54980a01-176b-4741-b358-d842a32d1a06/tags HTTP/1.1" status: 200 len: 245 time: 0.0202918
2026-09-11 18:45:10.543 9 INFO neutron.wsgi [None req-02322a6a-f2f4-4f3c-be22-4d671ed1614c 4c1dc60e11bf4a40967a4872975e9c72 39391bb2605646a4b9d5412ae6bfa388 - - default default] 10.0.0.177 "PUT /v2.0/policies/54980a01-176b-4741-b358-d842a32d1a06/tags HTTP/1.1" status: 200 len: 230 time: 0.0395796
2026-09-11 18:45:10.570 10 INFO neutron.wsgi [None req-a2f241d2-9b39-414f-affe-6d24201f8a41 4c1dc60e11bf4a40967a4872975e9c72 39391bb2605646a4b9d5412ae6bfa388 - - default default] 10.0.0.177 "GET /v2.0/policies/54980a01-176b-4741-b358-d842a32d1a06/tags HTTP/1.1" status: 200 len: 230 time: 0.0199370
2026-09-11 18:45:10.594 10 INFO neutron.wsgi [None req-81dd43e5-1c71-40a8-a336-143b035dc649 4c1dc60e11bf4a40967a4872975e9c72 39391bb2605646a4b9d5412ae6bfa388 - - default default] 10.0.0.177 "GET /v2.0/policies/54980a01-176b-4741-b358-d842a32d1a06/tags/red HTTP/1.1" status: 204 len: 168 time: 0.0200684
2026-09-11 18:45:10.627 10 INFO neutron.api.v2.resource [None req-4a12dcfe-44b0-4926-849b-7cc525507775 4c1dc60e11bf4a40967a4872975e9c72 39391bb2605646a4b9d5412ae6bfa388 - - default default] show failed (client error): The resource could not be found.
2026-09-11 18:45:10.629 10 INFO neutron.wsgi [None req-4a12dcfe-44b0-4926-849b-7cc525507775 4c1dc60e11bf4a40967a4872975e9c72 39391bb2605646a4b9d5412ae6bfa388 - - default default] 10.0.0.177 "GET /v2.0/policies/54980a01-176b-4741-b358-d842a32d1a06/tags/green HTTP/1.1" status: 404 len: 299 time: 0.0279317
2026-09-11 18:45:10.697 10 INFO neutron.wsgi [None req-06897512-5aac-4dc0-8e56-62466cf7369c 4c1dc60e11bf4a40967a4872975e9c72 39391bb2605646a4b9d5412ae6bfa388 - - default default] 10.0.0.177 "DELETE /v2.0/policies/54980a01-176b-4741-b358-d842a32d1a06/tags/red HTTP/1.1" status: 204 len: 168 time: 0.0610552
2026-09-11 18:45:10.722 10 INFO neutron.wsgi [None req-61bb23df-359b-43f4-a148-08d6910a3b87 4c1dc60e11bf4a40967a4872975e9c72 39391bb2605646a4b9d5412ae6bfa388 - - default default] 10.0.0.177 "GET /v2.0/policies/54980a01-176b-4741-b358-d842a32d1a06/tags HTTP/1.1" status: 200 len: 223 time: 0.0203683
2026-09-11 18:45:10.757 10 INFO neutron.api.v2.resource [None req-8027e866-4b59-42e0-8d1d-b4de9255c4e0 4c1dc60e11bf4a40967a4872975e9c72 39391bb2605646a4b9d5412ae6bfa388 - - default default] delete failed (client error): The resource could not be found.
2026-09-11 18:45:10.758 10 INFO neutron.wsgi [None req-8027e866-4b59-42e0-8d1d-b4de9255c4e0 4c1dc60e11bf4a40967a4872975e9c72 39391bb2605646a4b9d5412ae6bfa388 - - default default] 10.0.0.177 "DELETE /v2.0/policies/54980a01-176b-4741-b358-d842a32d1a06/tags/green HTTP/1.1" status: 404 len: 299 time: 0.0234962
2026-09-11 18:45:10.806 10 INFO neutron.wsgi [None req-fb1e8d7e-808b-40b7-9723-0a2b20df15d8 4c1dc60e11bf4a40967a4872975e9c72 39391bb2605646a4b9d5412ae6bfa388 - - default default] 10.0.0.177 "DELETE /v2.0/policies/54980a01-176b-4741-b358-d842a32d1a06/tags HTTP/1.1" status: 204 len: 168 time: 0.0432518
2026-09-11 18:45:10.829 10 INFO neutron.wsgi [None req-a0888983-8ea7-4ea1-9b48-5e1ec3518beb 4c1dc60e11bf4a40967a4872975e9c72 39391bb2605646a4b9d5412ae6bfa388 - - default default] 10.0.0.177 "GET /v2.0/policies/54980a01-176b-4741-b358-d842a32d1a06/tags HTTP/1.1" status: 200 len: 205 time: 0.0166898
2026-09-11 18:45:10.939 9 INFO neutron.wsgi [None req-75b8a09d-5c0c-4ab8-8352-12f9a35fb64a 4c1dc60e11bf4a40967a4872975e9c72 39391bb2605646a4b9d5412ae6bfa388 - - default default] 10.0.0.177 "DELETE /v2.0/qos/policies/54980a01-176b-4741-b358-d842a32d1a06 HTTP/1.1" status: 204 len: 168 time: 0.1031203
2026-09-11 18:45:11.901 9 INFO neutron.db.ovn_revision_numbers_db [None req-d7b6cf24-529c-4c12-8e17-bc88d897edd4 8562576d89f94413a70ae97a4a10cac3 9ce981192a854de79a7a83011ba2e14e - - default default] Successfully bumped revision number for resource 56fbd168-cdf3-424e-84a9-38c662718e8f (type: security_groups) to 1
2026-09-11 18:45:11.929 9 INFO neutron.db.ovn_revision_numbers_db [None req-d7b6cf24-529c-4c12-8e17-bc88d897edd4 8562576d89f94413a70ae97a4a10cac3 9ce981192a854de79a7a83011ba2e14e - - default default] Successfully bumped revision number for resource 20e5eb3e-28f9-4744-a0bc-57f1ec1ffd26 (type: security_group_rules) to 0
2026-09-11 18:45:11.954 9 INFO neutron.db.ovn_revision_numbers_db [None req-d7b6cf24-529c-4c12-8e17-bc88d897edd4 8562576d89f94413a70ae97a4a10cac3 9ce981192a854de79a7a83011ba2e14e - - default default] Successfully bumped revision number for resource 43089649-ed3c-4484-9244-456fbcaf05d3 (type: security_group_rules) to 0
2026-09-11 18:45:11.972 9 INFO neutron.db.ovn_revision_numbers_db [None req-d7b6cf24-529c-4c12-8e17-bc88d897edd4 8562576d89f94413a70ae97a4a10cac3 9ce981192a854de79a7a83011ba2e14e - - default default] Successfully bumped revision number for resource 95c7251a-e323-4a9d-9a6d-153a67514acf (type: security_group_rules) to 0
2026-09-11 18:45:12.000 9 INFO neutron.db.ovn_revision_numbers_db [None req-d7b6cf24-529c-4c12-8e17-bc88d897edd4 8562576d89f94413a70ae97a4a10cac3 9ce981192a854de79a7a83011ba2e14e - - default default] Successfully bumped revision number for resource ddfb7bc5-bd3f-46d9-b6c2-15614577de3f (type: security_group_rules) to 0
2026-09-11 18:45:12.037 9 INFO neutron.wsgi [None req-d7b6cf24-529c-4c12-8e17-bc88d897edd4 8562576d89f94413a70ae97a4a10cac3 9ce981192a854de79a7a83011ba2e14e - - default default] 10.0.0.177 "GET /v2.0/security-groups?tenant_id=40464dc50aa24b71a4e766c405adbc52&name=default HTTP/1.1" status: 200 len: 3000 time: 0.4200110
2026-09-11 18:45:12.309 9 INFO neutron.wsgi [None req-31f3f41f-a03f-4b48-ace2-30e88ea9dd40 8562576d89f94413a70ae97a4a10cac3 9ce981192a854de79a7a83011ba2e14e - - default default] 10.0.0.177 "DELETE /v2.0/security-groups/56fbd168-cdf3-424e-84a9-38c662718e8f HTTP/1.1" status: 204 len: 168 time: 0.2679398
2026-09-11 18:45:12.356 9 INFO neutron.wsgi [-] 10.0.0.155 "GET / HTTP/1.1" status: 200 len: 247 time: 0.0024762
2026-09-11 18:45:12.357 10 INFO neutron.wsgi [-] 10.0.0.155 "GET / HTTP/1.1" status: 200 len: 247 time: 0.0026550
2026-09-11 18:45:12.568 9 INFO neutron.db.ovn_revision_numbers_db [None req-972acd51-3122-43b8-8289-91db49647275 8562576d89f94413a70ae97a4a10cac3 9ce981192a854de79a7a83011ba2e14e - - default default] Successfully bumped revision number for resource 32b083f1-f7a2-43ec-986d-0de0a3481bd6 (type: security_groups) to 1
2026-09-11 18:45:12.582 9 INFO neutron.db.ovn_revision_numbers_db [None req-972acd51-3122-43b8-8289-91db49647275 8562576d89f94413a70ae97a4a10cac3 9ce981192a854de79a7a83011ba2e14e - - default default] Successfully bumped revision number for resource 31b63b2c-f935-41e2-bf65-2aac15fefbe4 (type: security_group_rules) to 0
2026-09-11 18:45:12.597 9 INFO neutron.db.ovn_revision_numbers_db [None req-972acd51-3122-43b8-8289-91db49647275 8562576d89f94413a70ae97a4a10cac3 9ce981192a854de79a7a83011ba2e14e - - default default] Successfully bumped revision number for resource 94b7a13a-63b7-4e0f-acf0-d4eb306004fc (type: security_group_rules) to 0
2026-09-11 18:45:12.611 9 INFO neutron.db.ovn_revision_numbers_db [None req-972acd51-3122-43b8-8289-91db49647275 8562576d89f94413a70ae97a4a10cac3 9ce981192a854de79a7a83011ba2e14e - - default default] Successfully bumped revision number for resource bfca3ef2-1617-4ede-990f-53e39d14de36 (type: security_group_rules) to 0
2026-09-11 18:45:12.626 9 INFO neutron.db.ovn_revision_numbers_db [None req-972acd51-3122-43b8-8289-91db49647275 8562576d89f94413a70ae97a4a10cac3 9ce981192a854de79a7a83011ba2e14e - - default default] Successfully bumped revision number for resource edc123d1-6207-483c-9a36-39477035bf61 (type: security_group_rules) to 0
2026-09-11 18:45:12.648 9 INFO neutron.wsgi [None req-972acd51-3122-43b8-8289-91db49647275 8562576d89f94413a70ae97a4a10cac3 9ce981192a854de79a7a83011ba2e14e - - default default] 10.0.0.177 "GET /v2.0/security-groups?tenant_id=39391bb2605646a4b9d5412ae6bfa388&name=default HTTP/1.1" status: 200 len: 3000 time: 0.2090461
2026-09-11 18:45:12.846 9 INFO neutron.wsgi [None req-678076a3-35ab-4936-ab85-61eb161690db 8562576d89f94413a70ae97a4a10cac3 9ce981192a854de79a7a83011ba2e14e - - default default] 10.0.0.177 "DELETE /v2.0/security-groups/32b083f1-f7a2-43ec-986d-0de0a3481bd6 HTTP/1.1" status: 204 len: 168 time: 0.1922100
2026-09-11 18:45:16.705 10 INFO neutron.db.ovn_revision_numbers_db [None req-869aa400-8fea-47cb-bfc6-661e50983995 4deec19c167f4d518b4fc8437dca23d5 8ae78cda7afe43c49d66cfb23bc6f2e7 - - default default] Successfully bumped revision number for resource 6d63d5f8-2a0b-4520-a1eb-07edcc175403 (type: security_groups) to 1
2026-09-11 18:45:16.721 10 INFO neutron.db.ovn_revision_numbers_db [None req-869aa400-8fea-47cb-bfc6-661e50983995 4deec19c167f4d518b4fc8437dca23d5 8ae78cda7afe43c49d66cfb23bc6f2e7 - - default default] Successfully bumped revision number for resource 50828f88-c1f1-4998-a1c3-530ef26b54e0 (type: security_group_rules) to 0
2026-09-11 18:45:16.737 10 INFO neutron.db.ovn_revision_numbers_db [None req-869aa400-8fea-47cb-bfc6-661e50983995 4deec19c167f4d518b4fc8437dca23d5 8ae78cda7afe43c49d66cfb23bc6f2e7 - - default default] Successfully bumped revision number for resource 808e499a-45b3-4796-bf68-2c2611ac53b3 (type: security_group_rules) to 0
2026-09-11 18:45:16.758 10 INFO neutron.db.ovn_revision_numbers_db [None req-869aa400-8fea-47cb-bfc6-661e50983995 4deec19c167f4d518b4fc8437dca23d5 8ae78cda7afe43c49d66cfb23bc6f2e7 - - default default] Successfully bumped revision number for resource d3c54962-4526-4750-a1fd-bdf23ecef091 (type: security_group_rules) to 0
2026-09-11 18:45:16.775 10 INFO neutron.db.ovn_revision_numbers_db [None req-869aa400-8fea-47cb-bfc6-661e50983995 4deec19c167f4d518b4fc8437dca23d5 8ae78cda7afe43c49d66cfb23bc6f2e7 - - default default] Successfully bumped revision number for resource dc17e6f5-8c19-4e01-aa2a-34c4c9bf965d (type: security_group_rules) to 0
2026-09-11 18:45:16.869 10 INFO neutron.db.ovn_revision_numbers_db [None req-869aa400-8fea-47cb-bfc6-661e50983995 4deec19c167f4d518b4fc8437dca23d5 8ae78cda7afe43c49d66cfb23bc6f2e7 - - default default] Successfully bumped revision number for resource 921053c7-8ab9-4d71-aa5e-64064ecb5582 (type: security_groups) to 1
2026-09-11 18:45:16.897 10 INFO neutron.db.ovn_revision_numbers_db [None req-869aa400-8fea-47cb-bfc6-661e50983995 4deec19c167f4d518b4fc8437dca23d5 8ae78cda7afe43c49d66cfb23bc6f2e7 - - default default] Successfully bumped revision number for resource 258596f1-deab-4f1f-a58b-a65b22708c24 (type: security_group_rules) to 0
2026-09-11 18:45:16.923 10 INFO neutron.db.ovn_revision_numbers_db [None req-869aa400-8fea-47cb-bfc6-661e50983995 4deec19c167f4d518b4fc8437dca23d5 8ae78cda7afe43c49d66cfb23bc6f2e7 - - default default] Successfully bumped revision number for resource 7b3e4af4-7065-44f8-9601-aa58ed061130 (type: security_group_rules) to 0
2026-09-11 18:45:16.949 10 INFO neutron.wsgi [None req-869aa400-8fea-47cb-bfc6-661e50983995 4deec19c167f4d518b4fc8437dca23d5 8ae78cda7afe43c49d66cfb23bc6f2e7 - - default default] 10.0.0.177 "POST /v2.0/security-groups HTTP/1.1" status: 201 len: 1739 time: 0.5121737
2026-09-11 18:45:16.995 10 INFO neutron.wsgi [None req-9ac6a3e1-ad76-410a-b8d8-c93b1148e1cd 4deec19c167f4d518b4fc8437dca23d5 8ae78cda7afe43c49d66cfb23bc6f2e7 - - default default] 10.0.0.177 "PUT /v2.0/security-groups/921053c7-8ab9-4d71-aa5e-64064ecb5582/tags HTTP/1.1" status: 200 len: 218 time: 0.0424139
2026-09-11 18:45:17.022 10 INFO neutron.wsgi [None req-25468a93-b061-45f5-a82c-56c258f8fa26 4deec19c167f4d518b4fc8437dca23d5 8ae78cda7afe43c49d66cfb23bc6f2e7 - - default default] 10.0.0.177 "GET /v2.0/security-groups/921053c7-8ab9-4d71-aa5e-64064ecb5582/tags HTTP/1.1" status: 200 len: 218 time: 0.0206504
2026-09-11 18:45:17.074 9 INFO neutron.wsgi [None req-5eee121a-fbf7-4764-acb5-01613311a46f 4deec19c167f4d518b4fc8437dca23d5 8ae78cda7afe43c49d66cfb23bc6f2e7 - - default default] 10.0.0.177 "PUT /v2.0/security-groups/921053c7-8ab9-4d71-aa5e-64064ecb5582/tags/green HTTP/1.1" status: 201 len: 201 time: 0.0468919
2026-09-11 18:45:17.104 9 INFO neutron.wsgi [None req-c54d87fe-5f29-4827-ba0e-63b64beb07fe 4deec19c167f4d518b4fc8437dca23d5 8ae78cda7afe43c49d66cfb23bc6f2e7 - - default default] 10.0.0.177 "GET /v2.0/security-groups/921053c7-8ab9-4d71-aa5e-64064ecb5582/tags HTTP/1.1" status: 200 len: 227 time: 0.0247631
2026-09-11 18:45:17.142 9 INFO neutron.wsgi [None req-d4f3a8c3-f93f-47af-b220-5029f5ed7e51 4deec19c167f4d518b4fc8437dca23d5 8ae78cda7afe43c49d66cfb23bc6f2e7 - - default default] 10.0.0.177 "PUT /v2.0/security-groups/921053c7-8ab9-4d71-aa5e-64064ecb5582/tags/red HTTP/1.1" status: 201 len: 201 time: 0.0315156
2026-09-11 18:45:17.182 10 INFO neutron.wsgi [None req-7132a888-f265-4596-8de2-a52468d3edfe 4deec19c167f4d518b4fc8437dca23d5 8ae78cda7afe43c49d66cfb23bc6f2e7 - - default default] 10.0.0.177 "GET /v2.0/security-groups/921053c7-8ab9-4d71-aa5e-64064ecb5582/tags HTTP/1.1" status: 200 len: 227 time: 0.0347893
2026-09-11 18:45:17.229 10 INFO neutron.wsgi [None req-3f56a31d-a550-492a-98f8-e060c2b7f40d 4deec19c167f4d518b4fc8437dca23d5 8ae78cda7afe43c49d66cfb23bc6f2e7 - - default default] 10.0.0.177 "PUT /v2.0/security-groups/921053c7-8ab9-4d71-aa5e-64064ecb5582/tags/black.or.white HTTP/1.1" status: 201 len: 201 time: 0.0422721
2026-09-11 18:45:17.255 10 INFO neutron.wsgi [None req-eef12533-c008-45c6-a8c8-cc86eef14644 4deec19c167f4d518b4fc8437dca23d5 8ae78cda7afe43c49d66cfb23bc6f2e7 - - default default] 10.0.0.177 "GET /v2.0/security-groups/921053c7-8ab9-4d71-aa5e-64064ecb5582/tags HTTP/1.1" status: 200 len: 245 time: 0.0202482
2026-09-11 18:45:17.302 10 INFO neutron.wsgi [None req-ff4f6d0b-b827-4412-b6c5-d95a3e529dcc 4deec19c167f4d518b4fc8437dca23d5 8ae78cda7afe43c49d66cfb23bc6f2e7 - - default default] 10.0.0.177 "PUT /v2.0/security-groups/921053c7-8ab9-4d71-aa5e-64064ecb5582/tags HTTP/1.1" status: 200 len: 230 time: 0.0428939
2026-09-11 18:45:17.330 9 INFO neutron.wsgi [None req-6b39a06f-240f-4926-9157-581a2f9893e1 4deec19c167f4d518b4fc8437dca23d5 8ae78cda7afe43c49d66cfb23bc6f2e7 - - default default] 10.0.0.177 "GET /v2.0/security-groups/921053c7-8ab9-4d71-aa5e-64064ecb5582/tags HTTP/1.1" status: 200 len: 230 time: 0.0184355
2026-09-11 18:45:17.355 9 INFO neutron.wsgi [None req-039f5763-4e0e-4db4-9cdd-73b66f7bb873 4deec19c167f4d518b4fc8437dca23d5 8ae78cda7afe43c49d66cfb23bc6f2e7 - - default default] 10.0.0.177 "GET /v2.0/security-groups/921053c7-8ab9-4d71-aa5e-64064ecb5582/tags/red HTTP/1.1" status: 204 len: 168 time: 0.0199590
2026-09-11 18:45:17.377 9 INFO neutron.api.v2.resource [None req-e2205043-8a82-4ea4-a5e6-a90ce25bcff0 4deec19c167f4d518b4fc8437dca23d5 8ae78cda7afe43c49d66cfb23bc6f2e7 - - default default] show failed (client error): The resource could not be found.
2026-09-11 18:45:17.379 9 INFO neutron.wsgi [None req-e2205043-8a82-4ea4-a5e6-a90ce25bcff0 4deec19c167f4d518b4fc8437dca23d5 8ae78cda7afe43c49d66cfb23bc6f2e7 - - default default] 10.0.0.177 "GET /v2.0/security-groups/921053c7-8ab9-4d71-aa5e-64064ecb5582/tags/green HTTP/1.1" status: 404 len: 299 time: 0.0187910
2026-09-11 18:45:17.414 9 INFO neutron.wsgi [None req-4e2ed707-53f3-45d1-ae63-fd0ab0f5e5b5 4deec19c167f4d518b4fc8437dca23d5 8ae78cda7afe43c49d66cfb23bc6f2e7 - - default default] 10.0.0.177 "DELETE /v2.0/security-groups/921053c7-8ab9-4d71-aa5e-64064ecb5582/tags/red HTTP/1.1" status: 204 len: 168 time: 0.0307057
2026-09-11 18:45:17.438 9 INFO neutron.wsgi [None req-d9455dd2-b3cd-42ec-9a1e-35906d71a574 4deec19c167f4d518b4fc8437dca23d5 8ae78cda7afe43c49d66cfb23bc6f2e7 - - default default] 10.0.0.177 "GET /v2.0/security-groups/921053c7-8ab9-4d71-aa5e-64064ecb5582/tags HTTP/1.1" status: 200 len: 223 time: 0.0189300
2026-09-11 18:45:17.466 9 INFO neutron.api.v2.resource [None req-acad3ceb-0a30-45fe-831c-94dfaa664e00 4deec19c167f4d518b4fc8437dca23d5 8ae78cda7afe43c49d66cfb23bc6f2e7 - - default default] delete failed (client error): The resource could not be found.
2026-09-11 18:45:17.467 9 INFO neutron.wsgi [None req-acad3ceb-0a30-45fe-831c-94dfaa664e00 4deec19c167f4d518b4fc8437dca23d5 8ae78cda7afe43c49d66cfb23bc6f2e7 - - default default] 10.0.0.177 "DELETE /v2.0/security-groups/921053c7-8ab9-4d71-aa5e-64064ecb5582/tags/green HTTP/1.1" status: 404 len: 299 time: 0.0240510
2026-09-11 18:45:17.509 9 INFO neutron.wsgi [None req-58bc1ada-e627-40f2-b586-4d2450362b3e 4deec19c167f4d518b4fc8437dca23d5 8ae78cda7afe43c49d66cfb23bc6f2e7 - - default default] 10.0.0.177 "DELETE /v2.0/security-groups/921053c7-8ab9-4d71-aa5e-64064ecb5582/tags HTTP/1.1" status: 204 len: 168 time: 0.0372696
2026-09-11 18:45:17.535 10 INFO neutron.wsgi [None req-da960ae3-e2ac-4c5d-8a4d-eae852409493 4deec19c167f4d518b4fc8437dca23d5 8ae78cda7afe43c49d66cfb23bc6f2e7 - - default default] 10.0.0.177 "GET /v2.0/security-groups/921053c7-8ab9-4d71-aa5e-64064ecb5582/tags HTTP/1.1" status: 200 len: 205 time: 0.0210025
