2026-09-11 18:42:24.564 10 WARNING neutron.api.rpc.agentnotifiers.dhcp_rpc_agent_api [None req-bcc34345-a151-463a-b6d5-00d655d46f5e ad53116a410f4395924cd13bf990f2dc b298507a6d084067bc33290504208e24 - - default default] Unable to schedule network f623616c-71c8-4d69-9463-85c5b67acb63: no agents available; will retry on subsequent port and subnet creation events. /var/lib/openstack/lib/python3.10/site-packages/pycadf/identifier.py:71: UserWarning: Invalid uuid: neutron. To ensure interoperability, identifiers should be a valid uuid. warnings.warn(('Invalid uuid: %s. To ensure interoperability, '
2026-09-11 18:42:24.793 10 INFO neutron.db.ovn_revision_numbers_db [None req-bcc34345-a151-463a-b6d5-00d655d46f5e ad53116a410f4395924cd13bf990f2dc b298507a6d084067bc33290504208e24 - - default default] Successfully bumped revision number for resource 19edcb78-035f-4b1e-93dd-539c8fdbb101 (type: router_ports) to 3
2026-09-11 18:42:24.796 10 INFO neutron.wsgi [None req-bcc34345-a151-463a-b6d5-00d655d46f5e ad53116a410f4395924cd13bf990f2dc b298507a6d084067bc33290504208e24 - - default default] 10.0.0.177 "PUT /v2.0/routers/f4414e4d-5c4e-4382-b22c-92373060a8f9/add_router_interface HTTP/1.1" status: 200 len: 503 time: 1.9134872
2026-09-11 18:42:24.797 10 INFO neutron.db.ovn_revision_numbers_db [None req-1b4ed3ff-36e6-461e-85c1-f889814e0640 8562576d89f94413a70ae97a4a10cac3 9ce981192a854de79a7a83011ba2e14e - - default default] Successfully bumped revision number for resource 16da2248-64d1-4fc4-b8bf-7b46f46e4d95 (type: security_groups) to 1
2026-09-11 18:42:24.810 10 INFO neutron.db.ovn_revision_numbers_db [None req-1b4ed3ff-36e6-461e-85c1-f889814e0640 8562576d89f94413a70ae97a4a10cac3 9ce981192a854de79a7a83011ba2e14e - - default default] Successfully bumped revision number for resource 1d656a7c-4528-467a-8e02-101ca8629044 (type: security_group_rules) to 0
2026-09-11 18:42:24.829 10 INFO neutron.db.ovn_revision_numbers_db [None req-1b4ed3ff-36e6-461e-85c1-f889814e0640 8562576d89f94413a70ae97a4a10cac3 9ce981192a854de79a7a83011ba2e14e - - default default] Successfully bumped revision number for resource 4310f151-1f57-4dfb-9a38-b3ef75846f01 (type: security_group_rules) to 0
2026-09-11 18:42:24.834 10 INFO neutron.wsgi [None req-4498ae3e-8335-46ff-804f-9682c3377d7a ad53116a410f4395924cd13bf990f2dc b298507a6d084067bc33290504208e24 - - default default] 10.0.0.177 "GET /v2.0/ports/19edcb78-035f-4b1e-93dd-539c8fdbb101 HTTP/1.1" status: 200 len: 1209 time: 0.0293767
2026-09-11 18:42:24.851 10 INFO neutron.db.ovn_revision_numbers_db [None req-1b4ed3ff-36e6-461e-85c1-f889814e0640 8562576d89f94413a70ae97a4a10cac3 9ce981192a854de79a7a83011ba2e14e - - default default] Successfully bumped revision number for resource 46920038-23c4-44de-9964-f07993aa6037 (type: security_group_rules) to 0
2026-09-11 18:42:24.872 10 INFO neutron.db.ovn_revision_numbers_db [None req-1b4ed3ff-36e6-461e-85c1-f889814e0640 8562576d89f94413a70ae97a4a10cac3 9ce981192a854de79a7a83011ba2e14e - - default default] Successfully bumped revision number for resource be3b2731-0d2b-478a-8ae1-155c8de74d27 (type: security_group_rules) to 0
2026-09-11 18:42:24.899 10 INFO neutron.wsgi [None req-1b4ed3ff-36e6-461e-85c1-f889814e0640 8562576d89f94413a70ae97a4a10cac3 9ce981192a854de79a7a83011ba2e14e - - default default] 10.0.0.177 "GET /v2.0/security-groups?tenant_id=e77a0399d4f34921ba9e2355fc17e18a&name=default HTTP/1.1" status: 200 len: 2996 time: 0.4923487
2026-09-11 18:42:25.133 10 INFO neutron.wsgi [None req-1e0eca89-7e63-460b-bd9b-f0d3a8e941c5 8562576d89f94413a70ae97a4a10cac3 9ce981192a854de79a7a83011ba2e14e - - default default] 10.0.0.177 "DELETE /v2.0/security-groups/16da2248-64d1-4fc4-b8bf-7b46f46e4d95 HTTP/1.1" status: 204 len: 168 time: 0.2267528
2026-09-11 18:42:25.460 9 INFO neutron.wsgi [None req-bdf96f33-7799-467b-90d9-6eb352298d28 ad53116a410f4395924cd13bf990f2dc b298507a6d084067bc33290504208e24 - - default default] 10.0.0.177 "PUT /v2.0/routers/f4414e4d-5c4e-4382-b22c-92373060a8f9/remove_router_interface HTTP/1.1" status: 200 len: 503 time: 0.6183338 /var/lib/openstack/lib/python3.10/site-packages/pycadf/identifier.py:71: UserWarning: Invalid uuid: neutron. To ensure interoperability, identifiers should be a valid uuid. warnings.warn(('Invalid uuid: %s. To ensure interoperability, '
2026-09-11 18:42:25.518 9 INFO neutron.api.v2.resource [None req-148253c4-d133-4543-a651-622b120cdcea ad53116a410f4395924cd13bf990f2dc b298507a6d084067bc33290504208e24 - - default default] remove_router_interface failed (client error): The resource could not be found.
2026-09-11 18:42:25.519 9 INFO neutron.wsgi [None req-148253c4-d133-4543-a651-622b120cdcea ad53116a410f4395924cd13bf990f2dc b298507a6d084067bc33290504208e24 - - default default] 10.0.0.177 "PUT /v2.0/routers/f4414e4d-5c4e-4382-b22c-92373060a8f9/remove_router_interface HTTP/1.1" status: 404 len: 398 time: 0.0550377
2026-09-11 18:42:25.539 9 INFO neutron.wsgi [None req-343952b0-b89f-471e-8dda-de63781ffc2b ad53116a410f4395924cd13bf990f2dc b298507a6d084067bc33290504208e24 - - default default] 10.0.0.177 "GET /v2.0/ports?device_id=f4414e4d-5c4e-4382-b22c-92373060a8f9 HTTP/1.1" status: 200 len: 205 time: 0.0161562
2026-09-11 18:42:25.716 9 INFO neutron.wsgi [None req-bb8dab3b-3c70-4d95-9296-13cb32f8fd67 ad53116a410f4395924cd13bf990f2dc b298507a6d084067bc33290504208e24 - - default default] 10.0.0.177 "DELETE /v2.0/routers/f4414e4d-5c4e-4382-b22c-92373060a8f9 HTTP/1.1" status: 204 len: 168 time: 0.1724300
2026-09-11 18:42:25.921 9 INFO neutron.wsgi [None req-5755faa5-1254-4842-9aed-e3689f356b0a ad53116a410f4395924cd13bf990f2dc b298507a6d084067bc33290504208e24 - - default default] 10.0.0.177 "DELETE /v2.0/subnets/19d16814-2cd3-46c6-8b06-72a9dfec5af5 HTTP/1.1" status: 204 len: 168 time: 0.1985049
2026-09-11 18:42:26.299 9 INFO neutron.services.segments.plugin [-] Segment 436fae82-1f15-4f5b-b4a1-20a2067eeab8 resource provider aggregate not found
2026-09-11 18:42:26.308 9 INFO neutron.services.segments.plugin [-] Segment 436fae82-1f15-4f5b-b4a1-20a2067eeab8 resource provider aggregate not found
2026-09-11 18:42:26.329 9 INFO neutron.services.segments.plugin [-] Segment 436fae82-1f15-4f5b-b4a1-20a2067eeab8 resource provider not found; error: Placement Client Error (4xx): {"errors": [{"status": 404, "title": "Not Found", "detail": "The resource could not be found.\n\n No resource provider with uuid 436fae82-1f15-4f5b-b4a1-20a2067eeab8 found for delete ", "request_id": "req-90b15de6-de56-4a3d-8f0b-feec52864116"}]}
2026-09-11 18:42:26.350 9 INFO neutron.services.segments.plugin [-] Segment 436fae82-1f15-4f5b-b4a1-20a2067eeab8 resource provider not found; error: Placement Client Error (4xx): {"errors": [{"status": 404, "title": "Not Found", "detail": "The resource could not be found.\n\n No resource provider with uuid 436fae82-1f15-4f5b-b4a1-20a2067eeab8 found for delete ", "request_id": "req-08bf45cd-17ed-4dc7-a89b-e891f7d6633f"}]}
2026-09-11 18:42:26.374 9 INFO neutron.wsgi [None req-4a544097-6e2a-4661-9569-45c39101e1e3 ad53116a410f4395924cd13bf990f2dc b298507a6d084067bc33290504208e24 - - default default] 10.0.0.177 "DELETE /v2.0/networks/f623616c-71c8-4d69-9463-85c5b67acb63 HTTP/1.1" status: 204 len: 168 time: 0.4448981
2026-09-11 18:42:26.461 9 INFO neutron.db.segments_db [None req-03dd85cf-6f16-4ccf-94eb-844f6caec07f ad53116a410f4395924cd13bf990f2dc b298507a6d084067bc33290504208e24 - - default default] Added segment 0294c9dd-d3cf-4175-86e5-5792bd44ca4f of type geneve for network e3b4dad5-411f-4e7d-a285-bcf1c155d04a
2026-09-11 18:42:26.596 9 INFO neutron.db.ovn_revision_numbers_db [None req-03dd85cf-6f16-4ccf-94eb-844f6caec07f ad53116a410f4395924cd13bf990f2dc b298507a6d084067bc33290504208e24 - - default default] Successfully bumped revision number for resource e3b4dad5-411f-4e7d-a285-bcf1c155d04a (type: networks) to 1
2026-09-11 18:42:26.759 9 WARNING neutron.scheduler.dhcp_agent_scheduler [None req-03dd85cf-6f16-4ccf-94eb-844f6caec07f ad53116a410f4395924cd13bf990f2dc b298507a6d084067bc33290504208e24 - - default default] No more DHCP agents
2026-09-11 18:42:26.761 9 WARNING neutron.api.rpc.agentnotifiers.dhcp_rpc_agent_api [None req-03dd85cf-6f16-4ccf-94eb-844f6caec07f ad53116a410f4395924cd13bf990f2dc b298507a6d084067bc33290504208e24 - - default default] Unable to schedule network e3b4dad5-411f-4e7d-a285-bcf1c155d04a: no agents available; will retry on subsequent port and subnet creation events.
2026-09-11 18:42:26.879 9 INFO neutron.db.ovn_revision_numbers_db [None req-03dd85cf-6f16-4ccf-94eb-844f6caec07f ad53116a410f4395924cd13bf990f2dc b298507a6d084067bc33290504208e24 - - default default] Successfully bumped revision number for resource 7ef83279-81e5-4b2d-af50-a10e0125c72e (type: ports) to 1
2026-09-11 18:42:26.928 9 INFO neutron.wsgi [None req-03dd85cf-6f16-4ccf-94eb-844f6caec07f ad53116a410f4395924cd13bf990f2dc b298507a6d084067bc33290504208e24 - - default default] 10.0.0.177 "POST /v2.0/networks HTTP/1.1" status: 201 len: 829 time: 0.5469573
2026-09-11 18:42:27.031 10 INFO neutron.wsgi [None req-f804aafa-925c-43c5-973b-9d3981363a21 a33618291ac148089eec71399ff30569 5e05a9ec63cc46718e6ea2809f7e71d5 - - default default] 10.0.0.177 "GET /v2.0/extensions HTTP/1.1" status: 200 len: 16520 time: 0.1228859
2026-09-11 18:42:27.040 10 INFO neutron.wsgi [None req-98527698-c273-4871-8399-d61129772c2f a33618291ac148089eec71399ff30569 5e05a9ec63cc46718e6ea2809f7e71d5 - - default default] 10.0.0.177 "GET /v2.0/extensions/address-group HTTP/1.1" status: 200 len: 353 time: 0.0034285
2026-09-11 18:42:27.050 9 INFO neutron.wsgi [None req-21294aac-ed6f-4a58-ae6b-abb70ebaa97c a33618291ac148089eec71399ff30569 5e05a9ec63cc46718e6ea2809f7e71d5 - - default default] 10.0.0.177 "GET /v2.0/extensions/address-scope HTTP/1.1" status: 200 len: 357 time: 0.0046902
2026-09-11 18:42:27.059 10 INFO neutron.wsgi [None req-914c36ff-c43f-4272-bf4c-bb490e3c92ce a33618291ac148089eec71399ff30569 5e05a9ec63cc46718e6ea2809f7e71d5 - - default default] 10.0.0.177 "GET /v2.0/extensions/agent HTTP/1.1" status: 200 len: 347 time: 0.0047956
2026-09-11 18:42:27.070 9 INFO neutron.wsgi [None req-f25b0d56-a950-4548-aea9-0493d32f02d7 a33618291ac148089eec71399ff30569 5e05a9ec63cc46718e6ea2809f7e71d5 - - default default] 10.0.0.177 "GET /v2.0/extensions/allowed-address-pairs HTTP/1.1" status: 200 len: 378 time: 0.0058560
2026-09-11 18:42:27.079 10 INFO neutron.wsgi [None req-1ca67138-e6f3-4cc2-99c4-b9bcafc36f8c a33618291ac148089eec71399ff30569 5e05a9ec63cc46718e6ea2809f7e71d5 - - default default] 10.0.0.177 "GET /v2.0/extensions/auto-allocated-topology HTTP/1.1" status: 200 len: 394 time: 0.0037835
2026-09-11 18:42:27.088 10 INFO neutron.wsgi [None req-4a58fb0a-58d1-4bae-91e6-0e1f4f2bb973 a33618291ac148089eec71399ff30569 5e05a9ec63cc46718e6ea2809f7e71d5 - - default default] 10.0.0.177 "GET /v2.0/extensions/availability_zone HTTP/1.1" status: 200 len: 372 time: 0.0037332
2026-09-11 18:42:27.097 9 INFO neutron.wsgi [None req-73b14b56-3298-4cff-a0bd-8ca1d7ac3fda a33618291ac148089eec71399ff30569 5e05a9ec63cc46718e6ea2809f7e71d5 - - default default] 10.0.0.177 "GET /v2.0/extensions/default-subnetpools HTTP/1.1" status: 200 len: 405 time: 0.0044525
2026-09-11 18:42:27.109 9 INFO neutron.wsgi [None req-07721589-1191-47a3-97b8-4f1bd844940e a33618291ac148089eec71399ff30569 5e05a9ec63cc46718e6ea2809f7e71d5 - - default default] 10.0.0.177 "GET /v2.0/extensions/dhcp_agent_scheduler HTTP/1.1" status: 200 len: 381 time: 0.0057859
2026-09-11 18:42:27.120 10 INFO neutron.wsgi [None req-2b28f970-2016-4543-9bd2-7e8a48e78e89 a33618291ac148089eec71399ff30569 5e05a9ec63cc46718e6ea2809f7e71d5 - - default default] 10.0.0.177 "GET /v2.0/extensions/dns-integration HTTP/1.1" status: 200 len: 366 time: 0.0033982
2026-09-11 18:42:27.131 10 INFO neutron.wsgi [None req-c44d066e-f8d9-474c-9dc5-3b9f8a3d583e a33618291ac148089eec71399ff30569 5e05a9ec63cc46718e6ea2809f7e71d5 - - default default] 10.0.0.177 "GET /v2.0/extensions/dns-domain-ports HTTP/1.1" status: 200 len: 399 time: 0.0029294
2026-09-11 18:42:27.150 10 INFO neutron.db.ovn_revision_numbers_db [None req-8e510e6e-d3e2-40c8-a715-f2feab557ff6 61259f9a7dc94607bbac780f48acbd93 4441857b6da34df3a2cd7f5f6cc6668a - - default default] Successfully bumped revision number for resource caae7448-c748-438d-b159-6cd7ce72f940 (type: security_groups) to 1
2026-09-11 18:42:27.151 9 INFO neutron.wsgi [None req-e1ecd697-a975-4e61-8742-0eabf32f0fd8 a33618291ac148089eec71399ff30569 5e05a9ec63cc46718e6ea2809f7e71d5 - - default default] 10.0.0.177 "GET /v2.0/extensions/dns-integration-domain-keywords HTTP/1.1" status: 200 len: 477 time: 0.0137837
2026-09-11 18:42:27.161 9 INFO neutron.wsgi [None req-d9972931-2058-453e-bf62-2f1773ca9faf a33618291ac148089eec71399ff30569 5e05a9ec63cc46718e6ea2809f7e71d5 - - default default] 10.0.0.177 "GET /v2.0/extensions/external-net HTTP/1.1" status: 200 len: 394 time: 0.0042861
2026-09-11 18:42:27.167 10 INFO neutron.wsgi [None req-234fda41-1230-4de2-9210-ee55a99edf4f a33618291ac148089eec71399ff30569 5e05a9ec63cc46718e6ea2809f7e71d5 - - default default] 10.0.0.177 "GET /v2.0/extensions/extra_dhcp_opt HTTP/1.1" status: 200 len: 498 time: 0.0033667
2026-09-11 18:42:27.168 10 INFO neutron.db.ovn_revision_numbers_db [None req-8e510e6e-d3e2-40c8-a715-f2feab557ff6 61259f9a7dc94607bbac780f48acbd93 4441857b6da34df3a2cd7f5f6cc6668a - - default default] Successfully bumped revision number for resource 8acad40e-decd-4702-82af-9861bac0d2c7 (type: security_group_rules) to 0
2026-09-11 18:42:27.181 10 INFO neutron.wsgi [None req-4b5cd125-385a-4911-aded-9fad7d512e83 a33618291ac148089eec71399ff30569 5e05a9ec63cc46718e6ea2809f7e71d5 - - default default] 10.0.0.177 "GET /v2.0/extensions/extraroute HTTP/1.1" status: 200 len: 375 time: 0.0053320
2026-09-11 18:42:27.189 10 INFO neutron.wsgi [None req-3eafb39c-4e83-4451-b57d-5e75ab71e6d3 a33618291ac148089eec71399ff30569 5e05a9ec63cc46718e6ea2809f7e71d5 - - default default] 10.0.0.177 "GET /v2.0/extensions/filter-validation HTTP/1.1" status: 200 len: 392 time: 0.0030394
2026-09-11 18:42:27.190 10 INFO neutron.db.ovn_revision_numbers_db [None req-8e510e6e-d3e2-40c8-a715-f2feab557ff6 61259f9a7dc94607bbac780f48acbd93 4441857b6da34df3a2cd7f5f6cc6668a - - default default] Successfully bumped revision number for resource 9cb4831c-6f62-415d-a51d-8e46f8fdfd4e (type: security_group_rules) to 0
2026-09-11 18:42:27.199 10 INFO neutron.wsgi [None req-def317df-e47c-469c-931b-cf6c7f68c8ed a33618291ac148089eec71399ff30569 5e05a9ec63cc46718e6ea2809f7e71d5 - - default default] 10.0.0.177 "GET /v2.0/extensions/floating-ip-port-forwarding-detail HTTP/1.1" status: 200 len: 465 time: 0.0059240
2026-09-11 18:42:27.206 10 INFO neutron.wsgi [None req-f03d62c6-a140-4a18-9544-3d3467749ed4 a33618291ac148089eec71399ff30569 5e05a9ec63cc46718e6ea2809f7e71d5 - - default default] 10.0.0.177 "GET /v2.0/extensions/fip-port-details HTTP/1.1" status: 200 len: 406 time: 0.0032823
2026-09-11 18:42:27.207 10 INFO neutron.db.ovn_revision_numbers_db [None req-8e510e6e-d3e2-40c8-a715-f2feab557ff6 61259f9a7dc94607bbac780f48acbd93 4441857b6da34df3a2cd7f5f6cc6668a - - default default] Successfully bumped revision number for resource ba6c419a-deca-4050-9e95-2615c5a68ca6 (type: security_group_rules) to 0
2026-09-11 18:42:27.215 10 INFO neutron.wsgi [None req-7a0014fa-6de2-4e18-88bf-8b84078cbf7d a33618291ac148089eec71399ff30569 5e05a9ec63cc46718e6ea2809f7e71d5 - - default default] 10.0.0.177 "GET /v2.0/extensions/flavors HTTP/1.1" status: 200 len: 387 time: 0.0047681
2026-09-11 18:42:27.223 10 INFO neutron.db.ovn_revision_numbers_db [None req-8e510e6e-d3e2-40c8-a715-f2feab557ff6 61259f9a7dc94607bbac780f48acbd93 4441857b6da34df3a2cd7f5f6cc6668a - - default default] Successfully bumped revision number for resource cb1874dd-0df9-4e52-9a1e-ba0ddd85f7ac (type: security_group_rules) to 0
2026-09-11 18:42:27.228 9 INFO neutron.wsgi [None req-cdfed9d5-e340-4061-a518-c411b81ca6db a33618291ac148089eec71399ff30569 5e05a9ec63cc46718e6ea2809f7e71d5 - - default default] 10.0.0.177 "GET /v2.0/extensions/floatingip-pools HTTP/1.1" status: 200 len: 382 time: 0.0077012
2026-09-11 18:42:27.238 10 INFO neutron.wsgi [None req-439c18a6-43c7-4c92-af93-ecac7ba0cabf a33618291ac148089eec71399ff30569 5e05a9ec63cc46718e6ea2809f7e71d5 - - default default] 10.0.0.177 "GET /v2.0/extensions/ip_allocation HTTP/1.1" status: 200 len: 356 time: 0.0056527
2026-09-11 18:42:27.245 10 INFO neutron.wsgi [None req-dd107008-e6eb-4f1b-832e-c1ed2f8b5782 a33618291ac148089eec71399ff30569 5e05a9ec63cc46718e6ea2809f7e71d5 - - default default] 10.0.0.177 "GET /v2.0/extensions/l2_adjacency HTTP/1.1" status: 200 len: 372 time: 0.0034461
2026-09-11 18:42:27.253 10 INFO neutron.wsgi [None req-86a52dc1-109e-402f-9c44-d3c980e091e2 a33618291ac148089eec71399ff30569 5e05a9ec63cc46718e6ea2809f7e71d5 - - default default] 10.0.0.177 "GET /v2.0/extensions/router HTTP/1.1" status: 200 len: 450 time: 0.0031185
2026-09-11 18:42:27.257 9 WARNING neutron.scheduler.dhcp_agent_scheduler [None req-d7d1d599-7e02-475e-9170-93f929166a3e ad53116a410f4395924cd13bf990f2dc b298507a6d084067bc33290504208e24 - - default default] No more DHCP agents
2026-09-11 18:42:27.261 9 WARNING neutron.api.rpc.agentnotifiers.dhcp_rpc_agent_api [None req-d7d1d599-7e02-475e-9170-93f929166a3e ad53116a410f4395924cd13bf990f2dc b298507a6d084067bc33290504208e24 - - default default] Unable to schedule network e3b4dad5-411f-4e7d-a285-bcf1c155d04a: no agents available; will retry on subsequent port and subnet creation events.
2026-09-11 18:42:27.261 10 INFO neutron.wsgi [None req-68121ead-9717-40b5-b0bd-1c1cb37c6424 a33618291ac148089eec71399ff30569 5e05a9ec63cc46718e6ea2809f7e71d5 - - default default] 10.0.0.177 "GET /v2.0/extensions/ext-gw-mode HTTP/1.1" status: 200 len: 462 time: 0.0028329
2026-09-11 18:42:27.271 10 INFO neutron.wsgi [None req-eb6f2191-bc9c-4db6-aa28-83e65b16f220 a33618291ac148089eec71399ff30569 5e05a9ec63cc46718e6ea2809f7e71d5 - - default default] 10.0.0.177 "GET /v2.0/extensions/logging HTTP/1.1" status: 200 len: 407 time: 0.0047743
2026-09-11 18:42:27.277 10 INFO neutron.db.segments_db [None req-8e510e6e-d3e2-40c8-a715-f2feab557ff6 61259f9a7dc94607bbac780f48acbd93 4441857b6da34df3a2cd7f5f6cc6668a - - default default] Added segment ccfd6b74-b2d2-4620-b370-a27a91d689a7 of type geneve for network 2d6b2d76-491f-4c61-8f38-d1e99447bd15
2026-09-11 18:42:27.284 9 INFO neutron.wsgi [None req-e40a4205-ac58-427b-a21f-306a67bb4296 a33618291ac148089eec71399ff30569 5e05a9ec63cc46718e6ea2809f7e71d5 - - default default] 10.0.0.177 "GET /v2.0/extensions/multi-provider HTTP/1.1" status: 200 len: 406 time: 0.0050128
2026-09-11 18:42:27.291 9 INFO neutron.wsgi [None req-eb7c2d54-6290-49cd-9dd5-d9b99b5c9da0 a33618291ac148089eec71399ff30569 5e05a9ec63cc46718e6ea2809f7e71d5 - - default default] 10.0.0.177 "GET /v2.0/extensions/net-mtu HTTP/1.1" status: 200 len: 370 time: 0.0033875
2026-09-11 18:42:27.303 10 INFO neutron.wsgi [None req-c1c1d581-f351-4a38-85be-07e7c2452639 a33618291ac148089eec71399ff30569 5e05a9ec63cc46718e6ea2809f7e71d5 - - default default] 10.0.0.177 "GET /v2.0/extensions/net-mtu-writable HTTP/1.1" status: 200 len: 401 time: 0.0039568
2026-09-11 18:42:27.312 9 INFO neutron.wsgi [None req-7a037c9d-695f-4bca-9f96-6b462cfce315 a33618291ac148089eec71399ff30569 5e05a9ec63cc46718e6ea2809f7e71d5 - - default default] 10.0.0.177 "GET /v2.0/extensions/network_availability_zone HTTP/1.1" status: 200 len: 394 time: 0.0033903
2026-09-11 18:42:27.325 9 INFO neutron.wsgi [None req-bf33fa87-b566-414e-bcd6-6279b8082666 a33618291ac148089eec71399ff30569 5e05a9ec63cc46718e6ea2809f7e71d5 - - default default] 10.0.0.177 "GET /v2.0/extensions/network-ip-availability HTTP/1.1" status: 200 len: 410 time: 0.0043063
2026-09-11 18:42:27.334 9 INFO neutron.wsgi [None req-6a3680e3-347d-4927-aa3e-49ce069ce64e a33618291ac148089eec71399ff30569 5e05a9ec63cc46718e6ea2809f7e71d5 - - default default] 10.0.0.177 "GET /v2.0/extensions/pagination HTTP/1.1" status: 200 len: 386 time: 0.0033586
2026-09-11 18:42:27.342 10 INFO neutron.wsgi [None req-d5cc0fe9-1381-4875-8350-4750eb0d1d13 a33618291ac148089eec71399ff30569 5e05a9ec63cc46718e6ea2809f7e71d5 - - default default] 10.0.0.177 "GET /v2.0/extensions/port-device-profile HTTP/1.1" status: 200 len: 383 time: 0.0038366
2026-09-11 18:42:27.350 9 INFO neutron.wsgi [None req-e76f7855-34c8-46f9-929c-b92078d9bd1f a33618291ac148089eec71399ff30569 5e05a9ec63cc46718e6ea2809f7e71d5 - - default default] 10.0.0.177 "GET /v2.0/extensions/port-mac-address-regenerate HTTP/1.1" status: 200 len: 403 time: 0.0042839
2026-09-11 18:42:27.356 9 INFO neutron.wsgi [-] 10.0.0.155 "GET / HTTP/1.1" status: 200 len: 247 time: 0.0012176
2026-09-11 18:42:27.358 9 INFO neutron.wsgi [-] 10.0.0.155 "GET / HTTP/1.1" status: 200 len: 247 time: 0.0008314
2026-09-11 18:42:27.368 9 INFO neutron.wsgi [None req-9a945459-cd75-4fe6-bd0b-b4ddbe65c72d a33618291ac148089eec71399ff30569 5e05a9ec63cc46718e6ea2809f7e71d5 - - default default] 10.0.0.177 "GET /v2.0/extensions/port-numa-affinity-policy HTTP/1.1" status: 200 len: 392 time: 0.0094042
2026-09-11 18:42:27.381 9 INFO neutron.wsgi [None req-f12de1ea-7103-43e2-b7cd-165e8aba6541 a33618291ac148089eec71399ff30569 5e05a9ec63cc46718e6ea2809f7e71d5 - - default default] 10.0.0.177 "GET /v2.0/extensions/port-resource-request HTTP/1.1" status: 200 len: 379 time: 0.0054879
2026-09-11 18:42:27.393 9 INFO neutron.wsgi [None req-8a4268ed-7ef9-472b-9e3f-6a7be58e9e6c a33618291ac148089eec71399ff30569 5e05a9ec63cc46718e6ea2809f7e71d5 - - default default] 10.0.0.177 "GET /v2.0/extensions/port-resource-request-groups HTTP/1.1" status: 200 len: 465 time: 0.0047412
2026-09-11 18:42:27.410 10 INFO neutron.wsgi [None req-8fb7a0b9-c6a6-41ff-992b-572765d8f5d2 a33618291ac148089eec71399ff30569 5e05a9ec63cc46718e6ea2809f7e71d5 - - default default] 10.0.0.177 "GET /v2.0/extensions/binding HTTP/1.1" status: 200 len: 387 time: 0.0113101
2026-09-11 18:42:27.419 9 INFO neutron.wsgi [None req-95333204-6f53-4db6-a4b1-a0601dfdd299 a33618291ac148089eec71399ff30569 5e05a9ec63cc46718e6ea2809f7e71d5 - - default default] 10.0.0.177 "GET /v2.0/extensions/binding-extended HTTP/1.1" status: 200 len: 406 time: 0.0048988
2026-09-11 18:42:27.422 10 INFO neutron.db.ovn_revision_numbers_db [None req-8e510e6e-d3e2-40c8-a715-f2feab557ff6 61259f9a7dc94607bbac780f48acbd93 4441857b6da34df3a2cd7f5f6cc6668a - - default default] Successfully bumped revision number for resource 2d6b2d76-491f-4c61-8f38-d1e99447bd15 (type: networks) to 1
2026-09-11 18:42:27.432 9 INFO neutron.wsgi [None req-0b700b32-f840-4f35-af07-38828f3c2459 a33618291ac148089eec71399ff30569 5e05a9ec63cc46718e6ea2809f7e71d5 - - default default] 10.0.0.177 "GET /v2.0/extensions/port-security HTTP/1.1" status: 200 len: 354 time: 0.0078926
2026-09-11 18:42:27.441 9 INFO neutron.wsgi [None req-cddf8982-9064-4102-ae79-f717a20a9d88 a33618291ac148089eec71399ff30569 5e05a9ec63cc46718e6ea2809f7e71d5 - - default default] 10.0.0.177 "GET /v2.0/extensions/project-id HTTP/1.1" status: 200 len: 398 time: 0.0040867
2026-09-11 18:42:27.455 9 INFO neutron.wsgi [None req-db7985ba-b41a-4a38-be98-a7676bb1d646 a33618291ac148089eec71399ff30569 5e05a9ec63cc46718e6ea2809f7e71d5 - - default default] 10.0.0.177 "GET /v2.0/extensions/provider HTTP/1.1" status: 200 len: 385 time: 0.0076578
2026-09-11 18:42:27.467 10 INFO neutron.wsgi [None req-79f8c894-a763-479e-98d7-32e280326e58 a33618291ac148089eec71399ff30569 5e05a9ec63cc46718e6ea2809f7e71d5 - - default default] 10.0.0.177 "GET /v2.0/extensions/qos HTTP/1.1" status: 200 len: 360 time: 0.0067716
2026-09-11 18:42:27.477 10 INFO neutron.wsgi [None req-e349decd-13d2-4c48-bcae-72e57252db99 a33618291ac148089eec71399ff30569 5e05a9ec63cc46718e6ea2809f7e71d5 - - default default] 10.0.0.177 "GET /v2.0/extensions/qos-bw-limit-direction HTTP/1.1" status: 200 len: 452 time: 0.0034869
2026-09-11 18:42:27.488 9 INFO neutron.wsgi [None req-0dd73489-de3a-4aab-99b1-e39a26891021 a33618291ac148089eec71399ff30569 5e05a9ec63cc46718e6ea2809f7e71d5 - - default default] 10.0.0.177 "GET /v2.0/extensions/qos-bw-minimum-ingress HTTP/1.1" status: 200 len: 445 time: 0.0062051
2026-09-11 18:42:27.505 9 INFO neutron.wsgi [None req-cbe21eb8-58f6-4773-a959-3a3907708971 a33618291ac148089eec71399ff30569 5e05a9ec63cc46718e6ea2809f7e71d5 - - default default] 10.0.0.177 "GET /v2.0/extensions/qos-default HTTP/1.1" status: 200 len: 377 time: 0.0064187
2026-09-11 18:42:27.519 9 INFO neutron.wsgi [None req-19d9d45e-95a8-4071-b05d-129ef4438334 a33618291ac148089eec71399ff30569 5e05a9ec63cc46718e6ea2809f7e71d5 - - default default] 10.0.0.177 "GET /v2.0/extensions/qos-fip HTTP/1.1" status: 200 len: 372 time: 0.0051744
2026-09-11 18:42:27.531 9 INFO neutron.wsgi [None req-d8775b25-28cc-47ee-94ea-75fd0b8a37b6 a33618291ac148089eec71399ff30569 5e05a9ec63cc46718e6ea2809f7e71d5 - - default default] 10.0.0.177 "GET /v2.0/extensions/qos-gateway-ip HTTP/1.1" status: 200 len: 391 time: 0.0055027
2026-09-11 18:42:27.542 9 INFO neutron.wsgi [None req-d28111b8-5a05-48dc-817f-4b01366ae0c0 a33618291ac148089eec71399ff30569 5e05a9ec63cc46718e6ea2809f7e71d5 - - default default] 10.0.0.177 "GET /v2.0/extensions/qos-port-network-policy HTTP/1.1" status: 200 len: 403 time: 0.0046968
2026-09-11 18:42:27.551 10 INFO neutron.wsgi [None req-2848991e-eea6-4711-b4aa-b0a3e67583a8 a33618291ac148089eec71399ff30569 5e05a9ec63cc46718e6ea2809f7e71d5 - - default default] 10.0.0.177 "GET /v2.0/extensions/qos-pps-minimum HTTP/1.1" status: 200 len: 397 time: 0.0045273
2026-09-11 18:42:27.562 10 INFO neutron.wsgi [None req-ca05843e-b667-4111-8327-a5fc6499d8ce a33618291ac148089eec71399ff30569 5e05a9ec63cc46718e6ea2809f7e71d5 - - default default] 10.0.0.177 "GET /v2.0/extensions/qos-pps-minimum-rule-alias HTTP/1.1" status: 200 len: 471 time: 0.0049560
2026-09-11 18:42:27.572 9 INFO neutron.wsgi [None req-d662ee03-f6ff-4ba2-9b0e-d645b28815af a33618291ac148089eec71399ff30569 5e05a9ec63cc46718e6ea2809f7e71d5 - - default default] 10.0.0.177 "GET /v2.0/extensions/qos-pps HTTP/1.1" status: 200 len: 389 time: 0.0048671
2026-09-11 18:42:27.584 10 INFO neutron.wsgi [None req-75a34c5c-b87c-4e9e-872e-5f98cc883484 a33618291ac148089eec71399ff30569 5e05a9ec63cc46718e6ea2809f7e71d5 - - default default] 10.0.0.177 "GET /v2.0/extensions/qos-rule-type-details HTTP/1.1" status: 200 len: 423 time: 0.0045190
2026-09-11 18:42:27.595 10 INFO neutron.wsgi [None req-ca797565-b561-44a4-9de8-09fc6b7ed4b4 a33618291ac148089eec71399ff30569 5e05a9ec63cc46718e6ea2809f7e71d5 - - default default] 10.0.0.177 "GET /v2.0/extensions/qos-rule-type-filter HTTP/1.1" status: 200 len: 567 time: 0.0052629
2026-09-11 18:42:27.606 10 INFO neutron.wsgi [None req-5ba7778b-df5a-4947-b625-fe38b40b16f2 a33618291ac148089eec71399ff30569 5e05a9ec63cc46718e6ea2809f7e71d5 - - default default] 10.0.0.177 "GET /v2.0/extensions/qos-rules-alias HTTP/1.1" status: 200 len: 448 time: 0.0040798
2026-09-11 18:42:27.625 10 INFO neutron.wsgi [None req-c501b196-46d1-4ea9-987b-8d2851acd7cf a33618291ac148089eec71399ff30569 5e05a9ec63cc46718e6ea2809f7e71d5 - - default default] 10.0.0.177 "GET /v2.0/extensions/quota-check-limit HTTP/1.1" status: 200 len: 420 time: 0.0121870
2026-09-11 18:42:27.638 10 INFO neutron.wsgi [None req-e022093d-1ef3-4aaa-aceb-0ea67a7536b1 a33618291ac148089eec71399ff30569 5e05a9ec63cc46718e6ea2809f7e71d5 - - default default] 10.0.0.177 "GET /v2.0/extensions/quotas HTTP/1.1" status: 200 len: 386 time: 0.0072229
2026-09-11 18:42:27.641 10 WARNING neutron.scheduler.dhcp_agent_scheduler [None req-8e510e6e-d3e2-40c8-a715-f2feab557ff6 61259f9a7dc94607bbac780f48acbd93 4441857b6da34df3a2cd7f5f6cc6668a - - default default] No more DHCP agents
2026-09-11 18:42:27.643 10 WARNING neutron.api.rpc.agentnotifiers.dhcp_rpc_agent_api [None req-8e510e6e-d3e2-40c8-a715-f2feab557ff6 61259f9a7dc94607bbac780f48acbd93 4441857b6da34df3a2cd7f5f6cc6668a - - default default] Unable to schedule network 2d6b2d76-491f-4c61-8f38-d1e99447bd15: no agents available; will retry on subsequent port and subnet creation events.
2026-09-11 18:42:27.649 9 INFO neutron.wsgi [None req-53a6b48c-af0c-4752-a0e8-7f22ac85d6a0 a33618291ac148089eec71399ff30569 5e05a9ec63cc46718e6ea2809f7e71d5 - - default default] 10.0.0.177 "GET /v2.0/extensions/quota_details HTTP/1.1" status: 200 len: 407 time: 0.0043585
2026-09-11 18:42:27.658 9 INFO neutron.wsgi [None req-30d37c33-a1a9-4c1b-80d1-668a88e09799 a33618291ac148089eec71399ff30569 5e05a9ec63cc46718e6ea2809f7e71d5 - - default default] 10.0.0.177 "GET /v2.0/extensions/rbac-policies HTTP/1.1" status: 200 len: 417 time: 0.0047095
2026-09-11 18:42:27.668 10 INFO neutron.wsgi [None req-a2071b1b-b5e2-466b-867a-a5c4b65cb01b a33618291ac148089eec71399ff30569 5e05a9ec63cc46718e6ea2809f7e71d5 - - default default] 10.0.0.177 "GET /v2.0/extensions/rbac-address-scope HTTP/1.1" status: 200 len: 384 time: 0.0042875
2026-09-11 18:42:27.678 9 INFO neutron.wsgi [None req-139c4e47-b4bf-485f-92a5-5f6d41597388 a33618291ac148089eec71399ff30569 5e05a9ec63cc46718e6ea2809f7e71d5 - - default default] 10.0.0.177 "GET /v2.0/extensions/rbac-security-groups HTTP/1.1" status: 200 len: 404 time: 0.0050645
2026-09-11 18:42:27.695 9 INFO neutron.wsgi [None req-66dc6519-8bf1-4d51-94c9-b3eb8ce3fcec a33618291ac148089eec71399ff30569 5e05a9ec63cc46718e6ea2809f7e71d5 - - default default] 10.0.0.177 "GET /v2.0/extensions/revision-if-match HTTP/1.1" status: 200 len: 441 time: 0.0118132
2026-09-11 18:42:27.705 10 INFO neutron.wsgi [None req-502fcedf-2994-4a45-b627-eefad4351e5e a33618291ac148089eec71399ff30569 5e05a9ec63cc46718e6ea2809f7e71d5 - - default default] 10.0.0.177 "GET /v2.0/extensions/standard-attr-revisions HTTP/1.1" status: 200 len: 423 time: 0.0041654
2026-09-11 18:42:27.715 9 INFO neutron.wsgi [None req-bb287d5e-0c48-48c9-9c59-bae6c83e91fc a33618291ac148089eec71399ff30569 5e05a9ec63cc46718e6ea2809f7e71d5 - - default default] 10.0.0.177 "GET /v2.0/extensions/router_availability_zone HTTP/1.1" status: 200 len: 391 time: 0.0042987
2026-09-11 18:42:27.725 9 INFO neutron.wsgi [None req-5c5e4414-098f-4df6-9cb0-7c31b789d37d a33618291ac148089eec71399ff30569 5e05a9ec63cc46718e6ea2809f7e71d5 - - default default] 10.0.0.177 "GET /v2.0/extensions/security-groups-normalized-cidr HTTP/1.1" status: 200 len: 445 time: 0.0043437
2026-09-11 18:42:27.734 9 INFO neutron.wsgi [None req-e8e809aa-c6df-4c88-8a30-25b7a24e15df a33618291ac148089eec71399ff30569 5e05a9ec63cc46718e6ea2809f7e71d5 - - default default] 10.0.0.177 "GET /v2.0/extensions/security-groups-remote-address-group HTTP/1.1" status: 200 len: 448 time: 0.0037048
2026-09-11 18:42:27.746 10 INFO neutron.wsgi [None req-d9dfe792-08bb-4cf6-bd86-3a5fb3f340c3 a33618291ac148089eec71399ff30569 5e05a9ec63cc46718e6ea2809f7e71d5 - - default default] 10.0.0.177 "GET /v2.0/extensions/security-groups-shared-filtering HTTP/1.1" status: 200 len: 435 time: 0.0065074
2026-09-11 18:42:27.753 10 INFO neutron.wsgi [None req-74597451-34d8-490d-8a86-dfca7adab129 a33618291ac148089eec71399ff30569 5e05a9ec63cc46718e6ea2809f7e71d5 - - default default] 10.0.0.177 "GET /v2.0/extensions/security-group HTTP/1.1" status: 200 len: 364 time: 0.0036373
2026-09-11 18:42:27.754 10 INFO neutron.db.ovn_revision_numbers_db [None req-8e510e6e-d3e2-40c8-a715-f2feab557ff6 61259f9a7dc94607bbac780f48acbd93 4441857b6da34df3a2cd7f5f6cc6668a - - default default] Successfully bumped revision number for resource 550f77e5-f50f-47f1-9456-7d80cd4f1d64 (type: ports) to 1
2026-09-11 18:42:27.762 9 INFO neutron.wsgi [None req-c1540264-692d-4d34-ad03-74940dff7633 a33618291ac148089eec71399ff30569 5e05a9ec63cc46718e6ea2809f7e71d5 - - default default] 10.0.0.177 "GET /v2.0/extensions/segment HTTP/1.1" status: 200 len: 339 time: 0.0038114
2026-09-11 18:42:27.772 9 INFO neutron.wsgi [None req-00cd150d-7d5b-499e-be1e-0292448bb12b a33618291ac148089eec71399ff30569 5e05a9ec63cc46718e6ea2809f7e71d5 - - default default] 10.0.0.177 "GET /v2.0/extensions/segments-peer-subnet-host-routes HTTP/1.1" status: 200 len: 427 time: 0.0041003
2026-09-11 18:42:27.782 10 INFO neutron.wsgi [None req-a3e7e649-a547-4e09-afd3-fd840fe3b84b a33618291ac148089eec71399ff30569 5e05a9ec63cc46718e6ea2809f7e71d5 - - default default] 10.0.0.177 "GET /v2.0/extensions/service-type HTTP/1.1" status: 200 len: 415 time: 0.0050445
2026-09-11 18:42:27.791 10 INFO neutron.wsgi [None req-8e510e6e-d3e2-40c8-a715-f2feab557ff6 61259f9a7dc94607bbac780f48acbd93 4441857b6da34df3a2cd7f5f6cc6668a - - default default] 10.0.0.177 "POST /v2.0/networks HTTP/1.1" status: 201 len: 830 time: 0.9194441
2026-09-11 18:42:27.791 9 INFO neutron.wsgi [None req-c3e0007e-484c-4636-851c-97534a8be9b8 a33618291ac148089eec71399ff30569 5e05a9ec63cc46718e6ea2809f7e71d5 - - default default] 10.0.0.177 "GET /v2.0/extensions/sorting HTTP/1.1" status: 200 len: 377 time: 0.0041220
2026-09-11 18:42:27.800 10 INFO neutron.wsgi [None req-6a01312b-7a6f-4fce-8c4e-d55e29ddde49 a33618291ac148089eec71399ff30569 5e05a9ec63cc46718e6ea2809f7e71d5 - - default default] 10.0.0.177 "GET /v2.0/extensions/standard-attr-segment HTTP/1.1" status: 200 len: 406 time: 0.0037923
2026-09-11 18:42:27.809 9 INFO neutron.wsgi [None req-4a51f224-78aa-4bcd-a196-fa01fdc7b7a8 a33618291ac148089eec71399ff30569 5e05a9ec63cc46718e6ea2809f7e71d5 - - default default] 10.0.0.177 "GET /v2.0/extensions/standard-attr-description HTTP/1.1" status: 200 len: 408 time: 0.0040302
2026-09-11 18:42:27.822 9 INFO neutron.wsgi [None req-630c312e-d904-42e4-b7ef-b0ae61b51aaf a33618291ac148089eec71399ff30569 5e05a9ec63cc46718e6ea2809f7e71d5 - - default default] 10.0.0.177 "GET /v2.0/extensions/stateful-security-group HTTP/1.1" status: 200 len: 402 time: 0.0036621
2026-09-11 18:42:27.823 9 INFO neutron.db.ovn_revision_numbers_db [None req-d7d1d599-7e02-475e-9170-93f929166a3e ad53116a410f4395924cd13bf990f2dc b298507a6d084067bc33290504208e24 - - default default] Successfully bumped revision number for resource 7ef83279-81e5-4b2d-af50-a10e0125c72e (type: ports) to 2
2026-09-11 18:42:27.830 9 INFO neutron.wsgi [None req-826d8ccc-e8af-4c38-98d0-0fb4b2de692f a33618291ac148089eec71399ff30569 5e05a9ec63cc46718e6ea2809f7e71d5 - - default default] 10.0.0.177 "GET /v2.0/extensions/subnet-dns-publish-fixed-ip HTTP/1.1" status: 200 len: 421 time: 0.0031433
2026-09-11 18:42:27.843 9 INFO neutron.wsgi [None req-0d803c99-55d0-48fa-bb15-3a3010c952d6 a33618291ac148089eec71399ff30569 5e05a9ec63cc46718e6ea2809f7e71d5 - - default default] 10.0.0.177 "GET /v2.0/extensions/subnet-segmentid-writable HTTP/1.1" status: 200 len: 421 time: 0.0079691
2026-09-11 18:42:27.852 9 INFO neutron.wsgi [None req-702c63f6-6851-44c6-9243-cd436e0c99d9 a33618291ac148089eec71399ff30569 5e05a9ec63cc46718e6ea2809f7e71d5 - - default default] 10.0.0.177 "GET /v2.0/extensions/subnet-service-types HTTP/1.1" status: 200 len: 400 time: 0.0033426
2026-09-11 18:42:27.861 9 INFO neutron.wsgi [None req-94ed03cc-d694-40fc-9a65-2687aa20ff56 a33618291ac148089eec71399ff30569 5e05a9ec63cc46718e6ea2809f7e71d5 - - default default] 10.0.0.177 "GET /v2.0/extensions/subnet_allocation HTTP/1.1" status: 200 len: 388 time: 0.0038013
2026-09-11 18:42:27.869 9 INFO neutron.wsgi [None req-bcec3537-5427-455a-9a19-3808e0711f82 a33618291ac148089eec71399ff30569 5e05a9ec63cc46718e6ea2809f7e71d5 - - default default] 10.0.0.177 "GET /v2.0/extensions/subnetpool-prefix-ops HTTP/1.1" status: 200 len: 418 time: 0.0028589
2026-09-11 18:42:27.877 9 INFO neutron.db.ovn_revision_numbers_db [None req-d7d1d599-7e02-475e-9170-93f929166a3e ad53116a410f4395924cd13bf990f2dc b298507a6d084067bc33290504208e24 - - default default] Successfully bumped revision number for resource 898b7e42-d32a-46fd-abfb-fc50335d6a10 (type: subnets) to 0
2026-09-11 18:42:27.883 9 INFO neutron.wsgi [None req-60cf3678-aaf6-4789-a946-c16ed462301c a33618291ac148089eec71399ff30569 5e05a9ec63cc46718e6ea2809f7e71d5 - - default default] 10.0.0.177 "GET /v2.0/extensions/standard-attr-tag HTTP/1.1" status: 200 len: 537 time: 0.0033863
2026-09-11 18:42:27.893 10 INFO neutron.db.ovn_revision_numbers_db [None req-8518e192-888c-4886-9b7b-4731cac29c4f 8562576d89f94413a70ae97a4a10cac3 9ce981192a854de79a7a83011ba2e14e - - default default] Successfully bumped revision number for resource f8dea840-2094-4cbb-ad00-d2fde6adcd15 (type: security_groups) to 1
2026-09-11 18:42:27.894 9 INFO neutron.wsgi [None req-0e6b2cba-64c0-449b-94ee-b8a0e811e8de a33618291ac148089eec71399ff30569 5e05a9ec63cc46718e6ea2809f7e71d5 - - default default] 10.0.0.177 "GET /v2.0/extensions/standard-attr-timestamp HTTP/1.1" status: 200 len: 449 time: 0.0040808
2026-09-11 18:42:27.903 9 INFO neutron.wsgi [None req-d7d1d599-7e02-475e-9170-93f929166a3e ad53116a410f4395924cd13bf990f2dc b298507a6d084067bc33290504208e24 - - default default] 10.0.0.177 "POST /v2.0/subnets HTTP/1.1" status: 201 len: 801 time: 0.9700782
2026-09-11 18:42:27.910 10 INFO neutron.wsgi [None req-a70d27e0-93e0-4ff2-9fb9-f6efc24852b8 a33618291ac148089eec71399ff30569 5e05a9ec63cc46718e6ea2809f7e71d5 - - default default] 10.0.0.177 "GET /v2.0/extensions/trunk HTTP/1.1" status: 200 len: 358 time: 0.0101123
2026-09-11 18:42:27.941 10 INFO neutron.wsgi [None req-026ef942-750c-4f4e-bd7f-cbe62ef68479 a33618291ac148089eec71399ff30569 5e05a9ec63cc46718e6ea2809f7e71d5 - - default default] 10.0.0.177 "GET /v2.0/extensions/trunk-details HTTP/1.1" status: 200 len: 362 time: 0.0174632
2026-09-11 18:42:27.954 10 INFO neutron.db.segments_db [None req-24c1d7e2-0321-40d9-a01c-45e168b875fe 61259f9a7dc94607bbac780f48acbd93 4441857b6da34df3a2cd7f5f6cc6668a - - default default] Added segment 9a66cd11-5745-4a3f-9f7b-6ca8dcefe590 of type geneve for network 39b6164b-2693-4f8b-9bce-b3a88796b8cc
2026-09-11 18:42:27.956 10 INFO neutron.db.ovn_revision_numbers_db [None req-8518e192-888c-4886-9b7b-4731cac29c4f 8562576d89f94413a70ae97a4a10cac3 9ce981192a854de79a7a83011ba2e14e - - default default] Successfully bumped revision number for resource 0a7503f5-47f8-4e1d-8417-f3a298ec49e2 (type: security_group_rules) to 0
2026-09-11 18:42:28.005 10 INFO neutron.db.ovn_revision_numbers_db [None req-8518e192-888c-4886-9b7b-4731cac29c4f 8562576d89f94413a70ae97a4a10cac3 9ce981192a854de79a7a83011ba2e14e - - default default] Successfully bumped revision number for resource 440eab14-4e75-41c9-a15f-1f9c7e2a3823 (type: security_group_rules) to 0
2026-09-11 18:42:28.031 10 INFO neutron.db.ovn_revision_numbers_db [None req-8518e192-888c-4886-9b7b-4731cac29c4f 8562576d89f94413a70ae97a4a10cac3 9ce981192a854de79a7a83011ba2e14e - - default default] Successfully bumped revision number for resource 92a45625-57da-496c-90a9-8d91a39dde56 (type: security_group_rules) to 0
2026-09-11 18:42:28.054 10 INFO neutron.db.ovn_revision_numbers_db [None req-8518e192-888c-4886-9b7b-4731cac29c4f 8562576d89f94413a70ae97a4a10cac3 9ce981192a854de79a7a83011ba2e14e - - default default] Successfully bumped revision number for resource e816305e-50c0-47cf-96e3-37d0307b21d5 (type: security_group_rules) to 0
2026-09-11 18:42:28.088 10 INFO neutron.wsgi [None req-8518e192-888c-4886-9b7b-4731cac29c4f 8562576d89f94413a70ae97a4a10cac3 9ce981192a854de79a7a83011ba2e14e - - default default] 10.0.0.177 "GET /v2.0/security-groups?tenant_id=205fb003ae284c1eaad5774464840f7d&name=default HTTP/1.1" status: 200 len: 2996 time: 0.4421165
2026-09-11 18:42:28.133 10 INFO neutron.db.ovn_revision_numbers_db [None req-24c1d7e2-0321-40d9-a01c-45e168b875fe 61259f9a7dc94607bbac780f48acbd93 4441857b6da34df3a2cd7f5f6cc6668a - - default default] Successfully bumped revision number for resource 39b6164b-2693-4f8b-9bce-b3a88796b8cc (type: networks) to 1
2026-09-11 18:42:28.300 10 WARNING neutron.scheduler.dhcp_agent_scheduler [None req-24c1d7e2-0321-40d9-a01c-45e168b875fe 61259f9a7dc94607bbac780f48acbd93 4441857b6da34df3a2cd7f5f6cc6668a - - default default] No more DHCP agents
2026-09-11 18:42:28.302 10 WARNING neutron.api.rpc.agentnotifiers.dhcp_rpc_agent_api [None req-24c1d7e2-0321-40d9-a01c-45e168b875fe 61259f9a7dc94607bbac780f48acbd93 4441857b6da34df3a2cd7f5f6cc6668a - - default default] Unable to schedule network 39b6164b-2693-4f8b-9bce-b3a88796b8cc: no agents available; will retry on subsequent port and subnet creation events.
2026-09-11 18:42:28.342 9 INFO neutron.db.ovn_revision_numbers_db [None req-8390c228-16d5-40ef-8bd8-0e43bdabd8e6 ad53116a410f4395924cd13bf990f2dc b298507a6d084067bc33290504208e24 - - default default] Successfully bumped revision number for resource 5c9fc55a-ea64-4ab3-8540-3eccb85a30ee (type: routers) to 1
2026-09-11 18:42:28.359 9 INFO neutron.wsgi [None req-8390c228-16d5-40ef-8bd8-0e43bdabd8e6 ad53116a410f4395924cd13bf990f2dc b298507a6d084067bc33290504208e24 - - default default] 10.0.0.177 "POST /v2.0/routers HTTP/1.1" status: 201 len: 687 time: 0.4486296
2026-09-11 18:42:28.383 10 INFO neutron.db.ovn_revision_numbers_db [None req-24c1d7e2-0321-40d9-a01c-45e168b875fe 61259f9a7dc94607bbac780f48acbd93 4441857b6da34df3a2cd7f5f6cc6668a - - default default] Successfully bumped revision number for resource df6c199a-5ee8-48e6-8ae8-7d61c78c5fe0 (type: ports) to 1
2026-09-11 18:42:28.423 10 INFO neutron.wsgi [None req-24c1d7e2-0321-40d9-a01c-45e168b875fe 61259f9a7dc94607bbac780f48acbd93 4441857b6da34df3a2cd7f5f6cc6668a - - default default] 10.0.0.177 "POST /v2.0/networks HTTP/1.1" status: 201 len: 831 time: 0.6221895
2026-09-11 18:42:28.473 9 INFO neutron.wsgi [None req-4926d350-fca3-4108-8086-ff119a23b029 8562576d89f94413a70ae97a4a10cac3 9ce981192a854de79a7a83011ba2e14e - - default default] 10.0.0.177 "DELETE /v2.0/security-groups/f8dea840-2094-4cbb-ad00-d2fde6adcd15 HTTP/1.1" status: 204 len: 168 time: 0.3717196
2026-09-11 18:42:28.558 10 INFO neutron.db.segments_db [None req-e8fa8e7c-094b-4e74-bcb9-fb548a446ab5 61259f9a7dc94607bbac780f48acbd93 4441857b6da34df3a2cd7f5f6cc6668a - - default default] Added segment 322c60c2-cb7c-4328-93d9-908cbd445465 of type geneve for network 1292e2d7-100d-4d88-8372-c414d6f437f5
2026-09-11 18:42:28.796 10 INFO neutron.db.ovn_revision_numbers_db [None req-e8fa8e7c-094b-4e74-bcb9-fb548a446ab5 61259f9a7dc94607bbac780f48acbd93 4441857b6da34df3a2cd7f5f6cc6668a - - default default] Successfully bumped revision number for resource 1292e2d7-100d-4d88-8372-c414d6f437f5 (type: networks) to 1
2026-09-11 18:42:28.855 10 INFO neutron.db.ovn_revision_numbers_db [None req-c7a8d09c-9a8a-4b9b-a781-8f5c6dd858f6 8562576d89f94413a70ae97a4a10cac3 9ce981192a854de79a7a83011ba2e14e - - default default] Successfully bumped revision number for resource 23d449c5-9ee3-4cd8-95df-eb06d2818694 (type: security_groups) to 1
2026-09-11 18:42:28.889 10 INFO neutron.db.ovn_revision_numbers_db [None req-c7a8d09c-9a8a-4b9b-a781-8f5c6dd858f6 8562576d89f94413a70ae97a4a10cac3 9ce981192a854de79a7a83011ba2e14e - - default default] Successfully bumped revision number for resource 3bc83cae-bd3e-4616-9fe1-1ae8f7ad5e81 (type: security_group_rules) to 0
2026-09-11 18:42:28.932 10 INFO neutron.db.ovn_revision_numbers_db [None req-c7a8d09c-9a8a-4b9b-a781-8f5c6dd858f6 8562576d89f94413a70ae97a4a10cac3 9ce981192a854de79a7a83011ba2e14e - - default default] Successfully bumped revision number for resource 5e46a00e-b1ac-4549-b371-38c767cae786 (type: security_group_rules) to 0
2026-09-11 18:42:28.984 10 WARNING neutron.scheduler.dhcp_agent_scheduler [None req-8bfefd14-2fca-44c9-95b6-086b4994392b ad53116a410f4395924cd13bf990f2dc b298507a6d084067bc33290504208e24 - - default default] No more DHCP agents
2026-09-11 18:42:28.988 10 INFO neutron.db.ovn_revision_numbers_db [None req-c7a8d09c-9a8a-4b9b-a781-8f5c6dd858f6 8562576d89f94413a70ae97a4a10cac3 9ce981192a854de79a7a83011ba2e14e - - default default] Successfully bumped revision number for resource 86f7af88-85f3-45d4-81d1-17a3d598f6ff (type: security_group_rules) to 0
2026-09-11 18:42:28.994 10 WARNING neutron.api.rpc.agentnotifiers.dhcp_rpc_agent_api [None req-8bfefd14-2fca-44c9-95b6-086b4994392b ad53116a410f4395924cd13bf990f2dc b298507a6d084067bc33290504208e24 - - default default] Unable to schedule network e3b4dad5-411f-4e7d-a285-bcf1c155d04a: no agents available; will retry on subsequent port and subnet creation events.
2026-09-11 18:42:29.022 10 INFO neutron.db.ovn_revision_numbers_db [None req-c7a8d09c-9a8a-4b9b-a781-8f5c6dd858f6 8562576d89f94413a70ae97a4a10cac3 9ce981192a854de79a7a83011ba2e14e - - default default] Successfully bumped revision number for resource 9409c8c3-2665-4f7d-a57c-00b2260b05b5 (type: security_group_rules) to 0
2026-09-11 18:42:29.062 10 INFO neutron.wsgi [None req-c7a8d09c-9a8a-4b9b-a781-8f5c6dd858f6 8562576d89f94413a70ae97a4a10cac3 9ce981192a854de79a7a83011ba2e14e - - default default] 10.0.0.177 "GET /v2.0/security-groups?tenant_id=5e05a9ec63cc46718e6ea2809f7e71d5&name=default HTTP/1.1" status: 200 len: 2996 time: 0.5908992
2026-09-11 18:42:29.124 10 WARNING neutron.scheduler.dhcp_agent_scheduler [None req-e8fa8e7c-094b-4e74-bcb9-fb548a446ab5 61259f9a7dc94607bbac780f48acbd93 4441857b6da34df3a2cd7f5f6cc6668a - - default default] No more DHCP agents
2026-09-11 18:42:29.126 10 WARNING neutron.plugins.ml2.drivers.ovn.mech_driver.ovsdb.ovn_client [None req-3a218d7c-672c-4cf1-bb82-44e4c90b9e5c - - - - - -] No port found with ID 19edcb78-035f-4b1e-93dd-539c8fdbb101: RuntimeError: No port found with ID 19edcb78-035f-4b1e-93dd-539c8fdbb101
2026-09-11 18:42:29.129 10 WARNING neutron.api.rpc.agentnotifiers.dhcp_rpc_agent_api [None req-e8fa8e7c-094b-4e74-bcb9-fb548a446ab5 61259f9a7dc94607bbac780f48acbd93 4441857b6da34df3a2cd7f5f6cc6668a - - default default] Unable to schedule network 1292e2d7-100d-4d88-8372-c414d6f437f5: no agents available; will retry on subsequent port and subnet creation events.
2026-09-11 18:42:29.258 10 INFO neutron.db.ovn_revision_numbers_db [None req-e8fa8e7c-094b-4e74-bcb9-fb548a446ab5 61259f9a7dc94607bbac780f48acbd93 4441857b6da34df3a2cd7f5f6cc6668a - - default default] Successfully bumped revision number for resource f8b941c2-994d-4a9b-9957-a9699f849e69 (type: ports) to 1
2026-09-11 18:42:29.275 10 INFO neutron.db.ovn_revision_numbers_db [None req-8bfefd14-2fca-44c9-95b6-086b4994392b ad53116a410f4395924cd13bf990f2dc b298507a6d084067bc33290504208e24 - - default default] Successfully bumped revision number for resource 65c2ef98-df05-46c4-a78e-c5bdd6e9edc5 (type: ports) to 1
2026-09-11 18:42:29.288 10 INFO neutron.wsgi [None req-e8fa8e7c-094b-4e74-bcb9-fb548a446ab5 61259f9a7dc94607bbac780f48acbd93 4441857b6da34df3a2cd7f5f6cc6668a - - default default] 10.0.0.177 "POST /v2.0/networks HTTP/1.1" status: 201 len: 831 time: 0.8576970
2026-09-11 18:42:29.402 9 INFO neutron.db.segments_db [None req-c0ca08d3-49ef-4c34-acc8-d3d47a019c5b 61259f9a7dc94607bbac780f48acbd93 4441857b6da34df3a2cd7f5f6cc6668a - - default default] Added segment 0aa85434-cdcf-43aa-bb49-3b592c0bd05d of type geneve for network 8e19d27e-341a-48d3-a69b-e6eb7b8ec86d
2026-09-11 18:42:29.449 10 INFO neutron.wsgi [None req-e14a2edf-e22d-4596-9aa4-38ab642184bc 8562576d89f94413a70ae97a4a10cac3 9ce981192a854de79a7a83011ba2e14e - - default default] 10.0.0.177 "DELETE /v2.0/security-groups/23d449c5-9ee3-4cd8-95df-eb06d2818694 HTTP/1.1" status: 204 len: 168 time: 0.3802123
2026-09-11 18:42:29.541 9 INFO neutron.db.ovn_revision_numbers_db [None req-c0ca08d3-49ef-4c34-acc8-d3d47a019c5b 61259f9a7dc94607bbac780f48acbd93 4441857b6da34df3a2cd7f5f6cc6668a - - default default] Successfully bumped revision number for resource 8e19d27e-341a-48d3-a69b-e6eb7b8ec86d (type: networks) to 1
2026-09-11 18:42:29.732 9 WARNING neutron.scheduler.dhcp_agent_scheduler [None req-c0ca08d3-49ef-4c34-acc8-d3d47a019c5b 61259f9a7dc94607bbac780f48acbd93 4441857b6da34df3a2cd7f5f6cc6668a - - default default] No more DHCP agents
2026-09-11 18:42:29.735 9 WARNING neutron.api.rpc.agentnotifiers.dhcp_rpc_agent_api [None req-c0ca08d3-49ef-4c34-acc8-d3d47a019c5b 61259f9a7dc94607bbac780f48acbd93 4441857b6da34df3a2cd7f5f6cc6668a - - default default] Unable to schedule network 8e19d27e-341a-48d3-a69b-e6eb7b8ec86d: no agents available; will retry on subsequent port and subnet creation events.
2026-09-11 18:42:29.802 9 INFO neutron.db.ovn_revision_numbers_db [None req-c0ca08d3-49ef-4c34-acc8-d3d47a019c5b 61259f9a7dc94607bbac780f48acbd93 4441857b6da34df3a2cd7f5f6cc6668a - - default default] Successfully bumped revision number for resource 74a7a999-0d76-47c4-95fb-8cde33dc793f (type: ports) to 1
2026-09-11 18:42:29.825 9 INFO neutron.wsgi [None req-c0ca08d3-49ef-4c34-acc8-d3d47a019c5b 61259f9a7dc94607bbac780f48acbd93 4441857b6da34df3a2cd7f5f6cc6668a - - default default] 10.0.0.177 "POST /v2.0/networks HTTP/1.1" status: 201 len: 830 time: 0.5310640
2026-09-11 18:42:29.893 9 INFO neutron.plugins.ml2.drivers.ovn.mech_driver.mech_driver [None req-2fc1cc0b-8c71-43a4-a3a4-329a64e56967 - - - - - -] OVN reports status up for port: 65c2ef98-df05-46c4-a78e-c5bdd6e9edc5
2026-09-11 18:42:29.900 9 INFO neutron.plugins.ml2.plugin [None req-2fc1cc0b-8c71-43a4-a3a4-329a64e56967 - - - - - -] Attempt 1 to provision port 65c2ef98-df05-46c4-a78e-c5bdd6e9edc5
2026-09-11 18:42:29.915 10 INFO neutron.db.ovn_revision_numbers_db [None req-8bfefd14-2fca-44c9-95b6-086b4994392b ad53116a410f4395924cd13bf990f2dc b298507a6d084067bc33290504208e24 - - default default] Successfully bumped revision number for resource 65c2ef98-df05-46c4-a78e-c5bdd6e9edc5 (type: router_ports) to 1
2026-09-11 18:42:29.926 9 INFO neutron.db.segments_db [None req-bf403bc6-f77b-4c00-a593-a9ab2c23576a 61259f9a7dc94607bbac780f48acbd93 4441857b6da34df3a2cd7f5f6cc6668a - - default default] Added segment 5df78844-c8bb-4e47-99ef-c323b368df20 of type geneve for network c9561ca0-c58c-4ad4-b300-384242d31122
2026-09-11 18:42:30.048 10 INFO neutron.db.ovn_revision_numbers_db [None req-8bfefd14-2fca-44c9-95b6-086b4994392b ad53116a410f4395924cd13bf990f2dc b298507a6d084067bc33290504208e24 - - default default] Successfully bumped revision number for resource 65c2ef98-df05-46c4-a78e-c5bdd6e9edc5 (type: ports) to 1
