2026-09-11 18:41:11.637 9 INFO neutron.db.ovn_revision_numbers_db [None req-c0799480-c39f-49b8-bbc6-c6663d0766de 8562576d89f94413a70ae97a4a10cac3 9ce981192a854de79a7a83011ba2e14e - - default default] Successfully bumped revision number for resource 9aaf7e71-3a27-4890-b847-514ab31c8a79 (type: security_groups) to 1
2026-09-11 18:41:11.642 9 INFO neutron.wsgi [req-13f9bec3-2388-4df1-bce6-76aab7b669a1 req-20de5c4f-8795-42cc-b6cf-390534d26bd0 7f15e3fe31a34452b02de6d0e9ce455c 91f904dc71024dc48302105efa68406b - - default default] 162.253.55.77 "PUT /v2.0/ports/e85caf2b-7660-4c8b-9387-39c4b08a43d2 HTTP/1.1" status: 200 len: 1349 time: 0.8321261 /var/lib/openstack/lib/python3.10/site-packages/pycadf/identifier.py:71: UserWarning: Invalid uuid: neutron. To ensure interoperability, identifiers should be a valid uuid. warnings.warn(('Invalid uuid: %s. To ensure interoperability, '
2026-09-11 18:41:11.687 9 INFO neutron.db.ovn_revision_numbers_db [None req-c0799480-c39f-49b8-bbc6-c6663d0766de 8562576d89f94413a70ae97a4a10cac3 9ce981192a854de79a7a83011ba2e14e - - default default] Successfully bumped revision number for resource 3329e63d-dd0e-4b8d-a70c-79d13fc684f0 (type: security_group_rules) to 0
2026-09-11 18:41:11.698 9 INFO neutron.notifiers.nova [-] Nova event matching ['req-aad8bd7f-8cdb-4ae9-9937-bdd5d894063c'] response: {'name': 'network-changed', 'server_uuid': 'd7d2fece-8e46-4144-b6b5-c8c5c9854320', 'tag': 'e85caf2b-7660-4c8b-9387-39c4b08a43d2', 'status': 'completed', 'code': 200}
2026-09-11 18:41:11.712 9 INFO neutron.wsgi [req-13f9bec3-2388-4df1-bce6-76aab7b669a1 req-8251b043-ca21-4bd2-8d43-23f095099685 de18b38f1d104553960f5b7cb428024d acd9b28c1e554811952565e57a64a38f - - 5d5f0506ef9341d5ba3af6ed6779e1e5 5d5f0506ef9341d5ba3af6ed6779e1e5] 162.253.55.77 "GET /v2.0/ports?tenant_id=91f904dc71024dc48302105efa68406b&device_id=d7d2fece-8e46-4144-b6b5-c8c5c9854320 HTTP/1.1" status: 200 len: 1590 time: 0.0463731
2026-09-11 18:41:11.714 9 INFO neutron.db.ovn_revision_numbers_db [None req-c0799480-c39f-49b8-bbc6-c6663d0766de 8562576d89f94413a70ae97a4a10cac3 9ce981192a854de79a7a83011ba2e14e - - default default] Successfully bumped revision number for resource 89ede7ca-6c2e-48a5-bc7c-4b96a772c829 (type: security_group_rules) to 0
2026-09-11 18:41:11.749 9 INFO neutron.db.ovn_revision_numbers_db [None req-c0799480-c39f-49b8-bbc6-c6663d0766de 8562576d89f94413a70ae97a4a10cac3 9ce981192a854de79a7a83011ba2e14e - - default default] Successfully bumped revision number for resource 9cceb210-78c3-4735-9860-af1f50db194a (type: security_group_rules) to 0
2026-09-11 18:41:11.781 9 INFO neutron.db.ovn_revision_numbers_db [None req-c0799480-c39f-49b8-bbc6-c6663d0766de 8562576d89f94413a70ae97a4a10cac3 9ce981192a854de79a7a83011ba2e14e - - default default] Successfully bumped revision number for resource c62bf660-0e42-4e21-b663-ae4e94ce37fa (type: security_group_rules) to 0
2026-09-11 18:41:11.815 9 INFO neutron.wsgi [None req-c0799480-c39f-49b8-bbc6-c6663d0766de 8562576d89f94413a70ae97a4a10cac3 9ce981192a854de79a7a83011ba2e14e - - default default] 10.0.0.177 "GET /v2.0/security-groups?tenant_id=85e860e2690a4ba99e38f33d945863cd&name=default HTTP/1.1" status: 200 len: 2996 time: 0.6416407
2026-09-11 18:41:11.820 9 INFO neutron.wsgi [req-13f9bec3-2388-4df1-bce6-76aab7b669a1 req-e34afba5-9213-4a58-ba43-dcd0142fdffb de18b38f1d104553960f5b7cb428024d acd9b28c1e554811952565e57a64a38f - - 5d5f0506ef9341d5ba3af6ed6779e1e5 5d5f0506ef9341d5ba3af6ed6779e1e5] 162.253.55.77 "GET /v2.0/networks?id=eacec32e-a5df-4af7-87f3-a1623eb21bb3 HTTP/1.1" status: 200 len: 981 time: 0.0992315
2026-09-11 18:41:11.823 10 WARNING neutron.scheduler.dhcp_agent_scheduler [None req-26adb28e-ff88-4d95-847b-ef2e2648b85e 8562576d89f94413a70ae97a4a10cac3 9ce981192a854de79a7a83011ba2e14e - - default default] No more DHCP agents
2026-09-11 18:41:11.827 10 WARNING neutron.api.rpc.agentnotifiers.dhcp_rpc_agent_api [None req-26adb28e-ff88-4d95-847b-ef2e2648b85e 8562576d89f94413a70ae97a4a10cac3 9ce981192a854de79a7a83011ba2e14e - - default default] Unable to schedule network a2b9b9c3-45ff-4fd5-9969-d309321cdb53: no agents available; will retry on subsequent port and subnet creation events.
2026-09-11 18:41:11.884 9 INFO neutron.wsgi [req-13f9bec3-2388-4df1-bce6-76aab7b669a1 req-7ab9cfd1-859a-4b0c-8917-9230d064b85d de18b38f1d104553960f5b7cb428024d acd9b28c1e554811952565e57a64a38f - - 5d5f0506ef9341d5ba3af6ed6779e1e5 5d5f0506ef9341d5ba3af6ed6779e1e5] 162.253.55.77 "GET /v2.0/floatingips?fixed_ip_address=10.100.0.11&port_id=e85caf2b-7660-4c8b-9387-39c4b08a43d2 HTTP/1.1" status: 200 len: 1060 time: 0.0551922
2026-09-11 18:41:11.901 9 INFO neutron.db.ovn_revision_numbers_db [None req-b04c6da9-0ce1-448d-a63e-0fa5da18c857 - - - - - -] Successfully bumped revision number for resource 50b0afb1-1bed-4b3a-abf9-d4e8ea9e7d19 (type: ports) to 1
2026-09-11 18:41:11.917 9 INFO neutron.wsgi [req-13f9bec3-2388-4df1-bce6-76aab7b669a1 req-c8589b32-f65f-47cd-95f1-5cf82e0dee6f de18b38f1d104553960f5b7cb428024d acd9b28c1e554811952565e57a64a38f - - 5d5f0506ef9341d5ba3af6ed6779e1e5 5d5f0506ef9341d5ba3af6ed6779e1e5] 162.253.55.77 "GET /v2.0/floatingips?fixed_ip_address=10.100.0.4&port_id=e85caf2b-7660-4c8b-9387-39c4b08a43d2 HTTP/1.1" status: 200 len: 217 time: 0.0249801
2026-09-11 18:41:11.940 10 WARNING neutron.scheduler.dhcp_agent_scheduler [None req-9b984879-4906-48cd-9143-1050b2cbb755 8562576d89f94413a70ae97a4a10cac3 9ce981192a854de79a7a83011ba2e14e - - default default] No more DHCP agents
2026-09-11 18:41:11.943 10 WARNING neutron.api.rpc.agentnotifiers.dhcp_rpc_agent_api [None req-9b984879-4906-48cd-9143-1050b2cbb755 8562576d89f94413a70ae97a4a10cac3 9ce981192a854de79a7a83011ba2e14e - - default default] Unable to schedule network a99854ed-6c4f-4a71-9877-457a1a1331f2: no agents available; will retry on subsequent port and subnet creation events.
2026-09-11 18:41:11.961 9 INFO neutron.wsgi [req-13f9bec3-2388-4df1-bce6-76aab7b669a1 req-b85cbcf4-0b8e-4e44-9ef2-6889382e9f5e de18b38f1d104553960f5b7cb428024d acd9b28c1e554811952565e57a64a38f - - 5d5f0506ef9341d5ba3af6ed6779e1e5 5d5f0506ef9341d5ba3af6ed6779e1e5] 162.253.55.77 "GET /v2.0/subnets?id=3e125694-8258-490b-a627-7b9cfc639866 HTTP/1.1" status: 200 len: 877 time: 0.0375540
2026-09-11 18:41:12.002 9 INFO neutron.wsgi [req-13f9bec3-2388-4df1-bce6-76aab7b669a1 req-f18d4b18-2052-4c48-802b-6525a4693676 de18b38f1d104553960f5b7cb428024d acd9b28c1e554811952565e57a64a38f - - 5d5f0506ef9341d5ba3af6ed6779e1e5 5d5f0506ef9341d5ba3af6ed6779e1e5] 162.253.55.77 "GET /v2.0/ports?network_id=eacec32e-a5df-4af7-87f3-a1623eb21bb3&device_owner=network%3Adhcp HTTP/1.1" status: 200 len: 210 time: 0.0298588
2026-09-11 18:41:12.041 10 INFO neutron.db.ovn_revision_numbers_db [None req-26adb28e-ff88-4d95-847b-ef2e2648b85e 8562576d89f94413a70ae97a4a10cac3 9ce981192a854de79a7a83011ba2e14e - - default default] Successfully bumped revision number for resource 516af419-d41e-4dd0-b9c5-0013923a0c64 (type: ports) to 1
2026-09-11 18:41:12.102 9 INFO neutron.wsgi [req-13f9bec3-2388-4df1-bce6-76aab7b669a1 req-6bbaa344-16ca-46bc-a1a6-5cac9f33038b de18b38f1d104553960f5b7cb428024d acd9b28c1e554811952565e57a64a38f - - 5d5f0506ef9341d5ba3af6ed6779e1e5 5d5f0506ef9341d5ba3af6ed6779e1e5] 162.253.55.77 "GET /v2.0/networks/eacec32e-a5df-4af7-87f3-a1623eb21bb3?fields=segments HTTP/1.1" status: 200 len: 212 time: 0.0899963
2026-09-11 18:41:12.164 10 INFO neutron.db.ovn_revision_numbers_db [None req-9b984879-4906-48cd-9143-1050b2cbb755 8562576d89f94413a70ae97a4a10cac3 9ce981192a854de79a7a83011ba2e14e - - default default] Successfully bumped revision number for resource a47c619c-f28a-4401-af9d-2585b66fa69e (type: ports) to 1
2026-09-11 18:41:12.215 9 INFO neutron.wsgi [req-13f9bec3-2388-4df1-bce6-76aab7b669a1 req-74c174d5-34f2-43a1-8aae-ff9501701228 de18b38f1d104553960f5b7cb428024d acd9b28c1e554811952565e57a64a38f - - 5d5f0506ef9341d5ba3af6ed6779e1e5 5d5f0506ef9341d5ba3af6ed6779e1e5] 162.253.55.77 "GET /v2.0/networks/eacec32e-a5df-4af7-87f3-a1623eb21bb3?fields=provider%3Aphysical_network&fields=provider%3Anetwork_type HTTP/1.1" status: 200 len: 277 time: 0.1066403
2026-09-11 18:41:12.307 9 INFO neutron.wsgi [None req-4007e39b-5373-4a9e-962e-a2b5844f2af4 8562576d89f94413a70ae97a4a10cac3 9ce981192a854de79a7a83011ba2e14e - - default default] 10.0.0.177 "DELETE /v2.0/security-groups/9aaf7e71-3a27-4890-b847-514ab31c8a79 HTTP/1.1" status: 204 len: 168 time: 0.4856393
2026-09-11 18:41:12.340 9 INFO neutron.wsgi [req-032a2c1c-89a3-41ac-9a40-be75d4d5a75b req-eb66e620-352f-4102-8476-8fb5a111cf9d de18b38f1d104553960f5b7cb428024d acd9b28c1e554811952565e57a64a38f - - 5d5f0506ef9341d5ba3af6ed6779e1e5 5d5f0506ef9341d5ba3af6ed6779e1e5] 162.253.55.77 "GET /v2.0/ports?tenant_id=91f904dc71024dc48302105efa68406b&device_id=d7d2fece-8e46-4144-b6b5-c8c5c9854320 HTTP/1.1" status: 200 len: 1590 time: 0.0658689
2026-09-11 18:41:12.357 9 INFO neutron.wsgi [-] 10.0.0.155 "GET / HTTP/1.1" status: 200 len: 247 time: 0.0025053
2026-09-11 18:41:12.359 9 INFO neutron.wsgi [-] 10.0.0.155 "GET / HTTP/1.1" status: 200 len: 247 time: 0.0011699
2026-09-11 18:41:12.418 9 INFO neutron.db.ovn_revision_numbers_db [None req-b04c6da9-0ce1-448d-a63e-0fa5da18c857 - - - - - -] Successfully bumped revision number for resource 50b0afb1-1bed-4b3a-abf9-d4e8ea9e7d19 (type: router_ports) to 3
2026-09-11 18:41:12.436 9 INFO neutron.wsgi [req-032a2c1c-89a3-41ac-9a40-be75d4d5a75b req-30a59efd-398b-43d4-a5f8-5ce9fcdb8c28 de18b38f1d104553960f5b7cb428024d acd9b28c1e554811952565e57a64a38f - - 5d5f0506ef9341d5ba3af6ed6779e1e5 5d5f0506ef9341d5ba3af6ed6779e1e5] 162.253.55.77 "GET /v2.0/networks?id=eacec32e-a5df-4af7-87f3-a1623eb21bb3 HTTP/1.1" status: 200 len: 981 time: 0.0859659
2026-09-11 18:41:12.487 9 INFO neutron.wsgi [req-032a2c1c-89a3-41ac-9a40-be75d4d5a75b req-7eaf5728-b981-467b-8d73-ac4ac8448b1f de18b38f1d104553960f5b7cb428024d acd9b28c1e554811952565e57a64a38f - - 5d5f0506ef9341d5ba3af6ed6779e1e5 5d5f0506ef9341d5ba3af6ed6779e1e5] 162.253.55.77 "GET /v2.0/floatingips?fixed_ip_address=10.100.0.11&port_id=e85caf2b-7660-4c8b-9387-39c4b08a43d2 HTTP/1.1" status: 200 len: 1060 time: 0.0458610
2026-09-11 18:41:12.515 9 INFO neutron.wsgi [req-032a2c1c-89a3-41ac-9a40-be75d4d5a75b req-471b8186-3e3a-4d1b-8b69-13f25d68a370 de18b38f1d104553960f5b7cb428024d acd9b28c1e554811952565e57a64a38f - - 5d5f0506ef9341d5ba3af6ed6779e1e5 5d5f0506ef9341d5ba3af6ed6779e1e5] 162.253.55.77 "GET /v2.0/floatingips?fixed_ip_address=10.100.0.4&port_id=e85caf2b-7660-4c8b-9387-39c4b08a43d2 HTTP/1.1" status: 200 len: 217 time: 0.0210483
2026-09-11 18:41:12.557 9 INFO neutron.wsgi [req-032a2c1c-89a3-41ac-9a40-be75d4d5a75b req-4c174b79-f4d7-40a7-8f31-f06f583f09fc de18b38f1d104553960f5b7cb428024d acd9b28c1e554811952565e57a64a38f - - 5d5f0506ef9341d5ba3af6ed6779e1e5 5d5f0506ef9341d5ba3af6ed6779e1e5] 162.253.55.77 "GET /v2.0/subnets?id=3e125694-8258-490b-a627-7b9cfc639866 HTTP/1.1" status: 200 len: 877 time: 0.0378771
2026-09-11 18:41:12.581 9 INFO neutron.wsgi [req-032a2c1c-89a3-41ac-9a40-be75d4d5a75b req-3e7926f9-3dfe-40aa-b59f-69985b619456 de18b38f1d104553960f5b7cb428024d acd9b28c1e554811952565e57a64a38f - - 5d5f0506ef9341d5ba3af6ed6779e1e5 5d5f0506ef9341d5ba3af6ed6779e1e5] 162.253.55.77 "GET /v2.0/ports?network_id=eacec32e-a5df-4af7-87f3-a1623eb21bb3&device_owner=network%3Adhcp HTTP/1.1" status: 200 len: 210 time: 0.0182836
2026-09-11 18:41:12.638 9 INFO neutron.db.ovn_revision_numbers_db [None req-b04c6da9-0ce1-448d-a63e-0fa5da18c857 - - - - - -] Successfully bumped revision number for resource 50b0afb1-1bed-4b3a-abf9-d4e8ea9e7d19 (type: ports) to 2
2026-09-11 18:41:12.653 9 INFO neutron.wsgi [req-032a2c1c-89a3-41ac-9a40-be75d4d5a75b req-3a71f97d-556d-4433-b2be-06b523996943 de18b38f1d104553960f5b7cb428024d acd9b28c1e554811952565e57a64a38f - - 5d5f0506ef9341d5ba3af6ed6779e1e5 5d5f0506ef9341d5ba3af6ed6779e1e5] 162.253.55.77 "GET /v2.0/networks/eacec32e-a5df-4af7-87f3-a1623eb21bb3?fields=segments HTTP/1.1" status: 200 len: 212 time: 0.0648224
2026-09-11 18:41:12.718 9 INFO neutron.wsgi [req-032a2c1c-89a3-41ac-9a40-be75d4d5a75b req-c0567a62-1080-49bf-ac9e-60ba6c3559c9 de18b38f1d104553960f5b7cb428024d acd9b28c1e554811952565e57a64a38f - - 5d5f0506ef9341d5ba3af6ed6779e1e5 5d5f0506ef9341d5ba3af6ed6779e1e5] 162.253.55.77 "GET /v2.0/networks/eacec32e-a5df-4af7-87f3-a1623eb21bb3?fields=provider%3Aphysical_network&fields=provider%3Anetwork_type HTTP/1.1" status: 200 len: 277 time: 0.0578332
2026-09-11 18:41:12.768 9 INFO neutron.plugins.ml2.drivers.ovn.mech_driver.mech_driver [None req-2fc1cc0b-8c71-43a4-a3a4-329a64e56967 - - - - - -] OVN reports status up for port: 516af419-d41e-4dd0-b9c5-0013923a0c64
2026-09-11 18:41:12.782 9 INFO neutron.plugins.ml2.plugin [None req-2fc1cc0b-8c71-43a4-a3a4-329a64e56967 - - - - - -] Attempt 1 to provision port 516af419-d41e-4dd0-b9c5-0013923a0c64
2026-09-11 18:41:12.801 10 INFO neutron.db.ovn_revision_numbers_db [None req-26adb28e-ff88-4d95-847b-ef2e2648b85e 8562576d89f94413a70ae97a4a10cac3 9ce981192a854de79a7a83011ba2e14e - - default default] Successfully bumped revision number for resource 516af419-d41e-4dd0-b9c5-0013923a0c64 (type: router_ports) to 1
2026-09-11 18:41:13.014 10 INFO neutron.db.ovn_revision_numbers_db [None req-26adb28e-ff88-4d95-847b-ef2e2648b85e 8562576d89f94413a70ae97a4a10cac3 9ce981192a854de79a7a83011ba2e14e - - default default] Successfully bumped revision number for resource 516af419-d41e-4dd0-b9c5-0013923a0c64 (type: ports) to 1
2026-09-11 18:41:13.093 10 INFO neutron.plugins.ml2.drivers.ovn.mech_driver.ovsdb.ovsdb_monitor [None req-18c6ce01-8a41-4917-922d-013e27884ad6 - - - - - -] Router 88a4f6d3-ca35-4eb4-8517-0e8c6c491c65 is bound to host instance
2026-09-11 18:41:13.095 9 INFO neutron.wsgi [req-9006059a-369b-466b-995d-ef7627ec11ba req-9a13b9c5-bb98-45da-9ae1-d044359dd47e 7f15e3fe31a34452b02de6d0e9ce455c 91f904dc71024dc48302105efa68406b - - default default] 10.0.0.32 "GET /v2.0/ports?device_id=d7d2fece-8e46-4144-b6b5-c8c5c9854320 HTTP/1.1" status: 200 len: 1352 time: 0.2443137
2026-09-11 18:41:13.113 10 INFO neutron.db.ovn_revision_numbers_db [None req-9b984879-4906-48cd-9143-1050b2cbb755 8562576d89f94413a70ae97a4a10cac3 9ce981192a854de79a7a83011ba2e14e - - default default] Successfully bumped revision number for resource a47c619c-f28a-4401-af9d-2585b66fa69e (type: router_ports) to 1
2026-09-11 18:41:13.126 9 INFO neutron.db.ovn_revision_numbers_db [None req-b04c6da9-0ce1-448d-a63e-0fa5da18c857 - - - - - -] Successfully bumped revision number for resource 50b0afb1-1bed-4b3a-abf9-d4e8ea9e7d19 (type: ports) to 4
2026-09-11 18:41:13.146 10 WARNING neutron.scheduler.dhcp_agent_scheduler [None req-26adb28e-ff88-4d95-847b-ef2e2648b85e 8562576d89f94413a70ae97a4a10cac3 9ce981192a854de79a7a83011ba2e14e - - default default] No more DHCP agents
2026-09-11 18:41:13.160 10 WARNING neutron.api.rpc.agentnotifiers.dhcp_rpc_agent_api [None req-26adb28e-ff88-4d95-847b-ef2e2648b85e 8562576d89f94413a70ae97a4a10cac3 9ce981192a854de79a7a83011ba2e14e - - default default] Unable to schedule network a2b9b9c3-45ff-4fd5-9969-d309321cdb53: no agents available; will retry on subsequent port and subnet creation events.
2026-09-11 18:41:13.189 9 INFO neutron.wsgi [req-9006059a-369b-466b-995d-ef7627ec11ba req-094b4438-fa96-46e9-8d10-361bd4774e55 7f15e3fe31a34452b02de6d0e9ce455c 91f904dc71024dc48302105efa68406b - - default default] 10.0.0.32 "GET /v2.0/security-groups?id=e31232c4-0f61-4cd2-993d-7339dba34533&fields=id&fields=name HTTP/1.1" status: 200 len: 313 time: 0.0815194
2026-09-11 18:41:13.241 10 INFO neutron.db.ovn_revision_numbers_db [None req-9b984879-4906-48cd-9143-1050b2cbb755 8562576d89f94413a70ae97a4a10cac3 9ce981192a854de79a7a83011ba2e14e - - default default] Successfully bumped revision number for resource 88a4f6d3-ca35-4eb4-8517-0e8c6c491c65 (type: routers) to 2
2026-09-11 18:41:13.263 10 INFO neutron.wsgi [None req-9b984879-4906-48cd-9143-1050b2cbb755 8562576d89f94413a70ae97a4a10cac3 9ce981192a854de79a7a83011ba2e14e - - default default] 10.0.0.177 "POST /v2.0/routers HTTP/1.1" status: 201 len: 877 time: 1.8646162
2026-09-11 18:41:13.431 9 INFO neutron.wsgi [req-eca08a4a-c3ae-45f8-a5fd-cdaab5ba23c8 req-b0a5cacd-a47e-4009-b5ee-c20721fb8dbc 7f15e3fe31a34452b02de6d0e9ce455c 91f904dc71024dc48302105efa68406b - - default default] 162.253.55.77 "GET /v2.0/ports?device_id=d7d2fece-8e46-4144-b6b5-c8c5c9854320&device_owner=compute%3Anova&fixed_ips=ip_address%3D10.100.0.4 HTTP/1.1" status: 200 len: 1352 time: 0.0746081
2026-09-11 18:41:13.472 9 INFO neutron.db.ovn_revision_numbers_db [None req-2fc1cc0b-8c71-43a4-a3a4-329a64e56967 - - - - - -] Successfully bumped revision number for resource 516af419-d41e-4dd0-b9c5-0013923a0c64 (type: ports) to 2
2026-09-11 18:41:13.591 9 INFO neutron.db.ovn_revision_numbers_db [None req-b04c6da9-0ce1-448d-a63e-0fa5da18c857 - - - - - -] Successfully bumped revision number for resource 50b0afb1-1bed-4b3a-abf9-d4e8ea9e7d19 (type: router_ports) to 4
2026-09-11 18:41:13.734 9 INFO neutron.db.ovn_revision_numbers_db [None req-2fc1cc0b-8c71-43a4-a3a4-329a64e56967 - - - - - -] Successfully bumped revision number for resource 516af419-d41e-4dd0-b9c5-0013923a0c64 (type: router_ports) to 2
2026-09-11 18:41:13.989 10 INFO neutron.db.ovn_revision_numbers_db [None req-18c6ce01-8a41-4917-922d-013e27884ad6 - - - - - -] Successfully bumped revision number for resource a47c619c-f28a-4401-af9d-2585b66fa69e (type: ports) to 1
2026-09-11 18:41:14.059 9 WARNING neutron.scheduler.dhcp_agent_scheduler [None req-84f5b2d2-18c4-4434-a676-26f9c188bb7b 8562576d89f94413a70ae97a4a10cac3 9ce981192a854de79a7a83011ba2e14e - - default default] No more DHCP agents
2026-09-11 18:41:14.062 9 WARNING neutron.api.rpc.agentnotifiers.dhcp_rpc_agent_api [None req-84f5b2d2-18c4-4434-a676-26f9c188bb7b 8562576d89f94413a70ae97a4a10cac3 9ce981192a854de79a7a83011ba2e14e - - default default] Unable to schedule network a384ceba-f50f-4e94-a70c-24c3527e96c6: no agents available; will retry on subsequent port and subnet creation events.
2026-09-11 18:41:14.135 9 INFO neutron.db.ovn_revision_numbers_db [req-eca08a4a-c3ae-45f8-a5fd-cdaab5ba23c8 req-b15d5564-fea3-4980-8c0f-5d1b65abc1a4 7f15e3fe31a34452b02de6d0e9ce455c 91f904dc71024dc48302105efa68406b - - default default] Successfully bumped revision number for resource e85caf2b-7660-4c8b-9387-39c4b08a43d2 (type: ports) to 6
2026-09-11 18:41:14.149 9 INFO neutron.wsgi [req-eca08a4a-c3ae-45f8-a5fd-cdaab5ba23c8 req-b15d5564-fea3-4980-8c0f-5d1b65abc1a4 7f15e3fe31a34452b02de6d0e9ce455c 91f904dc71024dc48302105efa68406b - - default default] 162.253.55.77 "PUT /v2.0/ports/e85caf2b-7660-4c8b-9387-39c4b08a43d2 HTTP/1.1" status: 200 len: 1171 time: 0.7031965 /var/lib/openstack/lib/python3.10/site-packages/pycadf/identifier.py:71: UserWarning: Invalid uuid: neutron. To ensure interoperability, identifiers should be a valid uuid. warnings.warn(('Invalid uuid: %s. To ensure interoperability, '
2026-09-11 18:41:14.179 10 INFO neutron.db.ovn_revision_numbers_db [None req-26adb28e-ff88-4d95-847b-ef2e2648b85e 8562576d89f94413a70ae97a4a10cac3 9ce981192a854de79a7a83011ba2e14e - - default default] Successfully bumped revision number for resource 516af419-d41e-4dd0-b9c5-0013923a0c64 (type: router_ports) to 2
2026-09-11 18:41:14.181 10 INFO neutron.wsgi [None req-26adb28e-ff88-4d95-847b-ef2e2648b85e 8562576d89f94413a70ae97a4a10cac3 9ce981192a854de79a7a83011ba2e14e - - default default] 10.0.0.177 "PUT /v2.0/routers/4fbd7d21-12e1-43bd-9d6d-93312873bc71/add_router_interface HTTP/1.1" status: 200 len: 503 time: 2.9723127
2026-09-11 18:41:14.183 9 INFO neutron.notifiers.nova [-] Nova event matching ['req-c1990ae5-c2c8-4daa-a313-e939a5136598'] response: {'name': 'network-changed', 'server_uuid': 'd7d2fece-8e46-4144-b6b5-c8c5c9854320', 'tag': 'e85caf2b-7660-4c8b-9387-39c4b08a43d2', 'status': 'completed', 'code': 200}
2026-09-11 18:41:14.214 9 INFO neutron.wsgi [req-eca08a4a-c3ae-45f8-a5fd-cdaab5ba23c8 req-521f5b3f-fecb-49ec-9a8e-ae658c9f2342 de18b38f1d104553960f5b7cb428024d acd9b28c1e554811952565e57a64a38f - - 5d5f0506ef9341d5ba3af6ed6779e1e5 5d5f0506ef9341d5ba3af6ed6779e1e5] 162.253.55.77 "GET /v2.0/ports?tenant_id=91f904dc71024dc48302105efa68406b&device_id=d7d2fece-8e46-4144-b6b5-c8c5c9854320 HTTP/1.1" status: 200 len: 1413 time: 0.0458300
2026-09-11 18:41:14.274 10 INFO neutron.db.ovn_revision_numbers_db [None req-18c6ce01-8a41-4917-922d-013e27884ad6 - - - - - -] Successfully bumped revision number for resource a47c619c-f28a-4401-af9d-2585b66fa69e (type: router_ports) to 3
2026-09-11 18:41:14.279 9 INFO neutron.db.ovn_revision_numbers_db [None req-84f5b2d2-18c4-4434-a676-26f9c188bb7b 8562576d89f94413a70ae97a4a10cac3 9ce981192a854de79a7a83011ba2e14e - - default default] Successfully bumped revision number for resource de0ebffc-47ac-47f9-aac5-ac9f53fe4dfa (type: ports) to 1
2026-09-11 18:41:14.290 9 INFO neutron.wsgi [req-eca08a4a-c3ae-45f8-a5fd-cdaab5ba23c8 req-ea1dd031-dcdb-4eec-a313-eaf1c883b989 de18b38f1d104553960f5b7cb428024d acd9b28c1e554811952565e57a64a38f - - 5d5f0506ef9341d5ba3af6ed6779e1e5 5d5f0506ef9341d5ba3af6ed6779e1e5] 162.253.55.77 "GET /v2.0/networks?id=eacec32e-a5df-4af7-87f3-a1623eb21bb3 HTTP/1.1" status: 200 len: 981 time: 0.0658872
2026-09-11 18:41:14.362 9 INFO neutron.wsgi [req-eca08a4a-c3ae-45f8-a5fd-cdaab5ba23c8 req-3dc5f22c-0d9a-4928-87f2-68c03d28b5f2 de18b38f1d104553960f5b7cb428024d acd9b28c1e554811952565e57a64a38f - - 5d5f0506ef9341d5ba3af6ed6779e1e5 5d5f0506ef9341d5ba3af6ed6779e1e5] 162.253.55.77 "GET /v2.0/floatingips?fixed_ip_address=10.100.0.11&port_id=e85caf2b-7660-4c8b-9387-39c4b08a43d2 HTTP/1.1" status: 200 len: 1060 time: 0.0591784
2026-09-11 18:41:14.404 9 INFO neutron.wsgi [req-eca08a4a-c3ae-45f8-a5fd-cdaab5ba23c8 req-081174dd-5e64-4af6-924b-e10519b3aba1 de18b38f1d104553960f5b7cb428024d acd9b28c1e554811952565e57a64a38f - - 5d5f0506ef9341d5ba3af6ed6779e1e5 5d5f0506ef9341d5ba3af6ed6779e1e5] 162.253.55.77 "GET /v2.0/subnets?id=3e125694-8258-490b-a627-7b9cfc639866 HTTP/1.1" status: 200 len: 877 time: 0.0377893
2026-09-11 18:41:14.428 10 INFO neutron.db.ovn_revision_numbers_db [None req-18c6ce01-8a41-4917-922d-013e27884ad6 - - - - - -] Successfully bumped revision number for resource a47c619c-f28a-4401-af9d-2585b66fa69e (type: ports) to 2
2026-09-11 18:41:14.444 9 INFO neutron.wsgi [req-eca08a4a-c3ae-45f8-a5fd-cdaab5ba23c8 req-bad59ab5-5c31-4753-9eb3-f3f87a74f433 de18b38f1d104553960f5b7cb428024d acd9b28c1e554811952565e57a64a38f - - 5d5f0506ef9341d5ba3af6ed6779e1e5 5d5f0506ef9341d5ba3af6ed6779e1e5] 162.253.55.77 "GET /v2.0/ports?network_id=eacec32e-a5df-4af7-87f3-a1623eb21bb3&device_owner=network%3Adhcp HTTP/1.1" status: 200 len: 210 time: 0.0337222
2026-09-11 18:41:14.613 10 INFO neutron.db.ovn_revision_numbers_db [None req-c8980ba5-f3fc-44d5-b0bb-e91d6e8afa71 7aadec5be9d14941a4e3a1c621dca6e0 606001bb7ac6492b9624efcd1c2fb625 - - default default] Successfully bumped revision number for resource d155e540-3282-4c40-8600-7603db76d054 (type: security_groups) to 1
2026-09-11 18:41:14.656 10 INFO neutron.db.ovn_revision_numbers_db [None req-c8980ba5-f3fc-44d5-b0bb-e91d6e8afa71 7aadec5be9d14941a4e3a1c621dca6e0 606001bb7ac6492b9624efcd1c2fb625 - - default default] Successfully bumped revision number for resource 3324028f-4eb7-4c83-aaa4-431c162e024c (type: security_group_rules) to 0
2026-09-11 18:41:14.678 10 INFO neutron.db.ovn_revision_numbers_db [None req-c8980ba5-f3fc-44d5-b0bb-e91d6e8afa71 7aadec5be9d14941a4e3a1c621dca6e0 606001bb7ac6492b9624efcd1c2fb625 - - default default] Successfully bumped revision number for resource 59cb2923-78cd-4321-ba36-dbfea886d873 (type: security_group_rules) to 0
2026-09-11 18:41:14.684 9 INFO neutron.wsgi [req-eca08a4a-c3ae-45f8-a5fd-cdaab5ba23c8 req-40ee1526-79bc-41a2-827e-3fa9807a3074 de18b38f1d104553960f5b7cb428024d acd9b28c1e554811952565e57a64a38f - - 5d5f0506ef9341d5ba3af6ed6779e1e5 5d5f0506ef9341d5ba3af6ed6779e1e5] 162.253.55.77 "GET /v2.0/networks/eacec32e-a5df-4af7-87f3-a1623eb21bb3?fields=segments HTTP/1.1" status: 200 len: 212 time: 0.2351661
2026-09-11 18:41:14.707 10 INFO neutron.db.ovn_revision_numbers_db [None req-c8980ba5-f3fc-44d5-b0bb-e91d6e8afa71 7aadec5be9d14941a4e3a1c621dca6e0 606001bb7ac6492b9624efcd1c2fb625 - - default default] Successfully bumped revision number for resource 79efa441-a7da-4666-8705-bc1de7271ead (type: security_group_rules) to 0
2026-09-11 18:41:14.728 10 INFO neutron.db.ovn_revision_numbers_db [None req-c8980ba5-f3fc-44d5-b0bb-e91d6e8afa71 7aadec5be9d14941a4e3a1c621dca6e0 606001bb7ac6492b9624efcd1c2fb625 - - default default] Successfully bumped revision number for resource a3440465-6661-4491-a6d9-b7fed4640185 (type: security_group_rules) to 0
2026-09-11 18:41:14.736 10 INFO neutron.db.ovn_revision_numbers_db [None req-18c6ce01-8a41-4917-922d-013e27884ad6 - - - - - -] Successfully bumped revision number for resource a47c619c-f28a-4401-af9d-2585b66fa69e (type: ports) to 4
2026-09-11 18:41:14.762 9 INFO neutron.wsgi [req-eca08a4a-c3ae-45f8-a5fd-cdaab5ba23c8 req-f0da152b-1eea-422f-b5be-26e44d9ca22e de18b38f1d104553960f5b7cb428024d acd9b28c1e554811952565e57a64a38f - - 5d5f0506ef9341d5ba3af6ed6779e1e5 5d5f0506ef9341d5ba3af6ed6779e1e5] 162.253.55.77 "GET /v2.0/networks/eacec32e-a5df-4af7-87f3-a1623eb21bb3?fields=provider%3Aphysical_network&fields=provider%3Anetwork_type HTTP/1.1" status: 200 len: 277 time: 0.0701866
2026-09-11 18:41:14.839 10 INFO neutron.db.segments_db [None req-c8980ba5-f3fc-44d5-b0bb-e91d6e8afa71 7aadec5be9d14941a4e3a1c621dca6e0 606001bb7ac6492b9624efcd1c2fb625 - - default default] Added segment 010796f7-0997-4b78-ae34-dcbaa73abea6 of type geneve for network e0804a40-c029-4526-871e-2e3a94aab8e0
2026-09-11 18:41:14.864 9 INFO neutron.wsgi [req-33da800b-a1c3-47b0-ac0d-5ac9c222f956 req-6847e4d6-1703-4453-bb7f-bfbb217cf4e4 de18b38f1d104553960f5b7cb428024d acd9b28c1e554811952565e57a64a38f - - 5d5f0506ef9341d5ba3af6ed6779e1e5 5d5f0506ef9341d5ba3af6ed6779e1e5] 162.253.55.77 "GET /v2.0/ports?tenant_id=91f904dc71024dc48302105efa68406b&device_id=d7d2fece-8e46-4144-b6b5-c8c5c9854320 HTTP/1.1" status: 200 len: 1413 time: 0.0355973
2026-09-11 18:41:14.957 9 INFO neutron.wsgi [req-33da800b-a1c3-47b0-ac0d-5ac9c222f956 req-796d9af5-019f-46f5-b986-88c8b9c15b11 de18b38f1d104553960f5b7cb428024d acd9b28c1e554811952565e57a64a38f - - 5d5f0506ef9341d5ba3af6ed6779e1e5 5d5f0506ef9341d5ba3af6ed6779e1e5] 162.253.55.77 "GET /v2.0/networks?id=eacec32e-a5df-4af7-87f3-a1623eb21bb3 HTTP/1.1" status: 200 len: 981 time: 0.0815201
2026-09-11 18:41:15.000 10 INFO neutron.plugins.ml2.drivers.ovn.mech_driver.mech_driver [None req-3a218d7c-672c-4cf1-bb82-44e4c90b9e5c - - - - - -] OVN reports status up for port: de0ebffc-47ac-47f9-aac5-ac9f53fe4dfa
2026-09-11 18:41:15.010 9 INFO neutron.wsgi [req-33da800b-a1c3-47b0-ac0d-5ac9c222f956 req-57c8fb7b-735b-4279-9053-7a02676948cc de18b38f1d104553960f5b7cb428024d acd9b28c1e554811952565e57a64a38f - - 5d5f0506ef9341d5ba3af6ed6779e1e5 5d5f0506ef9341d5ba3af6ed6779e1e5] 162.253.55.77 "GET /v2.0/floatingips?fixed_ip_address=10.100.0.11&port_id=e85caf2b-7660-4c8b-9387-39c4b08a43d2 HTTP/1.1" status: 200 len: 1060 time: 0.0446866
2026-09-11 18:41:15.013 10 INFO neutron.plugins.ml2.plugin [None req-3a218d7c-672c-4cf1-bb82-44e4c90b9e5c - - - - - -] Attempt 1 to provision port de0ebffc-47ac-47f9-aac5-ac9f53fe4dfa
2026-09-11 18:41:15.020 9 INFO neutron.db.ovn_revision_numbers_db [None req-84f5b2d2-18c4-4434-a676-26f9c188bb7b 8562576d89f94413a70ae97a4a10cac3 9ce981192a854de79a7a83011ba2e14e - - default default] Successfully bumped revision number for resource de0ebffc-47ac-47f9-aac5-ac9f53fe4dfa (type: router_ports) to 1
2026-09-11 18:41:15.031 10 INFO neutron.db.segments_db [None req-c8980ba5-f3fc-44d5-b0bb-e91d6e8afa71 7aadec5be9d14941a4e3a1c621dca6e0 606001bb7ac6492b9624efcd1c2fb625 - - default default] Added segment e8af3ca9-a294-48ec-aa2d-4dbb53f50d60 of type geneve for network 4f0bd09d-be1c-409d-9b73-c3b8d02c5a8e
2026-09-11 18:41:15.046 9 INFO neutron.wsgi [req-33da800b-a1c3-47b0-ac0d-5ac9c222f956 req-e5d067cb-c1aa-47bc-92e5-f1f26b9ddd57 de18b38f1d104553960f5b7cb428024d acd9b28c1e554811952565e57a64a38f - - 5d5f0506ef9341d5ba3af6ed6779e1e5 5d5f0506ef9341d5ba3af6ed6779e1e5] 162.253.55.77 "GET /v2.0/subnets?id=3e125694-8258-490b-a627-7b9cfc639866 HTTP/1.1" status: 200 len: 877 time: 0.0309014
2026-09-11 18:41:15.073 9 INFO neutron.wsgi [req-33da800b-a1c3-47b0-ac0d-5ac9c222f956 req-d6ef8fdd-07e2-4204-a017-46272b45df33 de18b38f1d104553960f5b7cb428024d acd9b28c1e554811952565e57a64a38f - - 5d5f0506ef9341d5ba3af6ed6779e1e5 5d5f0506ef9341d5ba3af6ed6779e1e5] 162.253.55.77 "GET /v2.0/ports?network_id=eacec32e-a5df-4af7-87f3-a1623eb21bb3&device_owner=network%3Adhcp HTTP/1.1" status: 200 len: 210 time: 0.0192530
2026-09-11 18:41:15.100 10 INFO neutron.db.ovn_revision_numbers_db [None req-18c6ce01-8a41-4917-922d-013e27884ad6 - - - - - -] Successfully bumped revision number for resource a47c619c-f28a-4401-af9d-2585b66fa69e (type: router_ports) to 4
2026-09-11 18:41:15.156 9 INFO neutron.wsgi [req-33da800b-a1c3-47b0-ac0d-5ac9c222f956 req-6c33b777-f31b-46bc-8d50-60dbf58748db de18b38f1d104553960f5b7cb428024d acd9b28c1e554811952565e57a64a38f - - 5d5f0506ef9341d5ba3af6ed6779e1e5 5d5f0506ef9341d5ba3af6ed6779e1e5] 162.253.55.77 "GET /v2.0/networks/eacec32e-a5df-4af7-87f3-a1623eb21bb3?fields=segments HTTP/1.1" status: 200 len: 212 time: 0.0749929
2026-09-11 18:41:15.205 9 INFO neutron.db.ovn_revision_numbers_db [None req-84f5b2d2-18c4-4434-a676-26f9c188bb7b 8562576d89f94413a70ae97a4a10cac3 9ce981192a854de79a7a83011ba2e14e - - default default] Successfully bumped revision number for resource de0ebffc-47ac-47f9-aac5-ac9f53fe4dfa (type: ports) to 1
2026-09-11 18:41:15.218 9 INFO neutron.wsgi [req-33da800b-a1c3-47b0-ac0d-5ac9c222f956 req-31c5cbae-ad7f-4bc6-b495-5bea6bb5b66b de18b38f1d104553960f5b7cb428024d acd9b28c1e554811952565e57a64a38f - - 5d5f0506ef9341d5ba3af6ed6779e1e5 5d5f0506ef9341d5ba3af6ed6779e1e5] 162.253.55.77 "GET /v2.0/networks/eacec32e-a5df-4af7-87f3-a1623eb21bb3?fields=provider%3Aphysical_network&fields=provider%3Anetwork_type HTTP/1.1" status: 200 len: 277 time: 0.0550900
2026-09-11 18:41:15.272 9 WARNING neutron.scheduler.dhcp_agent_scheduler [None req-84f5b2d2-18c4-4434-a676-26f9c188bb7b 8562576d89f94413a70ae97a4a10cac3 9ce981192a854de79a7a83011ba2e14e - - default default] No more DHCP agents
2026-09-11 18:41:15.273 9 WARNING neutron.api.rpc.agentnotifiers.dhcp_rpc_agent_api [None req-84f5b2d2-18c4-4434-a676-26f9c188bb7b 8562576d89f94413a70ae97a4a10cac3 9ce981192a854de79a7a83011ba2e14e - - default default] Unable to schedule network a384ceba-f50f-4e94-a70c-24c3527e96c6: no agents available; will retry on subsequent port and subnet creation events.
2026-09-11 18:41:15.298 10 INFO neutron.db.ovn_revision_numbers_db [None req-c8980ba5-f3fc-44d5-b0bb-e91d6e8afa71 7aadec5be9d14941a4e3a1c621dca6e0 606001bb7ac6492b9624efcd1c2fb625 - - default default] Successfully bumped revision number for resource e0804a40-c029-4526-871e-2e3a94aab8e0 (type: networks) to 1
2026-09-11 18:41:15.354 10 INFO neutron.wsgi [req-88ee5a35-aa98-4fbf-8259-2c9ef5cedfa3 req-372ffc62-7223-4000-b586-b90c652e6708 249ff20e0348424788e8013f0c7aac7a c3fc59f577ea4a7bb70a21aef6299ac0 - - default default] 10.0.0.32 "GET /v2.0/networks?id=a2b9b9c3-45ff-4fd5-9969-d309321cdb53 HTTP/1.1" status: 200 len: 876 time: 0.1354504
2026-09-11 18:41:15.387 10 INFO neutron.wsgi [req-88ee5a35-aa98-4fbf-8259-2c9ef5cedfa3 req-fa736233-5d3a-478e-aee3-5ccc6ab42ab8 249ff20e0348424788e8013f0c7aac7a c3fc59f577ea4a7bb70a21aef6299ac0 - - default default] 10.0.0.32 "GET /v2.0/quotas/c3fc59f577ea4a7bb70a21aef6299ac0 HTTP/1.1" status: 200 len: 386 time: 0.0253944
2026-09-11 18:41:15.763 9 INFO neutron.wsgi [req-bebebd5a-6c8f-49f2-8da7-c86d39a9cffc req-6b69cbfc-7634-48ff-9add-59e75ca7c63b 7f15e3fe31a34452b02de6d0e9ce455c 91f904dc71024dc48302105efa68406b - - default default] 10.0.0.32 "GET /v2.0/ports?device_id=d7d2fece-8e46-4144-b6b5-c8c5c9854320 HTTP/1.1" status: 200 len: 1174 time: 0.1612763
2026-09-11 18:41:15.785 10 INFO neutron.wsgi [req-88ee5a35-aa98-4fbf-8259-2c9ef5cedfa3 req-ce388fe8-014e-4f25-a24a-821705be0a28 249ff20e0348424788e8013f0c7aac7a c3fc59f577ea4a7bb70a21aef6299ac0 - - default default] 10.0.0.32 "GET /v2.0/ports?tenant_id=c3fc59f577ea4a7bb70a21aef6299ac0&fields=id HTTP/1.1" status: 200 len: 302 time: 0.3859253
2026-09-11 18:41:15.799 10 INFO neutron.db.ovn_revision_numbers_db [None req-3a218d7c-672c-4cf1-bb82-44e4c90b9e5c - - - - - -] Successfully bumped revision number for resource de0ebffc-47ac-47f9-aac5-ac9f53fe4dfa (type: ports) to 2
2026-09-11 18:41:15.834 9 INFO neutron.wsgi [req-bebebd5a-6c8f-49f2-8da7-c86d39a9cffc req-a9cdab47-ad49-4d36-8b0b-dbc98538f841 7f15e3fe31a34452b02de6d0e9ce455c 91f904dc71024dc48302105efa68406b - - default default] 10.0.0.32 "GET /v2.0/security-groups?id=e31232c4-0f61-4cd2-993d-7339dba34533&fields=id&fields=name HTTP/1.1" status: 200 len: 313 time: 0.0636847
2026-09-11 18:41:15.900 10 WARNING neutron.scheduler.dhcp_agent_scheduler [None req-c8980ba5-f3fc-44d5-b0bb-e91d6e8afa71 7aadec5be9d14941a4e3a1c621dca6e0 606001bb7ac6492b9624efcd1c2fb625 - - default default] No more DHCP agents
2026-09-11 18:41:15.910 10 WARNING neutron.api.rpc.agentnotifiers.dhcp_rpc_agent_api [None req-c8980ba5-f3fc-44d5-b0bb-e91d6e8afa71 7aadec5be9d14941a4e3a1c621dca6e0 606001bb7ac6492b9624efcd1c2fb625 - - default default] Unable to schedule network e0804a40-c029-4526-871e-2e3a94aab8e0: no agents available; will retry on subsequent port and subnet creation events.
2026-09-11 18:41:15.979 10 INFO neutron.wsgi [req-88ee5a35-aa98-4fbf-8259-2c9ef5cedfa3 req-6c065c49-8ee0-4404-8334-ba3f1c973c30 de18b38f1d104553960f5b7cb428024d acd9b28c1e554811952565e57a64a38f - - 5d5f0506ef9341d5ba3af6ed6779e1e5 5d5f0506ef9341d5ba3af6ed6779e1e5] 10.0.0.32 "GET /v2.0/networks/a2b9b9c3-45ff-4fd5-9969-d309321cdb53?fields=segments HTTP/1.1" status: 200 len: 212 time: 0.1806579
2026-09-11 18:41:15.994 9 INFO neutron.wsgi [req-82de8661-bb6b-4490-a892-a6a97fc002b0 req-36da3794-f4e2-4637-9ba4-6781e930954d 7f15e3fe31a34452b02de6d0e9ce455c 91f904dc71024dc48302105efa68406b - - default default] 162.253.55.77 "GET /v2.0/ports?device_id=d7d2fece-8e46-4144-b6b5-c8c5c9854320 HTTP/1.1" status: 200 len: 1174 time: 0.0530076
2026-09-11 18:41:16.074 10 INFO neutron.wsgi [req-88ee5a35-aa98-4fbf-8259-2c9ef5cedfa3 req-baf07536-fb54-4ebb-ab66-0a91a4d9a016 de18b38f1d104553960f5b7cb428024d acd9b28c1e554811952565e57a64a38f - - 5d5f0506ef9341d5ba3af6ed6779e1e5 5d5f0506ef9341d5ba3af6ed6779e1e5] 10.0.0.32 "GET /v2.0/networks/a2b9b9c3-45ff-4fd5-9969-d309321cdb53?fields=provider%3Aphysical_network&fields=provider%3Anetwork_type HTTP/1.1" status: 200 len: 277 time: 0.0834541
2026-09-11 18:41:16.075 10 INFO neutron.db.ovn_revision_numbers_db [None req-c8980ba5-f3fc-44d5-b0bb-e91d6e8afa71 7aadec5be9d14941a4e3a1c621dca6e0 606001bb7ac6492b9624efcd1c2fb625 - - default default] Successfully bumped revision number for resource 73e2ced7-f085-4c8c-a945-59a9a97fbef3 (type: ports) to 1
2026-09-11 18:41:16.089 10 INFO neutron.db.ovn_revision_numbers_db [None req-3a218d7c-672c-4cf1-bb82-44e4c90b9e5c - - - - - -] Successfully bumped revision number for resource de0ebffc-47ac-47f9-aac5-ac9f53fe4dfa (type: router_ports) to 2
2026-09-11 18:41:16.120 9 INFO neutron.db.ovn_revision_numbers_db [None req-84f5b2d2-18c4-4434-a676-26f9c188bb7b 8562576d89f94413a70ae97a4a10cac3 9ce981192a854de79a7a83011ba2e14e - - default default] Successfully bumped revision number for resource de0ebffc-47ac-47f9-aac5-ac9f53fe4dfa (type: router_ports) to 2
2026-09-11 18:41:16.122 9 INFO neutron.wsgi [None req-84f5b2d2-18c4-4434-a676-26f9c188bb7b 8562576d89f94413a70ae97a4a10cac3 9ce981192a854de79a7a83011ba2e14e - - default default] 10.0.0.177 "PUT /v2.0/routers/88a4f6d3-ca35-4eb4-8517-0e8c6c491c65/add_router_interface HTTP/1.1" status: 200 len: 503 time: 2.8506997
2026-09-11 18:41:16.179 10 INFO neutron.db.ovn_revision_numbers_db [None req-c8980ba5-f3fc-44d5-b0bb-e91d6e8afa71 7aadec5be9d14941a4e3a1c621dca6e0 606001bb7ac6492b9624efcd1c2fb625 - - default default] Successfully bumped revision number for resource 4f0bd09d-be1c-409d-9b73-c3b8d02c5a8e (type: networks) to 1
2026-09-11 18:41:16.230 9 INFO neutron.wsgi [req-38b741ec-9c5e-4b62-b096-50a14b06e27d req-ed5c307b-0c0a-40c4-9b80-9bbe227340e8 249ff20e0348424788e8013f0c7aac7a c3fc59f577ea4a7bb70a21aef6299ac0 - - default default] 10.0.0.32 "GET /v2.0/ports?device_id=362ecfc4-4708-4e4c-8dba-4821ad03e447 HTTP/1.1" status: 200 len: 210 time: 0.0213711
2026-09-11 18:41:16.362 10 WARNING neutron.scheduler.dhcp_agent_scheduler [None req-c8980ba5-f3fc-44d5-b0bb-e91d6e8afa71 7aadec5be9d14941a4e3a1c621dca6e0 606001bb7ac6492b9624efcd1c2fb625 - - default default] No more DHCP agents
2026-09-11 18:41:16.363 9 INFO neutron.db.l3_db [req-82de8661-bb6b-4490-a892-a6a97fc002b0 req-17042383-96ef-4fcb-a01f-8a9f7c34c140 7f15e3fe31a34452b02de6d0e9ce455c 91f904dc71024dc48302105efa68406b - - default default] Floating IP 645592f5-474c-4277-aade-a4d5143571df disassociated. External IP: 10.96.250.206, port: e85caf2b-7660-4c8b-9387-39c4b08a43d2.
2026-09-11 18:41:16.365 10 WARNING neutron.api.rpc.agentnotifiers.dhcp_rpc_agent_api [None req-c8980ba5-f3fc-44d5-b0bb-e91d6e8afa71 7aadec5be9d14941a4e3a1c621dca6e0 606001bb7ac6492b9624efcd1c2fb625 - - default default] Unable to schedule network 4f0bd09d-be1c-409d-9b73-c3b8d02c5a8e: no agents available; will retry on subsequent port and subnet creation events.
2026-09-11 18:41:16.452 10 INFO neutron.db.ovn_revision_numbers_db [None req-c8980ba5-f3fc-44d5-b0bb-e91d6e8afa71 7aadec5be9d14941a4e3a1c621dca6e0 606001bb7ac6492b9624efcd1c2fb625 - - default default] Successfully bumped revision number for resource b8243f98-6cfc-4d9a-b92f-c5ba60e6674c (type: ports) to 1
2026-09-11 18:41:16.470 10 INFO neutron.wsgi [None req-c8980ba5-f3fc-44d5-b0bb-e91d6e8afa71 7aadec5be9d14941a4e3a1c621dca6e0 606001bb7ac6492b9624efcd1c2fb625 - - default default] 10.0.0.177 "POST /v2.0/networks HTTP/1.1" status: 201 len: 1445 time: 2.1768792
2026-09-11 18:41:16.548 9 INFO neutron.wsgi [req-82de8661-bb6b-4490-a892-a6a97fc002b0 req-17042383-96ef-4fcb-a01f-8a9f7c34c140 7f15e3fe31a34452b02de6d0e9ce455c 91f904dc71024dc48302105efa68406b - - default default] 162.253.55.77 "DELETE /v2.0/ports/e85caf2b-7660-4c8b-9387-39c4b08a43d2 HTTP/1.1" status: 204 len: 173 time: 0.5492110
2026-09-11 18:41:16.575 10 INFO neutron.wsgi [None req-63f48849-50f8-47c2-bfec-105972e04d8a 7aadec5be9d14941a4e3a1c621dca6e0 606001bb7ac6492b9624efcd1c2fb625 - - default default] 10.0.0.177 "GET /v2.0/networks HTTP/1.1" status: 200 len: 2051 time: 0.1004589
2026-09-11 18:41:16.598 9 INFO neutron.notifiers.nova [-] Nova event matching ['req-e053c2ba-d48e-466d-bef3-9e9d9c05bb9e'] response: {'server_uuid': 'd7d2fece-8e46-4144-b6b5-c8c5c9854320', 'name': 'network-vif-deleted', 'tag': 'e85caf2b-7660-4c8b-9387-39c4b08a43d2', 'status': 'completed', 'code': 200}
2026-09-11 18:41:16.940 9 INFO neutron.db.ovn_revision_numbers_db [None req-f94c719d-d040-4152-8520-6d3b31a8c725 3b9d8be481b74d97a2b079dcc4f2c72c 61cd5dfbe4ca48239ba8d6a932f27a2d - - default default] Successfully bumped revision number for resource f21778b5-9f8a-4acb-b092-c83fb6cc4877 (type: security_groups) to 1
2026-09-11 18:41:16.966 9 INFO neutron.wsgi [req-c432fcad-54ec-4643-b38f-ae77533856e4 req-94a286e2-2435-4f52-808f-72bbc09ec8a3 7f15e3fe31a34452b02de6d0e9ce455c 91f904dc71024dc48302105efa68406b - - default default] 10.0.0.32 "GET /v2.0/ports?device_id=d7d2fece-8e46-4144-b6b5-c8c5c9854320 HTTP/1.1" status: 200 len: 210 time: 0.0241637
2026-09-11 18:41:16.968 9 INFO neutron.db.ovn_revision_numbers_db [None req-f94c719d-d040-4152-8520-6d3b31a8c725 3b9d8be481b74d97a2b079dcc4f2c72c 61cd5dfbe4ca48239ba8d6a932f27a2d - - default default] Successfully bumped revision number for resource 1e687f3e-24f7-4ea3-9b25-6ed3ec621d4d (type: security_group_rules) to 0
2026-09-11 18:41:16.987 9 INFO neutron.db.ovn_revision_numbers_db [None req-f94c719d-d040-4152-8520-6d3b31a8c725 3b9d8be481b74d97a2b079dcc4f2c72c 61cd5dfbe4ca48239ba8d6a932f27a2d - - default default] Successfully bumped revision number for resource 3faa399b-a2ae-4317-9f97-da027508d5cd (type: security_group_rules) to 0
2026-09-11 18:41:17.005 9 INFO neutron.wsgi [None req-f94c719d-d040-4152-8520-6d3b31a8c725 3b9d8be481b74d97a2b079dcc4f2c72c 61cd5dfbe4ca48239ba8d6a932f27a2d - - default default] 10.0.0.177 "POST /v2.0/security-groups HTTP/1.1" status: 201 len: 1797 time: 0.3687887
2026-09-11 18:41:17.139 9 INFO neutron.services.segments.plugin [-] Segment 010796f7-0997-4b78-ae34-dcbaa73abea6 resource provider aggregate not found
2026-09-11 18:41:17.145 9 INFO neutron.services.segments.plugin [-] Segment 010796f7-0997-4b78-ae34-dcbaa73abea6 resource provider aggregate not found
2026-09-11 18:41:17.167 9 INFO neutron.services.segments.plugin [-] Segment 010796f7-0997-4b78-ae34-dcbaa73abea6 resource provider not found; error: Placement Client Error (4xx): {"errors": [{"status": 404, "title": "Not Found", "detail": "The resource could not be found.\n\n No resource provider with uuid 010796f7-0997-4b78-ae34-dcbaa73abea6 found for delete ", "request_id": "req-c22063f9-aa5b-4d66-a363-a353bbb76b0b"}]}
2026-09-11 18:41:17.168 9 INFO neutron.services.segments.plugin [-] Segment 010796f7-0997-4b78-ae34-dcbaa73abea6 resource provider not found; error: Placement Client Error (4xx): {"errors": [{"status": 404, "title": "Not Found", "detail": "The resource could not be found.\n\n No resource provider with uuid 010796f7-0997-4b78-ae34-dcbaa73abea6 found for delete ", "request_id": "req-1062047c-c911-418f-84dd-d30ff2e9b2f1"}]}
2026-09-11 18:41:17.208 9 INFO neutron.wsgi [None req-347a9af1-984e-4f31-8720-d8985da4e8b8 7aadec5be9d14941a4e3a1c621dca6e0 606001bb7ac6492b9624efcd1c2fb625 - - default default] 10.0.0.177 "DELETE /v2.0/networks/e0804a40-c029-4526-871e-2e3a94aab8e0 HTTP/1.1" status: 204 len: 168 time: 0.6257856
2026-09-11 18:41:17.214 9 INFO neutron.db.ovn_revision_numbers_db [None req-cc0ec889-95cd-4f21-a8ac-d7b81a6435a9 3b9d8be481b74d97a2b079dcc4f2c72c 61cd5dfbe4ca48239ba8d6a932f27a2d - - default default] Successfully bumped revision number for resource cbe0f833-04ab-4b68-b941-3d8575f95428 (type: security_group_rules) to 0
2026-09-11 18:41:17.244 9 INFO neutron.wsgi [None req-cc0ec889-95cd-4f21-a8ac-d7b81a6435a9 3b9d8be481b74d97a2b079dcc4f2c72c 61cd5dfbe4ca48239ba8d6a932f27a2d - - default default] 10.0.0.177 "POST /v2.0/security-group-rules HTTP/1.1" status: 201 len: 764 time: 0.2341053
2026-09-11 18:41:17.268 9 INFO neutron.wsgi [req-88ee5a35-aa98-4fbf-8259-2c9ef5cedfa3 req-0f91f4fb-3c21-4b97-97ca-c8f031f96188 249ff20e0348424788e8013f0c7aac7a c3fc59f577ea4a7bb70a21aef6299ac0 - - default default] 162.253.55.77 "GET /v2.0/networks?id=a2b9b9c3-45ff-4fd5-9969-d309321cdb53 HTTP/1.1" status: 200 len: 876 time: 0.0884476
2026-09-11 18:41:17.337 10 INFO neutron.wsgi [req-b65ba37e-97b2-47c0-9835-d52978786e79 req-3ef15ef9-0ebe-4630-af71-ffcea557c112 249ff20e0348424788e8013f0c7aac7a c3fc59f577ea4a7bb70a21aef6299ac0 - - default default] 10.0.0.32 "GET /v2.0/ports?device_id=362ecfc4-4708-4e4c-8dba-4821ad03e447 HTTP/1.1" status: 200 len: 210 time: 0.0217719
2026-09-11 18:41:17.444 10 INFO neutron.db.ovn_revision_numbers_db [None req-daac298a-f041-4acf-8027-3f09b20f922a 3b9d8be481b74d97a2b079dcc4f2c72c 61cd5dfbe4ca48239ba8d6a932f27a2d - - default default] Successfully bumped revision number for resource fc2e4960-682a-43e7-a53c-732e8dc2cc75 (type: security_group_rules) to 0
2026-09-11 18:41:17.469 10 INFO neutron.wsgi [None req-daac298a-f041-4acf-8027-3f09b20f922a 3b9d8be481b74d97a2b079dcc4f2c72c 61cd5dfbe4ca48239ba8d6a932f27a2d - - default default] 10.0.0.177 "POST /v2.0/security-group-rules HTTP/1.1" status: 201 len: 769 time: 0.2183294
2026-09-11 18:41:17.574 9 WARNING neutron.scheduler.dhcp_agent_scheduler [req-88ee5a35-aa98-4fbf-8259-2c9ef5cedfa3 req-bf2825ed-956e-4081-9216-d98e1bdf3779 249ff20e0348424788e8013f0c7aac7a c3fc59f577ea4a7bb70a21aef6299ac0 - - default default] No more DHCP agents
2026-09-11 18:41:17.575 9 WARNING neutron.api.rpc.agentnotifiers.dhcp_rpc_agent_api [req-88ee5a35-aa98-4fbf-8259-2c9ef5cedfa3 req-bf2825ed-956e-4081-9216-d98e1bdf3779 249ff20e0348424788e8013f0c7aac7a c3fc59f577ea4a7bb70a21aef6299ac0 - - default default] Unable to schedule network a2b9b9c3-45ff-4fd5-9969-d309321cdb53: no agents available; will retry on subsequent port and subnet creation events.
2026-09-11 18:41:17.661 10 INFO neutron.services.segments.plugin [-] Segment e8af3ca9-a294-48ec-aa2d-4dbb53f50d60 resource provider aggregate not found
2026-09-11 18:41:17.665 10 INFO neutron.services.segments.plugin [-] Segment e8af3ca9-a294-48ec-aa2d-4dbb53f50d60 resource provider aggregate not found
2026-09-11 18:41:17.679 10 INFO neutron.services.segments.plugin [-] Segment e8af3ca9-a294-48ec-aa2d-4dbb53f50d60 resource provider not found; error: Placement Client Error (4xx): {"errors": [{"status": 404, "title": "Not Found", "detail": "The resource could not be found.\n\n No resource provider with uuid e8af3ca9-a294-48ec-aa2d-4dbb53f50d60 found for delete ", "request_id": "req-d7a40968-31a5-4b05-af41-bbb76fe34dd2"}]}
2026-09-11 18:41:17.680 10 INFO neutron.services.segments.plugin [-] Segment e8af3ca9-a294-48ec-aa2d-4dbb53f50d60 resource provider not found; error: Placement Client Error (4xx): {"errors": [{"status": 404, "title": "Not Found", "detail": "The resource could not be found.\n\n No resource provider with uuid e8af3ca9-a294-48ec-aa2d-4dbb53f50d60 found for delete ", "request_id": "req-fb98210c-5048-4b9d-aeb7-2e62128350cd"}]}
2026-09-11 18:41:17.721 9 INFO neutron.db.ovn_revision_numbers_db [req-88ee5a35-aa98-4fbf-8259-2c9ef5cedfa3 req-bf2825ed-956e-4081-9216-d98e1bdf3779 249ff20e0348424788e8013f0c7aac7a c3fc59f577ea4a7bb70a21aef6299ac0 - - default default] Successfully bumped revision number for resource 6d191ede-7b2a-4457-bed7-7f3170489af4 (type: ports) to 1
2026-09-11 18:41:17.726 10 INFO neutron.wsgi [None req-52a56365-824e-4598-8069-842d761c4923 7aadec5be9d14941a4e3a1c621dca6e0 606001bb7ac6492b9624efcd1c2fb625 - - default default] 10.0.0.177 "DELETE /v2.0/networks/4f0bd09d-be1c-409d-9b73-c3b8d02c5a8e HTTP/1.1" status: 204 len: 168 time: 0.5108070
2026-09-11 18:41:17.742 9 INFO neutron.wsgi [req-88ee5a35-aa98-4fbf-8259-2c9ef5cedfa3 req-bf2825ed-956e-4081-9216-d98e1bdf3779 249ff20e0348424788e8013f0c7aac7a c3fc59f577ea4a7bb70a21aef6299ac0 - - default default] 162.253.55.77 "POST /v2.0/ports HTTP/1.1" status: 201 len: 1158 time: 0.4674616 /var/lib/openstack/lib/python3.10/site-packages/pycadf/identifier.py:71: UserWarning: Invalid uuid: neutron. To ensure interoperability, identifiers should be a valid uuid. warnings.warn(('Invalid uuid: %s. To ensure interoperability, '
2026-09-11 18:41:17.812 10 WARNING neutron.scheduler.dhcp_agent_scheduler [None req-787cb5fd-51a3-4582-ba6e-738d69629530 3b9d8be481b74d97a2b079dcc4f2c72c 61cd5dfbe4ca48239ba8d6a932f27a2d - - default default] No more DHCP agents
2026-09-11 18:41:17.819 10 WARNING neutron.api.rpc.agentnotifiers.dhcp_rpc_agent_api [None req-787cb5fd-51a3-4582-ba6e-738d69629530 3b9d8be481b74d97a2b079dcc4f2c72c 61cd5dfbe4ca48239ba8d6a932f27a2d - - default default] Unable to schedule network a99854ed-6c4f-4a71-9877-457a1a1331f2: no agents available; will retry on subsequent port and subnet creation events.
2026-09-11 18:41:17.843 10 INFO neutron.wsgi [None req-84ac25d6-a45f-4711-8e61-c75276585d29 7aadec5be9d14941a4e3a1c621dca6e0 606001bb7ac6492b9624efcd1c2fb625 - - default default] 10.0.0.177 "GET /v2.0/networks HTTP/1.1" status: 200 len: 845 time: 0.1076365
2026-09-11 18:41:18.016 9 INFO neutron.db.segments_db [None req-e3d59d47-0df1-4583-8f3b-2e2d3a57f378 7aadec5be9d14941a4e3a1c621dca6e0 606001bb7ac6492b9624efcd1c2fb625 - - default default] Added segment 1e6ad74f-64a2-4ec9-9179-0f0347d9db91 of type geneve for network e228f9ee-0f58-4957-b5a6-2a831e07eb83
2026-09-11 18:41:18.197 9 INFO neutron.db.ovn_revision_numbers_db [None req-e3d59d47-0df1-4583-8f3b-2e2d3a57f378 7aadec5be9d14941a4e3a1c621dca6e0 606001bb7ac6492b9624efcd1c2fb625 - - default default] Successfully bumped revision number for resource e228f9ee-0f58-4957-b5a6-2a831e07eb83 (type: networks) to 1
2026-09-11 18:41:18.197 10 INFO neutron.db.ovn_revision_numbers_db [None req-787cb5fd-51a3-4582-ba6e-738d69629530 3b9d8be481b74d97a2b079dcc4f2c72c 61cd5dfbe4ca48239ba8d6a932f27a2d - - default default] Successfully bumped revision number for resource 2399be15-381d-4bf6-9934-5f15b56d1899 (type: floatingips) to 0
2026-09-11 18:41:18.221 10 INFO neutron.wsgi [None req-787cb5fd-51a3-4582-ba6e-738d69629530 3b9d8be481b74d97a2b079dcc4f2c72c 61cd5dfbe4ca48239ba8d6a932f27a2d - - default default] 10.0.0.177 "POST /v2.0/floatingips HTTP/1.1" status: 201 len: 751 time: 0.7461607
2026-09-11 18:41:18.235 10 INFO neutron.wsgi [None req-7cc28d42-d9be-4faf-8884-4963e8202d56 7f15e3fe31a34452b02de6d0e9ce455c 91f904dc71024dc48302105efa68406b - - default default] 10.0.0.177 "DELETE /v2.0/security-groups/e31232c4-0f61-4cd2-993d-7339dba34533 HTTP/1.1" status: 204 len: 168 time: 0.1719387
2026-09-11 18:41:18.235 9 INFO neutron.db.ovn_revision_numbers_db [req-88ee5a35-aa98-4fbf-8259-2c9ef5cedfa3 req-91dfdc02-2ac6-49ce-9d08-96cf0e031103 de18b38f1d104553960f5b7cb428024d acd9b28c1e554811952565e57a64a38f - - 5d5f0506ef9341d5ba3af6ed6779e1e5 5d5f0506ef9341d5ba3af6ed6779e1e5] Successfully bumped revision number for resource 6d191ede-7b2a-4457-bed7-7f3170489af4 (type: ports) to 2
2026-09-11 18:41:18.253 10 INFO neutron.api.v2.resource [None req-420a4e1b-8877-4664-b40c-10f1e9007922 7f15e3fe31a34452b02de6d0e9ce455c 91f904dc71024dc48302105efa68406b - - default default] show failed (client error): The resource could not be found.
