2026-09-11 18:44:07.673 9 INFO neutron.db.ovn_revision_numbers_db [None req-2fc1cc0b-8c71-43a4-a3a4-329a64e56967 - - - - - -] Successfully bumped revision number for resource bfbfd78e-f472-40c8-805e-208be06c64d3 (type: ports) to 2
2026-09-11 18:44:07.755 9 INFO neutron.db.ovn_revision_numbers_db [None req-b04c6da9-0ce1-448d-a63e-0fa5da18c857 - - - - - -] Successfully bumped revision number for resource 677fd286-c007-45bd-8846-ae92fe0a1920 (type: ports) to 4
2026-09-11 18:44:07.865 9 INFO neutron.db.ovn_revision_numbers_db [None req-2fc1cc0b-8c71-43a4-a3a4-329a64e56967 - - - - - -] Successfully bumped revision number for resource bfbfd78e-f472-40c8-805e-208be06c64d3 (type: router_ports) to 2
2026-09-11 18:44:08.307 9 INFO neutron.db.ovn_revision_numbers_db [None req-b04c6da9-0ce1-448d-a63e-0fa5da18c857 - - - - - -] Successfully bumped revision number for resource 677fd286-c007-45bd-8846-ae92fe0a1920 (type: router_ports) to 4
2026-09-11 18:44:08.335 10 INFO neutron.db.ovn_revision_numbers_db [None req-0cdea632-789e-44ac-acba-c6add24b0886 d2f5b618028a4ec09562f682f22f6b44 ae1a5f8f80844f7787cc24ba77fea8a8 - - default default] Successfully bumped revision number for resource 38cc95ff-f463-4951-a1e4-6cbcc70dba24 (type: floatingips) to 0
2026-09-11 18:44:08.350 10 INFO neutron.wsgi [None req-0cdea632-789e-44ac-acba-c6add24b0886 d2f5b618028a4ec09562f682f22f6b44 ae1a5f8f80844f7787cc24ba77fea8a8 - - default default] 10.0.0.177 "POST /v2.0/floatingips HTTP/1.1" status: 201 len: 751 time: 1.1676979
2026-09-11 18:44:08.373 10 INFO neutron.db.ovn_revision_numbers_db [None req-8f008ff0-04db-4d8c-b0f0-32331d2479a3 8562576d89f94413a70ae97a4a10cac3 9ce981192a854de79a7a83011ba2e14e - - default default] Successfully bumped revision number for resource bfbfd78e-f472-40c8-805e-208be06c64d3 (type: router_ports) to 2
2026-09-11 18:44:08.375 10 INFO neutron.wsgi [None req-8f008ff0-04db-4d8c-b0f0-32331d2479a3 8562576d89f94413a70ae97a4a10cac3 9ce981192a854de79a7a83011ba2e14e - - default default] 10.0.0.177 "PUT /v2.0/routers/46b24026-70da-49e0-b2d8-3e87af9f8d9f/add_router_interface HTTP/1.1" status: 200 len: 503 time: 2.0856595
2026-09-11 18:44:08.612 9 WARNING neutron.scheduler.dhcp_agent_scheduler [None req-9fd6824b-773a-4685-99a0-365871fc454f d2f5b618028a4ec09562f682f22f6b44 ae1a5f8f80844f7787cc24ba77fea8a8 - - default default] No more DHCP agents
2026-09-11 18:44:08.615 9 WARNING neutron.api.rpc.agentnotifiers.dhcp_rpc_agent_api [None req-9fd6824b-773a-4685-99a0-365871fc454f d2f5b618028a4ec09562f682f22f6b44 ae1a5f8f80844f7787cc24ba77fea8a8 - - default default] Unable to schedule network a99854ed-6c4f-4a71-9877-457a1a1331f2: no agents available; will retry on subsequent port and subnet creation events.
2026-09-11 18:44:08.957 9 INFO neutron.db.ovn_revision_numbers_db [None req-9fd6824b-773a-4685-99a0-365871fc454f d2f5b618028a4ec09562f682f22f6b44 ae1a5f8f80844f7787cc24ba77fea8a8 - - default default] Successfully bumped revision number for resource 4dcf0eba-4281-45c2-ad3f-8a7169d44380 (type: floatingips) to 0
2026-09-11 18:44:08.973 9 INFO neutron.wsgi [None req-9fd6824b-773a-4685-99a0-365871fc454f d2f5b618028a4ec09562f682f22f6b44 ae1a5f8f80844f7787cc24ba77fea8a8 - - default default] 10.0.0.177 "POST /v2.0/floatingips HTTP/1.1" status: 201 len: 751 time: 0.6095414
2026-09-11 18:44:09.221 9 WARNING neutron.scheduler.dhcp_agent_scheduler [None req-ae8d8ea6-d3ae-4165-9659-f20e74ae7fd0 d2f5b618028a4ec09562f682f22f6b44 ae1a5f8f80844f7787cc24ba77fea8a8 - - default default] No more DHCP agents
2026-09-11 18:44:09.225 9 WARNING neutron.api.rpc.agentnotifiers.dhcp_rpc_agent_api [None req-ae8d8ea6-d3ae-4165-9659-f20e74ae7fd0 d2f5b618028a4ec09562f682f22f6b44 ae1a5f8f80844f7787cc24ba77fea8a8 - - default default] Unable to schedule network a99854ed-6c4f-4a71-9877-457a1a1331f2: no agents available; will retry on subsequent port and subnet creation events.
2026-09-11 18:44:09.600 9 INFO neutron.db.ovn_revision_numbers_db [None req-ae8d8ea6-d3ae-4165-9659-f20e74ae7fd0 d2f5b618028a4ec09562f682f22f6b44 ae1a5f8f80844f7787cc24ba77fea8a8 - - default default] Successfully bumped revision number for resource 3c28ff34-4c58-4e90-a1ef-fc0a23dbe547 (type: floatingips) to 0
2026-09-11 18:44:09.613 9 INFO neutron.wsgi [None req-ae8d8ea6-d3ae-4165-9659-f20e74ae7fd0 d2f5b618028a4ec09562f682f22f6b44 ae1a5f8f80844f7787cc24ba77fea8a8 - - default default] 10.0.0.177 "POST /v2.0/floatingips HTTP/1.1" status: 201 len: 751 time: 0.6340654
2026-09-11 18:44:09.701 10 INFO neutron.db.ovn_revision_numbers_db [None req-8808e028-6671-46de-a1d6-0163011e3f5a 8562576d89f94413a70ae97a4a10cac3 9ce981192a854de79a7a83011ba2e14e - - default default] Successfully bumped revision number for resource d1cc7391-e71b-475e-8665-0028dda65e92 (type: security_groups) to 1
2026-09-11 18:44:09.717 10 INFO neutron.db.ovn_revision_numbers_db [None req-8808e028-6671-46de-a1d6-0163011e3f5a 8562576d89f94413a70ae97a4a10cac3 9ce981192a854de79a7a83011ba2e14e - - default default] Successfully bumped revision number for resource 4db57616-6ebd-410a-860a-ab07d7a37065 (type: security_group_rules) to 0
2026-09-11 18:44:09.733 10 INFO neutron.db.ovn_revision_numbers_db [None req-8808e028-6671-46de-a1d6-0163011e3f5a 8562576d89f94413a70ae97a4a10cac3 9ce981192a854de79a7a83011ba2e14e - - default default] Successfully bumped revision number for resource 728dba4c-eaa0-4a1c-8bf7-61edabf5280a (type: security_group_rules) to 0
2026-09-11 18:44:09.754 10 INFO neutron.db.ovn_revision_numbers_db [None req-8808e028-6671-46de-a1d6-0163011e3f5a 8562576d89f94413a70ae97a4a10cac3 9ce981192a854de79a7a83011ba2e14e - - default default] Successfully bumped revision number for resource ba8ccff9-55fd-47a0-861b-66d708f6dd55 (type: security_group_rules) to 0
2026-09-11 18:44:09.773 10 INFO neutron.db.ovn_revision_numbers_db [None req-8808e028-6671-46de-a1d6-0163011e3f5a 8562576d89f94413a70ae97a4a10cac3 9ce981192a854de79a7a83011ba2e14e - - default default] Successfully bumped revision number for resource fa50b2eb-5ba6-4943-a7e7-ef7ad5480d7b (type: security_group_rules) to 0
2026-09-11 18:44:09.822 10 INFO neutron.db.segments_db [None req-8808e028-6671-46de-a1d6-0163011e3f5a 8562576d89f94413a70ae97a4a10cac3 9ce981192a854de79a7a83011ba2e14e - - default default] Added segment b783d7d4-1569-40ff-9adb-d2868562735c of type geneve for network c9f78803-7112-4589-b6b1-8aaaa51efa67
2026-09-11 18:44:09.923 9 WARNING neutron.scheduler.dhcp_agent_scheduler [None req-be3a0074-23ab-478f-a4c1-74c8e6c746fa d2f5b618028a4ec09562f682f22f6b44 ae1a5f8f80844f7787cc24ba77fea8a8 - - default default] No more DHCP agents
2026-09-11 18:44:09.929 9 WARNING neutron.api.rpc.agentnotifiers.dhcp_rpc_agent_api [None req-be3a0074-23ab-478f-a4c1-74c8e6c746fa d2f5b618028a4ec09562f682f22f6b44 ae1a5f8f80844f7787cc24ba77fea8a8 - - default default] Unable to schedule network a99854ed-6c4f-4a71-9877-457a1a1331f2: no agents available; will retry on subsequent port and subnet creation events.
2026-09-11 18:44:10.027 10 INFO neutron.db.ovn_revision_numbers_db [None req-8808e028-6671-46de-a1d6-0163011e3f5a 8562576d89f94413a70ae97a4a10cac3 9ce981192a854de79a7a83011ba2e14e - - default default] Successfully bumped revision number for resource c9f78803-7112-4589-b6b1-8aaaa51efa67 (type: networks) to 1
2026-09-11 18:44:10.173 10 WARNING neutron.scheduler.dhcp_agent_scheduler [None req-8808e028-6671-46de-a1d6-0163011e3f5a 8562576d89f94413a70ae97a4a10cac3 9ce981192a854de79a7a83011ba2e14e - - default default] No more DHCP agents
2026-09-11 18:44:10.181 10 WARNING neutron.api.rpc.agentnotifiers.dhcp_rpc_agent_api [None req-8808e028-6671-46de-a1d6-0163011e3f5a 8562576d89f94413a70ae97a4a10cac3 9ce981192a854de79a7a83011ba2e14e - - default default] Unable to schedule network c9f78803-7112-4589-b6b1-8aaaa51efa67: no agents available; will retry on subsequent port and subnet creation events.
2026-09-11 18:44:10.206 9 INFO neutron.db.ovn_revision_numbers_db [None req-be3a0074-23ab-478f-a4c1-74c8e6c746fa d2f5b618028a4ec09562f682f22f6b44 ae1a5f8f80844f7787cc24ba77fea8a8 - - default default] Successfully bumped revision number for resource 7496d11e-3fe8-418d-bc2c-a15a88ddcc06 (type: floatingips) to 0
2026-09-11 18:44:10.218 9 INFO neutron.wsgi [None req-be3a0074-23ab-478f-a4c1-74c8e6c746fa d2f5b618028a4ec09562f682f22f6b44 ae1a5f8f80844f7787cc24ba77fea8a8 - - default default] 10.0.0.177 "POST /v2.0/floatingips HTTP/1.1" status: 201 len: 751 time: 0.6000967
2026-09-11 18:44:10.319 10 INFO neutron.db.ovn_revision_numbers_db [None req-8808e028-6671-46de-a1d6-0163011e3f5a 8562576d89f94413a70ae97a4a10cac3 9ce981192a854de79a7a83011ba2e14e - - default default] Successfully bumped revision number for resource ee96c0d8-4bc9-4757-b2c3-f7619cf007d8 (type: ports) to 1
2026-09-11 18:44:10.347 10 INFO neutron.wsgi [None req-8808e028-6671-46de-a1d6-0163011e3f5a 8562576d89f94413a70ae97a4a10cac3 9ce981192a854de79a7a83011ba2e14e - - default default] 10.0.0.177 "POST /v2.0/networks HTTP/1.1" status: 201 len: 942 time: 0.8266768
2026-09-11 18:44:10.452 9 WARNING neutron.scheduler.dhcp_agent_scheduler [None req-785a8ef0-897a-40a1-bb7c-fdcdb0862a06 d2f5b618028a4ec09562f682f22f6b44 ae1a5f8f80844f7787cc24ba77fea8a8 - - default default] No more DHCP agents
2026-09-11 18:44:10.455 9 WARNING neutron.api.rpc.agentnotifiers.dhcp_rpc_agent_api [None req-785a8ef0-897a-40a1-bb7c-fdcdb0862a06 d2f5b618028a4ec09562f682f22f6b44 ae1a5f8f80844f7787cc24ba77fea8a8 - - default default] Unable to schedule network a99854ed-6c4f-4a71-9877-457a1a1331f2: no agents available; will retry on subsequent port and subnet creation events.
2026-09-11 18:44:10.559 10 WARNING neutron.scheduler.dhcp_agent_scheduler [None req-44b3a5ab-2932-431a-90e5-29b2ebf48360 8562576d89f94413a70ae97a4a10cac3 9ce981192a854de79a7a83011ba2e14e - - default default] No more DHCP agents
2026-09-11 18:44:10.564 10 WARNING neutron.api.rpc.agentnotifiers.dhcp_rpc_agent_api [None req-44b3a5ab-2932-431a-90e5-29b2ebf48360 8562576d89f94413a70ae97a4a10cac3 9ce981192a854de79a7a83011ba2e14e - - default default] Unable to schedule network c9f78803-7112-4589-b6b1-8aaaa51efa67: no agents available; will retry on subsequent port and subnet creation events.
2026-09-11 18:44:10.794 9 INFO neutron.db.ovn_revision_numbers_db [None req-785a8ef0-897a-40a1-bb7c-fdcdb0862a06 d2f5b618028a4ec09562f682f22f6b44 ae1a5f8f80844f7787cc24ba77fea8a8 - - default default] Successfully bumped revision number for resource 00cbe321-675a-4201-955d-ff8b93b06135 (type: floatingips) to 0
2026-09-11 18:44:10.816 9 INFO neutron.wsgi [None req-785a8ef0-897a-40a1-bb7c-fdcdb0862a06 d2f5b618028a4ec09562f682f22f6b44 ae1a5f8f80844f7787cc24ba77fea8a8 - - default default] 10.0.0.177 "POST /v2.0/floatingips HTTP/1.1" status: 201 len: 751 time: 0.5919039
2026-09-11 18:44:10.873 9 INFO neutron.wsgi [None req-74bd2d32-8334-491e-9c87-a15a19880335 d2f5b618028a4ec09562f682f22f6b44 ae1a5f8f80844f7787cc24ba77fea8a8 - - default default] 10.0.0.177 "PUT /v2.0/floatingips/38cc95ff-f463-4951-a1e4-6cbcc70dba24/tags HTTP/1.1" status: 200 len: 210 time: 0.0512056
2026-09-11 18:44:10.945 9 INFO neutron.wsgi [None req-3814a4cd-fdbc-4a93-8d0a-0996bf10e450 d2f5b618028a4ec09562f682f22f6b44 ae1a5f8f80844f7787cc24ba77fea8a8 - - default default] 10.0.0.177 "PUT /v2.0/floatingips/4dcf0eba-4281-45c2-ad3f-8a7169d44380/tags HTTP/1.1" status: 200 len: 218 time: 0.0669670
2026-09-11 18:44:10.986 9 INFO neutron.wsgi [None req-7334b491-0ad9-47ea-9604-60386bae0792 d2f5b618028a4ec09562f682f22f6b44 ae1a5f8f80844f7787cc24ba77fea8a8 - - default default] 10.0.0.177 "PUT /v2.0/floatingips/3c28ff34-4c58-4e90-a1ef-fc0a23dbe547/tags HTTP/1.1" status: 200 len: 227 time: 0.0362554
2026-09-11 18:44:11.026 9 INFO neutron.wsgi [None req-e466a538-7e6b-4c74-84d8-94b346cc055a d2f5b618028a4ec09562f682f22f6b44 ae1a5f8f80844f7787cc24ba77fea8a8 - - default default] 10.0.0.177 "PUT /v2.0/floatingips/7496d11e-3fe8-418d-bc2c-a15a88ddcc06/tags HTTP/1.1" status: 200 len: 212 time: 0.0363343
2026-09-11 18:44:11.069 10 INFO neutron.db.ovn_revision_numbers_db [None req-44b3a5ab-2932-431a-90e5-29b2ebf48360 8562576d89f94413a70ae97a4a10cac3 9ce981192a854de79a7a83011ba2e14e - - default default] Successfully bumped revision number for resource ee96c0d8-4bc9-4757-b2c3-f7619cf007d8 (type: ports) to 2
2026-09-11 18:44:11.091 9 INFO neutron.wsgi [None req-86bc53dd-156c-4b17-aab6-c14056fcea3a d2f5b618028a4ec09562f682f22f6b44 ae1a5f8f80844f7787cc24ba77fea8a8 - - default default] 10.0.0.177 "GET /v2.0/floatingips?tags=red HTTP/1.1" status: 200 len: 1866 time: 0.0582340
2026-09-11 18:44:11.109 10 INFO neutron.db.ovn_revision_numbers_db [None req-44b3a5ab-2932-431a-90e5-29b2ebf48360 8562576d89f94413a70ae97a4a10cac3 9ce981192a854de79a7a83011ba2e14e - - default default] Successfully bumped revision number for resource 831735c5-30d6-41b1-905e-f8d279de456e (type: subnets) to 0
2026-09-11 18:44:11.132 10 INFO neutron.wsgi [None req-43c22bb1-0f3a-42a1-84cc-9a56c16f189c d2f5b618028a4ec09562f682f22f6b44 ae1a5f8f80844f7787cc24ba77fea8a8 - - default default] 10.0.0.177 "GET /v2.0/floatingips?tags=red%2Cblue HTTP/1.1" status: 200 len: 1323 time: 0.0353167
2026-09-11 18:44:11.134 10 INFO neutron.wsgi [None req-44b3a5ab-2932-431a-90e5-29b2ebf48360 8562576d89f94413a70ae97a4a10cac3 9ce981192a854de79a7a83011ba2e14e - - default default] 10.0.0.177 "POST /v2.0/subnets HTTP/1.1" status: 201 len: 862 time: 0.7809122
2026-09-11 18:44:11.172 10 INFO neutron.wsgi [None req-83f649dd-7879-4794-8c9f-725e93bc4efb d2f5b618028a4ec09562f682f22f6b44 ae1a5f8f80844f7787cc24ba77fea8a8 - - default default] 10.0.0.177 "GET /v2.0/floatingips?tags-any=blue HTTP/1.1" status: 200 len: 1323 time: 0.0353966
2026-09-11 18:44:11.203 10 INFO neutron.wsgi [None req-6e642701-9bbf-4eda-b69e-84859d3a91c1 d2f5b618028a4ec09562f682f22f6b44 ae1a5f8f80844f7787cc24ba77fea8a8 - - default default] 10.0.0.177 "GET /v2.0/floatingips?tags-any=red%2Cblue HTTP/1.1" status: 200 len: 1866 time: 0.0258563
2026-09-11 18:44:11.249 10 INFO neutron.wsgi [None req-8e649a2c-eb83-4662-b054-184557f34b1b d2f5b618028a4ec09562f682f22f6b44 ae1a5f8f80844f7787cc24ba77fea8a8 - - default default] 10.0.0.177 "GET /v2.0/floatingips?not-tags=red HTTP/1.1" status: 200 len: 1295 time: 0.0406485
2026-09-11 18:44:11.295 10 INFO neutron.wsgi [None req-858d7533-1e53-490e-a6be-47e0d3bc0ffc d2f5b618028a4ec09562f682f22f6b44 ae1a5f8f80844f7787cc24ba77fea8a8 - - default default] 10.0.0.177 "GET /v2.0/floatingips?not-tags=red%2Cblue HTTP/1.1" status: 200 len: 1838 time: 0.0381300
2026-09-11 18:44:11.334 10 INFO neutron.wsgi [None req-3f1a13bd-b60d-4dcb-8ab7-c8e5ceb4f8b4 d2f5b618028a4ec09562f682f22f6b44 ae1a5f8f80844f7787cc24ba77fea8a8 - - default default] 10.0.0.177 "GET /v2.0/floatingips?not-tags-any=blue HTTP/1.1" status: 200 len: 1838 time: 0.0349278
2026-09-11 18:44:11.364 10 INFO neutron.wsgi [None req-aa6fa68d-6ac5-4601-90bc-b78aa062c62d d2f5b618028a4ec09562f682f22f6b44 ae1a5f8f80844f7787cc24ba77fea8a8 - - default default] 10.0.0.177 "GET /v2.0/floatingips?not-tags-any=red%2Cblue HTTP/1.1" status: 200 len: 1295 time: 0.0246744
2026-09-11 18:44:11.613 9 WARNING neutron.scheduler.dhcp_agent_scheduler [None req-5510caa8-f43b-4444-919f-7f69ca103c4c 8562576d89f94413a70ae97a4a10cac3 9ce981192a854de79a7a83011ba2e14e - - default default] No more DHCP agents
2026-09-11 18:44:11.616 9 WARNING neutron.api.rpc.agentnotifiers.dhcp_rpc_agent_api [None req-5510caa8-f43b-4444-919f-7f69ca103c4c 8562576d89f94413a70ae97a4a10cac3 9ce981192a854de79a7a83011ba2e14e - - default default] Unable to schedule network a99854ed-6c4f-4a71-9877-457a1a1331f2: no agents available; will retry on subsequent port and subnet creation events.
2026-09-11 18:44:11.668 10 INFO neutron.wsgi [None req-91662a84-4a86-4466-a7de-4e4e9569defd d2f5b618028a4ec09562f682f22f6b44 ae1a5f8f80844f7787cc24ba77fea8a8 - - default default] 10.0.0.177 "DELETE /v2.0/floatingips/38cc95ff-f463-4951-a1e4-6cbcc70dba24 HTTP/1.1" status: 204 len: 168 time: 0.2962062
2026-09-11 18:44:11.781 9 INFO neutron.db.ovn_revision_numbers_db [None req-5510caa8-f43b-4444-919f-7f69ca103c4c 8562576d89f94413a70ae97a4a10cac3 9ce981192a854de79a7a83011ba2e14e - - default default] Successfully bumped revision number for resource 2201d274-0e0d-4945-957c-6497f2d32d72 (type: ports) to 1
2026-09-11 18:44:12.137 10 INFO neutron.wsgi [None req-d2d45f7e-a602-4984-a879-43e417bbfeef d2f5b618028a4ec09562f682f22f6b44 ae1a5f8f80844f7787cc24ba77fea8a8 - - default default] 10.0.0.177 "DELETE /v2.0/floatingips/4dcf0eba-4281-45c2-ad3f-8a7169d44380 HTTP/1.1" status: 204 len: 168 time: 0.4628525
2026-09-11 18:44:12.355 9 INFO neutron.wsgi [-] 10.0.0.155 "GET / HTTP/1.1" status: 200 len: 247 time: 0.0012283
2026-09-11 18:44:12.356 9 INFO neutron.wsgi [-] 10.0.0.155 "GET / HTTP/1.1" status: 200 len: 247 time: 0.0008698
2026-09-11 18:44:12.382 10 INFO neutron.plugins.ml2.drivers.ovn.mech_driver.mech_driver [None req-3a218d7c-672c-4cf1-bb82-44e4c90b9e5c - - - - - -] OVN reports status up for port: 2201d274-0e0d-4945-957c-6497f2d32d72
2026-09-11 18:44:12.395 10 INFO neutron.plugins.ml2.plugin [None req-3a218d7c-672c-4cf1-bb82-44e4c90b9e5c - - - - - -] Attempt 1 to provision port 2201d274-0e0d-4945-957c-6497f2d32d72
2026-09-11 18:44:12.420 9 INFO neutron.plugins.ml2.drivers.ovn.mech_driver.ovsdb.ovsdb_monitor [None req-b04c6da9-0ce1-448d-a63e-0fa5da18c857 - - - - - -] Router f0e5f13a-014b-44c9-a1cd-f9b1eebe05dd is bound to host instance
2026-09-11 18:44:12.456 9 INFO neutron.db.ovn_revision_numbers_db [None req-5510caa8-f43b-4444-919f-7f69ca103c4c 8562576d89f94413a70ae97a4a10cac3 9ce981192a854de79a7a83011ba2e14e - - default default] Successfully bumped revision number for resource 2201d274-0e0d-4945-957c-6497f2d32d72 (type: router_ports) to 1
2026-09-11 18:44:12.530 10 INFO neutron.wsgi [None req-51700474-d9e5-4fa7-85da-5723a9d74828 d2f5b618028a4ec09562f682f22f6b44 ae1a5f8f80844f7787cc24ba77fea8a8 - - default default] 10.0.0.177 "DELETE /v2.0/floatingips/3c28ff34-4c58-4e90-a1ef-fc0a23dbe547 HTTP/1.1" status: 204 len: 168 time: 0.3875480
2026-09-11 18:44:12.547 9 INFO neutron.db.ovn_revision_numbers_db [None req-5510caa8-f43b-4444-919f-7f69ca103c4c 8562576d89f94413a70ae97a4a10cac3 9ce981192a854de79a7a83011ba2e14e - - default default] Successfully bumped revision number for resource f0e5f13a-014b-44c9-a1cd-f9b1eebe05dd (type: routers) to 2
2026-09-11 18:44:12.569 9 INFO neutron.wsgi [None req-5510caa8-f43b-4444-919f-7f69ca103c4c 8562576d89f94413a70ae97a4a10cac3 9ce981192a854de79a7a83011ba2e14e - - default default] 10.0.0.177 "POST /v2.0/routers HTTP/1.1" status: 201 len: 873 time: 1.4301996
2026-09-11 18:44:12.958 9 INFO neutron.db.ovn_revision_numbers_db [None req-b04c6da9-0ce1-448d-a63e-0fa5da18c857 - - - - - -] Successfully bumped revision number for resource 2201d274-0e0d-4945-957c-6497f2d32d72 (type: ports) to 1
2026-09-11 18:44:13.022 10 INFO neutron.wsgi [None req-50d30565-8868-41d8-9e15-28eb61615897 d2f5b618028a4ec09562f682f22f6b44 ae1a5f8f80844f7787cc24ba77fea8a8 - - default default] 10.0.0.177 "DELETE /v2.0/floatingips/7496d11e-3fe8-418d-bc2c-a15a88ddcc06 HTTP/1.1" status: 204 len: 168 time: 0.4835711
2026-09-11 18:44:13.111 10 WARNING neutron.scheduler.dhcp_agent_scheduler [None req-9aac3d42-0781-4e80-a913-0ef52c31345f 8562576d89f94413a70ae97a4a10cac3 9ce981192a854de79a7a83011ba2e14e - - default default] No more DHCP agents
2026-09-11 18:44:13.113 10 WARNING neutron.api.rpc.agentnotifiers.dhcp_rpc_agent_api [None req-9aac3d42-0781-4e80-a913-0ef52c31345f 8562576d89f94413a70ae97a4a10cac3 9ce981192a854de79a7a83011ba2e14e - - default default] Unable to schedule network c9f78803-7112-4589-b6b1-8aaaa51efa67: no agents available; will retry on subsequent port and subnet creation events.
2026-09-11 18:44:13.382 10 INFO neutron.db.ovn_revision_numbers_db [None req-9aac3d42-0781-4e80-a913-0ef52c31345f 8562576d89f94413a70ae97a4a10cac3 9ce981192a854de79a7a83011ba2e14e - - default default] Successfully bumped revision number for resource 308ddc7b-1e01-4952-8fe9-75210e7498a4 (type: ports) to 1
2026-09-11 18:44:13.631 9 WARNING neutron.plugins.ml2.drivers.ovn.mech_driver.ovsdb.ovn_client [None req-2fc1cc0b-8c71-43a4-a3a4-329a64e56967 - - - - - -] No hosting information found for port bfbfd78e-f472-40c8-805e-208be06c64d3: RuntimeError: No hosting information found for port bfbfd78e-f472-40c8-805e-208be06c64d3
2026-09-11 18:44:13.693 9 INFO neutron.db.ovn_revision_numbers_db [None req-b04c6da9-0ce1-448d-a63e-0fa5da18c857 - - - - - -] Successfully bumped revision number for resource 2201d274-0e0d-4945-957c-6497f2d32d72 (type: router_ports) to 3
2026-09-11 18:44:13.807 9 INFO neutron.plugins.ml2.drivers.ovn.mech_driver.mech_driver [None req-2fc1cc0b-8c71-43a4-a3a4-329a64e56967 - - - - - -] OVN reports status up for port: 308ddc7b-1e01-4952-8fe9-75210e7498a4
2026-09-11 18:44:13.819 9 INFO neutron.wsgi [None req-01488709-71fd-4534-9e2e-c441ec79cc04 d2f5b618028a4ec09562f682f22f6b44 ae1a5f8f80844f7787cc24ba77fea8a8 - - default default] 10.0.0.177 "DELETE /v2.0/floatingips/00cbe321-675a-4201-955d-ff8b93b06135 HTTP/1.1" status: 204 len: 168 time: 0.7913098
2026-09-11 18:44:13.821 9 INFO neutron.plugins.ml2.plugin [None req-2fc1cc0b-8c71-43a4-a3a4-329a64e56967 - - - - - -] Attempt 1 to provision port 308ddc7b-1e01-4952-8fe9-75210e7498a4
2026-09-11 18:44:13.848 10 INFO neutron.db.ovn_revision_numbers_db [None req-9aac3d42-0781-4e80-a913-0ef52c31345f 8562576d89f94413a70ae97a4a10cac3 9ce981192a854de79a7a83011ba2e14e - - default default] Successfully bumped revision number for resource 308ddc7b-1e01-4952-8fe9-75210e7498a4 (type: router_ports) to 1
2026-09-11 18:44:13.895 9 INFO neutron.db.ovn_revision_numbers_db [None req-b04c6da9-0ce1-448d-a63e-0fa5da18c857 - - - - - -] Successfully bumped revision number for resource 2201d274-0e0d-4945-957c-6497f2d32d72 (type: ports) to 2
2026-09-11 18:44:14.042 10 INFO neutron.db.ovn_revision_numbers_db [None req-9aac3d42-0781-4e80-a913-0ef52c31345f 8562576d89f94413a70ae97a4a10cac3 9ce981192a854de79a7a83011ba2e14e - - default default] Successfully bumped revision number for resource 308ddc7b-1e01-4952-8fe9-75210e7498a4 (type: ports) to 1
2026-09-11 18:44:14.112 10 WARNING neutron.scheduler.dhcp_agent_scheduler [None req-9aac3d42-0781-4e80-a913-0ef52c31345f 8562576d89f94413a70ae97a4a10cac3 9ce981192a854de79a7a83011ba2e14e - - default default] No more DHCP agents
2026-09-11 18:44:14.113 10 WARNING neutron.api.rpc.agentnotifiers.dhcp_rpc_agent_api [None req-9aac3d42-0781-4e80-a913-0ef52c31345f 8562576d89f94413a70ae97a4a10cac3 9ce981192a854de79a7a83011ba2e14e - - default default] Unable to schedule network c9f78803-7112-4589-b6b1-8aaaa51efa67: no agents available; will retry on subsequent port and subnet creation events.
2026-09-11 18:44:14.188 9 INFO neutron.db.ovn_revision_numbers_db [None req-2fc1cc0b-8c71-43a4-a3a4-329a64e56967 - - - - - -] Successfully bumped revision number for resource 308ddc7b-1e01-4952-8fe9-75210e7498a4 (type: ports) to 2
2026-09-11 18:44:14.240 9 INFO neutron.db.ovn_revision_numbers_db [None req-b04c6da9-0ce1-448d-a63e-0fa5da18c857 - - - - - -] Successfully bumped revision number for resource 2201d274-0e0d-4945-957c-6497f2d32d72 (type: ports) to 4
2026-09-11 18:44:14.377 9 INFO neutron.db.ovn_revision_numbers_db [None req-2fc1cc0b-8c71-43a4-a3a4-329a64e56967 - - - - - -] Successfully bumped revision number for resource 308ddc7b-1e01-4952-8fe9-75210e7498a4 (type: router_ports) to 2
2026-09-11 18:44:14.602 9 INFO neutron.db.ovn_revision_numbers_db [None req-b04c6da9-0ce1-448d-a63e-0fa5da18c857 - - - - - -] Successfully bumped revision number for resource 2201d274-0e0d-4945-957c-6497f2d32d72 (type: router_ports) to 4
2026-09-11 18:44:14.821 10 INFO neutron.db.ovn_revision_numbers_db [None req-9aac3d42-0781-4e80-a913-0ef52c31345f 8562576d89f94413a70ae97a4a10cac3 9ce981192a854de79a7a83011ba2e14e - - default default] Successfully bumped revision number for resource 308ddc7b-1e01-4952-8fe9-75210e7498a4 (type: router_ports) to 2
2026-09-11 18:44:14.823 10 INFO neutron.wsgi [None req-9aac3d42-0781-4e80-a913-0ef52c31345f 8562576d89f94413a70ae97a4a10cac3 9ce981192a854de79a7a83011ba2e14e - - default default] 10.0.0.177 "PUT /v2.0/routers/f0e5f13a-014b-44c9-a1cd-f9b1eebe05dd/add_router_interface HTTP/1.1" status: 200 len: 503 time: 2.2448280
2026-09-11 18:44:15.197 10 INFO neutron.db.ovn_revision_numbers_db [None req-71291461-fafd-46da-af04-de0372b805d2 8562576d89f94413a70ae97a4a10cac3 9ce981192a854de79a7a83011ba2e14e - - default default] Successfully bumped revision number for resource 5b30a740-fd9a-4005-954d-dd42442ed5fc (type: security_groups) to 1
2026-09-11 18:44:15.215 10 INFO neutron.db.ovn_revision_numbers_db [None req-71291461-fafd-46da-af04-de0372b805d2 8562576d89f94413a70ae97a4a10cac3 9ce981192a854de79a7a83011ba2e14e - - default default] Successfully bumped revision number for resource 3ace8f02-2933-4d4f-bf39-ddf0c5647455 (type: security_group_rules) to 0
2026-09-11 18:44:15.230 10 INFO neutron.db.ovn_revision_numbers_db [None req-71291461-fafd-46da-af04-de0372b805d2 8562576d89f94413a70ae97a4a10cac3 9ce981192a854de79a7a83011ba2e14e - - default default] Successfully bumped revision number for resource e870ff40-99bf-49b0-804d-1f6346b79087 (type: security_group_rules) to 0
2026-09-11 18:44:15.257 10 INFO neutron.db.ovn_revision_numbers_db [None req-71291461-fafd-46da-af04-de0372b805d2 8562576d89f94413a70ae97a4a10cac3 9ce981192a854de79a7a83011ba2e14e - - default default] Successfully bumped revision number for resource ea0ad828-5985-4f8d-b196-14489bd93e4c (type: security_group_rules) to 0
2026-09-11 18:44:15.278 10 INFO neutron.db.ovn_revision_numbers_db [None req-71291461-fafd-46da-af04-de0372b805d2 8562576d89f94413a70ae97a4a10cac3 9ce981192a854de79a7a83011ba2e14e - - default default] Successfully bumped revision number for resource f135216b-eca3-42fa-bc34-f165f49f23d6 (type: security_group_rules) to 0
2026-09-11 18:44:15.326 10 INFO neutron.wsgi [None req-71291461-fafd-46da-af04-de0372b805d2 8562576d89f94413a70ae97a4a10cac3 9ce981192a854de79a7a83011ba2e14e - - default default] 10.0.0.177 "GET /v2.0/security-groups?tenant_id=0752fc2b45eb43599f509a5020e41bd9&name=default HTTP/1.1" status: 200 len: 2996 time: 0.4795644
2026-09-11 18:44:15.547 10 INFO neutron.wsgi [None req-acd5fae8-209b-4675-b1f6-0d0ad58e5a5c 8562576d89f94413a70ae97a4a10cac3 9ce981192a854de79a7a83011ba2e14e - - default default] 10.0.0.177 "DELETE /v2.0/security-groups/5b30a740-fd9a-4005-954d-dd42442ed5fc HTTP/1.1" status: 204 len: 168 time: 0.2164898
2026-09-11 18:44:15.640 9 INFO neutron.db.ovn_revision_numbers_db [None req-9cef7317-c04d-4f08-b4d6-bf496e31b46d b3ac5625bcd045e081c9303bf87fcf2f bfd0c05062d2428480b58efd093b62cf - - default default] Successfully bumped revision number for resource e24bf056-43fb-4d8c-bf0c-6ee00391429d (type: security_groups) to 1
2026-09-11 18:44:15.665 9 INFO neutron.db.ovn_revision_numbers_db [None req-9cef7317-c04d-4f08-b4d6-bf496e31b46d b3ac5625bcd045e081c9303bf87fcf2f bfd0c05062d2428480b58efd093b62cf - - default default] Successfully bumped revision number for resource dc7d9e79-44f5-4e6d-9df4-6db4aefa8c2a (type: security_group_rules) to 0
2026-09-11 18:44:15.693 9 INFO neutron.db.ovn_revision_numbers_db [None req-9cef7317-c04d-4f08-b4d6-bf496e31b46d b3ac5625bcd045e081c9303bf87fcf2f bfd0c05062d2428480b58efd093b62cf - - default default] Successfully bumped revision number for resource ebf5ac7c-d420-4665-a10e-99af63cf4e84 (type: security_group_rules) to 0
2026-09-11 18:44:15.718 9 INFO neutron.wsgi [None req-9cef7317-c04d-4f08-b4d6-bf496e31b46d b3ac5625bcd045e081c9303bf87fcf2f bfd0c05062d2428480b58efd093b62cf - - default default] 10.0.0.177 "POST /v2.0/security-groups HTTP/1.1" status: 201 len: 1811 time: 0.2340732
2026-09-11 18:44:15.830 9 INFO neutron.db.ovn_revision_numbers_db [None req-0ff7c409-0788-4e06-bb21-fec1ef972fb5 8562576d89f94413a70ae97a4a10cac3 9ce981192a854de79a7a83011ba2e14e - - default default] Successfully bumped revision number for resource bdc60ed0-96ea-4d69-ad19-edcc1f622358 (type: security_groups) to 1
2026-09-11 18:44:15.855 9 INFO neutron.db.ovn_revision_numbers_db [None req-0ff7c409-0788-4e06-bb21-fec1ef972fb5 8562576d89f94413a70ae97a4a10cac3 9ce981192a854de79a7a83011ba2e14e - - default default] Successfully bumped revision number for resource 34da08bd-8453-4920-bb7e-44c4a3f19685 (type: security_group_rules) to 0
2026-09-11 18:44:15.882 9 INFO neutron.db.ovn_revision_numbers_db [None req-0ff7c409-0788-4e06-bb21-fec1ef972fb5 8562576d89f94413a70ae97a4a10cac3 9ce981192a854de79a7a83011ba2e14e - - default default] Successfully bumped revision number for resource 759643c1-c962-4aab-a450-2f24e7ed7d7d (type: security_group_rules) to 0
2026-09-11 18:44:15.892 10 INFO neutron.db.ovn_revision_numbers_db [None req-715f33aa-1ef2-4c02-9ad6-cb2b55ada8bf b3ac5625bcd045e081c9303bf87fcf2f bfd0c05062d2428480b58efd093b62cf - - default default] Successfully bumped revision number for resource 3c38f673-fb34-4ad0-94fc-c4d3af43f5f3 (type: security_group_rules) to 0
2026-09-11 18:44:15.903 9 INFO neutron.db.ovn_revision_numbers_db [None req-0ff7c409-0788-4e06-bb21-fec1ef972fb5 8562576d89f94413a70ae97a4a10cac3 9ce981192a854de79a7a83011ba2e14e - - default default] Successfully bumped revision number for resource 87e1c8d5-6716-4bba-af27-f6d3aa273d07 (type: security_group_rules) to 0
2026-09-11 18:44:15.937 9 INFO neutron.db.ovn_revision_numbers_db [None req-0ff7c409-0788-4e06-bb21-fec1ef972fb5 8562576d89f94413a70ae97a4a10cac3 9ce981192a854de79a7a83011ba2e14e - - default default] Successfully bumped revision number for resource c1f2e9bb-9839-4a81-b823-e48d854c6c53 (type: security_group_rules) to 0
2026-09-11 18:44:15.942 10 INFO neutron.wsgi [None req-715f33aa-1ef2-4c02-9ad6-cb2b55ada8bf b3ac5625bcd045e081c9303bf87fcf2f bfd0c05062d2428480b58efd093b62cf - - default default] 10.0.0.177 "POST /v2.0/security-group-rules HTTP/1.1" status: 201 len: 764 time: 0.2179878
2026-09-11 18:44:15.972 9 INFO neutron.wsgi [None req-0ff7c409-0788-4e06-bb21-fec1ef972fb5 8562576d89f94413a70ae97a4a10cac3 9ce981192a854de79a7a83011ba2e14e - - default default] 10.0.0.177 "GET /v2.0/security-groups?tenant_id=e6fa280463714ec9a3bb3100bee7f201&name=default HTTP/1.1" status: 200 len: 2996 time: 0.2884514
2026-09-11 18:44:16.113 10 INFO neutron.db.ovn_revision_numbers_db [None req-15eb62c3-d832-4c2f-bb06-520b8ed2adfc b3ac5625bcd045e081c9303bf87fcf2f bfd0c05062d2428480b58efd093b62cf - - default default] Successfully bumped revision number for resource 9cd0c30b-21d1-46c8-b41e-023ac01f7e65 (type: security_group_rules) to 0
2026-09-11 18:44:16.141 10 INFO neutron.wsgi [None req-15eb62c3-d832-4c2f-bb06-520b8ed2adfc b3ac5625bcd045e081c9303bf87fcf2f bfd0c05062d2428480b58efd093b62cf - - default default] 10.0.0.177 "POST /v2.0/security-group-rules HTTP/1.1" status: 201 len: 763 time: 0.1898842
2026-09-11 18:44:16.234 9 INFO neutron.wsgi [None req-7f8c603e-29ee-47f9-b16c-ef5c6f5d882a 8562576d89f94413a70ae97a4a10cac3 9ce981192a854de79a7a83011ba2e14e - - default default] 10.0.0.177 "DELETE /v2.0/security-groups/bdc60ed0-96ea-4d69-ad19-edcc1f622358 HTTP/1.1" status: 204 len: 168 time: 0.2555816
2026-09-11 18:44:16.279 10 INFO neutron.db.ovn_revision_numbers_db [None req-29f48a30-d08f-4279-8ab3-61e2ff0a4860 b3ac5625bcd045e081c9303bf87fcf2f bfd0c05062d2428480b58efd093b62cf - - default default] Successfully bumped revision number for resource f57062b9-2a66-4188-a947-9e37550d7fb3 (type: security_group_rules) to 0
2026-09-11 18:44:16.321 10 INFO neutron.wsgi [None req-29f48a30-d08f-4279-8ab3-61e2ff0a4860 b3ac5625bcd045e081c9303bf87fcf2f bfd0c05062d2428480b58efd093b62cf - - default default] 10.0.0.177 "POST /v2.0/security-group-rules HTTP/1.1" status: 201 len: 769 time: 0.1732514
2026-09-11 18:44:16.523 10 INFO neutron.db.ovn_revision_numbers_db [None req-68594f91-bb6f-457d-a33d-1e1ac39ccbc7 b3ac5625bcd045e081c9303bf87fcf2f bfd0c05062d2428480b58efd093b62cf - - default default] Successfully bumped revision number for resource d4917aff-9f65-47a3-92da-7834438693e5 (type: security_group_rules) to 0
2026-09-11 18:44:16.527 10 INFO neutron.db.ovn_revision_numbers_db [None req-536d8938-b4e5-4b3e-a6e9-cf6bb8f2d642 8562576d89f94413a70ae97a4a10cac3 9ce981192a854de79a7a83011ba2e14e - - default default] Successfully bumped revision number for resource 11cb47f0-8e1b-462e-9cfd-9d54f5f1e2bc (type: security_groups) to 1
2026-09-11 18:44:16.550 10 INFO neutron.db.ovn_revision_numbers_db [None req-536d8938-b4e5-4b3e-a6e9-cf6bb8f2d642 8562576d89f94413a70ae97a4a10cac3 9ce981192a854de79a7a83011ba2e14e - - default default] Successfully bumped revision number for resource 1fc641af-ba28-42e9-a43e-40ab73906175 (type: security_group_rules) to 0
2026-09-11 18:44:16.556 10 INFO neutron.wsgi [None req-68594f91-bb6f-457d-a33d-1e1ac39ccbc7 b3ac5625bcd045e081c9303bf87fcf2f bfd0c05062d2428480b58efd093b62cf - - default default] 10.0.0.177 "POST /v2.0/security-group-rules HTTP/1.1" status: 201 len: 768 time: 0.2294822
2026-09-11 18:44:16.567 10 INFO neutron.db.ovn_revision_numbers_db [None req-536d8938-b4e5-4b3e-a6e9-cf6bb8f2d642 8562576d89f94413a70ae97a4a10cac3 9ce981192a854de79a7a83011ba2e14e - - default default] Successfully bumped revision number for resource 8a39a620-793c-46ff-b557-fbd501728697 (type: security_group_rules) to 0
2026-09-11 18:44:16.581 10 INFO neutron.db.ovn_revision_numbers_db [None req-536d8938-b4e5-4b3e-a6e9-cf6bb8f2d642 8562576d89f94413a70ae97a4a10cac3 9ce981192a854de79a7a83011ba2e14e - - default default] Successfully bumped revision number for resource b0c64be2-874a-4d69-bf8b-21c6cf3a0088 (type: security_group_rules) to 0
2026-09-11 18:44:16.591 9 INFO neutron.db.securitygroups_db [None req-190e1d26-49b5-4729-ad30-8b447af77dbb b3ac5625bcd045e081c9303bf87fcf2f bfd0c05062d2428480b58efd093b62cf - - default default] Project bfd0c05062d2428480b58efd093b62cf added a security group rule with legacy IPv6 ICMP protocol name icmp, ipv6-icmp should be used instead. It was automatically converted.
2026-09-11 18:44:16.594 10 INFO neutron.db.ovn_revision_numbers_db [None req-536d8938-b4e5-4b3e-a6e9-cf6bb8f2d642 8562576d89f94413a70ae97a4a10cac3 9ce981192a854de79a7a83011ba2e14e - - default default] Successfully bumped revision number for resource bf02be89-71a7-44c4-af07-4c3b6aa741d5 (type: security_group_rules) to 0
2026-09-11 18:44:16.615 10 INFO neutron.wsgi [None req-536d8938-b4e5-4b3e-a6e9-cf6bb8f2d642 8562576d89f94413a70ae97a4a10cac3 9ce981192a854de79a7a83011ba2e14e - - default default] 10.0.0.177 "GET /v2.0/security-groups?tenant_id=ae1a5f8f80844f7787cc24ba77fea8a8&name=default HTTP/1.1" status: 200 len: 2996 time: 0.2536490
2026-09-11 18:44:16.721 9 INFO neutron.db.ovn_revision_numbers_db [None req-190e1d26-49b5-4729-ad30-8b447af77dbb b3ac5625bcd045e081c9303bf87fcf2f bfd0c05062d2428480b58efd093b62cf - - default default] Successfully bumped revision number for resource d72771b6-50e9-4938-8937-0ba589c48d69 (type: security_group_rules) to 0
2026-09-11 18:44:16.748 9 INFO neutron.wsgi [None req-190e1d26-49b5-4729-ad30-8b447af77dbb b3ac5625bcd045e081c9303bf87fcf2f bfd0c05062d2428480b58efd093b62cf - - default default] 10.0.0.177 "POST /v2.0/security-group-rules HTTP/1.1" status: 201 len: 774 time: 0.1861875
2026-09-11 18:44:16.772 10 INFO neutron.db.securitygroups_db [None req-a212b3a4-80b4-4521-8bdd-dc08d6996fba b3ac5625bcd045e081c9303bf87fcf2f bfd0c05062d2428480b58efd093b62cf - - default default] Project bfd0c05062d2428480b58efd093b62cf added a security group rule with legacy IPv6 ICMP protocol name icmp, ipv6-icmp should be used instead. It was automatically converted.
2026-09-11 18:44:16.789 10 INFO neutron.wsgi [None req-e86fecb1-148d-4561-8ad0-7474bc148dca 8562576d89f94413a70ae97a4a10cac3 9ce981192a854de79a7a83011ba2e14e - - default default] 10.0.0.177 "DELETE /v2.0/security-groups/11cb47f0-8e1b-462e-9cfd-9d54f5f1e2bc HTTP/1.1" status: 204 len: 168 time: 0.1693208
2026-09-11 18:44:16.857 10 INFO neutron.db.ovn_revision_numbers_db [None req-a212b3a4-80b4-4521-8bdd-dc08d6996fba b3ac5625bcd045e081c9303bf87fcf2f bfd0c05062d2428480b58efd093b62cf - - default default] Successfully bumped revision number for resource 28a0501c-1034-4dfa-aaef-2ffcf7505052 (type: security_group_rules) to 0
2026-09-11 18:44:16.880 10 INFO neutron.wsgi [None req-a212b3a4-80b4-4521-8bdd-dc08d6996fba b3ac5625bcd045e081c9303bf87fcf2f bfd0c05062d2428480b58efd093b62cf - - default default] 10.0.0.177 "POST /v2.0/security-group-rules HTTP/1.1" status: 201 len: 773 time: 0.1264517
2026-09-11 18:44:17.500 9 INFO neutron.db.ovn_revision_numbers_db [None req-00949f4f-ad1e-4a52-95ec-8365aa5cf90d b3ac5625bcd045e081c9303bf87fcf2f bfd0c05062d2428480b58efd093b62cf - - default default] Successfully bumped revision number for resource e72dff2c-8ed2-4888-9303-8024199d37e9 (type: security_groups) to 1
2026-09-11 18:44:17.514 9 INFO neutron.db.ovn_revision_numbers_db [None req-00949f4f-ad1e-4a52-95ec-8365aa5cf90d b3ac5625bcd045e081c9303bf87fcf2f bfd0c05062d2428480b58efd093b62cf - - default default] Successfully bumped revision number for resource 66fd2731-2254-4304-aea3-454440107519 (type: security_group_rules) to 0
2026-09-11 18:44:17.528 9 INFO neutron.db.ovn_revision_numbers_db [None req-00949f4f-ad1e-4a52-95ec-8365aa5cf90d b3ac5625bcd045e081c9303bf87fcf2f bfd0c05062d2428480b58efd093b62cf - - default default] Successfully bumped revision number for resource a325909f-ab09-4e8d-890f-4abf34962096 (type: security_group_rules) to 0
2026-09-11 18:44:17.548 9 INFO neutron.wsgi [None req-00949f4f-ad1e-4a52-95ec-8365aa5cf90d b3ac5625bcd045e081c9303bf87fcf2f bfd0c05062d2428480b58efd093b62cf - - default default] 10.0.0.177 "POST /v2.0/security-groups HTTP/1.1" status: 201 len: 1796 time: 0.1857836
2026-09-11 18:44:17.664 9 INFO neutron.db.ovn_revision_numbers_db [None req-3042f424-6773-47db-bfa1-2c89c8375a8a b3ac5625bcd045e081c9303bf87fcf2f bfd0c05062d2428480b58efd093b62cf - - default default] Successfully bumped revision number for resource 49bb7785-8436-49b3-ac3a-a85e95a107c2 (type: security_group_rules) to 0
2026-09-11 18:44:17.689 9 INFO neutron.wsgi [None req-3042f424-6773-47db-bfa1-2c89c8375a8a b3ac5625bcd045e081c9303bf87fcf2f bfd0c05062d2428480b58efd093b62cf - - default default] 10.0.0.177 "POST /v2.0/security-group-rules HTTP/1.1" status: 201 len: 764 time: 0.1349063
2026-09-11 18:44:17.825 9 INFO neutron.db.ovn_revision_numbers_db [None req-e9dba9ab-4564-42ba-bb88-2500214f8ec1 b3ac5625bcd045e081c9303bf87fcf2f bfd0c05062d2428480b58efd093b62cf - - default default] Successfully bumped revision number for resource 0954ae87-7bc5-4078-b716-b3fe7f082ae0 (type: security_group_rules) to 0
2026-09-11 18:44:17.878 9 INFO neutron.wsgi [None req-e9dba9ab-4564-42ba-bb88-2500214f8ec1 b3ac5625bcd045e081c9303bf87fcf2f bfd0c05062d2428480b58efd093b62cf - - default default] 10.0.0.177 "POST /v2.0/security-group-rules HTTP/1.1" status: 201 len: 769 time: 0.1847897
2026-09-11 18:44:18.157 9 WARNING neutron.scheduler.dhcp_agent_scheduler [None req-cccdb579-e48b-4263-85b9-fbe267c417be b3ac5625bcd045e081c9303bf87fcf2f bfd0c05062d2428480b58efd093b62cf - - default default] No more DHCP agents
2026-09-11 18:44:18.159 9 WARNING neutron.api.rpc.agentnotifiers.dhcp_rpc_agent_api [None req-cccdb579-e48b-4263-85b9-fbe267c417be b3ac5625bcd045e081c9303bf87fcf2f bfd0c05062d2428480b58efd093b62cf - - default default] Unable to schedule network a99854ed-6c4f-4a71-9877-457a1a1331f2: no agents available; will retry on subsequent port and subnet creation events.
2026-09-11 18:44:18.667 9 INFO neutron.db.ovn_revision_numbers_db [None req-cccdb579-e48b-4263-85b9-fbe267c417be b3ac5625bcd045e081c9303bf87fcf2f bfd0c05062d2428480b58efd093b62cf - - default default] Successfully bumped revision number for resource 8c3986a9-53dd-4e21-91b8-4fc91ba2f63f (type: floatingips) to 0
2026-09-11 18:44:18.684 9 INFO neutron.wsgi [None req-cccdb579-e48b-4263-85b9-fbe267c417be b3ac5625bcd045e081c9303bf87fcf2f bfd0c05062d2428480b58efd093b62cf - - default default] 10.0.0.177 "POST /v2.0/floatingips HTTP/1.1" status: 201 len: 751 time: 0.7967772
2026-09-11 18:44:18.818 9 INFO neutron.wsgi [req-fb8de996-93e4-4ef6-85c1-9fd00fbb98f9 req-9aab74cd-84d3-412e-a55a-a83d9e27f010 b3ac5625bcd045e081c9303bf87fcf2f bfd0c05062d2428480b58efd093b62cf - - default default] 10.0.0.32 "GET /v2.0/security-groups?name=tempest-secgroup-smoke-1360186006&fields=id&tenant_id=bfd0c05062d2428480b58efd093b62cf HTTP/1.1" status: 200 len: 267 time: 0.0511217
2026-09-11 18:44:18.877 9 INFO neutron.wsgi [req-fb8de996-93e4-4ef6-85c1-9fd00fbb98f9 req-7993d3a6-34bf-47f4-b797-e3d0fb5b6537 b3ac5625bcd045e081c9303bf87fcf2f bfd0c05062d2428480b58efd093b62cf - - default default] 10.0.0.32 "GET /v2.0/security-groups?name=tempest-securitygroup--570097514&fields=id&tenant_id=bfd0c05062d2428480b58efd093b62cf HTTP/1.1" status: 200 len: 267 time: 0.0515852
2026-09-11 18:44:18.981 9 INFO neutron.wsgi [req-fb8de996-93e4-4ef6-85c1-9fd00fbb98f9 req-8d94e25c-d5c9-45c1-9682-13cfa7d5d951 b3ac5625bcd045e081c9303bf87fcf2f bfd0c05062d2428480b58efd093b62cf - - default default] 10.0.0.32 "GET /v2.0/networks?id=5aa68031-6216-4bad-951a-f42a308900c1 HTTP/1.1" status: 200 len: 872 time: 0.0926869
2026-09-11 18:44:19.002 9 INFO neutron.wsgi [req-fb8de996-93e4-4ef6-85c1-9fd00fbb98f9 req-e0f11162-d7ab-41be-a2f0-974431e5f4cf b3ac5625bcd045e081c9303bf87fcf2f bfd0c05062d2428480b58efd093b62cf - - default default] 10.0.0.32 "GET /v2.0/quotas/bfd0c05062d2428480b58efd093b62cf HTTP/1.1" status: 200 len: 386 time: 0.0120292
2026-09-11 18:44:19.135 9 INFO neutron.wsgi [req-fb8de996-93e4-4ef6-85c1-9fd00fbb98f9 req-8ec7cdb3-f4e7-4ab8-9422-b1eb60df526c b3ac5625bcd045e081c9303bf87fcf2f bfd0c05062d2428480b58efd093b62cf - - default default] 10.0.0.32 "GET /v2.0/ports?tenant_id=bfd0c05062d2428480b58efd093b62cf&fields=id HTTP/1.1" status: 200 len: 302 time: 0.1219678
2026-09-11 18:44:19.206 9 INFO neutron.wsgi [req-fb8de996-93e4-4ef6-85c1-9fd00fbb98f9 req-5d660022-4a86-47cd-83ac-c21c0285f675 de18b38f1d104553960f5b7cb428024d acd9b28c1e554811952565e57a64a38f - - 5d5f0506ef9341d5ba3af6ed6779e1e5 5d5f0506ef9341d5ba3af6ed6779e1e5] 10.0.0.32 "GET /v2.0/networks/5aa68031-6216-4bad-951a-f42a308900c1?fields=segments HTTP/1.1" status: 200 len: 212 time: 0.0596066
2026-09-11 18:44:19.265 9 INFO neutron.wsgi [req-fb8de996-93e4-4ef6-85c1-9fd00fbb98f9 req-32559bf7-14a8-4bb6-a502-7f65e8e24611 de18b38f1d104553960f5b7cb428024d acd9b28c1e554811952565e57a64a38f - - 5d5f0506ef9341d5ba3af6ed6779e1e5 5d5f0506ef9341d5ba3af6ed6779e1e5] 10.0.0.32 "GET /v2.0/networks/5aa68031-6216-4bad-951a-f42a308900c1?fields=provider%3Aphysical_network&fields=provider%3Anetwork_type HTTP/1.1" status: 200 len: 277 time: 0.0493813
2026-09-11 18:44:19.364 9 WARNING neutron.plugins.ml2.drivers.ovn.mech_driver.ovsdb.ovn_client [None req-2fc1cc0b-8c71-43a4-a3a4-329a64e56967 - - - - - -] No hosting information found for port 308ddc7b-1e01-4952-8fe9-75210e7498a4: RuntimeError: No hosting information found for port 308ddc7b-1e01-4952-8fe9-75210e7498a4
2026-09-11 18:44:19.472 10 INFO neutron.wsgi [req-36babe7d-5436-4493-b108-e7bdf9931a10 req-97d06d9e-8b29-4e7a-9898-9745fa6fa618 b3ac5625bcd045e081c9303bf87fcf2f bfd0c05062d2428480b58efd093b62cf - - default default] 10.0.0.32 "GET /v2.0/ports?device_id=fc2f48aa-fe3c-417f-b1a4-6578d171885a HTTP/1.1" status: 200 len: 210 time: 0.0260830
2026-09-11 18:44:20.326 10 INFO neutron.wsgi [req-fb8de996-93e4-4ef6-85c1-9fd00fbb98f9 req-e57f08f1-15ed-4ab7-ad50-b8686ce54443 b3ac5625bcd045e081c9303bf87fcf2f bfd0c05062d2428480b58efd093b62cf - - default default] 162.253.55.77 "GET /v2.0/networks?id=5aa68031-6216-4bad-951a-f42a308900c1 HTTP/1.1" status: 200 len: 872 time: 0.1086621
2026-09-11 18:44:20.377 10 INFO neutron.wsgi [req-fb8de996-93e4-4ef6-85c1-9fd00fbb98f9 req-ec57c7a6-ce5d-4d82-b7c4-378fcdabc314 b3ac5625bcd045e081c9303bf87fcf2f bfd0c05062d2428480b58efd093b62cf - - default default] 162.253.55.77 "GET /v2.0/security-groups?fields=id&fields=name&tenant_id=bfd0c05062d2428480b58efd093b62cf HTTP/1.1" status: 200 len: 472 time: 0.0464432
2026-09-11 18:44:20.603 9 INFO neutron.wsgi [req-ccfa0875-eec7-4b22-9e64-da02f6655277 req-be8253c9-567b-4f09-9af7-221c4a69229b b3ac5625bcd045e081c9303bf87fcf2f bfd0c05062d2428480b58efd093b62cf - - default default] 10.0.0.32 "GET /v2.0/ports?device_id=fc2f48aa-fe3c-417f-b1a4-6578d171885a HTTP/1.1" status: 200 len: 210 time: 0.0374475
2026-09-11 18:44:20.728 10 WARNING neutron.scheduler.dhcp_agent_scheduler [req-fb8de996-93e4-4ef6-85c1-9fd00fbb98f9 req-0b6da571-f435-422b-bcfd-b71df1d602a6 b3ac5625bcd045e081c9303bf87fcf2f bfd0c05062d2428480b58efd093b62cf - - default default] No more DHCP agents
2026-09-11 18:44:20.735 10 WARNING neutron.api.rpc.agentnotifiers.dhcp_rpc_agent_api [req-fb8de996-93e4-4ef6-85c1-9fd00fbb98f9 req-0b6da571-f435-422b-bcfd-b71df1d602a6 b3ac5625bcd045e081c9303bf87fcf2f bfd0c05062d2428480b58efd093b62cf - - default default] Unable to schedule network 5aa68031-6216-4bad-951a-f42a308900c1: no agents available; will retry on subsequent port and subnet creation events.
2026-09-11 18:44:20.959 10 INFO neutron.db.ovn_revision_numbers_db [req-fb8de996-93e4-4ef6-85c1-9fd00fbb98f9 req-0b6da571-f435-422b-bcfd-b71df1d602a6 b3ac5625bcd045e081c9303bf87fcf2f bfd0c05062d2428480b58efd093b62cf - - default default] Successfully bumped revision number for resource 5ca2fa81-486e-4e7a-8709-992a34595209 (type: ports) to 1
2026-09-11 18:44:20.985 10 INFO neutron.wsgi [req-fb8de996-93e4-4ef6-85c1-9fd00fbb98f9 req-0b6da571-f435-422b-bcfd-b71df1d602a6 b3ac5625bcd045e081c9303bf87fcf2f bfd0c05062d2428480b58efd093b62cf - - default default] 162.253.55.77 "POST /v2.0/ports HTTP/1.1" status: 201 len: 1201 time: 0.6031346 /var/lib/openstack/lib/python3.10/site-packages/pycadf/identifier.py:71: UserWarning: Invalid uuid: neutron. To ensure interoperability, identifiers should be a valid uuid. warnings.warn(('Invalid uuid: %s. To ensure interoperability, '
2026-09-11 18:44:21.332 10 INFO neutron.db.ovn_revision_numbers_db [req-fb8de996-93e4-4ef6-85c1-9fd00fbb98f9 req-01198a1c-039e-436c-a8ad-af04914c55ad de18b38f1d104553960f5b7cb428024d acd9b28c1e554811952565e57a64a38f - - 5d5f0506ef9341d5ba3af6ed6779e1e5 5d5f0506ef9341d5ba3af6ed6779e1e5] Successfully bumped revision number for resource 5ca2fa81-486e-4e7a-8709-992a34595209 (type: ports) to 2
2026-09-11 18:44:21.521 10 INFO neutron.db.ovn_revision_numbers_db [req-fb8de996-93e4-4ef6-85c1-9fd00fbb98f9 req-01198a1c-039e-436c-a8ad-af04914c55ad de18b38f1d104553960f5b7cb428024d acd9b28c1e554811952565e57a64a38f - - 5d5f0506ef9341d5ba3af6ed6779e1e5 5d5f0506ef9341d5ba3af6ed6779e1e5] Successfully bumped revision number for resource 5ca2fa81-486e-4e7a-8709-992a34595209 (type: ports) to 2
2026-09-11 18:44:21.533 10 INFO neutron.wsgi [req-fb8de996-93e4-4ef6-85c1-9fd00fbb98f9 req-01198a1c-039e-436c-a8ad-af04914c55ad de18b38f1d104553960f5b7cb428024d acd9b28c1e554811952565e57a64a38f - - 5d5f0506ef9341d5ba3af6ed6779e1e5 5d5f0506ef9341d5ba3af6ed6779e1e5] 162.253.55.77 "PUT /v2.0/ports/5ca2fa81-486e-4e7a-8709-992a34595209 HTTP/1.1" status: 200 len: 1419 time: 0.5378089
2026-09-11 18:44:21.566 10 INFO neutron.notifiers.nova [-] Nova event matching ['req-2202a4da-8dad-4d6f-b3b3-0ea4fd1c0d20'] response: {'name': 'network-changed', 'server_uuid': 'fc2f48aa-fe3c-417f-b1a4-6578d171885a', 'tag': '5ca2fa81-486e-4e7a-8709-992a34595209', 'status': 'completed', 'code': 200} /var/lib/openstack/lib/python3.10/site-packages/pycadf/identifier.py:71: UserWarning: Invalid uuid: neutron. To ensure interoperability, identifiers should be a valid uuid. warnings.warn(('Invalid uuid: %s. To ensure interoperability, '
2026-09-11 18:44:21.599 10 INFO neutron.wsgi [req-fb8de996-93e4-4ef6-85c1-9fd00fbb98f9 req-fcac5759-6e94-4e98-b2d6-6bf55034ef60 de18b38f1d104553960f5b7cb428024d acd9b28c1e554811952565e57a64a38f - - 5d5f0506ef9341d5ba3af6ed6779e1e5 5d5f0506ef9341d5ba3af6ed6779e1e5] 162.253.55.77 "GET /v2.0/ports?tenant_id=bfd0c05062d2428480b58efd093b62cf&device_id=fc2f48aa-fe3c-417f-b1a4-6578d171885a HTTP/1.1" status: 200 len: 1450 time: 0.0268347
2026-09-11 18:44:21.629 10 INFO neutron.wsgi [req-fb8de996-93e4-4ef6-85c1-9fd00fbb98f9 req-ee6f301c-c1d8-4991-a655-0588dd0845a4 de18b38f1d104553960f5b7cb428024d acd9b28c1e554811952565e57a64a38f - - 5d5f0506ef9341d5ba3af6ed6779e1e5 5d5f0506ef9341d5ba3af6ed6779e1e5] 162.253.55.77 "GET /v2.0/floatingips?fixed_ip_address=10.100.0.14&port_id=5ca2fa81-486e-4e7a-8709-992a34595209 HTTP/1.1" status: 200 len: 217 time: 0.0247924
2026-09-11 18:44:21.665 10 INFO neutron.wsgi [req-fb8de996-93e4-4ef6-85c1-9fd00fbb98f9 req-50a60e05-67c8-426f-b0be-741125e96731 de18b38f1d104553960f5b7cb428024d acd9b28c1e554811952565e57a64a38f - - 5d5f0506ef9341d5ba3af6ed6779e1e5 5d5f0506ef9341d5ba3af6ed6779e1e5] 162.253.55.77 "GET /v2.0/subnets?id=27b2d4a1-b6db-40b4-b59b-9e8d12f721a9 HTTP/1.1" status: 200 len: 866 time: 0.0313373
2026-09-11 18:44:21.686 10 INFO neutron.wsgi [req-fb8de996-93e4-4ef6-85c1-9fd00fbb98f9 req-7c9a07d5-495f-4aac-8ac6-8307453665f2 de18b38f1d104553960f5b7cb428024d acd9b28c1e554811952565e57a64a38f - - 5d5f0506ef9341d5ba3af6ed6779e1e5 5d5f0506ef9341d5ba3af6ed6779e1e5] 162.253.55.77 "GET /v2.0/ports?network_id=5aa68031-6216-4bad-951a-f42a308900c1&device_owner=network%3Adhcp HTTP/1.1" status: 200 len: 210 time: 0.0164163
2026-09-11 18:44:21.732 9 INFO neutron.wsgi [req-706d3eeb-f787-448f-833c-34bd81aa4783 req-76c977d1-4b32-40aa-8aae-aa665604e4b7 b3ac5625bcd045e081c9303bf87fcf2f bfd0c05062d2428480b58efd093b62cf - - default default] 10.0.0.32 "GET /v2.0/ports?device_id=fc2f48aa-fe3c-417f-b1a4-6578d171885a HTTP/1.1" status: 200 len: 1212 time: 0.0567675
2026-09-11 18:44:21.743 10 INFO neutron.wsgi [req-fb8de996-93e4-4ef6-85c1-9fd00fbb98f9 req-571eeaf5-a06a-4517-82f0-654f5f622f0b de18b38f1d104553960f5b7cb428024d acd9b28c1e554811952565e57a64a38f - - 5d5f0506ef9341d5ba3af6ed6779e1e5 5d5f0506ef9341d5ba3af6ed6779e1e5] 162.253.55.77 "GET /v2.0/networks/5aa68031-6216-4bad-951a-f42a308900c1?fields=segments HTTP/1.1" status: 200 len: 212 time: 0.0520055
