2026-09-11 18:42:30.102 10 WARNING neutron.scheduler.dhcp_agent_scheduler [None req-8bfefd14-2fca-44c9-95b6-086b4994392b ad53116a410f4395924cd13bf990f2dc b298507a6d084067bc33290504208e24 - - default default] No more DHCP agents
2026-09-11 18:42:30.102 10 WARNING neutron.api.rpc.agentnotifiers.dhcp_rpc_agent_api [None req-8bfefd14-2fca-44c9-95b6-086b4994392b ad53116a410f4395924cd13bf990f2dc b298507a6d084067bc33290504208e24 - - default default] Unable to schedule network e3b4dad5-411f-4e7d-a285-bcf1c155d04a: no agents available; will retry on subsequent port and subnet creation events.
2026-09-11 18:42:30.132 9 INFO neutron.db.ovn_revision_numbers_db [None req-bf403bc6-f77b-4c00-a593-a9ab2c23576a 61259f9a7dc94607bbac780f48acbd93 4441857b6da34df3a2cd7f5f6cc6668a - - default default] Successfully bumped revision number for resource c9561ca0-c58c-4ad4-b300-384242d31122 (type: networks) to 1
2026-09-11 18:42:30.257 10 INFO neutron.db.ovn_revision_numbers_db [None req-8bfefd14-2fca-44c9-95b6-086b4994392b ad53116a410f4395924cd13bf990f2dc b298507a6d084067bc33290504208e24 - - default default] Successfully bumped revision number for resource 65c2ef98-df05-46c4-a78e-c5bdd6e9edc5 (type: router_ports) to 2
2026-09-11 18:42:30.260 10 INFO neutron.wsgi [None req-8bfefd14-2fca-44c9-95b6-086b4994392b ad53116a410f4395924cd13bf990f2dc b298507a6d084067bc33290504208e24 - - default default] 10.0.0.177 "PUT /v2.0/routers/5c9fc55a-ea64-4ab3-8540-3eccb85a30ee/add_router_interface HTTP/1.1" status: 200 len: 503 time: 1.8939438
2026-09-11 18:42:30.301 9 INFO neutron.db.ovn_revision_numbers_db [None req-2fc1cc0b-8c71-43a4-a3a4-329a64e56967 - - - - - -] Successfully bumped revision number for resource 65c2ef98-df05-46c4-a78e-c5bdd6e9edc5 (type: ports) to 2
2026-09-11 18:42:30.337 9 WARNING neutron.scheduler.dhcp_agent_scheduler [None req-bf403bc6-f77b-4c00-a593-a9ab2c23576a 61259f9a7dc94607bbac780f48acbd93 4441857b6da34df3a2cd7f5f6cc6668a - - default default] No more DHCP agents
2026-09-11 18:42:30.343 10 INFO neutron.wsgi [None req-0334dddd-e734-4359-90ea-421777b9bb7f ad53116a410f4395924cd13bf990f2dc b298507a6d084067bc33290504208e24 - - default default] 10.0.0.177 "GET /v2.0/ports/65c2ef98-df05-46c4-a78e-c5bdd6e9edc5 HTTP/1.1" status: 200 len: 1137 time: 0.0760877
2026-09-11 18:42:30.344 9 WARNING neutron.api.rpc.agentnotifiers.dhcp_rpc_agent_api [None req-bf403bc6-f77b-4c00-a593-a9ab2c23576a 61259f9a7dc94607bbac780f48acbd93 4441857b6da34df3a2cd7f5f6cc6668a - - default default] Unable to schedule network c9561ca0-c58c-4ad4-b300-384242d31122: no agents available; will retry on subsequent port and subnet creation events.
2026-09-11 18:42:30.374 10 INFO neutron.wsgi [None req-724c8a19-b137-48d0-8aac-ee7ea9c85f58 ad53116a410f4395924cd13bf990f2dc b298507a6d084067bc33290504208e24 - - default default] 10.0.0.177 "GET /v2.0/ports/65c2ef98-df05-46c4-a78e-c5bdd6e9edc5 HTTP/1.1" status: 200 len: 1137 time: 0.0258873
2026-09-11 18:42:30.473 9 INFO neutron.db.ovn_revision_numbers_db [None req-2fc1cc0b-8c71-43a4-a3a4-329a64e56967 - - - - - -] Successfully bumped revision number for resource 65c2ef98-df05-46c4-a78e-c5bdd6e9edc5 (type: router_ports) to 2
2026-09-11 18:42:30.483 9 INFO neutron.db.ovn_revision_numbers_db [None req-bf403bc6-f77b-4c00-a593-a9ab2c23576a 61259f9a7dc94607bbac780f48acbd93 4441857b6da34df3a2cd7f5f6cc6668a - - default default] Successfully bumped revision number for resource 4838faf8-0342-4529-9dd0-cda2d6e33de6 (type: ports) to 1
2026-09-11 18:42:30.517 9 INFO neutron.wsgi [None req-bf403bc6-f77b-4c00-a593-a9ab2c23576a 61259f9a7dc94607bbac780f48acbd93 4441857b6da34df3a2cd7f5f6cc6668a - - default default] 10.0.0.177 "POST /v2.0/networks HTTP/1.1" status: 201 len: 831 time: 0.6870136
2026-09-11 18:42:30.588 10 INFO neutron.wsgi [None req-88d88f2d-2114-4292-8664-d6e38d2f2091 61259f9a7dc94607bbac780f48acbd93 4441857b6da34df3a2cd7f5f6cc6668a - - default default] 10.0.0.177 "PUT /v2.0/networks/2d6b2d76-491f-4c61-8f38-d1e99447bd15/tags HTTP/1.1" status: 200 len: 210 time: 0.0633440
2026-09-11 18:42:30.644 9 INFO neutron.wsgi [None req-676673ab-ac9b-4aa2-97fd-dcb3ab2b6784 61259f9a7dc94607bbac780f48acbd93 4441857b6da34df3a2cd7f5f6cc6668a - - default default] 10.0.0.177 "PUT /v2.0/networks/39b6164b-2693-4f8b-9bce-b3a88796b8cc/tags HTTP/1.1" status: 200 len: 218 time: 0.0450292
2026-09-11 18:42:30.695 9 INFO neutron.wsgi [None req-a5df21cc-1ab7-4d68-b98d-344689d648d5 61259f9a7dc94607bbac780f48acbd93 4441857b6da34df3a2cd7f5f6cc6668a - - default default] 10.0.0.177 "PUT /v2.0/networks/1292e2d7-100d-4d88-8372-c414d6f437f5/tags HTTP/1.1" status: 200 len: 227 time: 0.0454316
2026-09-11 18:42:30.745 9 INFO neutron.wsgi [None req-2a5d5607-6c1e-4443-a213-988a9231a52b 61259f9a7dc94607bbac780f48acbd93 4441857b6da34df3a2cd7f5f6cc6668a - - default default] 10.0.0.177 "PUT /v2.0/networks/8e19d27e-341a-48d3-a69b-e6eb7b8ec86d/tags HTTP/1.1" status: 200 len: 212 time: 0.0452561
2026-09-11 18:42:30.819 9 INFO neutron.wsgi [None req-f8507fc7-cb5b-491e-9d31-f3cb88e48dc0 61259f9a7dc94607bbac780f48acbd93 4441857b6da34df3a2cd7f5f6cc6668a - - default default] 10.0.0.177 "GET /v2.0/networks?tags=red HTTP/1.1" status: 200 len: 2069 time: 0.0686767
2026-09-11 18:42:30.887 9 INFO neutron.wsgi [None req-58150a84-a0f6-4267-9010-b48f32f6681b 61259f9a7dc94607bbac780f48acbd93 4441857b6da34df3a2cd7f5f6cc6668a - - default default] 10.0.0.177 "GET /v2.0/networks?tags=red%2Cblue HTTP/1.1" status: 200 len: 1457 time: 0.0631232
2026-09-11 18:42:30.995 9 INFO neutron.wsgi [None req-0f96c21b-4e1d-4ef7-b4d2-936057684e9e 61259f9a7dc94607bbac780f48acbd93 4441857b6da34df3a2cd7f5f6cc6668a - - default default] 10.0.0.177 "GET /v2.0/networks?tags-any=blue HTTP/1.1" status: 200 len: 1457 time: 0.1016419
2026-09-11 18:42:31.149 10 INFO neutron.wsgi [None req-349ac137-74b0-495a-b116-85d87c220266 ad53116a410f4395924cd13bf990f2dc b298507a6d084067bc33290504208e24 - - default default] 10.0.0.177 "PUT /v2.0/routers/5c9fc55a-ea64-4ab3-8540-3eccb85a30ee/remove_router_interface HTTP/1.1" status: 200 len: 503 time: 0.7676744
2026-09-11 18:42:31.161 10 INFO neutron.wsgi [None req-413b9bbf-f8b4-42bf-8ae2-91fde993c0ed 61259f9a7dc94607bbac780f48acbd93 4441857b6da34df3a2cd7f5f6cc6668a - - default default] 10.0.0.177 "GET /v2.0/networks?tags-any=red%2Cblue HTTP/1.1" status: 200 len: 2069 time: 0.1561971
2026-09-11 18:42:31.191 9 INFO neutron.wsgi [None req-aebe887d-a2ee-4c02-b4a5-3b791a7c9522 ad53116a410f4395924cd13bf990f2dc b298507a6d084067bc33290504208e24 - - default default] 10.0.0.177 "GET /v2.0/ports?device_id=5c9fc55a-ea64-4ab3-8540-3eccb85a30ee HTTP/1.1" status: 200 len: 205 time: 0.0367849 /var/lib/openstack/lib/python3.10/site-packages/pycadf/identifier.py:71: UserWarning: Invalid uuid: neutron. To ensure interoperability, identifiers should be a valid uuid. warnings.warn(('Invalid uuid: %s. To ensure interoperability, '
2026-09-11 18:42:31.292 9 INFO neutron.wsgi [None req-bfc1b2b7-ab90-470b-ba2e-afe1ffa2f3fc 61259f9a7dc94607bbac780f48acbd93 4441857b6da34df3a2cd7f5f6cc6668a - - default default] 10.0.0.177 "GET /v2.0/networks?not-tags=red HTTP/1.1" status: 200 len: 2068 time: 0.1266491
2026-09-11 18:42:31.399 9 INFO neutron.wsgi [None req-9f5278aa-7aff-4796-84f2-37de3d9f3165 61259f9a7dc94607bbac780f48acbd93 4441857b6da34df3a2cd7f5f6cc6668a - - default default] 10.0.0.177 "GET /v2.0/networks?not-tags=red%2Cblue HTTP/1.1" status: 200 len: 2680 time: 0.1020668
2026-09-11 18:42:31.440 10 INFO neutron.wsgi [None req-fbe067e8-9699-4de0-82f0-2ed9257929f4 ad53116a410f4395924cd13bf990f2dc b298507a6d084067bc33290504208e24 - - default default] 10.0.0.177 "DELETE /v2.0/routers/5c9fc55a-ea64-4ab3-8540-3eccb85a30ee HTTP/1.1" status: 204 len: 168 time: 0.2390532
2026-09-11 18:42:31.575 9 INFO neutron.wsgi [None req-a767d91d-c730-406b-91bc-0664de0f618f 61259f9a7dc94607bbac780f48acbd93 4441857b6da34df3a2cd7f5f6cc6668a - - default default] 10.0.0.177 "GET /v2.0/networks?not-tags-any=blue HTTP/1.1" status: 200 len: 2680 time: 0.1710293
2026-09-11 18:42:31.667 9 INFO neutron.db.ovn_revision_numbers_db [None req-a374906d-a7ca-4689-8b9f-5cdfcb4205bf f89edc03b0824b659ab677ac4c3cb98c 5c92b624319c4da79f5fd66dad7af259 - - default default] Successfully bumped revision number for resource c9b147fd-f4a9-43f4-8e19-3ba3679df4f8 (type: security_groups) to 1
2026-09-11 18:42:31.675 10 INFO neutron.wsgi [None req-05f0ae30-d344-4646-b4a4-a2d279507b06 ad53116a410f4395924cd13bf990f2dc b298507a6d084067bc33290504208e24 - - default default] 10.0.0.177 "DELETE /v2.0/subnets/898b7e42-d32a-46fd-abfb-fc50335d6a10 HTTP/1.1" status: 204 len: 168 time: 0.2299998
2026-09-11 18:42:31.679 9 INFO neutron.db.ovn_revision_numbers_db [None req-a374906d-a7ca-4689-8b9f-5cdfcb4205bf f89edc03b0824b659ab677ac4c3cb98c 5c92b624319c4da79f5fd66dad7af259 - - default default] Successfully bumped revision number for resource 35378bdb-e2eb-469b-a5ca-317986cf7fd8 (type: security_group_rules) to 0
2026-09-11 18:42:31.688 10 INFO neutron.wsgi [None req-2d321fe3-3b31-4646-86e3-05cc85ef9728 61259f9a7dc94607bbac780f48acbd93 4441857b6da34df3a2cd7f5f6cc6668a - - default default] 10.0.0.177 "GET /v2.0/networks?not-tags-any=red%2Cblue HTTP/1.1" status: 200 len: 2068 time: 0.1074107
2026-09-11 18:42:31.702 9 INFO neutron.db.ovn_revision_numbers_db [None req-a374906d-a7ca-4689-8b9f-5cdfcb4205bf f89edc03b0824b659ab677ac4c3cb98c 5c92b624319c4da79f5fd66dad7af259 - - default default] Successfully bumped revision number for resource ac41f291-5ead-4a2a-bb02-d8db82f3b301 (type: security_group_rules) to 0
2026-09-11 18:42:31.728 9 INFO neutron.db.ovn_revision_numbers_db [None req-a374906d-a7ca-4689-8b9f-5cdfcb4205bf f89edc03b0824b659ab677ac4c3cb98c 5c92b624319c4da79f5fd66dad7af259 - - default default] Successfully bumped revision number for resource c79198f4-ea5b-4a9e-aa1d-a5da7f08ddcc (type: security_group_rules) to 0
2026-09-11 18:42:31.749 9 INFO neutron.db.ovn_revision_numbers_db [None req-a374906d-a7ca-4689-8b9f-5cdfcb4205bf f89edc03b0824b659ab677ac4c3cb98c 5c92b624319c4da79f5fd66dad7af259 - - default default] Successfully bumped revision number for resource e74a828e-ef41-4461-a786-5bda397eb016 (type: security_group_rules) to 0
2026-09-11 18:42:31.821 9 INFO neutron.db.segments_db [None req-a374906d-a7ca-4689-8b9f-5cdfcb4205bf f89edc03b0824b659ab677ac4c3cb98c 5c92b624319c4da79f5fd66dad7af259 - - default default] Added segment b1dca5a1-5abe-4d18-9b7a-4e1dbb4743a8 of type geneve for network 71f871e1-17cf-469c-bf82-b0fbd1744d1a
2026-09-11 18:42:31.868 10 INFO neutron.wsgi [None req-700c3b37-ec02-4107-a426-b613c2354741 d822e913e31146418fc7f310caad0f05 1bc5a41828fb4b13960ac2fceb0d14f4 - - default default] 10.0.0.172 "GET /v2.0/extensions HTTP/1.1" status: 200 len: 16525 time: 0.0779915
2026-09-11 18:42:32.020 10 INFO neutron.services.segments.plugin [-] Segment ccfd6b74-b2d2-4620-b370-a27a91d689a7 resource provider aggregate not found
2026-09-11 18:42:32.024 10 INFO neutron.services.segments.plugin [-] Segment ccfd6b74-b2d2-4620-b370-a27a91d689a7 resource provider aggregate not found
2026-09-11 18:42:32.027 9 INFO neutron.db.ovn_revision_numbers_db [None req-a374906d-a7ca-4689-8b9f-5cdfcb4205bf f89edc03b0824b659ab677ac4c3cb98c 5c92b624319c4da79f5fd66dad7af259 - - default default] Successfully bumped revision number for resource 71f871e1-17cf-469c-bf82-b0fbd1744d1a (type: networks) to 1
2026-09-11 18:42:32.045 10 INFO neutron.services.segments.plugin [-] Segment ccfd6b74-b2d2-4620-b370-a27a91d689a7 resource provider not found; error: Placement Client Error (4xx): {"errors": [{"status": 404, "title": "Not Found", "detail": "The resource could not be found.\n\n No resource provider with uuid ccfd6b74-b2d2-4620-b370-a27a91d689a7 found for delete ", "request_id": "req-29d0ce3b-9e75-4383-a66e-f810ae6f4d71"}]}
2026-09-11 18:42:32.050 10 INFO neutron.services.segments.plugin [-] Segment ccfd6b74-b2d2-4620-b370-a27a91d689a7 resource provider not found; error: Placement Client Error (4xx): {"errors": [{"status": 404, "title": "Not Found", "detail": "The resource could not be found.\n\n No resource provider with uuid ccfd6b74-b2d2-4620-b370-a27a91d689a7 found for delete ", "request_id": "req-18635025-ada0-4554-a455-6f3b50620055"}]}
2026-09-11 18:42:32.067 10 INFO neutron.wsgi [None req-a7a00aa9-bfb9-4f1f-ab65-936dc326467e 61259f9a7dc94607bbac780f48acbd93 4441857b6da34df3a2cd7f5f6cc6668a - - default default] 10.0.0.177 "DELETE /v2.0/networks/2d6b2d76-491f-4c61-8f38-d1e99447bd15 HTTP/1.1" status: 204 len: 168 time: 0.3738236
2026-09-11 18:42:32.118 10 INFO neutron.wsgi [None req-03f894b2-3181-4e5f-a842-3f9788a5fc05 d822e913e31146418fc7f310caad0f05 1bc5a41828fb4b13960ac2fceb0d14f4 - - default default] 10.0.0.172 "GET /v2.0/quotas/1bc5a41828fb4b13960ac2fceb0d14f4/details HTTP/1.1" status: 200 len: 756 time: 0.2304022
2026-09-11 18:42:32.163 9 INFO neutron.services.segments.plugin [-] Segment 0294c9dd-d3cf-4175-86e5-5792bd44ca4f resource provider aggregate not found
2026-09-11 18:42:32.178 9 INFO neutron.services.segments.plugin [-] Segment 0294c9dd-d3cf-4175-86e5-5792bd44ca4f resource provider aggregate not found
2026-09-11 18:42:32.190 9 INFO neutron.services.segments.plugin [-] Segment 0294c9dd-d3cf-4175-86e5-5792bd44ca4f resource provider not found; error: Placement Client Error (4xx): {"errors": [{"status": 404, "title": "Not Found", "detail": "The resource could not be found.\n\n No resource provider with uuid 0294c9dd-d3cf-4175-86e5-5792bd44ca4f found for delete ", "request_id": "req-75674a00-7a0b-489a-98d6-80d83c707ae7"}]}
2026-09-11 18:42:32.196 9 INFO neutron.services.segments.plugin [-] Segment 0294c9dd-d3cf-4175-86e5-5792bd44ca4f resource provider not found; error: Placement Client Error (4xx): {"errors": [{"status": 404, "title": "Not Found", "detail": "The resource could not be found.\n\n No resource provider with uuid 0294c9dd-d3cf-4175-86e5-5792bd44ca4f found for delete ", "request_id": "req-8918b3d7-4b44-4f3c-827b-ff1886f3b262"}]}
2026-09-11 18:42:32.225 9 INFO neutron.wsgi [None req-fba0dcd7-6880-43e5-a41b-c40b1668683f ad53116a410f4395924cd13bf990f2dc b298507a6d084067bc33290504208e24 - - default default] 10.0.0.177 "DELETE /v2.0/networks/e3b4dad5-411f-4e7d-a285-bcf1c155d04a HTTP/1.1" status: 204 len: 168 time: 0.5441000
2026-09-11 18:42:32.258 9 WARNING neutron.scheduler.dhcp_agent_scheduler [None req-a374906d-a7ca-4689-8b9f-5cdfcb4205bf f89edc03b0824b659ab677ac4c3cb98c 5c92b624319c4da79f5fd66dad7af259 - - default default] No more DHCP agents
2026-09-11 18:42:32.260 9 WARNING neutron.api.rpc.agentnotifiers.dhcp_rpc_agent_api [None req-a374906d-a7ca-4689-8b9f-5cdfcb4205bf f89edc03b0824b659ab677ac4c3cb98c 5c92b624319c4da79f5fd66dad7af259 - - default default] Unable to schedule network 71f871e1-17cf-469c-bf82-b0fbd1744d1a: no agents available; will retry on subsequent port and subnet creation events.
2026-09-11 18:42:32.354 9 INFO neutron.db.ovn_revision_numbers_db [None req-a374906d-a7ca-4689-8b9f-5cdfcb4205bf f89edc03b0824b659ab677ac4c3cb98c 5c92b624319c4da79f5fd66dad7af259 - - default default] Successfully bumped revision number for resource d19070f2-2830-4315-9bc1-278769beb76f (type: ports) to 1
2026-09-11 18:42:32.375 9 INFO neutron.wsgi [None req-a374906d-a7ca-4689-8b9f-5cdfcb4205bf f89edc03b0824b659ab677ac4c3cb98c 5c92b624319c4da79f5fd66dad7af259 - - default default] 10.0.0.177 "POST /v2.0/networks HTTP/1.1" status: 201 len: 848 time: 0.9958575
2026-09-11 18:42:32.589 10 INFO neutron.wsgi [None req-edc405db-e60a-43f4-a09e-c43736218e03 61259f9a7dc94607bbac780f48acbd93 4441857b6da34df3a2cd7f5f6cc6668a - - default default] 10.0.0.177 "DELETE /v2.0/networks/39b6164b-2693-4f8b-9bce-b3a88796b8cc HTTP/1.1" status: 204 len: 168 time: 0.5147460
2026-09-11 18:42:32.701 9 WARNING neutron.scheduler.dhcp_agent_scheduler [None req-df7ec14f-eae9-4a7d-969f-61583220a78d f89edc03b0824b659ab677ac4c3cb98c 5c92b624319c4da79f5fd66dad7af259 - - default default] No more DHCP agents
2026-09-11 18:42:32.705 9 WARNING neutron.api.rpc.agentnotifiers.dhcp_rpc_agent_api [None req-df7ec14f-eae9-4a7d-969f-61583220a78d f89edc03b0824b659ab677ac4c3cb98c 5c92b624319c4da79f5fd66dad7af259 - - default default] Unable to schedule network 71f871e1-17cf-469c-bf82-b0fbd1744d1a: no agents available; will retry on subsequent port and subnet creation events.
2026-09-11 18:42:32.748 9 INFO neutron.db.ovn_revision_numbers_db [None req-df7ec14f-eae9-4a7d-969f-61583220a78d f89edc03b0824b659ab677ac4c3cb98c 5c92b624319c4da79f5fd66dad7af259 - - default default] Successfully bumped revision number for resource 45fa2b3d-82aa-4d85-a97b-0a2511a9c648 (type: subnets) to 0
2026-09-11 18:42:32.769 9 INFO neutron.wsgi [None req-df7ec14f-eae9-4a7d-969f-61583220a78d f89edc03b0824b659ab677ac4c3cb98c 5c92b624319c4da79f5fd66dad7af259 - - default default] 10.0.0.177 "POST /v2.0/subnets HTTP/1.1" status: 201 len: 802 time: 0.3718565
2026-09-11 18:42:32.815 10 WARNING neutron.scheduler.dhcp_agent_scheduler [None req-aa7d2e08-f73d-46ea-b8c2-3d254ce53f6f ad53116a410f4395924cd13bf990f2dc b298507a6d084067bc33290504208e24 - - default default] No more DHCP agents
2026-09-11 18:42:32.817 10 WARNING neutron.api.rpc.agentnotifiers.dhcp_rpc_agent_api [None req-aa7d2e08-f73d-46ea-b8c2-3d254ce53f6f ad53116a410f4395924cd13bf990f2dc b298507a6d084067bc33290504208e24 - - default default] Unable to schedule network a99854ed-6c4f-4a71-9877-457a1a1331f2: no agents available; will retry on subsequent port and subnet creation events.
2026-09-11 18:42:33.202 10 INFO neutron.db.ovn_revision_numbers_db [None req-aa7d2e08-f73d-46ea-b8c2-3d254ce53f6f ad53116a410f4395924cd13bf990f2dc b298507a6d084067bc33290504208e24 - - default default] Successfully bumped revision number for resource d250809e-7693-43bd-996e-9da56e5e8ce4 (type: ports) to 1
2026-09-11 18:42:33.346 10 INFO neutron.wsgi [None req-3a4f9ec6-fdfe-465a-9dc0-952e84f565d6 61259f9a7dc94607bbac780f48acbd93 4441857b6da34df3a2cd7f5f6cc6668a - - default default] 10.0.0.177 "DELETE /v2.0/networks/1292e2d7-100d-4d88-8372-c414d6f437f5 HTTP/1.1" status: 204 len: 168 time: 0.7528265
2026-09-11 18:42:33.594 9 WARNING neutron.scheduler.dhcp_agent_scheduler [None req-fc5f96f0-5874-4826-8cac-e4c7bf6193d0 f89edc03b0824b659ab677ac4c3cb98c 5c92b624319c4da79f5fd66dad7af259 - - default default] No more DHCP agents
2026-09-11 18:42:33.596 9 WARNING neutron.api.rpc.agentnotifiers.dhcp_rpc_agent_api [None req-fc5f96f0-5874-4826-8cac-e4c7bf6193d0 f89edc03b0824b659ab677ac4c3cb98c 5c92b624319c4da79f5fd66dad7af259 - - default default] Unable to schedule network a99854ed-6c4f-4a71-9877-457a1a1331f2: no agents available; will retry on subsequent port and subnet creation events.
2026-09-11 18:42:33.738 9 INFO neutron.db.ovn_revision_numbers_db [None req-fc5f96f0-5874-4826-8cac-e4c7bf6193d0 f89edc03b0824b659ab677ac4c3cb98c 5c92b624319c4da79f5fd66dad7af259 - - default default] Successfully bumped revision number for resource 5094ac68-9416-476c-8e34-c12fecff4713 (type: ports) to 1
2026-09-11 18:42:33.853 10 INFO neutron.wsgi [None req-4c794d43-8246-45f1-afbe-a02edf905a1c 61259f9a7dc94607bbac780f48acbd93 4441857b6da34df3a2cd7f5f6cc6668a - - default default] 10.0.0.177 "DELETE /v2.0/networks/8e19d27e-341a-48d3-a69b-e6eb7b8ec86d HTTP/1.1" status: 204 len: 168 time: 0.4993980
2026-09-11 18:42:33.960 10 INFO neutron.db.ovn_revision_numbers_db [None req-aa7d2e08-f73d-46ea-b8c2-3d254ce53f6f ad53116a410f4395924cd13bf990f2dc b298507a6d084067bc33290504208e24 - - default default] Successfully bumped revision number for resource d250809e-7693-43bd-996e-9da56e5e8ce4 (type: router_ports) to 1
2026-09-11 18:42:34.042 10 INFO neutron.db.ovn_revision_numbers_db [None req-aa7d2e08-f73d-46ea-b8c2-3d254ce53f6f ad53116a410f4395924cd13bf990f2dc b298507a6d084067bc33290504208e24 - - default default] Successfully bumped revision number for resource 716b9586-8018-48bc-9abe-4fd3538b1dfb (type: routers) to 2
2026-09-11 18:42:34.060 10 INFO neutron.wsgi [None req-aa7d2e08-f73d-46ea-b8c2-3d254ce53f6f ad53116a410f4395924cd13bf990f2dc b298507a6d084067bc33290504208e24 - - default default] 10.0.0.177 "POST /v2.0/routers HTTP/1.1" status: 201 len: 868 time: 1.8287625
2026-09-11 18:42:34.061 10 INFO neutron.services.segments.plugin [-] Segment 9a66cd11-5745-4a3f-9f7b-6ca8dcefe590 resource provider aggregate not found
2026-09-11 18:42:34.076 10 INFO neutron.services.segments.plugin [-] Segment 9a66cd11-5745-4a3f-9f7b-6ca8dcefe590 resource provider aggregate not found
2026-09-11 18:42:34.095 10 INFO neutron.services.segments.plugin [-] Segment 9a66cd11-5745-4a3f-9f7b-6ca8dcefe590 resource provider not found; error: Placement Client Error (4xx): {"errors": [{"status": 404, "title": "Not Found", "detail": "The resource could not be found.\n\n No resource provider with uuid 9a66cd11-5745-4a3f-9f7b-6ca8dcefe590 found for delete ", "request_id": "req-058efcf5-8c37-427d-af19-c76f581d5b9a"}]}
2026-09-11 18:42:34.099 10 INFO neutron.services.segments.plugin [-] Segment 9a66cd11-5745-4a3f-9f7b-6ca8dcefe590 resource provider not found; error: Placement Client Error (4xx): {"errors": [{"status": 404, "title": "Not Found", "detail": "The resource could not be found.\n\n No resource provider with uuid 9a66cd11-5745-4a3f-9f7b-6ca8dcefe590 found for delete ", "request_id": "req-f037648b-5a1f-4482-b913-7c3557b20c25"}]}
2026-09-11 18:42:34.122 10 INFO neutron.services.segments.plugin [-] Segment 322c60c2-cb7c-4328-93d9-908cbd445465 resource provider aggregate not found
2026-09-11 18:42:34.126 10 INFO neutron.services.segments.plugin [-] Segment 322c60c2-cb7c-4328-93d9-908cbd445465 resource provider aggregate not found
2026-09-11 18:42:34.147 10 INFO neutron.wsgi [None req-82e1f546-2c09-41c2-8271-863d84d9cdf8 ad53116a410f4395924cd13bf990f2dc b298507a6d084067bc33290504208e24 - - default default] 10.0.0.177 "GET /v2.0/routers/716b9586-8018-48bc-9abe-4fd3538b1dfb HTTP/1.1" status: 200 len: 869 time: 0.0748250
2026-09-11 18:42:34.149 10 INFO neutron.services.segments.plugin [-] Segment 322c60c2-cb7c-4328-93d9-908cbd445465 resource provider not found; error: Placement Client Error (4xx): {"errors": [{"status": 404, "title": "Not Found", "detail": "The resource could not be found.\n\n No resource provider with uuid 322c60c2-cb7c-4328-93d9-908cbd445465 found for delete ", "request_id": "req-625df5e1-6b32-4a60-a5c0-41dd60a2de60"}]}
2026-09-11 18:42:34.154 10 INFO neutron.services.segments.plugin [-] Segment 322c60c2-cb7c-4328-93d9-908cbd445465 resource provider not found; error: Placement Client Error (4xx): {"errors": [{"status": 404, "title": "Not Found", "detail": "The resource could not be found.\n\n No resource provider with uuid 322c60c2-cb7c-4328-93d9-908cbd445465 found for delete ", "request_id": "req-522e826f-81ad-4f51-acb0-ede6096692a0"}]}
2026-09-11 18:42:34.166 10 INFO neutron.services.segments.plugin [-] Segment 0aa85434-cdcf-43aa-bb49-3b592c0bd05d resource provider aggregate not found
2026-09-11 18:42:34.186 10 INFO neutron.services.segments.plugin [-] Segment 0aa85434-cdcf-43aa-bb49-3b592c0bd05d resource provider not found; error: Placement Client Error (4xx): {"errors": [{"status": 404, "title": "Not Found", "detail": "The resource could not be found.\n\n No resource provider with uuid 0aa85434-cdcf-43aa-bb49-3b592c0bd05d found for delete ", "request_id": "req-a4591899-d8b1-4fc0-8c6b-019731ebce60"}]}
2026-09-11 18:42:34.187 10 INFO neutron.services.segments.plugin [-] Segment 0aa85434-cdcf-43aa-bb49-3b592c0bd05d resource provider aggregate not found
2026-09-11 18:42:34.235 10 INFO neutron.wsgi [None req-a5ce81c7-b205-4c03-b758-2862483daa37 ad53116a410f4395924cd13bf990f2dc b298507a6d084067bc33290504208e24 - - default default] 10.0.0.177 "GET /v2.0/routers HTTP/1.1" status: 200 len: 872 time: 0.0731647
2026-09-11 18:42:34.258 10 INFO neutron.services.segments.plugin [-] Segment 0aa85434-cdcf-43aa-bb49-3b592c0bd05d resource provider not found; error: Placement Client Error (4xx): {"errors": [{"status": 404, "title": "Not Found", "detail": "The resource could not be found.\n\n No resource provider with uuid 0aa85434-cdcf-43aa-bb49-3b592c0bd05d found for delete ", "request_id": "req-19632b75-cfd9-4583-8bc2-a5453148bf73"}]}
2026-09-11 18:42:34.351 9 INFO neutron.services.segments.plugin [-] Segment 5df78844-c8bb-4e47-99ef-c323b368df20 resource provider aggregate not found
2026-09-11 18:42:34.356 9 INFO neutron.services.segments.plugin [-] Segment 5df78844-c8bb-4e47-99ef-c323b368df20 resource provider aggregate not found
2026-09-11 18:42:34.377 9 INFO neutron.services.segments.plugin [-] Segment 5df78844-c8bb-4e47-99ef-c323b368df20 resource provider not found; error: Placement Client Error (4xx): {"errors": [{"status": 404, "title": "Not Found", "detail": "The resource could not be found.\n\n No resource provider with uuid 5df78844-c8bb-4e47-99ef-c323b368df20 found for delete ", "request_id": "req-dcc80922-d5c4-4e73-902c-b49d2f78245d"}]}
2026-09-11 18:42:34.378 9 INFO neutron.services.segments.plugin [-] Segment 5df78844-c8bb-4e47-99ef-c323b368df20 resource provider not found; error: Placement Client Error (4xx): {"errors": [{"status": 404, "title": "Not Found", "detail": "The resource could not be found.\n\n No resource provider with uuid 5df78844-c8bb-4e47-99ef-c323b368df20 found for delete ", "request_id": "req-00a2fa36-1f1a-4d6e-bb63-98ca8c28dbf1"}]}
2026-09-11 18:42:34.418 10 INFO neutron.wsgi [None req-e2fa6f25-faba-4675-a453-07ecf35b8edd d822e913e31146418fc7f310caad0f05 1bc5a41828fb4b13960ac2fceb0d14f4 - - default default] 10.0.0.172 "GET /v2.0/extensions HTTP/1.1" status: 200 len: 16525 time: 0.0078447
2026-09-11 18:42:34.422 9 INFO neutron.wsgi [None req-832ff02a-1a99-4132-979a-e01f2da9e4ad 61259f9a7dc94607bbac780f48acbd93 4441857b6da34df3a2cd7f5f6cc6668a - - default default] 10.0.0.177 "DELETE /v2.0/networks/c9561ca0-c58c-4ad4-b300-384242d31122 HTTP/1.1" status: 204 len: 168 time: 0.5596087
2026-09-11 18:42:34.487 10 INFO neutron.wsgi [None req-a29c59e8-d479-44ba-abd7-4d3951cac0ca d822e913e31146418fc7f310caad0f05 1bc5a41828fb4b13960ac2fceb0d14f4 - - default default] 10.0.0.172 "GET /v2.0/quotas/1bc5a41828fb4b13960ac2fceb0d14f4/details HTTP/1.1" status: 200 len: 756 time: 0.0572417
2026-09-11 18:42:34.553 9 INFO neutron.db.ovn_revision_numbers_db [None req-fc5f96f0-5874-4826-8cac-e4c7bf6193d0 f89edc03b0824b659ab677ac4c3cb98c 5c92b624319c4da79f5fd66dad7af259 - - default default] Successfully bumped revision number for resource 5094ac68-9416-476c-8e34-c12fecff4713 (type: router_ports) to 1
2026-09-11 18:42:34.794 9 INFO neutron.db.ovn_revision_numbers_db [None req-fc5f96f0-5874-4826-8cac-e4c7bf6193d0 f89edc03b0824b659ab677ac4c3cb98c 5c92b624319c4da79f5fd66dad7af259 - - default default] Successfully bumped revision number for resource 34ebd414-4639-4734-9d6d-ccff9108479e (type: routers) to 2
2026-09-11 18:42:34.820 9 INFO neutron.wsgi [None req-fc5f96f0-5874-4826-8cac-e4c7bf6193d0 f89edc03b0824b659ab677ac4c3cb98c 5c92b624319c4da79f5fd66dad7af259 - - default default] 10.0.0.177 "POST /v2.0/routers HTTP/1.1" status: 201 len: 874 time: 2.0444522
2026-09-11 18:42:35.078 9 INFO neutron.db.ovn_revision_numbers_db [None req-e16fa3f5-8ae7-4c08-aa36-0b5829ea068a ad53116a410f4395924cd13bf990f2dc b298507a6d084067bc33290504208e24 - - default default] Successfully bumped revision number for resource 716b9586-8018-48bc-9abe-4fd3538b1dfb (type: routers) to 3
2026-09-11 18:42:35.080 9 INFO neutron.wsgi [None req-e16fa3f5-8ae7-4c08-aa36-0b5829ea068a ad53116a410f4395924cd13bf990f2dc b298507a6d084067bc33290504208e24 - - default default] 10.0.0.177 "PUT /v2.0/routers/716b9586-8018-48bc-9abe-4fd3538b1dfb HTTP/1.1" status: 200 len: 876 time: 0.8391356
2026-09-11 18:42:35.157 10 INFO neutron.wsgi [None req-3419b0de-5f9e-48ca-b5e0-22402a8b29d5 ad53116a410f4395924cd13bf990f2dc b298507a6d084067bc33290504208e24 - - default default] 10.0.0.177 "GET /v2.0/routers/716b9586-8018-48bc-9abe-4fd3538b1dfb HTTP/1.1" status: 200 len: 876 time: 0.0668008
2026-09-11 18:42:35.177 10 INFO neutron.wsgi [None req-0c29a7db-4d43-4503-bab8-4577e8d02dd0 ad53116a410f4395924cd13bf990f2dc b298507a6d084067bc33290504208e24 - - default default] 10.0.0.177 "GET /v2.0/ports?device_id=716b9586-8018-48bc-9abe-4fd3538b1dfb HTTP/1.1" status: 200 len: 205 time: 0.0144100
2026-09-11 18:42:35.463 9 WARNING neutron.scheduler.dhcp_agent_scheduler [None req-53bb9a53-6f06-417c-b0e8-db1500c2e897 f89edc03b0824b659ab677ac4c3cb98c 5c92b624319c4da79f5fd66dad7af259 - - default default] No more DHCP agents
2026-09-11 18:42:35.466 9 WARNING neutron.api.rpc.agentnotifiers.dhcp_rpc_agent_api [None req-53bb9a53-6f06-417c-b0e8-db1500c2e897 f89edc03b0824b659ab677ac4c3cb98c 5c92b624319c4da79f5fd66dad7af259 - - default default] Unable to schedule network 71f871e1-17cf-469c-bf82-b0fbd1744d1a: no agents available; will retry on subsequent port and subnet creation events.
2026-09-11 18:42:35.621 9 WARNING neutron.plugins.ml2.drivers.ovn.mech_driver.ovsdb.ovn_client [None req-2fc1cc0b-8c71-43a4-a3a4-329a64e56967 - - - - - -] No port found with ID 65c2ef98-df05-46c4-a78e-c5bdd6e9edc5: RuntimeError: No port found with ID 65c2ef98-df05-46c4-a78e-c5bdd6e9edc5
2026-09-11 18:42:35.621 9 INFO neutron.plugins.ml2.drivers.ovn.mech_driver.mech_driver [None req-2fc1cc0b-8c71-43a4-a3a4-329a64e56967 - - - - - -] OVN reports status up for port: d250809e-7693-43bd-996e-9da56e5e8ce4
2026-09-11 18:42:35.625 9 INFO neutron.db.ovn_revision_numbers_db [None req-53bb9a53-6f06-417c-b0e8-db1500c2e897 f89edc03b0824b659ab677ac4c3cb98c 5c92b624319c4da79f5fd66dad7af259 - - default default] Successfully bumped revision number for resource bfa8039a-254c-45a5-b10f-dff2191084c3 (type: ports) to 1
2026-09-11 18:42:35.636 9 INFO neutron.plugins.ml2.drivers.ovn.mech_driver.mech_driver [None req-2fc1cc0b-8c71-43a4-a3a4-329a64e56967 - - - - - -] OVN reports status up for port: 5094ac68-9416-476c-8e34-c12fecff4713
2026-09-11 18:42:35.671 10 INFO neutron.wsgi [None req-f6a1ec4f-c46f-41ab-993c-7955c45ebac9 ad53116a410f4395924cd13bf990f2dc b298507a6d084067bc33290504208e24 - - default default] 10.0.0.177 "DELETE /v2.0/routers/716b9586-8018-48bc-9abe-4fd3538b1dfb HTTP/1.1" status: 204 len: 168 time: 0.4890292
2026-09-11 18:42:35.690 9 INFO neutron.plugins.ml2.plugin [None req-2fc1cc0b-8c71-43a4-a3a4-329a64e56967 - - - - - -] Attempt 1 to provision port 5094ac68-9416-476c-8e34-c12fecff4713
2026-09-11 18:42:35.714 9 INFO neutron.wsgi [None req-16275e0d-0f80-46ea-8074-3676ad119a3f ad53116a410f4395924cd13bf990f2dc b298507a6d084067bc33290504208e24 - - default default] 10.0.0.177 "GET /v2.0/ports?device_id=716b9586-8018-48bc-9abe-4fd3538b1dfb HTTP/1.1" status: 200 len: 205 time: 0.0319924
2026-09-11 18:42:35.720 9 INFO neutron.db.ovn_revision_numbers_db [None req-f0f24d37-4349-4318-8ab0-2a118fe426de 8562576d89f94413a70ae97a4a10cac3 9ce981192a854de79a7a83011ba2e14e - - default default] Successfully bumped revision number for resource 4db13ba4-52af-4fad-aaab-35baae7534d1 (type: security_groups) to 1
2026-09-11 18:42:35.754 9 INFO neutron.db.ovn_revision_numbers_db [None req-f0f24d37-4349-4318-8ab0-2a118fe426de 8562576d89f94413a70ae97a4a10cac3 9ce981192a854de79a7a83011ba2e14e - - default default] Successfully bumped revision number for resource 13841fe6-aeb7-4d17-ad45-7e3ec9980e0c (type: security_group_rules) to 0
2026-09-11 18:42:35.758 10 INFO neutron.api.v2.resource [None req-e4f83a10-7c54-4006-9c35-672a98866b5f ad53116a410f4395924cd13bf990f2dc b298507a6d084067bc33290504208e24 - - default default] delete failed (client error): The resource could not be found.
2026-09-11 18:42:35.759 10 INFO neutron.wsgi [None req-e4f83a10-7c54-4006-9c35-672a98866b5f ad53116a410f4395924cd13bf990f2dc b298507a6d084067bc33290504208e24 - - default default] 10.0.0.177 "DELETE /v2.0/routers/716b9586-8018-48bc-9abe-4fd3538b1dfb HTTP/1.1" status: 404 len: 336 time: 0.0390446
2026-09-11 18:42:35.780 9 INFO neutron.db.ovn_revision_numbers_db [None req-f0f24d37-4349-4318-8ab0-2a118fe426de 8562576d89f94413a70ae97a4a10cac3 9ce981192a854de79a7a83011ba2e14e - - default default] Successfully bumped revision number for resource 54c496d0-b6eb-4e08-806f-7777ce720488 (type: security_group_rules) to 0
2026-09-11 18:42:35.788 10 INFO neutron.wsgi [None req-8f0860d4-3e54-4cd2-88cc-4ba331dcabca ad53116a410f4395924cd13bf990f2dc b298507a6d084067bc33290504208e24 - - default default] 10.0.0.177 "GET /v2.0/ports?device_id=5c9fc55a-ea64-4ab3-8540-3eccb85a30ee HTTP/1.1" status: 200 len: 205 time: 0.0191503
2026-09-11 18:42:35.804 9 INFO neutron.db.ovn_revision_numbers_db [None req-f0f24d37-4349-4318-8ab0-2a118fe426de 8562576d89f94413a70ae97a4a10cac3 9ce981192a854de79a7a83011ba2e14e - - default default] Successfully bumped revision number for resource 89e2f005-759e-4991-b1b8-f12cb8b07773 (type: security_group_rules) to 0
2026-09-11 18:42:35.816 10 INFO neutron.api.v2.resource [None req-e57dbcd4-306e-4708-8e8b-83da0ceb4099 ad53116a410f4395924cd13bf990f2dc b298507a6d084067bc33290504208e24 - - default default] delete failed (client error): The resource could not be found.
2026-09-11 18:42:35.818 10 INFO neutron.wsgi [None req-e57dbcd4-306e-4708-8e8b-83da0ceb4099 ad53116a410f4395924cd13bf990f2dc b298507a6d084067bc33290504208e24 - - default default] 10.0.0.177 "DELETE /v2.0/routers/5c9fc55a-ea64-4ab3-8540-3eccb85a30ee HTTP/1.1" status: 404 len: 336 time: 0.0255747
2026-09-11 18:42:35.821 9 INFO neutron.db.ovn_revision_numbers_db [None req-f0f24d37-4349-4318-8ab0-2a118fe426de 8562576d89f94413a70ae97a4a10cac3 9ce981192a854de79a7a83011ba2e14e - - default default] Successfully bumped revision number for resource c5bd3542-95fa-4cc3-b6a4-a1e420638da9 (type: security_group_rules) to 0
2026-09-11 18:42:35.843 10 INFO neutron.pecan_wsgi.hooks.translation [None req-5ee0299b-11f2-42a8-a2e2-4203e4bb7c82 ad53116a410f4395924cd13bf990f2dc b298507a6d084067bc33290504208e24 - - default default] DELETE failed (client error): The resource could not be found.
2026-09-11 18:42:35.845 10 INFO neutron.wsgi [None req-5ee0299b-11f2-42a8-a2e2-4203e4bb7c82 ad53116a410f4395924cd13bf990f2dc b298507a6d084067bc33290504208e24 - - default default] 10.0.0.177 "DELETE /v2.0/subnets/898b7e42-d32a-46fd-abfb-fc50335d6a10 HTTP/1.1" status: 404 len: 337 time: 0.0196416
2026-09-11 18:42:35.870 9 INFO neutron.wsgi [None req-f0f24d37-4349-4318-8ab0-2a118fe426de 8562576d89f94413a70ae97a4a10cac3 9ce981192a854de79a7a83011ba2e14e - - default default] 10.0.0.177 "GET /v2.0/security-groups?tenant_id=6e96c6939da94996b052d85f160fd2cb&name=default HTTP/1.1" status: 200 len: 2996 time: 0.5044079
2026-09-11 18:42:35.874 10 INFO neutron.wsgi [None req-16ce803e-32a9-4e64-acc8-34c5f5c4993c ad53116a410f4395924cd13bf990f2dc b298507a6d084067bc33290504208e24 - - default default] 10.0.0.177 "GET /v2.0/ports?device_id=f4414e4d-5c4e-4382-b22c-92373060a8f9 HTTP/1.1" status: 200 len: 205 time: 0.0234163
2026-09-11 18:42:35.901 10 INFO neutron.api.v2.resource [None req-dcd9b789-f0b6-476b-ab71-548cf589b657 ad53116a410f4395924cd13bf990f2dc b298507a6d084067bc33290504208e24 - - default default] delete failed (client error): The resource could not be found.
2026-09-11 18:42:35.902 10 INFO neutron.wsgi [None req-dcd9b789-f0b6-476b-ab71-548cf589b657 ad53116a410f4395924cd13bf990f2dc b298507a6d084067bc33290504208e24 - - default default] 10.0.0.177 "DELETE /v2.0/routers/f4414e4d-5c4e-4382-b22c-92373060a8f9 HTTP/1.1" status: 404 len: 336 time: 0.0220289
2026-09-11 18:42:35.924 10 INFO neutron.pecan_wsgi.hooks.translation [None req-73b8cb63-5587-49df-9e1a-2cd00b13ce79 ad53116a410f4395924cd13bf990f2dc b298507a6d084067bc33290504208e24 - - default default] DELETE failed (client error): The resource could not be found.
2026-09-11 18:42:35.927 10 INFO neutron.wsgi [None req-73b8cb63-5587-49df-9e1a-2cd00b13ce79 ad53116a410f4395924cd13bf990f2dc b298507a6d084067bc33290504208e24 - - default default] 10.0.0.177 "DELETE /v2.0/subnets/19d16814-2cd3-46c6-8b06-72a9dfec5af5 HTTP/1.1" status: 404 len: 337 time: 0.0180283
2026-09-11 18:42:35.955 10 INFO neutron.wsgi [None req-323e54e2-68f8-457d-98b9-8d608c8a02aa ad53116a410f4395924cd13bf990f2dc b298507a6d084067bc33290504208e24 - - default default] 10.0.0.177 "GET /v2.0/ports?device_id=780b24e8-a674-4d59-b625-e61b78199cde HTTP/1.1" status: 200 len: 205 time: 0.0162346
2026-09-11 18:42:35.986 10 INFO neutron.api.v2.resource [None req-9df5ec7a-4960-4618-94b6-b4d0b886fa22 ad53116a410f4395924cd13bf990f2dc b298507a6d084067bc33290504208e24 - - default default] delete failed (client error): The resource could not be found.
2026-09-11 18:42:35.987 10 INFO neutron.wsgi [None req-9df5ec7a-4960-4618-94b6-b4d0b886fa22 ad53116a410f4395924cd13bf990f2dc b298507a6d084067bc33290504208e24 - - default default] 10.0.0.177 "DELETE /v2.0/routers/780b24e8-a674-4d59-b625-e61b78199cde HTTP/1.1" status: 404 len: 336 time: 0.0227718
2026-09-11 18:42:36.006 10 INFO neutron.pecan_wsgi.hooks.translation [None req-433e6f1b-9d7e-4ae1-b811-159f99ca60ef ad53116a410f4395924cd13bf990f2dc b298507a6d084067bc33290504208e24 - - default default] DELETE failed (client error): The resource could not be found.
2026-09-11 18:42:36.008 10 INFO neutron.wsgi [None req-433e6f1b-9d7e-4ae1-b811-159f99ca60ef ad53116a410f4395924cd13bf990f2dc b298507a6d084067bc33290504208e24 - - default default] 10.0.0.177 "DELETE /v2.0/subnets/593746c3-047b-40f3-81d6-65392cdd8993 HTTP/1.1" status: 404 len: 337 time: 0.0162139
2026-09-11 18:42:36.031 10 INFO neutron.pecan_wsgi.hooks.translation [None req-cdf90bc8-904e-46b4-88b2-3da855831898 ad53116a410f4395924cd13bf990f2dc b298507a6d084067bc33290504208e24 - - default default] DELETE failed (client error): The resource could not be found.
2026-09-11 18:42:36.035 10 INFO neutron.wsgi [None req-cdf90bc8-904e-46b4-88b2-3da855831898 ad53116a410f4395924cd13bf990f2dc b298507a6d084067bc33290504208e24 - - default default] 10.0.0.177 "DELETE /v2.0/subnets/f6a1fb39-4c9d-4928-a08b-f42c706cc103 HTTP/1.1" status: 404 len: 337 time: 0.0226512
2026-09-11 18:42:36.218 9 INFO neutron.wsgi [None req-42b071ce-4ca4-4b6e-9df6-1bb1ff21564e 8562576d89f94413a70ae97a4a10cac3 9ce981192a854de79a7a83011ba2e14e - - default default] 10.0.0.177 "DELETE /v2.0/security-groups/4db13ba4-52af-4fad-aaab-35baae7534d1 HTTP/1.1" status: 204 len: 168 time: 0.3427052
2026-09-11 18:42:36.280 10 INFO neutron.plugins.ml2.drivers.ovn.mech_driver.mech_driver [None req-3a218d7c-672c-4cf1-bb82-44e4c90b9e5c - - - - - -] OVN reports status up for port: bfa8039a-254c-45a5-b10f-dff2191084c3
2026-09-11 18:42:36.292 10 INFO neutron.plugins.ml2.plugin [None req-3a218d7c-672c-4cf1-bb82-44e4c90b9e5c - - - - - -] Attempt 1 to provision port bfa8039a-254c-45a5-b10f-dff2191084c3
2026-09-11 18:42:36.301 9 INFO neutron.db.ovn_revision_numbers_db [None req-53bb9a53-6f06-417c-b0e8-db1500c2e897 f89edc03b0824b659ab677ac4c3cb98c 5c92b624319c4da79f5fd66dad7af259 - - default default] Successfully bumped revision number for resource bfa8039a-254c-45a5-b10f-dff2191084c3 (type: router_ports) to 1
2026-09-11 18:42:36.440 9 INFO neutron.db.ovn_revision_numbers_db [None req-53bb9a53-6f06-417c-b0e8-db1500c2e897 f89edc03b0824b659ab677ac4c3cb98c 5c92b624319c4da79f5fd66dad7af259 - - default default] Successfully bumped revision number for resource bfa8039a-254c-45a5-b10f-dff2191084c3 (type: ports) to 1
2026-09-11 18:42:36.518 9 WARNING neutron.scheduler.dhcp_agent_scheduler [None req-53bb9a53-6f06-417c-b0e8-db1500c2e897 f89edc03b0824b659ab677ac4c3cb98c 5c92b624319c4da79f5fd66dad7af259 - - default default] No more DHCP agents
2026-09-11 18:42:36.520 9 WARNING neutron.api.rpc.agentnotifiers.dhcp_rpc_agent_api [None req-53bb9a53-6f06-417c-b0e8-db1500c2e897 f89edc03b0824b659ab677ac4c3cb98c 5c92b624319c4da79f5fd66dad7af259 - - default default] Unable to schedule network 71f871e1-17cf-469c-bf82-b0fbd1744d1a: no agents available; will retry on subsequent port and subnet creation events.
2026-09-11 18:42:36.558 9 INFO neutron.db.ovn_revision_numbers_db [None req-fa3f1acf-72ea-4824-90a3-d681d0c37105 8562576d89f94413a70ae97a4a10cac3 9ce981192a854de79a7a83011ba2e14e - - default default] Successfully bumped revision number for resource 9e3f4e57-a69b-4fc8-adf1-bedf7cdc6209 (type: security_groups) to 1
2026-09-11 18:42:36.583 9 INFO neutron.db.ovn_revision_numbers_db [None req-fa3f1acf-72ea-4824-90a3-d681d0c37105 8562576d89f94413a70ae97a4a10cac3 9ce981192a854de79a7a83011ba2e14e - - default default] Successfully bumped revision number for resource 3fc650a8-c88d-4946-a509-eef0c628d292 (type: security_group_rules) to 0
2026-09-11 18:42:36.591 10 INFO neutron.db.ovn_revision_numbers_db [None req-3a218d7c-672c-4cf1-bb82-44e4c90b9e5c - - - - - -] Successfully bumped revision number for resource bfa8039a-254c-45a5-b10f-dff2191084c3 (type: ports) to 2
2026-09-11 18:42:36.599 9 INFO neutron.db.ovn_revision_numbers_db [None req-fa3f1acf-72ea-4824-90a3-d681d0c37105 8562576d89f94413a70ae97a4a10cac3 9ce981192a854de79a7a83011ba2e14e - - default default] Successfully bumped revision number for resource 65fb1e2e-4bfb-4d03-9ec2-d20d8116a54f (type: security_group_rules) to 0
2026-09-11 18:42:36.622 9 INFO neutron.db.ovn_revision_numbers_db [None req-fa3f1acf-72ea-4824-90a3-d681d0c37105 8562576d89f94413a70ae97a4a10cac3 9ce981192a854de79a7a83011ba2e14e - - default default] Successfully bumped revision number for resource c4a98537-4b35-48a9-bbc4-df9aac8726f5 (type: security_group_rules) to 0
2026-09-11 18:42:36.649 9 INFO neutron.db.ovn_revision_numbers_db [None req-fa3f1acf-72ea-4824-90a3-d681d0c37105 8562576d89f94413a70ae97a4a10cac3 9ce981192a854de79a7a83011ba2e14e - - default default] Successfully bumped revision number for resource f9a97f05-5e83-44d7-a42e-7e1e1c97dee6 (type: security_group_rules) to 0
2026-09-11 18:42:36.676 9 INFO neutron.wsgi [None req-fa3f1acf-72ea-4824-90a3-d681d0c37105 8562576d89f94413a70ae97a4a10cac3 9ce981192a854de79a7a83011ba2e14e - - default default] 10.0.0.177 "GET /v2.0/security-groups?tenant_id=6a1c755f0e70448b9abd975a30bd2638&name=default HTTP/1.1" status: 200 len: 2996 time: 0.2486868
2026-09-11 18:42:36.734 10 INFO neutron.db.ovn_revision_numbers_db [None req-3a218d7c-672c-4cf1-bb82-44e4c90b9e5c - - - - - -] Successfully bumped revision number for resource bfa8039a-254c-45a5-b10f-dff2191084c3 (type: router_ports) to 2
2026-09-11 18:42:36.811 10 INFO neutron.wsgi [None req-8c1a5c57-bacb-4675-a39e-1eda4b696718 8562576d89f94413a70ae97a4a10cac3 9ce981192a854de79a7a83011ba2e14e - - default default] 10.0.0.177 "GET /v2.0/security-groups?tenant_id=b298507a6d084067bc33290504208e24&name=default HTTP/1.1" status: 200 len: 2996 time: 0.2183220
2026-09-11 18:42:36.815 9 INFO neutron.db.ovn_revision_numbers_db [None req-53bb9a53-6f06-417c-b0e8-db1500c2e897 f89edc03b0824b659ab677ac4c3cb98c 5c92b624319c4da79f5fd66dad7af259 - - default default] Successfully bumped revision number for resource bfa8039a-254c-45a5-b10f-dff2191084c3 (type: router_ports) to 2
2026-09-11 18:42:36.817 9 INFO neutron.wsgi [None req-53bb9a53-6f06-417c-b0e8-db1500c2e897 f89edc03b0824b659ab677ac4c3cb98c 5c92b624319c4da79f5fd66dad7af259 - - default default] 10.0.0.177 "PUT /v2.0/routers/34ebd414-4639-4734-9d6d-ccff9108479e/add_router_interface HTTP/1.1" status: 200 len: 503 time: 1.9906354
2026-09-11 18:42:36.949 10 INFO neutron.wsgi [None req-f747b3d2-79e7-4f9d-8b92-e9275887e618 8562576d89f94413a70ae97a4a10cac3 9ce981192a854de79a7a83011ba2e14e - - default default] 10.0.0.177 "DELETE /v2.0/security-groups/9e3f4e57-a69b-4fc8-adf1-bedf7cdc6209 HTTP/1.1" status: 204 len: 168 time: 0.2681260
2026-09-11 18:42:37.064 9 INFO neutron.db.ovn_revision_numbers_db [None req-3f79ea1e-4aaf-4bb4-83fc-7905b4cb9559 8562576d89f94413a70ae97a4a10cac3 9ce981192a854de79a7a83011ba2e14e - - default default] Successfully bumped revision number for resource b88ff993-872b-470f-8b7e-d279356f7ac6 (type: security_groups) to 1
2026-09-11 18:42:37.087 10 INFO neutron.wsgi [None req-1eec8626-d7f8-4d82-a9a8-9bb7a8c659b4 8562576d89f94413a70ae97a4a10cac3 9ce981192a854de79a7a83011ba2e14e - - default default] 10.0.0.177 "GET /v2.0/security-groups?tenant_id=4441857b6da34df3a2cd7f5f6cc6668a&name=default HTTP/1.1" status: 200 len: 2996 time: 0.0351961
2026-09-11 18:42:37.088 9 INFO neutron.db.ovn_revision_numbers_db [None req-3f79ea1e-4aaf-4bb4-83fc-7905b4cb9559 8562576d89f94413a70ae97a4a10cac3 9ce981192a854de79a7a83011ba2e14e - - default default] Successfully bumped revision number for resource 3bbf67f4-b34f-4cb6-880f-1add3cb9e9cb (type: security_group_rules) to 0
2026-09-11 18:42:37.116 9 INFO neutron.db.ovn_revision_numbers_db [None req-3f79ea1e-4aaf-4bb4-83fc-7905b4cb9559 8562576d89f94413a70ae97a4a10cac3 9ce981192a854de79a7a83011ba2e14e - - default default] Successfully bumped revision number for resource 677eda81-d48f-4495-83d2-bb344e254770 (type: security_group_rules) to 0
2026-09-11 18:42:37.139 9 INFO neutron.db.ovn_revision_numbers_db [None req-3f79ea1e-4aaf-4bb4-83fc-7905b4cb9559 8562576d89f94413a70ae97a4a10cac3 9ce981192a854de79a7a83011ba2e14e - - default default] Successfully bumped revision number for resource aa349f19-305d-4469-91eb-d650a0fdd49f (type: security_group_rules) to 0
2026-09-11 18:42:37.171 9 INFO neutron.db.ovn_revision_numbers_db [None req-3f79ea1e-4aaf-4bb4-83fc-7905b4cb9559 8562576d89f94413a70ae97a4a10cac3 9ce981192a854de79a7a83011ba2e14e - - default default] Successfully bumped revision number for resource c91db40e-d952-4e04-aae3-e40f6f15b8eb (type: security_group_rules) to 0
2026-09-11 18:42:37.185 9 INFO neutron.wsgi [None req-08d54054-44dc-46d7-a0eb-a613f818368e 8562576d89f94413a70ae97a4a10cac3 9ce981192a854de79a7a83011ba2e14e - - default default] 10.0.0.177 "DELETE /v2.0/security-groups/6701e41e-f974-47e3-8992-fc5a8812ed28 HTTP/1.1" status: 204 len: 168 time: 0.3663213
2026-09-11 18:42:37.207 9 INFO neutron.wsgi [None req-3f79ea1e-4aaf-4bb4-83fc-7905b4cb9559 8562576d89f94413a70ae97a4a10cac3 9ce981192a854de79a7a83011ba2e14e - - default default] 10.0.0.177 "GET /v2.0/security-groups?tenant_id=1bc5a41828fb4b13960ac2fceb0d14f4&name=default HTTP/1.1" status: 200 len: 2996 time: 0.4229298
2026-09-11 18:42:37.293 10 INFO neutron.wsgi [None req-a3f3e5b6-631f-44d5-a6d5-d9039294d857 8562576d89f94413a70ae97a4a10cac3 9ce981192a854de79a7a83011ba2e14e - - default default] 10.0.0.177 "DELETE /v2.0/security-groups/caae7448-c748-438d-b159-6cd7ce72f940 HTTP/1.1" status: 204 len: 168 time: 0.2013388
2026-09-11 18:42:37.413 10 INFO neutron.wsgi [None req-e93441dd-04b7-4ee2-bf78-db2f1d2ccfcd 8562576d89f94413a70ae97a4a10cac3 9ce981192a854de79a7a83011ba2e14e - - default default] 10.0.0.177 "DELETE /v2.0/security-groups/b88ff993-872b-470f-8b7e-d279356f7ac6 HTTP/1.1" status: 204 len: 168 time: 0.2009580
2026-09-11 18:42:37.455 9 WARNING neutron.scheduler.dhcp_agent_scheduler [None req-471ed8b1-6cd4-4278-b58f-b8e75ab96bbd f89edc03b0824b659ab677ac4c3cb98c 5c92b624319c4da79f5fd66dad7af259 - - default default] No more DHCP agents
2026-09-11 18:42:37.460 9 WARNING neutron.api.rpc.agentnotifiers.dhcp_rpc_agent_api [None req-471ed8b1-6cd4-4278-b58f-b8e75ab96bbd f89edc03b0824b659ab677ac4c3cb98c 5c92b624319c4da79f5fd66dad7af259 - - default default] Unable to schedule network 71f871e1-17cf-469c-bf82-b0fbd1744d1a: no agents available; will retry on subsequent port and subnet creation events.
2026-09-11 18:42:37.632 9 INFO neutron.db.ovn_revision_numbers_db [None req-471ed8b1-6cd4-4278-b58f-b8e75ab96bbd f89edc03b0824b659ab677ac4c3cb98c 5c92b624319c4da79f5fd66dad7af259 - - default default] Successfully bumped revision number for resource fc26c840-c87f-425c-8881-b3337ae568a3 (type: ports) to 1
2026-09-11 18:42:37.657 9 INFO neutron.wsgi [None req-471ed8b1-6cd4-4278-b58f-b8e75ab96bbd f89edc03b0824b659ab677ac4c3cb98c 5c92b624319c4da79f5fd66dad7af259 - - default default] 10.0.0.177 "POST /v2.0/ports HTTP/1.1" status: 201 len: 1158 time: 0.8347986 /var/lib/openstack/lib/python3.10/site-packages/pycadf/identifier.py:71: UserWarning: Invalid uuid: neutron. To ensure interoperability, identifiers should be a valid uuid. warnings.warn(('Invalid uuid: %s. To ensure interoperability, '
2026-09-11 18:42:37.955 9 WARNING neutron.scheduler.dhcp_agent_scheduler [None req-049a05c6-c7ac-4b27-8fc1-3de8510c530f f89edc03b0824b659ab677ac4c3cb98c 5c92b624319c4da79f5fd66dad7af259 - - default default] No more DHCP agents
2026-09-11 18:42:37.957 9 WARNING neutron.api.rpc.agentnotifiers.dhcp_rpc_agent_api [None req-049a05c6-c7ac-4b27-8fc1-3de8510c530f f89edc03b0824b659ab677ac4c3cb98c 5c92b624319c4da79f5fd66dad7af259 - - default default] Unable to schedule network 71f871e1-17cf-469c-bf82-b0fbd1744d1a: no agents available; will retry on subsequent port and subnet creation events.
2026-09-11 18:42:38.116 9 INFO neutron.db.ovn_revision_numbers_db [None req-049a05c6-c7ac-4b27-8fc1-3de8510c530f f89edc03b0824b659ab677ac4c3cb98c 5c92b624319c4da79f5fd66dad7af259 - - default default] Successfully bumped revision number for resource ba45ca11-da9c-428c-a566-e1294eafb209 (type: ports) to 1
2026-09-11 18:42:38.135 9 INFO neutron.wsgi [None req-049a05c6-c7ac-4b27-8fc1-3de8510c530f f89edc03b0824b659ab677ac4c3cb98c 5c92b624319c4da79f5fd66dad7af259 - - default default] 10.0.0.177 "POST /v2.0/ports HTTP/1.1" status: 201 len: 1154 time: 0.4717386 /var/lib/openstack/lib/python3.10/site-packages/pycadf/identifier.py:71: UserWarning: Invalid uuid: neutron. To ensure interoperability, identifiers should be a valid uuid. warnings.warn(('Invalid uuid: %s. To ensure interoperability, '
2026-09-11 18:42:38.381 9 WARNING neutron.scheduler.dhcp_agent_scheduler [None req-800a4938-884e-4676-b423-374b713b63f1 f89edc03b0824b659ab677ac4c3cb98c 5c92b624319c4da79f5fd66dad7af259 - - default default] No more DHCP agents
2026-09-11 18:42:38.382 9 WARNING neutron.api.rpc.agentnotifiers.dhcp_rpc_agent_api [None req-800a4938-884e-4676-b423-374b713b63f1 f89edc03b0824b659ab677ac4c3cb98c 5c92b624319c4da79f5fd66dad7af259 - - default default] Unable to schedule network a99854ed-6c4f-4a71-9877-457a1a1331f2: no agents available; will retry on subsequent port and subnet creation events.
