2026-09-11 18:43:28.914 9 WARNING neutron.scheduler.dhcp_agent_scheduler [None req-99a44aed-a1da-4d82-85f1-8376cb38f9df 327f1232ea8745c4ab850f7a08381b2c 75e764d737414b3ea78935b69125d3cc - - default default] No more DHCP agents
2026-09-11 18:43:28.929 9 WARNING neutron.api.rpc.agentnotifiers.dhcp_rpc_agent_api [None req-99a44aed-a1da-4d82-85f1-8376cb38f9df 327f1232ea8745c4ab850f7a08381b2c 75e764d737414b3ea78935b69125d3cc - - default default] Unable to schedule network a99854ed-6c4f-4a71-9877-457a1a1331f2: no agents available; will retry on subsequent port and subnet creation events.
2026-09-11 18:43:29.035 9 INFO neutron.plugins.ml2.drivers.ovn.mech_driver.mech_driver [None req-2fc1cc0b-8c71-43a4-a3a4-329a64e56967 - - - - - -] OVN reports status up for port: 669c3a08-7118-464c-940a-78c014fc8a8a
2026-09-11 18:43:29.054 10 INFO neutron.plugins.ml2.drivers.ovn.mech_driver.ovsdb.ovsdb_monitor [None req-18c6ce01-8a41-4917-922d-013e27884ad6 - - - - - -] Router 764e727d-640e-4b10-9d9f-0082949b1a2b is bound to host instance
2026-09-11 18:43:29.078 9 INFO neutron.plugins.ml2.plugin [None req-2fc1cc0b-8c71-43a4-a3a4-329a64e56967 - - - - - -] Attempt 1 to provision port 669c3a08-7118-464c-940a-78c014fc8a8a
2026-09-11 18:43:29.110 9 INFO neutron.db.ovn_revision_numbers_db [None req-68304ef7-98c3-41ef-897a-467ff266f2b4 8562576d89f94413a70ae97a4a10cac3 9ce981192a854de79a7a83011ba2e14e - - default default] Successfully bumped revision number for resource 669c3a08-7118-464c-940a-78c014fc8a8a (type: router_ports) to 1
2026-09-11 18:43:29.219 9 INFO neutron.db.ovn_revision_numbers_db [None req-68304ef7-98c3-41ef-897a-467ff266f2b4 8562576d89f94413a70ae97a4a10cac3 9ce981192a854de79a7a83011ba2e14e - - default default] Successfully bumped revision number for resource 764e727d-640e-4b10-9d9f-0082949b1a2b (type: routers) to 2
2026-09-11 18:43:29.235 9 INFO neutron.wsgi [None req-68304ef7-98c3-41ef-897a-467ff266f2b4 8562576d89f94413a70ae97a4a10cac3 9ce981192a854de79a7a83011ba2e14e - - default default] 10.0.0.177 "POST /v2.0/routers HTTP/1.1" status: 201 len: 874 time: 1.7851393
2026-09-11 18:43:29.384 9 INFO neutron.db.ovn_revision_numbers_db [None req-99a44aed-a1da-4d82-85f1-8376cb38f9df 327f1232ea8745c4ab850f7a08381b2c 75e764d737414b3ea78935b69125d3cc - - default default] Successfully bumped revision number for resource 9a3b8a8a-c526-4fd1-8535-7b93823e3423 (type: floatingips) to 0
2026-09-11 18:43:29.397 9 INFO neutron.wsgi [None req-99a44aed-a1da-4d82-85f1-8376cb38f9df 327f1232ea8745c4ab850f7a08381b2c 75e764d737414b3ea78935b69125d3cc - - default default] 10.0.0.177 "POST /v2.0/floatingips HTTP/1.1" status: 201 len: 751 time: 1.3238347
2026-09-11 18:43:29.449 9 INFO neutron.wsgi [None req-c4ad2bcd-30bf-439c-80a6-b1281d31789b 327f1232ea8745c4ab850f7a08381b2c 75e764d737414b3ea78935b69125d3cc - - default default] 10.0.0.177 "PUT /v2.0/floatingips/9a3b8a8a-c526-4fd1-8535-7b93823e3423/tags HTTP/1.1" status: 200 len: 218 time: 0.0455527
2026-09-11 18:43:29.480 9 INFO neutron.wsgi [None req-1299ece1-d6c7-4f63-863e-6c19bedc0730 327f1232ea8745c4ab850f7a08381b2c 75e764d737414b3ea78935b69125d3cc - - default default] 10.0.0.177 "GET /v2.0/floatingips/9a3b8a8a-c526-4fd1-8535-7b93823e3423/tags HTTP/1.1" status: 200 len: 218 time: 0.0230124
2026-09-11 18:43:29.525 9 INFO neutron.wsgi [None req-6a2a04ea-32f2-454f-949c-3657abeffee5 327f1232ea8745c4ab850f7a08381b2c 75e764d737414b3ea78935b69125d3cc - - default default] 10.0.0.177 "PUT /v2.0/floatingips/9a3b8a8a-c526-4fd1-8535-7b93823e3423/tags/green HTTP/1.1" status: 201 len: 201 time: 0.0363190
2026-09-11 18:43:29.556 9 INFO neutron.wsgi [None req-3bf21fe4-7816-4175-bb53-946935458269 327f1232ea8745c4ab850f7a08381b2c 75e764d737414b3ea78935b69125d3cc - - default default] 10.0.0.177 "GET /v2.0/floatingips/9a3b8a8a-c526-4fd1-8535-7b93823e3423/tags HTTP/1.1" status: 200 len: 227 time: 0.0258343
2026-09-11 18:43:29.594 9 INFO neutron.wsgi [None req-b1c97ca8-a52f-4040-bc77-a94aa0c51a11 327f1232ea8745c4ab850f7a08381b2c 75e764d737414b3ea78935b69125d3cc - - default default] 10.0.0.177 "PUT /v2.0/floatingips/9a3b8a8a-c526-4fd1-8535-7b93823e3423/tags/red HTTP/1.1" status: 201 len: 201 time: 0.0319197
2026-09-11 18:43:29.646 9 INFO neutron.wsgi [None req-11062a08-647d-4b22-83ab-dcb375d8fd68 327f1232ea8745c4ab850f7a08381b2c 75e764d737414b3ea78935b69125d3cc - - default default] 10.0.0.177 "GET /v2.0/floatingips/9a3b8a8a-c526-4fd1-8535-7b93823e3423/tags HTTP/1.1" status: 200 len: 227 time: 0.0447574
2026-09-11 18:43:29.707 9 INFO neutron.wsgi [None req-afb96af1-893a-4923-80e1-d6cce6287cae 327f1232ea8745c4ab850f7a08381b2c 75e764d737414b3ea78935b69125d3cc - - default default] 10.0.0.177 "PUT /v2.0/floatingips/9a3b8a8a-c526-4fd1-8535-7b93823e3423/tags/black.or.white HTTP/1.1" status: 201 len: 201 time: 0.0534446
2026-09-11 18:43:29.733 9 INFO neutron.wsgi [None req-f078063a-7494-44f3-8d92-bee65c02afbe 327f1232ea8745c4ab850f7a08381b2c 75e764d737414b3ea78935b69125d3cc - - default default] 10.0.0.177 "GET /v2.0/floatingips/9a3b8a8a-c526-4fd1-8535-7b93823e3423/tags HTTP/1.1" status: 200 len: 245 time: 0.0204837
2026-09-11 18:43:29.773 9 INFO neutron.wsgi [None req-0496b772-84a0-46a0-8eb8-064446353098 327f1232ea8745c4ab850f7a08381b2c 75e764d737414b3ea78935b69125d3cc - - default default] 10.0.0.177 "PUT /v2.0/floatingips/9a3b8a8a-c526-4fd1-8535-7b93823e3423/tags HTTP/1.1" status: 200 len: 230 time: 0.0362642
2026-09-11 18:43:29.832 9 INFO neutron.wsgi [None req-cd171827-3b95-4b44-8b4b-e218e92f210e 327f1232ea8745c4ab850f7a08381b2c 75e764d737414b3ea78935b69125d3cc - - default default] 10.0.0.177 "GET /v2.0/floatingips/9a3b8a8a-c526-4fd1-8535-7b93823e3423/tags HTTP/1.1" status: 200 len: 230 time: 0.0542336
2026-09-11 18:43:29.896 9 INFO neutron.wsgi [None req-38dc2c31-0683-4de3-97ff-12d6e382a23c 327f1232ea8745c4ab850f7a08381b2c 75e764d737414b3ea78935b69125d3cc - - default default] 10.0.0.177 "GET /v2.0/floatingips/9a3b8a8a-c526-4fd1-8535-7b93823e3423/tags/red HTTP/1.1" status: 204 len: 168 time: 0.0592101
2026-09-11 18:43:29.935 9 INFO neutron.api.v2.resource [None req-1fc15f3a-c916-4942-ac72-230e144f288c 327f1232ea8745c4ab850f7a08381b2c 75e764d737414b3ea78935b69125d3cc - - default default] show failed (client error): The resource could not be found.
2026-09-11 18:43:29.936 9 INFO neutron.wsgi [None req-1fc15f3a-c916-4942-ac72-230e144f288c 327f1232ea8745c4ab850f7a08381b2c 75e764d737414b3ea78935b69125d3cc - - default default] 10.0.0.177 "GET /v2.0/floatingips/9a3b8a8a-c526-4fd1-8535-7b93823e3423/tags/green HTTP/1.1" status: 404 len: 299 time: 0.0328777
2026-09-11 18:43:29.986 9 INFO neutron.wsgi [None req-86f0eff4-4c95-4106-a0cf-dc859a73fa12 327f1232ea8745c4ab850f7a08381b2c 75e764d737414b3ea78935b69125d3cc - - default default] 10.0.0.177 "DELETE /v2.0/floatingips/9a3b8a8a-c526-4fd1-8535-7b93823e3423/tags/red HTTP/1.1" status: 204 len: 168 time: 0.0449858
2026-09-11 18:43:30.011 9 INFO neutron.wsgi [None req-4ac0af73-e7ff-4bb2-af67-280ccbe0c6f5 327f1232ea8745c4ab850f7a08381b2c 75e764d737414b3ea78935b69125d3cc - - default default] 10.0.0.177 "GET /v2.0/floatingips/9a3b8a8a-c526-4fd1-8535-7b93823e3423/tags HTTP/1.1" status: 200 len: 223 time: 0.0213072
2026-09-11 18:43:30.043 9 INFO neutron.api.v2.resource [None req-785c4255-1112-403c-9ce1-d3fb6a8ecc1b 327f1232ea8745c4ab850f7a08381b2c 75e764d737414b3ea78935b69125d3cc - - default default] delete failed (client error): The resource could not be found.
2026-09-11 18:43:30.045 9 INFO neutron.wsgi [None req-785c4255-1112-403c-9ce1-d3fb6a8ecc1b 327f1232ea8745c4ab850f7a08381b2c 75e764d737414b3ea78935b69125d3cc - - default default] 10.0.0.177 "DELETE /v2.0/floatingips/9a3b8a8a-c526-4fd1-8535-7b93823e3423/tags/green HTTP/1.1" status: 404 len: 299 time: 0.0299640
2026-09-11 18:43:30.110 10 INFO neutron.db.ovn_revision_numbers_db [None req-18c6ce01-8a41-4917-922d-013e27884ad6 - - - - - -] Successfully bumped revision number for resource 669c3a08-7118-464c-940a-78c014fc8a8a (type: ports) to 1
2026-09-11 18:43:30.118 9 INFO neutron.db.ovn_revision_numbers_db [None req-11928498-a6aa-4ffc-bba8-2c84f04827cf 8562576d89f94413a70ae97a4a10cac3 9ce981192a854de79a7a83011ba2e14e - - default default] Successfully bumped revision number for resource 7867d38e-c672-45c4-b46e-07ef0f7336dd (type: security_groups) to 1
2026-09-11 18:43:30.126 10 WARNING neutron.scheduler.dhcp_agent_scheduler [None req-f0ab308e-3f46-4e16-a7d9-a0b674589dda 8562576d89f94413a70ae97a4a10cac3 9ce981192a854de79a7a83011ba2e14e - - default default] No more DHCP agents
2026-09-11 18:43:30.129 10 INFO neutron.wsgi [None req-c6010d9d-2998-4baf-b266-4a2ae8f40cf1 327f1232ea8745c4ab850f7a08381b2c 75e764d737414b3ea78935b69125d3cc - - default default] 10.0.0.177 "DELETE /v2.0/floatingips/9a3b8a8a-c526-4fd1-8535-7b93823e3423/tags HTTP/1.1" status: 204 len: 168 time: 0.0747445
2026-09-11 18:43:30.129 9 INFO neutron.db.ovn_revision_numbers_db [None req-11928498-a6aa-4ffc-bba8-2c84f04827cf 8562576d89f94413a70ae97a4a10cac3 9ce981192a854de79a7a83011ba2e14e - - default default] Successfully bumped revision number for resource 24f9292a-11bf-4329-8a19-6ad5726b5d1d (type: security_group_rules) to 0
2026-09-11 18:43:30.130 10 WARNING neutron.api.rpc.agentnotifiers.dhcp_rpc_agent_api [None req-f0ab308e-3f46-4e16-a7d9-a0b674589dda 8562576d89f94413a70ae97a4a10cac3 9ce981192a854de79a7a83011ba2e14e - - default default] Unable to schedule network d1f93086-bf06-4b2c-992a-342e10a75795: no agents available; will retry on subsequent port and subnet creation events.
2026-09-11 18:43:30.156 9 INFO neutron.wsgi [None req-2e61c214-17a8-465e-b9e6-4b4230ae5fc2 327f1232ea8745c4ab850f7a08381b2c 75e764d737414b3ea78935b69125d3cc - - default default] 10.0.0.177 "GET /v2.0/floatingips/9a3b8a8a-c526-4fd1-8535-7b93823e3423/tags HTTP/1.1" status: 200 len: 205 time: 0.0231946
2026-09-11 18:43:30.159 9 INFO neutron.db.ovn_revision_numbers_db [None req-11928498-a6aa-4ffc-bba8-2c84f04827cf 8562576d89f94413a70ae97a4a10cac3 9ce981192a854de79a7a83011ba2e14e - - default default] Successfully bumped revision number for resource 31e77b0a-59f9-4b9f-90b8-ba81f35e4c00 (type: security_group_rules) to 0
2026-09-11 18:43:30.187 9 INFO neutron.db.ovn_revision_numbers_db [None req-11928498-a6aa-4ffc-bba8-2c84f04827cf 8562576d89f94413a70ae97a4a10cac3 9ce981192a854de79a7a83011ba2e14e - - default default] Successfully bumped revision number for resource 76653562-b82f-4ab1-8b92-a90faff96329 (type: security_group_rules) to 0
2026-09-11 18:43:30.217 9 INFO neutron.db.ovn_revision_numbers_db [None req-11928498-a6aa-4ffc-bba8-2c84f04827cf 8562576d89f94413a70ae97a4a10cac3 9ce981192a854de79a7a83011ba2e14e - - default default] Successfully bumped revision number for resource aa4bf113-5d51-4a87-86fc-acf2c42aabfe (type: security_group_rules) to 0
2026-09-11 18:43:30.239 9 INFO neutron.wsgi [None req-11928498-a6aa-4ffc-bba8-2c84f04827cf 8562576d89f94413a70ae97a4a10cac3 9ce981192a854de79a7a83011ba2e14e - - default default] 10.0.0.177 "GET /v2.0/security-groups?tenant_id=6ef54c5780014ac7a2640694d5d588b1&name=default HTTP/1.1" status: 200 len: 2996 time: 0.4181252
2026-09-11 18:43:30.342 10 INFO neutron.db.ovn_revision_numbers_db [None req-f0ab308e-3f46-4e16-a7d9-a0b674589dda 8562576d89f94413a70ae97a4a10cac3 9ce981192a854de79a7a83011ba2e14e - - default default] Successfully bumped revision number for resource 5b6570b1-9e51-43d4-bf6a-0ccc65ebee03 (type: ports) to 1
2026-09-11 18:43:30.468 10 INFO neutron.db.ovn_revision_numbers_db [None req-18c6ce01-8a41-4917-922d-013e27884ad6 - - - - - -] Successfully bumped revision number for resource 669c3a08-7118-464c-940a-78c014fc8a8a (type: router_ports) to 3
2026-09-11 18:43:30.522 9 INFO neutron.wsgi [None req-5899c05e-b0c7-4eac-9a0b-a52b9183e93f 327f1232ea8745c4ab850f7a08381b2c 75e764d737414b3ea78935b69125d3cc - - default default] 10.0.0.177 "DELETE /v2.0/floatingips/9a3b8a8a-c526-4fd1-8535-7b93823e3423 HTTP/1.1" status: 204 len: 168 time: 0.3600900
2026-09-11 18:43:30.526 9 INFO neutron.wsgi [None req-cdaad344-8782-41c9-8752-29f3cabfd941 8562576d89f94413a70ae97a4a10cac3 9ce981192a854de79a7a83011ba2e14e - - default default] 10.0.0.177 "DELETE /v2.0/security-groups/7867d38e-c672-45c4-b46e-07ef0f7336dd HTTP/1.1" status: 204 len: 168 time: 0.2779515
2026-09-11 18:43:30.651 10 INFO neutron.db.ovn_revision_numbers_db [None req-18c6ce01-8a41-4917-922d-013e27884ad6 - - - - - -] Successfully bumped revision number for resource 669c3a08-7118-464c-940a-78c014fc8a8a (type: ports) to 2
2026-09-11 18:43:30.777 9 INFO neutron.db.ovn_revision_numbers_db [None req-5bb19b21-4ef0-4c37-b556-26131d53cb90 8562576d89f94413a70ae97a4a10cac3 9ce981192a854de79a7a83011ba2e14e - - default default] Successfully bumped revision number for resource 31e2e7c3-6f38-43ef-a8a8-4122165a0ede (type: security_groups) to 1
2026-09-11 18:43:30.792 9 INFO neutron.db.ovn_revision_numbers_db [None req-5bb19b21-4ef0-4c37-b556-26131d53cb90 8562576d89f94413a70ae97a4a10cac3 9ce981192a854de79a7a83011ba2e14e - - default default] Successfully bumped revision number for resource 60a3f466-4f0e-494e-938e-53d1d0c97755 (type: security_group_rules) to 0
2026-09-11 18:43:30.807 9 INFO neutron.db.ovn_revision_numbers_db [None req-5bb19b21-4ef0-4c37-b556-26131d53cb90 8562576d89f94413a70ae97a4a10cac3 9ce981192a854de79a7a83011ba2e14e - - default default] Successfully bumped revision number for resource 7e3de419-22e3-43ba-afa8-edb54fb8967b (type: security_group_rules) to 0
2026-09-11 18:43:30.830 10 INFO neutron.plugins.ml2.drivers.ovn.mech_driver.mech_driver [None req-3a218d7c-672c-4cf1-bb82-44e4c90b9e5c - - - - - -] OVN reports status up for port: 5b6570b1-9e51-43d4-bf6a-0ccc65ebee03
2026-09-11 18:43:30.831 9 INFO neutron.db.ovn_revision_numbers_db [None req-5bb19b21-4ef0-4c37-b556-26131d53cb90 8562576d89f94413a70ae97a4a10cac3 9ce981192a854de79a7a83011ba2e14e - - default default] Successfully bumped revision number for resource c4192303-b25a-4d78-88bd-265ef05f936b (type: security_group_rules) to 0
2026-09-11 18:43:30.840 10 INFO neutron.plugins.ml2.plugin [None req-3a218d7c-672c-4cf1-bb82-44e4c90b9e5c - - - - - -] Attempt 1 to provision port 5b6570b1-9e51-43d4-bf6a-0ccc65ebee03
2026-09-11 18:43:30.849 9 INFO neutron.db.ovn_revision_numbers_db [None req-5bb19b21-4ef0-4c37-b556-26131d53cb90 8562576d89f94413a70ae97a4a10cac3 9ce981192a854de79a7a83011ba2e14e - - default default] Successfully bumped revision number for resource cea58339-49b8-4d19-acdf-ed4de3042176 (type: security_group_rules) to 0
2026-09-11 18:43:30.858 10 INFO neutron.db.ovn_revision_numbers_db [None req-f0ab308e-3f46-4e16-a7d9-a0b674589dda 8562576d89f94413a70ae97a4a10cac3 9ce981192a854de79a7a83011ba2e14e - - default default] Successfully bumped revision number for resource 5b6570b1-9e51-43d4-bf6a-0ccc65ebee03 (type: router_ports) to 1
2026-09-11 18:43:30.872 9 INFO neutron.wsgi [None req-5bb19b21-4ef0-4c37-b556-26131d53cb90 8562576d89f94413a70ae97a4a10cac3 9ce981192a854de79a7a83011ba2e14e - - default default] 10.0.0.177 "GET /v2.0/security-groups?tenant_id=f697e829d98e423da3c9179444ef1f2c&name=default HTTP/1.1" status: 200 len: 2996 time: 0.2381582
2026-09-11 18:43:31.023 10 INFO neutron.db.ovn_revision_numbers_db [None req-18c6ce01-8a41-4917-922d-013e27884ad6 - - - - - -] Successfully bumped revision number for resource 669c3a08-7118-464c-940a-78c014fc8a8a (type: ports) to 4
2026-09-11 18:43:31.065 9 INFO neutron.wsgi [None req-8f235047-063b-436d-971d-121752cdb386 8562576d89f94413a70ae97a4a10cac3 9ce981192a854de79a7a83011ba2e14e - - default default] 10.0.0.177 "DELETE /v2.0/security-groups/31e2e7c3-6f38-43ef-a8a8-4122165a0ede HTTP/1.1" status: 204 len: 168 time: 0.1867170
2026-09-11 18:43:31.178 10 INFO neutron.db.ovn_revision_numbers_db [None req-f0ab308e-3f46-4e16-a7d9-a0b674589dda 8562576d89f94413a70ae97a4a10cac3 9ce981192a854de79a7a83011ba2e14e - - default default] Successfully bumped revision number for resource 5b6570b1-9e51-43d4-bf6a-0ccc65ebee03 (type: ports) to 1
2026-09-11 18:43:31.317 10 WARNING neutron.scheduler.dhcp_agent_scheduler [None req-f0ab308e-3f46-4e16-a7d9-a0b674589dda 8562576d89f94413a70ae97a4a10cac3 9ce981192a854de79a7a83011ba2e14e - - default default] No more DHCP agents
2026-09-11 18:43:31.333 10 WARNING neutron.api.rpc.agentnotifiers.dhcp_rpc_agent_api [None req-f0ab308e-3f46-4e16-a7d9-a0b674589dda 8562576d89f94413a70ae97a4a10cac3 9ce981192a854de79a7a83011ba2e14e - - default default] Unable to schedule network d1f93086-bf06-4b2c-992a-342e10a75795: no agents available; will retry on subsequent port and subnet creation events.
2026-09-11 18:43:31.367 10 INFO neutron.db.ovn_revision_numbers_db [None req-3a218d7c-672c-4cf1-bb82-44e4c90b9e5c - - - - - -] Successfully bumped revision number for resource 5b6570b1-9e51-43d4-bf6a-0ccc65ebee03 (type: ports) to 2
2026-09-11 18:43:31.573 9 INFO neutron.db.ovn_revision_numbers_db [None req-5a7c3805-1294-4d52-b41b-f55b3b6c5abe 8562576d89f94413a70ae97a4a10cac3 9ce981192a854de79a7a83011ba2e14e - - default default] Successfully bumped revision number for resource fe240aa1-86f0-49f3-b91a-049afe778819 (type: security_groups) to 1
2026-09-11 18:43:31.587 9 INFO neutron.db.ovn_revision_numbers_db [None req-5a7c3805-1294-4d52-b41b-f55b3b6c5abe 8562576d89f94413a70ae97a4a10cac3 9ce981192a854de79a7a83011ba2e14e - - default default] Successfully bumped revision number for resource 3c0137a7-ef87-4468-b6dd-e7ab0c3316e6 (type: security_group_rules) to 0
2026-09-11 18:43:31.602 9 INFO neutron.db.ovn_revision_numbers_db [None req-5a7c3805-1294-4d52-b41b-f55b3b6c5abe 8562576d89f94413a70ae97a4a10cac3 9ce981192a854de79a7a83011ba2e14e - - default default] Successfully bumped revision number for resource 3faeaefd-c689-44f3-bbdf-25468b7b8957 (type: security_group_rules) to 0
2026-09-11 18:43:31.620 9 INFO neutron.db.ovn_revision_numbers_db [None req-5a7c3805-1294-4d52-b41b-f55b3b6c5abe 8562576d89f94413a70ae97a4a10cac3 9ce981192a854de79a7a83011ba2e14e - - default default] Successfully bumped revision number for resource 4f840ff6-0ddc-4817-b028-973bb42ff085 (type: security_group_rules) to 0
2026-09-11 18:43:31.636 9 INFO neutron.db.ovn_revision_numbers_db [None req-5a7c3805-1294-4d52-b41b-f55b3b6c5abe 8562576d89f94413a70ae97a4a10cac3 9ce981192a854de79a7a83011ba2e14e - - default default] Successfully bumped revision number for resource 5af13d6e-4a72-4fdc-9801-3b7fdb0b658b (type: security_group_rules) to 0
2026-09-11 18:43:31.658 9 INFO neutron.wsgi [None req-5a7c3805-1294-4d52-b41b-f55b3b6c5abe 8562576d89f94413a70ae97a4a10cac3 9ce981192a854de79a7a83011ba2e14e - - default default] 10.0.0.177 "GET /v2.0/security-groups?tenant_id=75e764d737414b3ea78935b69125d3cc&name=default HTTP/1.1" status: 200 len: 2996 time: 0.4053233
2026-09-11 18:43:31.691 10 INFO neutron.db.ovn_revision_numbers_db [None req-18c6ce01-8a41-4917-922d-013e27884ad6 - - - - - -] Successfully bumped revision number for resource 669c3a08-7118-464c-940a-78c014fc8a8a (type: router_ports) to 4
2026-09-11 18:43:31.789 10 INFO neutron.db.ovn_revision_numbers_db [None req-3a218d7c-672c-4cf1-bb82-44e4c90b9e5c - - - - - -] Successfully bumped revision number for resource 5b6570b1-9e51-43d4-bf6a-0ccc65ebee03 (type: router_ports) to 2
2026-09-11 18:43:31.841 9 INFO neutron.wsgi [None req-c9b3988f-f6f6-456d-b144-708f504298da 2db6036d2b4f4f299164e6d604341218 a3ce0d58bed34914835514b9351fbc62 - - default default] 10.0.0.177 "GET /v2.0/ports?project_id=e2e9497ef4ab4897a5b3e1eb9407a246&network_id=a00da842-ba02-4837-9dd6-de517f956691 HTTP/1.1" status: 200 len: 3510 time: 0.0522265
2026-09-11 18:43:31.880 9 INFO neutron.wsgi [None req-199f4a7c-08b4-4064-b77d-677aa26f36cf 8562576d89f94413a70ae97a4a10cac3 9ce981192a854de79a7a83011ba2e14e - - default default] 10.0.0.177 "DELETE /v2.0/security-groups/fe240aa1-86f0-49f3-b91a-049afe778819 HTTP/1.1" status: 204 len: 168 time: 0.2167664
2026-09-11 18:43:32.217 10 INFO neutron.db.ovn_revision_numbers_db [None req-7214028a-8327-461d-b182-ac8f405657d6 8562576d89f94413a70ae97a4a10cac3 9ce981192a854de79a7a83011ba2e14e - - default default] Successfully bumped revision number for resource 7f893391-ec1e-44ce-a900-f3421c5995ab (type: security_groups) to 1
2026-09-11 18:43:32.239 10 INFO neutron.db.ovn_revision_numbers_db [None req-7214028a-8327-461d-b182-ac8f405657d6 8562576d89f94413a70ae97a4a10cac3 9ce981192a854de79a7a83011ba2e14e - - default default] Successfully bumped revision number for resource d78ce10f-1c11-4074-a80d-2baa1ae58e2e (type: security_group_rules) to 0
2026-09-11 18:43:32.244 9 INFO neutron.wsgi [None req-50d199b8-b88b-4bb3-8577-ab22351ff425 2db6036d2b4f4f299164e6d604341218 a3ce0d58bed34914835514b9351fbc62 - - default default] 10.0.0.177 "GET /v2.0/subnets?network_id=a99854ed-6c4f-4a71-9877-457a1a1331f2 HTTP/1.1" status: 200 len: 838 time: 0.0585859
2026-09-11 18:43:32.263 10 INFO neutron.db.ovn_revision_numbers_db [None req-7214028a-8327-461d-b182-ac8f405657d6 8562576d89f94413a70ae97a4a10cac3 9ce981192a854de79a7a83011ba2e14e - - default default] Successfully bumped revision number for resource db310038-dac7-4fdb-841a-ce3904a5a49e (type: security_group_rules) to 0
2026-09-11 18:43:32.278 10 INFO neutron.db.ovn_revision_numbers_db [None req-7214028a-8327-461d-b182-ac8f405657d6 8562576d89f94413a70ae97a4a10cac3 9ce981192a854de79a7a83011ba2e14e - - default default] Successfully bumped revision number for resource f15f9781-c260-4c2c-b1de-20819eff5459 (type: security_group_rules) to 0
2026-09-11 18:43:32.301 10 INFO neutron.db.ovn_revision_numbers_db [None req-f0ab308e-3f46-4e16-a7d9-a0b674589dda 8562576d89f94413a70ae97a4a10cac3 9ce981192a854de79a7a83011ba2e14e - - default default] Successfully bumped revision number for resource 5b6570b1-9e51-43d4-bf6a-0ccc65ebee03 (type: router_ports) to 2
2026-09-11 18:43:32.303 10 INFO neutron.wsgi [None req-f0ab308e-3f46-4e16-a7d9-a0b674589dda 8562576d89f94413a70ae97a4a10cac3 9ce981192a854de79a7a83011ba2e14e - - default default] 10.0.0.177 "PUT /v2.0/routers/764e727d-640e-4b10-9d9f-0082949b1a2b/add_router_interface HTTP/1.1" status: 200 len: 503 time: 3.0611243
2026-09-11 18:43:32.303 10 INFO neutron.db.ovn_revision_numbers_db [None req-7214028a-8327-461d-b182-ac8f405657d6 8562576d89f94413a70ae97a4a10cac3 9ce981192a854de79a7a83011ba2e14e - - default default] Successfully bumped revision number for resource fd8c25f6-3374-430a-a149-2f43bbbc151b (type: security_group_rules) to 0
2026-09-11 18:43:32.341 10 INFO neutron.wsgi [None req-7214028a-8327-461d-b182-ac8f405657d6 8562576d89f94413a70ae97a4a10cac3 9ce981192a854de79a7a83011ba2e14e - - default default] 10.0.0.177 "GET /v2.0/security-groups?tenant_id=87580c58fa88405f93aba7b7d55f9890&name=default HTTP/1.1" status: 200 len: 2996 time: 0.3063872
2026-09-11 18:43:32.583 10 INFO neutron.db.l3_db [None req-b66da771-16c3-4830-90e6-18ebb5142608 8f13eceda4a847af951e730a491f0c50 e2e9497ef4ab4897a5b3e1eb9407a246 - - default default] Floating IP 0f7ce8ff-aea2-4993-a6d0-457262f1524b disassociated. External IP: 10.96.250.216, port: 65dcf9e5-5efe-417e-bbf4-9d1c916caa1d.
2026-09-11 18:43:32.626 10 INFO neutron.db.ovn_revision_numbers_db [None req-b66da771-16c3-4830-90e6-18ebb5142608 8f13eceda4a847af951e730a491f0c50 e2e9497ef4ab4897a5b3e1eb9407a246 - - default default] Successfully bumped revision number for resource 0f7ce8ff-aea2-4993-a6d0-457262f1524b (type: floatingips) to 2
2026-09-11 18:43:32.642 9 INFO neutron.wsgi [None req-0abb2a68-a364-4391-a5ed-e5e820a34475 8562576d89f94413a70ae97a4a10cac3 9ce981192a854de79a7a83011ba2e14e - - default default] 10.0.0.177 "DELETE /v2.0/security-groups/7f893391-ec1e-44ce-a900-f3421c5995ab HTTP/1.1" status: 204 len: 168 time: 0.2914493
2026-09-11 18:43:32.711 10 INFO neutron.wsgi [None req-b66da771-16c3-4830-90e6-18ebb5142608 8f13eceda4a847af951e730a491f0c50 e2e9497ef4ab4897a5b3e1eb9407a246 - - default default] 10.0.0.177 "PUT /v2.0/floatingips/0f7ce8ff-aea2-4993-a6d0-457262f1524b HTTP/1.1" status: 200 len: 748 time: 0.2779644
2026-09-11 18:43:32.757 10 INFO neutron.notifiers.nova [-] Nova event matching ['req-3d06628b-ff52-44ba-b5b8-a81f6fede2f5'] response: {'name': 'network-changed', 'server_uuid': '9afc4b31-53e3-4e98-9ce9-c4c6d2c43a5c', 'tag': '65dcf9e5-5efe-417e-bbf4-9d1c916caa1d', 'status': 'completed', 'code': 200}
2026-09-11 18:43:32.760 10 INFO neutron.wsgi [None req-d759b81c-b9b2-426d-bdb2-a06af664143a 8f13eceda4a847af951e730a491f0c50 e2e9497ef4ab4897a5b3e1eb9407a246 - - default default] 10.0.0.177 "GET /v2.0/floatingips/0f7ce8ff-aea2-4993-a6d0-457262f1524b HTTP/1.1" status: 200 len: 746 time: 0.0408854 /var/lib/openstack/lib/python3.10/site-packages/pycadf/identifier.py:71: UserWarning: Invalid uuid: neutron. To ensure interoperability, identifiers should be a valid uuid. warnings.warn(('Invalid uuid: %s. To ensure interoperability, '
2026-09-11 18:43:32.808 9 INFO neutron.wsgi [req-7ca15725-0dcd-49ce-9755-f05530d62b4c req-886a4e44-b23e-4651-8812-d0e763ac335e de18b38f1d104553960f5b7cb428024d acd9b28c1e554811952565e57a64a38f - - 5d5f0506ef9341d5ba3af6ed6779e1e5 5d5f0506ef9341d5ba3af6ed6779e1e5] 162.253.55.77 "GET /v2.0/ports?tenant_id=e2e9497ef4ab4897a5b3e1eb9407a246&device_id=9afc4b31-53e3-4e98-9ce9-c4c6d2c43a5c HTTP/1.1" status: 200 len: 1409 time: 0.0365877
2026-09-11 18:43:32.876 9 INFO neutron.wsgi [req-7ca15725-0dcd-49ce-9755-f05530d62b4c req-478282ac-56b2-4469-8ff7-ab1424d8ca01 de18b38f1d104553960f5b7cb428024d acd9b28c1e554811952565e57a64a38f - - 5d5f0506ef9341d5ba3af6ed6779e1e5 5d5f0506ef9341d5ba3af6ed6779e1e5] 162.253.55.77 "GET /v2.0/networks?id=a00da842-ba02-4837-9dd6-de517f956691 HTTP/1.1" status: 200 len: 959 time: 0.0644419
2026-09-11 18:43:32.901 9 INFO neutron.wsgi [req-7ca15725-0dcd-49ce-9755-f05530d62b4c req-20c66866-c5c8-4811-8036-4ff31ea70e60 de18b38f1d104553960f5b7cb428024d acd9b28c1e554811952565e57a64a38f - - 5d5f0506ef9341d5ba3af6ed6779e1e5 5d5f0506ef9341d5ba3af6ed6779e1e5] 162.253.55.77 "GET /v2.0/floatingips?fixed_ip_address=10.100.0.7&port_id=65dcf9e5-5efe-417e-bbf4-9d1c916caa1d HTTP/1.1" status: 200 len: 217 time: 0.0206816
2026-09-11 18:43:32.934 9 INFO neutron.wsgi [req-7ca15725-0dcd-49ce-9755-f05530d62b4c req-e681f7d9-aba0-424c-b4da-6fb57f524f56 de18b38f1d104553960f5b7cb428024d acd9b28c1e554811952565e57a64a38f - - 5d5f0506ef9341d5ba3af6ed6779e1e5 5d5f0506ef9341d5ba3af6ed6779e1e5] 162.253.55.77 "GET /v2.0/subnets?id=ed62eb3f-2eca-445b-bf09-77cb572c2174 HTTP/1.1" status: 200 len: 853 time: 0.0283704
2026-09-11 18:43:32.958 9 INFO neutron.wsgi [req-7ca15725-0dcd-49ce-9755-f05530d62b4c req-d97832b4-12ea-4956-a46e-76a446a97e22 de18b38f1d104553960f5b7cb428024d acd9b28c1e554811952565e57a64a38f - - 5d5f0506ef9341d5ba3af6ed6779e1e5 5d5f0506ef9341d5ba3af6ed6779e1e5] 162.253.55.77 "GET /v2.0/ports?network_id=a00da842-ba02-4837-9dd6-de517f956691&device_owner=network%3Adhcp HTTP/1.1" status: 200 len: 210 time: 0.0168166
2026-09-11 18:43:33.024 9 INFO neutron.wsgi [req-7ca15725-0dcd-49ce-9755-f05530d62b4c req-0ed7c9c1-cd71-4b7a-b5a4-15178a79bf60 de18b38f1d104553960f5b7cb428024d acd9b28c1e554811952565e57a64a38f - - 5d5f0506ef9341d5ba3af6ed6779e1e5 5d5f0506ef9341d5ba3af6ed6779e1e5] 162.253.55.77 "GET /v2.0/networks/a00da842-ba02-4837-9dd6-de517f956691?fields=segments HTTP/1.1" status: 200 len: 212 time: 0.0502169
2026-09-11 18:43:33.078 9 INFO neutron.wsgi [req-7ca15725-0dcd-49ce-9755-f05530d62b4c req-f552c85b-cf75-43e4-92c1-28d6e7056b0a de18b38f1d104553960f5b7cb428024d acd9b28c1e554811952565e57a64a38f - - 5d5f0506ef9341d5ba3af6ed6779e1e5 5d5f0506ef9341d5ba3af6ed6779e1e5] 162.253.55.77 "GET /v2.0/networks/a00da842-ba02-4837-9dd6-de517f956691?fields=provider%3Aphysical_network&fields=provider%3Anetwork_type HTTP/1.1" status: 200 len: 277 time: 0.0486205
2026-09-11 18:43:34.001 10 INFO neutron.db.ovn_revision_numbers_db [None req-1e6e3d6f-53df-40af-b117-c46d1d4c015f 8f13eceda4a847af951e730a491f0c50 e2e9497ef4ab4897a5b3e1eb9407a246 - - default default] Successfully bumped revision number for resource a9bbfb4a-ad91-4599-a55f-cea7dd4e1365 (type: security_groups) to 1
2026-09-11 18:43:34.016 10 INFO neutron.db.ovn_revision_numbers_db [None req-1e6e3d6f-53df-40af-b117-c46d1d4c015f 8f13eceda4a847af951e730a491f0c50 e2e9497ef4ab4897a5b3e1eb9407a246 - - default default] Successfully bumped revision number for resource 53a769c9-a6d7-4892-a85f-0e0f96ef0095 (type: security_group_rules) to 0
2026-09-11 18:43:34.028 10 INFO neutron.db.ovn_revision_numbers_db [None req-1e6e3d6f-53df-40af-b117-c46d1d4c015f 8f13eceda4a847af951e730a491f0c50 e2e9497ef4ab4897a5b3e1eb9407a246 - - default default] Successfully bumped revision number for resource 833bac57-43a6-41b2-b146-ea9ab697c3f9 (type: security_group_rules) to 0
2026-09-11 18:43:34.045 10 INFO neutron.wsgi [None req-1e6e3d6f-53df-40af-b117-c46d1d4c015f 8f13eceda4a847af951e730a491f0c50 e2e9497ef4ab4897a5b3e1eb9407a246 - - default default] 10.0.0.177 "POST /v2.0/security-groups HTTP/1.1" status: 201 len: 1811 time: 0.2223809
2026-09-11 18:43:34.187 10 INFO neutron.db.ovn_revision_numbers_db [None req-90de1ca2-8511-454e-839c-4f9e762e45c1 8f13eceda4a847af951e730a491f0c50 e2e9497ef4ab4897a5b3e1eb9407a246 - - default default] Successfully bumped revision number for resource 761a3ce6-7801-4957-80ed-eb83cc58ae78 (type: security_group_rules) to 0
2026-09-11 18:43:34.210 10 INFO neutron.wsgi [None req-90de1ca2-8511-454e-839c-4f9e762e45c1 8f13eceda4a847af951e730a491f0c50 e2e9497ef4ab4897a5b3e1eb9407a246 - - default default] 10.0.0.177 "POST /v2.0/security-group-rules HTTP/1.1" status: 201 len: 764 time: 0.1572917
2026-09-11 18:43:34.491 10 INFO neutron.db.ovn_revision_numbers_db [None req-4d178e81-cd43-43dd-bcb0-95d2f3aaac5e 8f13eceda4a847af951e730a491f0c50 e2e9497ef4ab4897a5b3e1eb9407a246 - - default default] Successfully bumped revision number for resource 053a486d-135e-46a7-ada8-993d3cc4e0a6 (type: security_group_rules) to 0
2026-09-11 18:43:34.518 10 INFO neutron.wsgi [None req-4d178e81-cd43-43dd-bcb0-95d2f3aaac5e 8f13eceda4a847af951e730a491f0c50 e2e9497ef4ab4897a5b3e1eb9407a246 - - default default] 10.0.0.177 "POST /v2.0/security-group-rules HTTP/1.1" status: 201 len: 763 time: 0.3024969
2026-09-11 18:43:34.636 10 INFO neutron.db.ovn_revision_numbers_db [None req-44cf0b22-0d4b-430b-afa2-5de59498947d 8f13eceda4a847af951e730a491f0c50 e2e9497ef4ab4897a5b3e1eb9407a246 - - default default] Successfully bumped revision number for resource 2bf1ea31-e3d0-4355-9b37-33c47c2e49d8 (type: security_group_rules) to 0
2026-09-11 18:43:34.674 10 INFO neutron.wsgi [None req-44cf0b22-0d4b-430b-afa2-5de59498947d 8f13eceda4a847af951e730a491f0c50 e2e9497ef4ab4897a5b3e1eb9407a246 - - default default] 10.0.0.177 "POST /v2.0/security-group-rules HTTP/1.1" status: 201 len: 769 time: 0.1468606
2026-09-11 18:43:34.791 9 INFO neutron.db.ovn_revision_numbers_db [None req-92e9ce16-abe7-42a8-957c-8a9ee7012c32 8f13eceda4a847af951e730a491f0c50 e2e9497ef4ab4897a5b3e1eb9407a246 - - default default] Successfully bumped revision number for resource 38ae6b28-a87c-4917-80d0-0582df5a93bd (type: security_group_rules) to 0
2026-09-11 18:43:34.816 9 INFO neutron.wsgi [None req-92e9ce16-abe7-42a8-957c-8a9ee7012c32 8f13eceda4a847af951e730a491f0c50 e2e9497ef4ab4897a5b3e1eb9407a246 - - default default] 10.0.0.177 "POST /v2.0/security-group-rules HTTP/1.1" status: 201 len: 768 time: 0.1360705
2026-09-11 18:43:34.848 9 INFO neutron.db.securitygroups_db [None req-e859a7cb-73c0-4b36-b994-d7639a4ecf44 8f13eceda4a847af951e730a491f0c50 e2e9497ef4ab4897a5b3e1eb9407a246 - - default default] Project e2e9497ef4ab4897a5b3e1eb9407a246 added a security group rule with legacy IPv6 ICMP protocol name icmp, ipv6-icmp should be used instead. It was automatically converted.
2026-09-11 18:43:34.946 9 INFO neutron.wsgi [req-75234ae9-4109-45c1-966e-af4fdb41e0c4 req-2c3a78f7-ca15-414e-93fc-3e3e2b9dae5d ee14068c68ac44b28348894e47b5a2c8 7763c11d431942c1b35a20ee7e337eaf - - default default] 10.0.0.32 "GET /v2.0/networks?id=d1f93086-bf06-4b2c-992a-342e10a75795 HTTP/1.1" status: 200 len: 872 time: 0.0863192
2026-09-11 18:43:34.968 9 INFO neutron.wsgi [req-75234ae9-4109-45c1-966e-af4fdb41e0c4 req-7a8e0543-9d54-4340-b0dd-c1cbf2114083 ee14068c68ac44b28348894e47b5a2c8 7763c11d431942c1b35a20ee7e337eaf - - default default] 10.0.0.32 "GET /v2.0/quotas/7763c11d431942c1b35a20ee7e337eaf HTTP/1.1" status: 200 len: 386 time: 0.0174034
2026-09-11 18:43:35.050 9 INFO neutron.db.ovn_revision_numbers_db [None req-e859a7cb-73c0-4b36-b994-d7639a4ecf44 8f13eceda4a847af951e730a491f0c50 e2e9497ef4ab4897a5b3e1eb9407a246 - - default default] Successfully bumped revision number for resource 8ae2504e-99bb-4327-a918-35ba776ef66c (type: security_group_rules) to 0
2026-09-11 18:43:35.079 9 INFO neutron.wsgi [None req-e859a7cb-73c0-4b36-b994-d7639a4ecf44 8f13eceda4a847af951e730a491f0c50 e2e9497ef4ab4897a5b3e1eb9407a246 - - default default] 10.0.0.177 "POST /v2.0/security-group-rules HTTP/1.1" status: 201 len: 774 time: 0.2521009
2026-09-11 18:43:35.086 9 INFO neutron.wsgi [req-75234ae9-4109-45c1-966e-af4fdb41e0c4 req-b53ae863-99cd-4393-bc70-2e09ece36fda ee14068c68ac44b28348894e47b5a2c8 7763c11d431942c1b35a20ee7e337eaf - - default default] 10.0.0.32 "GET /v2.0/ports?tenant_id=7763c11d431942c1b35a20ee7e337eaf&fields=id HTTP/1.1" status: 200 len: 302 time: 0.1134672
2026-09-11 18:43:35.114 9 INFO neutron.db.securitygroups_db [None req-a7bdd459-ea19-4281-879b-cc9df5a51156 8f13eceda4a847af951e730a491f0c50 e2e9497ef4ab4897a5b3e1eb9407a246 - - default default] Project e2e9497ef4ab4897a5b3e1eb9407a246 added a security group rule with legacy IPv6 ICMP protocol name icmp, ipv6-icmp should be used instead. It was automatically converted.
2026-09-11 18:43:35.164 9 INFO neutron.wsgi [req-75234ae9-4109-45c1-966e-af4fdb41e0c4 req-646de567-1ed7-41a2-a607-76a6c90b6d2a de18b38f1d104553960f5b7cb428024d acd9b28c1e554811952565e57a64a38f - - 5d5f0506ef9341d5ba3af6ed6779e1e5 5d5f0506ef9341d5ba3af6ed6779e1e5] 10.0.0.32 "GET /v2.0/networks/d1f93086-bf06-4b2c-992a-342e10a75795?fields=segments HTTP/1.1" status: 200 len: 212 time: 0.0690379
2026-09-11 18:43:35.485 9 INFO neutron.wsgi [req-75234ae9-4109-45c1-966e-af4fdb41e0c4 req-82c52942-ca71-4288-81c3-55e424829e00 de18b38f1d104553960f5b7cb428024d acd9b28c1e554811952565e57a64a38f - - 5d5f0506ef9341d5ba3af6ed6779e1e5 5d5f0506ef9341d5ba3af6ed6779e1e5] 10.0.0.32 "GET /v2.0/networks/d1f93086-bf06-4b2c-992a-342e10a75795?fields=provider%3Aphysical_network&fields=provider%3Anetwork_type HTTP/1.1" status: 200 len: 277 time: 0.3159080
2026-09-11 18:43:35.497 9 INFO neutron.db.ovn_revision_numbers_db [None req-a7bdd459-ea19-4281-879b-cc9df5a51156 8f13eceda4a847af951e730a491f0c50 e2e9497ef4ab4897a5b3e1eb9407a246 - - default default] Successfully bumped revision number for resource f18a93ef-af58-43a4-960f-66db1c77f9fc (type: security_group_rules) to 0
2026-09-11 18:43:35.517 9 INFO neutron.wsgi [None req-a7bdd459-ea19-4281-879b-cc9df5a51156 8f13eceda4a847af951e730a491f0c50 e2e9497ef4ab4897a5b3e1eb9407a246 - - default default] 10.0.0.177 "POST /v2.0/security-group-rules HTTP/1.1" status: 201 len: 773 time: 0.4333665
2026-09-11 18:43:35.674 10 INFO neutron.wsgi [req-5baed737-3d78-41af-a678-584ca9f995f6 req-8c3103d5-ae47-4ab0-b1be-cda5d4c8460d ee14068c68ac44b28348894e47b5a2c8 7763c11d431942c1b35a20ee7e337eaf - - default default] 10.0.0.32 "GET /v2.0/ports?device_id=a45e2774-1872-4a19-9a0f-bd81fb509953 HTTP/1.1" status: 200 len: 210 time: 0.0399389
2026-09-11 18:43:36.353 10 INFO neutron.wsgi [None req-646f2d05-0d3a-4002-b7f2-d11f7d301d2a 8f13eceda4a847af951e730a491f0c50 e2e9497ef4ab4897a5b3e1eb9407a246 - - default default] 10.0.0.177 "GET /v2.0/networks HTTP/1.1" status: 200 len: 1493 time: 0.2739930
2026-09-11 18:43:36.472 10 INFO neutron.db.ovn_revision_numbers_db [None req-e0d2472a-9c04-4445-8634-7640caa9086f a3e4dea2083e475fb717ac987ae9bb8c c00dd78f1be84c38a009e8a28f9b073f - - default default] Successfully bumped revision number for resource 414ebace-d237-4ebf-918f-4a6cb19488e8 (type: security_groups) to 1
2026-09-11 18:43:36.488 10 INFO neutron.db.ovn_revision_numbers_db [None req-e0d2472a-9c04-4445-8634-7640caa9086f a3e4dea2083e475fb717ac987ae9bb8c c00dd78f1be84c38a009e8a28f9b073f - - default default] Successfully bumped revision number for resource 1ef3b9df-1b78-43ed-bdb4-ebed8946946a (type: security_group_rules) to 0
2026-09-11 18:43:36.513 10 INFO neutron.db.ovn_revision_numbers_db [None req-e0d2472a-9c04-4445-8634-7640caa9086f a3e4dea2083e475fb717ac987ae9bb8c c00dd78f1be84c38a009e8a28f9b073f - - default default] Successfully bumped revision number for resource b6a58df9-f800-4105-8108-7d664db5499b (type: security_group_rules) to 0
2026-09-11 18:43:36.530 9 INFO neutron.wsgi [req-3a157122-63dd-4909-8a05-111a03ea023a req-e0d0a6d6-27d8-4df6-b373-5bc31c69c284 8f13eceda4a847af951e730a491f0c50 e2e9497ef4ab4897a5b3e1eb9407a246 - - default default] 10.0.0.32 "GET /v2.0/security-groups?name=tempest-secgroup-smoke-1898624197&fields=id&tenant_id=e2e9497ef4ab4897a5b3e1eb9407a246 HTTP/1.1" status: 200 len: 267 time: 0.0814316
2026-09-11 18:43:36.534 10 INFO neutron.db.ovn_revision_numbers_db [None req-e0d2472a-9c04-4445-8634-7640caa9086f a3e4dea2083e475fb717ac987ae9bb8c c00dd78f1be84c38a009e8a28f9b073f - - default default] Successfully bumped revision number for resource c0a885bd-827e-4155-bc11-9057563f2830 (type: security_group_rules) to 0
2026-09-11 18:43:36.549 10 INFO neutron.db.ovn_revision_numbers_db [None req-e0d2472a-9c04-4445-8634-7640caa9086f a3e4dea2083e475fb717ac987ae9bb8c c00dd78f1be84c38a009e8a28f9b073f - - default default] Successfully bumped revision number for resource d0a6b4a8-1d9c-4b84-b137-443255209349 (type: security_group_rules) to 0
2026-09-11 18:43:36.586 9 INFO neutron.wsgi [req-75234ae9-4109-45c1-966e-af4fdb41e0c4 req-334e07f6-d880-4a87-87cb-6f3ec04a5d22 ee14068c68ac44b28348894e47b5a2c8 7763c11d431942c1b35a20ee7e337eaf - - default default] 162.253.55.77 "GET /v2.0/networks?id=d1f93086-bf06-4b2c-992a-342e10a75795 HTTP/1.1" status: 200 len: 872 time: 0.1200452
2026-09-11 18:43:36.615 10 INFO neutron.db.segments_db [None req-e0d2472a-9c04-4445-8634-7640caa9086f a3e4dea2083e475fb717ac987ae9bb8c c00dd78f1be84c38a009e8a28f9b073f - - default default] Added segment 812d7826-dbe1-48ba-a619-69393f4c12e0 of type geneve for network 75d7409a-e4d8-4d37-a469-80826720779e
2026-09-11 18:43:36.629 9 INFO neutron.wsgi [req-3a157122-63dd-4909-8a05-111a03ea023a req-1c5da4c1-fda3-4c43-9653-46271a88bd2b 8f13eceda4a847af951e730a491f0c50 e2e9497ef4ab4897a5b3e1eb9407a246 - - default default] 10.0.0.32 "GET /v2.0/networks?id=a00da842-ba02-4837-9dd6-de517f956691 HTTP/1.1" status: 200 len: 860 time: 0.0908077
2026-09-11 18:43:36.650 9 INFO neutron.wsgi [req-3a157122-63dd-4909-8a05-111a03ea023a req-f543231d-badf-463c-9644-85865db27153 8f13eceda4a847af951e730a491f0c50 e2e9497ef4ab4897a5b3e1eb9407a246 - - default default] 10.0.0.32 "GET /v2.0/quotas/e2e9497ef4ab4897a5b3e1eb9407a246 HTTP/1.1" status: 200 len: 386 time: 0.0139129
2026-09-11 18:43:36.772 10 INFO neutron.db.ovn_revision_numbers_db [None req-e0d2472a-9c04-4445-8634-7640caa9086f a3e4dea2083e475fb717ac987ae9bb8c c00dd78f1be84c38a009e8a28f9b073f - - default default] Successfully bumped revision number for resource 75d7409a-e4d8-4d37-a469-80826720779e (type: networks) to 1
2026-09-11 18:43:36.774 9 INFO neutron.wsgi [req-3a157122-63dd-4909-8a05-111a03ea023a req-d0c55730-431f-41e6-958b-d313bfcc0dcd 8f13eceda4a847af951e730a491f0c50 e2e9497ef4ab4897a5b3e1eb9407a246 - - default default] 10.0.0.32 "GET /v2.0/ports?tenant_id=e2e9497ef4ab4897a5b3e1eb9407a246&fields=id HTTP/1.1" status: 200 len: 348 time: 0.1163228
2026-09-11 18:43:36.808 10 INFO neutron.wsgi [req-2adc5508-99a1-4783-a55d-fbdc4b3cb57e req-aa86afc0-3216-4405-abf8-e6f02054cc75 ee14068c68ac44b28348894e47b5a2c8 7763c11d431942c1b35a20ee7e337eaf - - default default] 10.0.0.32 "GET /v2.0/ports?device_id=a45e2774-1872-4a19-9a0f-bd81fb509953 HTTP/1.1" status: 200 len: 210 time: 0.0329578
2026-09-11 18:43:36.858 9 INFO neutron.wsgi [req-3a157122-63dd-4909-8a05-111a03ea023a req-6615745c-7f74-4862-80c8-a435c8965436 de18b38f1d104553960f5b7cb428024d acd9b28c1e554811952565e57a64a38f - - 5d5f0506ef9341d5ba3af6ed6779e1e5 5d5f0506ef9341d5ba3af6ed6779e1e5] 10.0.0.32 "GET /v2.0/networks/a00da842-ba02-4837-9dd6-de517f956691?fields=segments HTTP/1.1" status: 200 len: 212 time: 0.0694208
2026-09-11 18:43:36.958 9 INFO neutron.wsgi [req-3a157122-63dd-4909-8a05-111a03ea023a req-c28ac4cc-f904-419a-a326-90edcea8385f de18b38f1d104553960f5b7cb428024d acd9b28c1e554811952565e57a64a38f - - 5d5f0506ef9341d5ba3af6ed6779e1e5 5d5f0506ef9341d5ba3af6ed6779e1e5] 10.0.0.32 "GET /v2.0/networks/a00da842-ba02-4837-9dd6-de517f956691?fields=provider%3Aphysical_network&fields=provider%3Anetwork_type HTTP/1.1" status: 200 len: 277 time: 0.0879800
2026-09-11 18:43:36.969 10 WARNING neutron.scheduler.dhcp_agent_scheduler [None req-e0d2472a-9c04-4445-8634-7640caa9086f a3e4dea2083e475fb717ac987ae9bb8c c00dd78f1be84c38a009e8a28f9b073f - - default default] No more DHCP agents
2026-09-11 18:43:36.971 10 WARNING neutron.api.rpc.agentnotifiers.dhcp_rpc_agent_api [None req-e0d2472a-9c04-4445-8634-7640caa9086f a3e4dea2083e475fb717ac987ae9bb8c c00dd78f1be84c38a009e8a28f9b073f - - default default] Unable to schedule network 75d7409a-e4d8-4d37-a469-80826720779e: no agents available; will retry on subsequent port and subnet creation events.
2026-09-11 18:43:36.999 9 WARNING neutron.scheduler.dhcp_agent_scheduler [req-75234ae9-4109-45c1-966e-af4fdb41e0c4 req-7f7c450e-e191-4619-ada1-36323243d7f7 ee14068c68ac44b28348894e47b5a2c8 7763c11d431942c1b35a20ee7e337eaf - - default default] No more DHCP agents
2026-09-11 18:43:37.001 9 WARNING neutron.api.rpc.agentnotifiers.dhcp_rpc_agent_api [req-75234ae9-4109-45c1-966e-af4fdb41e0c4 req-7f7c450e-e191-4619-ada1-36323243d7f7 ee14068c68ac44b28348894e47b5a2c8 7763c11d431942c1b35a20ee7e337eaf - - default default] Unable to schedule network d1f93086-bf06-4b2c-992a-342e10a75795: no agents available; will retry on subsequent port and subnet creation events.
2026-09-11 18:43:37.065 10 INFO neutron.db.ovn_revision_numbers_db [None req-e0d2472a-9c04-4445-8634-7640caa9086f a3e4dea2083e475fb717ac987ae9bb8c c00dd78f1be84c38a009e8a28f9b073f - - default default] Successfully bumped revision number for resource 838ded8e-60df-4d4e-b1b3-e6424630c3f9 (type: ports) to 1
2026-09-11 18:43:37.079 10 INFO neutron.wsgi [req-b9140f9e-e52f-40d2-b4b0-21d9a3e764ba req-78069325-39ef-43e1-ac8e-307c8014ddfe 8f13eceda4a847af951e730a491f0c50 e2e9497ef4ab4897a5b3e1eb9407a246 - - default default] 10.0.0.32 "GET /v2.0/ports?device_id=a9093b73-0287-4bb3-97cc-c8340a2bedd5 HTTP/1.1" status: 200 len: 210 time: 0.0318301
2026-09-11 18:43:37.100 10 INFO neutron.wsgi [None req-e0d2472a-9c04-4445-8634-7640caa9086f a3e4dea2083e475fb717ac987ae9bb8c c00dd78f1be84c38a009e8a28f9b073f - - default default] 10.0.0.177 "POST /v2.0/networks HTTP/1.1" status: 201 len: 830 time: 0.8847528
2026-09-11 18:43:37.180 9 INFO neutron.db.ovn_revision_numbers_db [req-75234ae9-4109-45c1-966e-af4fdb41e0c4 req-7f7c450e-e191-4619-ada1-36323243d7f7 ee14068c68ac44b28348894e47b5a2c8 7763c11d431942c1b35a20ee7e337eaf - - default default] Successfully bumped revision number for resource bb875aa8-0617-4cb6-9063-441f1658fd99 (type: ports) to 1
2026-09-11 18:43:37.213 9 INFO neutron.wsgi [req-75234ae9-4109-45c1-966e-af4fdb41e0c4 req-7f7c450e-e191-4619-ada1-36323243d7f7 ee14068c68ac44b28348894e47b5a2c8 7763c11d431942c1b35a20ee7e337eaf - - default default] 162.253.55.77 "POST /v2.0/ports HTTP/1.1" status: 201 len: 1158 time: 0.6202044 /var/lib/openstack/lib/python3.10/site-packages/pycadf/identifier.py:71: UserWarning: Invalid uuid: neutron. To ensure interoperability, identifiers should be a valid uuid. warnings.warn(('Invalid uuid: %s. To ensure interoperability, '
2026-09-11 18:43:37.325 10 WARNING neutron.plugins.ml2.drivers.ovn.mech_driver.ovsdb.ovn_client [None req-3a218d7c-672c-4cf1-bb82-44e4c90b9e5c - - - - - -] No hosting information found for port 5b6570b1-9e51-43d4-bf6a-0ccc65ebee03: RuntimeError: No hosting information found for port 5b6570b1-9e51-43d4-bf6a-0ccc65ebee03
2026-09-11 18:43:37.417 10 WARNING neutron.scheduler.dhcp_agent_scheduler [None req-c7db654e-8786-47ba-b7bd-7e806fdd81ee a3e4dea2083e475fb717ac987ae9bb8c c00dd78f1be84c38a009e8a28f9b073f - - default default] No more DHCP agents
2026-09-11 18:43:37.419 10 WARNING neutron.api.rpc.agentnotifiers.dhcp_rpc_agent_api [None req-c7db654e-8786-47ba-b7bd-7e806fdd81ee a3e4dea2083e475fb717ac987ae9bb8c c00dd78f1be84c38a009e8a28f9b073f - - default default] Unable to schedule network 75d7409a-e4d8-4d37-a469-80826720779e: no agents available; will retry on subsequent port and subnet creation events.
2026-09-11 18:43:37.549 10 INFO neutron.db.ovn_revision_numbers_db [None req-c7db654e-8786-47ba-b7bd-7e806fdd81ee a3e4dea2083e475fb717ac987ae9bb8c c00dd78f1be84c38a009e8a28f9b073f - - default default] Successfully bumped revision number for resource ec3ba310-2411-4bd7-9612-f5330c9adca8 (type: ports) to 1
2026-09-11 18:43:37.573 10 INFO neutron.wsgi [None req-c7db654e-8786-47ba-b7bd-7e806fdd81ee a3e4dea2083e475fb717ac987ae9bb8c c00dd78f1be84c38a009e8a28f9b073f - - default default] 10.0.0.177 "POST /v2.0/ports HTTP/1.1" status: 201 len: 942 time: 0.4686968 /var/lib/openstack/lib/python3.10/site-packages/pycadf/identifier.py:71: UserWarning: Invalid uuid: neutron. To ensure interoperability, identifiers should be a valid uuid. warnings.warn(('Invalid uuid: %s. To ensure interoperability, '
2026-09-11 18:43:37.618 10 INFO neutron.wsgi [None req-83fd9ee2-51b7-4167-92a8-9f1b01f18932 a3e4dea2083e475fb717ac987ae9bb8c c00dd78f1be84c38a009e8a28f9b073f - - default default] 10.0.0.177 "PUT /v2.0/ports/ec3ba310-2411-4bd7-9612-f5330c9adca8/tags HTTP/1.1" status: 200 len: 218 time: 0.0393765 /var/lib/openstack/lib/python3.10/site-packages/pycadf/identifier.py:71: UserWarning: Invalid uuid: neutron. To ensure interoperability, identifiers should be a valid uuid. warnings.warn(('Invalid uuid: %s. To ensure interoperability, '
2026-09-11 18:43:37.667 9 INFO neutron.wsgi [None req-21876119-3277-453e-8d4c-8a262452b224 a3e4dea2083e475fb717ac987ae9bb8c c00dd78f1be84c38a009e8a28f9b073f - - default default] 10.0.0.177 "GET /v2.0/ports/ec3ba310-2411-4bd7-9612-f5330c9adca8/tags HTTP/1.1" status: 200 len: 218 time: 0.0402327
2026-09-11 18:43:37.671 9 INFO neutron.db.ovn_revision_numbers_db [req-75234ae9-4109-45c1-966e-af4fdb41e0c4 req-993354b7-d64d-4fce-a93a-488a9c3b1e1c de18b38f1d104553960f5b7cb428024d acd9b28c1e554811952565e57a64a38f - - 5d5f0506ef9341d5ba3af6ed6779e1e5 5d5f0506ef9341d5ba3af6ed6779e1e5] Successfully bumped revision number for resource bb875aa8-0617-4cb6-9063-441f1658fd99 (type: ports) to 2
2026-09-11 18:43:37.738 10 INFO neutron.wsgi [None req-e342e366-a18e-4cf0-bdae-32b155d8bd30 a3e4dea2083e475fb717ac987ae9bb8c c00dd78f1be84c38a009e8a28f9b073f - - default default] 10.0.0.177 "PUT /v2.0/ports/ec3ba310-2411-4bd7-9612-f5330c9adca8/tags/green HTTP/1.1" status: 201 len: 201 time: 0.0644827
2026-09-11 18:43:37.781 10 INFO neutron.wsgi [None req-1b4a095c-0104-4f1f-9897-59d51944330b a3e4dea2083e475fb717ac987ae9bb8c c00dd78f1be84c38a009e8a28f9b073f - - default default] 10.0.0.177 "GET /v2.0/ports/ec3ba310-2411-4bd7-9612-f5330c9adca8/tags HTTP/1.1" status: 200 len: 227 time: 0.0381744
2026-09-11 18:43:37.827 10 INFO neutron.wsgi [None req-38268f39-ccc1-4f7f-a5ed-db82e0cd38ad a3e4dea2083e475fb717ac987ae9bb8c c00dd78f1be84c38a009e8a28f9b073f - - default default] 10.0.0.177 "PUT /v2.0/ports/ec3ba310-2411-4bd7-9612-f5330c9adca8/tags/red HTTP/1.1" status: 201 len: 201 time: 0.0400026 /var/lib/openstack/lib/python3.10/site-packages/pycadf/identifier.py:71: UserWarning: Invalid uuid: neutron. To ensure interoperability, identifiers should be a valid uuid. warnings.warn(('Invalid uuid: %s. To ensure interoperability, '
2026-09-11 18:43:37.921 10 INFO neutron.wsgi [None req-bb3b6ce7-3ad0-492c-a445-bac59deaaad2 a3e4dea2083e475fb717ac987ae9bb8c c00dd78f1be84c38a009e8a28f9b073f - - default default] 10.0.0.177 "GET /v2.0/ports/ec3ba310-2411-4bd7-9612-f5330c9adca8/tags HTTP/1.1" status: 200 len: 227 time: 0.0840526
2026-09-11 18:43:37.951 9 INFO neutron.db.ovn_revision_numbers_db [req-75234ae9-4109-45c1-966e-af4fdb41e0c4 req-993354b7-d64d-4fce-a93a-488a9c3b1e1c de18b38f1d104553960f5b7cb428024d acd9b28c1e554811952565e57a64a38f - - 5d5f0506ef9341d5ba3af6ed6779e1e5 5d5f0506ef9341d5ba3af6ed6779e1e5] Successfully bumped revision number for resource bb875aa8-0617-4cb6-9063-441f1658fd99 (type: ports) to 2
2026-09-11 18:43:37.963 9 INFO neutron.wsgi [req-ff7f93fc-df65-4638-a405-5bdcb8b90114 req-69e769af-170a-4f96-b0a1-9ef1558fcd7b ee14068c68ac44b28348894e47b5a2c8 7763c11d431942c1b35a20ee7e337eaf - - default default] 10.0.0.32 "GET /v2.0/ports?device_id=a45e2774-1872-4a19-9a0f-bd81fb509953 HTTP/1.1" status: 200 len: 1168 time: 0.0687947
2026-09-11 18:43:37.980 10 INFO neutron.wsgi [None req-c2f50ede-ef38-4e75-b351-e21e7b74ebd8 a3e4dea2083e475fb717ac987ae9bb8c c00dd78f1be84c38a009e8a28f9b073f - - default default] 10.0.0.177 "PUT /v2.0/ports/ec3ba310-2411-4bd7-9612-f5330c9adca8/tags/black.or.white HTTP/1.1" status: 201 len: 201 time: 0.0532110
2026-09-11 18:43:37.992 10 INFO neutron.wsgi [req-3a157122-63dd-4909-8a05-111a03ea023a req-8efd27b4-0303-43cd-abfb-406842d87f7e 8f13eceda4a847af951e730a491f0c50 e2e9497ef4ab4897a5b3e1eb9407a246 - - default default] 162.253.55.77 "GET /v2.0/networks?id=a00da842-ba02-4837-9dd6-de517f956691 HTTP/1.1" status: 200 len: 860 time: 0.1183527
2026-09-11 18:43:38.021 9 INFO neutron.wsgi [req-75234ae9-4109-45c1-966e-af4fdb41e0c4 req-993354b7-d64d-4fce-a93a-488a9c3b1e1c de18b38f1d104553960f5b7cb428024d acd9b28c1e554811952565e57a64a38f - - 5d5f0506ef9341d5ba3af6ed6779e1e5 5d5f0506ef9341d5ba3af6ed6779e1e5] 162.253.55.77 "PUT /v2.0/ports/bb875aa8-0617-4cb6-9063-441f1658fd99 HTTP/1.1" status: 200 len: 1376 time: 0.7969799
