2026-09-11 18:35:07.247 9 INFO neutron.wsgi [None req-5326a69e-3ad1-4e69-b409-44eef3d9d348 8562576d89f94413a70ae97a4a10cac3 9ce981192a854de79a7a83011ba2e14e - - default default] 10.0.0.100 "GET /v2.0/security-groups HTTP/1.1" status: 200 len: 16795 time: 0.0914996
2026-09-11 18:35:07.280 9 INFO neutron.wsgi [None req-d2223d54-6dd8-470a-84f7-f85b492f1890 8562576d89f94413a70ae97a4a10cac3 9ce981192a854de79a7a83011ba2e14e - - default default] 10.0.0.100 "GET /v2.0/subnets HTTP/1.1" status: 200 len: 1437 time: 0.0299449
2026-09-11 18:35:07.290 9 INFO neutron.wsgi [None req-d4e01e9b-d500-4665-a765-2d0369ef96fb 8562576d89f94413a70ae97a4a10cac3 9ce981192a854de79a7a83011ba2e14e - - default default] 10.0.0.100 "GET /v2.0/subnetpools HTTP/1.1" status: 200 len: 193 time: 0.0086973
2026-09-11 18:35:12.357 9 INFO neutron.wsgi [-] 10.0.0.155 "GET / HTTP/1.1" status: 200 len: 247 time: 0.0023456
2026-09-11 18:35:12.357 10 INFO neutron.wsgi [-] 10.0.0.155 "GET / HTTP/1.1" status: 200 len: 247 time: 0.0018775
2026-09-11 18:35:27.356 9 INFO neutron.wsgi [-] 10.0.0.155 "GET / HTTP/1.1" status: 200 len: 247 time: 0.0024488
2026-09-11 18:35:27.356 10 INFO neutron.wsgi [-] 10.0.0.155 "GET / HTTP/1.1" status: 200 len: 247 time: 0.0023608
2026-09-11 18:35:42.355 10 INFO neutron.wsgi [-] 10.0.0.155 "GET / HTTP/1.1" status: 200 len: 247 time: 0.0015798
2026-09-11 18:35:42.357 9 INFO neutron.wsgi [-] 10.0.0.155 "GET / HTTP/1.1" status: 200 len: 247 time: 0.0030868
2026-09-11 18:35:57.357 10 INFO neutron.wsgi [-] 10.0.0.155 "GET / HTTP/1.1" status: 200 len: 247 time: 0.0030289
2026-09-11 18:35:57.361 9 INFO neutron.wsgi [-] 10.0.0.155 "GET / HTTP/1.1" status: 200 len: 247 time: 0.0059369
2026-09-11 18:36:06.853 9 INFO neutron.wsgi [None req-173005a6-a490-4283-9c3f-e3cc348db0d5 8562576d89f94413a70ae97a4a10cac3 9ce981192a854de79a7a83011ba2e14e - - default default] 10.0.0.100 "GET /v2.0/network-ip-availabilities HTTP/1.1" status: 200 len: 1280 time: 0.0637534
2026-09-11 18:36:06.952 9 INFO neutron.wsgi [None req-18833003-5764-4af3-9c37-977e204d51ff 8562576d89f94413a70ae97a4a10cac3 9ce981192a854de79a7a83011ba2e14e - - default default] 10.0.0.100 "GET /v2.0/networks HTTP/1.1" status: 200 len: 2349 time: 0.0969784
2026-09-11 18:36:06.992 9 INFO neutron.wsgi [None req-8fc3cf3b-f1ac-4668-86f3-f00e33437186 8562576d89f94413a70ae97a4a10cac3 9ce981192a854de79a7a83011ba2e14e - - default default] 10.0.0.100 "GET /v2.0/subnets HTTP/1.1" status: 200 len: 1437 time: 0.0394468
2026-09-11 18:36:07.014 9 INFO neutron.wsgi [None req-563a53f2-7644-4f97-b309-07d1065ce725 8562576d89f94413a70ae97a4a10cac3 9ce981192a854de79a7a83011ba2e14e - - default default] 10.0.0.100 "GET /v2.0/routers HTTP/1.1" status: 200 len: 189 time: 0.0195234
2026-09-11 18:36:07.045 9 INFO neutron.wsgi [None req-758a087d-7c93-49ce-be70-8c26b434265a 8562576d89f94413a70ae97a4a10cac3 9ce981192a854de79a7a83011ba2e14e - - default default] 10.0.0.100 "GET /v2.0/agents?binary=ovn-controller HTTP/1.1" status: 200 len: 591 time: 0.0305297
2026-09-11 18:36:07.067 9 INFO neutron.wsgi [None req-20c1c985-5ba1-4c4b-9891-1dee669987e7 8562576d89f94413a70ae97a4a10cac3 9ce981192a854de79a7a83011ba2e14e - - default default] 10.0.0.100 "GET /v2.0/floatingips HTTP/1.1" status: 200 len: 193 time: 0.0216382
2026-09-11 18:36:07.117 9 INFO neutron.wsgi [None req-76c3a501-270e-4ca8-846b-e56ebddf9dd7 8562576d89f94413a70ae97a4a10cac3 9ce981192a854de79a7a83011ba2e14e - - default default] 10.0.0.100 "GET /v2.0/security-groups HTTP/1.1" status: 200 len: 16795 time: 0.0487142
2026-09-11 18:36:07.133 9 INFO neutron.wsgi [None req-6e6f9fbf-3a99-40c8-b58c-9798a49e89ba 8562576d89f94413a70ae97a4a10cac3 9ce981192a854de79a7a83011ba2e14e - - default default] 10.0.0.100 "GET /v2.0/agents HTTP/1.1" status: 200 len: 997 time: 0.0106919
2026-09-11 18:36:07.164 9 INFO neutron.wsgi [None req-ebb446ee-9217-4ba2-a692-9d99194e024e 8562576d89f94413a70ae97a4a10cac3 9ce981192a854de79a7a83011ba2e14e - - default default] 10.0.0.100 "GET /v2.0/subnets HTTP/1.1" status: 200 len: 1437 time: 0.0305200
2026-09-11 18:36:07.173 9 INFO neutron.wsgi [None req-52ed4fab-555e-49b4-9b99-ca1223f4d096 8562576d89f94413a70ae97a4a10cac3 9ce981192a854de79a7a83011ba2e14e - - default default] 10.0.0.100 "GET /v2.0/subnetpools HTTP/1.1" status: 200 len: 193 time: 0.0074837
2026-09-11 18:36:07.269 9 INFO neutron.wsgi [None req-c5891eb9-b7c8-473d-9753-2abb58719d98 8562576d89f94413a70ae97a4a10cac3 9ce981192a854de79a7a83011ba2e14e - - default default] 10.0.0.100 "GET /v2.0/ports HTTP/1.1" status: 200 len: 5341 time: 0.0958459
2026-09-11 18:36:12.357 9 INFO neutron.wsgi [-] 10.0.0.155 "GET / HTTP/1.1" status: 200 len: 247 time: 0.0025806
2026-09-11 18:36:12.358 10 INFO neutron.wsgi [-] 10.0.0.155 "GET / HTTP/1.1" status: 200 len: 247 time: 0.0035655
2026-09-11 18:36:22.723 10 INFO neutron.wsgi [None req-37754fe2-03fc-4f41-9c1a-e98b1764f362 8562576d89f94413a70ae97a4a10cac3 9ce981192a854de79a7a83011ba2e14e - - default default] 162.253.55.77,10.0.0.155 "GET /v2.0/networks HTTP/1.1" status: 200 len: 2349 time: 0.1619341
2026-09-11 18:36:23.994 10 INFO neutron.wsgi [None req-0f069fbd-b79d-4525-9346-582ab647f9e3 8562576d89f94413a70ae97a4a10cac3 9ce981192a854de79a7a83011ba2e14e - - default default] 162.253.55.77,10.0.0.155 "GET /v2.0/subnets HTTP/1.1" status: 200 len: 1437 time: 0.1338696
2026-09-11 18:36:24.094 10 INFO neutron.wsgi [None req-f24c698d-af29-4c22-8b09-a4e2f9726b57 8562576d89f94413a70ae97a4a10cac3 9ce981192a854de79a7a83011ba2e14e - - default default] 162.253.55.77,10.0.0.155 "GET /v2.0/networks HTTP/1.1" status: 200 len: 2349 time: 0.0918102
2026-09-11 18:36:27.356 10 INFO neutron.wsgi [-] 10.0.0.155 "GET / HTTP/1.1" status: 200 len: 247 time: 0.0017447
2026-09-11 18:36:27.357 9 INFO neutron.wsgi [-] 10.0.0.155 "GET / HTTP/1.1" status: 200 len: 247 time: 0.0025551
2026-09-11 18:36:42.356 9 INFO neutron.wsgi [-] 10.0.0.155 "GET / HTTP/1.1" status: 200 len: 247 time: 0.0024455
2026-09-11 18:36:42.358 9 INFO neutron.wsgi [-] 10.0.0.155 "GET / HTTP/1.1" status: 200 len: 247 time: 0.0008526
2026-09-11 18:36:57.356 10 INFO neutron.wsgi [-] 10.0.0.155 "GET / HTTP/1.1" status: 200 len: 247 time: 0.0022123
2026-09-11 18:36:57.361 9 INFO neutron.wsgi [-] 10.0.0.155 "GET / HTTP/1.1" status: 200 len: 247 time: 0.0027249
2026-09-11 18:37:03.059 10 INFO neutron.wsgi [None req-d774093d-d335-46d8-97ce-c8e3a173c63f 8562576d89f94413a70ae97a4a10cac3 9ce981192a854de79a7a83011ba2e14e - - default default] 162.253.55.77,10.0.0.155 "GET /v2.0/networks HTTP/1.1" status: 200 len: 2349 time: 0.1062555
2026-09-11 18:37:04.048 10 INFO neutron.wsgi [None req-2a6313aa-fb40-41e9-8375-60fadb9b4ff2 8562576d89f94413a70ae97a4a10cac3 9ce981192a854de79a7a83011ba2e14e - - default default] 162.253.55.77,10.0.0.155 "GET /v2.0/subnets HTTP/1.1" status: 200 len: 1437 time: 0.1028960
2026-09-11 18:37:04.157 10 INFO neutron.wsgi [None req-b2877bcc-7772-4eeb-b87d-a5919493e4ad 8562576d89f94413a70ae97a4a10cac3 9ce981192a854de79a7a83011ba2e14e - - default default] 162.253.55.77,10.0.0.155 "GET /v2.0/networks HTTP/1.1" status: 200 len: 2349 time: 0.1020401
2026-09-11 18:37:05.418 10 INFO neutron.wsgi [None req-25bb6c1a-c979-4946-b8a3-fec9361949e4 8562576d89f94413a70ae97a4a10cac3 9ce981192a854de79a7a83011ba2e14e - - default default] 162.253.55.77,10.0.0.155 "GET /v2.0/security-groups?tenant_id=9ce981192a854de79a7a83011ba2e14e HTTP/1.1" status: 200 len: 10153 time: 0.0879827
2026-09-11 18:37:06.616 10 INFO neutron.wsgi [None req-0a35e89e-fdfd-43a8-bf01-ce3ca5f74dfb 8562576d89f94413a70ae97a4a10cac3 9ce981192a854de79a7a83011ba2e14e - - default default] 162.253.55.77,10.0.0.155 "GET /v2.0/security-groups?tenant_id=9ce981192a854de79a7a83011ba2e14e HTTP/1.1" status: 200 len: 10153 time: 0.1170921
2026-09-11 18:37:06.977 9 INFO neutron.wsgi [None req-873a082e-6e5f-4d0c-8b44-593647199c7d 8562576d89f94413a70ae97a4a10cac3 9ce981192a854de79a7a83011ba2e14e - - default default] 10.0.0.100 "GET /v2.0/networks HTTP/1.1" status: 200 len: 2349 time: 0.1747260
2026-09-11 18:37:07.009 9 INFO neutron.wsgi [None req-3f9a3e8a-06ad-4128-ab6b-0ed1eb4bae02 8562576d89f94413a70ae97a4a10cac3 9ce981192a854de79a7a83011ba2e14e - - default default] 10.0.0.100 "GET /v2.0/ports HTTP/1.1" status: 200 len: 5341 time: 0.0298140
2026-09-11 18:37:07.072 9 INFO neutron.wsgi [None req-1642c775-9a5c-42cf-8752-8efe5be4be7d 8562576d89f94413a70ae97a4a10cac3 9ce981192a854de79a7a83011ba2e14e - - default default] 10.0.0.100 "GET /v2.0/agents HTTP/1.1" status: 200 len: 997 time: 0.0594833
2026-09-11 18:37:07.089 9 INFO neutron.wsgi [None req-082957e0-0ddc-47b3-886b-a636814c6ad5 8562576d89f94413a70ae97a4a10cac3 9ce981192a854de79a7a83011ba2e14e - - default default] 10.0.0.100 "GET /v2.0/network-ip-availabilities HTTP/1.1" status: 200 len: 1280 time: 0.0145726
2026-09-11 18:37:07.113 9 INFO neutron.wsgi [None req-27eb8d58-b00d-49b1-9dc1-eeaca5bd9481 8562576d89f94413a70ae97a4a10cac3 9ce981192a854de79a7a83011ba2e14e - - default default] 10.0.0.100 "GET /v2.0/floatingips HTTP/1.1" status: 200 len: 193 time: 0.0232253
2026-09-11 18:37:07.145 9 INFO neutron.wsgi [None req-aa031db8-5068-4b7d-baf6-19e1d030ba83 8562576d89f94413a70ae97a4a10cac3 9ce981192a854de79a7a83011ba2e14e - - default default] 10.0.0.100 "GET /v2.0/subnets HTTP/1.1" status: 200 len: 1437 time: 0.0309329
2026-09-11 18:37:07.181 9 INFO neutron.wsgi [None req-faec2ef9-e3fc-40d4-8bc2-d09d87514c7b 8562576d89f94413a70ae97a4a10cac3 9ce981192a854de79a7a83011ba2e14e - - default default] 10.0.0.100 "GET /v2.0/subnets HTTP/1.1" status: 200 len: 1437 time: 0.0350115
2026-09-11 18:37:07.195 9 INFO neutron.wsgi [None req-20b2ac51-5624-477b-8839-f51ed95ee8ab 8562576d89f94413a70ae97a4a10cac3 9ce981192a854de79a7a83011ba2e14e - - default default] 10.0.0.100 "GET /v2.0/subnetpools HTTP/1.1" status: 200 len: 193 time: 0.0126181
2026-09-11 18:37:07.233 9 INFO neutron.wsgi [None req-fff5dc74-0f78-4232-8685-327f5f98721b 8562576d89f94413a70ae97a4a10cac3 9ce981192a854de79a7a83011ba2e14e - - default default] 10.0.0.100 "GET /v2.0/security-groups HTTP/1.1" status: 200 len: 16795 time: 0.0378866
2026-09-11 18:37:07.258 9 INFO neutron.wsgi [None req-b85ea5b3-1a93-4911-81d2-8df3412392c7 8562576d89f94413a70ae97a4a10cac3 9ce981192a854de79a7a83011ba2e14e - - default default] 10.0.0.100 "GET /v2.0/routers HTTP/1.1" status: 200 len: 189 time: 0.0192895
2026-09-11 18:37:07.266 9 INFO neutron.wsgi [None req-6d88f276-0412-4f7e-b592-8e49990b4197 8562576d89f94413a70ae97a4a10cac3 9ce981192a854de79a7a83011ba2e14e - - default default] 10.0.0.100 "GET /v2.0/agents?binary=ovn-controller HTTP/1.1" status: 200 len: 591 time: 0.0074492
2026-09-11 18:37:07.554 10 INFO neutron.wsgi [None req-c2828ac9-584a-4161-a120-3d125321bd47 8562576d89f94413a70ae97a4a10cac3 9ce981192a854de79a7a83011ba2e14e - - default default] 162.253.55.77,10.0.0.155 "GET /v2.0/security-groups?tenant_id=9ce981192a854de79a7a83011ba2e14e HTTP/1.1" status: 200 len: 10153 time: 0.0960352
2026-09-11 18:37:08.526 10 INFO neutron.wsgi [None req-c2706a45-8bcc-4ddf-bcd1-341d27f0b59e 8562576d89f94413a70ae97a4a10cac3 9ce981192a854de79a7a83011ba2e14e - - default default] 162.253.55.77,10.0.0.155 "GET /v2.0/security-groups?tenant_id=9ce981192a854de79a7a83011ba2e14e HTTP/1.1" status: 200 len: 10153 time: 0.1005340
2026-09-11 18:37:09.422 10 INFO neutron.wsgi [None req-450391aa-20eb-46da-bd0c-6a0d31dedf50 8562576d89f94413a70ae97a4a10cac3 9ce981192a854de79a7a83011ba2e14e - - default default] 162.253.55.77,10.0.0.155 "GET /v2.0/security-groups?tenant_id=9ce981192a854de79a7a83011ba2e14e HTTP/1.1" status: 200 len: 10153 time: 0.1087124
2026-09-11 18:37:10.330 10 INFO neutron.wsgi [None req-61b11a3f-8f95-4c9d-967a-0e94bee87e70 8562576d89f94413a70ae97a4a10cac3 9ce981192a854de79a7a83011ba2e14e - - default default] 162.253.55.77,10.0.0.155 "GET /v2.0/security-groups?tenant_id=9ce981192a854de79a7a83011ba2e14e HTTP/1.1" status: 200 len: 10153 time: 0.1123135
2026-09-11 18:37:11.649 10 INFO neutron.wsgi [None req-e3763735-e206-4aa4-8212-a509870556dd 8562576d89f94413a70ae97a4a10cac3 9ce981192a854de79a7a83011ba2e14e - - default default] 162.253.55.77,10.0.0.155 "GET /v2.0/security-groups HTTP/1.1" status: 200 len: 16795 time: 0.1205642
2026-09-11 18:37:11.713 10 INFO neutron.wsgi [None req-47f96fe2-2ed1-4125-a134-28fb9d334452 8562576d89f94413a70ae97a4a10cac3 9ce981192a854de79a7a83011ba2e14e - - default default] 162.253.55.77,10.0.0.155 "GET /v2.0/ports HTTP/1.1" status: 200 len: 5341 time: 0.0505726
2026-09-11 18:37:12.357 9 INFO neutron.wsgi [-] 10.0.0.155 "GET / HTTP/1.1" status: 200 len: 247 time: 0.0025706
2026-09-11 18:37:12.357 10 INFO neutron.wsgi [-] 10.0.0.155 "GET / HTTP/1.1" status: 200 len: 247 time: 0.0023913
2026-09-11 18:37:18.751 10 INFO neutron.pecan_wsgi.hooks.translation [None req-d11897d2-7045-4d4c-bdc7-a0122eb0a2bc 8562576d89f94413a70ae97a4a10cac3 9ce981192a854de79a7a83011ba2e14e - - default default] GET failed (client error): The resource could not be found.
2026-09-11 18:37:18.754 10 INFO neutron.wsgi [None req-d11897d2-7045-4d4c-bdc7-a0122eb0a2bc 8562576d89f94413a70ae97a4a10cac3 9ce981192a854de79a7a83011ba2e14e - - default default] 162.253.55.77,10.0.0.155 "GET /v2.0/ports/octavia-health-manager-port-instance HTTP/1.1" status: 404 len: 314 time: 0.0892892
2026-09-11 18:37:18.811 10 INFO neutron.wsgi [None req-51e7278d-8f28-4730-86a4-af8d81b0c2da 8562576d89f94413a70ae97a4a10cac3 9ce981192a854de79a7a83011ba2e14e - - default default] 162.253.55.77,10.0.0.155 "GET /v2.0/ports?name=octavia-health-manager-port-instance HTTP/1.1" status: 200 len: 1389 time: 0.0512230
2026-09-11 18:37:20.403 10 INFO neutron.wsgi [None req-c0976022-089e-4df8-a763-92aa8b499d1f 8562576d89f94413a70ae97a4a10cac3 9ce981192a854de79a7a83011ba2e14e - - default default] 162.253.55.77,10.0.0.155 "GET /v2.0/ports HTTP/1.1" status: 200 len: 5341 time: 0.1133564
2026-09-11 18:37:21.536 10 INFO neutron.wsgi [None req-c3ba28a9-6437-42dc-bf5a-a35a12ea0db4 8562576d89f94413a70ae97a4a10cac3 9ce981192a854de79a7a83011ba2e14e - - default default] 162.253.55.77,10.0.0.155 "GET /v2.0/security-groups?tenant_id=9ce981192a854de79a7a83011ba2e14e HTTP/1.1" status: 200 len: 10153 time: 0.1099837
2026-09-11 18:37:22.612 10 INFO neutron.wsgi [None req-2de0379d-9f03-47a3-bb42-b2a128e76df6 8562576d89f94413a70ae97a4a10cac3 9ce981192a854de79a7a83011ba2e14e - - default default] 162.253.55.77,10.0.0.155 "GET /v2.0/security-groups?tenant_id=9ce981192a854de79a7a83011ba2e14e HTTP/1.1" status: 200 len: 10153 time: 0.1356738
2026-09-11 18:37:23.599 10 INFO neutron.wsgi [None req-b5dc7b20-ad61-431b-97ff-ebfb3db8e708 8562576d89f94413a70ae97a4a10cac3 9ce981192a854de79a7a83011ba2e14e - - default default] 162.253.55.77,10.0.0.155 "GET /v2.0/security-groups?tenant_id=9ce981192a854de79a7a83011ba2e14e HTTP/1.1" status: 200 len: 10153 time: 0.1278005
2026-09-11 18:37:27.356 9 INFO neutron.wsgi [-] 10.0.0.155 "GET / HTTP/1.1" status: 200 len: 247 time: 0.0021853
2026-09-11 18:37:27.359 9 INFO neutron.wsgi [-] 10.0.0.155 "GET / HTTP/1.1" status: 200 len: 247 time: 0.0024323
2026-09-11 18:37:35.392 10 INFO neutron.wsgi [None req-45115886-49d3-4d63-b8df-c48dea36d763 8562576d89f94413a70ae97a4a10cac3 9ce981192a854de79a7a83011ba2e14e - - default default] 162.253.55.77,10.0.0.155 "GET /v2.0/quotas/9ce981192a854de79a7a83011ba2e14e HTTP/1.1" status: 200 len: 361 time: 0.0142436
2026-09-11 18:37:42.355 9 INFO neutron.wsgi [-] 10.0.0.155 "GET / HTTP/1.1" status: 200 len: 247 time: 0.0014803
2026-09-11 18:37:42.357 10 INFO neutron.wsgi [-] 10.0.0.155 "GET / HTTP/1.1" status: 200 len: 247 time: 0.0032899
2026-09-11 18:37:57.356 9 INFO neutron.wsgi [-] 10.0.0.155 "GET / HTTP/1.1" status: 200 len: 247 time: 0.0020518
2026-09-11 18:37:57.357 10 INFO neutron.wsgi [-] 10.0.0.155 "GET / HTTP/1.1" status: 200 len: 247 time: 0.0027466
2026-09-11 18:38:06.997 9 INFO neutron.wsgi [None req-a8091400-9dff-4428-9056-541933fcc659 8562576d89f94413a70ae97a4a10cac3 9ce981192a854de79a7a83011ba2e14e - - default default] 10.0.0.100 "GET /v2.0/agents HTTP/1.1" status: 200 len: 997 time: 0.1495154
2026-09-11 18:38:07.016 9 INFO neutron.wsgi [None req-3963ac4d-6bb4-4e4f-81a4-008eb7a766fc 8562576d89f94413a70ae97a4a10cac3 9ce981192a854de79a7a83011ba2e14e - - default default] 10.0.0.100 "GET /v2.0/routers HTTP/1.1" status: 200 len: 189 time: 0.0176878
2026-09-11 18:38:07.025 9 INFO neutron.wsgi [None req-e391a89b-f912-440a-84e1-8b4b2c024518 8562576d89f94413a70ae97a4a10cac3 9ce981192a854de79a7a83011ba2e14e - - default default] 10.0.0.100 "GET /v2.0/agents?binary=ovn-controller HTTP/1.1" status: 200 len: 591 time: 0.0086896
2026-09-11 18:38:07.042 9 INFO neutron.wsgi [None req-2a4b1d34-1103-46b3-b9a3-99d8ff5c510a 8562576d89f94413a70ae97a4a10cac3 9ce981192a854de79a7a83011ba2e14e - - default default] 10.0.0.100 "GET /v2.0/floatingips HTTP/1.1" status: 200 len: 193 time: 0.0158098
2026-09-11 18:38:07.090 9 INFO neutron.wsgi [None req-e051184c-38cf-423a-ade0-44fe08c9017c 8562576d89f94413a70ae97a4a10cac3 9ce981192a854de79a7a83011ba2e14e - - default default] 10.0.0.100 "GET /v2.0/networks HTTP/1.1" status: 200 len: 2349 time: 0.0474343
2026-09-11 18:38:07.119 9 INFO neutron.wsgi [None req-fd85d8ff-600c-41f4-8c63-2e66ea48fe09 8562576d89f94413a70ae97a4a10cac3 9ce981192a854de79a7a83011ba2e14e - - default default] 10.0.0.100 "GET /v2.0/subnets HTTP/1.1" status: 200 len: 1437 time: 0.0270913
2026-09-11 18:38:07.144 9 INFO neutron.wsgi [None req-75822bca-1517-4fdd-9d07-662e71ffd76a 8562576d89f94413a70ae97a4a10cac3 9ce981192a854de79a7a83011ba2e14e - - default default] 10.0.0.100 "GET /v2.0/ports HTTP/1.1" status: 200 len: 5341 time: 0.0239921
2026-09-11 18:38:07.154 9 INFO neutron.wsgi [None req-91f6308a-ef6f-4e8e-8f0e-65802513d6cf 8562576d89f94413a70ae97a4a10cac3 9ce981192a854de79a7a83011ba2e14e - - default default] 10.0.0.100 "GET /v2.0/network-ip-availabilities HTTP/1.1" status: 200 len: 1280 time: 0.0078256
2026-09-11 18:38:07.182 9 INFO neutron.wsgi [None req-4d5a1d1d-7a95-4350-b769-8546f61a2141 8562576d89f94413a70ae97a4a10cac3 9ce981192a854de79a7a83011ba2e14e - - default default] 10.0.0.100 "GET /v2.0/subnets HTTP/1.1" status: 200 len: 1437 time: 0.0275228
2026-09-11 18:38:07.191 9 INFO neutron.wsgi [None req-6b86692c-a456-4206-9bb4-50b4b192ff57 8562576d89f94413a70ae97a4a10cac3 9ce981192a854de79a7a83011ba2e14e - - default default] 10.0.0.100 "GET /v2.0/subnetpools HTTP/1.1" status: 200 len: 193 time: 0.0075653
2026-09-11 18:38:07.228 9 INFO neutron.wsgi [None req-ddbdb3ab-fd34-4f9e-87a2-873347727be0 8562576d89f94413a70ae97a4a10cac3 9ce981192a854de79a7a83011ba2e14e - - default default] 10.0.0.100 "GET /v2.0/security-groups HTTP/1.1" status: 200 len: 16795 time: 0.0365026
2026-09-11 18:38:12.355 10 INFO neutron.wsgi [-] 10.0.0.155 "GET / HTTP/1.1" status: 200 len: 247 time: 0.0014398
2026-09-11 18:38:12.357 10 INFO neutron.wsgi [-] 10.0.0.155 "GET / HTTP/1.1" status: 200 len: 247 time: 0.0010283
2026-09-11 18:38:27.357 10 INFO neutron.wsgi [-] 10.0.0.155 "GET / HTTP/1.1" status: 200 len: 247 time: 0.0023983
2026-09-11 18:38:27.357 9 INFO neutron.wsgi [-] 10.0.0.155 "GET / HTTP/1.1" status: 200 len: 247 time: 0.0030808
2026-09-11 18:38:28.216 10 INFO neutron.wsgi [None req-b8c808cc-64df-45fb-9a46-b3110ee2bbf2 8562576d89f94413a70ae97a4a10cac3 9ce981192a854de79a7a83011ba2e14e - - default default] 162.253.55.77,10.0.0.155 "GET /v2.0/security-groups?tenant_id=acd9b28c1e554811952565e57a64a38f HTTP/1.1" status: 200 len: 6838 time: 0.0763223
2026-09-11 18:38:29.268 10 INFO neutron.wsgi [None req-4c858b3c-8d74-447e-8131-90e91befba27 8562576d89f94413a70ae97a4a10cac3 9ce981192a854de79a7a83011ba2e14e - - default default] 162.253.55.77,10.0.0.155 "GET /v2.0/security-groups?tenant_id=acd9b28c1e554811952565e57a64a38f HTTP/1.1" status: 200 len: 6838 time: 0.1039200
2026-09-11 18:38:30.319 10 INFO neutron.wsgi [None req-ea843c30-d612-4cf8-866e-09c2f488c368 8562576d89f94413a70ae97a4a10cac3 9ce981192a854de79a7a83011ba2e14e - - default default] 162.253.55.77,10.0.0.155 "GET /v2.0/security-groups?tenant_id=acd9b28c1e554811952565e57a64a38f HTTP/1.1" status: 200 len: 6838 time: 0.1111591
2026-09-11 18:38:31.305 10 INFO neutron.wsgi [None req-7ac58be6-10b2-48ff-a9cd-7cfe21a005db 8562576d89f94413a70ae97a4a10cac3 9ce981192a854de79a7a83011ba2e14e - - default default] 162.253.55.77,10.0.0.155 "GET /v2.0/security-groups?tenant_id=acd9b28c1e554811952565e57a64a38f HTTP/1.1" status: 200 len: 6838 time: 0.1078727
2026-09-11 18:38:32.413 10 INFO neutron.wsgi [None req-df24afdc-65dd-4cb5-b01c-afa1e79a1f5a 8562576d89f94413a70ae97a4a10cac3 9ce981192a854de79a7a83011ba2e14e - - default default] 162.253.55.77,10.0.0.155 "GET /v2.0/security-groups?tenant_id=acd9b28c1e554811952565e57a64a38f HTTP/1.1" status: 200 len: 6838 time: 0.1271133
2026-09-11 18:38:40.451 10 INFO neutron.wsgi [None req-0b07d365-ddbe-4812-aa14-9cbf68002ad6 8562576d89f94413a70ae97a4a10cac3 9ce981192a854de79a7a83011ba2e14e - - default default] 162.253.55.77,10.0.0.155 "GET /v2.0/quotas/acd9b28c1e554811952565e57a64a38f HTTP/1.1" status: 200 len: 361 time: 0.0155628
2026-09-11 18:38:42.356 9 INFO neutron.wsgi [-] 10.0.0.155 "GET / HTTP/1.1" status: 200 len: 247 time: 0.0022964
2026-09-11 18:38:42.356 10 INFO neutron.wsgi [-] 10.0.0.155 "GET / HTTP/1.1" status: 200 len: 247 time: 0.0024457
2026-09-11 18:38:57.355 10 INFO neutron.wsgi [-] 10.0.0.155 "GET / HTTP/1.1" status: 200 len: 247 time: 0.0012057
2026-09-11 18:38:57.357 10 INFO neutron.wsgi [-] 10.0.0.155 "GET / HTTP/1.1" status: 200 len: 247 time: 0.0016949
2026-09-11 18:39:06.982 9 INFO neutron.wsgi [None req-18b11000-0003-4734-8043-818976f6d0fb 8562576d89f94413a70ae97a4a10cac3 9ce981192a854de79a7a83011ba2e14e - - default default] 10.0.0.100 "GET /v2.0/networks HTTP/1.1" status: 200 len: 2349 time: 0.1468828
2026-09-11 18:39:07.018 9 INFO neutron.wsgi [None req-3550c8b8-da51-4033-ba63-ae6824984a6d 8562576d89f94413a70ae97a4a10cac3 9ce981192a854de79a7a83011ba2e14e - - default default] 10.0.0.100 "GET /v2.0/subnets HTTP/1.1" status: 200 len: 1437 time: 0.0330174
2026-09-11 18:39:07.036 9 INFO neutron.wsgi [None req-3867ca2e-b0d7-4044-91e8-be8ba9e17cfa 8562576d89f94413a70ae97a4a10cac3 9ce981192a854de79a7a83011ba2e14e - - default default] 10.0.0.100 "GET /v2.0/floatingips HTTP/1.1" status: 200 len: 193 time: 0.0170274
2026-09-11 18:39:07.063 9 INFO neutron.wsgi [None req-09ff342f-1bce-4300-a36c-353902c1ee75 8562576d89f94413a70ae97a4a10cac3 9ce981192a854de79a7a83011ba2e14e - - default default] 10.0.0.100 "GET /v2.0/subnets HTTP/1.1" status: 200 len: 1437 time: 0.0263369
2026-09-11 18:39:07.073 9 INFO neutron.wsgi [None req-7120402f-22eb-40ae-858c-ec15ec02ff03 8562576d89f94413a70ae97a4a10cac3 9ce981192a854de79a7a83011ba2e14e - - default default] 10.0.0.100 "GET /v2.0/subnetpools HTTP/1.1" status: 200 len: 193 time: 0.0082915
2026-09-11 18:39:07.119 9 INFO neutron.wsgi [None req-edc3fff4-141e-4cf1-92a8-fb9387de4742 8562576d89f94413a70ae97a4a10cac3 9ce981192a854de79a7a83011ba2e14e - - default default] 10.0.0.100 "GET /v2.0/security-groups HTTP/1.1" status: 200 len: 16795 time: 0.0456200
2026-09-11 18:39:07.152 9 INFO neutron.wsgi [None req-7a84675c-e6db-40b8-bf16-b53d8f318095 8562576d89f94413a70ae97a4a10cac3 9ce981192a854de79a7a83011ba2e14e - - default default] 10.0.0.100 "GET /v2.0/ports HTTP/1.1" status: 200 len: 5341 time: 0.0280631
2026-09-11 18:39:07.172 9 INFO neutron.wsgi [None req-a568f9c3-430b-48c8-bb76-6d646f67dbd3 8562576d89f94413a70ae97a4a10cac3 9ce981192a854de79a7a83011ba2e14e - - default default] 10.0.0.100 "GET /v2.0/routers HTTP/1.1" status: 200 len: 189 time: 0.0156460
2026-09-11 18:39:07.225 9 INFO neutron.wsgi [None req-9dcce270-e7fd-4d45-92cd-8068384918b3 8562576d89f94413a70ae97a4a10cac3 9ce981192a854de79a7a83011ba2e14e - - default default] 10.0.0.100 "GET /v2.0/agents?binary=ovn-controller HTTP/1.1" status: 200 len: 591 time: 0.0530474
2026-09-11 18:39:07.236 9 INFO neutron.wsgi [None req-c1bcfc1d-675b-49fa-98d4-2d38a2cc0963 8562576d89f94413a70ae97a4a10cac3 9ce981192a854de79a7a83011ba2e14e - - default default] 10.0.0.100 "GET /v2.0/network-ip-availabilities HTTP/1.1" status: 200 len: 1280 time: 0.0094764
2026-09-11 18:39:07.246 9 INFO neutron.wsgi [None req-2c767316-e4fa-48a8-a3c8-7826f2e46acb 8562576d89f94413a70ae97a4a10cac3 9ce981192a854de79a7a83011ba2e14e - - default default] 10.0.0.100 "GET /v2.0/agents HTTP/1.1" status: 200 len: 997 time: 0.0094817
2026-09-11 18:39:12.356 10 INFO neutron.wsgi [-] 10.0.0.155 "GET / HTTP/1.1" status: 200 len: 247 time: 0.0024261
2026-09-11 18:39:12.357 9 INFO neutron.wsgi [-] 10.0.0.155 "GET / HTTP/1.1" status: 200 len: 247 time: 0.0031185
2026-09-11 18:39:27.356 10 INFO neutron.wsgi [-] 10.0.0.155 "GET / HTTP/1.1" status: 200 len: 247 time: 0.0018642
2026-09-11 18:39:27.357 9 INFO neutron.wsgi [-] 10.0.0.155 "GET / HTTP/1.1" status: 200 len: 247 time: 0.0027850
2026-09-11 18:39:35.174 10 INFO neutron.wsgi [None req-a8fe9bd7-505f-4740-997b-ab6d137b1c55 8562576d89f94413a70ae97a4a10cac3 9ce981192a854de79a7a83011ba2e14e - - default default] 162.253.55.77,10.0.0.155 "GET /v2.0/networks HTTP/1.1" status: 200 len: 2349 time: 0.1359715
2026-09-11 18:39:42.355 9 INFO neutron.wsgi [-] 10.0.0.155 "GET / HTTP/1.1" status: 200 len: 247 time: 0.0016513
2026-09-11 18:39:42.356 10 INFO neutron.wsgi [-] 10.0.0.155 "GET / HTTP/1.1" status: 200 len: 247 time: 0.0025017
2026-09-11 18:39:57.357 9 INFO neutron.wsgi [-] 10.0.0.155 "GET / HTTP/1.1" status: 200 len: 247 time: 0.0028665
2026-09-11 18:39:57.360 9 INFO neutron.wsgi [-] 10.0.0.155 "GET / HTTP/1.1" status: 200 len: 247 time: 0.0019331
2026-09-11 18:40:07.116 9 INFO neutron.wsgi [None req-a3a2529b-657d-43d0-bf63-b72fdd58db13 8562576d89f94413a70ae97a4a10cac3 9ce981192a854de79a7a83011ba2e14e - - default default] 10.0.0.100 "GET /v2.0/networks HTTP/1.1" status: 200 len: 2349 time: 0.2076020
2026-09-11 18:40:07.151 9 INFO neutron.wsgi [None req-ed66309d-c541-4f54-93e6-ec3bd58e95de 8562576d89f94413a70ae97a4a10cac3 9ce981192a854de79a7a83011ba2e14e - - default default] 10.0.0.100 "GET /v2.0/subnets HTTP/1.1" status: 200 len: 1437 time: 0.0318837
2026-09-11 18:40:07.184 9 INFO neutron.wsgi [None req-cdb93932-ebca-4bc0-a85d-bd12fc133461 8562576d89f94413a70ae97a4a10cac3 9ce981192a854de79a7a83011ba2e14e - - default default] 10.0.0.100 "GET /v2.0/subnets HTTP/1.1" status: 200 len: 1437 time: 0.0322914
2026-09-11 18:40:07.193 9 INFO neutron.wsgi [None req-33490cfe-bc08-49b6-ac0a-6ca4503ae7d1 8562576d89f94413a70ae97a4a10cac3 9ce981192a854de79a7a83011ba2e14e - - default default] 10.0.0.100 "GET /v2.0/subnetpools HTTP/1.1" status: 200 len: 193 time: 0.0083394
2026-09-11 18:40:07.233 9 INFO neutron.wsgi [None req-9575f27c-bb37-43d1-be80-f42cc62982b0 8562576d89f94413a70ae97a4a10cac3 9ce981192a854de79a7a83011ba2e14e - - default default] 10.0.0.100 "GET /v2.0/security-groups HTTP/1.1" status: 200 len: 16795 time: 0.0384879
2026-09-11 18:40:07.259 9 INFO neutron.wsgi [None req-f608736e-8801-4b7a-908e-f0960889f716 8562576d89f94413a70ae97a4a10cac3 9ce981192a854de79a7a83011ba2e14e - - default default] 10.0.0.100 "GET /v2.0/routers HTTP/1.1" status: 200 len: 189 time: 0.0176127
2026-09-11 18:40:07.300 9 INFO neutron.wsgi [None req-3e7ebd8c-beb1-4f7e-9a0c-95a5e050cadd 8562576d89f94413a70ae97a4a10cac3 9ce981192a854de79a7a83011ba2e14e - - default default] 10.0.0.100 "GET /v2.0/agents?binary=ovn-controller HTTP/1.1" status: 200 len: 591 time: 0.0400174
2026-09-11 18:40:07.313 9 INFO neutron.wsgi [None req-7cf838c3-06b4-466e-87d5-8a34f7069299 8562576d89f94413a70ae97a4a10cac3 9ce981192a854de79a7a83011ba2e14e - - default default] 10.0.0.100 "GET /v2.0/network-ip-availabilities HTTP/1.1" status: 200 len: 1280 time: 0.0097716
2026-09-11 18:40:07.330 9 INFO neutron.wsgi [None req-38be1ea9-f098-4fa1-8359-ebe416ba783e 8562576d89f94413a70ae97a4a10cac3 9ce981192a854de79a7a83011ba2e14e - - default default] 10.0.0.100 "GET /v2.0/floatingips HTTP/1.1" status: 200 len: 193 time: 0.0156636
2026-09-11 18:40:07.356 9 INFO neutron.wsgi [None req-b08e34f2-4928-4bda-baa6-6d3818b88311 8562576d89f94413a70ae97a4a10cac3 9ce981192a854de79a7a83011ba2e14e - - default default] 10.0.0.100 "GET /v2.0/ports HTTP/1.1" status: 200 len: 5341 time: 0.0256968
2026-09-11 18:40:07.368 9 INFO neutron.wsgi [None req-f80ea85a-4021-4dfc-a8aa-a8f730eef87c 8562576d89f94413a70ae97a4a10cac3 9ce981192a854de79a7a83011ba2e14e - - default default] 10.0.0.100 "GET /v2.0/agents HTTP/1.1" status: 200 len: 997 time: 0.0079641
2026-09-11 18:40:12.357 10 INFO neutron.wsgi [-] 10.0.0.155 "GET / HTTP/1.1" status: 200 len: 247 time: 0.0027666
2026-09-11 18:40:12.357 9 INFO neutron.wsgi [-] 10.0.0.155 "GET / HTTP/1.1" status: 200 len: 247 time: 0.0011990
2026-09-11 18:40:16.260 9 INFO neutron.wsgi [None req-fd69c16e-a93a-4e73-ae0d-5e5c3f06aec9 8562576d89f94413a70ae97a4a10cac3 9ce981192a854de79a7a83011ba2e14e - - default default] 10.0.0.177 "GET /v2.0/networks HTTP/1.1" status: 200 len: 2368 time: 0.1217632 /var/lib/openstack/lib/python3.10/site-packages/pycadf/identifier.py:71: UserWarning: Invalid uuid: neutron. To ensure interoperability, identifiers should be a valid uuid. warnings.warn(('Invalid uuid: %s. To ensure interoperability, '
2026-09-11 18:40:17.661 10 INFO neutron.wsgi [None req-0c29f464-e4ce-41d1-bc21-3e6957c66abb 8562576d89f94413a70ae97a4a10cac3 9ce981192a854de79a7a83011ba2e14e - - default default] 10.0.0.177 "GET /v2.0/floatingips HTTP/1.1" status: 200 len: 212 time: 0.0491245
2026-09-11 18:40:17.702 10 INFO neutron.wsgi [None req-47ea8517-0b5f-4b4c-88be-005a248c3592 8562576d89f94413a70ae97a4a10cac3 9ce981192a854de79a7a83011ba2e14e - - default default] 10.0.0.177 "GET /v2.0/routers HTTP/1.1" status: 200 len: 208 time: 0.0352027
2026-09-11 18:40:17.748 10 INFO neutron.wsgi [None req-98e26fb4-f8f3-4300-9042-6c99fa030f5b 8562576d89f94413a70ae97a4a10cac3 9ce981192a854de79a7a83011ba2e14e - - default default] 10.0.0.177 "GET /v2.0/ports HTTP/1.1" status: 200 len: 5360 time: 0.0381737
2026-09-11 18:40:17.787 10 INFO neutron.wsgi [None req-2608c05f-547e-45a0-9348-c64990b00828 8562576d89f94413a70ae97a4a10cac3 9ce981192a854de79a7a83011ba2e14e - - default default] 10.0.0.177 "GET /v2.0/subnets HTTP/1.1" status: 200 len: 1456 time: 0.0331466
2026-09-11 18:40:17.845 10 INFO neutron.wsgi [None req-92d42f58-c4b3-4e65-8c80-0048b37d7bd1 8562576d89f94413a70ae97a4a10cac3 9ce981192a854de79a7a83011ba2e14e - - default default] 10.0.0.177 "GET /v2.0/networks HTTP/1.1" status: 200 len: 2368 time: 0.0521312
2026-09-11 18:40:17.904 10 INFO neutron.wsgi [None req-75cdbc95-52b2-4770-8cc2-6b3dc9805e9b 8562576d89f94413a70ae97a4a10cac3 9ce981192a854de79a7a83011ba2e14e - - default default] 10.0.0.177 "GET /v2.0/security-groups HTTP/1.1" status: 200 len: 16814 time: 0.0532708
2026-09-11 18:40:17.920 10 INFO neutron.wsgi [None req-12a4c622-9284-49ce-ad2a-83662f5437ff 8562576d89f94413a70ae97a4a10cac3 9ce981192a854de79a7a83011ba2e14e - - default default] 10.0.0.177 "GET /v2.0/subnetpools HTTP/1.1" status: 200 len: 212 time: 0.0092580
2026-09-11 18:40:27.356 9 INFO neutron.wsgi [-] 10.0.0.155 "GET / HTTP/1.1" status: 200 len: 247 time: 0.0015712
2026-09-11 18:40:27.359 10 INFO neutron.wsgi [-] 10.0.0.155 "GET / HTTP/1.1" status: 200 len: 247 time: 0.0048819
2026-09-11 18:40:28.771 10 INFO neutron.db.ovn_revision_numbers_db [None req-b3d036eb-0ae9-45ab-9981-f78e84668e13 8562576d89f94413a70ae97a4a10cac3 9ce981192a854de79a7a83011ba2e14e - - default default] Successfully bumped revision number for resource 31829c58-d19d-4f55-b105-6fb759a20c9f (type: security_groups) to 1
2026-09-11 18:40:28.783 10 INFO neutron.db.ovn_revision_numbers_db [None req-38c1185e-390f-4422-ae2e-2a36afeb1cc1 8562576d89f94413a70ae97a4a10cac3 9ce981192a854de79a7a83011ba2e14e - - default default] Successfully bumped revision number for resource 67a319f8-3542-41fe-ae89-1e59377347db (type: security_groups) to 1
2026-09-11 18:40:28.786 10 INFO neutron.db.ovn_revision_numbers_db [None req-b3d036eb-0ae9-45ab-9981-f78e84668e13 8562576d89f94413a70ae97a4a10cac3 9ce981192a854de79a7a83011ba2e14e - - default default] Successfully bumped revision number for resource 4c375084-a9cd-4d9f-83a3-ac31fab66971 (type: security_group_rules) to 0
2026-09-11 18:40:28.798 10 INFO neutron.db.ovn_revision_numbers_db [None req-38c1185e-390f-4422-ae2e-2a36afeb1cc1 8562576d89f94413a70ae97a4a10cac3 9ce981192a854de79a7a83011ba2e14e - - default default] Successfully bumped revision number for resource 44203556-891c-4dff-a78e-00178072bdc8 (type: security_group_rules) to 0
2026-09-11 18:40:28.800 10 INFO neutron.db.ovn_revision_numbers_db [None req-b3d036eb-0ae9-45ab-9981-f78e84668e13 8562576d89f94413a70ae97a4a10cac3 9ce981192a854de79a7a83011ba2e14e - - default default] Successfully bumped revision number for resource 7b9f33f7-cfa7-447d-850b-7a95ff41a5bf (type: security_group_rules) to 0
2026-09-11 18:40:28.815 10 INFO neutron.db.ovn_revision_numbers_db [None req-38c1185e-390f-4422-ae2e-2a36afeb1cc1 8562576d89f94413a70ae97a4a10cac3 9ce981192a854de79a7a83011ba2e14e - - default default] Successfully bumped revision number for resource 59438e42-6836-41af-9d1f-218cda1654ad (type: security_group_rules) to 0
2026-09-11 18:40:28.818 10 INFO neutron.db.ovn_revision_numbers_db [None req-b3d036eb-0ae9-45ab-9981-f78e84668e13 8562576d89f94413a70ae97a4a10cac3 9ce981192a854de79a7a83011ba2e14e - - default default] Successfully bumped revision number for resource a9c86102-32f7-4579-8388-037b73efbdff (type: security_group_rules) to 0
2026-09-11 18:40:28.838 10 INFO neutron.db.ovn_revision_numbers_db [None req-38c1185e-390f-4422-ae2e-2a36afeb1cc1 8562576d89f94413a70ae97a4a10cac3 9ce981192a854de79a7a83011ba2e14e - - default default] Successfully bumped revision number for resource 5c3df678-89aa-4441-99c5-e779a7c54771 (type: security_group_rules) to 0
2026-09-11 18:40:28.840 10 INFO neutron.db.ovn_revision_numbers_db [None req-b3d036eb-0ae9-45ab-9981-f78e84668e13 8562576d89f94413a70ae97a4a10cac3 9ce981192a854de79a7a83011ba2e14e - - default default] Successfully bumped revision number for resource ffd7f277-1d17-419f-b34d-9c23189985f2 (type: security_group_rules) to 0
2026-09-11 18:40:28.856 9 INFO neutron.db.ovn_revision_numbers_db [None req-27fd1932-38d9-49c9-b42d-54edd54a77b0 8562576d89f94413a70ae97a4a10cac3 9ce981192a854de79a7a83011ba2e14e - - default default] Successfully bumped revision number for resource 14a217db-1f9f-4685-9eed-0fafd0d79a1c (type: security_groups) to 1
2026-09-11 18:40:28.864 10 INFO neutron.db.ovn_revision_numbers_db [None req-38c1185e-390f-4422-ae2e-2a36afeb1cc1 8562576d89f94413a70ae97a4a10cac3 9ce981192a854de79a7a83011ba2e14e - - default default] Successfully bumped revision number for resource f6720465-40db-453c-9a51-c514aa7babc1 (type: security_group_rules) to 0
2026-09-11 18:40:28.877 9 INFO neutron.db.ovn_revision_numbers_db [None req-27fd1932-38d9-49c9-b42d-54edd54a77b0 8562576d89f94413a70ae97a4a10cac3 9ce981192a854de79a7a83011ba2e14e - - default default] Successfully bumped revision number for resource 4a153bd8-8e13-4ef5-a14d-aa86fba63c31 (type: security_group_rules) to 0
2026-09-11 18:40:28.901 9 INFO neutron.db.ovn_revision_numbers_db [None req-27fd1932-38d9-49c9-b42d-54edd54a77b0 8562576d89f94413a70ae97a4a10cac3 9ce981192a854de79a7a83011ba2e14e - - default default] Successfully bumped revision number for resource 88c014ca-c321-479d-b46d-85de248ce881 (type: security_group_rules) to 0
2026-09-11 18:40:28.910 10 INFO neutron.db.segments_db [None req-b3d036eb-0ae9-45ab-9981-f78e84668e13 8562576d89f94413a70ae97a4a10cac3 9ce981192a854de79a7a83011ba2e14e - - default default] Added segment 50285a3e-5c92-40df-8373-b3f92a7b3173 of type geneve for network 1cbd055c-e2dd-453d-b8fd-394282f8d7a6
2026-09-11 18:40:28.919 9 INFO neutron.db.ovn_revision_numbers_db [None req-27fd1932-38d9-49c9-b42d-54edd54a77b0 8562576d89f94413a70ae97a4a10cac3 9ce981192a854de79a7a83011ba2e14e - - default default] Successfully bumped revision number for resource 95e6289e-88b7-434e-8fc0-4cb5d5b7fb83 (type: security_group_rules) to 0
2026-09-11 18:40:28.941 9 INFO neutron.db.ovn_revision_numbers_db [None req-27fd1932-38d9-49c9-b42d-54edd54a77b0 8562576d89f94413a70ae97a4a10cac3 9ce981192a854de79a7a83011ba2e14e - - default default] Successfully bumped revision number for resource c52b8ba8-b2cf-4962-ab1c-35f02ce95f72 (type: security_group_rules) to 0
2026-09-11 18:40:28.956 10 INFO neutron.db.segments_db [None req-38c1185e-390f-4422-ae2e-2a36afeb1cc1 8562576d89f94413a70ae97a4a10cac3 9ce981192a854de79a7a83011ba2e14e - - default default] Added segment 4dc87a99-b061-48fa-928a-80102f4a6845 of type geneve for network eacec32e-a5df-4af7-87f3-a1623eb21bb3
2026-09-11 18:40:29.001 9 INFO neutron.db.segments_db [None req-27fd1932-38d9-49c9-b42d-54edd54a77b0 8562576d89f94413a70ae97a4a10cac3 9ce981192a854de79a7a83011ba2e14e - - default default] Added segment a2fc39d9-8322-41ac-9f39-dc1ec8f678e1 of type geneve for network adb4fc00-d185-467d-8b51-486f7008f819
2026-09-11 18:40:29.118 10 INFO neutron.db.ovn_revision_numbers_db [None req-b3d036eb-0ae9-45ab-9981-f78e84668e13 8562576d89f94413a70ae97a4a10cac3 9ce981192a854de79a7a83011ba2e14e - - default default] Successfully bumped revision number for resource 1cbd055c-e2dd-453d-b8fd-394282f8d7a6 (type: networks) to 1
2026-09-11 18:40:29.139 9 INFO neutron.db.ovn_revision_numbers_db [None req-27fd1932-38d9-49c9-b42d-54edd54a77b0 8562576d89f94413a70ae97a4a10cac3 9ce981192a854de79a7a83011ba2e14e - - default default] Successfully bumped revision number for resource adb4fc00-d185-467d-8b51-486f7008f819 (type: networks) to 1
2026-09-11 18:40:29.249 10 INFO neutron.db.ovn_revision_numbers_db [None req-38c1185e-390f-4422-ae2e-2a36afeb1cc1 8562576d89f94413a70ae97a4a10cac3 9ce981192a854de79a7a83011ba2e14e - - default default] Successfully bumped revision number for resource eacec32e-a5df-4af7-87f3-a1623eb21bb3 (type: networks) to 1
2026-09-11 18:40:29.302 9 WARNING neutron.scheduler.dhcp_agent_scheduler [None req-27fd1932-38d9-49c9-b42d-54edd54a77b0 8562576d89f94413a70ae97a4a10cac3 9ce981192a854de79a7a83011ba2e14e - - default default] No more DHCP agents
2026-09-11 18:40:29.304 9 WARNING neutron.api.rpc.agentnotifiers.dhcp_rpc_agent_api [None req-27fd1932-38d9-49c9-b42d-54edd54a77b0 8562576d89f94413a70ae97a4a10cac3 9ce981192a854de79a7a83011ba2e14e - - default default] Unable to schedule network adb4fc00-d185-467d-8b51-486f7008f819: no agents available; will retry on subsequent port and subnet creation events.
2026-09-11 18:40:29.382 9 INFO neutron.db.ovn_revision_numbers_db [None req-27fd1932-38d9-49c9-b42d-54edd54a77b0 8562576d89f94413a70ae97a4a10cac3 9ce981192a854de79a7a83011ba2e14e - - default default] Successfully bumped revision number for resource 977cdbf2-ae91-4f15-bab6-46bd5fe271d1 (type: ports) to 1
2026-09-11 18:40:29.405 9 INFO neutron.wsgi [None req-27fd1932-38d9-49c9-b42d-54edd54a77b0 8562576d89f94413a70ae97a4a10cac3 9ce981192a854de79a7a83011ba2e14e - - default default] 10.0.0.177 "POST /v2.0/networks HTTP/1.1" status: 201 len: 947 time: 0.7690384
2026-09-11 18:40:29.413 10 WARNING neutron.scheduler.dhcp_agent_scheduler [None req-b3d036eb-0ae9-45ab-9981-f78e84668e13 8562576d89f94413a70ae97a4a10cac3 9ce981192a854de79a7a83011ba2e14e - - default default] No more DHCP agents
2026-09-11 18:40:29.421 10 WARNING neutron.api.rpc.agentnotifiers.dhcp_rpc_agent_api [None req-b3d036eb-0ae9-45ab-9981-f78e84668e13 8562576d89f94413a70ae97a4a10cac3 9ce981192a854de79a7a83011ba2e14e - - default default] Unable to schedule network 1cbd055c-e2dd-453d-b8fd-394282f8d7a6: no agents available; will retry on subsequent port and subnet creation events.
2026-09-11 18:40:29.477 10 WARNING neutron.scheduler.dhcp_agent_scheduler [None req-38c1185e-390f-4422-ae2e-2a36afeb1cc1 8562576d89f94413a70ae97a4a10cac3 9ce981192a854de79a7a83011ba2e14e - - default default] No more DHCP agents
2026-09-11 18:40:29.482 10 WARNING neutron.api.rpc.agentnotifiers.dhcp_rpc_agent_api [None req-38c1185e-390f-4422-ae2e-2a36afeb1cc1 8562576d89f94413a70ae97a4a10cac3 9ce981192a854de79a7a83011ba2e14e - - default default] Unable to schedule network eacec32e-a5df-4af7-87f3-a1623eb21bb3: no agents available; will retry on subsequent port and subnet creation events.
2026-09-11 18:40:29.557 9 WARNING neutron.scheduler.dhcp_agent_scheduler [None req-a6f0d747-7149-4042-9c4f-4588e816d639 8562576d89f94413a70ae97a4a10cac3 9ce981192a854de79a7a83011ba2e14e - - default default] No more DHCP agents
2026-09-11 18:40:29.559 9 WARNING neutron.api.rpc.agentnotifiers.dhcp_rpc_agent_api [None req-a6f0d747-7149-4042-9c4f-4588e816d639 8562576d89f94413a70ae97a4a10cac3 9ce981192a854de79a7a83011ba2e14e - - default default] Unable to schedule network adb4fc00-d185-467d-8b51-486f7008f819: no agents available; will retry on subsequent port and subnet creation events.
2026-09-11 18:40:29.587 10 INFO neutron.db.ovn_revision_numbers_db [None req-b3d036eb-0ae9-45ab-9981-f78e84668e13 8562576d89f94413a70ae97a4a10cac3 9ce981192a854de79a7a83011ba2e14e - - default default] Successfully bumped revision number for resource 92632b4d-49ea-4ae8-a988-e761fd325963 (type: ports) to 1
2026-09-11 18:40:29.616 10 INFO neutron.wsgi [None req-b3d036eb-0ae9-45ab-9981-f78e84668e13 8562576d89f94413a70ae97a4a10cac3 9ce981192a854de79a7a83011ba2e14e - - default default] 10.0.0.177 "POST /v2.0/networks HTTP/1.1" status: 201 len: 951 time: 1.2153082
2026-09-11 18:40:29.624 10 INFO neutron.db.ovn_revision_numbers_db [None req-38c1185e-390f-4422-ae2e-2a36afeb1cc1 8562576d89f94413a70ae97a4a10cac3 9ce981192a854de79a7a83011ba2e14e - - default default] Successfully bumped revision number for resource dd485d35-1e7a-4c0b-b978-e750b35c5a1d (type: ports) to 1
2026-09-11 18:40:29.649 10 INFO neutron.wsgi [None req-38c1185e-390f-4422-ae2e-2a36afeb1cc1 8562576d89f94413a70ae97a4a10cac3 9ce981192a854de79a7a83011ba2e14e - - default default] 10.0.0.177 "POST /v2.0/networks HTTP/1.1" status: 201 len: 953 time: 1.2174227
2026-09-11 18:40:29.836 10 INFO neutron.db.ovn_revision_numbers_db [None req-7c1c27dd-8be4-433e-a2d1-ad364e92ed3c 8562576d89f94413a70ae97a4a10cac3 9ce981192a854de79a7a83011ba2e14e - - default default] Successfully bumped revision number for resource 5cb93731-f5a4-44fc-b56f-301a3e9b0f3b (type: security_groups) to 1
2026-09-11 18:40:29.837 10 WARNING neutron.scheduler.dhcp_agent_scheduler [None req-8d38e245-7de0-49b1-a8ec-05f1f828113a 8562576d89f94413a70ae97a4a10cac3 9ce981192a854de79a7a83011ba2e14e - - default default] No more DHCP agents
2026-09-11 18:40:29.839 10 WARNING neutron.api.rpc.agentnotifiers.dhcp_rpc_agent_api [None req-8d38e245-7de0-49b1-a8ec-05f1f828113a 8562576d89f94413a70ae97a4a10cac3 9ce981192a854de79a7a83011ba2e14e - - default default] Unable to schedule network eacec32e-a5df-4af7-87f3-a1623eb21bb3: no agents available; will retry on subsequent port and subnet creation events.
2026-09-11 18:40:29.865 10 INFO neutron.db.ovn_revision_numbers_db [None req-7c1c27dd-8be4-433e-a2d1-ad364e92ed3c 8562576d89f94413a70ae97a4a10cac3 9ce981192a854de79a7a83011ba2e14e - - default default] Successfully bumped revision number for resource 4169e699-d307-461b-b479-00b5f14174f6 (type: security_group_rules) to 0
2026-09-11 18:40:29.886 10 INFO neutron.db.ovn_revision_numbers_db [None req-7c1c27dd-8be4-433e-a2d1-ad364e92ed3c 8562576d89f94413a70ae97a4a10cac3 9ce981192a854de79a7a83011ba2e14e - - default default] Successfully bumped revision number for resource 686086b0-08fd-4a0d-aff4-34fc8bdce3af (type: security_group_rules) to 0
2026-09-11 18:40:29.894 9 WARNING neutron.scheduler.dhcp_agent_scheduler [None req-4506cedd-97bc-4d6f-84f6-663915baea6d 8562576d89f94413a70ae97a4a10cac3 9ce981192a854de79a7a83011ba2e14e - - default default] No more DHCP agents
2026-09-11 18:40:29.897 9 WARNING neutron.api.rpc.agentnotifiers.dhcp_rpc_agent_api [None req-4506cedd-97bc-4d6f-84f6-663915baea6d 8562576d89f94413a70ae97a4a10cac3 9ce981192a854de79a7a83011ba2e14e - - default default] Unable to schedule network 1cbd055c-e2dd-453d-b8fd-394282f8d7a6: no agents available; will retry on subsequent port and subnet creation events.
2026-09-11 18:40:29.910 10 INFO neutron.db.ovn_revision_numbers_db [None req-7c1c27dd-8be4-433e-a2d1-ad364e92ed3c 8562576d89f94413a70ae97a4a10cac3 9ce981192a854de79a7a83011ba2e14e - - default default] Successfully bumped revision number for resource b2534e36-3258-47c1-8773-2f54b74bf592 (type: security_group_rules) to 0
2026-09-11 18:40:29.937 10 INFO neutron.db.ovn_revision_numbers_db [None req-7c1c27dd-8be4-433e-a2d1-ad364e92ed3c 8562576d89f94413a70ae97a4a10cac3 9ce981192a854de79a7a83011ba2e14e - - default default] Successfully bumped revision number for resource b29618d8-54df-47ad-8e1e-d44ac57b232d (type: security_group_rules) to 0
2026-09-11 18:40:29.975 10 INFO neutron.wsgi [None req-7c1c27dd-8be4-433e-a2d1-ad364e92ed3c 8562576d89f94413a70ae97a4a10cac3 9ce981192a854de79a7a83011ba2e14e - - default default] 10.0.0.177 "GET /v2.0/security-groups?tenant_id=cc9f690e39a64aaea9b8c6e879c94603&name=default HTTP/1.1" status: 200 len: 2992 time: 0.4155798
2026-09-11 18:40:30.287 10 INFO neutron.db.ovn_revision_numbers_db [None req-8d38e245-7de0-49b1-a8ec-05f1f828113a 8562576d89f94413a70ae97a4a10cac3 9ce981192a854de79a7a83011ba2e14e - - default default] Successfully bumped revision number for resource dd485d35-1e7a-4c0b-b978-e750b35c5a1d (type: ports) to 2
2026-09-11 18:40:30.319 10 INFO neutron.db.ovn_revision_numbers_db [None req-8d38e245-7de0-49b1-a8ec-05f1f828113a 8562576d89f94413a70ae97a4a10cac3 9ce981192a854de79a7a83011ba2e14e - - default default] Successfully bumped revision number for resource 3e125694-8258-490b-a627-7b9cfc639866 (type: subnets) to 0
2026-09-11 18:40:30.333 10 INFO neutron.wsgi [None req-8d38e245-7de0-49b1-a8ec-05f1f828113a 8562576d89f94413a70ae97a4a10cac3 9ce981192a854de79a7a83011ba2e14e - - default default] 10.0.0.177 "POST /v2.0/subnets HTTP/1.1" status: 201 len: 874 time: 0.6785812
2026-09-11 18:40:30.342 9 INFO neutron.db.ovn_revision_numbers_db [None req-a6f0d747-7149-4042-9c4f-4588e816d639 8562576d89f94413a70ae97a4a10cac3 9ce981192a854de79a7a83011ba2e14e - - default default] Successfully bumped revision number for resource 977cdbf2-ae91-4f15-bab6-46bd5fe271d1 (type: ports) to 2
2026-09-11 18:40:30.423 9 INFO neutron.db.ovn_revision_numbers_db [None req-a6f0d747-7149-4042-9c4f-4588e816d639 8562576d89f94413a70ae97a4a10cac3 9ce981192a854de79a7a83011ba2e14e - - default default] Successfully bumped revision number for resource 0e8f521f-24ef-4cec-b1bc-aed45f96d4cb (type: subnets) to 0
2026-09-11 18:40:30.442 9 INFO neutron.wsgi [None req-a6f0d747-7149-4042-9c4f-4588e816d639 8562576d89f94413a70ae97a4a10cac3 9ce981192a854de79a7a83011ba2e14e - - default default] 10.0.0.177 "POST /v2.0/subnets HTTP/1.1" status: 201 len: 867 time: 1.0277660
2026-09-11 18:40:30.550 9 INFO neutron.wsgi [None req-51f1a864-afac-4a7d-a65a-dff1e43c25c6 8562576d89f94413a70ae97a4a10cac3 9ce981192a854de79a7a83011ba2e14e - - default default] 10.0.0.177 "DELETE /v2.0/security-groups/5cb93731-f5a4-44fc-b56f-301a3e9b0f3b HTTP/1.1" status: 204 len: 168 time: 0.5691199
2026-09-11 18:40:30.767 9 INFO neutron.db.ovn_revision_numbers_db [None req-4506cedd-97bc-4d6f-84f6-663915baea6d 8562576d89f94413a70ae97a4a10cac3 9ce981192a854de79a7a83011ba2e14e - - default default] Successfully bumped revision number for resource 92632b4d-49ea-4ae8-a988-e761fd325963 (type: ports) to 2
2026-09-11 18:40:30.817 9 INFO neutron.db.ovn_revision_numbers_db [None req-4506cedd-97bc-4d6f-84f6-663915baea6d 8562576d89f94413a70ae97a4a10cac3 9ce981192a854de79a7a83011ba2e14e - - default default] Successfully bumped revision number for resource b8bf34c2-828d-4d4f-ae44-179427d20371 (type: subnets) to 0
2026-09-11 18:40:30.823 10 WARNING neutron.scheduler.dhcp_agent_scheduler [None req-58e4c98f-1b58-4daf-a8e0-476a2b126989 8562576d89f94413a70ae97a4a10cac3 9ce981192a854de79a7a83011ba2e14e - - default default] No more DHCP agents
2026-09-11 18:40:30.826 10 WARNING neutron.api.rpc.agentnotifiers.dhcp_rpc_agent_api [None req-58e4c98f-1b58-4daf-a8e0-476a2b126989 8562576d89f94413a70ae97a4a10cac3 9ce981192a854de79a7a83011ba2e14e - - default default] Unable to schedule network a99854ed-6c4f-4a71-9877-457a1a1331f2: no agents available; will retry on subsequent port and subnet creation events.
2026-09-11 18:40:30.830 9 INFO neutron.wsgi [None req-4506cedd-97bc-4d6f-84f6-663915baea6d 8562576d89f94413a70ae97a4a10cac3 9ce981192a854de79a7a83011ba2e14e - - default default] 10.0.0.177 "POST /v2.0/subnets HTTP/1.1" status: 201 len: 871 time: 1.2051980
2026-09-11 18:40:31.076 10 INFO neutron.db.ovn_revision_numbers_db [None req-58e4c98f-1b58-4daf-a8e0-476a2b126989 8562576d89f94413a70ae97a4a10cac3 9ce981192a854de79a7a83011ba2e14e - - default default] Successfully bumped revision number for resource 15bd4920-fb8f-4c24-9242-31b13cbf8782 (type: ports) to 1
2026-09-11 18:40:31.218 9 WARNING neutron.scheduler.dhcp_agent_scheduler [None req-7b0ca80d-29da-4859-a8ec-8f549c43467a 8562576d89f94413a70ae97a4a10cac3 9ce981192a854de79a7a83011ba2e14e - - default default] No more DHCP agents
2026-09-11 18:40:31.221 9 WARNING neutron.api.rpc.agentnotifiers.dhcp_rpc_agent_api [None req-7b0ca80d-29da-4859-a8ec-8f549c43467a 8562576d89f94413a70ae97a4a10cac3 9ce981192a854de79a7a83011ba2e14e - - default default] Unable to schedule network a99854ed-6c4f-4a71-9877-457a1a1331f2: no agents available; will retry on subsequent port and subnet creation events.
2026-09-11 18:40:31.349 9 INFO neutron.db.ovn_revision_numbers_db [None req-7b0ca80d-29da-4859-a8ec-8f549c43467a 8562576d89f94413a70ae97a4a10cac3 9ce981192a854de79a7a83011ba2e14e - - default default] Successfully bumped revision number for resource 093699ae-127c-4f66-b277-5c7edde218fc (type: ports) to 1
2026-09-11 18:40:31.460 10 INFO neutron.plugins.ml2.drivers.ovn.mech_driver.ovsdb.extensions.qos [None req-58e4c98f-1b58-4daf-a8e0-476a2b126989 8562576d89f94413a70ae97a4a10cac3 9ce981192a854de79a7a83011ba2e14e - - default default] Starting OVNClientQosExtension
