2026-09-11 18:41:52.847 10 INFO neutron.wsgi [None req-09275743-2d05-4fcb-95c6-9461ffb01edc 8562576d89f94413a70ae97a4a10cac3 9ce981192a854de79a7a83011ba2e14e - - default default] 10.0.0.177 "GET /v2.0/security-groups?tenant_id=b61659d30cc84c44a7d10cf0ae7e8a3e&name=default HTTP/1.1" status: 200 len: 2996 time: 0.4275954
2026-09-11 18:41:53.135 9 INFO neutron.wsgi [None req-e2a07be2-0fa9-43e6-bfaa-4ba896cb8fae 8562576d89f94413a70ae97a4a10cac3 9ce981192a854de79a7a83011ba2e14e - - default default] 10.0.0.177 "DELETE /v2.0/security-groups/15cccc94-820a-4ae5-a6a2-44ff20e5bf7e HTTP/1.1" status: 204 len: 168 time: 0.2805178 /var/lib/openstack/lib/python3.10/site-packages/pycadf/identifier.py:71: UserWarning: Invalid uuid: neutron. To ensure interoperability, identifiers should be a valid uuid. warnings.warn(('Invalid uuid: %s. To ensure interoperability, '
2026-09-11 18:41:53.402 9 INFO neutron.db.ovn_revision_numbers_db [None req-152f5fcc-2aa6-4d3c-8a13-4cf51be1b27b 8562576d89f94413a70ae97a4a10cac3 9ce981192a854de79a7a83011ba2e14e - - default default] Successfully bumped revision number for resource f2f765a2-8ee8-4da4-b086-a1a5c5701615 (type: security_groups) to 1
2026-09-11 18:41:53.415 9 INFO neutron.db.ovn_revision_numbers_db [None req-152f5fcc-2aa6-4d3c-8a13-4cf51be1b27b 8562576d89f94413a70ae97a4a10cac3 9ce981192a854de79a7a83011ba2e14e - - default default] Successfully bumped revision number for resource 23a962dc-b82e-4a35-b17f-396af2f6a244 (type: security_group_rules) to 0
2026-09-11 18:41:53.433 9 INFO neutron.db.ovn_revision_numbers_db [None req-152f5fcc-2aa6-4d3c-8a13-4cf51be1b27b 8562576d89f94413a70ae97a4a10cac3 9ce981192a854de79a7a83011ba2e14e - - default default] Successfully bumped revision number for resource 3f385cb2-02ed-4625-abf6-3713dcaa01cf (type: security_group_rules) to 0
2026-09-11 18:41:53.446 9 INFO neutron.db.ovn_revision_numbers_db [None req-152f5fcc-2aa6-4d3c-8a13-4cf51be1b27b 8562576d89f94413a70ae97a4a10cac3 9ce981192a854de79a7a83011ba2e14e - - default default] Successfully bumped revision number for resource a8471dff-efed-445f-b3fd-1309bbf65071 (type: security_group_rules) to 0
2026-09-11 18:41:53.460 9 INFO neutron.db.ovn_revision_numbers_db [None req-152f5fcc-2aa6-4d3c-8a13-4cf51be1b27b 8562576d89f94413a70ae97a4a10cac3 9ce981192a854de79a7a83011ba2e14e - - default default] Successfully bumped revision number for resource c3cb876d-f69b-4ce2-972a-ebe3e6aad090 (type: security_group_rules) to 0
2026-09-11 18:41:53.482 9 INFO neutron.wsgi [None req-152f5fcc-2aa6-4d3c-8a13-4cf51be1b27b 8562576d89f94413a70ae97a4a10cac3 9ce981192a854de79a7a83011ba2e14e - - default default] 10.0.0.177 "GET /v2.0/security-groups?tenant_id=b36527ca91f44c54a45ef0a0af860a71&name=default HTTP/1.1" status: 200 len: 2996 time: 0.2069588
2026-09-11 18:41:53.556 10 INFO neutron.wsgi [None req-799cc411-0f87-4cf7-8b8f-4de6d67f33ed 4d11c2b7e9bd4ac7804ab1d72cc68ad7 b8fd8778dd684602a39925f513f93f37 - - default default] 10.0.0.177 "PUT /v2.0/routers/3176aac0-659d-459f-a1af-8f21d5e49469/remove_router_interface HTTP/1.1" status: 200 len: 503 time: 0.8514249 /var/lib/openstack/lib/python3.10/site-packages/pycadf/identifier.py:71: UserWarning: Invalid uuid: neutron. To ensure interoperability, identifiers should be a valid uuid. warnings.warn(('Invalid uuid: %s. To ensure interoperability, '
2026-09-11 18:41:53.596 10 INFO neutron.db.ovn_revision_numbers_db [None req-50014a6d-8daf-4bfa-9004-ca207a3ce440 cf6a67f7f1c04a58bfe22491d3824a86 c8c634403c03419e9c2f25d06dd3b7f0 - - default default] Successfully bumped revision number for resource d0da90da-7bfd-48ae-8d9f-31c0310fe869 (type: security_groups) to 1
2026-09-11 18:41:53.628 10 INFO neutron.api.v2.resource [None req-2dc2ce65-dd25-44b5-8061-d991c52d6d2e 4d11c2b7e9bd4ac7804ab1d72cc68ad7 b8fd8778dd684602a39925f513f93f37 - - default default] remove_router_interface failed (client error): The resource could not be found.
2026-09-11 18:41:53.629 10 INFO neutron.wsgi [None req-2dc2ce65-dd25-44b5-8061-d991c52d6d2e 4d11c2b7e9bd4ac7804ab1d72cc68ad7 b8fd8778dd684602a39925f513f93f37 - - default default] 10.0.0.177 "PUT /v2.0/routers/3176aac0-659d-459f-a1af-8f21d5e49469/remove_router_interface HTTP/1.1" status: 404 len: 398 time: 0.0648537
2026-09-11 18:41:53.630 10 INFO neutron.db.ovn_revision_numbers_db [None req-50014a6d-8daf-4bfa-9004-ca207a3ce440 cf6a67f7f1c04a58bfe22491d3824a86 c8c634403c03419e9c2f25d06dd3b7f0 - - default default] Successfully bumped revision number for resource 0e0f6f98-1b61-4b7e-86e3-371bc0432fd0 (type: security_group_rules) to 0
2026-09-11 18:41:53.644 10 INFO neutron.db.ovn_revision_numbers_db [None req-50014a6d-8daf-4bfa-9004-ca207a3ce440 cf6a67f7f1c04a58bfe22491d3824a86 c8c634403c03419e9c2f25d06dd3b7f0 - - default default] Successfully bumped revision number for resource 814fbacf-b0ff-4193-ba0e-8107cbcb29f5 (type: security_group_rules) to 0
2026-09-11 18:41:53.656 10 INFO neutron.db.ovn_revision_numbers_db [None req-50014a6d-8daf-4bfa-9004-ca207a3ce440 cf6a67f7f1c04a58bfe22491d3824a86 c8c634403c03419e9c2f25d06dd3b7f0 - - default default] Successfully bumped revision number for resource 9a691ae4-cccd-45aa-87bd-0b3a5f4f5628 (type: security_group_rules) to 0
2026-09-11 18:41:53.668 10 INFO neutron.db.ovn_revision_numbers_db [None req-50014a6d-8daf-4bfa-9004-ca207a3ce440 cf6a67f7f1c04a58bfe22491d3824a86 c8c634403c03419e9c2f25d06dd3b7f0 - - default default] Successfully bumped revision number for resource fe16820f-b69b-4ccc-97d5-1fc68af668ae (type: security_group_rules) to 0
2026-09-11 18:41:53.672 9 INFO neutron.wsgi [None req-821a884e-4597-42ae-9692-3ba9ac6c1436 4d11c2b7e9bd4ac7804ab1d72cc68ad7 b8fd8778dd684602a39925f513f93f37 - - default default] 10.0.0.177 "GET /v2.0/ports?device_id=3176aac0-659d-459f-a1af-8f21d5e49469 HTTP/1.1" status: 200 len: 205 time: 0.0353703
2026-09-11 18:41:53.730 9 INFO neutron.wsgi [None req-1d2f3edc-9439-4066-bfbc-27ba7bf86c59 8562576d89f94413a70ae97a4a10cac3 9ce981192a854de79a7a83011ba2e14e - - default default] 10.0.0.177 "DELETE /v2.0/security-groups/f2f765a2-8ee8-4da4-b086-a1a5c5701615 HTTP/1.1" status: 204 len: 168 time: 0.2366102
2026-09-11 18:41:53.748 10 INFO neutron.db.segments_db [None req-50014a6d-8daf-4bfa-9004-ca207a3ce440 cf6a67f7f1c04a58bfe22491d3824a86 c8c634403c03419e9c2f25d06dd3b7f0 - - default default] Added segment 061ed19a-7e41-480b-9139-f653a1c742a8 of type geneve for network 6d7f5bf7-1c0a-4029-a39c-9606e8b32f8b
2026-09-11 18:41:53.910 10 INFO neutron.wsgi [None req-0d98a251-86ec-4935-88b1-cfd4756e8c98 4d11c2b7e9bd4ac7804ab1d72cc68ad7 b8fd8778dd684602a39925f513f93f37 - - default default] 10.0.0.177 "DELETE /v2.0/routers/3176aac0-659d-459f-a1af-8f21d5e49469 HTTP/1.1" status: 204 len: 168 time: 0.2325811
2026-09-11 18:41:53.956 10 INFO neutron.db.ovn_revision_numbers_db [None req-50014a6d-8daf-4bfa-9004-ca207a3ce440 cf6a67f7f1c04a58bfe22491d3824a86 c8c634403c03419e9c2f25d06dd3b7f0 - - default default] Successfully bumped revision number for resource 6d7f5bf7-1c0a-4029-a39c-9606e8b32f8b (type: networks) to 1
2026-09-11 18:41:54.171 10 INFO neutron.wsgi [None req-ea1a0b02-2a57-4bda-b3c8-e817a77cd3f0 4d11c2b7e9bd4ac7804ab1d72cc68ad7 b8fd8778dd684602a39925f513f93f37 - - default default] 10.0.0.177 "DELETE /v2.0/subnets/13d0f8c5-15af-4d25-a716-49df01398a64 HTTP/1.1" status: 204 len: 168 time: 0.2537701
2026-09-11 18:41:54.178 10 WARNING neutron.scheduler.dhcp_agent_scheduler [None req-50014a6d-8daf-4bfa-9004-ca207a3ce440 cf6a67f7f1c04a58bfe22491d3824a86 c8c634403c03419e9c2f25d06dd3b7f0 - - default default] No more DHCP agents
2026-09-11 18:41:54.186 10 WARNING neutron.api.rpc.agentnotifiers.dhcp_rpc_agent_api [None req-50014a6d-8daf-4bfa-9004-ca207a3ce440 cf6a67f7f1c04a58bfe22491d3824a86 c8c634403c03419e9c2f25d06dd3b7f0 - - default default] Unable to schedule network 6d7f5bf7-1c0a-4029-a39c-9606e8b32f8b: no agents available; will retry on subsequent port and subnet creation events.
2026-09-11 18:41:54.295 10 INFO neutron.db.ovn_revision_numbers_db [None req-50014a6d-8daf-4bfa-9004-ca207a3ce440 cf6a67f7f1c04a58bfe22491d3824a86 c8c634403c03419e9c2f25d06dd3b7f0 - - default default] Successfully bumped revision number for resource d31c347f-5d6b-4588-8de4-0e51389ddd21 (type: ports) to 1
2026-09-11 18:41:54.334 10 INFO neutron.wsgi [None req-50014a6d-8daf-4bfa-9004-ca207a3ce440 cf6a67f7f1c04a58bfe22491d3824a86 c8c634403c03419e9c2f25d06dd3b7f0 - - default default] 10.0.0.177 "POST /v2.0/networks HTTP/1.1" status: 201 len: 844 time: 1.2612786
2026-09-11 18:41:54.634 10 INFO neutron.services.segments.plugin [-] Segment d6ea6404-0677-4dee-9112-673e777e6c4b resource provider aggregate not found
2026-09-11 18:41:54.640 10 INFO neutron.services.segments.plugin [-] Segment d6ea6404-0677-4dee-9112-673e777e6c4b resource provider aggregate not found
2026-09-11 18:41:54.657 10 INFO neutron.services.segments.plugin [-] Segment d6ea6404-0677-4dee-9112-673e777e6c4b resource provider not found; error: Placement Client Error (4xx): {"errors": [{"status": 404, "title": "Not Found", "detail": "The resource could not be found.\n\n No resource provider with uuid d6ea6404-0677-4dee-9112-673e777e6c4b found for delete ", "request_id": "req-e5ae77b2-55bf-401f-8d08-5cdfe8ce4c81"}]}
2026-09-11 18:41:54.666 10 INFO neutron.services.segments.plugin [-] Segment d6ea6404-0677-4dee-9112-673e777e6c4b resource provider not found; error: Placement Client Error (4xx): {"errors": [{"status": 404, "title": "Not Found", "detail": "The resource could not be found.\n\n No resource provider with uuid d6ea6404-0677-4dee-9112-673e777e6c4b found for delete ", "request_id": "req-3f6c664b-af8d-47f6-bca0-c3b97d86102e"}]}
2026-09-11 18:41:54.688 10 INFO neutron.wsgi [None req-b192b812-0c43-404c-8208-72807f9229ae 4d11c2b7e9bd4ac7804ab1d72cc68ad7 b8fd8778dd684602a39925f513f93f37 - - default default] 10.0.0.177 "DELETE /v2.0/networks/3dfb0832-84d6-44fe-ab2e-7d496e5c5326 HTTP/1.1" status: 204 len: 168 time: 0.5120358
2026-09-11 18:41:54.692 9 WARNING neutron.scheduler.dhcp_agent_scheduler [None req-191e031c-7a18-4f59-a7e4-4ab09a5b61b0 cf6a67f7f1c04a58bfe22491d3824a86 c8c634403c03419e9c2f25d06dd3b7f0 - - default default] No more DHCP agents
2026-09-11 18:41:54.696 9 WARNING neutron.api.rpc.agentnotifiers.dhcp_rpc_agent_api [None req-191e031c-7a18-4f59-a7e4-4ab09a5b61b0 cf6a67f7f1c04a58bfe22491d3824a86 c8c634403c03419e9c2f25d06dd3b7f0 - - default default] Unable to schedule network 6d7f5bf7-1c0a-4029-a39c-9606e8b32f8b: no agents available; will retry on subsequent port and subnet creation events. /var/lib/openstack/lib/python3.10/site-packages/pycadf/identifier.py:71: UserWarning: Invalid uuid: neutron. To ensure interoperability, identifiers should be a valid uuid. warnings.warn(('Invalid uuid: %s. To ensure interoperability, '
2026-09-11 18:41:54.808 9 INFO neutron.db.ovn_revision_numbers_db [None req-191e031c-7a18-4f59-a7e4-4ab09a5b61b0 cf6a67f7f1c04a58bfe22491d3824a86 c8c634403c03419e9c2f25d06dd3b7f0 - - default default] Successfully bumped revision number for resource c06a1ef0-7ee6-4283-b091-30589fe833bd (type: ports) to 1
2026-09-11 18:41:54.833 9 INFO neutron.wsgi [None req-191e031c-7a18-4f59-a7e4-4ab09a5b61b0 cf6a67f7f1c04a58bfe22491d3824a86 c8c634403c03419e9c2f25d06dd3b7f0 - - default default] 10.0.0.177 "POST /v2.0/ports HTTP/1.1" status: 201 len: 974 time: 0.4926422
2026-09-11 18:41:54.842 9 INFO neutron.db.segments_db [None req-2dcf7c9a-f4e1-4c4f-b61a-ce7bef53ffa5 4d11c2b7e9bd4ac7804ab1d72cc68ad7 b8fd8778dd684602a39925f513f93f37 - - default default] Added segment 902b7654-0b04-4975-9632-daa808ec7887 of type geneve for network bf558497-29f9-437b-90fa-f2b8d2f6353e
2026-09-11 18:41:54.996 10 INFO neutron.db.segments_db [None req-3e6ad94c-87ed-481b-9173-c45d66d200ae cf6a67f7f1c04a58bfe22491d3824a86 c8c634403c03419e9c2f25d06dd3b7f0 - - default default] Added segment 2600f3ea-5d8b-447a-8b99-8b21ad7fae7a of type geneve for network d674ec65-5703-4b87-8fb6-1f03e04ae6bf
2026-09-11 18:41:55.032 9 INFO neutron.db.ovn_revision_numbers_db [None req-2dcf7c9a-f4e1-4c4f-b61a-ce7bef53ffa5 4d11c2b7e9bd4ac7804ab1d72cc68ad7 b8fd8778dd684602a39925f513f93f37 - - default default] Successfully bumped revision number for resource bf558497-29f9-437b-90fa-f2b8d2f6353e (type: networks) to 1
2026-09-11 18:41:55.152 10 INFO neutron.db.ovn_revision_numbers_db [None req-3e6ad94c-87ed-481b-9173-c45d66d200ae cf6a67f7f1c04a58bfe22491d3824a86 c8c634403c03419e9c2f25d06dd3b7f0 - - default default] Successfully bumped revision number for resource d674ec65-5703-4b87-8fb6-1f03e04ae6bf (type: networks) to 1
2026-09-11 18:41:55.221 9 WARNING neutron.scheduler.dhcp_agent_scheduler [None req-2dcf7c9a-f4e1-4c4f-b61a-ce7bef53ffa5 4d11c2b7e9bd4ac7804ab1d72cc68ad7 b8fd8778dd684602a39925f513f93f37 - - default default] No more DHCP agents
2026-09-11 18:41:55.225 9 WARNING neutron.api.rpc.agentnotifiers.dhcp_rpc_agent_api [None req-2dcf7c9a-f4e1-4c4f-b61a-ce7bef53ffa5 4d11c2b7e9bd4ac7804ab1d72cc68ad7 b8fd8778dd684602a39925f513f93f37 - - default default] Unable to schedule network bf558497-29f9-437b-90fa-f2b8d2f6353e: no agents available; will retry on subsequent port and subnet creation events.
2026-09-11 18:41:55.303 10 WARNING neutron.scheduler.dhcp_agent_scheduler [None req-3e6ad94c-87ed-481b-9173-c45d66d200ae cf6a67f7f1c04a58bfe22491d3824a86 c8c634403c03419e9c2f25d06dd3b7f0 - - default default] No more DHCP agents
2026-09-11 18:41:55.305 10 WARNING neutron.api.rpc.agentnotifiers.dhcp_rpc_agent_api [None req-3e6ad94c-87ed-481b-9173-c45d66d200ae cf6a67f7f1c04a58bfe22491d3824a86 c8c634403c03419e9c2f25d06dd3b7f0 - - default default] Unable to schedule network d674ec65-5703-4b87-8fb6-1f03e04ae6bf: no agents available; will retry on subsequent port and subnet creation events.
2026-09-11 18:41:55.378 9 INFO neutron.db.ovn_revision_numbers_db [None req-2dcf7c9a-f4e1-4c4f-b61a-ce7bef53ffa5 4d11c2b7e9bd4ac7804ab1d72cc68ad7 b8fd8778dd684602a39925f513f93f37 - - default default] Successfully bumped revision number for resource 64d4d3fc-80e5-4ea6-bb99-99287b3e26a4 (type: ports) to 1
2026-09-11 18:41:55.382 10 INFO neutron.db.ovn_revision_numbers_db [None req-3e6ad94c-87ed-481b-9173-c45d66d200ae cf6a67f7f1c04a58bfe22491d3824a86 c8c634403c03419e9c2f25d06dd3b7f0 - - default default] Successfully bumped revision number for resource 2df54aab-7626-4ed9-9048-a376a344e1bf (type: ports) to 1
2026-09-11 18:41:55.401 10 INFO neutron.wsgi [None req-3e6ad94c-87ed-481b-9173-c45d66d200ae cf6a67f7f1c04a58bfe22491d3824a86 c8c634403c03419e9c2f25d06dd3b7f0 - - default default] 10.0.0.177 "POST /v2.0/networks HTTP/1.1" status: 201 len: 830 time: 0.5587671
2026-09-11 18:41:55.404 9 INFO neutron.wsgi [None req-2dcf7c9a-f4e1-4c4f-b61a-ce7bef53ffa5 4d11c2b7e9bd4ac7804ab1d72cc68ad7 b8fd8778dd684602a39925f513f93f37 - - default default] 10.0.0.177 "POST /v2.0/networks HTTP/1.1" status: 201 len: 832 time: 0.7090733 /var/lib/openstack/lib/python3.10/site-packages/pycadf/identifier.py:71: UserWarning: Invalid uuid: neutron. To ensure interoperability, identifiers should be a valid uuid. warnings.warn(('Invalid uuid: %s. To ensure interoperability, '
2026-09-11 18:41:55.660 10 WARNING neutron.scheduler.dhcp_agent_scheduler [None req-7524def9-dd84-4b94-b837-2186a91db671 cf6a67f7f1c04a58bfe22491d3824a86 c8c634403c03419e9c2f25d06dd3b7f0 - - default default] No more DHCP agents
2026-09-11 18:41:55.666 10 WARNING neutron.api.rpc.agentnotifiers.dhcp_rpc_agent_api [None req-7524def9-dd84-4b94-b837-2186a91db671 cf6a67f7f1c04a58bfe22491d3824a86 c8c634403c03419e9c2f25d06dd3b7f0 - - default default] Unable to schedule network d674ec65-5703-4b87-8fb6-1f03e04ae6bf: no agents available; will retry on subsequent port and subnet creation events.
2026-09-11 18:41:55.728 9 WARNING neutron.scheduler.dhcp_agent_scheduler [None req-998c9840-89c9-4d58-8934-1589f12e4316 4d11c2b7e9bd4ac7804ab1d72cc68ad7 b8fd8778dd684602a39925f513f93f37 - - default default] No more DHCP agents
2026-09-11 18:41:55.729 9 WARNING neutron.api.rpc.agentnotifiers.dhcp_rpc_agent_api [None req-998c9840-89c9-4d58-8934-1589f12e4316 4d11c2b7e9bd4ac7804ab1d72cc68ad7 b8fd8778dd684602a39925f513f93f37 - - default default] Unable to schedule network bf558497-29f9-437b-90fa-f2b8d2f6353e: no agents available; will retry on subsequent port and subnet creation events.
2026-09-11 18:41:55.762 9 INFO neutron.db.ovn_revision_numbers_db [None req-998c9840-89c9-4d58-8934-1589f12e4316 4d11c2b7e9bd4ac7804ab1d72cc68ad7 b8fd8778dd684602a39925f513f93f37 - - default default] Successfully bumped revision number for resource b2a26bfe-9250-4c33-8ee1-47e98cae88cb (type: subnets) to 0
2026-09-11 18:41:55.779 9 INFO neutron.wsgi [None req-998c9840-89c9-4d58-8934-1589f12e4316 4d11c2b7e9bd4ac7804ab1d72cc68ad7 b8fd8778dd684602a39925f513f93f37 - - default default] 10.0.0.177 "POST /v2.0/subnets HTTP/1.1" status: 201 len: 821 time: 0.3708010
2026-09-11 18:41:55.964 9 INFO neutron.db.ovn_revision_numbers_db [None req-a27135e5-53ec-44a3-b894-381b2db6df4f 4d11c2b7e9bd4ac7804ab1d72cc68ad7 b8fd8778dd684602a39925f513f93f37 - - default default] Successfully bumped revision number for resource f9d1fb8f-3e97-4611-bae7-d4542b83c585 (type: routers) to 1
2026-09-11 18:41:55.977 9 INFO neutron.wsgi [None req-a27135e5-53ec-44a3-b894-381b2db6df4f 4d11c2b7e9bd4ac7804ab1d72cc68ad7 b8fd8778dd684602a39925f513f93f37 - - default default] 10.0.0.177 "POST /v2.0/routers HTTP/1.1" status: 201 len: 690 time: 0.1914079
2026-09-11 18:41:56.189 10 INFO neutron.db.ovn_revision_numbers_db [None req-7524def9-dd84-4b94-b837-2186a91db671 cf6a67f7f1c04a58bfe22491d3824a86 c8c634403c03419e9c2f25d06dd3b7f0 - - default default] Successfully bumped revision number for resource 2df54aab-7626-4ed9-9048-a376a344e1bf (type: ports) to 2
2026-09-11 18:41:56.222 10 INFO neutron.db.ovn_revision_numbers_db [None req-7524def9-dd84-4b94-b837-2186a91db671 cf6a67f7f1c04a58bfe22491d3824a86 c8c634403c03419e9c2f25d06dd3b7f0 - - default default] Successfully bumped revision number for resource a966a923-81a7-4c1a-8a98-be614922b193 (type: subnets) to 0
2026-09-11 18:41:56.237 10 INFO neutron.wsgi [None req-7524def9-dd84-4b94-b837-2186a91db671 cf6a67f7f1c04a58bfe22491d3824a86 c8c634403c03419e9c2f25d06dd3b7f0 - - default default] 10.0.0.177 "POST /v2.0/subnets HTTP/1.1" status: 201 len: 801 time: 0.8299990
2026-09-11 18:41:56.260 9 INFO neutron.wsgi [req-bf61b022-0b26-4870-82da-a8712ddfc1bb req-370697c5-a204-45c5-a4e6-4832368108bc de18b38f1d104553960f5b7cb428024d acd9b28c1e554811952565e57a64a38f - - 5d5f0506ef9341d5ba3af6ed6779e1e5 5d5f0506ef9341d5ba3af6ed6779e1e5] 10.0.0.19 "GET /v2.0/ports?device_id=c0a4c052-2fc0-4632-bb4a-d961027b3bd7 HTTP/1.1" status: 200 len: 1413 time: 0.0412171
2026-09-11 18:41:56.314 9 INFO neutron.wsgi [req-bf61b022-0b26-4870-82da-a8712ddfc1bb req-62cc1104-0feb-4a40-a588-f1ef86445dbb de18b38f1d104553960f5b7cb428024d acd9b28c1e554811952565e57a64a38f - - 5d5f0506ef9341d5ba3af6ed6779e1e5 5d5f0506ef9341d5ba3af6ed6779e1e5] 10.0.0.19 "GET /v2.0/security-groups?id=f21778b5-9f8a-4acb-b092-c83fb6cc4877&fields=id&fields=name HTTP/1.1" status: 200 len: 313 time: 0.0429330
2026-09-11 18:41:56.603 9 WARNING neutron.scheduler.dhcp_agent_scheduler [None req-67f5583d-503c-4a69-9338-606afdaf6395 4d11c2b7e9bd4ac7804ab1d72cc68ad7 b8fd8778dd684602a39925f513f93f37 - - default default] No more DHCP agents
2026-09-11 18:41:56.607 9 WARNING neutron.api.rpc.agentnotifiers.dhcp_rpc_agent_api [None req-67f5583d-503c-4a69-9338-606afdaf6395 4d11c2b7e9bd4ac7804ab1d72cc68ad7 b8fd8778dd684602a39925f513f93f37 - - default default] Unable to schedule network bf558497-29f9-437b-90fa-f2b8d2f6353e: no agents available; will retry on subsequent port and subnet creation events.
2026-09-11 18:41:56.646 10 WARNING neutron.scheduler.dhcp_agent_scheduler [None req-263c3688-5591-4179-acb6-a016b99a32b7 cf6a67f7f1c04a58bfe22491d3824a86 c8c634403c03419e9c2f25d06dd3b7f0 - - default default] No more DHCP agents
2026-09-11 18:41:56.648 10 WARNING neutron.api.rpc.agentnotifiers.dhcp_rpc_agent_api [None req-263c3688-5591-4179-acb6-a016b99a32b7 cf6a67f7f1c04a58bfe22491d3824a86 c8c634403c03419e9c2f25d06dd3b7f0 - - default default] Unable to schedule network d674ec65-5703-4b87-8fb6-1f03e04ae6bf: no agents available; will retry on subsequent port and subnet creation events.
2026-09-11 18:41:56.726 9 INFO neutron.db.ovn_revision_numbers_db [None req-67f5583d-503c-4a69-9338-606afdaf6395 4d11c2b7e9bd4ac7804ab1d72cc68ad7 b8fd8778dd684602a39925f513f93f37 - - default default] Successfully bumped revision number for resource 15172ee3-0857-4206-a72b-877ffffe781d (type: ports) to 1
2026-09-11 18:41:56.801 10 INFO neutron.db.ovn_revision_numbers_db [None req-263c3688-5591-4179-acb6-a016b99a32b7 cf6a67f7f1c04a58bfe22491d3824a86 c8c634403c03419e9c2f25d06dd3b7f0 - - default default] Successfully bumped revision number for resource d195f012-7855-4237-9d3b-bb65ff2b7892 (type: ports) to 1
2026-09-11 18:41:56.820 10 INFO neutron.wsgi [None req-263c3688-5591-4179-acb6-a016b99a32b7 cf6a67f7f1c04a58bfe22491d3824a86 c8c634403c03419e9c2f25d06dd3b7f0 - - default default] 10.0.0.177 "POST /v2.0/ports HTTP/1.1" status: 201 len: 1148 time: 0.5611992 /var/lib/openstack/lib/python3.10/site-packages/pycadf/identifier.py:71: UserWarning: Invalid uuid: neutron. To ensure interoperability, identifiers should be a valid uuid. warnings.warn(('Invalid uuid: %s. To ensure interoperability, '
2026-09-11 18:41:57.118 10 INFO neutron.wsgi [None req-872b8c37-f682-4354-99b8-629e7166b487 cf6a67f7f1c04a58bfe22491d3824a86 c8c634403c03419e9c2f25d06dd3b7f0 - - default default] 10.0.0.177 "DELETE /v2.0/ports/d195f012-7855-4237-9d3b-bb65ff2b7892 HTTP/1.1" status: 204 len: 168 time: 0.2948070
2026-09-11 18:41:57.143 10 INFO neutron.pecan_wsgi.hooks.translation [None req-c4398df7-22b8-4e6e-9403-de1012b7182e cf6a67f7f1c04a58bfe22491d3824a86 c8c634403c03419e9c2f25d06dd3b7f0 - - default default] DELETE failed (client error): The resource could not be found.
2026-09-11 18:41:57.145 10 INFO neutron.wsgi [None req-c4398df7-22b8-4e6e-9403-de1012b7182e cf6a67f7f1c04a58bfe22491d3824a86 c8c634403c03419e9c2f25d06dd3b7f0 - - default default] 10.0.0.177 "DELETE /v2.0/ports/d195f012-7855-4237-9d3b-bb65ff2b7892 HTTP/1.1" status: 404 len: 333 time: 0.0194001
2026-09-11 18:41:57.170 10 INFO neutron.pecan_wsgi.hooks.translation [None req-e55caf6d-a6eb-4b32-825c-d6b6164a5680 cf6a67f7f1c04a58bfe22491d3824a86 c8c634403c03419e9c2f25d06dd3b7f0 - - default default] GET failed (client error): The resource could not be found.
2026-09-11 18:41:57.172 10 INFO neutron.wsgi [None req-e55caf6d-a6eb-4b32-825c-d6b6164a5680 cf6a67f7f1c04a58bfe22491d3824a86 c8c634403c03419e9c2f25d06dd3b7f0 - - default default] 10.0.0.177 "GET /v2.0/ports/d195f012-7855-4237-9d3b-bb65ff2b7892 HTTP/1.1" status: 404 len: 333 time: 0.0211742
2026-09-11 18:41:57.189 9 INFO neutron.db.ovn_revision_numbers_db [None req-67f5583d-503c-4a69-9338-606afdaf6395 4d11c2b7e9bd4ac7804ab1d72cc68ad7 b8fd8778dd684602a39925f513f93f37 - - default default] Successfully bumped revision number for resource 15172ee3-0857-4206-a72b-877ffffe781d (type: router_ports) to 1
2026-09-11 18:41:57.288 9 INFO neutron.db.ovn_revision_numbers_db [None req-67f5583d-503c-4a69-9338-606afdaf6395 4d11c2b7e9bd4ac7804ab1d72cc68ad7 b8fd8778dd684602a39925f513f93f37 - - default default] Successfully bumped revision number for resource 15172ee3-0857-4206-a72b-877ffffe781d (type: ports) to 1
2026-09-11 18:41:57.356 9 WARNING neutron.scheduler.dhcp_agent_scheduler [None req-67f5583d-503c-4a69-9338-606afdaf6395 4d11c2b7e9bd4ac7804ab1d72cc68ad7 b8fd8778dd684602a39925f513f93f37 - - default default] No more DHCP agents
2026-09-11 18:41:57.357 9 WARNING neutron.api.rpc.agentnotifiers.dhcp_rpc_agent_api [None req-67f5583d-503c-4a69-9338-606afdaf6395 4d11c2b7e9bd4ac7804ab1d72cc68ad7 b8fd8778dd684602a39925f513f93f37 - - default default] Unable to schedule network bf558497-29f9-437b-90fa-f2b8d2f6353e: no agents available; will retry on subsequent port and subnet creation events.
2026-09-11 18:41:57.358 10 INFO neutron.wsgi [-] 10.0.0.155 "GET / HTTP/1.1" status: 200 len: 247 time: 0.0012937
2026-09-11 18:41:57.363 10 INFO neutron.wsgi [-] 10.0.0.155 "GET / HTTP/1.1" status: 200 len: 247 time: 0.0031552
2026-09-11 18:41:57.409 10 INFO neutron.wsgi [None req-9a9c1c52-7cdd-4286-b7a5-404ed1d02968 cf6a67f7f1c04a58bfe22491d3824a86 c8c634403c03419e9c2f25d06dd3b7f0 - - default default] 10.0.0.177 "DELETE /v2.0/subnets/a966a923-81a7-4c1a-8a98-be614922b193 HTTP/1.1" status: 204 len: 168 time: 0.2275167
2026-09-11 18:41:57.443 9 WARNING neutron.plugins.ml2.drivers.ovn.mech_driver.ovsdb.ovn_client [None req-2fc1cc0b-8c71-43a4-a3a4-329a64e56967 - - - - - -] No port found with ID fa370161-843f-48ae-9072-fdadc532f04e: RuntimeError: No port found with ID fa370161-843f-48ae-9072-fdadc532f04e
2026-09-11 18:41:57.443 9 INFO neutron.plugins.ml2.drivers.ovn.mech_driver.mech_driver [None req-2fc1cc0b-8c71-43a4-a3a4-329a64e56967 - - - - - -] OVN reports status up for port: 15172ee3-0857-4206-a72b-877ffffe781d
2026-09-11 18:41:57.453 9 INFO neutron.plugins.ml2.plugin [None req-2fc1cc0b-8c71-43a4-a3a4-329a64e56967 - - - - - -] Attempt 1 to provision port 15172ee3-0857-4206-a72b-877ffffe781d
2026-09-11 18:41:57.567 9 INFO neutron.db.ovn_revision_numbers_db [None req-67f5583d-503c-4a69-9338-606afdaf6395 4d11c2b7e9bd4ac7804ab1d72cc68ad7 b8fd8778dd684602a39925f513f93f37 - - default default] Successfully bumped revision number for resource 15172ee3-0857-4206-a72b-877ffffe781d (type: router_ports) to 1
2026-09-11 18:41:57.569 9 INFO neutron.wsgi [None req-67f5583d-503c-4a69-9338-606afdaf6395 4d11c2b7e9bd4ac7804ab1d72cc68ad7 b8fd8778dd684602a39925f513f93f37 - - default default] 10.0.0.177 "PUT /v2.0/routers/f9d1fb8f-3e97-4611-bae7-d4542b83c585/add_router_interface HTTP/1.1" status: 200 len: 503 time: 1.5869162
2026-09-11 18:41:57.611 9 INFO neutron.wsgi [None req-1ad77948-9459-4352-a2fa-5cd80383be92 4d11c2b7e9bd4ac7804ab1d72cc68ad7 b8fd8778dd684602a39925f513f93f37 - - default default] 10.0.0.177 "GET /v2.0/ports/15172ee3-0857-4206-a72b-877ffffe781d HTTP/1.1" status: 200 len: 1141 time: 0.0343056
2026-09-11 18:41:57.731 10 INFO neutron.wsgi [None req-35368fb4-5989-411e-b51d-827cb9147768 4d11c2b7e9bd4ac7804ab1d72cc68ad7 b8fd8778dd684602a39925f513f93f37 - - default default] 10.0.0.177 "GET /v2.0/ports/15172ee3-0857-4206-a72b-877ffffe781d HTTP/1.1" status: 200 len: 1141 time: 0.1089699
2026-09-11 18:41:57.762 10 INFO neutron.services.segments.plugin [-] Segment 2600f3ea-5d8b-447a-8b99-8b21ad7fae7a resource provider aggregate not found
2026-09-11 18:41:57.768 10 INFO neutron.services.segments.plugin [-] Segment 2600f3ea-5d8b-447a-8b99-8b21ad7fae7a resource provider aggregate not found
2026-09-11 18:41:57.801 10 INFO neutron.services.segments.plugin [-] Segment 2600f3ea-5d8b-447a-8b99-8b21ad7fae7a resource provider not found; error: Placement Client Error (4xx): {"errors": [{"status": 404, "title": "Not Found", "detail": "The resource could not be found.\n\n No resource provider with uuid 2600f3ea-5d8b-447a-8b99-8b21ad7fae7a found for delete ", "request_id": "req-e2697bf4-0ee2-4ba2-8bea-af7bb11d3593"}]}
2026-09-11 18:41:57.802 10 INFO neutron.services.segments.plugin [-] Segment 2600f3ea-5d8b-447a-8b99-8b21ad7fae7a resource provider not found; error: Placement Client Error (4xx): {"errors": [{"status": 404, "title": "Not Found", "detail": "The resource could not be found.\n\n No resource provider with uuid 2600f3ea-5d8b-447a-8b99-8b21ad7fae7a found for delete ", "request_id": "req-5ba54ab8-2b84-4677-bb17-df900ea8dca7"}]}
2026-09-11 18:41:57.825 10 INFO neutron.wsgi [None req-ec543fc3-3e01-41d9-a2e4-4086f8471ca3 cf6a67f7f1c04a58bfe22491d3824a86 c8c634403c03419e9c2f25d06dd3b7f0 - - default default] 10.0.0.177 "DELETE /v2.0/networks/d674ec65-5703-4b87-8fb6-1f03e04ae6bf HTTP/1.1" status: 204 len: 168 time: 0.4112651
2026-09-11 18:41:57.897 9 INFO neutron.db.ovn_revision_numbers_db [None req-2fc1cc0b-8c71-43a4-a3a4-329a64e56967 - - - - - -] Successfully bumped revision number for resource 15172ee3-0857-4206-a72b-877ffffe781d (type: ports) to 2
2026-09-11 18:41:57.984 9 INFO neutron.db.segments_db [None req-c6ea1db3-00a1-43d8-a576-1ab8067b5b4e cf6a67f7f1c04a58bfe22491d3824a86 c8c634403c03419e9c2f25d06dd3b7f0 - - default default] Added segment eff8caae-da61-46a3-a6ac-6abde613707e of type geneve for network 569bd591-ebed-4568-96a7-8f4adf572a61
2026-09-11 18:41:58.116 9 INFO neutron.db.ovn_revision_numbers_db [None req-2fc1cc0b-8c71-43a4-a3a4-329a64e56967 - - - - - -] Successfully bumped revision number for resource 15172ee3-0857-4206-a72b-877ffffe781d (type: router_ports) to 2
2026-09-11 18:41:58.204 9 INFO neutron.db.ovn_revision_numbers_db [None req-c6ea1db3-00a1-43d8-a576-1ab8067b5b4e cf6a67f7f1c04a58bfe22491d3824a86 c8c634403c03419e9c2f25d06dd3b7f0 - - default default] Successfully bumped revision number for resource 569bd591-ebed-4568-96a7-8f4adf572a61 (type: networks) to 1
2026-09-11 18:41:58.434 9 WARNING neutron.scheduler.dhcp_agent_scheduler [None req-c6ea1db3-00a1-43d8-a576-1ab8067b5b4e cf6a67f7f1c04a58bfe22491d3824a86 c8c634403c03419e9c2f25d06dd3b7f0 - - default default] No more DHCP agents
2026-09-11 18:41:58.435 9 WARNING neutron.api.rpc.agentnotifiers.dhcp_rpc_agent_api [None req-c6ea1db3-00a1-43d8-a576-1ab8067b5b4e cf6a67f7f1c04a58bfe22491d3824a86 c8c634403c03419e9c2f25d06dd3b7f0 - - default default] Unable to schedule network 569bd591-ebed-4568-96a7-8f4adf572a61: no agents available; will retry on subsequent port and subnet creation events.
2026-09-11 18:41:58.572 9 INFO neutron.db.ovn_revision_numbers_db [None req-c6ea1db3-00a1-43d8-a576-1ab8067b5b4e cf6a67f7f1c04a58bfe22491d3824a86 c8c634403c03419e9c2f25d06dd3b7f0 - - default default] Successfully bumped revision number for resource c28ee022-ce08-4304-a7a9-94c8a1b1338f (type: ports) to 1
2026-09-11 18:41:58.619 9 INFO neutron.wsgi [None req-e0115794-f3fa-4b23-92ed-b1b700e8d5fe 4d11c2b7e9bd4ac7804ab1d72cc68ad7 b8fd8778dd684602a39925f513f93f37 - - default default] 10.0.0.177 "PUT /v2.0/routers/f9d1fb8f-3e97-4611-bae7-d4542b83c585/remove_router_interface HTTP/1.1" status: 200 len: 503 time: 0.8817813
2026-09-11 18:41:58.626 9 INFO neutron.wsgi [None req-c6ea1db3-00a1-43d8-a576-1ab8067b5b4e cf6a67f7f1c04a58bfe22491d3824a86 c8c634403c03419e9c2f25d06dd3b7f0 - - default default] 10.0.0.177 "POST /v2.0/networks HTTP/1.1" status: 201 len: 831 time: 0.7947490 /var/lib/openstack/lib/python3.10/site-packages/pycadf/identifier.py:71: UserWarning: Invalid uuid: neutron. To ensure interoperability, identifiers should be a valid uuid. warnings.warn(('Invalid uuid: %s. To ensure interoperability, '
2026-09-11 18:41:58.646 10 INFO neutron.wsgi [None req-f9dbbd54-8f0f-4aa4-a801-0383d63b79fd 4d11c2b7e9bd4ac7804ab1d72cc68ad7 b8fd8778dd684602a39925f513f93f37 - - default default] 10.0.0.177 "GET /v2.0/ports?device_id=f9d1fb8f-3e97-4611-bae7-d4542b83c585 HTTP/1.1" status: 200 len: 205 time: 0.0195072
2026-09-11 18:41:58.850 9 WARNING neutron.scheduler.dhcp_agent_scheduler [None req-50b2a397-79e4-475f-9b2c-fe7fc0fb3054 cf6a67f7f1c04a58bfe22491d3824a86 c8c634403c03419e9c2f25d06dd3b7f0 - - default default] No more DHCP agents
2026-09-11 18:41:58.852 9 WARNING neutron.api.rpc.agentnotifiers.dhcp_rpc_agent_api [None req-50b2a397-79e4-475f-9b2c-fe7fc0fb3054 cf6a67f7f1c04a58bfe22491d3824a86 c8c634403c03419e9c2f25d06dd3b7f0 - - default default] Unable to schedule network 569bd591-ebed-4568-96a7-8f4adf572a61: no agents available; will retry on subsequent port and subnet creation events.
2026-09-11 18:41:58.867 10 INFO neutron.wsgi [None req-4f9a5bc3-c878-4f36-bd93-e7234d4965a5 4d11c2b7e9bd4ac7804ab1d72cc68ad7 b8fd8778dd684602a39925f513f93f37 - - default default] 10.0.0.177 "DELETE /v2.0/routers/f9d1fb8f-3e97-4611-bae7-d4542b83c585 HTTP/1.1" status: 204 len: 168 time: 0.2158666
2026-09-11 18:41:59.310 9 INFO neutron.wsgi [None req-4ad79ad6-8be1-437f-ae93-b23cdc393963 4d11c2b7e9bd4ac7804ab1d72cc68ad7 b8fd8778dd684602a39925f513f93f37 - - default default] 10.0.0.177 "DELETE /v2.0/subnets/b2a26bfe-9250-4c33-8ee1-47e98cae88cb HTTP/1.1" status: 204 len: 168 time: 0.4354565
2026-09-11 18:41:59.550 9 INFO neutron.db.ovn_revision_numbers_db [None req-50b2a397-79e4-475f-9b2c-fe7fc0fb3054 cf6a67f7f1c04a58bfe22491d3824a86 c8c634403c03419e9c2f25d06dd3b7f0 - - default default] Successfully bumped revision number for resource c28ee022-ce08-4304-a7a9-94c8a1b1338f (type: ports) to 2
2026-09-11 18:41:59.575 9 INFO neutron.db.ovn_revision_numbers_db [None req-50b2a397-79e4-475f-9b2c-fe7fc0fb3054 cf6a67f7f1c04a58bfe22491d3824a86 c8c634403c03419e9c2f25d06dd3b7f0 - - default default] Successfully bumped revision number for resource f71d0d88-a748-4cf0-8d01-1cd0c881d541 (type: subnets) to 0
2026-09-11 18:41:59.593 9 INFO neutron.wsgi [None req-50b2a397-79e4-475f-9b2c-fe7fc0fb3054 cf6a67f7f1c04a58bfe22491d3824a86 c8c634403c03419e9c2f25d06dd3b7f0 - - default default] 10.0.0.177 "POST /v2.0/subnets HTTP/1.1" status: 201 len: 801 time: 0.9608431
2026-09-11 18:41:59.858 9 WARNING neutron.scheduler.dhcp_agent_scheduler [None req-97aa7568-c9ed-4a66-86d4-592cd49e720a cf6a67f7f1c04a58bfe22491d3824a86 c8c634403c03419e9c2f25d06dd3b7f0 - - default default] No more DHCP agents
2026-09-11 18:41:59.862 9 WARNING neutron.api.rpc.agentnotifiers.dhcp_rpc_agent_api [None req-97aa7568-c9ed-4a66-86d4-592cd49e720a cf6a67f7f1c04a58bfe22491d3824a86 c8c634403c03419e9c2f25d06dd3b7f0 - - default default] Unable to schedule network 569bd591-ebed-4568-96a7-8f4adf572a61: no agents available; will retry on subsequent port and subnet creation events.
2026-09-11 18:41:59.897 10 INFO neutron.services.segments.plugin [-] Segment 902b7654-0b04-4975-9632-daa808ec7887 resource provider aggregate not found
2026-09-11 18:41:59.906 10 INFO neutron.services.segments.plugin [-] Segment 902b7654-0b04-4975-9632-daa808ec7887 resource provider aggregate not found
2026-09-11 18:41:59.925 10 INFO neutron.services.segments.plugin [-] Segment 902b7654-0b04-4975-9632-daa808ec7887 resource provider not found; error: Placement Client Error (4xx): {"errors": [{"status": 404, "title": "Not Found", "detail": "The resource could not be found.\n\n No resource provider with uuid 902b7654-0b04-4975-9632-daa808ec7887 found for delete ", "request_id": "req-7fe65592-e74b-4e69-8849-767d6a5a93c7"}]}
2026-09-11 18:41:59.930 10 INFO neutron.services.segments.plugin [-] Segment 902b7654-0b04-4975-9632-daa808ec7887 resource provider not found; error: Placement Client Error (4xx): {"errors": [{"status": 404, "title": "Not Found", "detail": "The resource could not be found.\n\n No resource provider with uuid 902b7654-0b04-4975-9632-daa808ec7887 found for delete ", "request_id": "req-23813a1f-f2f2-4f4b-961d-0c62c0be285b"}]}
2026-09-11 18:41:59.968 10 INFO neutron.wsgi [None req-ee33e7e0-f0c8-4fd0-b8d8-3605605d2148 4d11c2b7e9bd4ac7804ab1d72cc68ad7 b8fd8778dd684602a39925f513f93f37 - - default default] 10.0.0.177 "DELETE /v2.0/networks/bf558497-29f9-437b-90fa-f2b8d2f6353e HTTP/1.1" status: 204 len: 168 time: 0.6527357
2026-09-11 18:42:00.054 9 INFO neutron.db.ovn_revision_numbers_db [None req-97aa7568-c9ed-4a66-86d4-592cd49e720a cf6a67f7f1c04a58bfe22491d3824a86 c8c634403c03419e9c2f25d06dd3b7f0 - - default default] Successfully bumped revision number for resource 2896a998-369e-491c-a9e1-852b229cb5be (type: ports) to 1
2026-09-11 18:42:00.080 9 INFO neutron.wsgi [None req-97aa7568-c9ed-4a66-86d4-592cd49e720a cf6a67f7f1c04a58bfe22491d3824a86 c8c634403c03419e9c2f25d06dd3b7f0 - - default default] 10.0.0.177 "POST /v2.0/ports HTTP/1.1" status: 201 len: 1111 time: 0.4829416
2026-09-11 18:42:00.217 9 INFO neutron.wsgi [req-fa24f78a-8c69-4672-a222-a0adc66ffee0 req-8bd3c704-9a8e-4dae-8411-a1033514100a 3b9d8be481b74d97a2b079dcc4f2c72c 61cd5dfbe4ca48239ba8d6a932f27a2d - - default default] 10.0.0.32 "GET /v2.0/ports?device_id=c0a4c052-2fc0-4632-bb4a-d961027b3bd7 HTTP/1.1" status: 200 len: 1174 time: 0.1023395
2026-09-11 18:42:00.272 9 INFO neutron.wsgi [req-fa24f78a-8c69-4672-a222-a0adc66ffee0 req-0160dac0-7991-4c4e-9425-2aae6d332154 3b9d8be481b74d97a2b079dcc4f2c72c 61cd5dfbe4ca48239ba8d6a932f27a2d - - default default] 10.0.0.32 "GET /v2.0/security-groups?id=f21778b5-9f8a-4acb-b092-c83fb6cc4877&fields=id&fields=name HTTP/1.1" status: 200 len: 313 time: 0.0487056
2026-09-11 18:42:00.432 9 INFO neutron.wsgi [None req-f63db4c7-5c47-4b32-9ab0-4184de5bf1f7 cf6a67f7f1c04a58bfe22491d3824a86 c8c634403c03419e9c2f25d06dd3b7f0 - - default default] 10.0.0.177 "DELETE /v2.0/ports/2896a998-369e-491c-a9e1-852b229cb5be HTTP/1.1" status: 204 len: 168 time: 0.3467729
2026-09-11 18:42:00.458 9 INFO neutron.pecan_wsgi.hooks.translation [None req-249e6244-0861-421e-9c83-0172580a9b25 cf6a67f7f1c04a58bfe22491d3824a86 c8c634403c03419e9c2f25d06dd3b7f0 - - default default] GET failed (client error): The resource could not be found.
2026-09-11 18:42:00.460 9 INFO neutron.wsgi [None req-249e6244-0861-421e-9c83-0172580a9b25 cf6a67f7f1c04a58bfe22491d3824a86 c8c634403c03419e9c2f25d06dd3b7f0 - - default default] 10.0.0.177 "GET /v2.0/ports/2896a998-369e-491c-a9e1-852b229cb5be HTTP/1.1" status: 404 len: 333 time: 0.0189137
2026-09-11 18:42:00.539 10 WARNING neutron.scheduler.dhcp_agent_scheduler [None req-716ec829-aeba-4e44-87f9-5cc15c916cac 4d11c2b7e9bd4ac7804ab1d72cc68ad7 b8fd8778dd684602a39925f513f93f37 - - default default] No more DHCP agents
2026-09-11 18:42:00.543 10 WARNING neutron.api.rpc.agentnotifiers.dhcp_rpc_agent_api [None req-716ec829-aeba-4e44-87f9-5cc15c916cac 4d11c2b7e9bd4ac7804ab1d72cc68ad7 b8fd8778dd684602a39925f513f93f37 - - default default] Unable to schedule network a99854ed-6c4f-4a71-9877-457a1a1331f2: no agents available; will retry on subsequent port and subnet creation events.
2026-09-11 18:42:00.563 10 INFO neutron.plugins.ml2.drivers.ovn.mech_driver.mech_driver [None req-3a218d7c-672c-4cf1-bb82-44e4c90b9e5c - - - - - -] OVN reports status down for port: c9123881-faa7-4661-90c1-d645bd89079c
2026-09-11 18:42:00.568 9 INFO neutron.wsgi [req-9e8d3d79-4ed6-4752-bea1-368380a29264 req-66fc2822-60f2-4cf4-8e94-94c68bc1b0be 3b9d8be481b74d97a2b079dcc4f2c72c 61cd5dfbe4ca48239ba8d6a932f27a2d - - default default] 10.0.0.32 "GET /v2.0/ports?device_id=c0a4c052-2fc0-4632-bb4a-d961027b3bd7 HTTP/1.1" status: 200 len: 1174 time: 0.0626805
2026-09-11 18:42:00.628 9 INFO neutron.wsgi [req-9e8d3d79-4ed6-4752-bea1-368380a29264 req-29e320e3-126a-4d76-b337-5e44246fec37 3b9d8be481b74d97a2b079dcc4f2c72c 61cd5dfbe4ca48239ba8d6a932f27a2d - - default default] 10.0.0.32 "GET /v2.0/security-groups?id=f21778b5-9f8a-4acb-b092-c83fb6cc4877&fields=id&fields=name HTTP/1.1" status: 200 len: 313 time: 0.0538824
2026-09-11 18:42:00.715 9 INFO neutron.wsgi [None req-7b0e93a0-a7d4-40c3-aaba-8b2df1f6b8d5 cf6a67f7f1c04a58bfe22491d3824a86 c8c634403c03419e9c2f25d06dd3b7f0 - - default default] 10.0.0.177 "DELETE /v2.0/subnets/f71d0d88-a748-4cf0-8d01-1cd0c881d541 HTTP/1.1" status: 204 len: 168 time: 0.2494192
2026-09-11 18:42:00.719 10 INFO neutron.db.ovn_revision_numbers_db [None req-37fa7936-0c94-44de-b8dd-e97f9d620394 8562576d89f94413a70ae97a4a10cac3 9ce981192a854de79a7a83011ba2e14e - - default default] Successfully bumped revision number for resource 19eb27ff-44f5-4334-b123-ecadbc21795d (type: security_groups) to 1
2026-09-11 18:42:00.746 10 INFO neutron.db.ovn_revision_numbers_db [None req-37fa7936-0c94-44de-b8dd-e97f9d620394 8562576d89f94413a70ae97a4a10cac3 9ce981192a854de79a7a83011ba2e14e - - default default] Successfully bumped revision number for resource 52c0fba9-cb85-4eba-8727-5bcb3a2065a5 (type: security_group_rules) to 0
2026-09-11 18:42:00.753 10 INFO neutron.notifiers.nova [-] Nova event matching ['req-87e5bb7e-e92b-4d3f-b18a-57caae2b77fd'] response: {'server_uuid': 'c0a4c052-2fc0-4632-bb4a-d961027b3bd7', 'name': 'network-vif-unplugged', 'status': 'completed', 'tag': 'c9123881-faa7-4661-90c1-d645bd89079c', 'code': 200}
2026-09-11 18:42:00.776 10 INFO neutron.db.ovn_revision_numbers_db [None req-37fa7936-0c94-44de-b8dd-e97f9d620394 8562576d89f94413a70ae97a4a10cac3 9ce981192a854de79a7a83011ba2e14e - - default default] Successfully bumped revision number for resource 7ce0537e-2bf5-44a9-a371-a96cbcb7bf49 (type: security_group_rules) to 0
2026-09-11 18:42:00.782 10 INFO neutron.db.ovn_revision_numbers_db [None req-716ec829-aeba-4e44-87f9-5cc15c916cac 4d11c2b7e9bd4ac7804ab1d72cc68ad7 b8fd8778dd684602a39925f513f93f37 - - default default] Successfully bumped revision number for resource 6cf7e03a-020e-4f33-827f-f42f7a04ec59 (type: ports) to 1
2026-09-11 18:42:00.806 10 INFO neutron.db.ovn_revision_numbers_db [None req-37fa7936-0c94-44de-b8dd-e97f9d620394 8562576d89f94413a70ae97a4a10cac3 9ce981192a854de79a7a83011ba2e14e - - default default] Successfully bumped revision number for resource a922e1e8-adf1-48ee-8121-8a21373e2365 (type: security_group_rules) to 0
2026-09-11 18:42:00.843 10 INFO neutron.db.ovn_revision_numbers_db [None req-37fa7936-0c94-44de-b8dd-e97f9d620394 8562576d89f94413a70ae97a4a10cac3 9ce981192a854de79a7a83011ba2e14e - - default default] Successfully bumped revision number for resource f9127a65-2d62-4ddc-9064-583516e1371a (type: security_group_rules) to 0
2026-09-11 18:42:00.887 9 INFO neutron.wsgi [req-3081fdf7-ea53-42ea-9f9a-eec8251fb14a req-08d9ecd1-4e02-4d7a-95ce-a344098f9ecc 3b9d8be481b74d97a2b079dcc4f2c72c 61cd5dfbe4ca48239ba8d6a932f27a2d - - default default] 162.253.55.77 "GET /v2.0/ports?device_id=c0a4c052-2fc0-4632-bb4a-d961027b3bd7 HTTP/1.1" status: 200 len: 1172 time: 0.0387628
2026-09-11 18:42:00.894 10 INFO neutron.wsgi [None req-37fa7936-0c94-44de-b8dd-e97f9d620394 8562576d89f94413a70ae97a4a10cac3 9ce981192a854de79a7a83011ba2e14e - - default default] 10.0.0.177 "GET /v2.0/security-groups?tenant_id=4b11fbcda78c48b6a94b4ebec21f34f3&name=default HTTP/1.1" status: 200 len: 2996 time: 0.5454204
2026-09-11 18:42:01.057 10 INFO neutron.db.ovn_revision_numbers_db [None req-3a218d7c-672c-4cf1-bb82-44e4c90b9e5c - - - - - -] Successfully bumped revision number for resource c9123881-faa7-4661-90c1-d645bd89079c (type: ports) to 7
2026-09-11 18:42:01.179 9 INFO neutron.services.segments.plugin [-] Segment eff8caae-da61-46a3-a6ac-6abde613707e resource provider aggregate not found
2026-09-11 18:42:01.187 9 INFO neutron.services.segments.plugin [-] Segment eff8caae-da61-46a3-a6ac-6abde613707e resource provider aggregate not found
2026-09-11 18:42:01.202 9 INFO neutron.services.segments.plugin [-] Segment eff8caae-da61-46a3-a6ac-6abde613707e resource provider not found; error: Placement Client Error (4xx): {"errors": [{"status": 404, "title": "Not Found", "detail": "The resource could not be found.\n\n No resource provider with uuid eff8caae-da61-46a3-a6ac-6abde613707e found for delete ", "request_id": "req-ffd7d134-d18f-494a-9f36-f9e2ba14c708"}]}
2026-09-11 18:42:01.203 9 INFO neutron.services.segments.plugin [-] Segment eff8caae-da61-46a3-a6ac-6abde613707e resource provider not found; error: Placement Client Error (4xx): {"errors": [{"status": 404, "title": "Not Found", "detail": "The resource could not be found.\n\n No resource provider with uuid eff8caae-da61-46a3-a6ac-6abde613707e found for delete ", "request_id": "req-330038e6-0ca1-4d5a-ac29-353d9e8303fa"}]}
2026-09-11 18:42:01.251 9 INFO neutron.wsgi [None req-5e09f6b9-7c37-4331-a31f-9c6c3eeb88ac cf6a67f7f1c04a58bfe22491d3824a86 c8c634403c03419e9c2f25d06dd3b7f0 - - default default] 10.0.0.177 "DELETE /v2.0/networks/569bd591-ebed-4568-96a7-8f4adf572a61 HTTP/1.1" status: 204 len: 168 time: 0.5314124
2026-09-11 18:42:01.317 9 INFO neutron.wsgi [None req-93bcef72-3ac5-43f8-9cc4-eabaf8f7650d 8562576d89f94413a70ae97a4a10cac3 9ce981192a854de79a7a83011ba2e14e - - default default] 10.0.0.177 "DELETE /v2.0/security-groups/19eb27ff-44f5-4334-b123-ecadbc21795d HTTP/1.1" status: 204 len: 168 time: 0.4108422
2026-09-11 18:42:01.367 9 INFO neutron.db.l3_db [req-3081fdf7-ea53-42ea-9f9a-eec8251fb14a req-6da4c38c-d5a4-4392-84b2-e20d641bacfd 3b9d8be481b74d97a2b079dcc4f2c72c 61cd5dfbe4ca48239ba8d6a932f27a2d - - default default] Floating IP 2399be15-381d-4bf6-9934-5f15b56d1899 disassociated. External IP: 10.96.250.202, port: c9123881-faa7-4661-90c1-d645bd89079c.
2026-09-11 18:42:01.481 10 INFO neutron.db.ovn_revision_numbers_db [None req-716ec829-aeba-4e44-87f9-5cc15c916cac 4d11c2b7e9bd4ac7804ab1d72cc68ad7 b8fd8778dd684602a39925f513f93f37 - - default default] Successfully bumped revision number for resource 6cf7e03a-020e-4f33-827f-f42f7a04ec59 (type: router_ports) to 1
2026-09-11 18:42:01.535 10 INFO neutron.db.ovn_revision_numbers_db [None req-716ec829-aeba-4e44-87f9-5cc15c916cac 4d11c2b7e9bd4ac7804ab1d72cc68ad7 b8fd8778dd684602a39925f513f93f37 - - default default] Successfully bumped revision number for resource cc58d75d-efd3-4366-b641-c371836d6cf5 (type: routers) to 2
2026-09-11 18:42:01.547 10 INFO neutron.wsgi [None req-716ec829-aeba-4e44-87f9-5cc15c916cac 4d11c2b7e9bd4ac7804ab1d72cc68ad7 b8fd8778dd684602a39925f513f93f37 - - default default] 10.0.0.177 "POST /v2.0/routers HTTP/1.1" status: 201 len: 870 time: 1.5712516 /var/lib/openstack/lib/python3.10/site-packages/pycadf/identifier.py:71: UserWarning: Invalid uuid: neutron. To ensure interoperability, identifiers should be a valid uuid. warnings.warn(('Invalid uuid: %s. To ensure interoperability, '
2026-09-11 18:42:01.620 10 INFO neutron.wsgi [None req-6736a2d8-bcbe-4723-a520-3673f8166dee 4d11c2b7e9bd4ac7804ab1d72cc68ad7 b8fd8778dd684602a39925f513f93f37 - - default default] 10.0.0.177 "GET /v2.0/routers/cc58d75d-efd3-4366-b641-c371836d6cf5 HTTP/1.1" status: 200 len: 871 time: 0.0665560
2026-09-11 18:42:01.646 9 WARNING neutron.scheduler.dhcp_agent_scheduler [None req-4dea76a0-8d44-44c2-8383-5fd7b3075e70 cf6a67f7f1c04a58bfe22491d3824a86 c8c634403c03419e9c2f25d06dd3b7f0 - - default default] No more DHCP agents
2026-09-11 18:42:01.650 9 WARNING neutron.api.rpc.agentnotifiers.dhcp_rpc_agent_api [None req-4dea76a0-8d44-44c2-8383-5fd7b3075e70 cf6a67f7f1c04a58bfe22491d3824a86 c8c634403c03419e9c2f25d06dd3b7f0 - - default default] Unable to schedule network 6d7f5bf7-1c0a-4029-a39c-9606e8b32f8b: no agents available; will retry on subsequent port and subnet creation events.
2026-09-11 18:42:01.666 9 INFO neutron.wsgi [req-3081fdf7-ea53-42ea-9f9a-eec8251fb14a req-6da4c38c-d5a4-4392-84b2-e20d641bacfd 3b9d8be481b74d97a2b079dcc4f2c72c 61cd5dfbe4ca48239ba8d6a932f27a2d - - default default] 162.253.55.77 "DELETE /v2.0/ports/c9123881-faa7-4661-90c1-d645bd89079c HTTP/1.1" status: 204 len: 173 time: 0.7684662
2026-09-11 18:42:01.681 9 INFO neutron.db.ovn_revision_numbers_db [None req-07b72ee7-653b-4588-8122-a34ce64cee25 8562576d89f94413a70ae97a4a10cac3 9ce981192a854de79a7a83011ba2e14e - - default default] Successfully bumped revision number for resource cbfc88c7-9d6d-4083-b7c0-4af139f7383d (type: security_groups) to 1
2026-09-11 18:42:01.712 9 INFO neutron.db.ovn_revision_numbers_db [None req-07b72ee7-653b-4588-8122-a34ce64cee25 8562576d89f94413a70ae97a4a10cac3 9ce981192a854de79a7a83011ba2e14e - - default default] Successfully bumped revision number for resource 0b2607de-61ab-4796-b7b1-95f52f39db46 (type: security_group_rules) to 0
2026-09-11 18:42:01.731 9 INFO neutron.notifiers.nova [-] Nova event matching ['req-b29328d5-e35b-47d3-a2e4-614e21717ac9'] response: {'server_uuid': 'c0a4c052-2fc0-4632-bb4a-d961027b3bd7', 'name': 'network-vif-deleted', 'tag': 'c9123881-faa7-4661-90c1-d645bd89079c', 'status': 'completed', 'code': 200}
2026-09-11 18:42:01.736 10 INFO neutron.wsgi [None req-adaf24a9-a5b8-4883-82d4-d06e8d9f3560 4d11c2b7e9bd4ac7804ab1d72cc68ad7 b8fd8778dd684602a39925f513f93f37 - - default default] 10.0.0.177 "GET /v2.0/routers HTTP/1.1" status: 200 len: 874 time: 0.1095486 /var/lib/openstack/lib/python3.10/site-packages/pycadf/identifier.py:71: UserWarning: Invalid uuid: neutron. To ensure interoperability, identifiers should be a valid uuid. warnings.warn(('Invalid uuid: %s. To ensure interoperability, '
2026-09-11 18:42:01.746 9 INFO neutron.db.ovn_revision_numbers_db [None req-07b72ee7-653b-4588-8122-a34ce64cee25 8562576d89f94413a70ae97a4a10cac3 9ce981192a854de79a7a83011ba2e14e - - default default] Successfully bumped revision number for resource 62bea7bc-5efe-459f-82ae-d1fbd4ea67b7 (type: security_group_rules) to 0
2026-09-11 18:42:01.763 9 INFO neutron.wsgi [req-4c4da3cc-2c6a-44d0-bae9-2eccaf6e1065 req-e266276b-e2b2-43bd-a162-22adf716557e 3b9d8be481b74d97a2b079dcc4f2c72c 61cd5dfbe4ca48239ba8d6a932f27a2d - - default default] 10.0.0.32 "GET /v2.0/ports?device_id=c0a4c052-2fc0-4632-bb4a-d961027b3bd7 HTTP/1.1" status: 200 len: 210 time: 0.0282483
2026-09-11 18:42:01.772 9 INFO neutron.db.ovn_revision_numbers_db [None req-07b72ee7-653b-4588-8122-a34ce64cee25 8562576d89f94413a70ae97a4a10cac3 9ce981192a854de79a7a83011ba2e14e - - default default] Successfully bumped revision number for resource b244ebde-eb6f-48a0-899f-b7291c30e9cd (type: security_group_rules) to 0
2026-09-11 18:42:01.782 9 INFO neutron.db.ovn_revision_numbers_db [None req-4dea76a0-8d44-44c2-8383-5fd7b3075e70 cf6a67f7f1c04a58bfe22491d3824a86 c8c634403c03419e9c2f25d06dd3b7f0 - - default default] Successfully bumped revision number for resource 0f91e161-5bc0-4274-88ba-d57c0766b6fe (type: ports) to 1
2026-09-11 18:42:01.787 9 INFO neutron.db.ovn_revision_numbers_db [None req-07b72ee7-653b-4588-8122-a34ce64cee25 8562576d89f94413a70ae97a4a10cac3 9ce981192a854de79a7a83011ba2e14e - - default default] Successfully bumped revision number for resource c37ad612-ef6a-4697-905c-dfffe4c53950 (type: security_group_rules) to 0
2026-09-11 18:42:01.814 9 INFO neutron.wsgi [None req-07b72ee7-653b-4588-8122-a34ce64cee25 8562576d89f94413a70ae97a4a10cac3 9ce981192a854de79a7a83011ba2e14e - - default default] 10.0.0.177 "GET /v2.0/security-groups?tenant_id=c2649f63e90042dc85331b823a98cd86&name=default HTTP/1.1" status: 200 len: 2996 time: 0.3700824
