2026-09-11 18:43:38.047 9 INFO neutron.wsgi [None req-952722cf-320e-404f-8306-b684fe1a0d86 a3e4dea2083e475fb717ac987ae9bb8c c00dd78f1be84c38a009e8a28f9b073f - - default default] 10.0.0.177 "GET /v2.0/ports/ec3ba310-2411-4bd7-9612-f5330c9adca8/tags HTTP/1.1" status: 200 len: 245 time: 0.0567498
2026-09-11 18:43:38.051 9 INFO neutron.wsgi [req-ff7f93fc-df65-4638-a405-5bdcb8b90114 req-1979a3d8-7624-4fe0-b9f6-359798201bf1 ee14068c68ac44b28348894e47b5a2c8 7763c11d431942c1b35a20ee7e337eaf - - default default] 10.0.0.32 "GET /v2.0/security-groups?id=ec9875e2-8f6d-4954-917a-efb13844fc1a&fields=id&fields=name HTTP/1.1" status: 200 len: 286 time: 0.0834692
2026-09-11 18:43:38.060 10 INFO neutron.wsgi [req-3a157122-63dd-4909-8a05-111a03ea023a req-56f26f8e-c51b-43b2-8a57-a461f5563a54 8f13eceda4a847af951e730a491f0c50 e2e9497ef4ab4897a5b3e1eb9407a246 - - default default] 162.253.55.77 "GET /v2.0/security-groups?fields=id&fields=name&tenant_id=e2e9497ef4ab4897a5b3e1eb9407a246 HTTP/1.1" status: 200 len: 472 time: 0.0632336
2026-09-11 18:43:38.067 9 INFO neutron.notifiers.nova [-] Nova event matching ['req-9841ba6b-2948-4e05-959c-dbb5eeb527a4'] response: {'name': 'network-changed', 'server_uuid': 'a45e2774-1872-4a19-9a0f-bd81fb509953', 'tag': 'bb875aa8-0617-4cb6-9063-441f1658fd99', 'status': 'completed', 'code': 200}
2026-09-11 18:43:38.121 9 INFO neutron.wsgi [req-75234ae9-4109-45c1-966e-af4fdb41e0c4 req-a69ca77c-fae8-4e17-bb65-fffca1e1d7fb de18b38f1d104553960f5b7cb428024d acd9b28c1e554811952565e57a64a38f - - 5d5f0506ef9341d5ba3af6ed6779e1e5 5d5f0506ef9341d5ba3af6ed6779e1e5] 162.253.55.77 "GET /v2.0/ports?tenant_id=7763c11d431942c1b35a20ee7e337eaf&device_id=a45e2774-1872-4a19-9a0f-bd81fb509953 HTTP/1.1" status: 200 len: 1407 time: 0.0371711
2026-09-11 18:43:38.122 10 INFO neutron.wsgi [None req-b4cbb6dd-1c2a-40bd-bd76-70a7bdde1f8f a3e4dea2083e475fb717ac987ae9bb8c c00dd78f1be84c38a009e8a28f9b073f - - default default] 10.0.0.177 "PUT /v2.0/ports/ec3ba310-2411-4bd7-9612-f5330c9adca8/tags HTTP/1.1" status: 200 len: 230 time: 0.0669293
2026-09-11 18:43:38.177 9 INFO neutron.wsgi [None req-0072a143-53c8-4c73-bb32-332c31c014eb a3e4dea2083e475fb717ac987ae9bb8c c00dd78f1be84c38a009e8a28f9b073f - - default default] 10.0.0.177 "GET /v2.0/ports/ec3ba310-2411-4bd7-9612-f5330c9adca8/tags HTTP/1.1" status: 200 len: 230 time: 0.0498393
2026-09-11 18:43:38.179 9 INFO neutron.wsgi [req-75234ae9-4109-45c1-966e-af4fdb41e0c4 req-1590733d-f7ac-40c8-809f-fd7b4c77fc1c de18b38f1d104553960f5b7cb428024d acd9b28c1e554811952565e57a64a38f - - 5d5f0506ef9341d5ba3af6ed6779e1e5 5d5f0506ef9341d5ba3af6ed6779e1e5] 162.253.55.77 "GET /v2.0/floatingips?fixed_ip_address=10.100.0.7&port_id=bb875aa8-0617-4cb6-9063-441f1658fd99 HTTP/1.1" status: 200 len: 217 time: 0.0302818
2026-09-11 18:43:38.189 9 INFO neutron.wsgi [req-cef24f02-e1ec-4b52-a1a3-5bed5e01f2f0 req-c18e6144-f7f0-420c-be8c-69550c46ee82 8f13eceda4a847af951e730a491f0c50 e2e9497ef4ab4897a5b3e1eb9407a246 - - default default] 10.0.0.32 "GET /v2.0/ports?device_id=a9093b73-0287-4bb3-97cc-c8340a2bedd5 HTTP/1.1" status: 200 len: 210 time: 0.0293145
2026-09-11 18:43:38.215 9 INFO neutron.wsgi [req-75234ae9-4109-45c1-966e-af4fdb41e0c4 req-fc243f04-fd85-4836-8d38-62dbe9a04d28 de18b38f1d104553960f5b7cb428024d acd9b28c1e554811952565e57a64a38f - - 5d5f0506ef9341d5ba3af6ed6779e1e5 5d5f0506ef9341d5ba3af6ed6779e1e5] 162.253.55.77 "GET /v2.0/subnets?id=17f36340-a497-4a95-962a-f1a35b68a3ae HTTP/1.1" status: 200 len: 866 time: 0.0293550
2026-09-11 18:43:38.217 10 INFO neutron.wsgi [None req-b6648740-de30-4e75-80b0-1d4903ce0db6 a3e4dea2083e475fb717ac987ae9bb8c c00dd78f1be84c38a009e8a28f9b073f - - default default] 10.0.0.177 "GET /v2.0/ports/ec3ba310-2411-4bd7-9612-f5330c9adca8/tags/red HTTP/1.1" status: 204 len: 168 time: 0.0357187
2026-09-11 18:43:38.250 9 INFO neutron.wsgi [req-75234ae9-4109-45c1-966e-af4fdb41e0c4 req-76f5da9b-abbb-4cd6-a0b4-65237c0cf91f de18b38f1d104553960f5b7cb428024d acd9b28c1e554811952565e57a64a38f - - 5d5f0506ef9341d5ba3af6ed6779e1e5 5d5f0506ef9341d5ba3af6ed6779e1e5] 162.253.55.77 "GET /v2.0/ports?network_id=d1f93086-bf06-4b2c-992a-342e10a75795&device_owner=network%3Adhcp HTTP/1.1" status: 200 len: 210 time: 0.0269103
2026-09-11 18:43:38.257 9 INFO neutron.api.v2.resource [None req-afa82bdb-bc73-4e78-923e-c5ee1b91f8d5 a3e4dea2083e475fb717ac987ae9bb8c c00dd78f1be84c38a009e8a28f9b073f - - default default] show failed (client error): The resource could not be found.
2026-09-11 18:43:38.258 9 INFO neutron.wsgi [None req-afa82bdb-bc73-4e78-923e-c5ee1b91f8d5 a3e4dea2083e475fb717ac987ae9bb8c c00dd78f1be84c38a009e8a28f9b073f - - default default] 10.0.0.177 "GET /v2.0/ports/ec3ba310-2411-4bd7-9612-f5330c9adca8/tags/green HTTP/1.1" status: 404 len: 299 time: 0.0361319
2026-09-11 18:43:38.324 9 INFO neutron.wsgi [req-75234ae9-4109-45c1-966e-af4fdb41e0c4 req-3a29d081-1d31-4cff-a9b4-420cc2c087b9 de18b38f1d104553960f5b7cb428024d acd9b28c1e554811952565e57a64a38f - - 5d5f0506ef9341d5ba3af6ed6779e1e5 5d5f0506ef9341d5ba3af6ed6779e1e5] 162.253.55.77 "GET /v2.0/networks/d1f93086-bf06-4b2c-992a-342e10a75795?fields=segments HTTP/1.1" status: 200 len: 212 time: 0.0611532
2026-09-11 18:43:38.324 10 INFO neutron.wsgi [None req-0a55fa61-909d-4524-a9d2-231d63129485 a3e4dea2083e475fb717ac987ae9bb8c c00dd78f1be84c38a009e8a28f9b073f - - default default] 10.0.0.177 "DELETE /v2.0/ports/ec3ba310-2411-4bd7-9612-f5330c9adca8/tags/red HTTP/1.1" status: 204 len: 168 time: 0.0601749
2026-09-11 18:43:38.374 9 INFO neutron.wsgi [None req-ebe95172-9707-4804-8a55-2d0d4e037fa5 a3e4dea2083e475fb717ac987ae9bb8c c00dd78f1be84c38a009e8a28f9b073f - - default default] 10.0.0.177 "GET /v2.0/ports/ec3ba310-2411-4bd7-9612-f5330c9adca8/tags HTTP/1.1" status: 200 len: 223 time: 0.0441139
2026-09-11 18:43:38.415 9 INFO neutron.wsgi [req-75234ae9-4109-45c1-966e-af4fdb41e0c4 req-2049b726-7389-4405-8c38-6a6e0dcc7ed2 de18b38f1d104553960f5b7cb428024d acd9b28c1e554811952565e57a64a38f - - 5d5f0506ef9341d5ba3af6ed6779e1e5 5d5f0506ef9341d5ba3af6ed6779e1e5] 162.253.55.77 "GET /v2.0/networks/d1f93086-bf06-4b2c-992a-342e10a75795?fields=provider%3Aphysical_network&fields=provider%3Anetwork_type HTTP/1.1" status: 200 len: 277 time: 0.0791790
2026-09-11 18:43:38.420 9 INFO neutron.api.v2.resource [None req-bb4651ec-f8be-4f66-b63f-0a5f79136ee3 a3e4dea2083e475fb717ac987ae9bb8c c00dd78f1be84c38a009e8a28f9b073f - - default default] delete failed (client error): The resource could not be found.
2026-09-11 18:43:38.421 9 INFO neutron.wsgi [None req-bb4651ec-f8be-4f66-b63f-0a5f79136ee3 a3e4dea2083e475fb717ac987ae9bb8c c00dd78f1be84c38a009e8a28f9b073f - - default default] 10.0.0.177 "DELETE /v2.0/ports/ec3ba310-2411-4bd7-9612-f5330c9adca8/tags/green HTTP/1.1" status: 404 len: 299 time: 0.0412805
2026-09-11 18:43:38.461 10 WARNING neutron.scheduler.dhcp_agent_scheduler [req-3a157122-63dd-4909-8a05-111a03ea023a req-35030e03-7b6a-4ead-b05c-06a194c6347a 8f13eceda4a847af951e730a491f0c50 e2e9497ef4ab4897a5b3e1eb9407a246 - - default default] No more DHCP agents
2026-09-11 18:43:38.465 10 WARNING neutron.api.rpc.agentnotifiers.dhcp_rpc_agent_api [req-3a157122-63dd-4909-8a05-111a03ea023a req-35030e03-7b6a-4ead-b05c-06a194c6347a 8f13eceda4a847af951e730a491f0c50 e2e9497ef4ab4897a5b3e1eb9407a246 - - default default] Unable to schedule network a00da842-ba02-4837-9dd6-de517f956691: no agents available; will retry on subsequent port and subnet creation events.
2026-09-11 18:43:38.508 9 INFO neutron.wsgi [req-af010216-7750-4a8c-b5cb-751b64972792 req-623b2638-d582-4fbe-8990-a1e167d57d50 de18b38f1d104553960f5b7cb428024d acd9b28c1e554811952565e57a64a38f - - 5d5f0506ef9341d5ba3af6ed6779e1e5 5d5f0506ef9341d5ba3af6ed6779e1e5] 162.253.55.77 "GET /v2.0/ports?tenant_id=7763c11d431942c1b35a20ee7e337eaf&device_id=a45e2774-1872-4a19-9a0f-bd81fb509953 HTTP/1.1" status: 200 len: 1407 time: 0.0502603
2026-09-11 18:43:38.511 9 INFO neutron.wsgi [None req-2ead1710-bf4d-4b0f-87de-965cfabd030e a3e4dea2083e475fb717ac987ae9bb8c c00dd78f1be84c38a009e8a28f9b073f - - default default] 10.0.0.177 "DELETE /v2.0/ports/ec3ba310-2411-4bd7-9612-f5330c9adca8/tags HTTP/1.1" status: 204 len: 168 time: 0.0848608 /var/lib/openstack/lib/python3.10/site-packages/pycadf/identifier.py:71: UserWarning: Invalid uuid: neutron. To ensure interoperability, identifiers should be a valid uuid. warnings.warn(('Invalid uuid: %s. To ensure interoperability, '
2026-09-11 18:43:38.547 10 INFO neutron.wsgi [None req-d774026d-cb84-4b16-943d-104982450021 a3e4dea2083e475fb717ac987ae9bb8c c00dd78f1be84c38a009e8a28f9b073f - - default default] 10.0.0.177 "GET /v2.0/ports/ec3ba310-2411-4bd7-9612-f5330c9adca8/tags HTTP/1.1" status: 200 len: 205 time: 0.0322862
2026-09-11 18:43:38.602 9 INFO neutron.wsgi [req-af010216-7750-4a8c-b5cb-751b64972792 req-fe6a9744-1d46-493a-8158-0802555c62b0 de18b38f1d104553960f5b7cb428024d acd9b28c1e554811952565e57a64a38f - - 5d5f0506ef9341d5ba3af6ed6779e1e5 5d5f0506ef9341d5ba3af6ed6779e1e5] 162.253.55.77 "GET /v2.0/networks?id=d1f93086-bf06-4b2c-992a-342e10a75795 HTTP/1.1" status: 200 len: 971 time: 0.0877113
2026-09-11 18:43:38.641 9 INFO neutron.wsgi [req-af010216-7750-4a8c-b5cb-751b64972792 req-b9b83b60-b746-4f78-a4be-9c2ea50bb02a de18b38f1d104553960f5b7cb428024d acd9b28c1e554811952565e57a64a38f - - 5d5f0506ef9341d5ba3af6ed6779e1e5 5d5f0506ef9341d5ba3af6ed6779e1e5] 162.253.55.77 "GET /v2.0/floatingips?fixed_ip_address=10.100.0.7&port_id=bb875aa8-0617-4cb6-9063-441f1658fd99 HTTP/1.1" status: 200 len: 217 time: 0.0316751
2026-09-11 18:43:38.664 10 INFO neutron.db.ovn_revision_numbers_db [req-3a157122-63dd-4909-8a05-111a03ea023a req-35030e03-7b6a-4ead-b05c-06a194c6347a 8f13eceda4a847af951e730a491f0c50 e2e9497ef4ab4897a5b3e1eb9407a246 - - default default] Successfully bumped revision number for resource 2f97ed84-5731-45ca-b4c4-0a2cbedbda5e (type: ports) to 1
2026-09-11 18:43:38.673 9 INFO neutron.plugins.ml2.drivers.ovn.mech_driver.mech_driver [None req-2fc1cc0b-8c71-43a4-a3a4-329a64e56967 - - - - - -] OVN reports status up for port: bb875aa8-0617-4cb6-9063-441f1658fd99
2026-09-11 18:43:38.688 10 INFO neutron.wsgi [req-3a157122-63dd-4909-8a05-111a03ea023a req-35030e03-7b6a-4ead-b05c-06a194c6347a 8f13eceda4a847af951e730a491f0c50 e2e9497ef4ab4897a5b3e1eb9407a246 - - default default] 162.253.55.77 "POST /v2.0/ports HTTP/1.1" status: 201 len: 1162 time: 0.6062989
2026-09-11 18:43:38.691 9 INFO neutron.wsgi [req-af010216-7750-4a8c-b5cb-751b64972792 req-06298b46-ee7c-4875-ac1c-92bcf9fbb8ea de18b38f1d104553960f5b7cb428024d acd9b28c1e554811952565e57a64a38f - - 5d5f0506ef9341d5ba3af6ed6779e1e5 5d5f0506ef9341d5ba3af6ed6779e1e5] 162.253.55.77 "GET /v2.0/subnets?id=17f36340-a497-4a95-962a-f1a35b68a3ae HTTP/1.1" status: 200 len: 866 time: 0.0393484
2026-09-11 18:43:38.692 9 INFO neutron.plugins.ml2.plugin [None req-2fc1cc0b-8c71-43a4-a3a4-329a64e56967 - - - - - -] Attempt 1 to provision port bb875aa8-0617-4cb6-9063-441f1658fd99
2026-09-11 18:43:38.735 9 INFO neutron.wsgi [req-af010216-7750-4a8c-b5cb-751b64972792 req-a0a8f8e9-d9b1-4dc3-8195-aae220fe95f0 de18b38f1d104553960f5b7cb428024d acd9b28c1e554811952565e57a64a38f - - 5d5f0506ef9341d5ba3af6ed6779e1e5 5d5f0506ef9341d5ba3af6ed6779e1e5] 162.253.55.77 "GET /v2.0/ports?network_id=d1f93086-bf06-4b2c-992a-342e10a75795&device_owner=network%3Adhcp HTTP/1.1" status: 200 len: 210 time: 0.0288448
2026-09-11 18:43:38.829 9 INFO neutron.wsgi [req-af010216-7750-4a8c-b5cb-751b64972792 req-eb9e3533-1def-4a29-ac45-3a1b7e4098ff de18b38f1d104553960f5b7cb428024d acd9b28c1e554811952565e57a64a38f - - 5d5f0506ef9341d5ba3af6ed6779e1e5 5d5f0506ef9341d5ba3af6ed6779e1e5] 162.253.55.77 "GET /v2.0/networks/d1f93086-bf06-4b2c-992a-342e10a75795?fields=segments HTTP/1.1" status: 200 len: 212 time: 0.0858347
2026-09-11 18:43:38.953 9 INFO neutron.wsgi [None req-abd8f0b0-d704-4ba1-9364-5dd675dd2110 a3e4dea2083e475fb717ac987ae9bb8c c00dd78f1be84c38a009e8a28f9b073f - - default default] 10.0.0.177 "DELETE /v2.0/ports/ec3ba310-2411-4bd7-9612-f5330c9adca8 HTTP/1.1" status: 204 len: 168 time: 0.3959010
2026-09-11 18:43:38.957 9 INFO neutron.wsgi [req-af010216-7750-4a8c-b5cb-751b64972792 req-a93ed9e1-0e74-4d86-bef9-907e85788cb6 de18b38f1d104553960f5b7cb428024d acd9b28c1e554811952565e57a64a38f - - 5d5f0506ef9341d5ba3af6ed6779e1e5 5d5f0506ef9341d5ba3af6ed6779e1e5] 162.253.55.77 "GET /v2.0/networks/d1f93086-bf06-4b2c-992a-342e10a75795?fields=provider%3Aphysical_network&fields=provider%3Anetwork_type HTTP/1.1" status: 200 len: 277 time: 0.1223159
2026-09-11 18:43:39.120 10 INFO neutron.db.ovn_revision_numbers_db [req-3a157122-63dd-4909-8a05-111a03ea023a req-ae827c0b-4daf-4aa8-9200-a207c92e8926 de18b38f1d104553960f5b7cb428024d acd9b28c1e554811952565e57a64a38f - - 5d5f0506ef9341d5ba3af6ed6779e1e5 5d5f0506ef9341d5ba3af6ed6779e1e5] Successfully bumped revision number for resource 2f97ed84-5731-45ca-b4c4-0a2cbedbda5e (type: ports) to 2
2026-09-11 18:43:39.123 9 INFO neutron.db.ovn_revision_numbers_db [None req-2fc1cc0b-8c71-43a4-a3a4-329a64e56967 - - - - - -] Successfully bumped revision number for resource bb875aa8-0617-4cb6-9063-441f1658fd99 (type: ports) to 4 /var/lib/openstack/lib/python3.10/site-packages/pycadf/identifier.py:71: UserWarning: Invalid uuid: neutron. To ensure interoperability, identifiers should be a valid uuid. warnings.warn(('Invalid uuid: %s. To ensure interoperability, '
2026-09-11 18:43:39.225 10 INFO neutron.wsgi [req-59fb0018-0183-46a7-adf8-718a18d3b8c4 req-0826034c-5af3-4e44-bd5a-7384e7fc64e4 ee14068c68ac44b28348894e47b5a2c8 7763c11d431942c1b35a20ee7e337eaf - - default default] 10.0.0.32 "GET /v2.0/ports?device_id=a45e2774-1872-4a19-9a0f-bd81fb509953 HTTP/1.1" status: 200 len: 1170 time: 0.1031537
2026-09-11 18:43:39.288 10 INFO neutron.wsgi [req-59fb0018-0183-46a7-adf8-718a18d3b8c4 req-7b13803f-89c9-4c2d-a4fc-e2fe5a6592d8 ee14068c68ac44b28348894e47b5a2c8 7763c11d431942c1b35a20ee7e337eaf - - default default] 10.0.0.32 "GET /v2.0/security-groups?id=ec9875e2-8f6d-4954-917a-efb13844fc1a&fields=id&fields=name HTTP/1.1" status: 200 len: 286 time: 0.0578814
2026-09-11 18:43:39.358 10 INFO neutron.db.ovn_revision_numbers_db [req-3a157122-63dd-4909-8a05-111a03ea023a req-ae827c0b-4daf-4aa8-9200-a207c92e8926 de18b38f1d104553960f5b7cb428024d acd9b28c1e554811952565e57a64a38f - - 5d5f0506ef9341d5ba3af6ed6779e1e5 5d5f0506ef9341d5ba3af6ed6779e1e5] Successfully bumped revision number for resource 2f97ed84-5731-45ca-b4c4-0a2cbedbda5e (type: ports) to 2
2026-09-11 18:43:39.369 10 INFO neutron.wsgi [req-3a157122-63dd-4909-8a05-111a03ea023a req-ae827c0b-4daf-4aa8-9200-a207c92e8926 de18b38f1d104553960f5b7cb428024d acd9b28c1e554811952565e57a64a38f - - 5d5f0506ef9341d5ba3af6ed6779e1e5 5d5f0506ef9341d5ba3af6ed6779e1e5] 162.253.55.77 "PUT /v2.0/ports/2f97ed84-5731-45ca-b4c4-0a2cbedbda5e HTTP/1.1" status: 200 len: 1380 time: 0.6638083 /var/lib/openstack/lib/python3.10/site-packages/pycadf/identifier.py:71: UserWarning: Invalid uuid: neutron. To ensure interoperability, identifiers should be a valid uuid. warnings.warn(('Invalid uuid: %s. To ensure interoperability, '
2026-09-11 18:43:39.418 10 INFO neutron.notifiers.nova [-] Nova event matching ['req-00e44bba-42cb-4b1d-97f8-737c74927755'] response: {'name': 'network-changed', 'server_uuid': 'a9093b73-0287-4bb3-97cc-c8340a2bedd5', 'tag': '2f97ed84-5731-45ca-b4c4-0a2cbedbda5e', 'status': 'completed', 'code': 200}
2026-09-11 18:43:39.456 10 INFO neutron.wsgi [req-3a157122-63dd-4909-8a05-111a03ea023a req-b0b3b2f0-e608-4951-b5a6-ab76ed897154 de18b38f1d104553960f5b7cb428024d acd9b28c1e554811952565e57a64a38f - - 5d5f0506ef9341d5ba3af6ed6779e1e5 5d5f0506ef9341d5ba3af6ed6779e1e5] 162.253.55.77 "GET /v2.0/ports?tenant_id=e2e9497ef4ab4897a5b3e1eb9407a246&device_id=a9093b73-0287-4bb3-97cc-c8340a2bedd5 HTTP/1.1" status: 200 len: 1411 time: 0.0541019
2026-09-11 18:43:39.457 9 INFO neutron.wsgi [req-5696964b-e20b-48f3-9b16-560ebcdfbefd req-022e21eb-756b-4ec3-bf92-75df90106bf9 8f13eceda4a847af951e730a491f0c50 e2e9497ef4ab4897a5b3e1eb9407a246 - - default default] 10.0.0.32 "GET /v2.0/ports?device_id=a9093b73-0287-4bb3-97cc-c8340a2bedd5 HTTP/1.1" status: 200 len: 1172 time: 0.0423288 /var/lib/openstack/lib/python3.10/site-packages/pycadf/identifier.py:71: UserWarning: Invalid uuid: neutron. To ensure interoperability, identifiers should be a valid uuid. warnings.warn(('Invalid uuid: %s. To ensure interoperability, '
2026-09-11 18:43:39.487 10 INFO neutron.wsgi [req-3a157122-63dd-4909-8a05-111a03ea023a req-cab9fb45-c11f-4d48-9d33-aca5d9316c7a de18b38f1d104553960f5b7cb428024d acd9b28c1e554811952565e57a64a38f - - 5d5f0506ef9341d5ba3af6ed6779e1e5 5d5f0506ef9341d5ba3af6ed6779e1e5] 162.253.55.77 "GET /v2.0/floatingips?fixed_ip_address=10.100.0.10&port_id=2f97ed84-5731-45ca-b4c4-0a2cbedbda5e HTTP/1.1" status: 200 len: 217 time: 0.0233328
2026-09-11 18:43:39.524 9 INFO neutron.wsgi [req-5696964b-e20b-48f3-9b16-560ebcdfbefd req-25ef3bdd-24d1-4d15-a3ab-f0643ab9ad96 8f13eceda4a847af951e730a491f0c50 e2e9497ef4ab4897a5b3e1eb9407a246 - - default default] 10.0.0.32 "GET /v2.0/security-groups?id=a9bbfb4a-ad91-4599-a55f-cea7dd4e1365&fields=id&fields=name HTTP/1.1" status: 200 len: 313 time: 0.0588322
2026-09-11 18:43:39.537 10 INFO neutron.wsgi [req-3a157122-63dd-4909-8a05-111a03ea023a req-ce727ef0-6b8a-4e27-a5c9-8bc49dbb1f03 de18b38f1d104553960f5b7cb428024d acd9b28c1e554811952565e57a64a38f - - 5d5f0506ef9341d5ba3af6ed6779e1e5 5d5f0506ef9341d5ba3af6ed6779e1e5] 162.253.55.77 "GET /v2.0/subnets?id=ed62eb3f-2eca-445b-bf09-77cb572c2174 HTTP/1.1" status: 200 len: 853 time: 0.0340731
2026-09-11 18:43:39.674 9 INFO neutron.services.segments.plugin [-] Segment 812d7826-dbe1-48ba-a619-69393f4c12e0 resource provider aggregate not found
2026-09-11 18:43:39.679 9 INFO neutron.services.segments.plugin [-] Segment 812d7826-dbe1-48ba-a619-69393f4c12e0 resource provider aggregate not found
2026-09-11 18:43:39.696 9 INFO neutron.services.segments.plugin [-] Segment 812d7826-dbe1-48ba-a619-69393f4c12e0 resource provider not found; error: Placement Client Error (4xx): {"errors": [{"status": 404, "title": "Not Found", "detail": "The resource could not be found.\n\n No resource provider with uuid 812d7826-dbe1-48ba-a619-69393f4c12e0 found for delete ", "request_id": "req-1a9c05c0-2ac7-4435-927c-594cdf00e40f"}]}
2026-09-11 18:43:39.700 9 INFO neutron.services.segments.plugin [-] Segment 812d7826-dbe1-48ba-a619-69393f4c12e0 resource provider not found; error: Placement Client Error (4xx): {"errors": [{"status": 404, "title": "Not Found", "detail": "The resource could not be found.\n\n No resource provider with uuid 812d7826-dbe1-48ba-a619-69393f4c12e0 found for delete ", "request_id": "req-1b215589-897e-4e0a-9391-d5ab63b9799a"}]}
2026-09-11 18:43:39.729 9 INFO neutron.wsgi [None req-b4bad717-2503-47bc-ad4f-8cf664ea986c a3e4dea2083e475fb717ac987ae9bb8c c00dd78f1be84c38a009e8a28f9b073f - - default default] 10.0.0.177 "DELETE /v2.0/networks/75d7409a-e4d8-4d37-a469-80826720779e HTTP/1.1" status: 204 len: 168 time: 0.7691522
2026-09-11 18:43:39.826 10 INFO neutron.wsgi [req-3a157122-63dd-4909-8a05-111a03ea023a req-2700097d-9d67-4493-9cc5-9423ef2c9a8c de18b38f1d104553960f5b7cb428024d acd9b28c1e554811952565e57a64a38f - - 5d5f0506ef9341d5ba3af6ed6779e1e5 5d5f0506ef9341d5ba3af6ed6779e1e5] 162.253.55.77 "GET /v2.0/ports?network_id=a00da842-ba02-4837-9dd6-de517f956691&device_owner=network%3Adhcp HTTP/1.1" status: 200 len: 210 time: 0.2822554
2026-09-11 18:43:39.890 10 INFO neutron.wsgi [req-3a157122-63dd-4909-8a05-111a03ea023a req-9ac697e9-50cc-444a-9002-e36c519a936d de18b38f1d104553960f5b7cb428024d acd9b28c1e554811952565e57a64a38f - - 5d5f0506ef9341d5ba3af6ed6779e1e5 5d5f0506ef9341d5ba3af6ed6779e1e5] 162.253.55.77 "GET /v2.0/networks/a00da842-ba02-4837-9dd6-de517f956691?fields=segments HTTP/1.1" status: 200 len: 212 time: 0.0555799
2026-09-11 18:43:39.977 10 INFO neutron.wsgi [req-3a157122-63dd-4909-8a05-111a03ea023a req-73463362-4f6b-4e7c-a027-b799e0fbc130 de18b38f1d104553960f5b7cb428024d acd9b28c1e554811952565e57a64a38f - - 5d5f0506ef9341d5ba3af6ed6779e1e5 5d5f0506ef9341d5ba3af6ed6779e1e5] 162.253.55.77 "GET /v2.0/networks/a00da842-ba02-4837-9dd6-de517f956691?fields=provider%3Aphysical_network&fields=provider%3Anetwork_type HTTP/1.1" status: 200 len: 277 time: 0.0795753
2026-09-11 18:43:40.066 10 INFO neutron.wsgi [req-4c2aa713-3693-4dc3-83ba-5f656c4a3db8 req-1606b036-4824-4b98-8e98-464e63483610 de18b38f1d104553960f5b7cb428024d acd9b28c1e554811952565e57a64a38f - - 5d5f0506ef9341d5ba3af6ed6779e1e5 5d5f0506ef9341d5ba3af6ed6779e1e5] 162.253.55.77 "GET /v2.0/ports?tenant_id=e2e9497ef4ab4897a5b3e1eb9407a246&device_id=a9093b73-0287-4bb3-97cc-c8340a2bedd5 HTTP/1.1" status: 200 len: 1411 time: 0.0460157
2026-09-11 18:43:40.129 9 INFO neutron.notifiers.nova [-] Nova event matching ['req-5b93cf02-2427-4d97-b364-78542115c79c'] response: {'server_uuid': 'a45e2774-1872-4a19-9a0f-bd81fb509953', 'name': 'network-vif-plugged', 'status': 'completed', 'tag': 'bb875aa8-0617-4cb6-9063-441f1658fd99', 'code': 200}
2026-09-11 18:43:40.129 9 INFO neutron.notifiers.nova [-] Nova event matching ['req-5b93cf02-2427-4d97-b364-78542115c79c'] response: {'server_uuid': 'a45e2774-1872-4a19-9a0f-bd81fb509953', 'name': 'network-vif-plugged', 'status': 'completed', 'tag': 'bb875aa8-0617-4cb6-9063-441f1658fd99', 'code': 200}
2026-09-11 18:43:40.181 10 INFO neutron.wsgi [req-4c2aa713-3693-4dc3-83ba-5f656c4a3db8 req-74e219a7-a94c-4be2-9ca9-44f4742bd37f de18b38f1d104553960f5b7cb428024d acd9b28c1e554811952565e57a64a38f - - 5d5f0506ef9341d5ba3af6ed6779e1e5 5d5f0506ef9341d5ba3af6ed6779e1e5] 162.253.55.77 "GET /v2.0/networks?id=a00da842-ba02-4837-9dd6-de517f956691 HTTP/1.1" status: 200 len: 959 time: 0.1060588
2026-09-11 18:43:40.207 10 INFO neutron.plugins.ml2.drivers.ovn.mech_driver.mech_driver [None req-3a218d7c-672c-4cf1-bb82-44e4c90b9e5c - - - - - -] OVN reports status up for port: 2f97ed84-5731-45ca-b4c4-0a2cbedbda5e
2026-09-11 18:43:40.227 10 INFO neutron.wsgi [req-4c2aa713-3693-4dc3-83ba-5f656c4a3db8 req-65d4f0cc-19ed-4f95-801e-cabd7e56274c de18b38f1d104553960f5b7cb428024d acd9b28c1e554811952565e57a64a38f - - 5d5f0506ef9341d5ba3af6ed6779e1e5 5d5f0506ef9341d5ba3af6ed6779e1e5] 162.253.55.77 "GET /v2.0/floatingips?fixed_ip_address=10.100.0.10&port_id=2f97ed84-5731-45ca-b4c4-0a2cbedbda5e HTTP/1.1" status: 200 len: 217 time: 0.0342119
2026-09-11 18:43:40.244 10 INFO neutron.plugins.ml2.plugin [None req-3a218d7c-672c-4cf1-bb82-44e4c90b9e5c - - - - - -] Attempt 1 to provision port 2f97ed84-5731-45ca-b4c4-0a2cbedbda5e
2026-09-11 18:43:40.261 10 INFO neutron.wsgi [req-4c2aa713-3693-4dc3-83ba-5f656c4a3db8 req-33e7a36c-6ad1-402d-8b84-18cf74e573da de18b38f1d104553960f5b7cb428024d acd9b28c1e554811952565e57a64a38f - - 5d5f0506ef9341d5ba3af6ed6779e1e5 5d5f0506ef9341d5ba3af6ed6779e1e5] 162.253.55.77 "GET /v2.0/subnets?id=ed62eb3f-2eca-445b-bf09-77cb572c2174 HTTP/1.1" status: 200 len: 853 time: 0.0290003
2026-09-11 18:43:40.281 10 INFO neutron.wsgi [req-4c2aa713-3693-4dc3-83ba-5f656c4a3db8 req-a8efc0d5-bce8-47eb-b9e6-67b61644e25b de18b38f1d104553960f5b7cb428024d acd9b28c1e554811952565e57a64a38f - - 5d5f0506ef9341d5ba3af6ed6779e1e5 5d5f0506ef9341d5ba3af6ed6779e1e5] 162.253.55.77 "GET /v2.0/ports?network_id=a00da842-ba02-4837-9dd6-de517f956691&device_owner=network%3Adhcp HTTP/1.1" status: 200 len: 210 time: 0.0153148
2026-09-11 18:43:40.345 10 INFO neutron.wsgi [req-4c2aa713-3693-4dc3-83ba-5f656c4a3db8 req-cec33823-40e2-48e8-8728-e5ccc3c8371a de18b38f1d104553960f5b7cb428024d acd9b28c1e554811952565e57a64a38f - - 5d5f0506ef9341d5ba3af6ed6779e1e5 5d5f0506ef9341d5ba3af6ed6779e1e5] 162.253.55.77 "GET /v2.0/networks/a00da842-ba02-4837-9dd6-de517f956691?fields=segments HTTP/1.1" status: 200 len: 212 time: 0.0600560
2026-09-11 18:43:40.444 10 INFO neutron.wsgi [req-4c2aa713-3693-4dc3-83ba-5f656c4a3db8 req-b17dca4d-3ee0-45ed-a214-dcdedb0e40f4 de18b38f1d104553960f5b7cb428024d acd9b28c1e554811952565e57a64a38f - - 5d5f0506ef9341d5ba3af6ed6779e1e5 5d5f0506ef9341d5ba3af6ed6779e1e5] 162.253.55.77 "GET /v2.0/networks/a00da842-ba02-4837-9dd6-de517f956691?fields=provider%3Aphysical_network&fields=provider%3Anetwork_type HTTP/1.1" status: 200 len: 277 time: 0.0957365
2026-09-11 18:43:40.491 9 INFO neutron.wsgi [req-c0d1bc58-6d2d-4856-8a9f-f44bf9ca8910 req-fc53c9f6-374d-4329-b97d-6e69eac082f7 ee14068c68ac44b28348894e47b5a2c8 7763c11d431942c1b35a20ee7e337eaf - - default default] 10.0.0.32 "GET /v2.0/ports?device_id=a45e2774-1872-4a19-9a0f-bd81fb509953 HTTP/1.1" status: 200 len: 1170 time: 0.1285086
2026-09-11 18:43:40.555 9 INFO neutron.wsgi [req-c0d1bc58-6d2d-4856-8a9f-f44bf9ca8910 req-4642bfde-016e-4b9c-9184-362e0edd0b67 ee14068c68ac44b28348894e47b5a2c8 7763c11d431942c1b35a20ee7e337eaf - - default default] 10.0.0.32 "GET /v2.0/security-groups?id=ec9875e2-8f6d-4954-917a-efb13844fc1a&fields=id&fields=name HTTP/1.1" status: 200 len: 286 time: 0.0522227
2026-09-11 18:43:40.598 10 INFO neutron.db.ovn_revision_numbers_db [None req-3a218d7c-672c-4cf1-bb82-44e4c90b9e5c - - - - - -] Successfully bumped revision number for resource 2f97ed84-5731-45ca-b4c4-0a2cbedbda5e (type: ports) to 4
2026-09-11 18:43:40.702 10 INFO neutron.wsgi [None req-8bc7754e-f978-4239-bd0c-73e7bbb89de6 8562576d89f94413a70ae97a4a10cac3 9ce981192a854de79a7a83011ba2e14e - - default default] 10.0.0.177 "GET /v2.0/security-groups?tenant_id=c00dd78f1be84c38a009e8a28f9b073f&name=default HTTP/1.1" status: 200 len: 2996 time: 0.1982841 /var/lib/openstack/lib/python3.10/site-packages/pycadf/identifier.py:71: UserWarning: Invalid uuid: neutron. To ensure interoperability, identifiers should be a valid uuid. warnings.warn(('Invalid uuid: %s. To ensure interoperability, '
2026-09-11 18:43:40.735 10 INFO neutron.wsgi [req-e94f8c9e-c09c-488a-95e5-6c64493adb60 req-7c32e623-e472-49a1-a564-19cb97abceb1 8f13eceda4a847af951e730a491f0c50 e2e9497ef4ab4897a5b3e1eb9407a246 - - default default] 10.0.0.32 "GET /v2.0/ports?device_id=a9093b73-0287-4bb3-97cc-c8340a2bedd5 HTTP/1.1" status: 200 len: 1174 time: 0.1204898
2026-09-11 18:43:40.816 10 INFO neutron.wsgi [req-e94f8c9e-c09c-488a-95e5-6c64493adb60 req-dcda7b78-a386-47e6-b8b4-c9e8be6ba44c 8f13eceda4a847af951e730a491f0c50 e2e9497ef4ab4897a5b3e1eb9407a246 - - default default] 10.0.0.32 "GET /v2.0/security-groups?id=a9bbfb4a-ad91-4599-a55f-cea7dd4e1365&fields=id&fields=name HTTP/1.1" status: 200 len: 313 time: 0.0650017
2026-09-11 18:43:40.997 10 INFO neutron.wsgi [None req-41cf0b77-eef7-490c-bafb-60034cffe232 8562576d89f94413a70ae97a4a10cac3 9ce981192a854de79a7a83011ba2e14e - - default default] 10.0.0.177 "DELETE /v2.0/security-groups/414ebace-d237-4ebf-918f-4a6cb19488e8 HTTP/1.1" status: 204 len: 168 time: 0.2909389
2026-09-11 18:43:41.175 10 INFO neutron.wsgi [req-5c6ed1c9-e498-473c-9149-2dbc515af541 req-d5401334-daec-4f0f-91a9-c72cf74c3b88 ee14068c68ac44b28348894e47b5a2c8 7763c11d431942c1b35a20ee7e337eaf - - default default] 10.0.0.32 "GET /v2.0/ports?device_id=a45e2774-1872-4a19-9a0f-bd81fb509953 HTTP/1.1" status: 200 len: 1170 time: 0.0576229
2026-09-11 18:43:41.176 9 INFO neutron.plugins.ml2.drivers.ovn.mech_driver.mech_driver [None req-2fc1cc0b-8c71-43a4-a3a4-329a64e56967 - - - - - -] OVN reports status down for port: bb875aa8-0617-4cb6-9063-441f1658fd99
2026-09-11 18:43:41.229 10 INFO neutron.wsgi [req-5c6ed1c9-e498-473c-9149-2dbc515af541 req-73e220bd-c987-4e5a-9fca-dad39317ead3 ee14068c68ac44b28348894e47b5a2c8 7763c11d431942c1b35a20ee7e337eaf - - default default] 10.0.0.32 "GET /v2.0/security-groups?id=ec9875e2-8f6d-4954-917a-efb13844fc1a&fields=id&fields=name HTTP/1.1" status: 200 len: 286 time: 0.0443935
2026-09-11 18:43:41.301 9 INFO neutron.db.ovn_revision_numbers_db [None req-d8b2bef0-dd45-4502-b355-a94d7b34e3e0 8562576d89f94413a70ae97a4a10cac3 9ce981192a854de79a7a83011ba2e14e - - default default] Successfully bumped revision number for resource c59b6fb2-d18f-4d83-9fdd-54c91c1d5d50 (type: security_groups) to 1
2026-09-11 18:43:41.330 9 INFO neutron.db.ovn_revision_numbers_db [None req-d8b2bef0-dd45-4502-b355-a94d7b34e3e0 8562576d89f94413a70ae97a4a10cac3 9ce981192a854de79a7a83011ba2e14e - - default default] Successfully bumped revision number for resource 2320b658-6628-4f89-9508-60aec98d69b7 (type: security_group_rules) to 0
2026-09-11 18:43:41.359 9 INFO neutron.db.ovn_revision_numbers_db [None req-d8b2bef0-dd45-4502-b355-a94d7b34e3e0 8562576d89f94413a70ae97a4a10cac3 9ce981192a854de79a7a83011ba2e14e - - default default] Successfully bumped revision number for resource 45b7bc09-11a0-465e-b7d1-a9b347ead62e (type: security_group_rules) to 0
2026-09-11 18:43:41.379 9 INFO neutron.db.ovn_revision_numbers_db [None req-d8b2bef0-dd45-4502-b355-a94d7b34e3e0 8562576d89f94413a70ae97a4a10cac3 9ce981192a854de79a7a83011ba2e14e - - default default] Successfully bumped revision number for resource 48f644d6-30ca-47f6-a195-22a0a456879a (type: security_group_rules) to 0
2026-09-11 18:43:41.404 9 INFO neutron.db.ovn_revision_numbers_db [None req-d8b2bef0-dd45-4502-b355-a94d7b34e3e0 8562576d89f94413a70ae97a4a10cac3 9ce981192a854de79a7a83011ba2e14e - - default default] Successfully bumped revision number for resource d2eeaa80-bc34-48e9-baba-98a559ad768f (type: security_group_rules) to 0
2026-09-11 18:43:41.433 9 INFO neutron.wsgi [None req-d8b2bef0-dd45-4502-b355-a94d7b34e3e0 8562576d89f94413a70ae97a4a10cac3 9ce981192a854de79a7a83011ba2e14e - - default default] 10.0.0.177 "GET /v2.0/security-groups?tenant_id=e6598e8a703743b999b72d2845fb1b03&name=default HTTP/1.1" status: 200 len: 2996 time: 0.3351448
2026-09-11 18:43:41.478 10 INFO neutron.notifiers.nova [-] Nova event matching ['req-df1429b7-55fc-4f1c-ba42-47f304a5d178'] response: {'server_uuid': 'a9093b73-0287-4bb3-97cc-c8340a2bedd5', 'name': 'network-vif-plugged', 'status': 'completed', 'tag': '2f97ed84-5731-45ca-b4c4-0a2cbedbda5e', 'code': 200}
2026-09-11 18:43:41.478 10 INFO neutron.notifiers.nova [-] Nova event matching ['req-df1429b7-55fc-4f1c-ba42-47f304a5d178'] response: {'server_uuid': 'a9093b73-0287-4bb3-97cc-c8340a2bedd5', 'name': 'network-vif-plugged', 'status': 'completed', 'tag': '2f97ed84-5731-45ca-b4c4-0a2cbedbda5e', 'code': 200}
2026-09-11 18:43:41.510 9 INFO neutron.db.ovn_revision_numbers_db [None req-2fc1cc0b-8c71-43a4-a3a4-329a64e56967 - - - - - -] Successfully bumped revision number for resource bb875aa8-0617-4cb6-9063-441f1658fd99 (type: ports) to 5
2026-09-11 18:43:41.513 10 INFO neutron.wsgi [req-bbbf0fdf-6e84-4a00-b1b3-8c8dc126dce4 req-85606b08-2341-4103-ae02-60e7724eb5cd ee14068c68ac44b28348894e47b5a2c8 7763c11d431942c1b35a20ee7e337eaf - - default default] 162.253.55.77 "GET /v2.0/ports?device_id=a45e2774-1872-4a19-9a0f-bd81fb509953 HTTP/1.1" status: 200 len: 1168 time: 0.0570517
2026-09-11 18:43:41.740 10 INFO neutron.wsgi [None req-967a76d0-2469-4afb-b2eb-f0d11cf24f70 8562576d89f94413a70ae97a4a10cac3 9ce981192a854de79a7a83011ba2e14e - - default default] 10.0.0.177 "DELETE /v2.0/security-groups/c59b6fb2-d18f-4d83-9fdd-54c91c1d5d50 HTTP/1.1" status: 204 len: 168 time: 0.2995737
2026-09-11 18:43:41.823 10 INFO neutron.wsgi [req-bbbf0fdf-6e84-4a00-b1b3-8c8dc126dce4 req-0d711b92-b1ca-4931-a1c8-d432cf9a9470 ee14068c68ac44b28348894e47b5a2c8 7763c11d431942c1b35a20ee7e337eaf - - default default] 162.253.55.77 "DELETE /v2.0/ports/bb875aa8-0617-4cb6-9063-441f1658fd99 HTTP/1.1" status: 204 len: 173 time: 0.2948191
2026-09-11 18:43:41.946 10 INFO neutron.wsgi [req-9c771510-fe47-406d-8d54-f580252499e5 req-5faea085-46b8-4f26-a15a-557df1c1037d 8f13eceda4a847af951e730a491f0c50 e2e9497ef4ab4897a5b3e1eb9407a246 - - default default] 10.0.0.32 "GET /v2.0/ports?device_id=a9093b73-0287-4bb3-97cc-c8340a2bedd5 HTTP/1.1" status: 200 len: 1174 time: 0.0544281
2026-09-11 18:43:41.984 10 INFO neutron.wsgi [req-9c771510-fe47-406d-8d54-f580252499e5 req-10456d55-f8b7-4089-bb2c-787929dfb4f2 8f13eceda4a847af951e730a491f0c50 e2e9497ef4ab4897a5b3e1eb9407a246 - - default default] 10.0.0.32 "GET /v2.0/security-groups?id=a9bbfb4a-ad91-4599-a55f-cea7dd4e1365&fields=id&fields=name HTTP/1.1" status: 200 len: 313 time: 0.0338795 /var/lib/openstack/lib/python3.10/site-packages/pycadf/identifier.py:71: UserWarning: Invalid uuid: neutron. To ensure interoperability, identifiers should be a valid uuid. warnings.warn(('Invalid uuid: %s. To ensure interoperability, '
2026-09-11 18:43:42.146 9 INFO neutron.wsgi [req-7bc4aea9-241d-4883-9dfa-16aaecff296c req-d1ca1209-5f4f-4616-8a1f-9bef9dca0dd8 8f13eceda4a847af951e730a491f0c50 e2e9497ef4ab4897a5b3e1eb9407a246 - - default default] 10.0.0.32 "GET /v2.0/ports?device_id=a9093b73-0287-4bb3-97cc-c8340a2bedd5 HTTP/1.1" status: 200 len: 1174 time: 0.1117814
2026-09-11 18:43:42.182 9 INFO neutron.notifiers.nova [-] Nova event matching ['req-bd5ccd1e-8e2c-4f06-9ff6-5d29403c03a0'] response: {'server_uuid': 'a45e2774-1872-4a19-9a0f-bd81fb509953', 'name': 'network-vif-unplugged', 'status': 'completed', 'tag': 'bb875aa8-0617-4cb6-9063-441f1658fd99', 'code': 200}
2026-09-11 18:43:42.183 9 INFO neutron.notifiers.nova [-] Nova event matching ['req-bd5ccd1e-8e2c-4f06-9ff6-5d29403c03a0'] response: {'server_uuid': 'a45e2774-1872-4a19-9a0f-bd81fb509953', 'name': 'network-vif-plugged', 'status': 'completed', 'tag': 'bb875aa8-0617-4cb6-9063-441f1658fd99', 'code': 200}
2026-09-11 18:43:42.192 9 INFO neutron.wsgi [req-7bc4aea9-241d-4883-9dfa-16aaecff296c req-d53577e0-866a-46e7-a3d7-2974f1b903d1 8f13eceda4a847af951e730a491f0c50 e2e9497ef4ab4897a5b3e1eb9407a246 - - default default] 10.0.0.32 "GET /v2.0/security-groups?id=a9bbfb4a-ad91-4599-a55f-cea7dd4e1365&fields=id&fields=name HTTP/1.1" status: 200 len: 313 time: 0.0384853
2026-09-11 18:43:42.257 10 INFO neutron.wsgi [None req-64a325eb-6247-48b2-b06f-0d2609316ea7 2db6036d2b4f4f299164e6d604341218 a3ce0d58bed34914835514b9351fbc62 - - default default] 10.0.0.177 "GET /v2.0/ports?device_id=a9093b73-0287-4bb3-97cc-c8340a2bedd5 HTTP/1.1" status: 200 len: 1408 time: 0.0428131
2026-09-11 18:43:42.356 9 INFO neutron.wsgi [-] 10.0.0.155 "GET / HTTP/1.1" status: 200 len: 247 time: 0.0023410
2026-09-11 18:43:42.359 9 INFO neutron.wsgi [-] 10.0.0.155 "GET / HTTP/1.1" status: 200 len: 247 time: 0.0019131
2026-09-11 18:43:42.548 10 INFO neutron.db.l3_db [None req-3dfd157d-8f76-4004-872f-6863e15b0208 8f13eceda4a847af951e730a491f0c50 e2e9497ef4ab4897a5b3e1eb9407a246 - - default default] Floating IP 0f7ce8ff-aea2-4993-a6d0-457262f1524b associated. External IP: 10.96.250.216, port: 2f97ed84-5731-45ca-b4c4-0a2cbedbda5e.
2026-09-11 18:43:42.767 10 INFO neutron.db.ovn_revision_numbers_db [None req-3dfd157d-8f76-4004-872f-6863e15b0208 8f13eceda4a847af951e730a491f0c50 e2e9497ef4ab4897a5b3e1eb9407a246 - - default default] Successfully bumped revision number for resource 0f7ce8ff-aea2-4993-a6d0-457262f1524b (type: floatingips) to 4
2026-09-11 18:43:42.897 10 INFO neutron.db.ovn_revision_numbers_db [None req-3dfd157d-8f76-4004-872f-6863e15b0208 8f13eceda4a847af951e730a491f0c50 e2e9497ef4ab4897a5b3e1eb9407a246 - - default default] Successfully bumped revision number for resource 0f7ce8ff-aea2-4993-a6d0-457262f1524b (type: floatingips) to 5
2026-09-11 18:43:42.921 10 INFO neutron.wsgi [None req-3dfd157d-8f76-4004-872f-6863e15b0208 8f13eceda4a847af951e730a491f0c50 e2e9497ef4ab4897a5b3e1eb9407a246 - - default default] 10.0.0.177 "PUT /v2.0/floatingips/0f7ce8ff-aea2-4993-a6d0-457262f1524b HTTP/1.1" status: 200 len: 1050 time: 0.6592717
2026-09-11 18:43:42.974 10 INFO neutron.wsgi [None req-54ad8e7a-6918-44a4-8318-ee4bd90620a0 8f13eceda4a847af951e730a491f0c50 e2e9497ef4ab4897a5b3e1eb9407a246 - - default default] 10.0.0.177 "GET /v2.0/floatingips/0f7ce8ff-aea2-4993-a6d0-457262f1524b HTTP/1.1" status: 200 len: 1052 time: 0.0504670
2026-09-11 18:43:43.538 10 INFO neutron.notifiers.nova [-] Nova event matching ['req-3aec2458-31b5-4356-97d0-9f49ccab7e23'] response: {'server_uuid': 'a45e2774-1872-4a19-9a0f-bd81fb509953', 'name': 'network-vif-deleted', 'tag': 'bb875aa8-0617-4cb6-9063-441f1658fd99', 'status': 'completed', 'code': 200}
2026-09-11 18:43:43.538 10 INFO neutron.notifiers.nova [-] Nova event matching ['req-3aec2458-31b5-4356-97d0-9f49ccab7e23'] response: {'name': 'network-changed', 'server_uuid': 'a9093b73-0287-4bb3-97cc-c8340a2bedd5', 'tag': '2f97ed84-5731-45ca-b4c4-0a2cbedbda5e', 'status': 'completed', 'code': 200}
2026-09-11 18:43:43.643 10 INFO neutron.wsgi [req-c8894499-6de5-4bc0-93fd-98a4baed4cdf req-35e1be4f-c4f5-42dd-bc74-09fead535588 de18b38f1d104553960f5b7cb428024d acd9b28c1e554811952565e57a64a38f - - 5d5f0506ef9341d5ba3af6ed6779e1e5 5d5f0506ef9341d5ba3af6ed6779e1e5] 162.253.55.77 "GET /v2.0/ports?tenant_id=e2e9497ef4ab4897a5b3e1eb9407a246&device_id=a9093b73-0287-4bb3-97cc-c8340a2bedd5 HTTP/1.1" status: 200 len: 1413 time: 0.0537133
2026-09-11 18:43:43.743 10 INFO neutron.wsgi [req-c8894499-6de5-4bc0-93fd-98a4baed4cdf req-a4b0cfc6-bd63-459e-80df-2ba8d2814676 de18b38f1d104553960f5b7cb428024d acd9b28c1e554811952565e57a64a38f - - 5d5f0506ef9341d5ba3af6ed6779e1e5 5d5f0506ef9341d5ba3af6ed6779e1e5] 162.253.55.77 "GET /v2.0/networks?id=a00da842-ba02-4837-9dd6-de517f956691 HTTP/1.1" status: 200 len: 959 time: 0.0914140
2026-09-11 18:43:43.840 10 INFO neutron.wsgi [req-c8894499-6de5-4bc0-93fd-98a4baed4cdf req-a6669afa-83cb-4c4f-a6bd-31b9ca8987cf de18b38f1d104553960f5b7cb428024d acd9b28c1e554811952565e57a64a38f - - 5d5f0506ef9341d5ba3af6ed6779e1e5 5d5f0506ef9341d5ba3af6ed6779e1e5] 162.253.55.77 "GET /v2.0/floatingips?fixed_ip_address=10.100.0.10&port_id=2f97ed84-5731-45ca-b4c4-0a2cbedbda5e HTTP/1.1" status: 200 len: 1060 time: 0.0860183
2026-09-11 18:43:43.923 10 INFO neutron.wsgi [req-c8894499-6de5-4bc0-93fd-98a4baed4cdf req-7395097f-2669-4935-92f8-630ce86cb7fe de18b38f1d104553960f5b7cb428024d acd9b28c1e554811952565e57a64a38f - - 5d5f0506ef9341d5ba3af6ed6779e1e5 5d5f0506ef9341d5ba3af6ed6779e1e5] 162.253.55.77 "GET /v2.0/subnets?id=ed62eb3f-2eca-445b-bf09-77cb572c2174 HTTP/1.1" status: 200 len: 853 time: 0.0758123
2026-09-11 18:43:43.959 10 INFO neutron.wsgi [req-c8894499-6de5-4bc0-93fd-98a4baed4cdf req-a6f05fa9-df1f-44e7-a0fc-09ec2674f253 de18b38f1d104553960f5b7cb428024d acd9b28c1e554811952565e57a64a38f - - 5d5f0506ef9341d5ba3af6ed6779e1e5 5d5f0506ef9341d5ba3af6ed6779e1e5] 162.253.55.77 "GET /v2.0/ports?network_id=a00da842-ba02-4837-9dd6-de517f956691&device_owner=network%3Adhcp HTTP/1.1" status: 200 len: 210 time: 0.0283835
2026-09-11 18:43:44.041 10 INFO neutron.wsgi [req-c8894499-6de5-4bc0-93fd-98a4baed4cdf req-f093a5a8-f28f-4eb8-b3d0-d83b0b5b18fb de18b38f1d104553960f5b7cb428024d acd9b28c1e554811952565e57a64a38f - - 5d5f0506ef9341d5ba3af6ed6779e1e5 5d5f0506ef9341d5ba3af6ed6779e1e5] 162.253.55.77 "GET /v2.0/networks/a00da842-ba02-4837-9dd6-de517f956691?fields=segments HTTP/1.1" status: 200 len: 212 time: 0.0668879
2026-09-11 18:43:44.123 10 INFO neutron.wsgi [req-c8894499-6de5-4bc0-93fd-98a4baed4cdf req-07ecde32-1b36-48d3-ade9-75c0de661a36 de18b38f1d104553960f5b7cb428024d acd9b28c1e554811952565e57a64a38f - - 5d5f0506ef9341d5ba3af6ed6779e1e5 5d5f0506ef9341d5ba3af6ed6779e1e5] 162.253.55.77 "GET /v2.0/networks/a00da842-ba02-4837-9dd6-de517f956691?fields=provider%3Aphysical_network&fields=provider%3Anetwork_type HTTP/1.1" status: 200 len: 277 time: 0.0750649
2026-09-11 18:43:44.713 10 INFO neutron.wsgi [None req-fa62e7d7-ce76-4e2f-ba37-662445dba365 8562576d89f94413a70ae97a4a10cac3 9ce981192a854de79a7a83011ba2e14e - - default default] 10.0.0.177 "PUT /v2.0/routers/764e727d-640e-4b10-9d9f-0082949b1a2b/remove_router_interface HTTP/1.1" status: 200 len: 503 time: 1.1571467 /var/lib/openstack/lib/python3.10/site-packages/pycadf/identifier.py:71: UserWarning: Invalid uuid: neutron. To ensure interoperability, identifiers should be a valid uuid. warnings.warn(('Invalid uuid: %s. To ensure interoperability, '
2026-09-11 18:43:45.499 10 INFO neutron.wsgi [None req-07e4c6fb-98cd-480e-a883-99efaeee6ccb 8562576d89f94413a70ae97a4a10cac3 9ce981192a854de79a7a83011ba2e14e - - default default] 10.0.0.177 "DELETE /v2.0/routers/764e727d-640e-4b10-9d9f-0082949b1a2b HTTP/1.1" status: 204 len: 168 time: 0.7770071 /var/lib/openstack/lib/python3.10/site-packages/pycadf/identifier.py:71: UserWarning: Invalid uuid: neutron. To ensure interoperability, identifiers should be a valid uuid. warnings.warn(('Invalid uuid: %s. To ensure interoperability, '
2026-09-11 18:43:45.612 9 INFO neutron.wsgi [None req-cb21b25c-3b70-4cb5-8005-b1b50d40329f 7ec62f4d04a142c3afffe30ed4cbc7ee 175dad08591b4781bfafa49cc25e2ad0 - - default default] 10.0.0.177 "POST /v2.0/subnetpools HTTP/1.1" status: 201 len: 715 time: 0.2530735
2026-09-11 18:43:45.671 9 INFO neutron.wsgi [None req-522fb1a9-1090-4dd4-ad02-2aac5fa0f5cc 7ec62f4d04a142c3afffe30ed4cbc7ee 175dad08591b4781bfafa49cc25e2ad0 - - default default] 10.0.0.177 "PUT /v2.0/subnetpools/4bcd314d-bd9c-44a1-9b4d-6185ca0dfe3a/tags HTTP/1.1" status: 200 len: 218 time: 0.0539205
2026-09-11 18:43:45.686 10 INFO neutron.wsgi [None req-32b8a083-abef-43c8-9fe9-6fba5479a2b4 8562576d89f94413a70ae97a4a10cac3 9ce981192a854de79a7a83011ba2e14e - - default default] 10.0.0.177 "DELETE /v2.0/subnets/17f36340-a497-4a95-962a-f1a35b68a3ae HTTP/1.1" status: 204 len: 168 time: 0.1827722
2026-09-11 18:43:45.696 9 INFO neutron.wsgi [None req-fc8289b9-afa1-4abf-ac74-f11e1866c4bc 7ec62f4d04a142c3afffe30ed4cbc7ee 175dad08591b4781bfafa49cc25e2ad0 - - default default] 10.0.0.177 "GET /v2.0/subnetpools/4bcd314d-bd9c-44a1-9b4d-6185ca0dfe3a/tags HTTP/1.1" status: 200 len: 218 time: 0.0207195
2026-09-11 18:43:45.736 9 INFO neutron.wsgi [None req-84ed75a8-d4f7-4c19-a19f-f63625164afe 7ec62f4d04a142c3afffe30ed4cbc7ee 175dad08591b4781bfafa49cc25e2ad0 - - default default] 10.0.0.177 "PUT /v2.0/subnetpools/4bcd314d-bd9c-44a1-9b4d-6185ca0dfe3a/tags/green HTTP/1.1" status: 201 len: 201 time: 0.0352139
2026-09-11 18:43:45.759 9 INFO neutron.wsgi [None req-60d0d4db-c530-4f32-9924-446d0ed77432 7ec62f4d04a142c3afffe30ed4cbc7ee 175dad08591b4781bfafa49cc25e2ad0 - - default default] 10.0.0.177 "GET /v2.0/subnetpools/4bcd314d-bd9c-44a1-9b4d-6185ca0dfe3a/tags HTTP/1.1" status: 200 len: 227 time: 0.0176263
2026-09-11 18:43:45.780 9 INFO neutron.wsgi [None req-7676293e-36be-4ef8-aaaf-3c03f6cb0940 7ec62f4d04a142c3afffe30ed4cbc7ee 175dad08591b4781bfafa49cc25e2ad0 - - default default] 10.0.0.177 "PUT /v2.0/subnetpools/4bcd314d-bd9c-44a1-9b4d-6185ca0dfe3a/tags/red HTTP/1.1" status: 201 len: 201 time: 0.0143704
2026-09-11 18:43:45.799 9 INFO neutron.wsgi [None req-b6976a64-6a6b-4b96-8ea6-f06662039f67 7ec62f4d04a142c3afffe30ed4cbc7ee 175dad08591b4781bfafa49cc25e2ad0 - - default default] 10.0.0.177 "GET /v2.0/subnetpools/4bcd314d-bd9c-44a1-9b4d-6185ca0dfe3a/tags HTTP/1.1" status: 200 len: 227 time: 0.0145473
2026-09-11 18:43:45.829 9 INFO neutron.wsgi [None req-6109910c-b762-4adc-93b4-510a8819786b 7ec62f4d04a142c3afffe30ed4cbc7ee 175dad08591b4781bfafa49cc25e2ad0 - - default default] 10.0.0.177 "PUT /v2.0/subnetpools/4bcd314d-bd9c-44a1-9b4d-6185ca0dfe3a/tags/black.or.white HTTP/1.1" status: 201 len: 201 time: 0.0251467
2026-09-11 18:43:45.861 9 INFO neutron.wsgi [None req-1531f8d6-94cd-4f35-ae6b-d1daba4835fd 7ec62f4d04a142c3afffe30ed4cbc7ee 175dad08591b4781bfafa49cc25e2ad0 - - default default] 10.0.0.177 "GET /v2.0/subnetpools/4bcd314d-bd9c-44a1-9b4d-6185ca0dfe3a/tags HTTP/1.1" status: 200 len: 245 time: 0.0265007
2026-09-11 18:43:45.917 9 INFO neutron.wsgi [None req-7ec68034-d907-4746-b61a-19b2b546ebe4 7ec62f4d04a142c3afffe30ed4cbc7ee 175dad08591b4781bfafa49cc25e2ad0 - - default default] 10.0.0.177 "PUT /v2.0/subnetpools/4bcd314d-bd9c-44a1-9b4d-6185ca0dfe3a/tags HTTP/1.1" status: 200 len: 230 time: 0.0470419
2026-09-11 18:43:45.948 9 INFO neutron.wsgi [None req-0b24c587-db32-4488-8267-65d44c1c7133 7ec62f4d04a142c3afffe30ed4cbc7ee 175dad08591b4781bfafa49cc25e2ad0 - - default default] 10.0.0.177 "GET /v2.0/subnetpools/4bcd314d-bd9c-44a1-9b4d-6185ca0dfe3a/tags HTTP/1.1" status: 200 len: 230 time: 0.0216119
2026-09-11 18:43:45.975 9 INFO neutron.wsgi [None req-b3f4a812-bb29-4635-87d7-39eafdc522d8 7ec62f4d04a142c3afffe30ed4cbc7ee 175dad08591b4781bfafa49cc25e2ad0 - - default default] 10.0.0.177 "GET /v2.0/subnetpools/4bcd314d-bd9c-44a1-9b4d-6185ca0dfe3a/tags/red HTTP/1.1" status: 204 len: 168 time: 0.0230136
2026-09-11 18:43:46.000 9 INFO neutron.api.v2.resource [None req-cf1c3bf9-367a-4095-896f-a4dcb591b823 7ec62f4d04a142c3afffe30ed4cbc7ee 175dad08591b4781bfafa49cc25e2ad0 - - default default] show failed (client error): The resource could not be found.
2026-09-11 18:43:46.001 9 INFO neutron.wsgi [None req-cf1c3bf9-367a-4095-896f-a4dcb591b823 7ec62f4d04a142c3afffe30ed4cbc7ee 175dad08591b4781bfafa49cc25e2ad0 - - default default] 10.0.0.177 "GET /v2.0/subnetpools/4bcd314d-bd9c-44a1-9b4d-6185ca0dfe3a/tags/green HTTP/1.1" status: 404 len: 299 time: 0.0186105
2026-09-11 18:43:46.045 9 INFO neutron.wsgi [None req-95e76fb4-09b7-4012-9606-3abd77f11257 7ec62f4d04a142c3afffe30ed4cbc7ee 175dad08591b4781bfafa49cc25e2ad0 - - default default] 10.0.0.177 "DELETE /v2.0/subnetpools/4bcd314d-bd9c-44a1-9b4d-6185ca0dfe3a/tags/red HTTP/1.1" status: 204 len: 168 time: 0.0385840
2026-09-11 18:43:46.052 10 INFO neutron.services.segments.plugin [-] Segment 27a15f5b-7e70-4c17-b58a-7bec06faaacb resource provider aggregate not found
2026-09-11 18:43:46.056 10 INFO neutron.services.segments.plugin [-] Segment 27a15f5b-7e70-4c17-b58a-7bec06faaacb resource provider aggregate not found
2026-09-11 18:43:46.080 10 INFO neutron.services.segments.plugin [-] Segment 27a15f5b-7e70-4c17-b58a-7bec06faaacb resource provider not found; error: Placement Client Error (4xx): {"errors": [{"status": 404, "title": "Not Found", "detail": "The resource could not be found.\n\n No resource provider with uuid 27a15f5b-7e70-4c17-b58a-7bec06faaacb found for delete ", "request_id": "req-72fa810e-8b59-4a43-abb5-26d7e64c7bd6"}]}
2026-09-11 18:43:46.081 9 INFO neutron.wsgi [None req-aa53530f-9ecc-4093-baed-5ed0dd8ce44f 7ec62f4d04a142c3afffe30ed4cbc7ee 175dad08591b4781bfafa49cc25e2ad0 - - default default] 10.0.0.177 "GET /v2.0/subnetpools/4bcd314d-bd9c-44a1-9b4d-6185ca0dfe3a/tags HTTP/1.1" status: 200 len: 223 time: 0.0313010
2026-09-11 18:43:46.084 10 INFO neutron.wsgi [None req-cae37f13-8ae3-474b-8d36-537ad157f937 8562576d89f94413a70ae97a4a10cac3 9ce981192a854de79a7a83011ba2e14e - - default default] 10.0.0.177 "DELETE /v2.0/networks/d1f93086-bf06-4b2c-992a-342e10a75795 HTTP/1.1" status: 204 len: 168 time: 0.3933764
2026-09-11 18:43:46.085 10 INFO neutron.services.segments.plugin [-] Segment 27a15f5b-7e70-4c17-b58a-7bec06faaacb resource provider not found; error: Placement Client Error (4xx): {"errors": [{"status": 404, "title": "Not Found", "detail": "The resource could not be found.\n\n No resource provider with uuid 27a15f5b-7e70-4c17-b58a-7bec06faaacb found for delete ", "request_id": "req-7b5342d7-2c97-45e6-a5d9-9ccc76e9c414"}]}
2026-09-11 18:43:46.111 9 INFO neutron.api.v2.resource [None req-6dccb5ca-4829-47d9-ac3b-8cd3c6dad13e 7ec62f4d04a142c3afffe30ed4cbc7ee 175dad08591b4781bfafa49cc25e2ad0 - - default default] delete failed (client error): The resource could not be found.
2026-09-11 18:43:46.113 9 INFO neutron.wsgi [None req-6dccb5ca-4829-47d9-ac3b-8cd3c6dad13e 7ec62f4d04a142c3afffe30ed4cbc7ee 175dad08591b4781bfafa49cc25e2ad0 - - default default] 10.0.0.177 "DELETE /v2.0/subnetpools/4bcd314d-bd9c-44a1-9b4d-6185ca0dfe3a/tags/green HTTP/1.1" status: 404 len: 299 time: 0.0240419
2026-09-11 18:43:46.146 9 INFO neutron.wsgi [None req-9f6c6657-1ace-43f9-b0ca-aaa65f9759e7 7ec62f4d04a142c3afffe30ed4cbc7ee 175dad08591b4781bfafa49cc25e2ad0 - - default default] 10.0.0.177 "DELETE /v2.0/subnetpools/4bcd314d-bd9c-44a1-9b4d-6185ca0dfe3a/tags HTTP/1.1" status: 204 len: 168 time: 0.0295708
2026-09-11 18:43:46.164 9 INFO neutron.wsgi [None req-1e437b2b-612b-4328-aef8-cf26bd498c0c 7ec62f4d04a142c3afffe30ed4cbc7ee 175dad08591b4781bfafa49cc25e2ad0 - - default default] 10.0.0.177 "GET /v2.0/subnetpools/4bcd314d-bd9c-44a1-9b4d-6185ca0dfe3a/tags HTTP/1.1" status: 200 len: 205 time: 0.0142586
2026-09-11 18:43:46.216 9 INFO neutron.wsgi [None req-e3ee0b1e-696b-46b1-ae11-4a7cf0e6dff7 7ec62f4d04a142c3afffe30ed4cbc7ee 175dad08591b4781bfafa49cc25e2ad0 - - default default] 10.0.0.177 "DELETE /v2.0/subnetpools/4bcd314d-bd9c-44a1-9b4d-6185ca0dfe3a HTTP/1.1" status: 204 len: 168 time: 0.0478010
2026-09-11 18:43:46.314 9 INFO neutron.wsgi [None req-f2a6c4ed-e861-4ea5-b751-1432cb4cef49 8562576d89f94413a70ae97a4a10cac3 9ce981192a854de79a7a83011ba2e14e - - default default] 10.0.0.177 "GET /v2.0/security-groups?tenant_id=7763c11d431942c1b35a20ee7e337eaf&name=default HTTP/1.1" status: 200 len: 2996 time: 0.0434716
2026-09-11 18:43:46.512 9 INFO neutron.wsgi [None req-0df62e0b-cb66-4def-9099-b17df298abf9 8562576d89f94413a70ae97a4a10cac3 9ce981192a854de79a7a83011ba2e14e - - default default] 10.0.0.177 "DELETE /v2.0/security-groups/ec9875e2-8f6d-4954-917a-efb13844fc1a HTTP/1.1" status: 204 len: 168 time: 0.1930854
2026-09-11 18:43:47.367 10 INFO neutron.db.ovn_revision_numbers_db [None req-6ee43621-47eb-4f97-b755-1564a812e77a 8562576d89f94413a70ae97a4a10cac3 9ce981192a854de79a7a83011ba2e14e - - default default] Successfully bumped revision number for resource cec1862a-78b5-434c-8281-c2bbcadef4d8 (type: security_groups) to 1
2026-09-11 18:43:47.381 10 INFO neutron.db.ovn_revision_numbers_db [None req-6ee43621-47eb-4f97-b755-1564a812e77a 8562576d89f94413a70ae97a4a10cac3 9ce981192a854de79a7a83011ba2e14e - - default default] Successfully bumped revision number for resource 0fec2dc6-0fe6-4019-a376-16d9ad9758dc (type: security_group_rules) to 0
2026-09-11 18:43:47.396 10 INFO neutron.db.ovn_revision_numbers_db [None req-6ee43621-47eb-4f97-b755-1564a812e77a 8562576d89f94413a70ae97a4a10cac3 9ce981192a854de79a7a83011ba2e14e - - default default] Successfully bumped revision number for resource 38d56a76-3098-4907-bc43-db3588f49fe1 (type: security_group_rules) to 0
