2026-05-29 23:38:19.418 7 INFO placement.requestlog [req-a79092ec-dd25-499e-83af-6820cc93f508 req-e57caa1a-d79a-4c23-9731-9931792bc314 db073c51a6754aaf9a7496eb7953d267 4cd956b5a640463a85252bb1106dd78b - - a0b7457aa67f42499244eb4ab7edc007 a0b7457aa67f42499244eb4ab7edc007] 199.19.213.147 "DELETE /allocations/b8300e49-1168-4803-b094-12ba5099fac2" status: 204 len: 0 microversion: 1.0 [pid: 7|app: 0|req: 625/1260] 199.19.213.147 () {34 vars in 840 bytes} [Fri May 29 23:38:19 2026] DELETE /allocations/b8300e49-1168-4803-b094-12ba5099fac2 => generated 0 bytes in 203 msecs (HTTP/1.1 204) 5 headers in 198 bytes (1 switches on core 0)
2026-05-29 23:38:20.766 8 INFO placement.requestlog [req-db4c2ec9-0e70-4519-8163-3921fee7db74 req-52532ad4-61de-450f-9dd1-69695b3074c8 db073c51a6754aaf9a7496eb7953d267 4cd956b5a640463a85252bb1106dd78b - - a0b7457aa67f42499244eb4ab7edc007 a0b7457aa67f42499244eb4ab7edc007] 199.19.213.147 "GET /resource_providers/af84c5d5-e9b1-471a-9a94-77e3410dbd17/allocations" status: 200 len: 353 microversion: 1.0 [pid: 8|app: 0|req: 636/1261] 199.19.213.147 () {32 vars in 856 bytes} [Fri May 29 23:38:20 2026] GET /resource_providers/af84c5d5-e9b1-471a-9a94-77e3410dbd17/allocations => generated 353 bytes in 16 msecs (HTTP/1.1 200) 6 headers in 224 bytes (1 switches on core 0)
2026-05-29 23:38:20.790 7 INFO placement.requestlog [req-db4c2ec9-0e70-4519-8163-3921fee7db74 req-9643ef6a-47b8-4764-9ae3-88d0e0898ede db073c51a6754aaf9a7496eb7953d267 4cd956b5a640463a85252bb1106dd78b - - a0b7457aa67f42499244eb4ab7edc007 a0b7457aa67f42499244eb4ab7edc007] 199.19.213.147 "GET /allocations/2aa0a1cf-3b9b-48b1-b250-53a27ef4261a" status: 200 len: 258 microversion: 1.28 [pid: 7|app: 0|req: 626/1262] 199.19.213.147 () {34 vars in 862 bytes} [Fri May 29 23:38:20 2026] GET /allocations/2aa0a1cf-3b9b-48b1-b250-53a27ef4261a => generated 258 bytes in 16 msecs (HTTP/1.1 200) 8 headers in 296 bytes (1 switches on core 0)
2026-05-29 23:38:20.810 8 INFO placement.requestlog [req-db4c2ec9-0e70-4519-8163-3921fee7db74 req-cf9c4b1a-4774-48f7-8650-f2b3df6fc281 db073c51a6754aaf9a7496eb7953d267 4cd956b5a640463a85252bb1106dd78b - - a0b7457aa67f42499244eb4ab7edc007 a0b7457aa67f42499244eb4ab7edc007] 199.19.213.147 "GET /allocations/aeb3bf70-1609-4498-b1c6-9a790d749365" status: 200 len: 258 microversion: 1.28 [pid: 8|app: 0|req: 637/1263] 199.19.213.147 () {34 vars in 862 bytes} [Fri May 29 23:38:20 2026] GET /allocations/aeb3bf70-1609-4498-b1c6-9a790d749365 => generated 258 bytes in 14 msecs (HTTP/1.1 200) 8 headers in 296 bytes (1 switches on core 0)
2026-05-29 23:38:20.836 7 INFO placement.requestlog [req-db4c2ec9-0e70-4519-8163-3921fee7db74 req-8d63ed05-1761-4b35-9efe-720a33517e9f db073c51a6754aaf9a7496eb7953d267 4cd956b5a640463a85252bb1106dd78b - - a0b7457aa67f42499244eb4ab7edc007 a0b7457aa67f42499244eb4ab7edc007] 199.19.213.147 "GET /allocations/e28ff6e1-7239-482e-afcd-ab77ece5c86c" status: 200 len: 258 microversion: 1.28 [pid: 7|app: 0|req: 627/1264] 199.19.213.147 () {34 vars in 862 bytes} [Fri May 29 23:38:20 2026] GET /allocations/e28ff6e1-7239-482e-afcd-ab77ece5c86c => generated 258 bytes in 21 msecs (HTTP/1.1 200) 8 headers in 296 bytes (1 switches on core 0)
2026-05-29 23:38:21.991 8 INFO placement.requestlog [req-db4c2ec9-0e70-4519-8163-3921fee7db74 req-6b67d717-fdbf-4d7f-b80a-05945a0ca594 db073c51a6754aaf9a7496eb7953d267 4cd956b5a640463a85252bb1106dd78b - - a0b7457aa67f42499244eb4ab7edc007 a0b7457aa67f42499244eb4ab7edc007] 199.19.213.147 "DELETE /allocations/e28ff6e1-7239-482e-afcd-ab77ece5c86c" status: 204 len: 0 microversion: 1.0 [pid: 8|app: 0|req: 638/1265] 199.19.213.147 () {34 vars in 840 bytes} [Fri May 29 23:38:21 2026] DELETE /allocations/e28ff6e1-7239-482e-afcd-ab77ece5c86c => generated 0 bytes in 99 msecs (HTTP/1.1 204) 5 headers in 198 bytes (1 switches on core 0)
2026-05-29 23:38:22.670 7 INFO placement.requestlog [None req-dc7e710d-a8cc-48e5-abe8-5da28e16f2fb - - - - - -] 10.0.0.38 "GET /" status: 200 len: 136 microversion: 1.0
2026-05-29 23:38:22.670 8 INFO placement.requestlog [None req-e48c260a-7f10-4cbe-b2cf-8a01bbf89916 - - - - - -] 10.0.0.38 "GET /" status: 200 len: 136 microversion: 1.0
2026-05-29 23:38:28.413 7 INFO placement.requestlog [None req-75b5aeef-9a5a-4b2c-9f2d-df63187563ca 6e7b5f8ea7ac4f6ab4860b1f845857f8 4cd956b5a640463a85252bb1106dd78b - - a0b7457aa67f42499244eb4ab7edc007 a0b7457aa67f42499244eb4ab7edc007] 10.0.0.54 "GET /resource_providers/44f04646-e807-49e6-9b87-bd79ede7aeb8/aggregates" status: 404 len: 235 microversion: 1.1 [pid: 7|app: 0|req: 629/1268] 10.0.0.54 () {32 vars in 814 bytes} [Fri May 29 23:38:28 2026] GET /resource_providers/44f04646-e807-49e6-9b87-bd79ede7aeb8/aggregates => generated 235 bytes in 137 msecs (HTTP/1.1 404) 5 headers in 202 bytes (1 switches on core 0)
2026-05-29 23:38:28.415 8 INFO placement.requestlog [None req-879d2e32-ed45-49aa-94a1-bcb39fc28ad6 6e7b5f8ea7ac4f6ab4860b1f845857f8 4cd956b5a640463a85252bb1106dd78b - - a0b7457aa67f42499244eb4ab7edc007 a0b7457aa67f42499244eb4ab7edc007] 10.0.0.54 "GET /resource_providers/44f04646-e807-49e6-9b87-bd79ede7aeb8/aggregates" status: 404 len: 235 microversion: 1.1 [pid: 8|app: 0|req: 640/1269] 10.0.0.54 () {32 vars in 814 bytes} [Fri May 29 23:38:28 2026] GET /resource_providers/44f04646-e807-49e6-9b87-bd79ede7aeb8/aggregates => generated 235 bytes in 130 msecs (HTTP/1.1 404) 5 headers in 202 bytes (1 switches on core 0)
2026-05-29 23:38:28.421 7 INFO placement.requestlog [None req-e4ff0281-bc42-44a0-ad7a-f9270a3dedee 6e7b5f8ea7ac4f6ab4860b1f845857f8 4cd956b5a640463a85252bb1106dd78b - - a0b7457aa67f42499244eb4ab7edc007 a0b7457aa67f42499244eb4ab7edc007] 10.0.0.54 "GET /resource_providers/e9668955-7c1a-4bc2-82c9-64bedd8d7ea7/aggregates" status: 404 len: 235 microversion: 1.1 [pid: 7|app: 0|req: 630/1270] 10.0.0.54 () {32 vars in 814 bytes} [Fri May 29 23:38:28 2026] GET /resource_providers/e9668955-7c1a-4bc2-82c9-64bedd8d7ea7/aggregates => generated 235 bytes in 8 msecs (HTTP/1.1 404) 5 headers in 202 bytes (1 switches on core 0)
2026-05-29 23:38:28.425 8 INFO placement.requestlog [None req-14a56ddc-f39f-472d-b5af-d639cde14600 6e7b5f8ea7ac4f6ab4860b1f845857f8 4cd956b5a640463a85252bb1106dd78b - - a0b7457aa67f42499244eb4ab7edc007 a0b7457aa67f42499244eb4ab7edc007] 10.0.0.54 "GET /resource_providers/e9668955-7c1a-4bc2-82c9-64bedd8d7ea7/aggregates" status: 404 len: 235 microversion: 1.1 [pid: 8|app: 0|req: 641/1271] 10.0.0.54 () {32 vars in 814 bytes} [Fri May 29 23:38:28 2026] GET /resource_providers/e9668955-7c1a-4bc2-82c9-64bedd8d7ea7/aggregates => generated 235 bytes in 11 msecs (HTTP/1.1 404) 5 headers in 202 bytes (1 switches on core 0)
2026-05-29 23:38:28.431 7 INFO placement.requestlog [None req-2e9212bf-953f-4e08-9485-f8be33c635f7 6e7b5f8ea7ac4f6ab4860b1f845857f8 4cd956b5a640463a85252bb1106dd78b - - a0b7457aa67f42499244eb4ab7edc007 a0b7457aa67f42499244eb4ab7edc007] 10.0.0.54 "DELETE /resource_providers/44f04646-e807-49e6-9b87-bd79ede7aeb8" status: 404 len: 246 microversion: 1.1 [pid: 7|app: 0|req: 631/1272] 10.0.0.54 () {34 vars in 814 bytes} [Fri May 29 23:38:28 2026] DELETE /resource_providers/44f04646-e807-49e6-9b87-bd79ede7aeb8 => generated 246 bytes in 10 msecs (HTTP/1.1 404) 6 headers in 231 bytes (1 switches on core 0)
2026-05-29 23:38:28.436 8 INFO placement.requestlog [None req-fa073e35-b2b0-4e9d-a0c4-0388cb8148ff 6e7b5f8ea7ac4f6ab4860b1f845857f8 4cd956b5a640463a85252bb1106dd78b - - a0b7457aa67f42499244eb4ab7edc007 a0b7457aa67f42499244eb4ab7edc007] 10.0.0.54 "DELETE /resource_providers/44f04646-e807-49e6-9b87-bd79ede7aeb8" status: 404 len: 246 microversion: 1.1 [pid: 8|app: 0|req: 642/1273] 10.0.0.54 () {34 vars in 814 bytes} [Fri May 29 23:38:28 2026] DELETE /resource_providers/44f04646-e807-49e6-9b87-bd79ede7aeb8 => generated 246 bytes in 10 msecs (HTTP/1.1 404) 6 headers in 231 bytes (1 switches on core 0)
2026-05-29 23:38:28.439 7 INFO placement.requestlog [None req-5b70115e-14ec-4a46-9818-7bdd604bcd69 6e7b5f8ea7ac4f6ab4860b1f845857f8 4cd956b5a640463a85252bb1106dd78b - - a0b7457aa67f42499244eb4ab7edc007 a0b7457aa67f42499244eb4ab7edc007] 10.0.0.54 "DELETE /resource_providers/e9668955-7c1a-4bc2-82c9-64bedd8d7ea7" status: 404 len: 246 microversion: 1.1 [pid: 7|app: 0|req: 632/1274] 10.0.0.54 () {34 vars in 814 bytes} [Fri May 29 23:38:28 2026] DELETE /resource_providers/e9668955-7c1a-4bc2-82c9-64bedd8d7ea7 => generated 246 bytes in 8 msecs (HTTP/1.1 404) 6 headers in 231 bytes (1 switches on core 0)
2026-05-29 23:38:28.443 8 INFO placement.requestlog [None req-2ce66131-037f-4f63-844f-654b99bca25f 6e7b5f8ea7ac4f6ab4860b1f845857f8 4cd956b5a640463a85252bb1106dd78b - - a0b7457aa67f42499244eb4ab7edc007 a0b7457aa67f42499244eb4ab7edc007] 10.0.0.54 "DELETE /resource_providers/e9668955-7c1a-4bc2-82c9-64bedd8d7ea7" status: 404 len: 246 microversion: 1.1 [pid: 8|app: 0|req: 643/1275] 10.0.0.54 () {34 vars in 814 bytes} [Fri May 29 23:38:28 2026] DELETE /resource_providers/e9668955-7c1a-4bc2-82c9-64bedd8d7ea7 => generated 246 bytes in 7 msecs (HTTP/1.1 404) 6 headers in 231 bytes (1 switches on core 0)
2026-05-29 23:38:29.041 7 INFO placement.requestlog [req-345a37b8-105e-4f2f-b027-adddffc3601a req-b7eb6014-dd5b-4d50-af66-9a91afdc95be db073c51a6754aaf9a7496eb7953d267 4cd956b5a640463a85252bb1106dd78b - - a0b7457aa67f42499244eb4ab7edc007 a0b7457aa67f42499244eb4ab7edc007] 199.19.213.147 "GET /resource_providers/af84c5d5-e9b1-471a-9a94-77e3410dbd17/allocations" status: 200 len: 253 microversion: 1.0 [pid: 7|app: 0|req: 633/1276] 199.19.213.147 () {32 vars in 856 bytes} [Fri May 29 23:38:29 2026] GET /resource_providers/af84c5d5-e9b1-471a-9a94-77e3410dbd17/allocations => generated 253 bytes in 20 msecs (HTTP/1.1 200) 6 headers in 224 bytes (1 switches on core 0)
2026-05-29 23:38:29.060 8 INFO placement.requestlog [req-345a37b8-105e-4f2f-b027-adddffc3601a req-39f51f11-c1c2-4dab-ac25-6d4ce9d8814f db073c51a6754aaf9a7496eb7953d267 4cd956b5a640463a85252bb1106dd78b - - a0b7457aa67f42499244eb4ab7edc007 a0b7457aa67f42499244eb4ab7edc007] 199.19.213.147 "GET /allocations/2aa0a1cf-3b9b-48b1-b250-53a27ef4261a" status: 200 len: 258 microversion: 1.28 [pid: 8|app: 0|req: 644/1277] 199.19.213.147 () {34 vars in 862 bytes} [Fri May 29 23:38:29 2026] GET /allocations/2aa0a1cf-3b9b-48b1-b250-53a27ef4261a => generated 258 bytes in 13 msecs (HTTP/1.1 200) 8 headers in 296 bytes (1 switches on core 0)
2026-05-29 23:38:29.080 7 INFO placement.requestlog [req-345a37b8-105e-4f2f-b027-adddffc3601a req-ff5b47a6-f363-487b-8ea4-0a6d42163a05 db073c51a6754aaf9a7496eb7953d267 4cd956b5a640463a85252bb1106dd78b - - a0b7457aa67f42499244eb4ab7edc007 a0b7457aa67f42499244eb4ab7edc007] 199.19.213.147 "GET /allocations/aeb3bf70-1609-4498-b1c6-9a790d749365" status: 200 len: 258 microversion: 1.28 [pid: 7|app: 0|req: 634/1278] 199.19.213.147 () {34 vars in 862 bytes} [Fri May 29 23:38:29 2026] GET /allocations/aeb3bf70-1609-4498-b1c6-9a790d749365 => generated 258 bytes in 14 msecs (HTTP/1.1 200) 8 headers in 296 bytes (1 switches on core 0)
2026-05-29 23:38:30.460 7 INFO placement.requestlog [None req-913e8c2d-30f4-420e-bd10-9fd4f879f03c 6e7b5f8ea7ac4f6ab4860b1f845857f8 4cd956b5a640463a85252bb1106dd78b - - a0b7457aa67f42499244eb4ab7edc007 a0b7457aa67f42499244eb4ab7edc007] 10.0.0.54 "GET /resource_providers/41273351-89b6-4f4b-bd05-3d4468f5aafb/aggregates" status: 404 len: 235 microversion: 1.1 [pid: 7|app: 0|req: 635/1279] 10.0.0.54 () {32 vars in 814 bytes} [Fri May 29 23:38:30 2026] GET /resource_providers/41273351-89b6-4f4b-bd05-3d4468f5aafb/aggregates => generated 235 bytes in 7 msecs (HTTP/1.1 404) 5 headers in 202 bytes (1 switches on core 0)
2026-05-29 23:38:30.460 8 INFO placement.requestlog [None req-5cedd1bd-d8b4-4290-8f39-c09d1af0e1fd 6e7b5f8ea7ac4f6ab4860b1f845857f8 4cd956b5a640463a85252bb1106dd78b - - a0b7457aa67f42499244eb4ab7edc007 a0b7457aa67f42499244eb4ab7edc007] 10.0.0.54 "GET /resource_providers/41273351-89b6-4f4b-bd05-3d4468f5aafb/aggregates" status: 404 len: 235 microversion: 1.1 [pid: 8|app: 0|req: 645/1280] 10.0.0.54 () {32 vars in 814 bytes} [Fri May 29 23:38:30 2026] GET /resource_providers/41273351-89b6-4f4b-bd05-3d4468f5aafb/aggregates => generated 235 bytes in 10 msecs (HTTP/1.1 404) 5 headers in 202 bytes (1 switches on core 0)
2026-05-29 23:38:30.475 7 INFO placement.requestlog [None req-f5cae1de-0a7f-4256-a9bc-a2a135931350 6e7b5f8ea7ac4f6ab4860b1f845857f8 4cd956b5a640463a85252bb1106dd78b - - a0b7457aa67f42499244eb4ab7edc007 a0b7457aa67f42499244eb4ab7edc007] 10.0.0.54 "DELETE /resource_providers/41273351-89b6-4f4b-bd05-3d4468f5aafb" status: 404 len: 246 microversion: 1.1 [pid: 7|app: 0|req: 636/1281] 10.0.0.54 () {34 vars in 814 bytes} [Fri May 29 23:38:30 2026] DELETE /resource_providers/41273351-89b6-4f4b-bd05-3d4468f5aafb => generated 246 bytes in 6 msecs (HTTP/1.1 404) 6 headers in 231 bytes (1 switches on core 0)
2026-05-29 23:38:30.484 8 INFO placement.requestlog [None req-d7b6e1bb-8218-4a90-a2f3-8747f8234d8f 6e7b5f8ea7ac4f6ab4860b1f845857f8 4cd956b5a640463a85252bb1106dd78b - - a0b7457aa67f42499244eb4ab7edc007 a0b7457aa67f42499244eb4ab7edc007] 10.0.0.54 "DELETE /resource_providers/41273351-89b6-4f4b-bd05-3d4468f5aafb" status: 404 len: 246 microversion: 1.1 [pid: 8|app: 0|req: 646/1282] 10.0.0.54 () {34 vars in 814 bytes} [Fri May 29 23:38:30 2026] DELETE /resource_providers/41273351-89b6-4f4b-bd05-3d4468f5aafb => generated 246 bytes in 14 msecs (HTTP/1.1 404) 6 headers in 231 bytes (1 switches on core 0)
2026-05-29 23:38:31.438 7 INFO placement.requestlog [req-345a37b8-105e-4f2f-b027-adddffc3601a req-dc38dc80-c3e8-4735-b27b-c3ba96f803b6 db073c51a6754aaf9a7496eb7953d267 4cd956b5a640463a85252bb1106dd78b - - a0b7457aa67f42499244eb4ab7edc007 a0b7457aa67f42499244eb4ab7edc007] 199.19.213.147 "DELETE /allocations/aeb3bf70-1609-4498-b1c6-9a790d749365" status: 204 len: 0 microversion: 1.0 [pid: 7|app: 0|req: 637/1283] 199.19.213.147 () {34 vars in 840 bytes} [Fri May 29 23:38:31 2026] DELETE /allocations/aeb3bf70-1609-4498-b1c6-9a790d749365 => generated 0 bytes in 313 msecs (HTTP/1.1 204) 5 headers in 198 bytes (1 switches on core 0)
2026-05-29 23:38:32.494 8 INFO placement.requestlog [None req-4a05901c-0fe0-4467-b541-c8707e735079 6e7b5f8ea7ac4f6ab4860b1f845857f8 4cd956b5a640463a85252bb1106dd78b - - a0b7457aa67f42499244eb4ab7edc007 a0b7457aa67f42499244eb4ab7edc007] 10.0.0.54 "GET /resource_providers/d8f22722-5e43-43b6-9562-9bb77f6b2447/aggregates" status: 404 len: 235 microversion: 1.1 [pid: 8|app: 0|req: 647/1284] 10.0.0.54 () {32 vars in 814 bytes} [Fri May 29 23:38:32 2026] GET /resource_providers/d8f22722-5e43-43b6-9562-9bb77f6b2447/aggregates => generated 235 bytes in 10 msecs (HTTP/1.1 404) 5 headers in 202 bytes (1 switches on core 0)
2026-05-29 23:38:32.503 7 INFO placement.requestlog [None req-57ad13d7-07b6-4e09-b030-00d236c3b917 6e7b5f8ea7ac4f6ab4860b1f845857f8 4cd956b5a640463a85252bb1106dd78b - - a0b7457aa67f42499244eb4ab7edc007 a0b7457aa67f42499244eb4ab7edc007] 10.0.0.54 "GET /resource_providers/d8f22722-5e43-43b6-9562-9bb77f6b2447/aggregates" status: 404 len: 235 microversion: 1.1 [pid: 7|app: 0|req: 638/1285] 10.0.0.54 () {32 vars in 814 bytes} [Fri May 29 23:38:32 2026] GET /resource_providers/d8f22722-5e43-43b6-9562-9bb77f6b2447/aggregates => generated 235 bytes in 10 msecs (HTTP/1.1 404) 5 headers in 202 bytes (1 switches on core 0)
2026-05-29 23:38:32.518 7 INFO placement.requestlog [None req-493bbf5c-4d1f-49e9-971c-b5e01519e8aa 6e7b5f8ea7ac4f6ab4860b1f845857f8 4cd956b5a640463a85252bb1106dd78b - - a0b7457aa67f42499244eb4ab7edc007 a0b7457aa67f42499244eb4ab7edc007] 10.0.0.54 "DELETE /resource_providers/d8f22722-5e43-43b6-9562-9bb77f6b2447" status: 404 len: 246 microversion: 1.1 [pid: 7|app: 0|req: 639/1286] 10.0.0.54 () {34 vars in 814 bytes} [Fri May 29 23:38:32 2026] DELETE /resource_providers/d8f22722-5e43-43b6-9562-9bb77f6b2447 => generated 246 bytes in 8 msecs (HTTP/1.1 404) 6 headers in 231 bytes (1 switches on core 0)
2026-05-29 23:38:32.521 8 INFO placement.requestlog [None req-d3358b83-1d77-4f17-aed8-a26f2dc0ac6e 6e7b5f8ea7ac4f6ab4860b1f845857f8 4cd956b5a640463a85252bb1106dd78b - - a0b7457aa67f42499244eb4ab7edc007 a0b7457aa67f42499244eb4ab7edc007] 10.0.0.54 "DELETE /resource_providers/d8f22722-5e43-43b6-9562-9bb77f6b2447" status: 404 len: 246 microversion: 1.1 [pid: 8|app: 0|req: 648/1287] 10.0.0.54 () {34 vars in 814 bytes} [Fri May 29 23:38:32 2026] DELETE /resource_providers/d8f22722-5e43-43b6-9562-9bb77f6b2447 => generated 246 bytes in 14 msecs (HTTP/1.1 404) 6 headers in 231 bytes (1 switches on core 0)
2026-05-29 23:38:32.671 7 INFO placement.requestlog [None req-81ba448b-c63d-4c4b-adb9-06c068cc391f - - - - - -] 10.0.0.38 "GET /" status: 200 len: 136 microversion: 1.0
2026-05-29 23:38:32.671 8 INFO placement.requestlog [None req-81361fb1-9320-4642-8c61-73bb9045bc94 - - - - - -] 10.0.0.38 "GET /" status: 200 len: 136 microversion: 1.0
2026-05-29 23:38:34.540 7 INFO placement.requestlog [None req-b2478d41-c399-49a7-89ae-7588f7c800ac 6e7b5f8ea7ac4f6ab4860b1f845857f8 4cd956b5a640463a85252bb1106dd78b - - a0b7457aa67f42499244eb4ab7edc007 a0b7457aa67f42499244eb4ab7edc007] 10.0.0.54 "GET /resource_providers/4e1889ce-c9da-4935-8184-74b394f641aa/aggregates" status: 404 len: 235 microversion: 1.1 [pid: 7|app: 0|req: 641/1290] 10.0.0.54 () {32 vars in 814 bytes} [Fri May 29 23:38:34 2026] GET /resource_providers/4e1889ce-c9da-4935-8184-74b394f641aa/aggregates => generated 235 bytes in 10 msecs (HTTP/1.1 404) 5 headers in 202 bytes (1 switches on core 0)
2026-05-29 23:38:34.545 8 INFO placement.requestlog [None req-13cf8b6e-0b63-43f5-8d0e-93ccb2cb35ca 6e7b5f8ea7ac4f6ab4860b1f845857f8 4cd956b5a640463a85252bb1106dd78b - - a0b7457aa67f42499244eb4ab7edc007 a0b7457aa67f42499244eb4ab7edc007] 10.0.0.54 "GET /resource_providers/4e1889ce-c9da-4935-8184-74b394f641aa/aggregates" status: 404 len: 235 microversion: 1.1 [pid: 8|app: 0|req: 650/1291] 10.0.0.54 () {32 vars in 814 bytes} [Fri May 29 23:38:34 2026] GET /resource_providers/4e1889ce-c9da-4935-8184-74b394f641aa/aggregates => generated 235 bytes in 14 msecs (HTTP/1.1 404) 5 headers in 202 bytes (1 switches on core 0)
2026-05-29 23:38:34.558 7 INFO placement.requestlog [None req-1d602b68-4982-487b-bdea-261869684d05 6e7b5f8ea7ac4f6ab4860b1f845857f8 4cd956b5a640463a85252bb1106dd78b - - a0b7457aa67f42499244eb4ab7edc007 a0b7457aa67f42499244eb4ab7edc007] 10.0.0.54 "DELETE /resource_providers/4e1889ce-c9da-4935-8184-74b394f641aa" status: 404 len: 246 microversion: 1.1
2026-05-29 23:38:34.558 8 INFO placement.requestlog [None req-d01ea574-2b34-4a59-8cb6-4748eebc9969 6e7b5f8ea7ac4f6ab4860b1f845857f8 4cd956b5a640463a85252bb1106dd78b - - a0b7457aa67f42499244eb4ab7edc007 a0b7457aa67f42499244eb4ab7edc007] 10.0.0.54 "DELETE /resource_providers/4e1889ce-c9da-4935-8184-74b394f641aa" status: 404 len: 246 microversion: 1.1 [pid: 7|app: 0|req: 642/1292] 10.0.0.54 () {34 vars in 814 bytes} [Fri May 29 23:38:34 2026] DELETE /resource_providers/4e1889ce-c9da-4935-8184-74b394f641aa => generated 246 bytes in 8 msecs (HTTP/1.1 404) 6 headers in 231 bytes (1 switches on core 0) [pid: 8|app: 0|req: 651/1293] 10.0.0.54 () {34 vars in 814 bytes} [Fri May 29 23:38:34 2026] DELETE /resource_providers/4e1889ce-c9da-4935-8184-74b394f641aa => generated 246 bytes in 7 msecs (HTTP/1.1 404) 6 headers in 231 bytes (1 switches on core 0)
2026-05-29 23:38:35.522 7 INFO placement.requestlog [None req-6fc0bcf0-a139-404c-8f36-6acebcec6b79 6e7b5f8ea7ac4f6ab4860b1f845857f8 4cd956b5a640463a85252bb1106dd78b - - a0b7457aa67f42499244eb4ab7edc007 a0b7457aa67f42499244eb4ab7edc007] 10.0.0.54 "GET /resource_providers/006203ed-eebe-4a7b-bf5c-d8a65c2ef0e4/aggregates" status: 404 len: 235 microversion: 1.1 [pid: 7|app: 0|req: 643/1294] 10.0.0.54 () {32 vars in 814 bytes} [Fri May 29 23:38:35 2026] GET /resource_providers/006203ed-eebe-4a7b-bf5c-d8a65c2ef0e4/aggregates => generated 235 bytes in 13 msecs (HTTP/1.1 404) 5 headers in 202 bytes (1 switches on core 0)
2026-05-29 23:38:35.524 8 INFO placement.requestlog [None req-e85065c6-7b57-4072-b5ca-0c9fa77759ec 6e7b5f8ea7ac4f6ab4860b1f845857f8 4cd956b5a640463a85252bb1106dd78b - - a0b7457aa67f42499244eb4ab7edc007 a0b7457aa67f42499244eb4ab7edc007] 10.0.0.54 "GET /resource_providers/006203ed-eebe-4a7b-bf5c-d8a65c2ef0e4/aggregates" status: 404 len: 235 microversion: 1.1 [pid: 8|app: 0|req: 652/1295] 10.0.0.54 () {32 vars in 814 bytes} [Fri May 29 23:38:35 2026] GET /resource_providers/006203ed-eebe-4a7b-bf5c-d8a65c2ef0e4/aggregates => generated 235 bytes in 15 msecs (HTTP/1.1 404) 5 headers in 202 bytes (1 switches on core 0)
2026-05-29 23:38:35.551 8 INFO placement.requestlog [None req-e951d155-00c4-4861-b02f-b31de6de99f1 6e7b5f8ea7ac4f6ab4860b1f845857f8 4cd956b5a640463a85252bb1106dd78b - - a0b7457aa67f42499244eb4ab7edc007 a0b7457aa67f42499244eb4ab7edc007] 10.0.0.54 "DELETE /resource_providers/006203ed-eebe-4a7b-bf5c-d8a65c2ef0e4" status: 404 len: 246 microversion: 1.1 [pid: 8|app: 0|req: 653/1296] 10.0.0.54 () {34 vars in 814 bytes} [Fri May 29 23:38:35 2026] DELETE /resource_providers/006203ed-eebe-4a7b-bf5c-d8a65c2ef0e4 => generated 246 bytes in 9 msecs (HTTP/1.1 404) 6 headers in 231 bytes (1 switches on core 0)
2026-05-29 23:38:35.552 7 INFO placement.requestlog [None req-b21a3e13-7951-4e85-84f6-67a317c7c4bd 6e7b5f8ea7ac4f6ab4860b1f845857f8 4cd956b5a640463a85252bb1106dd78b - - a0b7457aa67f42499244eb4ab7edc007 a0b7457aa67f42499244eb4ab7edc007] 10.0.0.54 "DELETE /resource_providers/006203ed-eebe-4a7b-bf5c-d8a65c2ef0e4" status: 404 len: 246 microversion: 1.1 [pid: 7|app: 0|req: 644/1297] 10.0.0.54 () {34 vars in 814 bytes} [Fri May 29 23:38:35 2026] DELETE /resource_providers/006203ed-eebe-4a7b-bf5c-d8a65c2ef0e4 => generated 246 bytes in 13 msecs (HTTP/1.1 404) 6 headers in 231 bytes (1 switches on core 0)
2026-05-29 23:38:37.293 8 INFO placement.requestlog [req-c188d712-aa0a-444b-9827-75892fedf5b5 req-5918e9d2-6b4d-472b-96ff-7f858393d5b5 db073c51a6754aaf9a7496eb7953d267 4cd956b5a640463a85252bb1106dd78b - - a0b7457aa67f42499244eb4ab7edc007 a0b7457aa67f42499244eb4ab7edc007] 199.19.213.147 "GET /resource_providers/af84c5d5-e9b1-471a-9a94-77e3410dbd17/allocations" status: 200 len: 153 microversion: 1.0 [pid: 8|app: 0|req: 654/1298] 199.19.213.147 () {32 vars in 856 bytes} [Fri May 29 23:38:37 2026] GET /resource_providers/af84c5d5-e9b1-471a-9a94-77e3410dbd17/allocations => generated 153 bytes in 16 msecs (HTTP/1.1 200) 6 headers in 224 bytes (1 switches on core 0)
2026-05-29 23:38:37.320 7 INFO placement.requestlog [req-c188d712-aa0a-444b-9827-75892fedf5b5 req-86afccc1-a136-4e0c-b249-5541f988bac8 db073c51a6754aaf9a7496eb7953d267 4cd956b5a640463a85252bb1106dd78b - - a0b7457aa67f42499244eb4ab7edc007 a0b7457aa67f42499244eb4ab7edc007] 199.19.213.147 "GET /resource_providers/af84c5d5-e9b1-471a-9a94-77e3410dbd17/allocations" status: 200 len: 153 microversion: 1.0 [pid: 7|app: 0|req: 645/1299] 199.19.213.147 () {32 vars in 856 bytes} [Fri May 29 23:38:37 2026] GET /resource_providers/af84c5d5-e9b1-471a-9a94-77e3410dbd17/allocations => generated 153 bytes in 17 msecs (HTTP/1.1 200) 6 headers in 224 bytes (1 switches on core 0)
2026-05-29 23:38:37.338 8 INFO placement.requestlog [req-c188d712-aa0a-444b-9827-75892fedf5b5 req-eac20982-a47b-46c4-8615-d2923c498675 db073c51a6754aaf9a7496eb7953d267 4cd956b5a640463a85252bb1106dd78b - - a0b7457aa67f42499244eb4ab7edc007 a0b7457aa67f42499244eb4ab7edc007] 199.19.213.147 "GET /allocations/2aa0a1cf-3b9b-48b1-b250-53a27ef4261a" status: 200 len: 258 microversion: 1.28 [pid: 8|app: 0|req: 655/1300] 199.19.213.147 () {34 vars in 862 bytes} [Fri May 29 23:38:37 2026] GET /allocations/2aa0a1cf-3b9b-48b1-b250-53a27ef4261a => generated 258 bytes in 13 msecs (HTTP/1.1 200) 8 headers in 296 bytes (1 switches on core 0)
2026-05-29 23:38:37.573 7 INFO placement.requestlog [None req-3c33bb21-214c-428b-b32e-af84db37b6ab 6e7b5f8ea7ac4f6ab4860b1f845857f8 4cd956b5a640463a85252bb1106dd78b - - a0b7457aa67f42499244eb4ab7edc007 a0b7457aa67f42499244eb4ab7edc007] 10.0.0.54 "GET /resource_providers/decfd920-ef5d-4456-8b9f-e919b16e3cf3/aggregates" status: 404 len: 235 microversion: 1.1 [pid: 7|app: 0|req: 646/1301] 10.0.0.54 () {32 vars in 814 bytes} [Fri May 29 23:38:37 2026] GET /resource_providers/decfd920-ef5d-4456-8b9f-e919b16e3cf3/aggregates => generated 235 bytes in 11 msecs (HTTP/1.1 404) 5 headers in 202 bytes (1 switches on core 0)
2026-05-29 23:38:37.582 8 INFO placement.requestlog [None req-01560332-eea9-4929-a0de-67d24cdecf27 6e7b5f8ea7ac4f6ab4860b1f845857f8 4cd956b5a640463a85252bb1106dd78b - - a0b7457aa67f42499244eb4ab7edc007 a0b7457aa67f42499244eb4ab7edc007] 10.0.0.54 "GET /resource_providers/decfd920-ef5d-4456-8b9f-e919b16e3cf3/aggregates" status: 404 len: 235 microversion: 1.1 [pid: 8|app: 0|req: 656/1302] 10.0.0.54 () {32 vars in 814 bytes} [Fri May 29 23:38:37 2026] GET /resource_providers/decfd920-ef5d-4456-8b9f-e919b16e3cf3/aggregates => generated 235 bytes in 14 msecs (HTTP/1.1 404) 5 headers in 202 bytes (1 switches on core 0)
2026-05-29 23:38:37.598 8 INFO placement.requestlog [None req-5d38a4f0-c406-4045-b3e3-69d74352a3ec 6e7b5f8ea7ac4f6ab4860b1f845857f8 4cd956b5a640463a85252bb1106dd78b - - a0b7457aa67f42499244eb4ab7edc007 a0b7457aa67f42499244eb4ab7edc007] 10.0.0.54 "DELETE /resource_providers/decfd920-ef5d-4456-8b9f-e919b16e3cf3" status: 404 len: 246 microversion: 1.1 [pid: 8|app: 0|req: 657/1303] 10.0.0.54 () {34 vars in 814 bytes} [Fri May 29 23:38:37 2026] DELETE /resource_providers/decfd920-ef5d-4456-8b9f-e919b16e3cf3 => generated 246 bytes in 8 msecs (HTTP/1.1 404) 6 headers in 231 bytes (1 switches on core 0)
2026-05-29 23:38:37.615 7 INFO placement.requestlog [None req-a79ae112-5dde-409d-ac04-2727d6d16655 6e7b5f8ea7ac4f6ab4860b1f845857f8 4cd956b5a640463a85252bb1106dd78b - - a0b7457aa67f42499244eb4ab7edc007 a0b7457aa67f42499244eb4ab7edc007] 10.0.0.54 "DELETE /resource_providers/decfd920-ef5d-4456-8b9f-e919b16e3cf3" status: 404 len: 246 microversion: 1.1 [pid: 7|app: 0|req: 647/1304] 10.0.0.54 () {34 vars in 814 bytes} [Fri May 29 23:38:37 2026] DELETE /resource_providers/decfd920-ef5d-4456-8b9f-e919b16e3cf3 => generated 246 bytes in 26 msecs (HTTP/1.1 404) 6 headers in 231 bytes (1 switches on core 0)
2026-05-29 23:38:40.548 8 INFO placement.requestlog [req-b23d8868-e94b-415c-af58-57534425b9bf req-9abe98cd-b6c3-40a7-98ab-b850040a9f2a db073c51a6754aaf9a7496eb7953d267 4cd956b5a640463a85252bb1106dd78b - - a0b7457aa67f42499244eb4ab7edc007 a0b7457aa67f42499244eb4ab7edc007] 199.19.213.147 "GET /resource_providers/af84c5d5-e9b1-471a-9a94-77e3410dbd17/allocations" status: 200 len: 153 microversion: 1.0 [pid: 8|app: 0|req: 658/1305] 199.19.213.147 () {32 vars in 856 bytes} [Fri May 29 23:38:40 2026] GET /resource_providers/af84c5d5-e9b1-471a-9a94-77e3410dbd17/allocations => generated 153 bytes in 21 msecs (HTTP/1.1 200) 6 headers in 224 bytes (1 switches on core 0)
2026-05-29 23:38:40.570 7 INFO placement.requestlog [req-b23d8868-e94b-415c-af58-57534425b9bf req-f2e1e0a7-e0ec-4757-abcb-54a0e7933b7d db073c51a6754aaf9a7496eb7953d267 4cd956b5a640463a85252bb1106dd78b - - a0b7457aa67f42499244eb4ab7edc007 a0b7457aa67f42499244eb4ab7edc007] 199.19.213.147 "GET /allocations/2aa0a1cf-3b9b-48b1-b250-53a27ef4261a" status: 200 len: 258 microversion: 1.28 [pid: 7|app: 0|req: 648/1306] 199.19.213.147 () {34 vars in 862 bytes} [Fri May 29 23:38:40 2026] GET /allocations/2aa0a1cf-3b9b-48b1-b250-53a27ef4261a => generated 258 bytes in 18 msecs (HTTP/1.1 200) 8 headers in 296 bytes (1 switches on core 0)
2026-05-29 23:38:41.726 8 INFO placement.requestlog [req-b23d8868-e94b-415c-af58-57534425b9bf req-808b7a9c-efbb-4d49-bdf7-dd6a5ab9f1d0 db073c51a6754aaf9a7496eb7953d267 4cd956b5a640463a85252bb1106dd78b - - a0b7457aa67f42499244eb4ab7edc007 a0b7457aa67f42499244eb4ab7edc007] 199.19.213.147 "DELETE /allocations/2aa0a1cf-3b9b-48b1-b250-53a27ef4261a" status: 204 len: 0 microversion: 1.0 [pid: 8|app: 0|req: 659/1307] 199.19.213.147 () {34 vars in 840 bytes} [Fri May 29 23:38:41 2026] DELETE /allocations/2aa0a1cf-3b9b-48b1-b250-53a27ef4261a => generated 0 bytes in 134 msecs (HTTP/1.1 204) 5 headers in 198 bytes (1 switches on core 0)
2026-05-29 23:38:42.670 7 INFO placement.requestlog [None req-e99d7d72-057f-4e44-8866-aba262ba734d - - - - - -] 10.0.0.38 "GET /" status: 200 len: 136 microversion: 1.0
2026-05-29 23:38:42.671 8 INFO placement.requestlog [None req-ecb6396b-66af-4acf-ad6e-1e726d24dfb1 - - - - - -] 10.0.0.38 "GET /" status: 200 len: 136 microversion: 1.0
2026-05-29 23:38:45.991 7 INFO placement.requestlog [None req-a986fd89-8e96-47e9-8436-76256c3c64da 6e7b5f8ea7ac4f6ab4860b1f845857f8 4cd956b5a640463a85252bb1106dd78b - - a0b7457aa67f42499244eb4ab7edc007 a0b7457aa67f42499244eb4ab7edc007] 10.0.0.54 "GET /resource_providers/27bdac81-615b-4b65-bcac-2066836a3879/aggregates" status: 404 len: 235 microversion: 1.1 [pid: 7|app: 0|req: 650/1310] 10.0.0.54 () {32 vars in 814 bytes} [Fri May 29 23:38:45 2026] GET /resource_providers/27bdac81-615b-4b65-bcac-2066836a3879/aggregates => generated 235 bytes in 11 msecs (HTTP/1.1 404) 5 headers in 202 bytes (1 switches on core 0)
2026-05-29 23:38:46.002 8 INFO placement.requestlog [None req-c5f2e853-0b1f-413d-867d-0374518dd6cc 6e7b5f8ea7ac4f6ab4860b1f845857f8 4cd956b5a640463a85252bb1106dd78b - - a0b7457aa67f42499244eb4ab7edc007 a0b7457aa67f42499244eb4ab7edc007] 10.0.0.54 "GET /resource_providers/27bdac81-615b-4b65-bcac-2066836a3879/aggregates" status: 404 len: 235 microversion: 1.1 [pid: 8|app: 0|req: 661/1311] 10.0.0.54 () {32 vars in 814 bytes} [Fri May 29 23:38:45 2026] GET /resource_providers/27bdac81-615b-4b65-bcac-2066836a3879/aggregates => generated 235 bytes in 16 msecs (HTTP/1.1 404) 5 headers in 202 bytes (1 switches on core 0)
2026-05-29 23:38:46.024 8 INFO placement.requestlog [None req-c99802d0-4ddd-4073-a3ce-b7309eb3ca57 6e7b5f8ea7ac4f6ab4860b1f845857f8 4cd956b5a640463a85252bb1106dd78b - - a0b7457aa67f42499244eb4ab7edc007 a0b7457aa67f42499244eb4ab7edc007] 10.0.0.54 "DELETE /resource_providers/27bdac81-615b-4b65-bcac-2066836a3879" status: 404 len: 246 microversion: 1.1 [pid: 8|app: 0|req: 662/1312] 10.0.0.54 () {34 vars in 814 bytes} [Fri May 29 23:38:46 2026] DELETE /resource_providers/27bdac81-615b-4b65-bcac-2066836a3879 => generated 246 bytes in 10 msecs (HTTP/1.1 404) 6 headers in 231 bytes (1 switches on core 0)
2026-05-29 23:38:46.025 7 INFO placement.requestlog [None req-002c8d4f-ff92-47fe-85e5-9ea20f177396 6e7b5f8ea7ac4f6ab4860b1f845857f8 4cd956b5a640463a85252bb1106dd78b - - a0b7457aa67f42499244eb4ab7edc007 a0b7457aa67f42499244eb4ab7edc007] 10.0.0.54 "DELETE /resource_providers/27bdac81-615b-4b65-bcac-2066836a3879" status: 404 len: 246 microversion: 1.1 [pid: 7|app: 0|req: 651/1313] 10.0.0.54 () {34 vars in 814 bytes} [Fri May 29 23:38:46 2026] DELETE /resource_providers/27bdac81-615b-4b65-bcac-2066836a3879 => generated 246 bytes in 14 msecs (HTTP/1.1 404) 6 headers in 231 bytes (1 switches on core 0)
2026-05-29 23:38:46.969 8 INFO placement.requestlog [None req-010b035f-3d5a-4337-ab57-231e1b9b0de6 6e7b5f8ea7ac4f6ab4860b1f845857f8 4cd956b5a640463a85252bb1106dd78b - - a0b7457aa67f42499244eb4ab7edc007 a0b7457aa67f42499244eb4ab7edc007] 10.0.0.54 "GET /resource_providers/3fcc0bad-0003-4a7d-a8eb-73023e4ef46e/aggregates" status: 404 len: 235 microversion: 1.1 [pid: 8|app: 0|req: 663/1314] 10.0.0.54 () {32 vars in 814 bytes} [Fri May 29 23:38:46 2026] GET /resource_providers/3fcc0bad-0003-4a7d-a8eb-73023e4ef46e/aggregates => generated 235 bytes in 17 msecs (HTTP/1.1 404) 5 headers in 202 bytes (1 switches on core 0)
2026-05-29 23:38:46.972 7 INFO placement.requestlog [None req-c688c3ed-e1d5-4f36-84f8-6ae13356e58f 6e7b5f8ea7ac4f6ab4860b1f845857f8 4cd956b5a640463a85252bb1106dd78b - - a0b7457aa67f42499244eb4ab7edc007 a0b7457aa67f42499244eb4ab7edc007] 10.0.0.54 "GET /resource_providers/3fcc0bad-0003-4a7d-a8eb-73023e4ef46e/aggregates" status: 404 len: 235 microversion: 1.1 [pid: 7|app: 0|req: 652/1315] 10.0.0.54 () {32 vars in 814 bytes} [Fri May 29 23:38:46 2026] GET /resource_providers/3fcc0bad-0003-4a7d-a8eb-73023e4ef46e/aggregates => generated 235 bytes in 15 msecs (HTTP/1.1 404) 5 headers in 202 bytes (1 switches on core 0)
2026-05-29 23:38:46.988 8 INFO placement.requestlog [None req-a5a8f3ce-f1b1-4f81-8a97-430571d85094 6e7b5f8ea7ac4f6ab4860b1f845857f8 4cd956b5a640463a85252bb1106dd78b - - a0b7457aa67f42499244eb4ab7edc007 a0b7457aa67f42499244eb4ab7edc007] 10.0.0.54 "DELETE /resource_providers/3fcc0bad-0003-4a7d-a8eb-73023e4ef46e" status: 404 len: 246 microversion: 1.1 [pid: 8|app: 0|req: 664/1316] 10.0.0.54 () {34 vars in 814 bytes} [Fri May 29 23:38:46 2026] DELETE /resource_providers/3fcc0bad-0003-4a7d-a8eb-73023e4ef46e => generated 246 bytes in 7 msecs (HTTP/1.1 404) 6 headers in 231 bytes (1 switches on core 0)
2026-05-29 23:38:46.997 7 INFO placement.requestlog [None req-a45caf4a-30dc-4414-ac43-25919290185b 6e7b5f8ea7ac4f6ab4860b1f845857f8 4cd956b5a640463a85252bb1106dd78b - - a0b7457aa67f42499244eb4ab7edc007 a0b7457aa67f42499244eb4ab7edc007] 10.0.0.54 "DELETE /resource_providers/3fcc0bad-0003-4a7d-a8eb-73023e4ef46e" status: 404 len: 246 microversion: 1.1 [pid: 7|app: 0|req: 653/1317] 10.0.0.54 () {34 vars in 814 bytes} [Fri May 29 23:38:46 2026] DELETE /resource_providers/3fcc0bad-0003-4a7d-a8eb-73023e4ef46e => generated 246 bytes in 13 msecs (HTTP/1.1 404) 6 headers in 231 bytes (1 switches on core 0)
2026-05-29 23:38:48.047 8 INFO placement.requestlog [None req-d5f23743-f3d2-4f31-b481-75e992ccc0ea 6e7b5f8ea7ac4f6ab4860b1f845857f8 4cd956b5a640463a85252bb1106dd78b - - a0b7457aa67f42499244eb4ab7edc007 a0b7457aa67f42499244eb4ab7edc007] 10.0.0.54 "GET /resource_providers/9a7ab0ea-10e8-4166-934a-7469a2ce9791/aggregates" status: 404 len: 235 microversion: 1.1 [pid: 8|app: 0|req: 665/1318] 10.0.0.54 () {32 vars in 814 bytes} [Fri May 29 23:38:48 2026] GET /resource_providers/9a7ab0ea-10e8-4166-934a-7469a2ce9791/aggregates => generated 235 bytes in 15 msecs (HTTP/1.1 404) 5 headers in 202 bytes (1 switches on core 0)
2026-05-29 23:38:48.054 7 INFO placement.requestlog [None req-2a557530-26d1-4e54-8770-541ebc3c7a3b 6e7b5f8ea7ac4f6ab4860b1f845857f8 4cd956b5a640463a85252bb1106dd78b - - a0b7457aa67f42499244eb4ab7edc007 a0b7457aa67f42499244eb4ab7edc007] 10.0.0.54 "GET /resource_providers/9a7ab0ea-10e8-4166-934a-7469a2ce9791/aggregates" status: 404 len: 235 microversion: 1.1 [pid: 7|app: 0|req: 654/1319] 10.0.0.54 () {32 vars in 814 bytes} [Fri May 29 23:38:48 2026] GET /resource_providers/9a7ab0ea-10e8-4166-934a-7469a2ce9791/aggregates => generated 235 bytes in 18 msecs (HTTP/1.1 404) 5 headers in 202 bytes (1 switches on core 0)
2026-05-29 23:38:48.063 8 INFO placement.requestlog [None req-fdd52c61-f862-482b-8abc-1ad1a19e1f54 6e7b5f8ea7ac4f6ab4860b1f845857f8 4cd956b5a640463a85252bb1106dd78b - - a0b7457aa67f42499244eb4ab7edc007 a0b7457aa67f42499244eb4ab7edc007] 10.0.0.54 "DELETE /resource_providers/9a7ab0ea-10e8-4166-934a-7469a2ce9791" status: 404 len: 246 microversion: 1.1 [pid: 8|app: 0|req: 666/1320] 10.0.0.54 () {34 vars in 814 bytes} [Fri May 29 23:38:48 2026] DELETE /resource_providers/9a7ab0ea-10e8-4166-934a-7469a2ce9791 => generated 246 bytes in 7 msecs (HTTP/1.1 404) 6 headers in 231 bytes (1 switches on core 0)
2026-05-29 23:38:48.076 7 INFO placement.requestlog [None req-14567569-2511-460f-94b0-5aec7174bb74 6e7b5f8ea7ac4f6ab4860b1f845857f8 4cd956b5a640463a85252bb1106dd78b - - a0b7457aa67f42499244eb4ab7edc007 a0b7457aa67f42499244eb4ab7edc007] 10.0.0.54 "DELETE /resource_providers/9a7ab0ea-10e8-4166-934a-7469a2ce9791" status: 404 len: 246 microversion: 1.1 [pid: 7|app: 0|req: 655/1321] 10.0.0.54 () {34 vars in 814 bytes} [Fri May 29 23:38:48 2026] DELETE /resource_providers/9a7ab0ea-10e8-4166-934a-7469a2ce9791 => generated 246 bytes in 15 msecs (HTTP/1.1 404) 6 headers in 231 bytes (1 switches on core 0)
2026-05-29 23:38:49.016 8 INFO placement.requestlog [None req-f1cbf343-00d6-440a-85fe-5c980f58192e 6e7b5f8ea7ac4f6ab4860b1f845857f8 4cd956b5a640463a85252bb1106dd78b - - a0b7457aa67f42499244eb4ab7edc007 a0b7457aa67f42499244eb4ab7edc007] 10.0.0.54 "GET /resource_providers/851127ab-cf3d-48ea-862c-4b7f0fc89362/aggregates" status: 404 len: 235 microversion: 1.1 [pid: 8|app: 0|req: 667/1322] 10.0.0.54 () {32 vars in 814 bytes} [Fri May 29 23:38:49 2026] GET /resource_providers/851127ab-cf3d-48ea-862c-4b7f0fc89362/aggregates => generated 235 bytes in 12 msecs (HTTP/1.1 404) 5 headers in 202 bytes (1 switches on core 0)
2026-05-29 23:38:49.021 7 INFO placement.requestlog [None req-3b17b97a-0e42-4cae-913b-adf594d21d1b 6e7b5f8ea7ac4f6ab4860b1f845857f8 4cd956b5a640463a85252bb1106dd78b - - a0b7457aa67f42499244eb4ab7edc007 a0b7457aa67f42499244eb4ab7edc007] 10.0.0.54 "GET /resource_providers/851127ab-cf3d-48ea-862c-4b7f0fc89362/aggregates" status: 404 len: 235 microversion: 1.1 [pid: 7|app: 0|req: 656/1323] 10.0.0.54 () {32 vars in 814 bytes} [Fri May 29 23:38:49 2026] GET /resource_providers/851127ab-cf3d-48ea-862c-4b7f0fc89362/aggregates => generated 235 bytes in 8 msecs (HTTP/1.1 404) 5 headers in 202 bytes (1 switches on core 0)
2026-05-29 23:38:49.048 7 INFO placement.requestlog [None req-094e400b-6598-4cda-894c-f132d93c3d2b 6e7b5f8ea7ac4f6ab4860b1f845857f8 4cd956b5a640463a85252bb1106dd78b - - a0b7457aa67f42499244eb4ab7edc007 a0b7457aa67f42499244eb4ab7edc007] 10.0.0.54 "DELETE /resource_providers/851127ab-cf3d-48ea-862c-4b7f0fc89362" status: 404 len: 246 microversion: 1.1 [pid: 7|app: 0|req: 657/1324] 10.0.0.54 () {34 vars in 814 bytes} [Fri May 29 23:38:49 2026] DELETE /resource_providers/851127ab-cf3d-48ea-862c-4b7f0fc89362 => generated 246 bytes in 11 msecs (HTTP/1.1 404) 6 headers in 231 bytes (1 switches on core 0)
2026-05-29 23:38:49.053 8 INFO placement.requestlog [None req-57802db4-6000-462a-a60b-e8b70642b669 6e7b5f8ea7ac4f6ab4860b1f845857f8 4cd956b5a640463a85252bb1106dd78b - - a0b7457aa67f42499244eb4ab7edc007 a0b7457aa67f42499244eb4ab7edc007] 10.0.0.54 "DELETE /resource_providers/851127ab-cf3d-48ea-862c-4b7f0fc89362" status: 404 len: 246 microversion: 1.1 [pid: 8|app: 0|req: 668/1325] 10.0.0.54 () {34 vars in 814 bytes} [Fri May 29 23:38:49 2026] DELETE /resource_providers/851127ab-cf3d-48ea-862c-4b7f0fc89362 => generated 246 bytes in 19 msecs (HTTP/1.1 404) 6 headers in 231 bytes (1 switches on core 0)
2026-05-29 23:38:49.074 7 INFO placement.requestlog [None req-13e0cbb9-9137-4a33-b3fb-bcfe05f7955d 6e7b5f8ea7ac4f6ab4860b1f845857f8 4cd956b5a640463a85252bb1106dd78b - - a0b7457aa67f42499244eb4ab7edc007 a0b7457aa67f42499244eb4ab7edc007] 10.0.0.54 "GET /resource_providers/1cea72c6-79f6-4150-8e0d-62830fed12d8/aggregates" status: 404 len: 235 microversion: 1.1 [pid: 7|app: 0|req: 658/1326] 10.0.0.54 () {32 vars in 814 bytes} [Fri May 29 23:38:49 2026] GET /resource_providers/1cea72c6-79f6-4150-8e0d-62830fed12d8/aggregates => generated 235 bytes in 12 msecs (HTTP/1.1 404) 5 headers in 202 bytes (1 switches on core 0)
2026-05-29 23:38:49.077 8 INFO placement.requestlog [None req-13f14f69-231e-470a-bdba-0b4ca43ac5e6 6e7b5f8ea7ac4f6ab4860b1f845857f8 4cd956b5a640463a85252bb1106dd78b - - a0b7457aa67f42499244eb4ab7edc007 a0b7457aa67f42499244eb4ab7edc007] 10.0.0.54 "GET /resource_providers/1cea72c6-79f6-4150-8e0d-62830fed12d8/aggregates" status: 404 len: 235 microversion: 1.1 [pid: 8|app: 0|req: 669/1327] 10.0.0.54 () {32 vars in 814 bytes} [Fri May 29 23:38:49 2026] GET /resource_providers/1cea72c6-79f6-4150-8e0d-62830fed12d8/aggregates => generated 235 bytes in 12 msecs (HTTP/1.1 404) 5 headers in 202 bytes (1 switches on core 0)
2026-05-29 23:38:49.108 7 INFO placement.requestlog [None req-b63de30c-6e8b-4731-ad9b-33172b8a2d7c 6e7b5f8ea7ac4f6ab4860b1f845857f8 4cd956b5a640463a85252bb1106dd78b - - a0b7457aa67f42499244eb4ab7edc007 a0b7457aa67f42499244eb4ab7edc007] 10.0.0.54 "DELETE /resource_providers/1cea72c6-79f6-4150-8e0d-62830fed12d8" status: 404 len: 246 microversion: 1.1 [pid: 7|app: 0|req: 659/1328] 10.0.0.54 () {34 vars in 814 bytes} [Fri May 29 23:38:49 2026] DELETE /resource_providers/1cea72c6-79f6-4150-8e0d-62830fed12d8 => generated 246 bytes in 18 msecs (HTTP/1.1 404) 6 headers in 231 bytes (1 switches on core 0)
2026-05-29 23:38:49.108 8 INFO placement.requestlog [None req-e0a0597a-4ccb-4e2a-9ad2-0250ae80fb96 6e7b5f8ea7ac4f6ab4860b1f845857f8 4cd956b5a640463a85252bb1106dd78b - - a0b7457aa67f42499244eb4ab7edc007 a0b7457aa67f42499244eb4ab7edc007] 10.0.0.54 "DELETE /resource_providers/1cea72c6-79f6-4150-8e0d-62830fed12d8" status: 404 len: 246 microversion: 1.1 [pid: 8|app: 0|req: 670/1329] 10.0.0.54 () {34 vars in 814 bytes} [Fri May 29 23:38:49 2026] DELETE /resource_providers/1cea72c6-79f6-4150-8e0d-62830fed12d8 => generated 246 bytes in 16 msecs (HTTP/1.1 404) 6 headers in 231 bytes (1 switches on core 0)
2026-05-29 23:38:50.096 7 INFO placement.requestlog [None req-ccc071e3-b14c-44d4-ba91-443b1fc5ddec 6e7b5f8ea7ac4f6ab4860b1f845857f8 4cd956b5a640463a85252bb1106dd78b - - a0b7457aa67f42499244eb4ab7edc007 a0b7457aa67f42499244eb4ab7edc007] 10.0.0.54 "GET /resource_providers/9a36c26b-af0e-4a9a-8adf-a0f33bf23e52/aggregates" status: 404 len: 235 microversion: 1.1 [pid: 7|app: 0|req: 660/1330] 10.0.0.54 () {32 vars in 814 bytes} [Fri May 29 23:38:50 2026] GET /resource_providers/9a36c26b-af0e-4a9a-8adf-a0f33bf23e52/aggregates => generated 235 bytes in 11 msecs (HTTP/1.1 404) 5 headers in 202 bytes (1 switches on core 0)
2026-05-29 23:38:50.099 8 INFO placement.requestlog [None req-dc8de2a6-4545-4950-afd7-3b8237e9978c 6e7b5f8ea7ac4f6ab4860b1f845857f8 4cd956b5a640463a85252bb1106dd78b - - a0b7457aa67f42499244eb4ab7edc007 a0b7457aa67f42499244eb4ab7edc007] 10.0.0.54 "GET /resource_providers/9a36c26b-af0e-4a9a-8adf-a0f33bf23e52/aggregates" status: 404 len: 235 microversion: 1.1 [pid: 8|app: 0|req: 671/1331] 10.0.0.54 () {32 vars in 814 bytes} [Fri May 29 23:38:50 2026] GET /resource_providers/9a36c26b-af0e-4a9a-8adf-a0f33bf23e52/aggregates => generated 235 bytes in 12 msecs (HTTP/1.1 404) 5 headers in 202 bytes (1 switches on core 0)
2026-05-29 23:38:50.126 7 INFO placement.requestlog [None req-fe690985-8dcd-4581-adc6-cb0d6b9a0df9 6e7b5f8ea7ac4f6ab4860b1f845857f8 4cd956b5a640463a85252bb1106dd78b - - a0b7457aa67f42499244eb4ab7edc007 a0b7457aa67f42499244eb4ab7edc007] 10.0.0.54 "DELETE /resource_providers/9a36c26b-af0e-4a9a-8adf-a0f33bf23e52" status: 404 len: 246 microversion: 1.1 [pid: 7|app: 0|req: 661/1332] 10.0.0.54 () {34 vars in 814 bytes} [Fri May 29 23:38:50 2026] DELETE /resource_providers/9a36c26b-af0e-4a9a-8adf-a0f33bf23e52 => generated 246 bytes in 13 msecs (HTTP/1.1 404) 6 headers in 231 bytes (1 switches on core 0)
2026-05-29 23:38:50.134 8 INFO placement.requestlog [None req-62b30407-5ea5-4f92-a757-6f9e5f6d4f9f 6e7b5f8ea7ac4f6ab4860b1f845857f8 4cd956b5a640463a85252bb1106dd78b - - a0b7457aa67f42499244eb4ab7edc007 a0b7457aa67f42499244eb4ab7edc007] 10.0.0.54 "DELETE /resource_providers/9a36c26b-af0e-4a9a-8adf-a0f33bf23e52" status: 404 len: 246 microversion: 1.1 [pid: 8|app: 0|req: 672/1333] 10.0.0.54 () {34 vars in 814 bytes} [Fri May 29 23:38:50 2026] DELETE /resource_providers/9a36c26b-af0e-4a9a-8adf-a0f33bf23e52 => generated 246 bytes in 11 msecs (HTTP/1.1 404) 6 headers in 231 bytes (1 switches on core 0)
2026-05-29 23:38:51.136 8 INFO placement.requestlog [None req-d4f42436-abdd-48b0-a4a7-fbdb29c6c062 6e7b5f8ea7ac4f6ab4860b1f845857f8 4cd956b5a640463a85252bb1106dd78b - - a0b7457aa67f42499244eb4ab7edc007 a0b7457aa67f42499244eb4ab7edc007] 10.0.0.54 "GET /resource_providers/cd03ea2f-29e1-4123-b524-78c53f53198b/aggregates" status: 404 len: 235 microversion: 1.1 [pid: 8|app: 0|req: 673/1334] 10.0.0.54 () {32 vars in 814 bytes} [Fri May 29 23:38:51 2026] GET /resource_providers/cd03ea2f-29e1-4123-b524-78c53f53198b/aggregates => generated 235 bytes in 13 msecs (HTTP/1.1 404) 5 headers in 202 bytes (1 switches on core 0)
2026-05-29 23:38:51.150 7 INFO placement.requestlog [None req-16bd517e-23c4-4125-96e2-4d8a910056f6 6e7b5f8ea7ac4f6ab4860b1f845857f8 4cd956b5a640463a85252bb1106dd78b - - a0b7457aa67f42499244eb4ab7edc007 a0b7457aa67f42499244eb4ab7edc007] 10.0.0.54 "GET /resource_providers/cd03ea2f-29e1-4123-b524-78c53f53198b/aggregates" status: 404 len: 235 microversion: 1.1 [pid: 7|app: 0|req: 662/1335] 10.0.0.54 () {32 vars in 814 bytes} [Fri May 29 23:38:51 2026] GET /resource_providers/cd03ea2f-29e1-4123-b524-78c53f53198b/aggregates => generated 235 bytes in 28 msecs (HTTP/1.1 404) 5 headers in 202 bytes (1 switches on core 0)
2026-05-29 23:38:51.158 8 INFO placement.requestlog [None req-c8263c07-562d-454c-86af-4cab1167fc99 6e7b5f8ea7ac4f6ab4860b1f845857f8 4cd956b5a640463a85252bb1106dd78b - - a0b7457aa67f42499244eb4ab7edc007 a0b7457aa67f42499244eb4ab7edc007] 10.0.0.54 "DELETE /resource_providers/cd03ea2f-29e1-4123-b524-78c53f53198b" status: 404 len: 246 microversion: 1.1 [pid: 8|app: 0|req: 674/1336] 10.0.0.54 () {34 vars in 814 bytes} [Fri May 29 23:38:51 2026] DELETE /resource_providers/cd03ea2f-29e1-4123-b524-78c53f53198b => generated 246 bytes in 11 msecs (HTTP/1.1 404) 6 headers in 231 bytes (1 switches on core 0)
2026-05-29 23:38:51.176 8 INFO placement.requestlog [None req-3e6e63b0-46b5-47bb-a3a2-69a2b9cb4e79 6e7b5f8ea7ac4f6ab4860b1f845857f8 4cd956b5a640463a85252bb1106dd78b - - a0b7457aa67f42499244eb4ab7edc007 a0b7457aa67f42499244eb4ab7edc007] 10.0.0.54 "GET /resource_providers/befb8a81-7dee-4465-810c-6ea7edeb6625/aggregates" status: 404 len: 235 microversion: 1.1 [pid: 8|app: 0|req: 675/1337] 10.0.0.54 () {32 vars in 814 bytes} [Fri May 29 23:38:51 2026] GET /resource_providers/befb8a81-7dee-4465-810c-6ea7edeb6625/aggregates => generated 235 bytes in 11 msecs (HTTP/1.1 404) 5 headers in 202 bytes (1 switches on core 0)
2026-05-29 23:38:51.177 7 INFO placement.requestlog [None req-888015cf-852e-434f-abbf-1862bc088ec2 6e7b5f8ea7ac4f6ab4860b1f845857f8 4cd956b5a640463a85252bb1106dd78b - - a0b7457aa67f42499244eb4ab7edc007 a0b7457aa67f42499244eb4ab7edc007] 10.0.0.54 "DELETE /resource_providers/cd03ea2f-29e1-4123-b524-78c53f53198b" status: 404 len: 246 microversion: 1.1 [pid: 7|app: 0|req: 663/1338] 10.0.0.54 () {34 vars in 814 bytes} [Fri May 29 23:38:51 2026] DELETE /resource_providers/cd03ea2f-29e1-4123-b524-78c53f53198b => generated 246 bytes in 13 msecs (HTTP/1.1 404) 6 headers in 231 bytes (1 switches on core 0)
2026-05-29 23:38:51.196 8 INFO placement.requestlog [None req-dca70b7f-535e-4643-92ed-83e32d3c9b3f 6e7b5f8ea7ac4f6ab4860b1f845857f8 4cd956b5a640463a85252bb1106dd78b - - a0b7457aa67f42499244eb4ab7edc007 a0b7457aa67f42499244eb4ab7edc007] 10.0.0.54 "DELETE /resource_providers/befb8a81-7dee-4465-810c-6ea7edeb6625" status: 404 len: 246 microversion: 1.1 [pid: 8|app: 0|req: 676/1339] 10.0.0.54 () {34 vars in 814 bytes} [Fri May 29 23:38:51 2026] DELETE /resource_providers/befb8a81-7dee-4465-810c-6ea7edeb6625 => generated 246 bytes in 13 msecs (HTTP/1.1 404) 6 headers in 231 bytes (1 switches on core 0)
2026-05-29 23:38:51.214 8 INFO placement.requestlog [None req-b995c720-07a8-450c-824a-992291aff2d5 6e7b5f8ea7ac4f6ab4860b1f845857f8 4cd956b5a640463a85252bb1106dd78b - - a0b7457aa67f42499244eb4ab7edc007 a0b7457aa67f42499244eb4ab7edc007] 10.0.0.54 "GET /resource_providers/a2c9fad3-525d-424a-b7f9-3b41981cc985/aggregates" status: 404 len: 235 microversion: 1.1 [pid: 8|app: 0|req: 677/1340] 10.0.0.54 () {32 vars in 814 bytes} [Fri May 29 23:38:51 2026] GET /resource_providers/a2c9fad3-525d-424a-b7f9-3b41981cc985/aggregates => generated 235 bytes in 8 msecs (HTTP/1.1 404) 5 headers in 202 bytes (1 switches on core 0)
2026-05-29 23:38:51.220 7 INFO placement.requestlog [None req-4f879acc-f6a1-42c6-841a-96bb9c98d46a 6e7b5f8ea7ac4f6ab4860b1f845857f8 4cd956b5a640463a85252bb1106dd78b - - a0b7457aa67f42499244eb4ab7edc007 a0b7457aa67f42499244eb4ab7edc007] 10.0.0.54 "GET /resource_providers/befb8a81-7dee-4465-810c-6ea7edeb6625/aggregates" status: 404 len: 235 microversion: 1.1 [pid: 7|app: 0|req: 664/1341] 10.0.0.54 () {32 vars in 814 bytes} [Fri May 29 23:38:51 2026] GET /resource_providers/befb8a81-7dee-4465-810c-6ea7edeb6625/aggregates => generated 235 bytes in 24 msecs (HTTP/1.1 404) 5 headers in 202 bytes (1 switches on core 0)
2026-05-29 23:38:51.240 8 INFO placement.requestlog [None req-902838eb-84d2-4e66-8f66-8c8707027733 6e7b5f8ea7ac4f6ab4860b1f845857f8 4cd956b5a640463a85252bb1106dd78b - - a0b7457aa67f42499244eb4ab7edc007 a0b7457aa67f42499244eb4ab7edc007] 10.0.0.54 "DELETE /resource_providers/a2c9fad3-525d-424a-b7f9-3b41981cc985" status: 404 len: 246 microversion: 1.1 [pid: 8|app: 0|req: 678/1342] 10.0.0.54 () {34 vars in 814 bytes} [Fri May 29 23:38:51 2026] DELETE /resource_providers/a2c9fad3-525d-424a-b7f9-3b41981cc985 => generated 246 bytes in 15 msecs (HTTP/1.1 404) 6 headers in 231 bytes (1 switches on core 0)
2026-05-29 23:38:51.244 7 INFO placement.requestlog [None req-42d11dc0-b013-483c-8531-bab5dfc34500 6e7b5f8ea7ac4f6ab4860b1f845857f8 4cd956b5a640463a85252bb1106dd78b - - a0b7457aa67f42499244eb4ab7edc007 a0b7457aa67f42499244eb4ab7edc007] 10.0.0.54 "DELETE /resource_providers/befb8a81-7dee-4465-810c-6ea7edeb6625" status: 404 len: 246 microversion: 1.1 [pid: 7|app: 0|req: 665/1343] 10.0.0.54 () {34 vars in 814 bytes} [Fri May 29 23:38:51 2026] DELETE /resource_providers/befb8a81-7dee-4465-810c-6ea7edeb6625 => generated 246 bytes in 13 msecs (HTTP/1.1 404) 6 headers in 231 bytes (1 switches on core 0)
2026-05-29 23:38:51.268 8 INFO placement.requestlog [None req-e1d9bba3-1b96-47c0-9ad5-0ca4354cb8f7 6e7b5f8ea7ac4f6ab4860b1f845857f8 4cd956b5a640463a85252bb1106dd78b - - a0b7457aa67f42499244eb4ab7edc007 a0b7457aa67f42499244eb4ab7edc007] 10.0.0.54 "GET /resource_providers/a2c9fad3-525d-424a-b7f9-3b41981cc985/aggregates" status: 404 len: 235 microversion: 1.1 [pid: 8|app: 0|req: 679/1344] 10.0.0.54 () {32 vars in 814 bytes} [Fri May 29 23:38:51 2026] GET /resource_providers/a2c9fad3-525d-424a-b7f9-3b41981cc985/aggregates => generated 235 bytes in 13 msecs (HTTP/1.1 404) 5 headers in 202 bytes (1 switches on core 0)
