2026-05-29 23:40:41.429 8 INFO placement.requestlog [req-25ffcea1-9da6-43b4-8fcd-f1eab2d76f00 req-ced910de-0ec8-4f78-973e-a82d38bdf99d db073c51a6754aaf9a7496eb7953d267 4cd956b5a640463a85252bb1106dd78b - - a0b7457aa67f42499244eb4ab7edc007 a0b7457aa67f42499244eb4ab7edc007] 10.0.0.78 "GET /allocations/64238829-36ad-4f7c-9aee-394aef82026d" status: 200 len: 19 microversion: 1.28 [pid: 8|app: 0|req: 730/1441] 10.0.0.78 () {34 vars in 859 bytes} [Fri May 29 23:40:41 2026] GET /allocations/64238829-36ad-4f7c-9aee-394aef82026d => generated 19 bytes in 12 msecs (HTTP/1.1 200) 8 headers in 295 bytes (1 switches on core 0)
2026-05-29 23:40:41.543 7 INFO placement.requestlog [req-25ffcea1-9da6-43b4-8fcd-f1eab2d76f00 req-8c7bd49b-4ec3-4776-9393-0ef3d233e087 db073c51a6754aaf9a7496eb7953d267 4cd956b5a640463a85252bb1106dd78b - - a0b7457aa67f42499244eb4ab7edc007 a0b7457aa67f42499244eb4ab7edc007] 10.0.0.78 "PUT /allocations/64238829-36ad-4f7c-9aee-394aef82026d" status: 204 len: 0 microversion: 1.36 [pid: 7|app: 0|req: 712/1442] 10.0.0.78 () {38 vars in 912 bytes} [Fri May 29 23:40:41 2026] PUT /allocations/64238829-36ad-4f7c-9aee-394aef82026d => generated 0 bytes in 105 msecs (HTTP/1.1 204) 5 headers in 199 bytes (1 switches on core 0)
2026-05-29 23:40:42.670 8 INFO placement.requestlog [None req-2f4a159a-284c-4368-be01-d7fdc96fd0d4 - - - - - -] 10.0.0.38 "GET /" status: 200 len: 136 microversion: 1.0
2026-05-29 23:40:42.672 7 INFO placement.requestlog [None req-e7e45566-7a8f-45e7-996a-bd8c9f4603d2 - - - - - -] 10.0.0.38 "GET /" status: 200 len: 136 microversion: 1.0
2026-05-29 23:40:45.621 8 INFO placement.requestlog [req-25ffcea1-9da6-43b4-8fcd-f1eab2d76f00 req-54a0022b-1b92-4a6c-965f-bd78f0e838d0 db073c51a6754aaf9a7496eb7953d267 4cd956b5a640463a85252bb1106dd78b - - a0b7457aa67f42499244eb4ab7edc007 a0b7457aa67f42499244eb4ab7edc007] 199.19.213.147 "GET /allocations/64238829-36ad-4f7c-9aee-394aef82026d" status: 200 len: 245 microversion: 1.28 [pid: 8|app: 0|req: 732/1445] 199.19.213.147 () {34 vars in 862 bytes} [Fri May 29 23:40:45 2026] GET /allocations/64238829-36ad-4f7c-9aee-394aef82026d => generated 245 bytes in 16 msecs (HTTP/1.1 200) 8 headers in 296 bytes (1 switches on core 0)
2026-05-29 23:40:46.661 7 INFO placement.requestlog [req-25ffcea1-9da6-43b4-8fcd-f1eab2d76f00 req-8db82607-6059-49e8-a8bd-50cfdc770ee2 db073c51a6754aaf9a7496eb7953d267 4cd956b5a640463a85252bb1106dd78b - - a0b7457aa67f42499244eb4ab7edc007 a0b7457aa67f42499244eb4ab7edc007] 199.19.213.147 "GET /resource_providers/af84c5d5-e9b1-471a-9a94-77e3410dbd17/allocations" status: 200 len: 340 microversion: 1.0 [pid: 7|app: 0|req: 714/1446] 199.19.213.147 () {32 vars in 856 bytes} [Fri May 29 23:40:46 2026] GET /resource_providers/af84c5d5-e9b1-471a-9a94-77e3410dbd17/allocations => generated 340 bytes in 15 msecs (HTTP/1.1 200) 6 headers in 224 bytes (1 switches on core 0)
2026-05-29 23:40:46.680 8 INFO placement.requestlog [req-25ffcea1-9da6-43b4-8fcd-f1eab2d76f00 req-98748936-cc1c-4879-9290-40ae9127dc3d db073c51a6754aaf9a7496eb7953d267 4cd956b5a640463a85252bb1106dd78b - - a0b7457aa67f42499244eb4ab7edc007 a0b7457aa67f42499244eb4ab7edc007] 199.19.213.147 "GET /allocations/3acc5aee-0baf-4c8e-9a3d-e3d2046b9b4a" status: 200 len: 258 microversion: 1.28 [pid: 8|app: 0|req: 733/1447] 199.19.213.147 () {34 vars in 862 bytes} [Fri May 29 23:40:46 2026] GET /allocations/3acc5aee-0baf-4c8e-9a3d-e3d2046b9b4a => generated 258 bytes in 14 msecs (HTTP/1.1 200) 8 headers in 296 bytes (1 switches on core 0)
2026-05-29 23:40:46.710 7 INFO placement.requestlog [req-25ffcea1-9da6-43b4-8fcd-f1eab2d76f00 req-8605afa9-9563-4baa-b7dd-98e931226fa9 db073c51a6754aaf9a7496eb7953d267 4cd956b5a640463a85252bb1106dd78b - - a0b7457aa67f42499244eb4ab7edc007 a0b7457aa67f42499244eb4ab7edc007] 199.19.213.147 "GET /allocations/38589ecd-389c-4286-9f29-790ba4c2460a" status: 200 len: 258 microversion: 1.28 [pid: 7|app: 0|req: 715/1448] 199.19.213.147 () {34 vars in 862 bytes} [Fri May 29 23:40:46 2026] GET /allocations/38589ecd-389c-4286-9f29-790ba4c2460a => generated 258 bytes in 21 msecs (HTTP/1.1 200) 8 headers in 296 bytes (1 switches on core 0)
2026-05-29 23:40:46.729 8 INFO placement.requestlog [req-25ffcea1-9da6-43b4-8fcd-f1eab2d76f00 req-f32782ca-300d-4c35-9ecd-85610b2e015d db073c51a6754aaf9a7496eb7953d267 4cd956b5a640463a85252bb1106dd78b - - a0b7457aa67f42499244eb4ab7edc007 a0b7457aa67f42499244eb4ab7edc007] 199.19.213.147 "GET /allocations/64238829-36ad-4f7c-9aee-394aef82026d" status: 200 len: 245 microversion: 1.28 [pid: 8|app: 0|req: 734/1449] 199.19.213.147 () {34 vars in 862 bytes} [Fri May 29 23:40:46 2026] GET /allocations/64238829-36ad-4f7c-9aee-394aef82026d => generated 245 bytes in 14 msecs (HTTP/1.1 200) 8 headers in 296 bytes (1 switches on core 0)
2026-05-29 23:40:52.670 7 INFO placement.requestlog [None req-1b70f041-4a68-4125-9700-bb7f9ea7be42 - - - - - -] 10.0.0.38 "GET /" status: 200 len: 136 microversion: 1.0
2026-05-29 23:40:52.671 8 INFO placement.requestlog [None req-50405ab3-86d1-4c41-ac07-2ae25e84012e - - - - - -] 10.0.0.38 "GET /" status: 200 len: 136 microversion: 1.0
2026-05-29 23:41:02.670 7 INFO placement.requestlog [None req-67b7df65-d81e-4140-8b56-e68dc951ce2d - - - - - -] 10.0.0.38 "GET /" status: 200 len: 136 microversion: 1.0
2026-05-29 23:41:02.670 8 INFO placement.requestlog [None req-84129a92-7d39-47aa-8598-ecc9cf24077b - - - - - -] 10.0.0.38 "GET /" status: 200 len: 136 microversion: 1.0
2026-05-29 23:41:12.670 8 INFO placement.requestlog [None req-a1433c3a-6303-4491-9fa8-7d79c1377a3c - - - - - -] 10.0.0.38 "GET /" status: 200 len: 136 microversion: 1.0
2026-05-29 23:41:12.671 7 INFO placement.requestlog [None req-13c1a170-8822-48b0-bbb7-c32babfbce0e - - - - - -] 10.0.0.38 "GET /" status: 200 len: 136 microversion: 1.0
2026-05-29 23:41:22.670 8 INFO placement.requestlog [None req-2704648e-90b7-4062-99db-68ac4c13e360 - - - - - -] 10.0.0.38 "GET /" status: 200 len: 136 microversion: 1.0
2026-05-29 23:41:22.673 7 INFO placement.requestlog [None req-b1343d08-21d1-4ef2-8bb0-d24e3a43b5a9 - - - - - -] 10.0.0.38 "GET /" status: 200 len: 136 microversion: 1.0
2026-05-29 23:41:32.670 8 INFO placement.requestlog [None req-76ed1eb0-c54c-401e-9697-463edcf040e5 - - - - - -] 10.0.0.38 "GET /" status: 200 len: 136 microversion: 1.0
2026-05-29 23:41:32.670 7 INFO placement.requestlog [None req-b7c3e6d4-91ba-480e-bf27-8d96cad1e14b - - - - - -] 10.0.0.38 "GET /" status: 200 len: 136 microversion: 1.0
2026-05-29 23:41:39.109 8 INFO placement.requestlog [req-3f833765-0490-41ef-aa80-6e24607829d4 req-a0bf71da-b4aa-4bbd-a259-0997432d5504 db073c51a6754aaf9a7496eb7953d267 4cd956b5a640463a85252bb1106dd78b - - a0b7457aa67f42499244eb4ab7edc007 a0b7457aa67f42499244eb4ab7edc007] 199.19.213.147 "GET /resource_providers/af84c5d5-e9b1-471a-9a94-77e3410dbd17/allocations" status: 200 len: 340 microversion: 1.0 [pid: 8|app: 0|req: 740/1460] 199.19.213.147 () {32 vars in 856 bytes} [Fri May 29 23:41:38 2026] GET /resource_providers/af84c5d5-e9b1-471a-9a94-77e3410dbd17/allocations => generated 340 bytes in 161 msecs (HTTP/1.1 200) 6 headers in 224 bytes (1 switches on core 0)
2026-05-29 23:41:39.134 7 INFO placement.requestlog [req-3f833765-0490-41ef-aa80-6e24607829d4 req-3ceb37cb-e75a-4123-8b32-d56cd0349a9f db073c51a6754aaf9a7496eb7953d267 4cd956b5a640463a85252bb1106dd78b - - a0b7457aa67f42499244eb4ab7edc007 a0b7457aa67f42499244eb4ab7edc007] 199.19.213.147 "GET /resource_providers?in_tree=af84c5d5-e9b1-471a-9a94-77e3410dbd17" status: 200 len: 798 microversion: 1.14 [pid: 7|app: 0|req: 721/1461] 199.19.213.147 () {34 vars in 891 bytes} [Fri May 29 23:41:39 2026] GET /resource_providers?in_tree=af84c5d5-e9b1-471a-9a94-77e3410dbd17 => generated 798 bytes in 18 msecs (HTTP/1.1 200) 6 headers in 225 bytes (1 switches on core 0)
2026-05-29 23:41:39.152 8 INFO placement.requestlog [req-3f833765-0490-41ef-aa80-6e24607829d4 req-c1ddc471-8d09-44e2-80e6-29272099ccf5 db073c51a6754aaf9a7496eb7953d267 4cd956b5a640463a85252bb1106dd78b - - a0b7457aa67f42499244eb4ab7edc007 a0b7457aa67f42499244eb4ab7edc007] 199.19.213.147 "GET /resource_providers/af84c5d5-e9b1-471a-9a94-77e3410dbd17/inventories" status: 200 len: 401 microversion: 1.0 [pid: 8|app: 0|req: 741/1462] 199.19.213.147 () {32 vars in 856 bytes} [Fri May 29 23:41:39 2026] GET /resource_providers/af84c5d5-e9b1-471a-9a94-77e3410dbd17/inventories => generated 401 bytes in 13 msecs (HTTP/1.1 200) 6 headers in 224 bytes (1 switches on core 0)
2026-05-29 23:41:39.182 7 INFO placement.requestlog [req-3f833765-0490-41ef-aa80-6e24607829d4 req-dde07a65-6be9-4af0-b5e6-2a3cb718fdea db073c51a6754aaf9a7496eb7953d267 4cd956b5a640463a85252bb1106dd78b - - a0b7457aa67f42499244eb4ab7edc007 a0b7457aa67f42499244eb4ab7edc007] 199.19.213.147 "GET /resource_providers/af84c5d5-e9b1-471a-9a94-77e3410dbd17/aggregates" status: 200 len: 54 microversion: 1.19 [pid: 7|app: 0|req: 722/1463] 199.19.213.147 () {34 vars in 898 bytes} [Fri May 29 23:41:39 2026] GET /resource_providers/af84c5d5-e9b1-471a-9a94-77e3410dbd17/aggregates => generated 54 bytes in 23 msecs (HTTP/1.1 200) 8 headers in 295 bytes (1 switches on core 0)
2026-05-29 23:41:39.212 8 INFO placement.requestlog [req-3f833765-0490-41ef-aa80-6e24607829d4 req-3dcea13b-3b1c-4a08-82ef-644356165a05 db073c51a6754aaf9a7496eb7953d267 4cd956b5a640463a85252bb1106dd78b - - a0b7457aa67f42499244eb4ab7edc007 a0b7457aa67f42499244eb4ab7edc007] 199.19.213.147 "GET /resource_providers/af84c5d5-e9b1-471a-9a94-77e3410dbd17/traits" status: 200 len: 2176 microversion: 1.6 [pid: 8|app: 0|req: 742/1464] 199.19.213.147 () {34 vars in 889 bytes} [Fri May 29 23:41:39 2026] GET /resource_providers/af84c5d5-e9b1-471a-9a94-77e3410dbd17/traits => generated 2176 bytes in 23 msecs (HTTP/1.1 200) 6 headers in 225 bytes (1 switches on core 0)
2026-05-29 23:41:39.243 7 INFO placement.requestlog [req-3f833765-0490-41ef-aa80-6e24607829d4 req-f8884819-0680-41a4-976b-1cb21b254bd9 db073c51a6754aaf9a7496eb7953d267 4cd956b5a640463a85252bb1106dd78b - - a0b7457aa67f42499244eb4ab7edc007 a0b7457aa67f42499244eb4ab7edc007] 199.19.213.147 "GET /resource_providers/af84c5d5-e9b1-471a-9a94-77e3410dbd17/allocations" status: 200 len: 340 microversion: 1.0 [pid: 7|app: 0|req: 723/1465] 199.19.213.147 () {32 vars in 856 bytes} [Fri May 29 23:41:39 2026] GET /resource_providers/af84c5d5-e9b1-471a-9a94-77e3410dbd17/allocations => generated 340 bytes in 14 msecs (HTTP/1.1 200) 6 headers in 224 bytes (1 switches on core 0)
2026-05-29 23:41:39.261 8 INFO placement.requestlog [req-3f833765-0490-41ef-aa80-6e24607829d4 req-9195797e-f1ad-42e0-847d-5ed926654ee7 db073c51a6754aaf9a7496eb7953d267 4cd956b5a640463a85252bb1106dd78b - - a0b7457aa67f42499244eb4ab7edc007 a0b7457aa67f42499244eb4ab7edc007] 199.19.213.147 "GET /allocations/3acc5aee-0baf-4c8e-9a3d-e3d2046b9b4a" status: 200 len: 258 microversion: 1.28 [pid: 8|app: 0|req: 743/1466] 199.19.213.147 () {34 vars in 862 bytes} [Fri May 29 23:41:39 2026] GET /allocations/3acc5aee-0baf-4c8e-9a3d-e3d2046b9b4a => generated 258 bytes in 11 msecs (HTTP/1.1 200) 8 headers in 296 bytes (1 switches on core 0)
2026-05-29 23:41:39.290 7 INFO placement.requestlog [req-3f833765-0490-41ef-aa80-6e24607829d4 req-f3d0e93a-33de-470d-8943-79d51e1cfdb7 db073c51a6754aaf9a7496eb7953d267 4cd956b5a640463a85252bb1106dd78b - - a0b7457aa67f42499244eb4ab7edc007 a0b7457aa67f42499244eb4ab7edc007] 199.19.213.147 "GET /allocations/38589ecd-389c-4286-9f29-790ba4c2460a" status: 200 len: 258 microversion: 1.28 [pid: 7|app: 0|req: 724/1467] 199.19.213.147 () {34 vars in 862 bytes} [Fri May 29 23:41:39 2026] GET /allocations/38589ecd-389c-4286-9f29-790ba4c2460a => generated 258 bytes in 23 msecs (HTTP/1.1 200) 8 headers in 296 bytes (1 switches on core 0)
2026-05-29 23:41:39.307 8 INFO placement.requestlog [req-3f833765-0490-41ef-aa80-6e24607829d4 req-7f492168-0c62-4d72-878d-b09179aa80a5 db073c51a6754aaf9a7496eb7953d267 4cd956b5a640463a85252bb1106dd78b - - a0b7457aa67f42499244eb4ab7edc007 a0b7457aa67f42499244eb4ab7edc007] 199.19.213.147 "GET /allocations/64238829-36ad-4f7c-9aee-394aef82026d" status: 200 len: 245 microversion: 1.28 [pid: 8|app: 0|req: 744/1468] 199.19.213.147 () {34 vars in 862 bytes} [Fri May 29 23:41:39 2026] GET /allocations/64238829-36ad-4f7c-9aee-394aef82026d => generated 245 bytes in 10 msecs (HTTP/1.1 200) 8 headers in 296 bytes (1 switches on core 0)
2026-05-29 23:41:42.670 7 INFO placement.requestlog [None req-b7c2f606-d6a6-4157-adb4-a6572c07b87f - - - - - -] 10.0.0.38 "GET /" status: 200 len: 136 microversion: 1.0
2026-05-29 23:41:42.671 8 INFO placement.requestlog [None req-c966850a-225e-4c2a-9392-810c9e443031 - - - - - -] 10.0.0.38 "GET /" status: 200 len: 136 microversion: 1.0
2026-05-29 23:41:52.670 7 INFO placement.requestlog [None req-47d00160-a612-4c9b-9333-f60ea4936474 - - - - - -] 10.0.0.38 "GET /" status: 200 len: 136 microversion: 1.0
2026-05-29 23:41:52.670 8 INFO placement.requestlog [None req-14eba99f-d84e-40f2-afba-f26a731474e3 - - - - - -] 10.0.0.38 "GET /" status: 200 len: 136 microversion: 1.0
2026-05-29 23:42:02.671 8 INFO placement.requestlog [None req-f9a6aa0d-b340-413f-8725-deb807ef4d11 - - - - - -] 10.0.0.38 "GET /" status: 200 len: 136 microversion: 1.0
2026-05-29 23:42:02.672 7 INFO placement.requestlog [None req-49234e45-f73d-4b9e-be39-c3fe9099d92b - - - - - -] 10.0.0.38 "GET /" status: 200 len: 136 microversion: 1.0
2026-05-29 23:42:12.671 8 INFO placement.requestlog [None req-4a7e142f-744b-4de4-afc9-27a5b7ba994f - - - - - -] 10.0.0.38 "GET /" status: 200 len: 136 microversion: 1.0
2026-05-29 23:42:12.671 7 INFO placement.requestlog [None req-f54abf0c-3d39-4a53-9e82-241e4d8ba4af - - - - - -] 10.0.0.38 "GET /" status: 200 len: 136 microversion: 1.0
2026-05-29 23:42:22.670 8 INFO placement.requestlog [None req-869a3c9e-c1b8-4092-8c01-c2082704e93a - - - - - -] 10.0.0.38 "GET /" status: 200 len: 136 microversion: 1.0
2026-05-29 23:42:22.670 7 INFO placement.requestlog [None req-fb2a7be2-20d7-40ab-93ff-c2da254bcf48 - - - - - -] 10.0.0.38 "GET /" status: 200 len: 136 microversion: 1.0
2026-05-29 23:42:32.670 8 INFO placement.requestlog [None req-9a4d9ee8-674e-4282-8231-c6ad2876d522 - - - - - -] 10.0.0.38 "GET /" status: 200 len: 136 microversion: 1.0
2026-05-29 23:42:32.670 7 INFO placement.requestlog [None req-84d36927-cca6-4efd-b28c-e0094fa70e03 - - - - - -] 10.0.0.38 "GET /" status: 200 len: 136 microversion: 1.0
2026-05-29 23:42:41.179 8 INFO placement.requestlog [req-7c40726e-4560-45d7-b5d3-a3b560dd6409 req-68056fb6-8384-43a9-ae8a-47950519f49d db073c51a6754aaf9a7496eb7953d267 4cd956b5a640463a85252bb1106dd78b - - a0b7457aa67f42499244eb4ab7edc007 a0b7457aa67f42499244eb4ab7edc007] 199.19.213.147 "GET /resource_providers/af84c5d5-e9b1-471a-9a94-77e3410dbd17/allocations" status: 200 len: 340 microversion: 1.0 [pid: 8|app: 0|req: 751/1481] 199.19.213.147 () {32 vars in 856 bytes} [Fri May 29 23:42:41 2026] GET /resource_providers/af84c5d5-e9b1-471a-9a94-77e3410dbd17/allocations => generated 340 bytes in 22 msecs (HTTP/1.1 200) 6 headers in 224 bytes (1 switches on core 0)
2026-05-29 23:42:41.209 7 INFO placement.requestlog [req-7c40726e-4560-45d7-b5d3-a3b560dd6409 req-3d1a2ff2-c83e-439d-a905-3c0a958b0be2 db073c51a6754aaf9a7496eb7953d267 4cd956b5a640463a85252bb1106dd78b - - a0b7457aa67f42499244eb4ab7edc007 a0b7457aa67f42499244eb4ab7edc007] 199.19.213.147 "GET /resource_providers/af84c5d5-e9b1-471a-9a94-77e3410dbd17/allocations" status: 200 len: 340 microversion: 1.0 [pid: 7|app: 0|req: 731/1482] 199.19.213.147 () {32 vars in 856 bytes} [Fri May 29 23:42:41 2026] GET /resource_providers/af84c5d5-e9b1-471a-9a94-77e3410dbd17/allocations => generated 340 bytes in 23 msecs (HTTP/1.1 200) 6 headers in 224 bytes (1 switches on core 0)
2026-05-29 23:42:41.227 8 INFO placement.requestlog [req-7c40726e-4560-45d7-b5d3-a3b560dd6409 req-c0ac068d-1964-46e2-9d8b-3f5b66825210 db073c51a6754aaf9a7496eb7953d267 4cd956b5a640463a85252bb1106dd78b - - a0b7457aa67f42499244eb4ab7edc007 a0b7457aa67f42499244eb4ab7edc007] 199.19.213.147 "GET /allocations/3acc5aee-0baf-4c8e-9a3d-e3d2046b9b4a" status: 200 len: 258 microversion: 1.28 [pid: 8|app: 0|req: 752/1483] 199.19.213.147 () {34 vars in 862 bytes} [Fri May 29 23:42:41 2026] GET /allocations/3acc5aee-0baf-4c8e-9a3d-e3d2046b9b4a => generated 258 bytes in 12 msecs (HTTP/1.1 200) 8 headers in 296 bytes (1 switches on core 0)
2026-05-29 23:42:41.247 7 INFO placement.requestlog [req-7c40726e-4560-45d7-b5d3-a3b560dd6409 req-ef562141-1bbd-4d2e-805b-20717acf266d db073c51a6754aaf9a7496eb7953d267 4cd956b5a640463a85252bb1106dd78b - - a0b7457aa67f42499244eb4ab7edc007 a0b7457aa67f42499244eb4ab7edc007] 199.19.213.147 "GET /allocations/38589ecd-389c-4286-9f29-790ba4c2460a" status: 200 len: 258 microversion: 1.28 [pid: 7|app: 0|req: 732/1484] 199.19.213.147 () {34 vars in 862 bytes} [Fri May 29 23:42:41 2026] GET /allocations/38589ecd-389c-4286-9f29-790ba4c2460a => generated 258 bytes in 15 msecs (HTTP/1.1 200) 8 headers in 296 bytes (1 switches on core 0)
2026-05-29 23:42:41.271 8 INFO placement.requestlog [req-7c40726e-4560-45d7-b5d3-a3b560dd6409 req-ed9efb9d-7ab7-46a7-aede-4233d50b5d41 db073c51a6754aaf9a7496eb7953d267 4cd956b5a640463a85252bb1106dd78b - - a0b7457aa67f42499244eb4ab7edc007 a0b7457aa67f42499244eb4ab7edc007] 199.19.213.147 "GET /allocations/64238829-36ad-4f7c-9aee-394aef82026d" status: 200 len: 245 microversion: 1.28 [pid: 8|app: 0|req: 753/1485] 199.19.213.147 () {34 vars in 862 bytes} [Fri May 29 23:42:41 2026] GET /allocations/64238829-36ad-4f7c-9aee-394aef82026d => generated 245 bytes in 17 msecs (HTTP/1.1 200) 8 headers in 296 bytes (1 switches on core 0)
2026-05-29 23:42:42.670 7 INFO placement.requestlog [None req-8a3e7970-6105-4637-bef4-b8bb4da6454b - - - - - -] 10.0.0.38 "GET /" status: 200 len: 136 microversion: 1.0
2026-05-29 23:42:42.670 8 INFO placement.requestlog [None req-010e5e88-ad3d-47d6-9f65-0d1bd3e3847c - - - - - -] 10.0.0.38 "GET /" status: 200 len: 136 microversion: 1.0
2026-05-29 23:42:52.670 8 INFO placement.requestlog [None req-928b6625-623c-4719-8cea-76238d63027a - - - - - -] 10.0.0.38 "GET /" status: 200 len: 136 microversion: 1.0
2026-05-29 23:42:52.670 7 INFO placement.requestlog [None req-796473f9-de6d-4295-a7dd-7e849f11426a - - - - - -] 10.0.0.38 "GET /" status: 200 len: 136 microversion: 1.0
2026-05-29 23:43:02.670 8 INFO placement.requestlog [None req-0ff54fb5-7589-4c2f-96f7-03592ee541b6 - - - - - -] 10.0.0.38 "GET /" status: 200 len: 136 microversion: 1.0
2026-05-29 23:43:02.670 7 INFO placement.requestlog [None req-8f88b89e-c11a-47ae-a349-fc9afae6b621 - - - - - -] 10.0.0.38 "GET /" status: 200 len: 136 microversion: 1.0
2026-05-29 23:43:12.671 8 INFO placement.requestlog [None req-f6794199-3fdb-47cb-aeb0-58ba9ae15289 - - - - - -] 10.0.0.38 "GET /" status: 200 len: 136 microversion: 1.0
2026-05-29 23:43:12.671 7 INFO placement.requestlog [None req-b1c02ea4-ffb2-45af-9390-246fe0ec7e94 - - - - - -] 10.0.0.38 "GET /" status: 200 len: 136 microversion: 1.0
2026-05-29 23:43:22.670 8 INFO placement.requestlog [None req-dc18170f-2deb-42d9-b476-20c7528c5298 - - - - - -] 10.0.0.38 "GET /" status: 200 len: 136 microversion: 1.0
2026-05-29 23:43:22.671 7 INFO placement.requestlog [None req-a8a7a96f-2b9d-4a57-a462-d9ee3955ab2a - - - - - -] 10.0.0.38 "GET /" status: 200 len: 136 microversion: 1.0
2026-05-29 23:43:32.670 8 INFO placement.requestlog [None req-0347e150-ce12-40ce-b6c4-982c317e40d2 - - - - - -] 10.0.0.38 "GET /" status: 200 len: 136 microversion: 1.0
2026-05-29 23:43:32.670 7 INFO placement.requestlog [None req-ef16cedc-db05-4eaf-b4b9-b893497c0d44 - - - - - -] 10.0.0.38 "GET /" status: 200 len: 136 microversion: 1.0
2026-05-29 23:43:41.207 8 INFO placement.requestlog [req-bcb222bb-c6ac-4e1a-8b3f-e564261803cf req-dd2bc5c6-bc57-4bc1-90bb-785ae60547b7 db073c51a6754aaf9a7496eb7953d267 4cd956b5a640463a85252bb1106dd78b - - a0b7457aa67f42499244eb4ab7edc007 a0b7457aa67f42499244eb4ab7edc007] 199.19.213.147 "GET /resource_providers/af84c5d5-e9b1-471a-9a94-77e3410dbd17/allocations" status: 200 len: 340 microversion: 1.0 [pid: 8|app: 0|req: 760/1498] 199.19.213.147 () {32 vars in 856 bytes} [Fri May 29 23:43:41 2026] GET /resource_providers/af84c5d5-e9b1-471a-9a94-77e3410dbd17/allocations => generated 340 bytes in 14 msecs (HTTP/1.1 200) 6 headers in 224 bytes (1 switches on core 0)
2026-05-29 23:43:41.232 7 INFO placement.requestlog [req-bcb222bb-c6ac-4e1a-8b3f-e564261803cf req-962888c3-435d-430f-90c4-81a3a10e4fd9 db073c51a6754aaf9a7496eb7953d267 4cd956b5a640463a85252bb1106dd78b - - a0b7457aa67f42499244eb4ab7edc007 a0b7457aa67f42499244eb4ab7edc007] 199.19.213.147 "GET /resource_providers/af84c5d5-e9b1-471a-9a94-77e3410dbd17/allocations" status: 200 len: 340 microversion: 1.0 [pid: 7|app: 0|req: 739/1499] 199.19.213.147 () {32 vars in 856 bytes} [Fri May 29 23:43:41 2026] GET /resource_providers/af84c5d5-e9b1-471a-9a94-77e3410dbd17/allocations => generated 340 bytes in 17 msecs (HTTP/1.1 200) 6 headers in 224 bytes (1 switches on core 0)
2026-05-29 23:43:41.250 8 INFO placement.requestlog [req-bcb222bb-c6ac-4e1a-8b3f-e564261803cf req-f5249ffc-9912-47a8-8327-ab1e8c6c8ce0 db073c51a6754aaf9a7496eb7953d267 4cd956b5a640463a85252bb1106dd78b - - a0b7457aa67f42499244eb4ab7edc007 a0b7457aa67f42499244eb4ab7edc007] 199.19.213.147 "GET /allocations/3acc5aee-0baf-4c8e-9a3d-e3d2046b9b4a" status: 200 len: 258 microversion: 1.28 [pid: 8|app: 0|req: 761/1500] 199.19.213.147 () {34 vars in 862 bytes} [Fri May 29 23:43:41 2026] GET /allocations/3acc5aee-0baf-4c8e-9a3d-e3d2046b9b4a => generated 258 bytes in 12 msecs (HTTP/1.1 200) 8 headers in 296 bytes (1 switches on core 0)
2026-05-29 23:43:41.272 7 INFO placement.requestlog [req-bcb222bb-c6ac-4e1a-8b3f-e564261803cf req-392dd30a-ca99-48ac-bf5f-3af0cc2488b2 db073c51a6754aaf9a7496eb7953d267 4cd956b5a640463a85252bb1106dd78b - - a0b7457aa67f42499244eb4ab7edc007 a0b7457aa67f42499244eb4ab7edc007] 199.19.213.147 "GET /allocations/38589ecd-389c-4286-9f29-790ba4c2460a" status: 200 len: 258 microversion: 1.28 [pid: 7|app: 0|req: 740/1501] 199.19.213.147 () {34 vars in 862 bytes} [Fri May 29 23:43:41 2026] GET /allocations/38589ecd-389c-4286-9f29-790ba4c2460a => generated 258 bytes in 13 msecs (HTTP/1.1 200) 8 headers in 296 bytes (1 switches on core 0)
2026-05-29 23:43:41.289 8 INFO placement.requestlog [req-bcb222bb-c6ac-4e1a-8b3f-e564261803cf req-6878d300-a0c2-4f7f-9de1-8a06b6b088f0 db073c51a6754aaf9a7496eb7953d267 4cd956b5a640463a85252bb1106dd78b - - a0b7457aa67f42499244eb4ab7edc007 a0b7457aa67f42499244eb4ab7edc007] 199.19.213.147 "GET /allocations/64238829-36ad-4f7c-9aee-394aef82026d" status: 200 len: 245 microversion: 1.28 [pid: 8|app: 0|req: 762/1502] 199.19.213.147 () {34 vars in 862 bytes} [Fri May 29 23:43:41 2026] GET /allocations/64238829-36ad-4f7c-9aee-394aef82026d => generated 245 bytes in 11 msecs (HTTP/1.1 200) 8 headers in 296 bytes (1 switches on core 0)
2026-05-29 23:43:42.670 7 INFO placement.requestlog [None req-24a3da16-5611-4cdd-be8b-46bbf80ff6f0 - - - - - -] 10.0.0.38 "GET /" status: 200 len: 136 microversion: 1.0
2026-05-29 23:43:42.671 8 INFO placement.requestlog [None req-307169da-77e1-42ae-a15f-44c36f4d256e - - - - - -] 10.0.0.38 "GET /" status: 200 len: 136 microversion: 1.0
2026-05-29 23:43:52.670 7 INFO placement.requestlog [None req-50226f33-7a3b-48e7-8b3d-6ad5ffc99a82 - - - - - -] 10.0.0.38 "GET /" status: 200 len: 136 microversion: 1.0
2026-05-29 23:43:52.671 8 INFO placement.requestlog [None req-b1fe4f0c-a533-45bc-af61-07656b7e1ce1 - - - - - -] 10.0.0.38 "GET /" status: 200 len: 136 microversion: 1.0
2026-05-29 23:44:02.670 7 INFO placement.requestlog [None req-7bad69da-a5ef-49b0-aa70-3f47da738523 - - - - - -] 10.0.0.38 "GET /" status: 200 len: 136 microversion: 1.0
2026-05-29 23:44:02.670 8 INFO placement.requestlog [None req-31036dfc-c6fc-4ed5-afce-4b834f87d0dc - - - - - -] 10.0.0.38 "GET /" status: 200 len: 136 microversion: 1.0
2026-05-29 23:44:12.671 7 INFO placement.requestlog [None req-f74ab74e-6131-4bf9-8152-3122b57d1ed9 - - - - - -] 10.0.0.38 "GET /" status: 200 len: 136 microversion: 1.0
2026-05-29 23:44:12.671 8 INFO placement.requestlog [None req-436b4f23-85f5-4377-aebf-4f1c6413e8b1 - - - - - -] 10.0.0.38 "GET /" status: 200 len: 136 microversion: 1.0
2026-05-29 23:44:20.137 7 INFO placement.requestlog [req-846ec9d0-9f2a-470e-b68c-573e6d5c1536 req-39ff1e10-f614-4484-b075-ffd8d3d27952 db073c51a6754aaf9a7496eb7953d267 4cd956b5a640463a85252bb1106dd78b - - a0b7457aa67f42499244eb4ab7edc007 a0b7457aa67f42499244eb4ab7edc007] 199.19.213.147 "GET /resource_providers/af84c5d5-e9b1-471a-9a94-77e3410dbd17/allocations" status: 200 len: 340 microversion: 1.0 [pid: 7|app: 0|req: 745/1511] 199.19.213.147 () {32 vars in 856 bytes} [Fri May 29 23:44:20 2026] GET /resource_providers/af84c5d5-e9b1-471a-9a94-77e3410dbd17/allocations => generated 340 bytes in 44 msecs (HTTP/1.1 200) 6 headers in 224 bytes (1 switches on core 0)
2026-05-29 23:44:20.176 8 INFO placement.requestlog [req-846ec9d0-9f2a-470e-b68c-573e6d5c1536 req-19947fdb-6758-45cd-ab93-7af47839ee3b db073c51a6754aaf9a7496eb7953d267 4cd956b5a640463a85252bb1106dd78b - - a0b7457aa67f42499244eb4ab7edc007 a0b7457aa67f42499244eb4ab7edc007] 199.19.213.147 "GET /allocations/3acc5aee-0baf-4c8e-9a3d-e3d2046b9b4a" status: 200 len: 258 microversion: 1.28 [pid: 8|app: 0|req: 767/1512] 199.19.213.147 () {34 vars in 862 bytes} [Fri May 29 23:44:20 2026] GET /allocations/3acc5aee-0baf-4c8e-9a3d-e3d2046b9b4a => generated 258 bytes in 23 msecs (HTTP/1.1 200) 8 headers in 296 bytes (1 switches on core 0)
2026-05-29 23:44:20.204 7 INFO placement.requestlog [req-846ec9d0-9f2a-470e-b68c-573e6d5c1536 req-9cbc7feb-bd02-426a-b993-2378d0e512b0 db073c51a6754aaf9a7496eb7953d267 4cd956b5a640463a85252bb1106dd78b - - a0b7457aa67f42499244eb4ab7edc007 a0b7457aa67f42499244eb4ab7edc007] 199.19.213.147 "GET /allocations/38589ecd-389c-4286-9f29-790ba4c2460a" status: 200 len: 258 microversion: 1.28 [pid: 7|app: 0|req: 746/1513] 199.19.213.147 () {34 vars in 862 bytes} [Fri May 29 23:44:20 2026] GET /allocations/38589ecd-389c-4286-9f29-790ba4c2460a => generated 258 bytes in 20 msecs (HTTP/1.1 200) 8 headers in 296 bytes (1 switches on core 0)
2026-05-29 23:44:20.230 8 INFO placement.requestlog [req-846ec9d0-9f2a-470e-b68c-573e6d5c1536 req-1ada3f74-e9bd-4dd4-93dc-9adb3f68070e db073c51a6754aaf9a7496eb7953d267 4cd956b5a640463a85252bb1106dd78b - - a0b7457aa67f42499244eb4ab7edc007 a0b7457aa67f42499244eb4ab7edc007] 199.19.213.147 "GET /allocations/64238829-36ad-4f7c-9aee-394aef82026d" status: 200 len: 245 microversion: 1.28 [pid: 8|app: 0|req: 768/1514] 199.19.213.147 () {34 vars in 862 bytes} [Fri May 29 23:44:20 2026] GET /allocations/64238829-36ad-4f7c-9aee-394aef82026d => generated 245 bytes in 15 msecs (HTTP/1.1 200) 8 headers in 296 bytes (1 switches on core 0)
2026-05-29 23:44:21.955 7 INFO placement.requestlog [req-846ec9d0-9f2a-470e-b68c-573e6d5c1536 req-cab81744-f47a-4f6a-9ed4-5159db0e4d25 db073c51a6754aaf9a7496eb7953d267 4cd956b5a640463a85252bb1106dd78b - - a0b7457aa67f42499244eb4ab7edc007 a0b7457aa67f42499244eb4ab7edc007] 199.19.213.147 "DELETE /allocations/64238829-36ad-4f7c-9aee-394aef82026d" status: 204 len: 0 microversion: 1.0 [pid: 7|app: 0|req: 747/1515] 199.19.213.147 () {34 vars in 840 bytes} [Fri May 29 23:44:21 2026] DELETE /allocations/64238829-36ad-4f7c-9aee-394aef82026d => generated 0 bytes in 701 msecs (HTTP/1.1 204) 5 headers in 198 bytes (1 switches on core 0)
2026-05-29 23:44:22.670 8 INFO placement.requestlog [None req-222f7902-06c3-43cf-a776-2600ab8ca6d5 - - - - - -] 10.0.0.38 "GET /" status: 200 len: 136 microversion: 1.0
2026-05-29 23:44:22.670 7 INFO placement.requestlog [None req-b6d36a62-c668-43f3-b492-3537b48a17a4 - - - - - -] 10.0.0.38 "GET /" status: 200 len: 136 microversion: 1.0
2026-05-29 23:44:24.883 8 INFO placement.requestlog [req-2eeb3440-7d1f-4954-91bf-8b7e7923ddf0 req-e2f02d5d-4ef5-4f26-9141-a6816a679a08 db073c51a6754aaf9a7496eb7953d267 4cd956b5a640463a85252bb1106dd78b - - a0b7457aa67f42499244eb4ab7edc007 a0b7457aa67f42499244eb4ab7edc007] 199.19.213.147 "GET /resource_providers/af84c5d5-e9b1-471a-9a94-77e3410dbd17/allocations" status: 200 len: 253 microversion: 1.0 [pid: 8|app: 0|req: 770/1518] 199.19.213.147 () {32 vars in 856 bytes} [Fri May 29 23:44:24 2026] GET /resource_providers/af84c5d5-e9b1-471a-9a94-77e3410dbd17/allocations => generated 253 bytes in 36 msecs (HTTP/1.1 200) 6 headers in 224 bytes (1 switches on core 0)
2026-05-29 23:44:24.904 7 INFO placement.requestlog [req-2eeb3440-7d1f-4954-91bf-8b7e7923ddf0 req-0239affb-7bf7-4c93-8a39-c66572cfc46f db073c51a6754aaf9a7496eb7953d267 4cd956b5a640463a85252bb1106dd78b - - a0b7457aa67f42499244eb4ab7edc007 a0b7457aa67f42499244eb4ab7edc007] 199.19.213.147 "GET /allocations/3acc5aee-0baf-4c8e-9a3d-e3d2046b9b4a" status: 200 len: 258 microversion: 1.28 [pid: 7|app: 0|req: 749/1519] 199.19.213.147 () {34 vars in 862 bytes} [Fri May 29 23:44:24 2026] GET /allocations/3acc5aee-0baf-4c8e-9a3d-e3d2046b9b4a => generated 258 bytes in 15 msecs (HTTP/1.1 200) 8 headers in 296 bytes (1 switches on core 0)
2026-05-29 23:44:24.922 8 INFO placement.requestlog [req-2eeb3440-7d1f-4954-91bf-8b7e7923ddf0 req-7a5696a0-7257-4b4f-a701-1455deb1e664 db073c51a6754aaf9a7496eb7953d267 4cd956b5a640463a85252bb1106dd78b - - a0b7457aa67f42499244eb4ab7edc007 a0b7457aa67f42499244eb4ab7edc007] 199.19.213.147 "GET /allocations/38589ecd-389c-4286-9f29-790ba4c2460a" status: 200 len: 258 microversion: 1.28 [pid: 8|app: 0|req: 771/1520] 199.19.213.147 () {34 vars in 862 bytes} [Fri May 29 23:44:24 2026] GET /allocations/38589ecd-389c-4286-9f29-790ba4c2460a => generated 258 bytes in 12 msecs (HTTP/1.1 200) 8 headers in 296 bytes (1 switches on core 0)
2026-05-29 23:44:26.139 7 INFO placement.requestlog [req-2eeb3440-7d1f-4954-91bf-8b7e7923ddf0 req-311e5ef1-a60e-43ea-9126-4afbc7bb7617 db073c51a6754aaf9a7496eb7953d267 4cd956b5a640463a85252bb1106dd78b - - a0b7457aa67f42499244eb4ab7edc007 a0b7457aa67f42499244eb4ab7edc007] 199.19.213.147 "DELETE /allocations/3acc5aee-0baf-4c8e-9a3d-e3d2046b9b4a" status: 204 len: 0 microversion: 1.0 [pid: 7|app: 0|req: 750/1521] 199.19.213.147 () {34 vars in 840 bytes} [Fri May 29 23:44:25 2026] DELETE /allocations/3acc5aee-0baf-4c8e-9a3d-e3d2046b9b4a => generated 0 bytes in 163 msecs (HTTP/1.1 204) 5 headers in 198 bytes (1 switches on core 0)
2026-05-29 23:44:32.670 8 INFO placement.requestlog [None req-f5fb84f0-a76f-41e1-ae88-c17f19ffe5fa - - - - - -] 10.0.0.38 "GET /" status: 200 len: 136 microversion: 1.0
2026-05-29 23:44:32.671 7 INFO placement.requestlog [None req-45f545ac-6c8c-4d0f-aae0-8ec229d2f294 - - - - - -] 10.0.0.38 "GET /" status: 200 len: 136 microversion: 1.0
2026-05-29 23:44:35.347 8 INFO placement.requestlog [req-5aefeb16-27af-44ef-9dfd-92cbd526eac4 req-1156a9fc-42d7-42f2-974d-4313d0eef108 db073c51a6754aaf9a7496eb7953d267 4cd956b5a640463a85252bb1106dd78b - - a0b7457aa67f42499244eb4ab7edc007 a0b7457aa67f42499244eb4ab7edc007] 199.19.213.147 "GET /resource_providers/af84c5d5-e9b1-471a-9a94-77e3410dbd17/allocations" status: 200 len: 153 microversion: 1.0 [pid: 8|app: 0|req: 773/1524] 199.19.213.147 () {32 vars in 856 bytes} [Fri May 29 23:44:35 2026] GET /resource_providers/af84c5d5-e9b1-471a-9a94-77e3410dbd17/allocations => generated 153 bytes in 18 msecs (HTTP/1.1 200) 6 headers in 224 bytes (1 switches on core 0)
2026-05-29 23:44:35.369 7 INFO placement.requestlog [req-5aefeb16-27af-44ef-9dfd-92cbd526eac4 req-d160ef8b-274a-4651-a750-f7fdb734751a db073c51a6754aaf9a7496eb7953d267 4cd956b5a640463a85252bb1106dd78b - - a0b7457aa67f42499244eb4ab7edc007 a0b7457aa67f42499244eb4ab7edc007] 199.19.213.147 "GET /allocations/38589ecd-389c-4286-9f29-790ba4c2460a" status: 200 len: 258 microversion: 1.28 [pid: 7|app: 0|req: 752/1525] 199.19.213.147 () {34 vars in 862 bytes} [Fri May 29 23:44:35 2026] GET /allocations/38589ecd-389c-4286-9f29-790ba4c2460a => generated 258 bytes in 16 msecs (HTTP/1.1 200) 8 headers in 296 bytes (1 switches on core 0)
2026-05-29 23:44:36.856 8 INFO placement.requestlog [req-5aefeb16-27af-44ef-9dfd-92cbd526eac4 req-3cfe780c-3463-4300-942e-d9eb805227f9 db073c51a6754aaf9a7496eb7953d267 4cd956b5a640463a85252bb1106dd78b - - a0b7457aa67f42499244eb4ab7edc007 a0b7457aa67f42499244eb4ab7edc007] 199.19.213.147 "DELETE /allocations/38589ecd-389c-4286-9f29-790ba4c2460a" status: 204 len: 0 microversion: 1.0 [pid: 8|app: 0|req: 774/1526] 199.19.213.147 () {34 vars in 840 bytes} [Fri May 29 23:44:36 2026] DELETE /allocations/38589ecd-389c-4286-9f29-790ba4c2460a => generated 0 bytes in 465 msecs (HTTP/1.1 204) 5 headers in 198 bytes (1 switches on core 0)
2026-05-29 23:44:41.863 7 INFO placement.requestlog [req-07e1a04e-88ff-494e-a5b7-d581b056023b req-0c639006-2279-49cd-937f-af0cde63be59 db073c51a6754aaf9a7496eb7953d267 4cd956b5a640463a85252bb1106dd78b - - a0b7457aa67f42499244eb4ab7edc007 a0b7457aa67f42499244eb4ab7edc007] 199.19.213.147 "GET /resource_providers/af84c5d5-e9b1-471a-9a94-77e3410dbd17/allocations" status: 200 len: 55 microversion: 1.0 [pid: 7|app: 0|req: 753/1527] 199.19.213.147 () {32 vars in 856 bytes} [Fri May 29 23:44:41 2026] GET /resource_providers/af84c5d5-e9b1-471a-9a94-77e3410dbd17/allocations => generated 55 bytes in 13 msecs (HTTP/1.1 200) 6 headers in 223 bytes (1 switches on core 0)
2026-05-29 23:44:41.883 8 INFO placement.requestlog [req-07e1a04e-88ff-494e-a5b7-d581b056023b req-2c37efcc-aa42-4c5a-b1d2-aa3199a35f14 db073c51a6754aaf9a7496eb7953d267 4cd956b5a640463a85252bb1106dd78b - - a0b7457aa67f42499244eb4ab7edc007 a0b7457aa67f42499244eb4ab7edc007] 199.19.213.147 "GET /resource_providers/af84c5d5-e9b1-471a-9a94-77e3410dbd17/allocations" status: 200 len: 55 microversion: 1.0 [pid: 8|app: 0|req: 775/1528] 199.19.213.147 () {32 vars in 856 bytes} [Fri May 29 23:44:41 2026] GET /resource_providers/af84c5d5-e9b1-471a-9a94-77e3410dbd17/allocations => generated 55 bytes in 15 msecs (HTTP/1.1 200) 6 headers in 223 bytes (1 switches on core 0)
2026-05-29 23:44:42.669 7 INFO placement.requestlog [None req-61d183ec-2b19-4164-b360-362150f3d3aa - - - - - -] 10.0.0.38 "GET /" status: 200 len: 136 microversion: 1.0
2026-05-29 23:44:42.670 8 INFO placement.requestlog [None req-f17fd061-4fd3-476e-960e-b54d05e22566 - - - - - -] 10.0.0.38 "GET /" status: 200 len: 136 microversion: 1.0
2026-05-29 23:44:48.998 8 INFO placement.requestlog [None req-4042268b-6b2f-43c9-82b3-2e53f2fbc136 6e7b5f8ea7ac4f6ab4860b1f845857f8 4cd956b5a640463a85252bb1106dd78b - - a0b7457aa67f42499244eb4ab7edc007 a0b7457aa67f42499244eb4ab7edc007] 10.0.0.54 "GET /resource_providers/38d4b437-1d07-4b31-b2b5-ee99bb1ea443/aggregates" status: 404 len: 235 microversion: 1.1 [pid: 8|app: 0|req: 777/1531] 10.0.0.54 () {32 vars in 814 bytes} [Fri May 29 23:44:48 2026] GET /resource_providers/38d4b437-1d07-4b31-b2b5-ee99bb1ea443/aggregates => generated 235 bytes in 49 msecs (HTTP/1.1 404) 5 headers in 202 bytes (1 switches on core 0)
2026-05-29 23:44:49.008 7 INFO placement.requestlog [None req-88b4e758-7be0-47af-98f6-7fd661481165 6e7b5f8ea7ac4f6ab4860b1f845857f8 4cd956b5a640463a85252bb1106dd78b - - a0b7457aa67f42499244eb4ab7edc007 a0b7457aa67f42499244eb4ab7edc007] 10.0.0.54 "GET /resource_providers/38d4b437-1d07-4b31-b2b5-ee99bb1ea443/aggregates" status: 404 len: 235 microversion: 1.1 [pid: 7|app: 0|req: 755/1532] 10.0.0.54 () {32 vars in 814 bytes} [Fri May 29 23:44:48 2026] GET /resource_providers/38d4b437-1d07-4b31-b2b5-ee99bb1ea443/aggregates => generated 235 bytes in 59 msecs (HTTP/1.1 404) 5 headers in 202 bytes (1 switches on core 0)
2026-05-29 23:44:49.019 8 INFO placement.requestlog [None req-0f18542b-3943-42ea-81f0-e086715671e3 6e7b5f8ea7ac4f6ab4860b1f845857f8 4cd956b5a640463a85252bb1106dd78b - - a0b7457aa67f42499244eb4ab7edc007 a0b7457aa67f42499244eb4ab7edc007] 10.0.0.54 "DELETE /resource_providers/38d4b437-1d07-4b31-b2b5-ee99bb1ea443" status: 404 len: 246 microversion: 1.1 [pid: 8|app: 0|req: 778/1533] 10.0.0.54 () {34 vars in 814 bytes} [Fri May 29 23:44:49 2026] DELETE /resource_providers/38d4b437-1d07-4b31-b2b5-ee99bb1ea443 => generated 246 bytes in 13 msecs (HTTP/1.1 404) 6 headers in 231 bytes (1 switches on core 0)
2026-05-29 23:44:49.027 7 INFO placement.requestlog [None req-551a8b4a-5347-4a5d-9ee3-212e91e7ea4f 6e7b5f8ea7ac4f6ab4860b1f845857f8 4cd956b5a640463a85252bb1106dd78b - - a0b7457aa67f42499244eb4ab7edc007 a0b7457aa67f42499244eb4ab7edc007] 10.0.0.54 "DELETE /resource_providers/38d4b437-1d07-4b31-b2b5-ee99bb1ea443" status: 404 len: 246 microversion: 1.1 [pid: 7|app: 0|req: 756/1534] 10.0.0.54 () {34 vars in 814 bytes} [Fri May 29 23:44:49 2026] DELETE /resource_providers/38d4b437-1d07-4b31-b2b5-ee99bb1ea443 => generated 246 bytes in 10 msecs (HTTP/1.1 404) 6 headers in 231 bytes (1 switches on core 0)
2026-05-29 23:44:51.051 7 INFO placement.requestlog [None req-e5407ba5-aabf-45ca-ae28-834fefe71ca5 6e7b5f8ea7ac4f6ab4860b1f845857f8 4cd956b5a640463a85252bb1106dd78b - - a0b7457aa67f42499244eb4ab7edc007 a0b7457aa67f42499244eb4ab7edc007] 10.0.0.54 "GET /resource_providers/12c82532-6bc6-483a-9581-33ae1e1c4370/aggregates" status: 404 len: 235 microversion: 1.1 [pid: 7|app: 0|req: 757/1535] 10.0.0.54 () {32 vars in 814 bytes} [Fri May 29 23:44:51 2026] GET /resource_providers/12c82532-6bc6-483a-9581-33ae1e1c4370/aggregates => generated 235 bytes in 14 msecs (HTTP/1.1 404) 5 headers in 202 bytes (1 switches on core 0)
2026-05-29 23:44:51.055 8 INFO placement.requestlog [None req-e025638d-53dc-4361-ac9d-ad9705040fd1 6e7b5f8ea7ac4f6ab4860b1f845857f8 4cd956b5a640463a85252bb1106dd78b - - a0b7457aa67f42499244eb4ab7edc007 a0b7457aa67f42499244eb4ab7edc007] 10.0.0.54 "GET /resource_providers/12c82532-6bc6-483a-9581-33ae1e1c4370/aggregates" status: 404 len: 235 microversion: 1.1 [pid: 8|app: 0|req: 779/1536] 10.0.0.54 () {32 vars in 814 bytes} [Fri May 29 23:44:51 2026] GET /resource_providers/12c82532-6bc6-483a-9581-33ae1e1c4370/aggregates => generated 235 bytes in 21 msecs (HTTP/1.1 404) 5 headers in 202 bytes (1 switches on core 0)
2026-05-29 23:44:51.077 7 INFO placement.requestlog [None req-070410e2-9bdb-4004-a2fa-16a8aeb02a96 6e7b5f8ea7ac4f6ab4860b1f845857f8 4cd956b5a640463a85252bb1106dd78b - - a0b7457aa67f42499244eb4ab7edc007 a0b7457aa67f42499244eb4ab7edc007] 10.0.0.54 "DELETE /resource_providers/12c82532-6bc6-483a-9581-33ae1e1c4370" status: 404 len: 246 microversion: 1.1 [pid: 7|app: 0|req: 758/1537] 10.0.0.54 () {34 vars in 814 bytes} [Fri May 29 23:44:51 2026] DELETE /resource_providers/12c82532-6bc6-483a-9581-33ae1e1c4370 => generated 246 bytes in 10 msecs (HTTP/1.1 404) 6 headers in 231 bytes (1 switches on core 0)
2026-05-29 23:44:51.086 8 INFO placement.requestlog [None req-fbcce885-fb76-4676-b9b7-80a7df60a83f 6e7b5f8ea7ac4f6ab4860b1f845857f8 4cd956b5a640463a85252bb1106dd78b - - a0b7457aa67f42499244eb4ab7edc007 a0b7457aa67f42499244eb4ab7edc007] 10.0.0.54 "DELETE /resource_providers/12c82532-6bc6-483a-9581-33ae1e1c4370" status: 404 len: 246 microversion: 1.1 [pid: 8|app: 0|req: 780/1538] 10.0.0.54 () {34 vars in 814 bytes} [Fri May 29 23:44:51 2026] DELETE /resource_providers/12c82532-6bc6-483a-9581-33ae1e1c4370 => generated 246 bytes in 15 msecs (HTTP/1.1 404) 6 headers in 231 bytes (1 switches on core 0)
2026-05-29 23:44:51.104 7 INFO placement.requestlog [None req-8badb1fd-6663-4baa-ab7d-277d453b6847 6e7b5f8ea7ac4f6ab4860b1f845857f8 4cd956b5a640463a85252bb1106dd78b - - a0b7457aa67f42499244eb4ab7edc007 a0b7457aa67f42499244eb4ab7edc007] 10.0.0.54 "GET /resource_providers/62cc5da2-6800-4cc2-a5e8-b59d2e577761/aggregates" status: 404 len: 235 microversion: 1.1 [pid: 7|app: 0|req: 759/1539] 10.0.0.54 () {32 vars in 814 bytes} [Fri May 29 23:44:51 2026] GET /resource_providers/62cc5da2-6800-4cc2-a5e8-b59d2e577761/aggregates => generated 235 bytes in 11 msecs (HTTP/1.1 404) 5 headers in 202 bytes (1 switches on core 0)
2026-05-29 23:44:51.106 8 INFO placement.requestlog [None req-0a397b12-22dd-4baf-81e0-df934e3f517d 6e7b5f8ea7ac4f6ab4860b1f845857f8 4cd956b5a640463a85252bb1106dd78b - - a0b7457aa67f42499244eb4ab7edc007 a0b7457aa67f42499244eb4ab7edc007] 10.0.0.54 "GET /resource_providers/62cc5da2-6800-4cc2-a5e8-b59d2e577761/aggregates" status: 404 len: 235 microversion: 1.1 [pid: 8|app: 0|req: 781/1540] 10.0.0.54 () {32 vars in 814 bytes} [Fri May 29 23:44:51 2026] GET /resource_providers/62cc5da2-6800-4cc2-a5e8-b59d2e577761/aggregates => generated 235 bytes in 12 msecs (HTTP/1.1 404) 5 headers in 202 bytes (1 switches on core 0)
2026-05-29 23:44:51.131 8 INFO placement.requestlog [None req-ffd52300-9d49-4178-9472-2bc6ab59cc72 6e7b5f8ea7ac4f6ab4860b1f845857f8 4cd956b5a640463a85252bb1106dd78b - - a0b7457aa67f42499244eb4ab7edc007 a0b7457aa67f42499244eb4ab7edc007] 10.0.0.54 "DELETE /resource_providers/62cc5da2-6800-4cc2-a5e8-b59d2e577761" status: 404 len: 246 microversion: 1.1 [pid: 8|app: 0|req: 782/1541] 10.0.0.54 () {34 vars in 814 bytes} [Fri May 29 23:44:51 2026] DELETE /resource_providers/62cc5da2-6800-4cc2-a5e8-b59d2e577761 => generated 246 bytes in 11 msecs (HTTP/1.1 404) 6 headers in 231 bytes (1 switches on core 0)
2026-05-29 23:44:51.132 7 INFO placement.requestlog [None req-4943e31b-82e1-49a1-923a-b5a0b8d96879 6e7b5f8ea7ac4f6ab4860b1f845857f8 4cd956b5a640463a85252bb1106dd78b - - a0b7457aa67f42499244eb4ab7edc007 a0b7457aa67f42499244eb4ab7edc007] 10.0.0.54 "DELETE /resource_providers/62cc5da2-6800-4cc2-a5e8-b59d2e577761" status: 404 len: 246 microversion: 1.1 [pid: 7|app: 0|req: 760/1542] 10.0.0.54 () {34 vars in 814 bytes} [Fri May 29 23:44:51 2026] DELETE /resource_providers/62cc5da2-6800-4cc2-a5e8-b59d2e577761 => generated 246 bytes in 14 msecs (HTTP/1.1 404) 6 headers in 231 bytes (1 switches on core 0)
2026-05-29 23:44:52.671 8 INFO placement.requestlog [None req-b22cff84-9892-4cb6-b069-7eed60efaeaa - - - - - -] 10.0.0.38 "GET /" status: 200 len: 136 microversion: 1.0
2026-05-29 23:44:52.673 7 INFO placement.requestlog [None req-c21b3062-d476-43c6-bab1-fa3769495296 - - - - - -] 10.0.0.38 "GET /" status: 200 len: 136 microversion: 1.0
2026-05-29 23:44:53.151 7 INFO placement.requestlog [None req-15255bb6-fe41-4d85-95da-e4ee9d7b89ed 6e7b5f8ea7ac4f6ab4860b1f845857f8 4cd956b5a640463a85252bb1106dd78b - - a0b7457aa67f42499244eb4ab7edc007 a0b7457aa67f42499244eb4ab7edc007] 10.0.0.54 "GET /resource_providers/47180505-d5e8-497d-8ef3-0b757e05178f/aggregates" status: 404 len: 235 microversion: 1.1
2026-05-29 23:44:53.152 8 INFO placement.requestlog [None req-195391eb-6d77-4c8d-b6d1-7b74f6a5c4d1 6e7b5f8ea7ac4f6ab4860b1f845857f8 4cd956b5a640463a85252bb1106dd78b - - a0b7457aa67f42499244eb4ab7edc007 a0b7457aa67f42499244eb4ab7edc007] 10.0.0.54 "GET /resource_providers/47180505-d5e8-497d-8ef3-0b757e05178f/aggregates" status: 404 len: 235 microversion: 1.1 [pid: 7|app: 0|req: 762/1546] 10.0.0.54 () {32 vars in 814 bytes} [Fri May 29 23:44:53 2026] GET /resource_providers/47180505-d5e8-497d-8ef3-0b757e05178f/aggregates => generated 235 bytes in 8 msecs (HTTP/1.1 404) 5 headers in 202 bytes (1 switches on core 0) [pid: 8|app: 0|req: 784/1546] 10.0.0.54 () {32 vars in 814 bytes} [Fri May 29 23:44:53 2026] GET /resource_providers/47180505-d5e8-497d-8ef3-0b757e05178f/aggregates => generated 235 bytes in 11 msecs (HTTP/1.1 404) 5 headers in 202 bytes (1 switches on core 0)
2026-05-29 23:44:53.168 7 INFO placement.requestlog [None req-4b3697be-1651-4c28-98a8-800f50c0f374 6e7b5f8ea7ac4f6ab4860b1f845857f8 4cd956b5a640463a85252bb1106dd78b - - a0b7457aa67f42499244eb4ab7edc007 a0b7457aa67f42499244eb4ab7edc007] 10.0.0.54 "DELETE /resource_providers/47180505-d5e8-497d-8ef3-0b757e05178f" status: 404 len: 246 microversion: 1.1 [pid: 7|app: 0|req: 763/1547] 10.0.0.54 () {34 vars in 814 bytes} [Fri May 29 23:44:53 2026] DELETE /resource_providers/47180505-d5e8-497d-8ef3-0b757e05178f => generated 246 bytes in 7 msecs (HTTP/1.1 404) 6 headers in 231 bytes (1 switches on core 0)
2026-05-29 23:44:53.175 8 INFO placement.requestlog [None req-1778d296-e796-423f-aedb-d1c86827ea4d 6e7b5f8ea7ac4f6ab4860b1f845857f8 4cd956b5a640463a85252bb1106dd78b - - a0b7457aa67f42499244eb4ab7edc007 a0b7457aa67f42499244eb4ab7edc007] 10.0.0.54 "DELETE /resource_providers/47180505-d5e8-497d-8ef3-0b757e05178f" status: 404 len: 246 microversion: 1.1 [pid: 8|app: 0|req: 785/1548] 10.0.0.54 () {34 vars in 814 bytes} [Fri May 29 23:44:53 2026] DELETE /resource_providers/47180505-d5e8-497d-8ef3-0b757e05178f => generated 246 bytes in 13 msecs (HTTP/1.1 404) 6 headers in 231 bytes (1 switches on core 0)
2026-05-29 23:45:02.670 7 INFO placement.requestlog [None req-0e1ee4d9-97dd-41cd-9c47-34f38b377dbc - - - - - -] 10.0.0.38 "GET /" status: 200 len: 136 microversion: 1.0
2026-05-29 23:45:02.671 8 INFO placement.requestlog [None req-a7338ea5-a93b-40df-885f-f0787df47463 - - - - - -] 10.0.0.38 "GET /" status: 200 len: 136 microversion: 1.0
2026-05-29 23:45:12.670 7 INFO placement.requestlog [None req-5e020315-baff-45b9-87ba-d441ec04a4b1 - - - - - -] 10.0.0.38 "GET /" status: 200 len: 136 microversion: 1.0
2026-05-29 23:45:12.674 8 INFO placement.requestlog [None req-25861c37-cd94-47b3-a2cf-156c057dcccc - - - - - -] 10.0.0.38 "GET /" status: 200 len: 136 microversion: 1.0
2026-05-29 23:45:22.684 7 INFO placement.requestlog [None req-f76af77f-e92d-4528-ae3e-35fe6f712a76 - - - - - -] 10.0.0.38 "GET /" status: 200 len: 136 microversion: 1.0
2026-05-29 23:45:22.685 8 INFO placement.requestlog [None req-4a4f5321-11fe-40be-a9b6-8ae5d4a17daf - - - - - -] 10.0.0.38 "GET /" status: 200 len: 136 microversion: 1.0
2026-05-29 23:45:24.948 8 INFO placement.requestlog [None req-ad5d2936-99cf-4d87-b10e-6314904a8577 6e7b5f8ea7ac4f6ab4860b1f845857f8 4cd956b5a640463a85252bb1106dd78b - - a0b7457aa67f42499244eb4ab7edc007 a0b7457aa67f42499244eb4ab7edc007] 10.0.0.54 "GET /resource_providers/7cfdf0fe-dcad-4afb-bdef-ee776fabe287/aggregates" status: 404 len: 235 microversion: 1.1 [pid: 8|app: 0|req: 789/1555] 10.0.0.54 () {32 vars in 814 bytes} [Fri May 29 23:45:24 2026] GET /resource_providers/7cfdf0fe-dcad-4afb-bdef-ee776fabe287/aggregates => generated 235 bytes in 13 msecs (HTTP/1.1 404) 5 headers in 202 bytes (1 switches on core 0)
2026-05-29 23:45:24.949 7 INFO placement.requestlog [None req-5b2d72bb-a00e-4fd5-bd8c-91b9c2bde776 6e7b5f8ea7ac4f6ab4860b1f845857f8 4cd956b5a640463a85252bb1106dd78b - - a0b7457aa67f42499244eb4ab7edc007 a0b7457aa67f42499244eb4ab7edc007] 10.0.0.54 "GET /resource_providers/7cfdf0fe-dcad-4afb-bdef-ee776fabe287/aggregates" status: 404 len: 235 microversion: 1.1 [pid: 7|app: 0|req: 767/1556] 10.0.0.54 () {32 vars in 814 bytes} [Fri May 29 23:45:24 2026] GET /resource_providers/7cfdf0fe-dcad-4afb-bdef-ee776fabe287/aggregates => generated 235 bytes in 14 msecs (HTTP/1.1 404) 5 headers in 202 bytes (1 switches on core 0)
2026-05-29 23:45:24.976 8 INFO placement.requestlog [None req-eccbd1ad-d92f-4041-aacd-cd5f933956ef 6e7b5f8ea7ac4f6ab4860b1f845857f8 4cd956b5a640463a85252bb1106dd78b - - a0b7457aa67f42499244eb4ab7edc007 a0b7457aa67f42499244eb4ab7edc007] 10.0.0.54 "DELETE /resource_providers/7cfdf0fe-dcad-4afb-bdef-ee776fabe287" status: 404 len: 246 microversion: 1.1
2026-05-29 23:45:24.976 7 INFO placement.requestlog [None req-ec86eced-35bb-44dd-a973-808664e81e9d 6e7b5f8ea7ac4f6ab4860b1f845857f8 4cd956b5a640463a85252bb1106dd78b - - a0b7457aa67f42499244eb4ab7edc007 a0b7457aa67f42499244eb4ab7edc007] 10.0.0.54 "DELETE /resource_providers/7cfdf0fe-dcad-4afb-bdef-ee776fabe287" status: 404 len: 246 microversion: 1.1 [pid: 7|app: 0|req: 768/1557] 10.0.0.54 () {34 vars in 814 bytes} [Fri May 29 23:45:24 2026] DELETE /resource_providers/7cfdf0fe-dcad-4afb-bdef-ee776fabe287 => generated 246 bytes in 7 msecs (HTTP/1.1 404) 6 headers in 231 bytes (1 switches on core 0) [pid: 8|app: 0|req: 790/1558] 10.0.0.54 () {34 vars in 814 bytes} [Fri May 29 23:45:24 2026] DELETE /resource_providers/7cfdf0fe-dcad-4afb-bdef-ee776fabe287 => generated 246 bytes in 10 msecs (HTTP/1.1 404) 6 headers in 231 bytes (1 switches on core 0)
2026-05-29 23:45:25.307 8 INFO placement.requestlog [None req-f80a51d0-7a39-4a70-a50f-ff0cae369c75 6e7b5f8ea7ac4f6ab4860b1f845857f8 4cd956b5a640463a85252bb1106dd78b - - a0b7457aa67f42499244eb4ab7edc007 a0b7457aa67f42499244eb4ab7edc007] 10.0.0.54 "GET /resource_providers/62db8e35-ee1b-4e9c-8a75-eb0de5528c05/aggregates" status: 404 len: 235 microversion: 1.1 [pid: 8|app: 0|req: 791/1559] 10.0.0.54 () {32 vars in 814 bytes} [Fri May 29 23:45:25 2026] GET /resource_providers/62db8e35-ee1b-4e9c-8a75-eb0de5528c05/aggregates => generated 235 bytes in 120 msecs (HTTP/1.1 404) 5 headers in 202 bytes (1 switches on core 0)
2026-05-29 23:45:25.325 8 INFO placement.requestlog [None req-3279b193-c01a-4fb8-831e-f67897321e6b 6e7b5f8ea7ac4f6ab4860b1f845857f8 4cd956b5a640463a85252bb1106dd78b - - a0b7457aa67f42499244eb4ab7edc007 a0b7457aa67f42499244eb4ab7edc007] 10.0.0.54 "DELETE /resource_providers/62db8e35-ee1b-4e9c-8a75-eb0de5528c05" status: 404 len: 246 microversion: 1.1 [pid: 8|app: 0|req: 792/1560] 10.0.0.54 () {34 vars in 814 bytes} [Fri May 29 23:45:25 2026] DELETE /resource_providers/62db8e35-ee1b-4e9c-8a75-eb0de5528c05 => generated 246 bytes in 11 msecs (HTTP/1.1 404) 6 headers in 231 bytes (1 switches on core 0)
2026-05-29 23:45:25.348 7 INFO placement.requestlog [None req-64a651d6-1f2f-4eae-9ac1-10dc79215b7e 6e7b5f8ea7ac4f6ab4860b1f845857f8 4cd956b5a640463a85252bb1106dd78b - - a0b7457aa67f42499244eb4ab7edc007 a0b7457aa67f42499244eb4ab7edc007] 10.0.0.54 "GET /resource_providers/62db8e35-ee1b-4e9c-8a75-eb0de5528c05/aggregates" status: 404 len: 235 microversion: 1.1 [pid: 7|app: 0|req: 769/1561] 10.0.0.54 () {32 vars in 814 bytes} [Fri May 29 23:45:25 2026] GET /resource_providers/62db8e35-ee1b-4e9c-8a75-eb0de5528c05/aggregates => generated 235 bytes in 162 msecs (HTTP/1.1 404) 5 headers in 202 bytes (1 switches on core 0)
