2026-08-26 01:38:38.249 8 INFO neutron.plugins.ml2.drivers.ovn.mech_driver.mech_driver [None req-ed76cbc0-6495-4af6-97c2-c4c104f58b09 - - - - - -] OVN reports status down for port: 2747e6f4-3f0e-4e94-95d8-0f8fe089b9df
2026-08-26 01:38:38.281 7 INFO neutron.db.ovn_revision_numbers_db [None req-18a75170-0454-493a-a768-ba6e7d100118 39803122b2f546478dffd03686adefd7 f7116800e5954003af7d04966a0bc6ab - - default default] Successfully bumped revision number for resource 2747e6f4-3f0e-4e94-95d8-0f8fe089b9df (type: ports) to 1 [pid: 7|app: 0|req: 1082/2090] 10.0.0.20 () {34 vars in 669 bytes} [Wed Aug 26 01:38:37 2026] POST /v2.0/networks => generated 653 bytes in 519 msecs (HTTP/1.1 201) 4 headers in 162 bytes (1 switches on core 0)
2026-08-26 01:38:38.427 8 INFO neutron.db.ovn_revision_numbers_db [None req-6c81e686-39bc-40d5-8051-2bb7ed010969 c4e0071080de44c7994fe6aeb78f6445 654042d421cb40bab75939d098af1137 - - default default] Successfully bumped revision number for resource 9d2fe99c-2288-48d5-a84d-46a8a107da9a (type: security_groups) to 1
2026-08-26 01:38:38.446 8 INFO neutron.db.ovn_revision_numbers_db [None req-6c81e686-39bc-40d5-8051-2bb7ed010969 c4e0071080de44c7994fe6aeb78f6445 654042d421cb40bab75939d098af1137 - - default default] Successfully bumped revision number for resource 61dfc3db-0fb2-4dcd-8235-9dea201a6287 (type: security_group_rules) to 0
2026-08-26 01:38:38.466 8 INFO neutron.db.ovn_revision_numbers_db [None req-6c81e686-39bc-40d5-8051-2bb7ed010969 c4e0071080de44c7994fe6aeb78f6445 654042d421cb40bab75939d098af1137 - - default default] Successfully bumped revision number for resource a0154700-5689-42f9-865a-dae97e1da5c8 (type: security_group_rules) to 0
2026-08-26 01:38:38.487 8 INFO neutron.db.ovn_revision_numbers_db [None req-6c81e686-39bc-40d5-8051-2bb7ed010969 c4e0071080de44c7994fe6aeb78f6445 654042d421cb40bab75939d098af1137 - - default default] Successfully bumped revision number for resource abc6dd61-fb4b-4da6-b01f-20096090bcf0 (type: security_group_rules) to 0
2026-08-26 01:38:38.504 8 INFO neutron.db.ovn_revision_numbers_db [None req-6c81e686-39bc-40d5-8051-2bb7ed010969 c4e0071080de44c7994fe6aeb78f6445 654042d421cb40bab75939d098af1137 - - default default] Successfully bumped revision number for resource c542f154-dcc4-4a44-ac9b-81a8d8120458 (type: security_group_rules) to 0
2026-08-26 01:38:38.594 8 INFO neutron.db.segments_db [None req-6c81e686-39bc-40d5-8051-2bb7ed010969 c4e0071080de44c7994fe6aeb78f6445 654042d421cb40bab75939d098af1137 - - default default] Added segment 02c26e35-0ece-4d9a-a0b6-8c81dab79410 of type geneve for network 1da066f0-c3eb-4f84-bc08-35cb43b5c6ba
2026-08-26 01:38:38.745 8 INFO neutron.db.ovn_revision_numbers_db [None req-6c81e686-39bc-40d5-8051-2bb7ed010969 c4e0071080de44c7994fe6aeb78f6445 654042d421cb40bab75939d098af1137 - - default default] Successfully bumped revision number for resource 1da066f0-c3eb-4f84-bc08-35cb43b5c6ba (type: networks) to 1
2026-08-26 01:38:38.789 7 WARNING neutron.scheduler.dhcp_agent_scheduler [None req-a6d2ab87-cbf2-4018-bc16-98e8e5cb6d3a 39803122b2f546478dffd03686adefd7 f7116800e5954003af7d04966a0bc6ab - - default default] No more DHCP agents
2026-08-26 01:38:38.791 7 WARNING neutron.api.rpc.agentnotifiers.dhcp_rpc_agent_api [None req-a6d2ab87-cbf2-4018-bc16-98e8e5cb6d3a 39803122b2f546478dffd03686adefd7 f7116800e5954003af7d04966a0bc6ab - - default default] Unable to schedule network 0b5ae3a0-67f6-438a-9101-889bcceb80d1: no agents available; will retry on subsequent port and subnet creation events.
2026-08-26 01:38:38.856 7 INFO neutron.plugins.ml2.drivers.ovn.mech_driver.mech_driver [None req-61cba1e6-db34-4793-92c4-88c510023f99 - - - - - -] OVN reports status down for port: dca7f9fc-23fe-4b6c-923f-b679d93edbaf
2026-08-26 01:38:38.913 7 INFO neutron.db.ovn_revision_numbers_db [None req-a6d2ab87-cbf2-4018-bc16-98e8e5cb6d3a 39803122b2f546478dffd03686adefd7 f7116800e5954003af7d04966a0bc6ab - - default default] Successfully bumped revision number for resource dca7f9fc-23fe-4b6c-923f-b679d93edbaf (type: ports) to 1
2026-08-26 01:38:38.973 8 WARNING neutron.scheduler.dhcp_agent_scheduler [None req-6c81e686-39bc-40d5-8051-2bb7ed010969 c4e0071080de44c7994fe6aeb78f6445 654042d421cb40bab75939d098af1137 - - default default] No more DHCP agents
2026-08-26 01:38:38.974 8 WARNING neutron.api.rpc.agentnotifiers.dhcp_rpc_agent_api [None req-6c81e686-39bc-40d5-8051-2bb7ed010969 c4e0071080de44c7994fe6aeb78f6445 654042d421cb40bab75939d098af1137 - - default default] Unable to schedule network 1da066f0-c3eb-4f84-bc08-35cb43b5c6ba: no agents available; will retry on subsequent port and subnet creation events.
2026-08-26 01:38:38.980 7 WARNING neutron.scheduler.dhcp_agent_scheduler [None req-a6d2ab87-cbf2-4018-bc16-98e8e5cb6d3a 39803122b2f546478dffd03686adefd7 f7116800e5954003af7d04966a0bc6ab - - default default] No more DHCP agents
2026-08-26 01:38:38.982 7 WARNING neutron.api.rpc.agentnotifiers.dhcp_rpc_agent_api [None req-a6d2ab87-cbf2-4018-bc16-98e8e5cb6d3a 39803122b2f546478dffd03686adefd7 f7116800e5954003af7d04966a0bc6ab - - default default] Unable to schedule network f772c5e1-28c4-4e83-8fae-e6a219f89915: no agents available; will retry on subsequent port and subnet creation events.
2026-08-26 01:38:39.029 7 INFO neutron.plugins.ml2.drivers.ovn.mech_driver.mech_driver [None req-61cba1e6-db34-4793-92c4-88c510023f99 - - - - - -] OVN reports status down for port: 290e5c98-dc6b-415c-abba-638c1201a891
2026-08-26 01:38:39.058 8 INFO neutron.db.ovn_revision_numbers_db [None req-6c81e686-39bc-40d5-8051-2bb7ed010969 c4e0071080de44c7994fe6aeb78f6445 654042d421cb40bab75939d098af1137 - - default default] Successfully bumped revision number for resource 290e5c98-dc6b-415c-abba-638c1201a891 (type: ports) to 1
2026-08-26 01:38:39.097 8 INFO neutron.plugins.ml2.drivers.ovn.mech_driver.mech_driver [None req-ed76cbc0-6495-4af6-97c2-c4c104f58b09 - - - - - -] OVN reports status down for port: e9ad7309-7d57-4059-ae56-4ecaee4aeb18 [pid: 8|app: 0|req: 1009/2091] 10.0.0.20 () {34 vars in 669 bytes} [Wed Aug 26 01:38:38 2026] POST /v2.0/networks => generated 631 bytes in 1020 msecs (HTTP/1.1 201) 4 headers in 162 bytes (1 switches on core 0)
2026-08-26 01:38:39.176 7 INFO neutron.db.ovn_revision_numbers_db [None req-a6d2ab87-cbf2-4018-bc16-98e8e5cb6d3a 39803122b2f546478dffd03686adefd7 f7116800e5954003af7d04966a0bc6ab - - default default] Successfully bumped revision number for resource e9ad7309-7d57-4059-ae56-4ecaee4aeb18 (type: ports) to 1 [pid: 7|app: 0|req: 1083/2092] 10.0.0.20 () {34 vars in 664 bytes} [Wed Aug 26 01:38:38 2026] POST /v2.0/ports => generated 1504 bytes in 949 msecs (HTTP/1.1 201) 4 headers in 163 bytes (1 switches on core 0) /var/lib/openstack/lib/python3.12/site-packages/pycadf/identifier.py:70: UserWarning: Invalid uuid: neutron. To ensure interoperability, identifiers should be a valid uuid. warnings.warn(('Invalid uuid: %s. To ensure interoperability, ' [pid: 7|app: 0|req: 1084/2093] 10.0.0.20 () {32 vars in 642 bytes} [Wed Aug 26 01:38:39 2026] GET /v2.0/ports => generated 3016 bytes in 44 msecs (HTTP/1.1 200) 4 headers in 158 bytes (1 switches on core 0)
2026-08-26 01:38:39.376 8 WARNING neutron.scheduler.dhcp_agent_scheduler [None req-c80d2e88-4565-4f0b-acbb-f7dc390dce7b c4e0071080de44c7994fe6aeb78f6445 654042d421cb40bab75939d098af1137 - - default default] No more DHCP agents
2026-08-26 01:38:39.378 8 WARNING neutron.api.rpc.agentnotifiers.dhcp_rpc_agent_api [None req-c80d2e88-4565-4f0b-acbb-f7dc390dce7b c4e0071080de44c7994fe6aeb78f6445 654042d421cb40bab75939d098af1137 - - default default] Unable to schedule network 1da066f0-c3eb-4f84-bc08-35cb43b5c6ba: no agents available; will retry on subsequent port and subnet creation events.
2026-08-26 01:38:39.437 8 INFO neutron.plugins.ml2.drivers.ovn.mech_driver.mech_driver [None req-ed76cbc0-6495-4af6-97c2-c4c104f58b09 - - - - - -] OVN reports status down for port: d9c5c482-a50d-440c-8a27-9703cff34878
2026-08-26 01:38:39.461 7 INFO neutron_taas.services.taas.taas_plugin [None req-1f69bdf7-10de-4c13-866e-fe263e0f0f93 39803122b2f546478dffd03686adefd7 f7116800e5954003af7d04966a0bc6ab - - default default] TaaS: Handle Delete Port: dca7f9fc-23fe-4b6c-923f-b679d93edbaf
2026-08-26 01:38:39.466 7 INFO neutron_taas.services.taas.tap_mirror_plugin [None req-1f69bdf7-10de-4c13-866e-fe263e0f0f93 39803122b2f546478dffd03686adefd7 f7116800e5954003af7d04966a0bc6ab - - default default] Tap Mirror: Handle Delete Port: dca7f9fc-23fe-4b6c-923f-b679d93edbaf
2026-08-26 01:38:39.509 8 INFO neutron.db.ovn_revision_numbers_db [None req-c80d2e88-4565-4f0b-acbb-f7dc390dce7b c4e0071080de44c7994fe6aeb78f6445 654042d421cb40bab75939d098af1137 - - default default] Successfully bumped revision number for resource d9c5c482-a50d-440c-8a27-9703cff34878 (type: ports) to 1 [pid: 8|app: 0|req: 1010/2094] 10.0.0.20 () {34 vars in 663 bytes} [Wed Aug 26 01:38:39 2026] POST /v2.0/ports => generated 743 bytes in 502 msecs (HTTP/1.1 201) 4 headers in 162 bytes (1 switches on core 0) [pid: 7|app: 0|req: 1085/2095] 10.0.0.20 () {32 vars in 719 bytes} [Wed Aug 26 01:38:39 2026] DELETE /v2.0/ports/dca7f9fc-23fe-4b6c-923f-b679d93edbaf => generated 0 bytes in 316 msecs (HTTP/1.1 204) 3 headers in 131 bytes (1 switches on core 0) /var/lib/openstack/lib/python3.12/site-packages/pycadf/identifier.py:70: UserWarning: Invalid uuid: neutron. To ensure interoperability, identifiers should be a valid uuid. warnings.warn(('Invalid uuid: %s. To ensure interoperability, ' [pid: 7|app: 0|req: 1086/2096] 10.0.0.20 () {34 vars in 665 bytes} [Wed Aug 26 01:38:39 2026] POST /v2.0/trunks => generated 409 bytes in 234 msecs (HTTP/1.1 201) 4 headers in 162 bytes (1 switches on core 0)
2026-08-26 01:38:39.890 8 INFO neutron.db.ovn_revision_numbers_db [None req-5c39e9d6-95b2-4183-b36c-3a90cc7b0d85 d8a7f27ac8f346eba2168134c4354ba1 1e8c981489f34a10ba9480f3e3ff2bc2 - - default default] Successfully bumped revision number for resource 31a5918e-9d9d-42d4-9723-784b0dad6150 (type: security_groups) to 1
2026-08-26 01:38:39.902 8 INFO neutron.db.ovn_revision_numbers_db [None req-5c39e9d6-95b2-4183-b36c-3a90cc7b0d85 d8a7f27ac8f346eba2168134c4354ba1 1e8c981489f34a10ba9480f3e3ff2bc2 - - default default] Successfully bumped revision number for resource 19bead78-1d49-4ebc-a0a6-6a826d17133d (type: security_group_rules) to 0
2026-08-26 01:38:39.916 8 INFO neutron.db.ovn_revision_numbers_db [None req-5c39e9d6-95b2-4183-b36c-3a90cc7b0d85 d8a7f27ac8f346eba2168134c4354ba1 1e8c981489f34a10ba9480f3e3ff2bc2 - - default default] Successfully bumped revision number for resource 1d8fc05f-fef2-4e7f-b3bc-9689fdc5aeea (type: security_group_rules) to 0
2026-08-26 01:38:39.929 8 INFO neutron.db.ovn_revision_numbers_db [None req-5c39e9d6-95b2-4183-b36c-3a90cc7b0d85 d8a7f27ac8f346eba2168134c4354ba1 1e8c981489f34a10ba9480f3e3ff2bc2 - - default default] Successfully bumped revision number for resource 5dec2550-6d53-4bef-831d-b7ef14a73921 (type: security_group_rules) to 0
2026-08-26 01:38:39.945 8 INFO neutron.db.ovn_revision_numbers_db [None req-5c39e9d6-95b2-4183-b36c-3a90cc7b0d85 d8a7f27ac8f346eba2168134c4354ba1 1e8c981489f34a10ba9480f3e3ff2bc2 - - default default] Successfully bumped revision number for resource cb8cefc2-75f8-462e-b70d-c4ad807d3499 (type: security_group_rules) to 0
2026-08-26 01:38:40.024 8 INFO neutron.db.segments_db [None req-5c39e9d6-95b2-4183-b36c-3a90cc7b0d85 d8a7f27ac8f346eba2168134c4354ba1 1e8c981489f34a10ba9480f3e3ff2bc2 - - default default] Added segment 5e44d78e-fbbb-4372-9691-fe928db20df8 of type geneve for network 3d865d7a-42c2-4166-8938-e51a626f7a0e
2026-08-26 01:38:40.123 8 INFO neutron.db.ovn_revision_numbers_db [None req-5c39e9d6-95b2-4183-b36c-3a90cc7b0d85 d8a7f27ac8f346eba2168134c4354ba1 1e8c981489f34a10ba9480f3e3ff2bc2 - - default default] Successfully bumped revision number for resource 3d865d7a-42c2-4166-8938-e51a626f7a0e (type: networks) to 1
2026-08-26 01:38:40.287 8 WARNING neutron.scheduler.dhcp_agent_scheduler [None req-5c39e9d6-95b2-4183-b36c-3a90cc7b0d85 d8a7f27ac8f346eba2168134c4354ba1 1e8c981489f34a10ba9480f3e3ff2bc2 - - default default] No more DHCP agents
2026-08-26 01:38:40.289 8 WARNING neutron.api.rpc.agentnotifiers.dhcp_rpc_agent_api [None req-5c39e9d6-95b2-4183-b36c-3a90cc7b0d85 d8a7f27ac8f346eba2168134c4354ba1 1e8c981489f34a10ba9480f3e3ff2bc2 - - default default] Unable to schedule network 3d865d7a-42c2-4166-8938-e51a626f7a0e: no agents available; will retry on subsequent port and subnet creation events.
2026-08-26 01:38:40.336 8 INFO neutron.plugins.ml2.drivers.ovn.mech_driver.mech_driver [None req-ed76cbc0-6495-4af6-97c2-c4c104f58b09 - - - - - -] OVN reports status down for port: 1c6dc634-0968-4c77-aa1d-356ed1bc1841
2026-08-26 01:38:40.385 8 INFO neutron.db.ovn_revision_numbers_db [None req-5c39e9d6-95b2-4183-b36c-3a90cc7b0d85 d8a7f27ac8f346eba2168134c4354ba1 1e8c981489f34a10ba9480f3e3ff2bc2 - - default default] Successfully bumped revision number for resource 1c6dc634-0968-4c77-aa1d-356ed1bc1841 (type: ports) to 1 [pid: 8|app: 0|req: 1011/2097] 10.0.0.20 () {34 vars in 669 bytes} [Wed Aug 26 01:38:39 2026] POST /v2.0/networks => generated 632 bytes in 805 msecs (HTTP/1.1 201) 4 headers in 162 bytes (1 switches on core 0) [pid: 8|app: 0|req: 1012/2098] 10.0.0.20 () {34 vars in 748 bytes} [Wed Aug 26 01:38:40 2026] PUT /v2.0/trunks/fe686a56-104f-410a-a356-7f28d7fd7f46/tags => generated 25 bytes in 59 msecs (HTTP/1.1 200) 4 headers in 156 bytes (1 switches on core 0)
2026-08-26 01:38:40.637 7 INFO neutron_taas.services.taas.taas_plugin [None req-b0ab46a7-a83d-4984-9384-d0baee7c750b 39803122b2f546478dffd03686adefd7 f7116800e5954003af7d04966a0bc6ab - - default default] TaaS: Handle Delete Port: e9ad7309-7d57-4059-ae56-4ecaee4aeb18
2026-08-26 01:38:40.640 7 INFO neutron_taas.services.taas.tap_mirror_plugin [None req-b0ab46a7-a83d-4984-9384-d0baee7c750b 39803122b2f546478dffd03686adefd7 f7116800e5954003af7d04966a0bc6ab - - default default] Tap Mirror: Handle Delete Port: e9ad7309-7d57-4059-ae56-4ecaee4aeb18 [pid: 7|app: 0|req: 1087/2099] 10.0.0.20 () {32 vars in 719 bytes} [Wed Aug 26 01:38:39 2026] DELETE /v2.0/ports/e9ad7309-7d57-4059-ae56-4ecaee4aeb18 => generated 0 bytes in 863 msecs (HTTP/1.1 204) 3 headers in 131 bytes (1 switches on core 0) [pid: 7|app: 0|req: 1088/2100] 10.0.0.20 () {32 vars in 728 bytes} [Wed Aug 26 01:38:40 2026] GET /v2.0/trunks/fe686a56-104f-410a-a356-7f28d7fd7f46/tags => generated 25 bytes in 23 msecs (HTTP/1.1 200) 4 headers in 156 bytes (1 switches on core 0)
2026-08-26 01:38:40.771 8 WARNING neutron.scheduler.dhcp_agent_scheduler [None req-1fa1a705-bf18-43c5-9957-650019eb5587 d8a7f27ac8f346eba2168134c4354ba1 1e8c981489f34a10ba9480f3e3ff2bc2 - - default default] No more DHCP agents
2026-08-26 01:38:40.772 8 WARNING neutron.api.rpc.agentnotifiers.dhcp_rpc_agent_api [None req-1fa1a705-bf18-43c5-9957-650019eb5587 d8a7f27ac8f346eba2168134c4354ba1 1e8c981489f34a10ba9480f3e3ff2bc2 - - default default] Unable to schedule network 3d865d7a-42c2-4166-8938-e51a626f7a0e: no agents available; will retry on subsequent port and subnet creation events. [pid: 7|app: 0|req: 1089/2101] 10.0.0.20 () {32 vars in 642 bytes} [Wed Aug 26 01:38:40 2026] GET /v2.0/ports => generated 1523 bytes in 66 msecs (HTTP/1.1 200) 4 headers in 158 bytes (1 switches on core 0)
2026-08-26 01:38:40.849 7 INFO neutron.plugins.ml2.drivers.ovn.mech_driver.mech_driver [None req-61cba1e6-db34-4793-92c4-88c510023f99 - - - - - -] OVN reports status down for port: a516f7da-673e-4acc-bbb7-f755c85d724b
2026-08-26 01:38:40.860 8 INFO neutron.db.ovn_revision_numbers_db [None req-1fa1a705-bf18-43c5-9957-650019eb5587 d8a7f27ac8f346eba2168134c4354ba1 1e8c981489f34a10ba9480f3e3ff2bc2 - - default default] Successfully bumped revision number for resource a516f7da-673e-4acc-bbb7-f755c85d724b (type: ports) to 1 [pid: 7|app: 0|req: 1090/2102] 10.0.0.20 () {34 vars in 759 bytes} [Wed Aug 26 01:38:40 2026] PUT /v2.0/trunks/fe686a56-104f-410a-a356-7f28d7fd7f46/tags/green => generated 4 bytes in 91 msecs (HTTP/1.1 201) 4 headers in 160 bytes (1 switches on core 0) [pid: 8|app: 0|req: 1013/2103] 10.0.0.20 () {34 vars in 663 bytes} [Wed Aug 26 01:38:40 2026] POST /v2.0/ports => generated 743 bytes in 469 msecs (HTTP/1.1 201) 4 headers in 162 bytes (1 switches on core 0) /var/lib/openstack/lib/python3.12/site-packages/pycadf/identifier.py:70: UserWarning: Invalid uuid: neutron. To ensure interoperability, identifiers should be a valid uuid. warnings.warn(('Invalid uuid: %s. To ensure interoperability, ' [pid: 8|app: 0|req: 1014/2104] 10.0.0.20 () {32 vars in 728 bytes} [Wed Aug 26 01:38:40 2026] GET /v2.0/trunks/fe686a56-104f-410a-a356-7f28d7fd7f46/tags => generated 34 bytes in 16 msecs (HTTP/1.1 200) 4 headers in 156 bytes (1 switches on core 0)
2026-08-26 01:38:41.039 7 INFO neutron.db.segments_db [None req-70945f45-0e0c-4f96-9035-58f0121deda2 39803122b2f546478dffd03686adefd7 f7116800e5954003af7d04966a0bc6ab - - default default] Added segment 855f4009-1191-45b1-99f6-63bba4763709 of type geneve for network 44ad1670-262e-4379-8b66-7af52e496868 [pid: 8|app: 0|req: 1015/2105] 10.0.0.20 () {34 vars in 665 bytes} [Wed Aug 26 01:38:40 2026] POST /v2.0/trunks => generated 409 bytes in 199 msecs (HTTP/1.1 201) 4 headers in 162 bytes (1 switches on core 0)
2026-08-26 01:38:41.170 7 INFO neutron.db.ovn_revision_numbers_db [None req-70945f45-0e0c-4f96-9035-58f0121deda2 39803122b2f546478dffd03686adefd7 f7116800e5954003af7d04966a0bc6ab - - default default] Successfully bumped revision number for resource 44ad1670-262e-4379-8b66-7af52e496868 (type: networks) to 1 [pid: 8|app: 0|req: 1016/2106] 10.0.0.20 () {34 vars in 755 bytes} [Wed Aug 26 01:38:41 2026] PUT /v2.0/trunks/fe686a56-104f-410a-a356-7f28d7fd7f46/tags/red => generated 4 bytes in 23 msecs (HTTP/1.1 201) 4 headers in 160 bytes (1 switches on core 0)
2026-08-26 01:38:41.267 8 INFO neutron.db.segments_db [None req-e3dce1de-1c94-4d60-8e6a-5ac3a22ba314 d8a7f27ac8f346eba2168134c4354ba1 1e8c981489f34a10ba9480f3e3ff2bc2 - - default default] Added segment 9b217dda-c764-4c52-bacc-8296abb2e3ce of type geneve for network d3110376-98d1-4b40-b356-eb03134778cc
2026-08-26 01:38:41.327 7 WARNING neutron.scheduler.dhcp_agent_scheduler [None req-70945f45-0e0c-4f96-9035-58f0121deda2 39803122b2f546478dffd03686adefd7 f7116800e5954003af7d04966a0bc6ab - - default default] No more DHCP agents
2026-08-26 01:38:41.329 7 WARNING neutron.api.rpc.agentnotifiers.dhcp_rpc_agent_api [None req-70945f45-0e0c-4f96-9035-58f0121deda2 39803122b2f546478dffd03686adefd7 f7116800e5954003af7d04966a0bc6ab - - default default] Unable to schedule network 44ad1670-262e-4379-8b66-7af52e496868: no agents available; will retry on subsequent port and subnet creation events.
2026-08-26 01:38:41.382 7 INFO neutron.plugins.ml2.drivers.ovn.mech_driver.mech_driver [None req-61cba1e6-db34-4793-92c4-88c510023f99 - - - - - -] OVN reports status down for port: fb04d439-5deb-42b9-afe2-e0fe3f414c42
2026-08-26 01:38:41.401 8 INFO neutron.db.ovn_revision_numbers_db [None req-e3dce1de-1c94-4d60-8e6a-5ac3a22ba314 d8a7f27ac8f346eba2168134c4354ba1 1e8c981489f34a10ba9480f3e3ff2bc2 - - default default] Successfully bumped revision number for resource d3110376-98d1-4b40-b356-eb03134778cc (type: networks) to 1
2026-08-26 01:38:41.441 7 INFO neutron.db.ovn_revision_numbers_db [None req-70945f45-0e0c-4f96-9035-58f0121deda2 39803122b2f546478dffd03686adefd7 f7116800e5954003af7d04966a0bc6ab - - default default] Successfully bumped revision number for resource fb04d439-5deb-42b9-afe2-e0fe3f414c42 (type: ports) to 1 [pid: 7|app: 0|req: 1091/2107] 10.0.0.20 () {34 vars in 669 bytes} [Wed Aug 26 01:38:40 2026] POST /v2.0/networks => generated 653 bytes in 568 msecs (HTTP/1.1 201) 4 headers in 162 bytes (1 switches on core 0) [pid: 7|app: 0|req: 1092/2108] 10.0.0.20 () {32 vars in 728 bytes} [Wed Aug 26 01:38:41 2026] GET /v2.0/trunks/fe686a56-104f-410a-a356-7f28d7fd7f46/tags => generated 34 bytes in 19 msecs (HTTP/1.1 200) 4 headers in 156 bytes (1 switches on core 0)
2026-08-26 01:38:41.576 8 WARNING neutron.scheduler.dhcp_agent_scheduler [None req-e3dce1de-1c94-4d60-8e6a-5ac3a22ba314 d8a7f27ac8f346eba2168134c4354ba1 1e8c981489f34a10ba9480f3e3ff2bc2 - - default default] No more DHCP agents
2026-08-26 01:38:41.578 8 WARNING neutron.api.rpc.agentnotifiers.dhcp_rpc_agent_api [None req-e3dce1de-1c94-4d60-8e6a-5ac3a22ba314 d8a7f27ac8f346eba2168134c4354ba1 1e8c981489f34a10ba9480f3e3ff2bc2 - - default default] Unable to schedule network d3110376-98d1-4b40-b356-eb03134778cc: no agents available; will retry on subsequent port and subnet creation events.
2026-08-26 01:38:41.649 8 INFO neutron.plugins.ml2.drivers.ovn.mech_driver.mech_driver [None req-ed76cbc0-6495-4af6-97c2-c4c104f58b09 - - - - - -] OVN reports status down for port: ff640af7-a56d-459b-a64c-8afde39a656a
2026-08-26 01:38:41.711 8 INFO neutron.db.ovn_revision_numbers_db [None req-e3dce1de-1c94-4d60-8e6a-5ac3a22ba314 d8a7f27ac8f346eba2168134c4354ba1 1e8c981489f34a10ba9480f3e3ff2bc2 - - default default] Successfully bumped revision number for resource ff640af7-a56d-459b-a64c-8afde39a656a (type: ports) to 1 [pid: 8|app: 0|req: 1017/2109] 10.0.0.20 () {34 vars in 669 bytes} [Wed Aug 26 01:38:41 2026] POST /v2.0/networks => generated 631 bytes in 568 msecs (HTTP/1.1 201) 4 headers in 162 bytes (1 switches on core 0)
2026-08-26 01:38:41.833 7 INFO neutron.db.ovn_revision_numbers_db [None req-25f91c77-fd6a-4bf4-8748-1cb321bbcb47 b7d8d73865ac40d59fd04e8aaec16164 f487765dd152441ca437fe9fa460639e - - default default] Successfully bumped revision number for resource 4dfbf9ef-39b9-497e-92d5-22f9dbecb833 (type: security_groups) to 1
2026-08-26 01:38:41.841 8 INFO neutron.db.segments_db [None req-98abbed3-aad8-46ea-8012-30bd99568948 39803122b2f546478dffd03686adefd7 f7116800e5954003af7d04966a0bc6ab - - default default] Added segment 668360db-6ec5-4d7d-90cb-7a05aef23cea of type geneve for network a4e5dd43-bbba-4daa-b31f-1c867a95f075
2026-08-26 01:38:41.845 7 INFO neutron.db.ovn_revision_numbers_db [None req-25f91c77-fd6a-4bf4-8748-1cb321bbcb47 b7d8d73865ac40d59fd04e8aaec16164 f487765dd152441ca437fe9fa460639e - - default default] Successfully bumped revision number for resource 4acff062-20e4-420d-b109-993e3c1e291a (type: security_group_rules) to 0
2026-08-26 01:38:41.856 7 INFO neutron.db.ovn_revision_numbers_db [None req-25f91c77-fd6a-4bf4-8748-1cb321bbcb47 b7d8d73865ac40d59fd04e8aaec16164 f487765dd152441ca437fe9fa460639e - - default default] Successfully bumped revision number for resource cdbcd959-29d7-4313-baf4-2490443d226e (type: security_group_rules) to 0
2026-08-26 01:38:41.868 7 INFO neutron.db.ovn_revision_numbers_db [None req-25f91c77-fd6a-4bf4-8748-1cb321bbcb47 b7d8d73865ac40d59fd04e8aaec16164 f487765dd152441ca437fe9fa460639e - - default default] Successfully bumped revision number for resource f78c30b3-1289-4d93-97a2-2fe7f095c4dc (type: security_group_rules) to 0
2026-08-26 01:38:41.880 7 INFO neutron.db.ovn_revision_numbers_db [None req-25f91c77-fd6a-4bf4-8748-1cb321bbcb47 b7d8d73865ac40d59fd04e8aaec16164 f487765dd152441ca437fe9fa460639e - - default default] Successfully bumped revision number for resource fea10457-4019-42f0-a3dc-4ffb7d62df8a (type: security_group_rules) to 0
2026-08-26 01:38:41.948 8 INFO neutron.db.ovn_revision_numbers_db [None req-98abbed3-aad8-46ea-8012-30bd99568948 39803122b2f546478dffd03686adefd7 f7116800e5954003af7d04966a0bc6ab - - default default] Successfully bumped revision number for resource a4e5dd43-bbba-4daa-b31f-1c867a95f075 (type: networks) to 1
2026-08-26 01:38:41.956 7 INFO neutron.db.segments_db [None req-25f91c77-fd6a-4bf4-8748-1cb321bbcb47 b7d8d73865ac40d59fd04e8aaec16164 f487765dd152441ca437fe9fa460639e - - default default] Added segment 580bbf42-63e4-4bda-b51a-eee83954b0f4 of type geneve for network aba8d89f-a654-40da-a2d7-cf76ba45e578
2026-08-26 01:38:42.075 7 INFO neutron.db.ovn_revision_numbers_db [None req-25f91c77-fd6a-4bf4-8748-1cb321bbcb47 b7d8d73865ac40d59fd04e8aaec16164 f487765dd152441ca437fe9fa460639e - - default default] Successfully bumped revision number for resource aba8d89f-a654-40da-a2d7-cf76ba45e578 (type: networks) to 1
2026-08-26 01:38:42.131 8 WARNING neutron.scheduler.dhcp_agent_scheduler [None req-98abbed3-aad8-46ea-8012-30bd99568948 39803122b2f546478dffd03686adefd7 f7116800e5954003af7d04966a0bc6ab - - default default] No more DHCP agents
2026-08-26 01:38:42.132 8 WARNING neutron.api.rpc.agentnotifiers.dhcp_rpc_agent_api [None req-98abbed3-aad8-46ea-8012-30bd99568948 39803122b2f546478dffd03686adefd7 f7116800e5954003af7d04966a0bc6ab - - default default] Unable to schedule network a4e5dd43-bbba-4daa-b31f-1c867a95f075: no agents available; will retry on subsequent port and subnet creation events.
2026-08-26 01:38:42.185 8 INFO neutron.plugins.ml2.drivers.ovn.mech_driver.mech_driver [None req-ed76cbc0-6495-4af6-97c2-c4c104f58b09 - - - - - -] OVN reports status down for port: e698f7a8-999e-4b13-845a-a3e1216d689d
2026-08-26 01:38:42.242 8 INFO neutron.db.ovn_revision_numbers_db [None req-98abbed3-aad8-46ea-8012-30bd99568948 39803122b2f546478dffd03686adefd7 f7116800e5954003af7d04966a0bc6ab - - default default] Successfully bumped revision number for resource e698f7a8-999e-4b13-845a-a3e1216d689d (type: ports) to 1
2026-08-26 01:38:42.251 7 WARNING neutron.scheduler.dhcp_agent_scheduler [None req-25f91c77-fd6a-4bf4-8748-1cb321bbcb47 b7d8d73865ac40d59fd04e8aaec16164 f487765dd152441ca437fe9fa460639e - - default default] No more DHCP agents
2026-08-26 01:38:42.252 7 WARNING neutron.api.rpc.agentnotifiers.dhcp_rpc_agent_api [None req-25f91c77-fd6a-4bf4-8748-1cb321bbcb47 b7d8d73865ac40d59fd04e8aaec16164 f487765dd152441ca437fe9fa460639e - - default default] Unable to schedule network aba8d89f-a654-40da-a2d7-cf76ba45e578: no agents available; will retry on subsequent port and subnet creation events. [pid: 8|app: 0|req: 1018/2110] 10.0.0.20 () {34 vars in 669 bytes} [Wed Aug 26 01:38:41 2026] POST /v2.0/networks => generated 654 bytes in 531 msecs (HTTP/1.1 201) 4 headers in 162 bytes (1 switches on core 0)
2026-08-26 01:38:42.308 7 INFO neutron.plugins.ml2.drivers.ovn.mech_driver.mech_driver [None req-61cba1e6-db34-4793-92c4-88c510023f99 - - - - - -] OVN reports status down for port: 7cf55d7a-b309-4922-b25b-2afff916a56e [pid: 8|app: 0|req: 1019/2111] 10.0.0.20 () {34 vars in 777 bytes} [Wed Aug 26 01:38:42 2026] PUT /v2.0/trunks/fe686a56-104f-410a-a356-7f28d7fd7f46/tags/black.or.white => generated 4 bytes in 59 msecs (HTTP/1.1 201) 4 headers in 160 bytes (1 switches on core 0)
2026-08-26 01:38:42.372 7 INFO neutron.db.ovn_revision_numbers_db [None req-25f91c77-fd6a-4bf4-8748-1cb321bbcb47 b7d8d73865ac40d59fd04e8aaec16164 f487765dd152441ca437fe9fa460639e - - default default] Successfully bumped revision number for resource 7cf55d7a-b309-4922-b25b-2afff916a56e (type: ports) to 1 [pid: 7|app: 0|req: 1093/2112] 10.0.0.20 () {34 vars in 669 bytes} [Wed Aug 26 01:38:41 2026] POST /v2.0/networks => generated 640 bytes in 904 msecs (HTTP/1.1 201) 4 headers in 162 bytes (1 switches on core 0) [pid: 7|app: 0|req: 1094/2113] 10.0.0.20 () {32 vars in 728 bytes} [Wed Aug 26 01:38:42 2026] GET /v2.0/trunks/fe686a56-104f-410a-a356-7f28d7fd7f46/tags => generated 52 bytes in 20 msecs (HTTP/1.1 200) 4 headers in 156 bytes (1 switches on core 0)
2026-08-26 01:38:42.571 8 WARNING neutron.scheduler.dhcp_agent_scheduler [None req-b61fa14a-a06e-4e22-b365-4f992386eb69 d8a7f27ac8f346eba2168134c4354ba1 1e8c981489f34a10ba9480f3e3ff2bc2 - - default default] No more DHCP agents
2026-08-26 01:38:42.573 8 WARNING neutron.api.rpc.agentnotifiers.dhcp_rpc_agent_api [None req-b61fa14a-a06e-4e22-b365-4f992386eb69 d8a7f27ac8f346eba2168134c4354ba1 1e8c981489f34a10ba9480f3e3ff2bc2 - - default default] Unable to schedule network d3110376-98d1-4b40-b356-eb03134778cc: no agents available; will retry on subsequent port and subnet creation events.
2026-08-26 01:38:42.632 8 INFO neutron.plugins.ml2.drivers.ovn.mech_driver.mech_driver [None req-ed76cbc0-6495-4af6-97c2-c4c104f58b09 - - - - - -] OVN reports status down for port: c7287084-c46b-40a9-bbfb-5b73c7c987a8
2026-08-26 01:38:42.653 7 WARNING neutron.scheduler.dhcp_agent_scheduler [None req-1776fd24-ecf9-44c6-80d9-2ec2a8515db2 b7d8d73865ac40d59fd04e8aaec16164 f487765dd152441ca437fe9fa460639e - - default default] No more DHCP agents
2026-08-26 01:38:42.654 7 WARNING neutron.api.rpc.agentnotifiers.dhcp_rpc_agent_api [None req-1776fd24-ecf9-44c6-80d9-2ec2a8515db2 b7d8d73865ac40d59fd04e8aaec16164 f487765dd152441ca437fe9fa460639e - - default default] Unable to schedule network aba8d89f-a654-40da-a2d7-cf76ba45e578: no agents available; will retry on subsequent port and subnet creation events.
2026-08-26 01:38:42.700 8 INFO neutron.db.ovn_revision_numbers_db [None req-b61fa14a-a06e-4e22-b365-4f992386eb69 d8a7f27ac8f346eba2168134c4354ba1 1e8c981489f34a10ba9480f3e3ff2bc2 - - default default] Successfully bumped revision number for resource c7287084-c46b-40a9-bbfb-5b73c7c987a8 (type: ports) to 1 [pid: 8|app: 0|req: 1020/2114] 10.0.0.20 () {34 vars in 663 bytes} [Wed Aug 26 01:38:42 2026] POST /v2.0/ports => generated 743 bytes in 443 msecs (HTTP/1.1 201) 4 headers in 162 bytes (1 switches on core 0) /var/lib/openstack/lib/python3.12/site-packages/pycadf/identifier.py:70: UserWarning: Invalid uuid: neutron. To ensure interoperability, identifiers should be a valid uuid. warnings.warn(('Invalid uuid: %s. To ensure interoperability, ' [pid: 8|app: 0|req: 1021/2115] 10.0.0.20 () {34 vars in 748 bytes} [Wed Aug 26 01:38:42 2026] PUT /v2.0/trunks/fe686a56-104f-410a-a356-7f28d7fd7f46/tags => generated 37 bytes in 35 msecs (HTTP/1.1 200) 4 headers in 156 bytes (1 switches on core 0) [pid: 8|app: 0|req: 1022/2116] 10.0.0.20 () {34 vars in 665 bytes} [Wed Aug 26 01:38:42 2026] POST /v2.0/trunks => generated 409 bytes in 154 msecs (HTTP/1.1 201) 4 headers in 162 bytes (1 switches on core 0)
2026-08-26 01:38:43.092 7 INFO neutron.db.ovn_revision_numbers_db [None req-df733327-b34e-486a-9f46-8d06575a2981 - - - - - -] Successfully bumped revision number for resource 7cf55d7a-b309-4922-b25b-2afff916a56e (type: ports) to 2
2026-08-26 01:38:43.124 7 INFO neutron.db.ovn_revision_numbers_db [None req-df733327-b34e-486a-9f46-8d06575a2981 - - - - - -] Successfully bumped revision number for resource d85288ac-e02c-4b9c-9e38-0f6301c9c4ca (type: subnets) to 0 [pid: 7|app: 0|req: 1095/2117] 10.0.0.20 () {34 vars in 668 bytes} [Wed Aug 26 01:38:42 2026] POST /v2.0/subnets => generated 658 bytes in 698 msecs (HTTP/1.1 201) 4 headers in 162 bytes (1 switches on core 0) [pid: 7|app: 0|req: 1096/2118] 10.0.0.20 () {32 vars in 728 bytes} [Wed Aug 26 01:38:43 2026] GET /v2.0/trunks/fe686a56-104f-410a-a356-7f28d7fd7f46/tags => generated 37 bytes in 16 msecs (HTTP/1.1 200) 4 headers in 156 bytes (1 switches on core 0)
2026-08-26 01:38:43.233 7 INFO neutron.db.segments_db [None req-63b2d561-f83f-4790-8db1-20590690d250 d8a7f27ac8f346eba2168134c4354ba1 1e8c981489f34a10ba9480f3e3ff2bc2 - - default default] Added segment 19c109d0-caf8-4e8d-bea9-777308f58257 of type geneve for network c0848720-54be-42e1-9722-de2d03b53740
2026-08-26 01:38:43.287 8 WARNING neutron.scheduler.dhcp_agent_scheduler [None req-41368570-b7aa-4488-9b30-ac817bd0a371 39803122b2f546478dffd03686adefd7 f7116800e5954003af7d04966a0bc6ab - - default default] No more DHCP agents
2026-08-26 01:38:43.288 8 WARNING neutron.api.rpc.agentnotifiers.dhcp_rpc_agent_api [None req-41368570-b7aa-4488-9b30-ac817bd0a371 39803122b2f546478dffd03686adefd7 f7116800e5954003af7d04966a0bc6ab - - default default] Unable to schedule network 44ad1670-262e-4379-8b66-7af52e496868: no agents available; will retry on subsequent port and subnet creation events.
2026-08-26 01:38:43.325 8 INFO neutron.db.ovn_revision_numbers_db [None req-41368570-b7aa-4488-9b30-ac817bd0a371 39803122b2f546478dffd03686adefd7 f7116800e5954003af7d04966a0bc6ab - - default default] Successfully bumped revision number for resource 3a445762-047d-483e-9bc6-5733a8137fae (type: subnets) to 0
2026-08-26 01:38:43.348 7 INFO neutron.db.ovn_revision_numbers_db [None req-63b2d561-f83f-4790-8db1-20590690d250 d8a7f27ac8f346eba2168134c4354ba1 1e8c981489f34a10ba9480f3e3ff2bc2 - - default default] Successfully bumped revision number for resource c0848720-54be-42e1-9722-de2d03b53740 (type: networks) to 1
2026-08-26 01:38:43.350 8 WARNING neutron.scheduler.dhcp_agent_scheduler [None req-41368570-b7aa-4488-9b30-ac817bd0a371 39803122b2f546478dffd03686adefd7 f7116800e5954003af7d04966a0bc6ab - - default default] No more DHCP agents
2026-08-26 01:38:43.351 8 WARNING neutron.api.rpc.agentnotifiers.dhcp_rpc_agent_api [None req-41368570-b7aa-4488-9b30-ac817bd0a371 39803122b2f546478dffd03686adefd7 f7116800e5954003af7d04966a0bc6ab - - default default] Unable to schedule network a4e5dd43-bbba-4daa-b31f-1c867a95f075: no agents available; will retry on subsequent port and subnet creation events.
2026-08-26 01:38:43.377 8 INFO neutron.db.ovn_revision_numbers_db [None req-41368570-b7aa-4488-9b30-ac817bd0a371 39803122b2f546478dffd03686adefd7 f7116800e5954003af7d04966a0bc6ab - - default default] Successfully bumped revision number for resource ef77bc11-e6d1-4083-bd4b-f0c863e79dc0 (type: subnets) to 0 [pid: 8|app: 0|req: 1023/2119] 10.0.0.20 () {34 vars in 668 bytes} [Wed Aug 26 01:38:42 2026] POST /v2.0/subnets => generated 1324 bytes in 413 msecs (HTTP/1.1 201) 4 headers in 163 bytes (1 switches on core 0) [pid: 8|app: 0|req: 1024/2120] 10.0.0.20 () {32 vars in 721 bytes} [Wed Aug 26 01:38:43 2026] GET /v2.0/subnetpools?name=shared-default-subnetpool-v6 => generated 19 bytes in 50 msecs (HTTP/1.1 200) 4 headers in 156 bytes (1 switches on core 0) [pid: 8|app: 0|req: 1025/2121] 10.0.0.20 () {32 vars in 736 bytes} [Wed Aug 26 01:38:43 2026] GET /v2.0/trunks/fe686a56-104f-410a-a356-7f28d7fd7f46/tags/red => generated 0 bytes in 21 msecs (HTTP/1.1 204) 2 headers in 112 bytes (1 switches on core 0) [pid: 8|app: 0|req: 1026/2122] 10.0.0.20 () {32 vars in 646 bytes} [Wed Aug 26 01:38:43 2026] GET /v2.0/subnets => generated 1960 bytes in 42 msecs (HTTP/1.1 200) 4 headers in 158 bytes (1 switches on core 0)
2026-08-26 01:38:43.556 7 WARNING neutron.scheduler.dhcp_agent_scheduler [None req-63b2d561-f83f-4790-8db1-20590690d250 d8a7f27ac8f346eba2168134c4354ba1 1e8c981489f34a10ba9480f3e3ff2bc2 - - default default] No more DHCP agents
2026-08-26 01:38:43.557 7 WARNING neutron.api.rpc.agentnotifiers.dhcp_rpc_agent_api [None req-63b2d561-f83f-4790-8db1-20590690d250 d8a7f27ac8f346eba2168134c4354ba1 1e8c981489f34a10ba9480f3e3ff2bc2 - - default default] Unable to schedule network c0848720-54be-42e1-9722-de2d03b53740: no agents available; will retry on subsequent port and subnet creation events.
2026-08-26 01:38:43.618 8 INFO neutron.plugins.ml2.drivers.ovn.mech_driver.mech_driver [None req-ed76cbc0-6495-4af6-97c2-c4c104f58b09 - - - - - -] OVN reports status down for port: 0f904020-ae81-44fb-a6ad-0c4097f70282
2026-08-26 01:38:43.666 7 INFO neutron.db.ovn_revision_numbers_db [None req-63b2d561-f83f-4790-8db1-20590690d250 d8a7f27ac8f346eba2168134c4354ba1 1e8c981489f34a10ba9480f3e3ff2bc2 - - default default] Successfully bumped revision number for resource 0f904020-ae81-44fb-a6ad-0c4097f70282 (type: ports) to 1 [pid: 7|app: 0|req: 1097/2123] 10.0.0.20 () {34 vars in 669 bytes} [Wed Aug 26 01:38:43 2026] POST /v2.0/networks => generated 631 bytes in 529 msecs (HTTP/1.1 201) 4 headers in 162 bytes (1 switches on core 0)
2026-08-26 01:38:43.702 7 INFO neutron.api.v2.resource [None req-c147c032-7ed9-4d6a-a0ca-0e6db355923b c4e0071080de44c7994fe6aeb78f6445 654042d421cb40bab75939d098af1137 - - default default] show failed (client error): The resource could not be found. [pid: 7|app: 0|req: 1098/2124] 10.0.0.20 () {32 vars in 740 bytes} [Wed Aug 26 01:38:43 2026] GET /v2.0/trunks/fe686a56-104f-410a-a356-7f28d7fd7f46/tags/green => generated 99 bytes in 18 msecs (HTTP/1.1 404) 4 headers in 163 bytes (1 switches on core 0)
2026-08-26 01:38:43.809 8 WARNING neutron.scheduler.dhcp_agent_scheduler [None req-d4155958-9ded-47da-a3ba-d495b3b487e2 b7d8d73865ac40d59fd04e8aaec16164 f487765dd152441ca437fe9fa460639e - - default default] No more DHCP agents
2026-08-26 01:38:43.811 8 WARNING neutron.api.rpc.agentnotifiers.dhcp_rpc_agent_api [None req-d4155958-9ded-47da-a3ba-d495b3b487e2 b7d8d73865ac40d59fd04e8aaec16164 f487765dd152441ca437fe9fa460639e - - default default] Unable to schedule network aba8d89f-a654-40da-a2d7-cf76ba45e578: no agents available; will retry on subsequent port and subnet creation events. [pid: 7|app: 0|req: 1099/2125] 10.0.0.20 () {32 vars in 723 bytes} [Wed Aug 26 01:38:43 2026] DELETE /v2.0/subnets/3a445762-047d-483e-9bc6-5733a8137fae => generated 0 bytes in 140 msecs (HTTP/1.1 204) 3 headers in 131 bytes (1 switches on core 0)
2026-08-26 01:38:43.845 8 INFO neutron.db.ovn_revision_numbers_db [None req-d4155958-9ded-47da-a3ba-d495b3b487e2 b7d8d73865ac40d59fd04e8aaec16164 f487765dd152441ca437fe9fa460639e - - default default] Successfully bumped revision number for resource df6363cd-4c38-4608-a997-b52db85bfbda (type: subnets) to 0 [pid: 8|app: 0|req: 1027/2126] 10.0.0.20 () {34 vars in 668 bytes} [Wed Aug 26 01:38:43 2026] POST /v2.0/subnets => generated 731 bytes in 356 msecs (HTTP/1.1 201) 4 headers in 162 bytes (1 switches on core 0) [pid: 8|app: 0|req: 1028/2127] 10.0.0.20 () {32 vars in 739 bytes} [Wed Aug 26 01:38:43 2026] DELETE /v2.0/trunks/fe686a56-104f-410a-a356-7f28d7fd7f46/tags/red => generated 0 bytes in 33 msecs (HTTP/1.1 204) 2 headers in 112 bytes (1 switches on core 0) [pid: 8|app: 0|req: 1029/2128] 10.0.0.20 () {32 vars in 723 bytes} [Wed Aug 26 01:38:43 2026] DELETE /v2.0/subnets/ef77bc11-e6d1-4083-bd4b-f0c863e79dc0 => generated 0 bytes in 137 msecs (HTTP/1.1 204) 3 headers in 131 bytes (1 switches on core 0)
2026-08-26 01:38:44.049 7 WARNING neutron.scheduler.dhcp_agent_scheduler [None req-62471850-e127-47d4-8035-bf8304b8722c d8a7f27ac8f346eba2168134c4354ba1 1e8c981489f34a10ba9480f3e3ff2bc2 - - default default] No more DHCP agents
2026-08-26 01:38:44.050 7 WARNING neutron.api.rpc.agentnotifiers.dhcp_rpc_agent_api [None req-62471850-e127-47d4-8035-bf8304b8722c d8a7f27ac8f346eba2168134c4354ba1 1e8c981489f34a10ba9480f3e3ff2bc2 - - default default] Unable to schedule network c0848720-54be-42e1-9722-de2d03b53740: no agents available; will retry on subsequent port and subnet creation events.
2026-08-26 01:38:44.119 8 INFO neutron.db.segments_db [None req-14699676-b218-4985-9595-1328c07a5c3f b7d8d73865ac40d59fd04e8aaec16164 f487765dd152441ca437fe9fa460639e - - default default] Added segment 37f8bce0-ad0a-489a-bcbb-a0d913fe23ca of type geneve for network 7ee38580-67c8-4b2b-a98a-bf7f80fc6441
2026-08-26 01:38:44.125 8 INFO neutron.plugins.ml2.drivers.ovn.mech_driver.mech_driver [None req-ed76cbc0-6495-4af6-97c2-c4c104f58b09 - - - - - -] OVN reports status down for port: 5768ee98-d5a7-400d-9c78-5d01b94d480d
2026-08-26 01:38:44.146 7 INFO neutron.db.ovn_revision_numbers_db [None req-62471850-e127-47d4-8035-bf8304b8722c d8a7f27ac8f346eba2168134c4354ba1 1e8c981489f34a10ba9480f3e3ff2bc2 - - default default] Successfully bumped revision number for resource 5768ee98-d5a7-400d-9c78-5d01b94d480d (type: ports) to 1 [pid: 7|app: 0|req: 1100/2129] 10.0.0.20 () {34 vars in 663 bytes} [Wed Aug 26 01:38:43 2026] POST /v2.0/ports => generated 743 bytes in 345 msecs (HTTP/1.1 201) 4 headers in 162 bytes (1 switches on core 0) /var/lib/openstack/lib/python3.12/site-packages/pycadf/identifier.py:70: UserWarning: Invalid uuid: neutron. To ensure interoperability, identifiers should be a valid uuid. warnings.warn(('Invalid uuid: %s. To ensure interoperability, ' [pid: 7|app: 0|req: 1101/2130] 10.0.0.20 () {32 vars in 728 bytes} [Wed Aug 26 01:38:44 2026] GET /v2.0/trunks/fe686a56-104f-410a-a356-7f28d7fd7f46/tags => generated 30 bytes in 19 msecs (HTTP/1.1 200) 4 headers in 156 bytes (1 switches on core 0) [pid: 7|app: 0|req: 1104/2133] 10.0.0.20 () {32 vars in 646 bytes} [Wed Aug 26 01:38:44 2026] GET /v2.0/subnets => generated 649 bytes in 26 msecs (HTTP/1.1 200) 4 headers in 157 bytes (1 switches on core 0) [pid: 7|app: 0|req: 1105/2134] 10.0.0.20 () {34 vars in 665 bytes} [Wed Aug 26 01:38:44 2026] POST /v2.0/trunks => generated 409 bytes in 145 msecs (HTTP/1.1 201) 4 headers in 162 bytes (1 switches on core 0)
2026-08-26 01:38:44.408 7 INFO neutron.api.v2.resource [None req-eb7d6436-70aa-473a-b9a5-30cb8d3e48a1 c4e0071080de44c7994fe6aeb78f6445 654042d421cb40bab75939d098af1137 - - default default] delete failed (client error): The resource could not be found. [pid: 7|app: 0|req: 1106/2135] 10.0.0.20 () {32 vars in 743 bytes} [Wed Aug 26 01:38:44 2026] DELETE /v2.0/trunks/fe686a56-104f-410a-a356-7f28d7fd7f46/tags/green => generated 99 bytes in 23 msecs (HTTP/1.1 404) 4 headers in 163 bytes (1 switches on core 0)
2026-08-26 01:38:44.504 7 INFO neutron_taas.services.taas.taas_plugin [None req-87bd498e-3956-4e05-b24b-6f10c54f3c9a 39803122b2f546478dffd03686adefd7 f7116800e5954003af7d04966a0bc6ab - - default default] TaaS: Handle Delete Port: e698f7a8-999e-4b13-845a-a3e1216d689d
2026-08-26 01:38:44.507 7 INFO neutron_taas.services.taas.tap_mirror_plugin [None req-87bd498e-3956-4e05-b24b-6f10c54f3c9a 39803122b2f546478dffd03686adefd7 f7116800e5954003af7d04966a0bc6ab - - default default] Tap Mirror: Handle Delete Port: e698f7a8-999e-4b13-845a-a3e1216d689d
2026-08-26 01:38:44.688 7 INFO neutron.services.segments.plugin [-] Segment 668360db-6ec5-4d7d-90cb-7a05aef23cea resource provider aggregate not found
2026-08-26 01:38:44.699 7 INFO neutron.services.segments.plugin [-] Segment 668360db-6ec5-4d7d-90cb-7a05aef23cea resource provider aggregate not found
2026-08-26 01:38:44.707 7 INFO neutron.services.segments.plugin [-] Client error retrieving segment 668360db-6ec5-4d7d-90cb-7a05aef23cea resource provider; error: Placement Client Error (4xx): {"errors": [{"status": 404, "title": "Not Found", "detail": "The resource could not be found.\n\n No resource provider with uuid 668360db-6ec5-4d7d-90cb-7a05aef23cea found for delete ", "request_id": "req-9866384a-5bc2-497e-b9f9-970b427988e7"}]}
2026-08-26 01:38:44.721 7 INFO neutron.services.segments.plugin [-] Client error retrieving segment 668360db-6ec5-4d7d-90cb-7a05aef23cea resource provider; error: Placement Client Error (4xx): {"errors": [{"status": 404, "title": "Not Found", "detail": "The resource could not be found.\n\n No resource provider with uuid 668360db-6ec5-4d7d-90cb-7a05aef23cea found for delete ", "request_id": "req-23f2e2aa-49e9-473c-9874-7b66ee071d34"}]} [pid: 7|app: 0|req: 1107/2136] 10.0.0.20 () {32 vars in 725 bytes} [Wed Aug 26 01:38:44 2026] DELETE /v2.0/networks/a4e5dd43-bbba-4daa-b31f-1c867a95f075 => generated 0 bytes in 333 msecs (HTTP/1.1 204) 3 headers in 131 bytes (1 switches on core 0)
2026-08-26 01:38:44.856 7 INFO neutron.db.segments_db [None req-a5a07de1-235e-48ec-add4-c915bf1e064a d8a7f27ac8f346eba2168134c4354ba1 1e8c981489f34a10ba9480f3e3ff2bc2 - - default default] Added segment 456b2ffa-0818-47cd-93a8-7687f5c53197 of type geneve for network a8b3a8cc-163b-4952-96b7-6ab8e53f1e26
2026-08-26 01:38:45.001 7 INFO neutron.db.ovn_revision_numbers_db [None req-a5a07de1-235e-48ec-add4-c915bf1e064a d8a7f27ac8f346eba2168134c4354ba1 1e8c981489f34a10ba9480f3e3ff2bc2 - - default default] Successfully bumped revision number for resource a8b3a8cc-163b-4952-96b7-6ab8e53f1e26 (type: networks) to 1
2026-08-26 01:38:45.137 8 INFO neutron.db.ovn_revision_numbers_db [None req-14699676-b218-4985-9595-1328c07a5c3f b7d8d73865ac40d59fd04e8aaec16164 f487765dd152441ca437fe9fa460639e - - default default] Successfully bumped revision number for resource 7ee38580-67c8-4b2b-a98a-bf7f80fc6441 (type: networks) to 1
2026-08-26 01:38:45.180 7 WARNING neutron.scheduler.dhcp_agent_scheduler [None req-a5a07de1-235e-48ec-add4-c915bf1e064a d8a7f27ac8f346eba2168134c4354ba1 1e8c981489f34a10ba9480f3e3ff2bc2 - - default default] No more DHCP agents
2026-08-26 01:38:45.181 7 WARNING neutron.api.rpc.agentnotifiers.dhcp_rpc_agent_api [None req-a5a07de1-235e-48ec-add4-c915bf1e064a d8a7f27ac8f346eba2168134c4354ba1 1e8c981489f34a10ba9480f3e3ff2bc2 - - default default] Unable to schedule network a8b3a8cc-163b-4952-96b7-6ab8e53f1e26: no agents available; will retry on subsequent port and subnet creation events.
2026-08-26 01:38:45.242 8 INFO neutron.plugins.ml2.drivers.ovn.mech_driver.mech_driver [None req-ed76cbc0-6495-4af6-97c2-c4c104f58b09 - - - - - -] OVN reports status down for port: 3c0ea9ef-a240-4d66-8db4-64690d4ea1f7
2026-08-26 01:38:45.255 7 INFO neutron.db.ovn_revision_numbers_db [None req-a5a07de1-235e-48ec-add4-c915bf1e064a d8a7f27ac8f346eba2168134c4354ba1 1e8c981489f34a10ba9480f3e3ff2bc2 - - default default] Successfully bumped revision number for resource 3c0ea9ef-a240-4d66-8db4-64690d4ea1f7 (type: ports) to 1 [pid: 7|app: 0|req: 1108/2137] 10.0.0.20 () {34 vars in 669 bytes} [Wed Aug 26 01:38:44 2026] POST /v2.0/networks => generated 632 bytes in 535 msecs (HTTP/1.1 201) 4 headers in 162 bytes (1 switches on core 0) [pid: 7|app: 0|req: 1109/2138] 10.0.0.20 () {32 vars in 731 bytes} [Wed Aug 26 01:38:45 2026] DELETE /v2.0/trunks/fe686a56-104f-410a-a356-7f28d7fd7f46/tags => generated 0 bytes in 35 msecs (HTTP/1.1 204) 2 headers in 112 bytes (1 switches on core 0)
2026-08-26 01:38:45.404 8 WARNING neutron.scheduler.dhcp_agent_scheduler [None req-14699676-b218-4985-9595-1328c07a5c3f b7d8d73865ac40d59fd04e8aaec16164 f487765dd152441ca437fe9fa460639e - - default default] No more DHCP agents
2026-08-26 01:38:45.406 8 WARNING neutron.api.rpc.agentnotifiers.dhcp_rpc_agent_api [None req-14699676-b218-4985-9595-1328c07a5c3f b7d8d73865ac40d59fd04e8aaec16164 f487765dd152441ca437fe9fa460639e - - default default] Unable to schedule network 7ee38580-67c8-4b2b-a98a-bf7f80fc6441: no agents available; will retry on subsequent port and subnet creation events.
2026-08-26 01:38:45.432 7 INFO neutron_taas.services.taas.taas_plugin [None req-645af68a-0ba1-4e4e-9f8a-d5eaa010b397 39803122b2f546478dffd03686adefd7 f7116800e5954003af7d04966a0bc6ab - - default default] TaaS: Handle Delete Port: fb04d439-5deb-42b9-afe2-e0fe3f414c42
2026-08-26 01:38:45.435 7 INFO neutron_taas.services.taas.tap_mirror_plugin [None req-645af68a-0ba1-4e4e-9f8a-d5eaa010b397 39803122b2f546478dffd03686adefd7 f7116800e5954003af7d04966a0bc6ab - - default default] Tap Mirror: Handle Delete Port: fb04d439-5deb-42b9-afe2-e0fe3f414c42
2026-08-26 01:38:45.463 7 INFO neutron.plugins.ml2.drivers.ovn.mech_driver.mech_driver [None req-61cba1e6-db34-4793-92c4-88c510023f99 - - - - - -] OVN reports status down for port: 1275b2f7-f5de-4b1b-872f-5700c9e0f5ce
2026-08-26 01:38:45.503 8 INFO neutron.db.ovn_revision_numbers_db [None req-14699676-b218-4985-9595-1328c07a5c3f b7d8d73865ac40d59fd04e8aaec16164 f487765dd152441ca437fe9fa460639e - - default default] Successfully bumped revision number for resource 1275b2f7-f5de-4b1b-872f-5700c9e0f5ce (type: ports) to 1 [pid: 8|app: 0|req: 1030/2139] 10.0.0.20 () {34 vars in 669 bytes} [Wed Aug 26 01:38:44 2026] POST /v2.0/networks => generated 636 bytes in 1501 msecs (HTTP/1.1 201) 4 headers in 162 bytes (1 switches on core 0) [pid: 7|app: 0|req: 1110/2140] 10.0.0.20 () {32 vars in 725 bytes} [Wed Aug 26 01:38:45 2026] DELETE /v2.0/networks/44ad1670-262e-4379-8b66-7af52e496868 => generated 0 bytes in 449 msecs (HTTP/1.1 204) 3 headers in 131 bytes (1 switches on core 0) [pid: 7|app: 0|req: 1111/2141] 10.0.0.20 () {32 vars in 728 bytes} [Wed Aug 26 01:38:45 2026] GET /v2.0/trunks/fe686a56-104f-410a-a356-7f28d7fd7f46/tags => generated 12 bytes in 15 msecs (HTTP/1.1 200) 4 headers in 156 bytes (1 switches on core 0)
2026-08-26 01:38:45.785 8 WARNING neutron.scheduler.dhcp_agent_scheduler [None req-4fd55957-f810-44f3-9e41-5812bae73f24 d8a7f27ac8f346eba2168134c4354ba1 1e8c981489f34a10ba9480f3e3ff2bc2 - - default default] No more DHCP agents
2026-08-26 01:38:45.787 8 WARNING neutron.api.rpc.agentnotifiers.dhcp_rpc_agent_api [None req-4fd55957-f810-44f3-9e41-5812bae73f24 d8a7f27ac8f346eba2168134c4354ba1 1e8c981489f34a10ba9480f3e3ff2bc2 - - default default] Unable to schedule network a8b3a8cc-163b-4952-96b7-6ab8e53f1e26: no agents available; will retry on subsequent port and subnet creation events.
2026-08-26 01:38:45.863 7 INFO neutron.plugins.ml2.drivers.ovn.mech_driver.mech_driver [None req-61cba1e6-db34-4793-92c4-88c510023f99 - - - - - -] OVN reports status down for port: 738ee51f-4a0b-477a-9799-08a4ef938049
2026-08-26 01:38:45.875 8 INFO neutron.db.ovn_revision_numbers_db [None req-4fd55957-f810-44f3-9e41-5812bae73f24 d8a7f27ac8f346eba2168134c4354ba1 1e8c981489f34a10ba9480f3e3ff2bc2 - - default default] Successfully bumped revision number for resource 738ee51f-4a0b-477a-9799-08a4ef938049 (type: ports) to 1 [pid: 8|app: 0|req: 1031/2142] 10.0.0.20 () {34 vars in 663 bytes} [Wed Aug 26 01:38:45 2026] POST /v2.0/ports => generated 743 bytes in 385 msecs (HTTP/1.1 201) 4 headers in 162 bytes (1 switches on core 0) /var/lib/openstack/lib/python3.12/site-packages/pycadf/identifier.py:70: UserWarning: Invalid uuid: neutron. To ensure interoperability, identifiers should be a valid uuid. warnings.warn(('Invalid uuid: %s. To ensure interoperability, '
2026-08-26 01:38:46.029 8 INFO neutron_taas.services.taas.taas_plugin [None req-db8adfbc-a18b-43fa-abf2-6e4eb7f48f4e 39803122b2f546478dffd03686adefd7 f7116800e5954003af7d04966a0bc6ab - - default default] TaaS: Handle Delete Port: 2747e6f4-3f0e-4e94-95d8-0f8fe089b9df
2026-08-26 01:38:46.032 8 INFO neutron_taas.services.taas.tap_mirror_plugin [None req-db8adfbc-a18b-43fa-abf2-6e4eb7f48f4e 39803122b2f546478dffd03686adefd7 f7116800e5954003af7d04966a0bc6ab - - default default] Tap Mirror: Handle Delete Port: 2747e6f4-3f0e-4e94-95d8-0f8fe089b9df
