2026-08-26 01:38:55.285 8 INFO neutron.db.ovn_revision_numbers_db [None req-6e4412fd-c42b-47bd-8f3c-bf7cd0b0ec2a d1e9e3eb44e747598dbacab84a75b52d 7d390e980ee844f1868e442b3031e475 - - default default] Successfully bumped revision number for resource 066cdfac-943b-44f0-8385-44b322accf9d (type: security_groups) to 1
2026-08-26 01:38:55.297 8 INFO neutron.db.ovn_revision_numbers_db [None req-6e4412fd-c42b-47bd-8f3c-bf7cd0b0ec2a d1e9e3eb44e747598dbacab84a75b52d 7d390e980ee844f1868e442b3031e475 - - default default] Successfully bumped revision number for resource 2374d436-b865-426b-abd0-8e28314a48ff (type: security_group_rules) to 0
2026-08-26 01:38:55.309 8 INFO neutron.db.ovn_revision_numbers_db [None req-6e4412fd-c42b-47bd-8f3c-bf7cd0b0ec2a d1e9e3eb44e747598dbacab84a75b52d 7d390e980ee844f1868e442b3031e475 - - default default] Successfully bumped revision number for resource 3adb271f-ca87-4d0e-8878-905f8e4b62df (type: security_group_rules) to 0
2026-08-26 01:38:55.322 8 INFO neutron.db.ovn_revision_numbers_db [None req-6e4412fd-c42b-47bd-8f3c-bf7cd0b0ec2a d1e9e3eb44e747598dbacab84a75b52d 7d390e980ee844f1868e442b3031e475 - - default default] Successfully bumped revision number for resource 447009db-5c01-4792-b8df-18fbbbef930f (type: security_group_rules) to 0
2026-08-26 01:38:55.333 8 INFO neutron.db.ovn_revision_numbers_db [None req-6e4412fd-c42b-47bd-8f3c-bf7cd0b0ec2a d1e9e3eb44e747598dbacab84a75b52d 7d390e980ee844f1868e442b3031e475 - - default default] Successfully bumped revision number for resource a1710ee5-a7c1-4877-afa9-1eefa5df9db4 (type: security_group_rules) to 0
2026-08-26 01:38:55.415 8 INFO neutron.db.segments_db [None req-6e4412fd-c42b-47bd-8f3c-bf7cd0b0ec2a d1e9e3eb44e747598dbacab84a75b52d 7d390e980ee844f1868e442b3031e475 - - default default] Added segment fb9b96a8-04e3-4aba-b51a-9ab911011cfa of type geneve for network 0bf295db-7edb-48e5-b7eb-8f69b1f342f0
2026-08-26 01:38:55.545 8 INFO neutron.db.ovn_revision_numbers_db [None req-6e4412fd-c42b-47bd-8f3c-bf7cd0b0ec2a d1e9e3eb44e747598dbacab84a75b52d 7d390e980ee844f1868e442b3031e475 - - default default] Successfully bumped revision number for resource 0bf295db-7edb-48e5-b7eb-8f69b1f342f0 (type: networks) to 1
2026-08-26 01:38:55.673 7 INFO neutron.db.ovn_revision_numbers_db [None req-61cba1e6-db34-4793-92c4-88c510023f99 - - - - - -] Successfully bumped revision number for resource 3c45c0bc-1c81-4199-a8b8-c37597d7fde9 (type: ports) to 2
2026-08-26 01:38:55.743 8 WARNING neutron.scheduler.dhcp_agent_scheduler [None req-6e4412fd-c42b-47bd-8f3c-bf7cd0b0ec2a d1e9e3eb44e747598dbacab84a75b52d 7d390e980ee844f1868e442b3031e475 - - default default] No more DHCP agents
2026-08-26 01:38:55.745 8 WARNING neutron.api.rpc.agentnotifiers.dhcp_rpc_agent_api [None req-6e4412fd-c42b-47bd-8f3c-bf7cd0b0ec2a d1e9e3eb44e747598dbacab84a75b52d 7d390e980ee844f1868e442b3031e475 - - default default] Unable to schedule network 0bf295db-7edb-48e5-b7eb-8f69b1f342f0: no agents available; will retry on subsequent port and subnet creation events.
2026-08-26 01:38:55.825 8 INFO neutron.db.ovn_revision_numbers_db [None req-6e4412fd-c42b-47bd-8f3c-bf7cd0b0ec2a d1e9e3eb44e747598dbacab84a75b52d 7d390e980ee844f1868e442b3031e475 - - default default] Successfully bumped revision number for resource 7bb8ade2-8d6c-4df9-9e59-bab8a90b1297 (type: ports) to 1 [pid: 8|app: 0|req: 1055/2202] 10.0.0.20 () {34 vars in 669 bytes} [Wed Aug 26 01:38:55 2026] POST /v2.0/networks => generated 632 bytes in 832 msecs (HTTP/1.1 201) 4 headers in 162 bytes (1 switches on core 0)
2026-08-26 01:38:55.943 7 INFO neutron.db.ovn_revision_numbers_db [None req-6687e925-0720-4817-bdad-2a5a208920c5 b7d8d73865ac40d59fd04e8aaec16164 f487765dd152441ca437fe9fa460639e - - default default] Successfully bumped revision number for resource 3c45c0bc-1c81-4199-a8b8-c37597d7fde9 (type: router_ports) to 1
2026-08-26 01:38:55.955 8 INFO neutron.db.segments_db [None req-e21472f5-3841-4e95-ac90-9414162c68f1 16011eddbdf54c4abfbeb8055953ed00 2c5ffb01818b47909d855bf98067add4 - - default default] Added segment 0790af91-3dc2-433e-a5c3-bc4d9fd2fb12 of type geneve for network ab6c0aec-c369-4cc6-b446-c5c09f24f32a [pid: 7|app: 0|req: 1148/2203] 10.0.0.20 () {34 vars in 782 bytes} [Wed Aug 26 01:38:53 2026] PUT /v2.0/routers/b9f7fba0-2e8b-40d1-a92c-ae6e4a23e451/add_router_interface => generated 309 bytes in 2715 msecs (HTTP/1.1 200) 4 headers in 157 bytes (1 switches on core 0)
2026-08-26 01:38:55.987 7 INFO neutron.db.ovn_revision_numbers_db [None req-dbedd736-853b-4d10-8d63-0d764e20df89 - - - - - -] Successfully bumped revision number for resource 3c45c0bc-1c81-4199-a8b8-c37597d7fde9 (type: router_ports) to 2
2026-08-26 01:38:55.987 7 INFO neutron.plugins.ml2.drivers.ovn.mech_driver.mech_driver [None req-dbedd736-853b-4d10-8d63-0d764e20df89 - - - - - -] OVN reports status down for port: 7bb8ade2-8d6c-4df9-9e59-bab8a90b1297
2026-08-26 01:38:56.061 8 INFO neutron.db.ovn_revision_numbers_db [None req-e21472f5-3841-4e95-ac90-9414162c68f1 16011eddbdf54c4abfbeb8055953ed00 2c5ffb01818b47909d855bf98067add4 - - default default] Successfully bumped revision number for resource ab6c0aec-c369-4cc6-b446-c5c09f24f32a (type: networks) to 1
2026-08-26 01:38:56.174 7 INFO neutron_taas.services.taas.taas_plugin [None req-ae352c1d-d877-437b-893d-5f669c006d3a d8a7f27ac8f346eba2168134c4354ba1 1e8c981489f34a10ba9480f3e3ff2bc2 - - default default] TaaS: Handle Delete Port: 5768ee98-d5a7-400d-9c78-5d01b94d480d
2026-08-26 01:38:56.178 7 INFO neutron_taas.services.taas.tap_mirror_plugin [None req-ae352c1d-d877-437b-893d-5f669c006d3a d8a7f27ac8f346eba2168134c4354ba1 1e8c981489f34a10ba9480f3e3ff2bc2 - - default default] Tap Mirror: Handle Delete Port: 5768ee98-d5a7-400d-9c78-5d01b94d480d
2026-08-26 01:38:56.215 8 WARNING neutron.scheduler.dhcp_agent_scheduler [None req-e21472f5-3841-4e95-ac90-9414162c68f1 16011eddbdf54c4abfbeb8055953ed00 2c5ffb01818b47909d855bf98067add4 - - default default] No more DHCP agents
2026-08-26 01:38:56.216 8 WARNING neutron.api.rpc.agentnotifiers.dhcp_rpc_agent_api [None req-e21472f5-3841-4e95-ac90-9414162c68f1 16011eddbdf54c4abfbeb8055953ed00 2c5ffb01818b47909d855bf98067add4 - - default default] Unable to schedule network ab6c0aec-c369-4cc6-b446-c5c09f24f32a: no agents available; will retry on subsequent port and subnet creation events.
2026-08-26 01:38:56.288 7 INFO neutron.plugins.ml2.drivers.ovn.mech_driver.mech_driver [None req-dbedd736-853b-4d10-8d63-0d764e20df89 - - - - - -] OVN reports status down for port: 9c5f29ba-b61e-4579-9636-422821e90e5e
2026-08-26 01:38:56.293 8 INFO neutron.db.ovn_revision_numbers_db [None req-e21472f5-3841-4e95-ac90-9414162c68f1 16011eddbdf54c4abfbeb8055953ed00 2c5ffb01818b47909d855bf98067add4 - - default default] Successfully bumped revision number for resource 9c5f29ba-b61e-4579-9636-422821e90e5e (type: ports) to 1 [pid: 8|app: 0|req: 1056/2204] 10.0.0.20 () {34 vars in 669 bytes} [Wed Aug 26 01:38:55 2026] POST /v2.0/networks => generated 650 bytes in 477 msecs (HTTP/1.1 201) 4 headers in 162 bytes (1 switches on core 0) [pid: 7|app: 0|req: 1149/2205] 10.0.0.20 () {32 vars in 719 bytes} [Wed Aug 26 01:38:55 2026] DELETE /v2.0/ports/5768ee98-d5a7-400d-9c78-5d01b94d480d => generated 0 bytes in 377 msecs (HTTP/1.1 204) 3 headers in 131 bytes (1 switches on core 0)
2026-08-26 01:38:56.422 8 INFO neutron.db.segments_db [None req-c14b1268-a679-4d02-8fee-b1465a462940 d1e9e3eb44e747598dbacab84a75b52d 7d390e980ee844f1868e442b3031e475 - - default default] Added segment a35b0b67-889a-4c23-855a-c1072e0e864d of type geneve for network 40833c45-dedd-478a-b67c-524cade5bd62
2026-08-26 01:38:56.527 8 INFO neutron.db.ovn_revision_numbers_db [None req-c14b1268-a679-4d02-8fee-b1465a462940 d1e9e3eb44e747598dbacab84a75b52d 7d390e980ee844f1868e442b3031e475 - - default default] Successfully bumped revision number for resource 40833c45-dedd-478a-b67c-524cade5bd62 (type: networks) to 1
2026-08-26 01:38:56.706 8 WARNING neutron.scheduler.dhcp_agent_scheduler [None req-c14b1268-a679-4d02-8fee-b1465a462940 d1e9e3eb44e747598dbacab84a75b52d 7d390e980ee844f1868e442b3031e475 - - default default] No more DHCP agents
2026-08-26 01:38:56.707 8 WARNING neutron.api.rpc.agentnotifiers.dhcp_rpc_agent_api [None req-c14b1268-a679-4d02-8fee-b1465a462940 d1e9e3eb44e747598dbacab84a75b52d 7d390e980ee844f1868e442b3031e475 - - default default] Unable to schedule network 40833c45-dedd-478a-b67c-524cade5bd62: no agents available; will retry on subsequent port and subnet creation events.
2026-08-26 01:38:56.759 8 INFO neutron.plugins.ml2.drivers.ovn.mech_driver.mech_driver [None req-d6c7ec22-cf08-42f2-9009-23e5e7483b91 - - - - - -] OVN reports status down for port: b183f1de-a1c8-49e4-8a29-87edd7df829d
2026-08-26 01:38:56.811 8 INFO neutron.db.ovn_revision_numbers_db [None req-c14b1268-a679-4d02-8fee-b1465a462940 d1e9e3eb44e747598dbacab84a75b52d 7d390e980ee844f1868e442b3031e475 - - default default] Successfully bumped revision number for resource b183f1de-a1c8-49e4-8a29-87edd7df829d (type: ports) to 1 [pid: 8|app: 0|req: 1057/2206] 10.0.0.20 () {34 vars in 669 bytes} [Wed Aug 26 01:38:56 2026] POST /v2.0/networks => generated 631 bytes in 505 msecs (HTTP/1.1 201) 4 headers in 162 bytes (1 switches on core 0)
2026-08-26 01:38:56.868 7 WARNING neutron.scheduler.dhcp_agent_scheduler [None req-32a8d6e5-7e60-4a67-92c3-d71c23c68d56 b7d8d73865ac40d59fd04e8aaec16164 f487765dd152441ca437fe9fa460639e - - default default] No more DHCP agents
2026-08-26 01:38:56.869 7 WARNING neutron.api.rpc.agentnotifiers.dhcp_rpc_agent_api [None req-32a8d6e5-7e60-4a67-92c3-d71c23c68d56 b7d8d73865ac40d59fd04e8aaec16164 f487765dd152441ca437fe9fa460639e - - default default] Unable to schedule network 0ae01c0a-43ef-4e3c-a7b8-e499263a90af: no agents available; will retry on subsequent port and subnet creation events.
2026-08-26 01:38:56.974 7 INFO neutron.plugins.ml2.drivers.ovn.mech_driver.mech_driver [None req-dbedd736-853b-4d10-8d63-0d764e20df89 - - - - - -] OVN reports status down for port: eda629a2-972a-47cb-a669-d2c161a54287
2026-08-26 01:38:57.005 8 INFO neutron_taas.services.taas.taas_plugin [None req-e0b56403-479f-420e-a572-666661dedac5 d8a7f27ac8f346eba2168134c4354ba1 1e8c981489f34a10ba9480f3e3ff2bc2 - - default default] TaaS: Handle Delete Port: 738ee51f-4a0b-477a-9799-08a4ef938049
2026-08-26 01:38:57.008 8 INFO neutron_taas.services.taas.tap_mirror_plugin [None req-e0b56403-479f-420e-a572-666661dedac5 d8a7f27ac8f346eba2168134c4354ba1 1e8c981489f34a10ba9480f3e3ff2bc2 - - default default] Tap Mirror: Handle Delete Port: 738ee51f-4a0b-477a-9799-08a4ef938049
2026-08-26 01:38:57.031 7 INFO neutron.db.ovn_revision_numbers_db [None req-32a8d6e5-7e60-4a67-92c3-d71c23c68d56 b7d8d73865ac40d59fd04e8aaec16164 f487765dd152441ca437fe9fa460639e - - default default] Successfully bumped revision number for resource eda629a2-972a-47cb-a669-d2c161a54287 (type: ports) to 1 [pid: 8|app: 0|req: 1058/2207] 10.0.0.20 () {32 vars in 719 bytes} [Wed Aug 26 01:38:56 2026] DELETE /v2.0/ports/738ee51f-4a0b-477a-9799-08a4ef938049 => generated 0 bytes in 281 msecs (HTTP/1.1 204) 3 headers in 131 bytes (1 switches on core 0)
2026-08-26 01:38:57.522 8 WARNING neutron.scheduler.dhcp_agent_scheduler [None req-7e372a0c-6d47-4e3d-b0e0-ef41942063dc 16011eddbdf54c4abfbeb8055953ed00 2c5ffb01818b47909d855bf98067add4 - - default default] No more DHCP agents
2026-08-26 01:38:57.524 8 WARNING neutron.api.rpc.agentnotifiers.dhcp_rpc_agent_api [None req-7e372a0c-6d47-4e3d-b0e0-ef41942063dc 16011eddbdf54c4abfbeb8055953ed00 2c5ffb01818b47909d855bf98067add4 - - default default] Unable to schedule network 76e735d3-120a-4b45-9cca-3aa989e4b6f2: no agents available; will retry on subsequent port and subnet creation events.
2026-08-26 01:38:57.615 8 INFO neutron.plugins.ml2.drivers.ovn.mech_driver.mech_driver [None req-d6c7ec22-cf08-42f2-9009-23e5e7483b91 - - - - - -] OVN reports status down for port: 9fe14f6b-4d73-459a-9946-bee3db1fe3b5
2026-08-26 01:38:57.697 8 INFO neutron.db.ovn_revision_numbers_db [None req-7e372a0c-6d47-4e3d-b0e0-ef41942063dc 16011eddbdf54c4abfbeb8055953ed00 2c5ffb01818b47909d855bf98067add4 - - default default] Successfully bumped revision number for resource 9fe14f6b-4d73-459a-9946-bee3db1fe3b5 (type: ports) to 1
2026-08-26 01:38:57.778 8 WARNING neutron.scheduler.dhcp_agent_scheduler [None req-7e372a0c-6d47-4e3d-b0e0-ef41942063dc 16011eddbdf54c4abfbeb8055953ed00 2c5ffb01818b47909d855bf98067add4 - - default default] No more DHCP agents
2026-08-26 01:38:57.779 8 WARNING neutron.api.rpc.agentnotifiers.dhcp_rpc_agent_api [None req-7e372a0c-6d47-4e3d-b0e0-ef41942063dc 16011eddbdf54c4abfbeb8055953ed00 2c5ffb01818b47909d855bf98067add4 - - default default] Unable to schedule network ab6c0aec-c369-4cc6-b446-c5c09f24f32a: no agents available; will retry on subsequent port and subnet creation events.
2026-08-26 01:38:57.814 7 INFO neutron.plugins.ml2.drivers.ovn.mech_driver.mech_driver [None req-dbedd736-853b-4d10-8d63-0d764e20df89 - - - - - -] OVN reports status up for port: eda629a2-972a-47cb-a669-d2c161a54287
2026-08-26 01:38:57.853 7 INFO neutron.plugins.ml2.plugin [None req-dbedd736-853b-4d10-8d63-0d764e20df89 - - - - - -] Attempt 1 to provision port eda629a2-972a-47cb-a669-d2c161a54287
2026-08-26 01:38:57.865 8 INFO neutron.db.ovn_revision_numbers_db [None req-7e372a0c-6d47-4e3d-b0e0-ef41942063dc 16011eddbdf54c4abfbeb8055953ed00 2c5ffb01818b47909d855bf98067add4 - - default default] Successfully bumped revision number for resource 9649fec1-09fa-4734-b9b1-bac6e6f9bba5 (type: ports) to 1 [pid: 8|app: 0|req: 1059/2208] 10.0.0.20 () {34 vars in 664 bytes} [Wed Aug 26 01:38:57 2026] POST /v2.0/ports => generated 1506 bytes in 822 msecs (HTTP/1.1 201) 4 headers in 163 bytes (1 switches on core 0) /var/lib/openstack/lib/python3.12/site-packages/pycadf/identifier.py:70: UserWarning: Invalid uuid: neutron. To ensure interoperability, identifiers should be a valid uuid. warnings.warn(('Invalid uuid: %s. To ensure interoperability, '
2026-08-26 01:38:57.988 7 WARNING neutron.scheduler.dhcp_agent_scheduler [None req-32a8d6e5-7e60-4a67-92c3-d71c23c68d56 b7d8d73865ac40d59fd04e8aaec16164 f487765dd152441ca437fe9fa460639e - - default default] No more DHCP agents [pid: 8|app: 0|req: 1060/2209] 10.0.0.20 () {34 vars in 752 bytes} [Wed Aug 26 01:38:57 2026] PUT /v2.0/networks/0bf295db-7edb-48e5-b7eb-8f69b1f342f0/tags => generated 25 bytes in 47 msecs (HTTP/1.1 200) 4 headers in 156 bytes (1 switches on core 0)
2026-08-26 01:38:57.992 7 WARNING neutron.api.rpc.agentnotifiers.dhcp_rpc_agent_api [None req-32a8d6e5-7e60-4a67-92c3-d71c23c68d56 b7d8d73865ac40d59fd04e8aaec16164 f487765dd152441ca437fe9fa460639e - - default default] Unable to schedule network 0ae01c0a-43ef-4e3c-a7b8-e499263a90af: no agents available; will retry on subsequent port and subnet creation events. [pid: 8|app: 0|req: 1061/2210] 10.0.0.223 () {28 vars in 591 bytes} [Wed Aug 26 01:38:57 2026] GET /v2.0/floatingips => generated 19 bytes in 54 msecs (HTTP/1.1 200) 4 headers in 156 bytes (1 switches on core 0)
2026-08-26 01:38:58.143 8 INFO neutron_taas.services.taas.taas_plugin [None req-f3262809-abcb-47fd-90af-53fae5d6e4df d8a7f27ac8f346eba2168134c4354ba1 1e8c981489f34a10ba9480f3e3ff2bc2 - - default default] TaaS: Handle Delete Port: 4dca9ca5-797f-4840-89b0-77106b9655af
2026-08-26 01:38:58.146 8 INFO neutron_taas.services.taas.tap_mirror_plugin [None req-f3262809-abcb-47fd-90af-53fae5d6e4df d8a7f27ac8f346eba2168134c4354ba1 1e8c981489f34a10ba9480f3e3ff2bc2 - - default default] Tap Mirror: Handle Delete Port: 4dca9ca5-797f-4840-89b0-77106b9655af [pid: 8|app: 0|req: 1062/2211] 10.0.0.20 () {32 vars in 719 bytes} [Wed Aug 26 01:38:58 2026] DELETE /v2.0/ports/4dca9ca5-797f-4840-89b0-77106b9655af => generated 0 bytes in 206 msecs (HTTP/1.1 204) 3 headers in 131 bytes (1 switches on core 0) [pid: 8|app: 0|req: 1063/2212] 10.0.0.20 () {32 vars in 642 bytes} [Wed Aug 26 01:38:58 2026] GET /v2.0/ports => generated 3018 bytes in 54 msecs (HTTP/1.1 200) 4 headers in 158 bytes (1 switches on core 0) [pid: 8|app: 0|req: 1064/2213] 10.0.0.20 () {32 vars in 732 bytes} [Wed Aug 26 01:38:58 2026] GET /v2.0/networks/0bf295db-7edb-48e5-b7eb-8f69b1f342f0/tags => generated 25 bytes in 39 msecs (HTTP/1.1 200) 4 headers in 156 bytes (1 switches on core 0) [pid: 8|app: 0|req: 1065/2214] 10.0.0.223 () {28 vars in 599 bytes} [Wed Aug 26 01:38:58 2026] GET /v2.0/security-groups => generated 29009 bytes in 43 msecs (HTTP/1.1 200) 4 headers in 159 bytes (1 switches on core 0)
2026-08-26 01:38:58.533 8 INFO neutron_taas.services.taas.taas_plugin [None req-9da03b39-203e-484e-98d4-0892695ab483 d8a7f27ac8f346eba2168134c4354ba1 1e8c981489f34a10ba9480f3e3ff2bc2 - - default default] TaaS: Handle Delete Port: 1c6dc634-0968-4c77-aa1d-356ed1bc1841
2026-08-26 01:38:58.538 8 INFO neutron_taas.services.taas.tap_mirror_plugin [None req-9da03b39-203e-484e-98d4-0892695ab483 d8a7f27ac8f346eba2168134c4354ba1 1e8c981489f34a10ba9480f3e3ff2bc2 - - default default] Tap Mirror: Handle Delete Port: 1c6dc634-0968-4c77-aa1d-356ed1bc1841
2026-08-26 01:38:58.600 7 INFO neutron.db.ovn_revision_numbers_db [None req-dbedd736-853b-4d10-8d63-0d764e20df89 - - - - - -] Successfully bumped revision number for resource eda629a2-972a-47cb-a669-d2c161a54287 (type: ports) to 2
2026-08-26 01:38:58.750 7 INFO neutron.plugins.ml2.drivers.ovn.mech_driver.mech_driver [None req-67215791-a94b-4e05-964d-aa540bb5f9f1 - - - - - -] OVN reports status down for port: 9649fec1-09fa-4734-b9b1-bac6e6f9bba5
2026-08-26 01:38:58.760 8 INFO neutron.services.segments.plugin [-] Segment 5e44d78e-fbbb-4372-9691-fe928db20df8 resource provider aggregate not found
2026-08-26 01:38:58.762 8 INFO neutron.services.segments.plugin [-] Segment 5e44d78e-fbbb-4372-9691-fe928db20df8 resource provider aggregate not found
2026-08-26 01:38:58.784 8 INFO neutron.services.segments.plugin [-] Client error retrieving segment 5e44d78e-fbbb-4372-9691-fe928db20df8 resource provider; error: Placement Client Error (4xx): {"errors": [{"status": 404, "title": "Not Found", "detail": "The resource could not be found.\n\n No resource provider with uuid 5e44d78e-fbbb-4372-9691-fe928db20df8 found for delete ", "request_id": "req-539f0ac6-f663-4cd9-b1d7-ff237141f0a4"}]}
2026-08-26 01:38:58.789 8 INFO neutron.services.segments.plugin [-] Client error retrieving segment 5e44d78e-fbbb-4372-9691-fe928db20df8 resource provider; error: Placement Client Error (4xx): {"errors": [{"status": 404, "title": "Not Found", "detail": "The resource could not be found.\n\n No resource provider with uuid 5e44d78e-fbbb-4372-9691-fe928db20df8 found for delete ", "request_id": "req-3a31ccf1-90f6-4a08-a7d6-06a658362339"}]} [pid: 8|app: 0|req: 1066/2215] 10.0.0.20 () {32 vars in 725 bytes} [Wed Aug 26 01:38:58 2026] DELETE /v2.0/networks/3d865d7a-42c2-4166-8938-e51a626f7a0e => generated 0 bytes in 421 msecs (HTTP/1.1 204) 3 headers in 131 bytes (1 switches on core 0)
2026-08-26 01:38:58.817 7 INFO neutron.db.ovn_revision_numbers_db [None req-32a8d6e5-7e60-4a67-92c3-d71c23c68d56 b7d8d73865ac40d59fd04e8aaec16164 f487765dd152441ca437fe9fa460639e - - default default] Successfully bumped revision number for resource eda629a2-972a-47cb-a669-d2c161a54287 (type: router_ports) to 1 [pid: 7|app: 0|req: 1150/2216] 10.0.0.20 () {34 vars in 782 bytes} [Wed Aug 26 01:38:56 2026] PUT /v2.0/routers/b9f7fba0-2e8b-40d1-a92c-ae6e4a23e451/add_router_interface => generated 309 bytes in 2488 msecs (HTTP/1.1 200) 4 headers in 157 bytes (1 switches on core 0) [pid: 7|app: 0|req: 1151/2217] 10.0.0.20 () {34 vars in 752 bytes} [Wed Aug 26 01:38:58 2026] PUT /v2.0/networks/40833c45-dedd-478a-b67c-524cade5bd62/tags => generated 17 bytes in 126 msecs (HTTP/1.1 200) 4 headers in 156 bytes (1 switches on core 0)
2026-08-26 01:38:58.965 8 INFO neutron_taas.services.taas.taas_plugin [None req-c5b1beca-b7c2-463c-bec4-9a36b248e6e0 16011eddbdf54c4abfbeb8055953ed00 2c5ffb01818b47909d855bf98067add4 - - default default] TaaS: Handle Delete Port: 9fe14f6b-4d73-459a-9946-bee3db1fe3b5
2026-08-26 01:38:58.970 8 INFO neutron_taas.services.taas.tap_mirror_plugin [None req-c5b1beca-b7c2-463c-bec4-9a36b248e6e0 16011eddbdf54c4abfbeb8055953ed00 2c5ffb01818b47909d855bf98067add4 - - default default] Tap Mirror: Handle Delete Port: 9fe14f6b-4d73-459a-9946-bee3db1fe3b5 [pid: 7|app: 0|req: 1152/2218] 10.0.0.223 () {28 vars in 583 bytes} [Wed Aug 26 01:38:58 2026] GET /v2.0/subnets => generated 5512 bytes in 102 msecs (HTTP/1.1 200) 4 headers in 158 bytes (1 switches on core 0)
2026-08-26 01:38:59.055 7 INFO neutron.db.ovn_revision_numbers_db [None req-67215791-a94b-4e05-964d-aa540bb5f9f1 - - - - - -] Successfully bumped revision number for resource eda629a2-972a-47cb-a669-d2c161a54287 (type: router_ports) to 2 [pid: 8|app: 0|req: 1067/2219] 10.0.0.20 () {32 vars in 719 bytes} [Wed Aug 26 01:38:58 2026] DELETE /v2.0/ports/9fe14f6b-4d73-459a-9946-bee3db1fe3b5 => generated 0 bytes in 320 msecs (HTTP/1.1 204) 3 headers in 131 bytes (1 switches on core 0)
2026-08-26 01:38:59.183 7 INFO neutron_taas.services.taas.taas_plugin [None req-d3560a78-92fd-4ea8-ad7d-b34299eb047f d8a7f27ac8f346eba2168134c4354ba1 1e8c981489f34a10ba9480f3e3ff2bc2 - - default default] TaaS: Handle Delete Port: ff640af7-a56d-459b-a64c-8afde39a656a
2026-08-26 01:38:59.186 7 INFO neutron_taas.services.taas.tap_mirror_plugin [None req-d3560a78-92fd-4ea8-ad7d-b34299eb047f d8a7f27ac8f346eba2168134c4354ba1 1e8c981489f34a10ba9480f3e3ff2bc2 - - default default] Tap Mirror: Handle Delete Port: ff640af7-a56d-459b-a64c-8afde39a656a
2026-08-26 01:38:59.228 8 INFO neutron.db.ovn_revision_numbers_db [None req-24c1ada1-5b93-45e6-98f7-ca14d9d50351 b7d8d73865ac40d59fd04e8aaec16164 f487765dd152441ca437fe9fa460639e - - default default] Successfully bumped revision number for resource 2bc7a82a-c45e-4d65-be8d-1deabb353223 (type: security_groups) to 1
2026-08-26 01:38:59.239 8 INFO neutron.db.ovn_revision_numbers_db [None req-24c1ada1-5b93-45e6-98f7-ca14d9d50351 b7d8d73865ac40d59fd04e8aaec16164 f487765dd152441ca437fe9fa460639e - - default default] Successfully bumped revision number for resource 57a8ef07-3605-4c08-9406-9c6012ed26ff (type: security_group_rules) to 0
2026-08-26 01:38:59.251 8 INFO neutron.db.ovn_revision_numbers_db [None req-24c1ada1-5b93-45e6-98f7-ca14d9d50351 b7d8d73865ac40d59fd04e8aaec16164 f487765dd152441ca437fe9fa460639e - - default default] Successfully bumped revision number for resource d39ce3c5-0b69-41c5-9c41-3fde0e1ff332 (type: security_group_rules) to 0 [pid: 8|app: 0|req: 1068/2220] 10.0.0.20 () {34 vars in 683 bytes} [Wed Aug 26 01:38:59 2026] POST /v2.0/security-groups => generated 1627 bytes in 159 msecs (HTTP/1.1 201) 4 headers in 163 bytes (1 switches on core 0) [pid: 8|app: 0|req: 1069/2221] 10.0.0.20 () {32 vars in 732 bytes} [Wed Aug 26 01:38:59 2026] GET /v2.0/networks/40833c45-dedd-478a-b67c-524cade5bd62/tags => generated 17 bytes in 36 msecs (HTTP/1.1 200) 4 headers in 156 bytes (1 switches on core 0) [pid: 8|app: 0|req: 1072/2224] 10.0.0.223 () {28 vars in 581 bytes} [Wed Aug 26 01:38:59 2026] GET /v2.0/agents => generated 1214 bytes in 25 msecs (HTTP/1.1 200) 4 headers in 158 bytes (1 switches on core 0)
2026-08-26 01:38:59.379 7 INFO neutron.services.segments.plugin [-] Segment 9b217dda-c764-4c52-bacc-8296abb2e3ce resource provider aggregate not found
2026-08-26 01:38:59.394 7 INFO neutron.services.segments.plugin [-] Segment 9b217dda-c764-4c52-bacc-8296abb2e3ce resource provider aggregate not found
2026-08-26 01:38:59.400 7 INFO neutron.services.segments.plugin [-] Client error retrieving segment 9b217dda-c764-4c52-bacc-8296abb2e3ce resource provider; error: Placement Client Error (4xx): {"errors": [{"status": 404, "title": "Not Found", "detail": "The resource could not be found.\n\n No resource provider with uuid 9b217dda-c764-4c52-bacc-8296abb2e3ce found for delete ", "request_id": "req-c40a4304-2606-43d8-9429-d930bd44c8b3"}]}
2026-08-26 01:38:59.411 7 INFO neutron.services.segments.plugin [-] Client error retrieving segment 9b217dda-c764-4c52-bacc-8296abb2e3ce resource provider; error: Placement Client Error (4xx): {"errors": [{"status": 404, "title": "Not Found", "detail": "The resource could not be found.\n\n No resource provider with uuid 9b217dda-c764-4c52-bacc-8296abb2e3ce found for delete ", "request_id": "req-76d6b573-6457-4356-9519-edbbf7df2775"}]} [pid: 7|app: 0|req: 1153/2225] 10.0.0.20 () {32 vars in 725 bytes} [Wed Aug 26 01:38:59 2026] DELETE /v2.0/networks/d3110376-98d1-4b40-b356-eb03134778cc => generated 0 bytes in 382 msecs (HTTP/1.1 204) 3 headers in 131 bytes (1 switches on core 0)
2026-08-26 01:38:59.506 8 INFO neutron_taas.services.taas.taas_plugin [None req-e2f436cd-0088-4600-b2d8-90e9f3e79836 16011eddbdf54c4abfbeb8055953ed00 2c5ffb01818b47909d855bf98067add4 - - default default] TaaS: Handle Delete Port: 9649fec1-09fa-4734-b9b1-bac6e6f9bba5
2026-08-26 01:38:59.510 8 INFO neutron_taas.services.taas.tap_mirror_plugin [None req-e2f436cd-0088-4600-b2d8-90e9f3e79836 16011eddbdf54c4abfbeb8055953ed00 2c5ffb01818b47909d855bf98067add4 - - default default] Tap Mirror: Handle Delete Port: 9649fec1-09fa-4734-b9b1-bac6e6f9bba5
2026-08-26 01:38:59.567 7 INFO neutron.db.ovn_revision_numbers_db [None req-59c307cb-8217-49fa-a731-56f140ecb31f b7d8d73865ac40d59fd04e8aaec16164 f487765dd152441ca437fe9fa460639e - - default default] Successfully bumped revision number for resource ad1477f1-58db-4842-a6e2-e8cdfdd2e42b (type: security_group_rules) to 0 [pid: 7|app: 0|req: 1154/2226] 10.0.0.20 () {34 vars in 694 bytes} [Wed Aug 26 01:38:59 2026] POST /v2.0/security-group-rules => generated 597 bytes in 169 msecs (HTTP/1.1 201) 4 headers in 162 bytes (1 switches on core 0) [pid: 8|app: 0|req: 1073/2227] 10.0.0.20 () {32 vars in 719 bytes} [Wed Aug 26 01:38:59 2026] DELETE /v2.0/ports/9649fec1-09fa-4734-b9b1-bac6e6f9bba5 => generated 0 bytes in 277 msecs (HTTP/1.1 204) 3 headers in 131 bytes (1 switches on core 0) [pid: 8|app: 0|req: 1074/2228] 10.0.0.223 () {28 vars in 619 bytes} [Wed Aug 26 01:38:59 2026] GET /v2.0/network-ip-availabilities => generated 5097 bytes in 20 msecs (HTTP/1.1 200) 4 headers in 158 bytes (1 switches on core 0) [pid: 7|app: 0|req: 1155/2229] 10.0.0.20 () {34 vars in 752 bytes} [Wed Aug 26 01:38:59 2026] PUT /v2.0/networks/40833c45-dedd-478a-b67c-524cade5bd62/tags => generated 12 bytes in 64 msecs (HTTP/1.1 200) 4 headers in 156 bytes (1 switches on core 0)
2026-08-26 01:38:59.772 8 INFO neutron_taas.services.taas.taas_plugin [None req-6f221529-9de1-428a-ac64-dd605a5b3c90 d8a7f27ac8f346eba2168134c4354ba1 1e8c981489f34a10ba9480f3e3ff2bc2 - - default default] TaaS: Handle Delete Port: 0f904020-ae81-44fb-a6ad-0c4097f70282
2026-08-26 01:38:59.776 8 INFO neutron_taas.services.taas.tap_mirror_plugin [None req-6f221529-9de1-428a-ac64-dd605a5b3c90 d8a7f27ac8f346eba2168134c4354ba1 1e8c981489f34a10ba9480f3e3ff2bc2 - - default default] Tap Mirror: Handle Delete Port: 0f904020-ae81-44fb-a6ad-0c4097f70282
2026-08-26 01:38:59.791 7 INFO neutron.db.ovn_revision_numbers_db [None req-cd17357e-9282-4693-b671-1f28d0e67786 b7d8d73865ac40d59fd04e8aaec16164 f487765dd152441ca437fe9fa460639e - - default default] Successfully bumped revision number for resource 1ba2ecca-4921-4478-abbf-777c52c5fc2f (type: security_group_rules) to 0 [pid: 7|app: 0|req: 1156/2230] 10.0.0.20 () {34 vars in 694 bytes} [Wed Aug 26 01:38:59 2026] POST /v2.0/security-group-rules => generated 597 bytes in 159 msecs (HTTP/1.1 201) 4 headers in 162 bytes (1 switches on core 0) [pid: 7|app: 0|req: 1157/2231] 10.0.0.20 () {32 vars in 642 bytes} [Wed Aug 26 01:38:59 2026] GET /v2.0/ports => generated 1523 bytes in 105 msecs (HTTP/1.1 200) 4 headers in 158 bytes (1 switches on core 0) [pid: 8|app: 0|req: 1075/2232] 10.0.0.20 () {32 vars in 725 bytes} [Wed Aug 26 01:38:59 2026] DELETE /v2.0/networks/c0848720-54be-42e1-9722-de2d03b53740 => generated 0 bytes in 335 msecs (HTTP/1.1 204) 3 headers in 131 bytes (1 switches on core 0) [pid: 8|app: 0|req: 1076/2233] 10.0.0.20 () {32 vars in 732 bytes} [Wed Aug 26 01:38:59 2026] GET /v2.0/networks/40833c45-dedd-478a-b67c-524cade5bd62/tags => generated 12 bytes in 36 msecs (HTTP/1.1 200) 4 headers in 156 bytes (1 switches on core 0) [pid: 7|app: 0|req: 1158/2234] 10.0.0.223 () {28 vars in 579 bytes} [Wed Aug 26 01:38:59 2026] GET /v2.0/ports => generated 17812 bytes in 103 msecs (HTTP/1.1 200) 4 headers in 159 bytes (1 switches on core 0)
2026-08-26 01:39:00.127 7 INFO neutron.db.segments_db [None req-7b7d4706-0b28-4a4f-8b41-bf3f87424f4a 16011eddbdf54c4abfbeb8055953ed00 2c5ffb01818b47909d855bf98067add4 - - default default] Added segment 80a97242-1db4-4c33-830d-465802aca91b of type geneve for network a1897fee-9f22-4431-b118-3e94d9349f97
2026-08-26 01:39:00.169 8 INFO neutron.db.ovn_revision_numbers_db [None req-b14171d0-0d01-4dfc-9d4a-f7cbb594174c b7d8d73865ac40d59fd04e8aaec16164 f487765dd152441ca437fe9fa460639e - - default default] Successfully bumped revision number for resource c477caf9-ce2d-44f3-a3ac-a677bda10a84 (type: security_group_rules) to 0 [pid: 8|app: 0|req: 1077/2235] 10.0.0.20 () {34 vars in 694 bytes} [Wed Aug 26 01:39:00 2026] POST /v2.0/security-group-rules => generated 599 bytes in 168 msecs (HTTP/1.1 201) 4 headers in 162 bytes (1 switches on core 0)
2026-08-26 01:39:00.235 7 INFO neutron.db.ovn_revision_numbers_db [None req-7b7d4706-0b28-4a4f-8b41-bf3f87424f4a 16011eddbdf54c4abfbeb8055953ed00 2c5ffb01818b47909d855bf98067add4 - - default default] Successfully bumped revision number for resource a1897fee-9f22-4431-b118-3e94d9349f97 (type: networks) to 1
2026-08-26 01:39:00.313 8 INFO neutron_taas.services.taas.taas_plugin [None req-ca525a4b-91c6-4c75-80b6-3944143206f1 d8a7f27ac8f346eba2168134c4354ba1 1e8c981489f34a10ba9480f3e3ff2bc2 - - default default] TaaS: Handle Delete Port: 3c0ea9ef-a240-4d66-8db4-64690d4ea1f7
2026-08-26 01:39:00.315 8 INFO neutron_taas.services.taas.tap_mirror_plugin [None req-ca525a4b-91c6-4c75-80b6-3944143206f1 d8a7f27ac8f346eba2168134c4354ba1 1e8c981489f34a10ba9480f3e3ff2bc2 - - default default] Tap Mirror: Handle Delete Port: 3c0ea9ef-a240-4d66-8db4-64690d4ea1f7
2026-08-26 01:39:00.425 7 WARNING neutron.scheduler.dhcp_agent_scheduler [None req-7b7d4706-0b28-4a4f-8b41-bf3f87424f4a 16011eddbdf54c4abfbeb8055953ed00 2c5ffb01818b47909d855bf98067add4 - - default default] No more DHCP agents
2026-08-26 01:39:00.426 7 WARNING neutron.api.rpc.agentnotifiers.dhcp_rpc_agent_api [None req-7b7d4706-0b28-4a4f-8b41-bf3f87424f4a 16011eddbdf54c4abfbeb8055953ed00 2c5ffb01818b47909d855bf98067add4 - - default default] Unable to schedule network a1897fee-9f22-4431-b118-3e94d9349f97: no agents available; will retry on subsequent port and subnet creation events.
2026-08-26 01:39:00.473 7 INFO neutron.plugins.ml2.drivers.ovn.mech_driver.mech_driver [None req-67215791-a94b-4e05-964d-aa540bb5f9f1 - - - - - -] OVN reports status down for port: e5a26525-3b5e-48c1-b4b2-7c2624cbdcf1
2026-08-26 01:39:00.555 7 INFO neutron.db.ovn_revision_numbers_db [None req-7b7d4706-0b28-4a4f-8b41-bf3f87424f4a 16011eddbdf54c4abfbeb8055953ed00 2c5ffb01818b47909d855bf98067add4 - - default default] Successfully bumped revision number for resource e5a26525-3b5e-48c1-b4b2-7c2624cbdcf1 (type: ports) to 1 [pid: 8|app: 0|req: 1078/2236] 10.0.0.20 () {32 vars in 725 bytes} [Wed Aug 26 01:39:00 2026] DELETE /v2.0/networks/a8b3a8cc-163b-4952-96b7-6ab8e53f1e26 => generated 0 bytes in 359 msecs (HTTP/1.1 204) 3 headers in 131 bytes (1 switches on core 0) [pid: 8|app: 0|req: 1079/2237] 10.0.0.20 () {32 vars in 732 bytes} [Wed Aug 26 01:39:00 2026] GET /v2.0/networks/0bf295db-7edb-48e5-b7eb-8f69b1f342f0/tags => generated 25 bytes in 61 msecs (HTTP/1.1 200) 4 headers in 156 bytes (1 switches on core 0) [pid: 7|app: 0|req: 1159/2238] 10.0.0.20 () {34 vars in 669 bytes} [Wed Aug 26 01:39:00 2026] POST /v2.0/networks => generated 648 bytes in 583 msecs (HTTP/1.1 201) 4 headers in 162 bytes (1 switches on core 0) [pid: 8|app: 0|req: 1080/2239] 10.0.0.223 () {28 vars in 583 bytes} [Wed Aug 26 01:39:00 2026] GET /v2.0/routers => generated 965 bytes in 66 msecs (HTTP/1.1 200) 4 headers in 157 bytes (1 switches on core 0)
2026-08-26 01:39:00.760 7 INFO neutron.db.ovn_revision_numbers_db [None req-5f12c6bf-5adf-4325-86f7-5b41adfafc39 b7d8d73865ac40d59fd04e8aaec16164 f487765dd152441ca437fe9fa460639e - - default default] Successfully bumped revision number for resource 43a3e400-4d88-40d8-9859-8f99af7f74d9 (type: security_group_rules) to 0 [pid: 7|app: 0|req: 1160/2240] 10.0.0.20 () {34 vars in 694 bytes} [Wed Aug 26 01:39:00 2026] POST /v2.0/security-group-rules => generated 601 bytes in 166 msecs (HTTP/1.1 201) 4 headers in 162 bytes (1 switches on core 0)
2026-08-26 01:39:00.801 8 INFO neutron_taas.services.taas.taas_plugin [None req-64e46efa-12b5-4a1d-b682-bee2e9f35ee5 d8a7f27ac8f346eba2168134c4354ba1 1e8c981489f34a10ba9480f3e3ff2bc2 - - default default] TaaS: Handle Delete Port: 6fdb6708-0532-4b5d-a6c6-a8375214b355
2026-08-26 01:39:00.804 8 INFO neutron_taas.services.taas.tap_mirror_plugin [None req-64e46efa-12b5-4a1d-b682-bee2e9f35ee5 d8a7f27ac8f346eba2168134c4354ba1 1e8c981489f34a10ba9480f3e3ff2bc2 - - default default] Tap Mirror: Handle Delete Port: 6fdb6708-0532-4b5d-a6c6-a8375214b355
2026-08-26 01:39:00.817 8 INFO neutron.services.segments.plugin [-] Segment 19c109d0-caf8-4e8d-bea9-777308f58257 resource provider aggregate not found
2026-08-26 01:39:00.818 8 INFO neutron.services.segments.plugin [-] Segment 19c109d0-caf8-4e8d-bea9-777308f58257 resource provider aggregate not found
2026-08-26 01:39:00.844 8 INFO neutron.services.segments.plugin [-] Client error retrieving segment 19c109d0-caf8-4e8d-bea9-777308f58257 resource provider; error: Placement Client Error (4xx): {"errors": [{"status": 404, "title": "Not Found", "detail": "The resource could not be found.\n\n No resource provider with uuid 19c109d0-caf8-4e8d-bea9-777308f58257 found for delete ", "request_id": "req-bc38f3a2-072e-4f81-b38e-2782fdcacbc2"}]}
2026-08-26 01:39:00.845 8 INFO neutron.services.segments.plugin [-] Client error retrieving segment 19c109d0-caf8-4e8d-bea9-777308f58257 resource provider; error: Placement Client Error (4xx): {"errors": [{"status": 404, "title": "Not Found", "detail": "The resource could not be found.\n\n No resource provider with uuid 19c109d0-caf8-4e8d-bea9-777308f58257 found for delete ", "request_id": "req-108f5539-3157-420b-a184-dad3a8ff8025"}]}
2026-08-26 01:39:00.869 8 INFO neutron.services.segments.plugin [-] Segment 456b2ffa-0818-47cd-93a8-7687f5c53197 resource provider aggregate not found
2026-08-26 01:39:00.874 8 INFO neutron.services.segments.plugin [-] Segment 456b2ffa-0818-47cd-93a8-7687f5c53197 resource provider aggregate not found
2026-08-26 01:39:00.882 7 INFO neutron.db.segments_db [None req-5bbd91f5-f3c2-4615-8967-222477820746 16011eddbdf54c4abfbeb8055953ed00 2c5ffb01818b47909d855bf98067add4 - - default default] Added segment c9ecca5d-e6be-4016-9e4e-e68f53be5d74 of type geneve for network c5aea75c-db86-4340-acf8-be60b26792de
2026-08-26 01:39:00.891 8 INFO neutron.services.segments.plugin [-] Client error retrieving segment 456b2ffa-0818-47cd-93a8-7687f5c53197 resource provider; error: Placement Client Error (4xx): {"errors": [{"status": 404, "title": "Not Found", "detail": "The resource could not be found.\n\n No resource provider with uuid 456b2ffa-0818-47cd-93a8-7687f5c53197 found for delete ", "request_id": "req-f3fc86d2-55ba-4593-882d-3d2a5e5b9d60"}]}
2026-08-26 01:39:00.894 8 INFO neutron.services.segments.plugin [-] Client error retrieving segment 456b2ffa-0818-47cd-93a8-7687f5c53197 resource provider; error: Placement Client Error (4xx): {"errors": [{"status": 404, "title": "Not Found", "detail": "The resource could not be found.\n\n No resource provider with uuid 456b2ffa-0818-47cd-93a8-7687f5c53197 found for delete ", "request_id": "req-cb9bd930-b7bc-4b6e-81fb-6d473c8d5474"}]}
2026-08-26 01:39:00.998 7 INFO neutron.db.ovn_revision_numbers_db [None req-5bbd91f5-f3c2-4615-8967-222477820746 16011eddbdf54c4abfbeb8055953ed00 2c5ffb01818b47909d855bf98067add4 - - default default] Successfully bumped revision number for resource c5aea75c-db86-4340-acf8-be60b26792de (type: networks) to 1 [pid: 8|app: 0|req: 1081/2241] 10.0.0.20 () {32 vars in 725 bytes} [Wed Aug 26 01:39:00 2026] DELETE /v2.0/networks/f464b61f-e010-4c43-bdbf-315b779c2f5d => generated 0 bytes in 370 msecs (HTTP/1.1 204) 3 headers in 131 bytes (1 switches on core 0)
2026-08-26 01:39:01.172 7 WARNING neutron.scheduler.dhcp_agent_scheduler [None req-5bbd91f5-f3c2-4615-8967-222477820746 16011eddbdf54c4abfbeb8055953ed00 2c5ffb01818b47909d855bf98067add4 - - default default] No more DHCP agents
2026-08-26 01:39:01.173 7 WARNING neutron.api.rpc.agentnotifiers.dhcp_rpc_agent_api [None req-5bbd91f5-f3c2-4615-8967-222477820746 16011eddbdf54c4abfbeb8055953ed00 2c5ffb01818b47909d855bf98067add4 - - default default] Unable to schedule network c5aea75c-db86-4340-acf8-be60b26792de: no agents available; will retry on subsequent port and subnet creation events.
2026-08-26 01:39:01.175 8 INFO neutron_taas.services.taas.taas_plugin [None req-d1d849fe-452c-4684-8d19-c44759ed68e1 d1e9e3eb44e747598dbacab84a75b52d 7d390e980ee844f1868e442b3031e475 - - default default] TaaS: Handle Delete Port: 7bb8ade2-8d6c-4df9-9e59-bab8a90b1297
2026-08-26 01:39:01.177 8 INFO neutron_taas.services.taas.tap_mirror_plugin [None req-d1d849fe-452c-4684-8d19-c44759ed68e1 d1e9e3eb44e747598dbacab84a75b52d 7d390e980ee844f1868e442b3031e475 - - default default] Tap Mirror: Handle Delete Port: 7bb8ade2-8d6c-4df9-9e59-bab8a90b1297
2026-08-26 01:39:01.220 7 INFO neutron.plugins.ml2.drivers.ovn.mech_driver.mech_driver [None req-67215791-a94b-4e05-964d-aa540bb5f9f1 - - - - - -] OVN reports status down for port: 9122db25-f9e7-4719-9ea5-6811f28879e4
2026-08-26 01:39:01.279 7 INFO neutron.db.ovn_revision_numbers_db [None req-5bbd91f5-f3c2-4615-8967-222477820746 16011eddbdf54c4abfbeb8055953ed00 2c5ffb01818b47909d855bf98067add4 - - default default] Successfully bumped revision number for resource 9122db25-f9e7-4719-9ea5-6811f28879e4 (type: ports) to 1 [pid: 7|app: 0|req: 1161/2242] 10.0.0.20 () {34 vars in 669 bytes} [Wed Aug 26 01:39:00 2026] POST /v2.0/networks => generated 649 bytes in 536 msecs (HTTP/1.1 201) 4 headers in 162 bytes (1 switches on core 0) [pid: 7|app: 0|req: 1162/2243] 10.0.0.223 () {28 vars in 624 bytes} [Wed Aug 26 01:39:01 2026] GET /v2.0/agents?binary=ovn-controller => generated 416 bytes in 20 msecs (HTTP/1.1 200) 4 headers in 157 bytes (1 switches on core 0) [pid: 8|app: 0|req: 1082/2244] 10.0.0.20 () {32 vars in 725 bytes} [Wed Aug 26 01:39:01 2026] DELETE /v2.0/networks/0bf295db-7edb-48e5-b7eb-8f69b1f342f0 => generated 0 bytes in 360 msecs (HTTP/1.1 204) 3 headers in 131 bytes (1 switches on core 0) [pid: 8|app: 0|req: 1083/2245] 10.0.0.223 () {28 vars in 585 bytes} [Wed Aug 26 01:39:01 2026] GET /v2.0/networks => generated 8142 bytes in 83 msecs (HTTP/1.1 200) 4 headers in 158 bytes (1 switches on core 0)
2026-08-26 01:39:01.501 7 INFO neutron.db.ovn_revision_numbers_db [None req-7444f959-b5e2-41d9-9aca-75b23ac397a5 b7d8d73865ac40d59fd04e8aaec16164 f487765dd152441ca437fe9fa460639e - - default default] Successfully bumped revision number for resource 6a5ea9f3-3ecb-4afb-ab7b-3905af4cb1ec (type: security_group_rules) to 0 [pid: 7|app: 0|req: 1163/2246] 10.0.0.20 () {34 vars in 694 bytes} [Wed Aug 26 01:39:01 2026] POST /v2.0/security-group-rules => generated 601 bytes in 200 msecs (HTTP/1.1 201) 4 headers in 162 bytes (1 switches on core 0)
2026-08-26 01:39:01.680 7 INFO neutron_taas.services.taas.taas_plugin [None req-002f471b-fd57-4ea0-8520-cf4f3b1875fc d1e9e3eb44e747598dbacab84a75b52d 7d390e980ee844f1868e442b3031e475 - - default default] TaaS: Handle Delete Port: b183f1de-a1c8-49e4-8a29-87edd7df829d
2026-08-26 01:39:01.683 7 INFO neutron_taas.services.taas.tap_mirror_plugin [None req-002f471b-fd57-4ea0-8520-cf4f3b1875fc d1e9e3eb44e747598dbacab84a75b52d 7d390e980ee844f1868e442b3031e475 - - default default] Tap Mirror: Handle Delete Port: b183f1de-a1c8-49e4-8a29-87edd7df829d
2026-08-26 01:39:01.847 8 WARNING neutron.scheduler.dhcp_agent_scheduler [None req-4df02793-6766-4b3c-bdbf-d3b34dc2ce0d 16011eddbdf54c4abfbeb8055953ed00 2c5ffb01818b47909d855bf98067add4 - - default default] No more DHCP agents
2026-08-26 01:39:01.849 8 WARNING neutron.api.rpc.agentnotifiers.dhcp_rpc_agent_api [None req-4df02793-6766-4b3c-bdbf-d3b34dc2ce0d 16011eddbdf54c4abfbeb8055953ed00 2c5ffb01818b47909d855bf98067add4 - - default default] Unable to schedule network a1897fee-9f22-4431-b118-3e94d9349f97: no agents available; will retry on subsequent port and subnet creation events.
2026-08-26 01:39:01.865 7 INFO neutron.services.segments.plugin [-] Segment a35b0b67-889a-4c23-855a-c1072e0e864d resource provider aggregate not found
2026-08-26 01:39:01.877 7 INFO neutron.services.segments.plugin [-] Segment a35b0b67-889a-4c23-855a-c1072e0e864d resource provider aggregate not found
2026-08-26 01:39:01.895 7 INFO neutron.services.segments.plugin [-] Client error retrieving segment a35b0b67-889a-4c23-855a-c1072e0e864d resource provider; error: Placement Client Error (4xx): {"errors": [{"status": 404, "title": "Not Found", "detail": "The resource could not be found.\n\n No resource provider with uuid a35b0b67-889a-4c23-855a-c1072e0e864d found for delete ", "request_id": "req-e7a5426b-aae4-47e1-ac09-52b70dbff66f"}]}
2026-08-26 01:39:01.900 7 INFO neutron.services.segments.plugin [-] Client error retrieving segment a35b0b67-889a-4c23-855a-c1072e0e864d resource provider; error: Placement Client Error (4xx): {"errors": [{"status": 404, "title": "Not Found", "detail": "The resource could not be found.\n\n No resource provider with uuid a35b0b67-889a-4c23-855a-c1072e0e864d found for delete ", "request_id": "req-505aa040-8867-423a-bf58-ed8502cfc961"}]} [pid: 7|app: 0|req: 1164/2247] 10.0.0.20 () {32 vars in 725 bytes} [Wed Aug 26 01:39:01 2026] DELETE /v2.0/networks/40833c45-dedd-478a-b67c-524cade5bd62 => generated 0 bytes in 378 msecs (HTTP/1.1 204) 3 headers in 131 bytes (1 switches on core 0) [pid: 7|app: 0|req: 1165/2248] 10.0.0.223 () {28 vars in 583 bytes} [Wed Aug 26 01:39:01 2026] GET /v2.0/subnets => generated 6809 bytes in 50 msecs (HTTP/1.1 200) 4 headers in 158 bytes (1 switches on core 0)
2026-08-26 01:39:02.131 7 INFO neutron.db.ovn_revision_numbers_db [None req-5e5c30c4-086c-45a3-a577-22be81170564 b7d8d73865ac40d59fd04e8aaec16164 f487765dd152441ca437fe9fa460639e - - default default] Successfully bumped revision number for resource 79cc86dd-b8d6-4fee-b136-8fbc3b887182 (type: security_group_rules) to 0 [pid: 7|app: 0|req: 1166/2249] 10.0.0.20 () {34 vars in 694 bytes} [Wed Aug 26 01:39:01 2026] POST /v2.0/security-group-rules => generated 597 bytes in 202 msecs (HTTP/1.1 201) 4 headers in 162 bytes (1 switches on core 0)
2026-08-26 01:39:02.297 8 INFO neutron.db.ovn_revision_numbers_db [None req-56500ecc-13b7-4cdc-803d-31f9d3439904 - - - - - -] Successfully bumped revision number for resource e5a26525-3b5e-48c1-b4b2-7c2624cbdcf1 (type: ports) to 2
2026-08-26 01:39:02.345 8 INFO neutron.db.ovn_revision_numbers_db [None req-56500ecc-13b7-4cdc-803d-31f9d3439904 - - - - - -] Successfully bumped revision number for resource a38e8750-54bc-4589-b1df-c4cfa2af2446 (type: subnets) to 0
2026-08-26 01:39:02.400 8 WARNING neutron.scheduler.dhcp_agent_scheduler [None req-4df02793-6766-4b3c-bdbf-d3b34dc2ce0d 16011eddbdf54c4abfbeb8055953ed00 2c5ffb01818b47909d855bf98067add4 - - default default] No more DHCP agents
2026-08-26 01:39:02.401 8 WARNING neutron.api.rpc.agentnotifiers.dhcp_rpc_agent_api [None req-4df02793-6766-4b3c-bdbf-d3b34dc2ce0d 16011eddbdf54c4abfbeb8055953ed00 2c5ffb01818b47909d855bf98067add4 - - default default] Unable to schedule network c5aea75c-db86-4340-acf8-be60b26792de: no agents available; will retry on subsequent port and subnet creation events.
2026-08-26 01:39:02.615 7 INFO neutron.db.ovn_revision_numbers_db [None req-b7d5b1db-9904-4fe9-8d46-b636397cc56a 7aab74dd1b9c45e5b64a48b99521ae05 31f9c4a5fd3b4001a514583339a81e79 - - default default] Successfully bumped revision number for resource 8f5cbf2b-3bdc-4e0f-93df-64f995fb3712 (type: security_groups) to 1
2026-08-26 01:39:02.641 7 INFO neutron.db.ovn_revision_numbers_db [None req-b7d5b1db-9904-4fe9-8d46-b636397cc56a 7aab74dd1b9c45e5b64a48b99521ae05 31f9c4a5fd3b4001a514583339a81e79 - - default default] Successfully bumped revision number for resource 1b5405e6-ca56-4b8d-b28c-b4afe4d38d5b (type: security_group_rules) to 0
2026-08-26 01:39:02.663 7 INFO neutron.db.ovn_revision_numbers_db [None req-b7d5b1db-9904-4fe9-8d46-b636397cc56a 7aab74dd1b9c45e5b64a48b99521ae05 31f9c4a5fd3b4001a514583339a81e79 - - default default] Successfully bumped revision number for resource 4317fc29-9ea0-4708-a725-997f2c7aec63 (type: security_group_rules) to 0
2026-08-26 01:39:02.678 7 INFO neutron.db.ovn_revision_numbers_db [None req-b7d5b1db-9904-4fe9-8d46-b636397cc56a 7aab74dd1b9c45e5b64a48b99521ae05 31f9c4a5fd3b4001a514583339a81e79 - - default default] Successfully bumped revision number for resource 53fcf618-d795-4b0c-a2d2-2463253ab288 (type: security_group_rules) to 0
2026-08-26 01:39:02.691 7 INFO neutron.db.ovn_revision_numbers_db [None req-b7d5b1db-9904-4fe9-8d46-b636397cc56a 7aab74dd1b9c45e5b64a48b99521ae05 31f9c4a5fd3b4001a514583339a81e79 - - default default] Successfully bumped revision number for resource da8ae8ba-30bc-439b-99d5-c9241f853193 (type: security_group_rules) to 0 [pid: 7|app: 0|req: 1167/2250] 10.0.0.20 () {32 vars in 773 bytes} [Wed Aug 26 01:39:02 2026] GET /v2.0/security-groups?tenant_id=4eb2614cd9404aef857441bbf97a6e97&name=default => generated 2925 bytes in 548 msecs (HTTP/1.1 200) 4 headers in 158 bytes (1 switches on core 0) [pid: 7|app: 0|req: 1168/2251] 10.0.0.223 () {28 vars in 591 bytes} [Wed Aug 26 01:39:02 2026] GET /v2.0/subnetpools => generated 19 bytes in 8 msecs (HTTP/1.1 200) 4 headers in 156 bytes (1 switches on core 0)
2026-08-26 01:39:02.864 8 INFO neutron.db.ovn_revision_numbers_db [None req-031e964a-5d14-4f4d-b40c-afdf392cba93 - - - - - -] Successfully bumped revision number for resource 9122db25-f9e7-4719-9ea5-6811f28879e4 (type: ports) to 2
2026-08-26 01:39:02.895 7 INFO neutron.db.ovn_revision_numbers_db [None req-2eb9dc17-dd72-451b-b9f7-ecc0c48a2646 b7d8d73865ac40d59fd04e8aaec16164 f487765dd152441ca437fe9fa460639e - - default default] Successfully bumped revision number for resource 4a984a8c-0395-4422-bded-036de229fc95 (type: security_group_rules) to 0
2026-08-26 01:39:02.905 8 INFO neutron.db.ovn_revision_numbers_db [None req-031e964a-5d14-4f4d-b40c-afdf392cba93 - - - - - -] Successfully bumped revision number for resource 426582fd-9d03-4882-a81d-85815ef355f0 (type: subnets) to 0
2026-08-26 01:39:02.918 8 INFO neutron.services.segments.plugin [-] Segment 4bce3f4f-df63-4a2b-94b0-76311f83db53 resource provider aggregate not found
2026-08-26 01:39:02.925 8 INFO neutron.services.segments.plugin [-] Segment 4bce3f4f-df63-4a2b-94b0-76311f83db53 resource provider aggregate not found [pid: 7|app: 0|req: 1169/2252] 10.0.0.20 () {34 vars in 694 bytes} [Wed Aug 26 01:39:02 2026] POST /v2.0/security-group-rules => generated 597 bytes in 192 msecs (HTTP/1.1 201) 4 headers in 162 bytes (1 switches on core 0) [pid: 8|app: 0|req: 1084/2253] 10.0.0.20 () {34 vars in 668 bytes} [Wed Aug 26 01:39:01 2026] POST /v2.0/subnets => generated 1274 bytes in 1433 msecs (HTTP/1.1 201) 4 headers in 163 bytes (1 switches on core 0)
2026-08-26 01:39:02.942 8 INFO neutron.services.segments.plugin [-] Client error retrieving segment 4bce3f4f-df63-4a2b-94b0-76311f83db53 resource provider; error: Placement Client Error (4xx): {"errors": [{"status": 404, "title": "Not Found", "detail": "The resource could not be found.\n\n No resource provider with uuid 4bce3f4f-df63-4a2b-94b0-76311f83db53 found for delete ", "request_id": "req-ec4aca34-bf85-480b-aa6a-d5f0287d1105"}]}
2026-08-26 01:39:02.952 8 INFO neutron.services.segments.plugin [-] Client error retrieving segment 4bce3f4f-df63-4a2b-94b0-76311f83db53 resource provider; error: Placement Client Error (4xx): {"errors": [{"status": 404, "title": "Not Found", "detail": "The resource could not be found.\n\n No resource provider with uuid 4bce3f4f-df63-4a2b-94b0-76311f83db53 found for delete ", "request_id": "req-2f0a7661-3c95-40a6-a314-35420f92511d"}]}
2026-08-26 01:39:02.958 8 INFO neutron.services.segments.plugin [-] Segment fb9b96a8-04e3-4aba-b51a-9ab911011cfa resource provider aggregate not found
2026-08-26 01:39:02.977 8 INFO neutron.services.segments.plugin [-] Client error retrieving segment fb9b96a8-04e3-4aba-b51a-9ab911011cfa resource provider; error: Placement Client Error (4xx): {"errors": [{"status": 404, "title": "Not Found", "detail": "The resource could not be found.\n\n No resource provider with uuid fb9b96a8-04e3-4aba-b51a-9ab911011cfa found for delete ", "request_id": "req-f20ed02d-504d-4a52-9409-8cef12b0798e"}]}
2026-08-26 01:39:02.979 8 INFO neutron.services.segments.plugin [-] Segment fb9b96a8-04e3-4aba-b51a-9ab911011cfa resource provider aggregate not found
2026-08-26 01:39:02.996 8 INFO neutron.services.segments.plugin [-] Client error retrieving segment fb9b96a8-04e3-4aba-b51a-9ab911011cfa resource provider; error: Placement Client Error (4xx): {"errors": [{"status": 404, "title": "Not Found", "detail": "The resource could not be found.\n\n No resource provider with uuid fb9b96a8-04e3-4aba-b51a-9ab911011cfa found for delete ", "request_id": "req-2ad605e6-d6a1-418f-9fee-27ee15553db2"}]} [pid: 8|app: 0|req: 1085/2254] 10.0.0.20 () {32 vars in 739 bytes} [Wed Aug 26 01:39:02 2026] DELETE /v2.0/security-groups/8f5cbf2b-3bdc-4e0f-93df-64f995fb3712 => generated 0 bytes in 224 msecs (HTTP/1.1 204) 2 headers in 112 bytes (1 switches on core 0)
