2026-08-26 01:37:34.510 7 INFO neutron.notifiers.nova [-] Nova event matching ['req-367e081b-1590-4c02-bb36-4ed3ce72fdcb'] response: {'server_uuid': 'c30c6b35-e7cb-4c30-ad3e-be23c2c34973', 'name': 'network-vif-plugged', 'status': 'completed', 'tag': '53efb744-6112-45bf-ae9f-023342d6b717', 'code': 200} [pid: 8|app: 0|req: 817/1662] 10.0.0.20 () {34 vars in 668 bytes} [Wed Aug 26 01:37:33 2026] POST /v2.0/subnets => generated 626 bytes in 815 msecs (HTTP/1.1 201) 4 headers in 162 bytes (1 switches on core 0)
2026-08-26 01:37:34.685 7 INFO neutron.db.ovn_revision_numbers_db [None req-23a936b6-7923-43e2-92f7-61439fbc44a5 7ebaecbce93249d2b10848fc7e48a2c4 f207731022864160adb80845bf80c5a1 - - default default] Successfully bumped revision number for resource 4c32c75d-181a-499e-b47c-0922c8f9501d (type: routers) to 1 [pid: 7|app: 0|req: 846/1663] 10.0.0.20 () {34 vars in 668 bytes} [Wed Aug 26 01:37:34 2026] POST /v2.0/routers => generated 603 bytes in 180 msecs (HTTP/1.1 201) 4 headers in 162 bytes (1 switches on core 0)
2026-08-26 01:37:35.055 8 WARNING neutron.scheduler.dhcp_agent_scheduler [None req-bb6d0adf-7a01-4d59-82d5-ab470db142b3 7ebaecbce93249d2b10848fc7e48a2c4 f207731022864160adb80845bf80c5a1 - - default default] No more DHCP agents
2026-08-26 01:37:35.056 8 WARNING neutron.api.rpc.agentnotifiers.dhcp_rpc_agent_api [None req-bb6d0adf-7a01-4d59-82d5-ab470db142b3 7ebaecbce93249d2b10848fc7e48a2c4 f207731022864160adb80845bf80c5a1 - - default default] Unable to schedule network fdb0e780-81c6-4994-8867-452d6b89e547: no agents available; will retry on subsequent port and subnet creation events. [pid: 7|app: 0|req: 847/1664] 10.0.0.83 () {34 vars in 989 bytes} [Wed Aug 26 01:37:35 2026] GET /v2.0/ports?device_id=c30c6b35-e7cb-4c30-ad3e-be23c2c34973 => generated 975 bytes in 46 msecs (HTTP/1.1 200) 4 headers in 157 bytes (1 switches on core 0)
2026-08-26 01:37:35.189 7 INFO neutron.plugins.ml2.drivers.ovn.mech_driver.mech_driver [None req-111a470d-d866-4bfe-bd20-223d117f9462 - - - - - -] OVN reports status down for port: 8ef47c88-c793-4978-84da-87ce0dc36d90
2026-08-26 01:37:35.217 8 INFO neutron.db.ovn_revision_numbers_db [None req-bb6d0adf-7a01-4d59-82d5-ab470db142b3 7ebaecbce93249d2b10848fc7e48a2c4 f207731022864160adb80845bf80c5a1 - - default default] Successfully bumped revision number for resource 8ef47c88-c793-4978-84da-87ce0dc36d90 (type: ports) to 1
2026-08-26 01:37:35.428 7 INFO neutron.db.ovn_revision_numbers_db [None req-36328b94-ddc7-4e9d-b731-2a25288b29b5 7aab74dd1b9c45e5b64a48b99521ae05 31f9c4a5fd3b4001a514583339a81e79 - - default default] Successfully bumped revision number for resource 4c51d30f-946b-430b-a061-027a61fd3895 (type: security_groups) to 1
2026-08-26 01:37:35.455 7 INFO neutron.db.ovn_revision_numbers_db [None req-36328b94-ddc7-4e9d-b731-2a25288b29b5 7aab74dd1b9c45e5b64a48b99521ae05 31f9c4a5fd3b4001a514583339a81e79 - - default default] Successfully bumped revision number for resource 0d86f358-3e6d-4e76-8906-c05a70c307d0 (type: security_group_rules) to 0
2026-08-26 01:37:35.468 7 INFO neutron.db.ovn_revision_numbers_db [None req-36328b94-ddc7-4e9d-b731-2a25288b29b5 7aab74dd1b9c45e5b64a48b99521ae05 31f9c4a5fd3b4001a514583339a81e79 - - default default] Successfully bumped revision number for resource 25736ed2-1edc-41d4-9410-48d2d694f71e (type: security_group_rules) to 0
2026-08-26 01:37:35.482 7 INFO neutron.db.ovn_revision_numbers_db [None req-36328b94-ddc7-4e9d-b731-2a25288b29b5 7aab74dd1b9c45e5b64a48b99521ae05 31f9c4a5fd3b4001a514583339a81e79 - - default default] Successfully bumped revision number for resource 354cd337-ddb6-4c8b-92de-be92830826c1 (type: security_group_rules) to 0
2026-08-26 01:37:35.495 7 INFO neutron.db.ovn_revision_numbers_db [None req-36328b94-ddc7-4e9d-b731-2a25288b29b5 7aab74dd1b9c45e5b64a48b99521ae05 31f9c4a5fd3b4001a514583339a81e79 - - default default] Successfully bumped revision number for resource 77da490e-3119-4476-a032-7a75cfc775e0 (type: security_group_rules) to 0 [pid: 7|app: 0|req: 848/1665] 10.0.0.20 () {32 vars in 773 bytes} [Wed Aug 26 01:37:35 2026] GET /v2.0/security-groups?tenant_id=d4831e9811e64d7593d592e6d0b10987&name=default => generated 2925 bytes in 402 msecs (HTTP/1.1 200) 4 headers in 158 bytes (1 switches on core 0) [pid: 7|app: 0|req: 849/1666] 10.0.0.83 () {34 vars in 1039 bytes} [Wed Aug 26 01:37:35 2026] GET /v2.0/security-groups?id=8ba6c6e3-c908-4b1c-bde2-36b52ff7cd5f&fields=id&fields=name => generated 113 bytes in 53 msecs (HTTP/1.1 200) 4 headers in 157 bytes (1 switches on core 0) [pid: 7|app: 0|req: 850/1667] 10.0.0.20 () {32 vars in 739 bytes} [Wed Aug 26 01:37:35 2026] DELETE /v2.0/security-groups/4c51d30f-946b-430b-a061-027a61fd3895 => generated 0 bytes in 220 msecs (HTTP/1.1 204) 2 headers in 112 bytes (1 switches on core 0)
2026-08-26 01:37:35.867 7 INFO neutron.plugins.ml2.drivers.ovn.mech_driver.mech_driver [None req-111a470d-d866-4bfe-bd20-223d117f9462 - - - - - -] OVN reports status up for port: 8ef47c88-c793-4978-84da-87ce0dc36d90
2026-08-26 01:37:35.895 7 INFO neutron.plugins.ml2.plugin [None req-111a470d-d866-4bfe-bd20-223d117f9462 - - - - - -] Attempt 1 to provision port 8ef47c88-c793-4978-84da-87ce0dc36d90 [pid: 7|app: 0|req: 851/1668] 10.0.0.83 () {34 vars in 989 bytes} [Wed Aug 26 01:37:35 2026] GET /v2.0/ports?device_id=c30c6b35-e7cb-4c30-ad3e-be23c2c34973 => generated 975 bytes in 119 msecs (HTTP/1.1 200) 4 headers in 157 bytes (1 switches on core 0)
2026-08-26 01:37:35.945 8 WARNING neutron.scheduler.dhcp_agent_scheduler [None req-bb6d0adf-7a01-4d59-82d5-ab470db142b3 7ebaecbce93249d2b10848fc7e48a2c4 f207731022864160adb80845bf80c5a1 - - default default] No more DHCP agents
2026-08-26 01:37:35.948 8 WARNING neutron.api.rpc.agentnotifiers.dhcp_rpc_agent_api [None req-bb6d0adf-7a01-4d59-82d5-ab470db142b3 7ebaecbce93249d2b10848fc7e48a2c4 f207731022864160adb80845bf80c5a1 - - default default] Unable to schedule network fdb0e780-81c6-4994-8867-452d6b89e547: no agents available; will retry on subsequent port and subnet creation events.
2026-08-26 01:37:36.114 8 INFO neutron.db.ovn_revision_numbers_db [None req-bb6d0adf-7a01-4d59-82d5-ab470db142b3 7ebaecbce93249d2b10848fc7e48a2c4 f207731022864160adb80845bf80c5a1 - - default default] Successfully bumped revision number for resource 8ef47c88-c793-4978-84da-87ce0dc36d90 (type: router_ports) to 1 [pid: 8|app: 0|req: 818/1669] 10.0.0.20 () {34 vars in 782 bytes} [Wed Aug 26 01:37:34 2026] PUT /v2.0/routers/4c32c75d-181a-499e-b47c-0922c8f9501d/add_router_interface => generated 309 bytes in 1414 msecs (HTTP/1.1 200) 4 headers in 157 bytes (1 switches on core 0)
2026-08-26 01:37:36.434 7 INFO neutron.db.ovn_revision_numbers_db [None req-446f9a00-a58b-4e68-befa-feb132b49037 7aab74dd1b9c45e5b64a48b99521ae05 31f9c4a5fd3b4001a514583339a81e79 - - default default] Successfully bumped revision number for resource 58b51231-5e07-423d-8f87-7473cd50fd37 (type: security_groups) to 1
2026-08-26 01:37:36.453 7 INFO neutron.db.ovn_revision_numbers_db [None req-446f9a00-a58b-4e68-befa-feb132b49037 7aab74dd1b9c45e5b64a48b99521ae05 31f9c4a5fd3b4001a514583339a81e79 - - default default] Successfully bumped revision number for resource 105fe7d7-7259-476b-8a1b-c76d97d3e938 (type: security_group_rules) to 0
2026-08-26 01:37:36.503 7 INFO neutron.db.ovn_revision_numbers_db [None req-446f9a00-a58b-4e68-befa-feb132b49037 7aab74dd1b9c45e5b64a48b99521ae05 31f9c4a5fd3b4001a514583339a81e79 - - default default] Successfully bumped revision number for resource 338323f9-2b19-41d7-a8fa-3935983fe506 (type: security_group_rules) to 0
2026-08-26 01:37:36.530 7 INFO neutron.db.ovn_revision_numbers_db [None req-446f9a00-a58b-4e68-befa-feb132b49037 7aab74dd1b9c45e5b64a48b99521ae05 31f9c4a5fd3b4001a514583339a81e79 - - default default] Successfully bumped revision number for resource 6b4e970a-683e-458c-adec-855d9a4f37db (type: security_group_rules) to 0
2026-08-26 01:37:36.546 7 INFO neutron.db.ovn_revision_numbers_db [None req-111a470d-d866-4bfe-bd20-223d117f9462 - - - - - -] Successfully bumped revision number for resource 8ef47c88-c793-4978-84da-87ce0dc36d90 (type: ports) to 2
2026-08-26 01:37:36.558 7 INFO neutron.db.ovn_revision_numbers_db [None req-446f9a00-a58b-4e68-befa-feb132b49037 7aab74dd1b9c45e5b64a48b99521ae05 31f9c4a5fd3b4001a514583339a81e79 - - default default] Successfully bumped revision number for resource 7deccaa6-358c-409a-983f-17ae68cf315f (type: security_group_rules) to 0
2026-08-26 01:37:36.623 8 INFO neutron.db.ovn_revision_numbers_db [None req-ef6d9478-ba87-44a4-b174-d99ba349cea9 8cdd1fdbdc0f466c9336d1b0a3c0f1e9 5c49473a53fa40ca8c3615939220cf91 - - default default] Successfully bumped revision number for resource 748392d2-a5f2-4094-aa91-633eba2383fb (type: floatingips) to 1
2026-08-26 01:37:36.740 8 INFO neutron.db.ovn_revision_numbers_db [None req-ef6d9478-ba87-44a4-b174-d99ba349cea9 8cdd1fdbdc0f466c9336d1b0a3c0f1e9 5c49473a53fa40ca8c3615939220cf91 - - default default] Successfully bumped revision number for resource 748392d2-a5f2-4094-aa91-633eba2383fb (type: floatingips) to 2
2026-08-26 01:37:36.740 8 INFO neutron.db.l3_db [None req-ef6d9478-ba87-44a4-b174-d99ba349cea9 8cdd1fdbdc0f466c9336d1b0a3c0f1e9 5c49473a53fa40ca8c3615939220cf91 - - default default] Floating IP 748392d2-a5f2-4094-aa91-633eba2383fb associated. External IP: 10.96.250.206, port: 53efb744-6112-45bf-ae9f-023342d6b717.
2026-08-26 01:37:36.744 7 INFO neutron.db.segments_db [None req-446f9a00-a58b-4e68-befa-feb132b49037 7aab74dd1b9c45e5b64a48b99521ae05 31f9c4a5fd3b4001a514583339a81e79 - - default default] Added segment 5f119cad-13e0-49b2-8636-c1ccb1867cd3 of type geneve for network 2e57378c-76de-41d9-b238-6e3434cf4835 [pid: 8|app: 0|req: 819/1670] 10.0.0.20 () {34 vars in 748 bytes} [Wed Aug 26 01:37:36 2026] PUT /v2.0/floatingips/748392d2-a5f2-4094-aa91-633eba2383fb => generated 856 bytes in 653 msecs (HTTP/1.1 200) 4 headers in 157 bytes (1 switches on core 0)
2026-08-26 01:37:36.812 8 INFO neutron.notifiers.nova [-] Nova event matching ['req-4a076e16-77ea-4c02-812a-a400e6e6d064'] response: {'name': 'network-changed', 'server_uuid': 'c30c6b35-e7cb-4c30-ad3e-be23c2c34973', 'tag': '53efb744-6112-45bf-ae9f-023342d6b717', 'status': 'completed', 'code': 200}
2026-08-26 01:37:36.894 7 INFO neutron.db.ovn_revision_numbers_db [None req-f8ab4a3e-30cc-4a78-b6b7-d480063fcc14 - - - - - -] Successfully bumped revision number for resource 8ef47c88-c793-4978-84da-87ce0dc36d90 (type: router_ports) to 2
2026-08-26 01:37:36.909 8 INFO neutron.db.ovn_revision_numbers_db [None req-e5b69778-118c-4b00-9474-f6c04a3527f8 7aab74dd1b9c45e5b64a48b99521ae05 31f9c4a5fd3b4001a514583339a81e79 - - default default] Successfully bumped revision number for resource 70f888b2-4c16-409f-947d-63d01c86f9d3 (type: security_groups) to 1
2026-08-26 01:37:36.920 8 INFO neutron.db.ovn_revision_numbers_db [None req-e5b69778-118c-4b00-9474-f6c04a3527f8 7aab74dd1b9c45e5b64a48b99521ae05 31f9c4a5fd3b4001a514583339a81e79 - - default default] Successfully bumped revision number for resource 4246b0fd-8acf-4ed8-934f-87d88afc3041 (type: security_group_rules) to 0
2026-08-26 01:37:36.932 8 INFO neutron.db.ovn_revision_numbers_db [None req-e5b69778-118c-4b00-9474-f6c04a3527f8 7aab74dd1b9c45e5b64a48b99521ae05 31f9c4a5fd3b4001a514583339a81e79 - - default default] Successfully bumped revision number for resource 978dcaf2-343b-470c-b4f6-b48e26ac940c (type: security_group_rules) to 0
2026-08-26 01:37:36.947 8 INFO neutron.db.ovn_revision_numbers_db [None req-e5b69778-118c-4b00-9474-f6c04a3527f8 7aab74dd1b9c45e5b64a48b99521ae05 31f9c4a5fd3b4001a514583339a81e79 - - default default] Successfully bumped revision number for resource a1d34e48-9553-4c77-95ed-34f4e8f879d0 (type: security_group_rules) to 0
2026-08-26 01:37:36.969 8 INFO neutron.db.ovn_revision_numbers_db [None req-e5b69778-118c-4b00-9474-f6c04a3527f8 7aab74dd1b9c45e5b64a48b99521ae05 31f9c4a5fd3b4001a514583339a81e79 - - default default] Successfully bumped revision number for resource c145a9d4-c208-4aab-8214-956e953c9e4e (type: security_group_rules) to 0 [pid: 8|app: 0|req: 820/1671] 10.0.0.20 () {32 vars in 773 bytes} [Wed Aug 26 01:37:36 2026] GET /v2.0/security-groups?tenant_id=a59e5bc36e9e4c3a873a11dbf5d5214d&name=default => generated 2925 bytes in 234 msecs (HTTP/1.1 200) 4 headers in 158 bytes (1 switches on core 0)
2026-08-26 01:37:37.013 7 INFO neutron.db.ovn_revision_numbers_db [None req-446f9a00-a58b-4e68-befa-feb132b49037 7aab74dd1b9c45e5b64a48b99521ae05 31f9c4a5fd3b4001a514583339a81e79 - - default default] Successfully bumped revision number for resource 2e57378c-76de-41d9-b238-6e3434cf4835 (type: networks) to 1 [pid: 8|app: 0|req: 821/1672] 10.0.0.20 () {32 vars in 716 bytes} [Wed Aug 26 01:37:37 2026] GET /v2.0/ports/8ef47c88-c793-4978-84da-87ce0dc36d90 => generated 943 bytes in 32 msecs (HTTP/1.1 200) 4 headers in 157 bytes (1 switches on core 0)
2026-08-26 01:37:37.188 7 WARNING neutron.scheduler.dhcp_agent_scheduler [None req-446f9a00-a58b-4e68-befa-feb132b49037 7aab74dd1b9c45e5b64a48b99521ae05 31f9c4a5fd3b4001a514583339a81e79 - - default default] No more DHCP agents
2026-08-26 01:37:37.190 7 WARNING neutron.api.rpc.agentnotifiers.dhcp_rpc_agent_api [None req-446f9a00-a58b-4e68-befa-feb132b49037 7aab74dd1b9c45e5b64a48b99521ae05 31f9c4a5fd3b4001a514583339a81e79 - - default default] Unable to schedule network 2e57378c-76de-41d9-b238-6e3434cf4835: no agents available; will retry on subsequent port and subnet creation events.
2026-08-26 01:37:37.245 8 INFO neutron.plugins.ml2.drivers.ovn.mech_driver.mech_driver [None req-f831f60e-61af-4a3f-886a-f95f789b3a66 - - - - - -] OVN reports status down for port: 44fab9e6-eadf-4fb7-89f8-b433a7c8a221
2026-08-26 01:37:37.272 7 INFO neutron.db.ovn_revision_numbers_db [None req-446f9a00-a58b-4e68-befa-feb132b49037 7aab74dd1b9c45e5b64a48b99521ae05 31f9c4a5fd3b4001a514583339a81e79 - - default default] Successfully bumped revision number for resource 44fab9e6-eadf-4fb7-89f8-b433a7c8a221 (type: ports) to 1 [pid: 7|app: 0|req: 852/1673] 10.0.0.20 () {34 vars in 670 bytes} [Wed Aug 26 01:37:35 2026] POST /v2.0/networks => generated 744 bytes in 1366 msecs (HTTP/1.1 201) 4 headers in 162 bytes (1 switches on core 0) /var/lib/openstack/lib/python3.12/site-packages/pycadf/identifier.py:70: UserWarning: Invalid uuid: neutron. To ensure interoperability, identifiers should be a valid uuid. warnings.warn(('Invalid uuid: %s. To ensure interoperability, ' [pid: 8|app: 0|req: 822/1674] 10.0.0.20 () {32 vars in 739 bytes} [Wed Aug 26 01:37:37 2026] DELETE /v2.0/security-groups/70f888b2-4c16-409f-947d-63d01c86f9d3 => generated 0 bytes in 285 msecs (HTTP/1.1 204) 2 headers in 112 bytes (1 switches on core 0)
2026-08-26 01:37:37.474 8 WARNING neutron.scheduler.dhcp_agent_scheduler [None req-a2dc3337-49e4-4506-8fde-9a381b6dfda4 7aab74dd1b9c45e5b64a48b99521ae05 31f9c4a5fd3b4001a514583339a81e79 - - default default] No more DHCP agents
2026-08-26 01:37:37.475 8 WARNING neutron.api.rpc.agentnotifiers.dhcp_rpc_agent_api [None req-a2dc3337-49e4-4506-8fde-9a381b6dfda4 7aab74dd1b9c45e5b64a48b99521ae05 31f9c4a5fd3b4001a514583339a81e79 - - default default] Unable to schedule network 2e57378c-76de-41d9-b238-6e3434cf4835: no agents available; will retry on subsequent port and subnet creation events.
2026-08-26 01:37:37.737 7 WARNING neutron.scheduler.dhcp_agent_scheduler [None req-14a6a061-3f0a-4137-805b-36a8638f258e 7ebaecbce93249d2b10848fc7e48a2c4 f207731022864160adb80845bf80c5a1 - - default default] No more DHCP agents
2026-08-26 01:37:37.739 7 WARNING neutron.api.rpc.agentnotifiers.dhcp_rpc_agent_api [None req-14a6a061-3f0a-4137-805b-36a8638f258e 7ebaecbce93249d2b10848fc7e48a2c4 f207731022864160adb80845bf80c5a1 - - default default] Unable to schedule network 48d2c21e-9993-4e6a-9b8a-b04b9c636b19: no agents available; will retry on subsequent port and subnet creation events.
2026-08-26 01:37:37.860 8 INFO neutron.plugins.ml2.drivers.ovn.mech_driver.mech_driver [None req-f831f60e-61af-4a3f-886a-f95f789b3a66 - - - - - -] OVN reports status down for port: 8a2f825f-5dac-4f96-90a9-64a4a48f86ab
2026-08-26 01:37:37.866 7 INFO neutron.db.ovn_revision_numbers_db [None req-14a6a061-3f0a-4137-805b-36a8638f258e 7ebaecbce93249d2b10848fc7e48a2c4 f207731022864160adb80845bf80c5a1 - - default default] Successfully bumped revision number for resource 8a2f825f-5dac-4f96-90a9-64a4a48f86ab (type: ports) to 1
2026-08-26 01:37:38.057 8 INFO neutron.db.ovn_revision_numbers_db [None req-5b71cdb3-2d95-429a-a981-8124577beb6f - - - - - -] Successfully bumped revision number for resource 44fab9e6-eadf-4fb7-89f8-b433a7c8a221 (type: ports) to 2
2026-08-26 01:37:38.096 8 INFO neutron.db.ovn_revision_numbers_db [None req-5b71cdb3-2d95-429a-a981-8124577beb6f - - - - - -] Successfully bumped revision number for resource 44f67dc6-8027-4ae5-8c9e-4c38e9baf793 (type: subnets) to 0 [pid: 8|app: 0|req: 823/1675] 10.0.0.20 () {34 vars in 668 bytes} [Wed Aug 26 01:37:37 2026] POST /v2.0/subnets => generated 688 bytes in 793 msecs (HTTP/1.1 201) 4 headers in 162 bytes (1 switches on core 0) [pid: 8|app: 0|req: 824/1676] 162.253.55.161 () {34 vars in 1080 bytes} [Wed Aug 26 01:37:38 2026] GET /v2.0/ports?tenant_id=5c49473a53fa40ca8c3615939220cf91&device_id=c30c6b35-e7cb-4c30-ad3e-be23c2c34973 => generated 1213 bytes in 38 msecs (HTTP/1.1 200) 4 headers in 158 bytes (1 switches on core 0) [pid: 8|app: 0|req: 825/1677] 10.0.0.20 () {32 vars in 773 bytes} [Wed Aug 26 01:37:38 2026] GET /v2.0/security-groups?tenant_id=29052063b8e74530a9312233f1949df4&name=default => generated 2925 bytes in 21 msecs (HTTP/1.1 200) 4 headers in 158 bytes (1 switches on core 0)
2026-08-26 01:37:38.430 8 INFO neutron.plugins.ml2.drivers.ovn.mech_driver.mech_driver [None req-f831f60e-61af-4a3f-886a-f95f789b3a66 - - - - - -] OVN reports status up for port: 8a2f825f-5dac-4f96-90a9-64a4a48f86ab
2026-08-26 01:37:38.452 8 INFO neutron.plugins.ml2.plugin [None req-f831f60e-61af-4a3f-886a-f95f789b3a66 - - - - - -] Attempt 1 to provision port 8a2f825f-5dac-4f96-90a9-64a4a48f86ab
2026-08-26 01:37:38.491 7 WARNING neutron.scheduler.dhcp_agent_scheduler [None req-14a6a061-3f0a-4137-805b-36a8638f258e 7ebaecbce93249d2b10848fc7e48a2c4 f207731022864160adb80845bf80c5a1 - - default default] No more DHCP agents
2026-08-26 01:37:38.493 7 WARNING neutron.api.rpc.agentnotifiers.dhcp_rpc_agent_api [None req-14a6a061-3f0a-4137-805b-36a8638f258e 7ebaecbce93249d2b10848fc7e48a2c4 f207731022864160adb80845bf80c5a1 - - default default] Unable to schedule network 48d2c21e-9993-4e6a-9b8a-b04b9c636b19: no agents available; will retry on subsequent port and subnet creation events.
2026-08-26 01:37:38.703 7 INFO neutron.db.ovn_revision_numbers_db [None req-14a6a061-3f0a-4137-805b-36a8638f258e 7ebaecbce93249d2b10848fc7e48a2c4 f207731022864160adb80845bf80c5a1 - - default default] Successfully bumped revision number for resource 8a2f825f-5dac-4f96-90a9-64a4a48f86ab (type: router_ports) to 1 [pid: 7|app: 0|req: 853/1678] 10.0.0.20 () {34 vars in 782 bytes} [Wed Aug 26 01:37:37 2026] PUT /v2.0/routers/4c32c75d-181a-499e-b47c-0922c8f9501d/add_router_interface => generated 309 bytes in 1414 msecs (HTTP/1.1 200) 4 headers in 157 bytes (1 switches on core 0) [pid: 7|app: 0|req: 854/1679] 162.253.55.161 () {34 vars in 986 bytes} [Wed Aug 26 01:37:38 2026] GET /v2.0/networks?id=7381ce15-a112-4c07-8399-750123e6db25 => generated 774 bytes in 42 msecs (HTTP/1.1 200) 4 headers in 157 bytes (1 switches on core 0)
2026-08-26 01:37:38.836 8 WARNING neutron.scheduler.dhcp_agent_scheduler [None req-8788f4a4-4600-46df-b5a6-e461fc5ad776 7aab74dd1b9c45e5b64a48b99521ae05 31f9c4a5fd3b4001a514583339a81e79 - - default default] No more DHCP agents
2026-08-26 01:37:38.843 8 WARNING neutron.api.rpc.agentnotifiers.dhcp_rpc_agent_api [None req-8788f4a4-4600-46df-b5a6-e461fc5ad776 7aab74dd1b9c45e5b64a48b99521ae05 31f9c4a5fd3b4001a514583339a81e79 - - default default] Unable to schedule network fe8525d0-1543-4126-9a80-4e019df5d33f: no agents available; will retry on subsequent port and subnet creation events. [pid: 7|app: 0|req: 855/1680] 10.0.0.20 () {32 vars in 739 bytes} [Wed Aug 26 01:37:38 2026] DELETE /v2.0/security-groups/f87c4045-b74a-467f-9fa8-f85558a377bd => generated 0 bytes in 234 msecs (HTTP/1.1 204) 2 headers in 112 bytes (1 switches on core 0)
2026-08-26 01:37:39.047 7 INFO neutron.plugins.ml2.drivers.ovn.mech_driver.mech_driver [None req-f8ab4a3e-30cc-4a78-b6b7-d480063fcc14 - - - - - -] OVN reports status down for port: 41587f67-2eca-439e-afee-71f197202e13
2026-08-26 01:37:39.099 8 INFO neutron.db.ovn_revision_numbers_db [None req-8788f4a4-4600-46df-b5a6-e461fc5ad776 7aab74dd1b9c45e5b64a48b99521ae05 31f9c4a5fd3b4001a514583339a81e79 - - default default] Successfully bumped revision number for resource 41587f67-2eca-439e-afee-71f197202e13 (type: ports) to 1 [pid: 7|app: 0|req: 856/1681] 10.0.0.20 () {32 vars in 716 bytes} [Wed Aug 26 01:37:38 2026] GET /v2.0/ports/8a2f825f-5dac-4f96-90a9-64a4a48f86ab => generated 943 bytes in 127 msecs (HTTP/1.1 200) 4 headers in 157 bytes (1 switches on core 0) [pid: 7|app: 0|req: 857/1682] 162.253.55.161 () {34 vars in 1060 bytes} [Wed Aug 26 01:37:39 2026] GET /v2.0/floatingips?fixed_ip_address=10.100.0.10&port_id=53efb744-6112-45bf-ae9f-023342d6b717 => generated 861 bytes in 91 msecs (HTTP/1.1 200) 4 headers in 157 bytes (1 switches on core 0) [pid: 7|app: 0|req: 858/1683] 10.0.0.20 () {32 vars in 716 bytes} [Wed Aug 26 01:37:39 2026] GET /v2.0/ports/8a2f825f-5dac-4f96-90a9-64a4a48f86ab => generated 943 bytes in 33 msecs (HTTP/1.1 200) 4 headers in 157 bytes (1 switches on core 0) [pid: 7|app: 0|req: 859/1684] 162.253.55.161 () {34 vars in 984 bytes} [Wed Aug 26 01:37:39 2026] GET /v2.0/subnets?id=e6e8696d-349b-409f-bc53-426ecefe6375 => generated 693 bytes in 20 msecs (HTTP/1.1 200) 4 headers in 157 bytes (1 switches on core 0)
2026-08-26 01:37:39.362 8 INFO neutron.db.ovn_revision_numbers_db [None req-f831f60e-61af-4a3f-886a-f95f789b3a66 - - - - - -] Successfully bumped revision number for resource 8a2f825f-5dac-4f96-90a9-64a4a48f86ab (type: ports) to 2
2026-08-26 01:37:39.549 7 INFO neutron_taas.services.taas.taas_plugin [None req-7440864e-de6e-4827-8d20-bc9a67be52f0 7ebaecbce93249d2b10848fc7e48a2c4 f207731022864160adb80845bf80c5a1 - - default default] TaaS: Handle Delete Port: 8a2f825f-5dac-4f96-90a9-64a4a48f86ab
2026-08-26 01:37:39.553 7 INFO neutron_taas.services.taas.tap_mirror_plugin [None req-7440864e-de6e-4827-8d20-bc9a67be52f0 7ebaecbce93249d2b10848fc7e48a2c4 f207731022864160adb80845bf80c5a1 - - default default] Tap Mirror: Handle Delete Port: 8a2f825f-5dac-4f96-90a9-64a4a48f86ab
2026-08-26 01:37:39.698 8 INFO neutron.db.ovn_revision_numbers_db [None req-6793adfa-3884-497b-a0be-3fcc0f21f880 - - - - - -] Successfully bumped revision number for resource 8a2f825f-5dac-4f96-90a9-64a4a48f86ab (type: router_ports) to 2 [pid: 7|app: 0|req: 860/1685] 10.0.0.20 () {34 vars in 788 bytes} [Wed Aug 26 01:37:39 2026] PUT /v2.0/routers/4c32c75d-181a-499e-b47c-0922c8f9501d/remove_router_interface => generated 309 bytes in 694 msecs (HTTP/1.1 200) 4 headers in 157 bytes (1 switches on core 0) /var/lib/openstack/lib/python3.12/site-packages/pycadf/identifier.py:70: UserWarning: Invalid uuid: neutron. To ensure interoperability, identifiers should be a valid uuid. warnings.warn(('Invalid uuid: %s. To ensure interoperability, ' [pid: 7|app: 0|req: 861/1686] 162.253.55.161 () {34 vars in 1052 bytes} [Wed Aug 26 01:37:39 2026] GET /v2.0/ports?network_id=7381ce15-a112-4c07-8399-750123e6db25&device_owner=network%3Adhcp => generated 12 bytes in 18 msecs (HTTP/1.1 200) 4 headers in 156 bytes (1 switches on core 0)
2026-08-26 01:37:40.022 8 INFO neutron.plugins.ml2.drivers.ovn.mech_driver.ovsdb.commands [None req-67439889-e6ff-4b63-b3cb-0d3a38e928da - - - - - -] Schedule LRP lrp-41587f67-2eca-439e-afee-71f197202e13 on gateway 2fdef86b-e5ef-4e04-a48a-06cfd8096aa7 with priority 1
2026-08-26 01:37:40.070 8 INFO neutron.plugins.ml2.drivers.ovn.mech_driver.ovsdb.ovsdb_monitor [None req-fd22985b-c2ab-4184-b7dc-9aca55df3d35 - - - - - -] Router 2075baf0-ad40-43ee-b2d2-5ea13fab6432 is bound to host instance
2026-08-26 01:37:40.084 7 INFO neutron.plugins.ml2.drivers.ovn.mech_driver.mech_driver [None req-f8ab4a3e-30cc-4a78-b6b7-d480063fcc14 - - - - - -] OVN reports status up for port: 41587f67-2eca-439e-afee-71f197202e13 [pid: 7|app: 0|req: 862/1687] 10.0.0.20 () {32 vars in 716 bytes} [Wed Aug 26 01:37:39 2026] GET /v2.0/ports/8ef47c88-c793-4978-84da-87ce0dc36d90 => generated 943 bytes in 132 msecs (HTTP/1.1 200) 4 headers in 157 bytes (1 switches on core 0)
2026-08-26 01:37:40.108 7 INFO neutron.plugins.ml2.plugin [None req-f8ab4a3e-30cc-4a78-b6b7-d480063fcc14 - - - - - -] Attempt 1 to provision port 41587f67-2eca-439e-afee-71f197202e13
2026-08-26 01:37:40.134 8 INFO neutron.db.ovn_revision_numbers_db [None req-8788f4a4-4600-46df-b5a6-e461fc5ad776 7aab74dd1b9c45e5b64a48b99521ae05 31f9c4a5fd3b4001a514583339a81e79 - - default default] Successfully bumped revision number for resource 41587f67-2eca-439e-afee-71f197202e13 (type: router_ports) to 1 [pid: 7|app: 0|req: 863/1688] 162.253.55.161 () {34 vars in 1012 bytes} [Wed Aug 26 01:37:40 2026] GET /v2.0/networks/7381ce15-a112-4c07-8399-750123e6db25?fields=segments => generated 14 bytes in 91 msecs (HTTP/1.1 200) 4 headers in 156 bytes (1 switches on core 0)
2026-08-26 01:37:40.268 8 INFO neutron.db.ovn_revision_numbers_db [None req-8788f4a4-4600-46df-b5a6-e461fc5ad776 7aab74dd1b9c45e5b64a48b99521ae05 31f9c4a5fd3b4001a514583339a81e79 - - default default] Successfully bumped revision number for resource 2075baf0-ad40-43ee-b2d2-5ea13fab6432 (type: routers) to 2 [pid: 8|app: 0|req: 826/1689] 10.0.0.20 () {34 vars in 668 bytes} [Wed Aug 26 01:37:38 2026] POST /v2.0/routers => generated 966 bytes in 2120 msecs (HTTP/1.1 201) 4 headers in 162 bytes (1 switches on core 0) [pid: 8|app: 0|req: 827/1690] 162.253.55.161 () {34 vars in 1112 bytes} [Wed Aug 26 01:37:40 2026] GET /v2.0/networks/7381ce15-a112-4c07-8399-750123e6db25?fields=provider%3Aphysical_network&fields=provider%3Anetwork_type => generated 79 bytes in 77 msecs (HTTP/1.1 200) 4 headers in 156 bytes (1 switches on core 0)
2026-08-26 01:37:40.491 7 INFO neutron_taas.services.taas.taas_plugin [None req-83075cae-49a7-4595-bacb-ec48c73626ba 7ebaecbce93249d2b10848fc7e48a2c4 f207731022864160adb80845bf80c5a1 - - default default] TaaS: Handle Delete Port: 8ef47c88-c793-4978-84da-87ce0dc36d90
2026-08-26 01:37:40.495 7 INFO neutron_taas.services.taas.tap_mirror_plugin [None req-83075cae-49a7-4595-bacb-ec48c73626ba 7ebaecbce93249d2b10848fc7e48a2c4 f207731022864160adb80845bf80c5a1 - - default default] Tap Mirror: Handle Delete Port: 8ef47c88-c793-4978-84da-87ce0dc36d90 [pid: 7|app: 0|req: 864/1691] 10.0.0.20 () {34 vars in 788 bytes} [Wed Aug 26 01:37:40 2026] PUT /v2.0/routers/4c32c75d-181a-499e-b47c-0922c8f9501d/remove_router_interface => generated 309 bytes in 671 msecs (HTTP/1.1 200) 4 headers in 157 bytes (1 switches on core 0) /var/lib/openstack/lib/python3.12/site-packages/pycadf/identifier.py:70: UserWarning: Invalid uuid: neutron. To ensure interoperability, identifiers should be a valid uuid. warnings.warn(('Invalid uuid: %s. To ensure interoperability, ' [pid: 7|app: 0|req: 865/1692] 10.0.0.20 () {32 vars in 735 bytes} [Wed Aug 26 01:37:40 2026] GET /v2.0/ports?device_id=4c32c75d-181a-499e-b47c-0922c8f9501d => generated 12 bytes in 31 msecs (HTTP/1.1 200) 4 headers in 156 bytes (1 switches on core 0) [pid: 7|app: 0|req: 866/1693] 10.0.0.20 () {32 vars in 723 bytes} [Wed Aug 26 01:37:40 2026] DELETE /v2.0/routers/4c32c75d-181a-499e-b47c-0922c8f9501d => generated 0 bytes in 232 msecs (HTTP/1.1 204) 2 headers in 112 bytes (1 switches on core 0)
2026-08-26 01:37:41.252 8 WARNING neutron.scheduler.dhcp_agent_scheduler [None req-e74ed6b1-dab6-419c-a5da-0bebbe75108c 7aab74dd1b9c45e5b64a48b99521ae05 31f9c4a5fd3b4001a514583339a81e79 - - default default] No more DHCP agents
2026-08-26 01:37:41.258 8 WARNING neutron.api.rpc.agentnotifiers.dhcp_rpc_agent_api [None req-e74ed6b1-dab6-419c-a5da-0bebbe75108c 7aab74dd1b9c45e5b64a48b99521ae05 31f9c4a5fd3b4001a514583339a81e79 - - default default] Unable to schedule network 2e57378c-76de-41d9-b238-6e3434cf4835: no agents available; will retry on subsequent port and subnet creation events. [pid: 7|app: 0|req: 867/1694] 10.0.0.20 () {32 vars in 723 bytes} [Wed Aug 26 01:37:41 2026] DELETE /v2.0/subnets/68404bdf-6c47-489e-a013-aca873f16045 => generated 0 bytes in 134 msecs (HTTP/1.1 204) 3 headers in 131 bytes (1 switches on core 0) [pid: 7|app: 0|req: 868/1695] 10.0.0.20 () {32 vars in 723 bytes} [Wed Aug 26 01:37:41 2026] DELETE /v2.0/subnets/222ed9e2-5f1d-4e33-9fb1-4158ceed8b5a => generated 0 bytes in 171 msecs (HTTP/1.1 204) 3 headers in 131 bytes (1 switches on core 0)
2026-08-26 01:37:41.477 8 INFO neutron.plugins.ml2.drivers.ovn.mech_driver.mech_driver [None req-6793adfa-3884-497b-a0be-3fcc0f21f880 - - - - - -] OVN reports status down for port: 9646172f-a8f0-4973-9930-955aab66b0f9
2026-08-26 01:37:41.604 7 INFO neutron_taas.services.taas.taas_plugin [None req-11fd15fd-721b-4fa3-a949-d75efc6a583b 7ebaecbce93249d2b10848fc7e48a2c4 f207731022864160adb80845bf80c5a1 - - default default] TaaS: Handle Delete Port: f1166156-b4b4-4ab1-8d87-4ce76af7fc28
2026-08-26 01:37:41.609 7 INFO neutron_taas.services.taas.tap_mirror_plugin [None req-11fd15fd-721b-4fa3-a949-d75efc6a583b 7ebaecbce93249d2b10848fc7e48a2c4 f207731022864160adb80845bf80c5a1 - - default default] Tap Mirror: Handle Delete Port: f1166156-b4b4-4ab1-8d87-4ce76af7fc28
2026-08-26 01:37:41.615 8 INFO neutron.db.ovn_revision_numbers_db [None req-e74ed6b1-dab6-419c-a5da-0bebbe75108c 7aab74dd1b9c45e5b64a48b99521ae05 31f9c4a5fd3b4001a514583339a81e79 - - default default] Successfully bumped revision number for resource 9646172f-a8f0-4973-9930-955aab66b0f9 (type: ports) to 1
2026-08-26 01:37:41.780 7 INFO neutron.services.segments.plugin [-] Segment fda32f66-3975-4efa-8eea-09d0e478d9f6 resource provider aggregate not found
2026-08-26 01:37:41.790 7 INFO neutron.services.segments.plugin [-] Segment fda32f66-3975-4efa-8eea-09d0e478d9f6 resource provider aggregate not found
2026-08-26 01:37:41.810 7 INFO neutron.services.segments.plugin [-] Client error retrieving segment fda32f66-3975-4efa-8eea-09d0e478d9f6 resource provider; error: Placement Client Error (4xx): {"errors": [{"status": 404, "title": "Not Found", "detail": "The resource could not be found.\n\n No resource provider with uuid fda32f66-3975-4efa-8eea-09d0e478d9f6 found for delete ", "request_id": "req-b291822f-bcef-4414-acfe-d9a29f9611cb"}]}
2026-08-26 01:37:41.811 7 INFO neutron.services.segments.plugin [-] Client error retrieving segment fda32f66-3975-4efa-8eea-09d0e478d9f6 resource provider; error: Placement Client Error (4xx): {"errors": [{"status": 404, "title": "Not Found", "detail": "The resource could not be found.\n\n No resource provider with uuid fda32f66-3975-4efa-8eea-09d0e478d9f6 found for delete ", "request_id": "req-cf8518ec-54e4-4d83-9ce7-a1e1b716c761"}]} [pid: 7|app: 0|req: 869/1696] 10.0.0.20 () {32 vars in 725 bytes} [Wed Aug 26 01:37:41 2026] DELETE /v2.0/networks/48d2c21e-9993-4e6a-9b8a-b04b9c636b19 => generated 0 bytes in 370 msecs (HTTP/1.1 204) 3 headers in 131 bytes (1 switches on core 0)
2026-08-26 01:37:41.853 8 INFO neutron.db.ovn_revision_numbers_db [None req-e90866e1-6074-4917-88fe-9caf9de79c7e - - - - - -] Successfully bumped revision number for resource 41587f67-2eca-439e-afee-71f197202e13 (type: ports) to 4
2026-08-26 01:37:41.966 7 INFO neutron_taas.services.taas.taas_plugin [None req-52234c10-902b-4834-a1d9-f6e7291d79b0 7ebaecbce93249d2b10848fc7e48a2c4 f207731022864160adb80845bf80c5a1 - - default default] TaaS: Handle Delete Port: dc3837e2-3dd4-4d14-b0c1-5dfa4fb85ac4
2026-08-26 01:37:41.968 7 INFO neutron_taas.services.taas.tap_mirror_plugin [None req-52234c10-902b-4834-a1d9-f6e7291d79b0 7ebaecbce93249d2b10848fc7e48a2c4 f207731022864160adb80845bf80c5a1 - - default default] Tap Mirror: Handle Delete Port: dc3837e2-3dd4-4d14-b0c1-5dfa4fb85ac4 [pid: 7|app: 0|req: 870/1697] 10.0.0.20 () {32 vars in 725 bytes} [Wed Aug 26 01:37:41 2026] DELETE /v2.0/networks/fdb0e780-81c6-4994-8867-452d6b89e547 => generated 0 bytes in 339 msecs (HTTP/1.1 204) 3 headers in 131 bytes (1 switches on core 0)
2026-08-26 01:37:42.273 7 INFO neutron.db.segments_db [None req-188824e7-eff6-4f9e-b2cd-ab292e692db9 7ebaecbce93249d2b10848fc7e48a2c4 f207731022864160adb80845bf80c5a1 - - default default] Added segment a92b7575-6945-4855-929a-cc65b2380ba1 of type geneve for network 82181ff3-9446-4543-b097-3ece0cc0394e
2026-08-26 01:37:42.376 7 INFO neutron.db.ovn_revision_numbers_db [None req-188824e7-eff6-4f9e-b2cd-ab292e692db9 7ebaecbce93249d2b10848fc7e48a2c4 f207731022864160adb80845bf80c5a1 - - default default] Successfully bumped revision number for resource 82181ff3-9446-4543-b097-3ece0cc0394e (type: networks) to 1
2026-08-26 01:37:42.540 8 INFO neutron.db.ovn_revision_numbers_db [None req-e90866e1-6074-4917-88fe-9caf9de79c7e - - - - - -] Successfully bumped revision number for resource 41587f67-2eca-439e-afee-71f197202e13 (type: ports) to 5
2026-08-26 01:37:42.575 7 WARNING neutron.scheduler.dhcp_agent_scheduler [None req-188824e7-eff6-4f9e-b2cd-ab292e692db9 7ebaecbce93249d2b10848fc7e48a2c4 f207731022864160adb80845bf80c5a1 - - default default] No more DHCP agents
2026-08-26 01:37:42.576 7 WARNING neutron.api.rpc.agentnotifiers.dhcp_rpc_agent_api [None req-188824e7-eff6-4f9e-b2cd-ab292e692db9 7ebaecbce93249d2b10848fc7e48a2c4 f207731022864160adb80845bf80c5a1 - - default default] Unable to schedule network 82181ff3-9446-4543-b097-3ece0cc0394e: no agents available; will retry on subsequent port and subnet creation events.
2026-08-26 01:37:42.666 7 INFO neutron.db.ovn_revision_numbers_db [None req-188824e7-eff6-4f9e-b2cd-ab292e692db9 7ebaecbce93249d2b10848fc7e48a2c4 f207731022864160adb80845bf80c5a1 - - default default] Successfully bumped revision number for resource db78d585-c742-439b-a2a3-6eecb8cbdaa3 (type: ports) to 1
2026-08-26 01:37:42.671 8 INFO neutron.plugins.ml2.drivers.ovn.mech_driver.mech_driver [None req-6793adfa-3884-497b-a0be-3fcc0f21f880 - - - - - -] OVN reports status down for port: db78d585-c742-439b-a2a3-6eecb8cbdaa3 [pid: 7|app: 0|req: 871/1698] 10.0.0.20 () {34 vars in 669 bytes} [Wed Aug 26 01:37:42 2026] POST /v2.0/networks => generated 629 bytes in 506 msecs (HTTP/1.1 201) 4 headers in 162 bytes (1 switches on core 0)
2026-08-26 01:37:42.890 7 WARNING neutron.scheduler.dhcp_agent_scheduler [None req-786178f3-d654-461e-9265-ec7002482d1e 7ebaecbce93249d2b10848fc7e48a2c4 f207731022864160adb80845bf80c5a1 - - default default] No more DHCP agents
2026-08-26 01:37:42.895 7 WARNING neutron.api.rpc.agentnotifiers.dhcp_rpc_agent_api [None req-786178f3-d654-461e-9265-ec7002482d1e 7ebaecbce93249d2b10848fc7e48a2c4 f207731022864160adb80845bf80c5a1 - - default default] Unable to schedule network 82181ff3-9446-4543-b097-3ece0cc0394e: no agents available; will retry on subsequent port and subnet creation events.
2026-08-26 01:37:42.912 8 INFO neutron.plugins.ml2.drivers.ovn.mech_driver.mech_driver [None req-6793adfa-3884-497b-a0be-3fcc0f21f880 - - - - - -] OVN reports status up for port: 9646172f-a8f0-4973-9930-955aab66b0f9
2026-08-26 01:37:42.980 8 INFO neutron.plugins.ml2.plugin [None req-6793adfa-3884-497b-a0be-3fcc0f21f880 - - - - - -] Attempt 1 to provision port 9646172f-a8f0-4973-9930-955aab66b0f9
2026-08-26 01:37:43.083 8 WARNING neutron.scheduler.dhcp_agent_scheduler [None req-e74ed6b1-dab6-419c-a5da-0bebbe75108c 7aab74dd1b9c45e5b64a48b99521ae05 31f9c4a5fd3b4001a514583339a81e79 - - default default] No more DHCP agents
2026-08-26 01:37:43.090 8 WARNING neutron.api.rpc.agentnotifiers.dhcp_rpc_agent_api [None req-e74ed6b1-dab6-419c-a5da-0bebbe75108c 7aab74dd1b9c45e5b64a48b99521ae05 31f9c4a5fd3b4001a514583339a81e79 - - default default] Unable to schedule network 2e57378c-76de-41d9-b238-6e3434cf4835: no agents available; will retry on subsequent port and subnet creation events.
2026-08-26 01:37:43.362 7 INFO neutron.db.ovn_revision_numbers_db [None req-77015895-2578-420d-8e38-abe082a11442 - - - - - -] Successfully bumped revision number for resource db78d585-c742-439b-a2a3-6eecb8cbdaa3 (type: ports) to 2
2026-08-26 01:37:43.397 7 INFO neutron.db.ovn_revision_numbers_db [None req-77015895-2578-420d-8e38-abe082a11442 - - - - - -] Successfully bumped revision number for resource 9dd984fd-504d-4778-96a6-8d0aa8c66a19 (type: subnets) to 0 [pid: 7|app: 0|req: 872/1699] 10.0.0.20 () {34 vars in 668 bytes} [Wed Aug 26 01:37:42 2026] POST /v2.0/subnets => generated 626 bytes in 716 msecs (HTTP/1.1 201) 4 headers in 162 bytes (1 switches on core 0)
2026-08-26 01:37:43.703 8 INFO neutron.db.ovn_revision_numbers_db [None req-6793adfa-3884-497b-a0be-3fcc0f21f880 - - - - - -] Successfully bumped revision number for resource 9646172f-a8f0-4973-9930-955aab66b0f9 (type: ports) to 2
2026-08-26 01:37:43.776 7 INFO neutron.db.ovn_revision_numbers_db [None req-b56c314b-a6f4-4a63-ae7b-a642e202c83e 918503de793c4651b83d9f6f2ecd22a5 7d4535b816054b5aaf9515ff024ff757 - - default default] Successfully bumped revision number for resource af21c716-980a-400e-84e1-973f2608c02c (type: security_groups) to 1
2026-08-26 01:37:43.790 7 INFO neutron.db.ovn_revision_numbers_db [None req-b56c314b-a6f4-4a63-ae7b-a642e202c83e 918503de793c4651b83d9f6f2ecd22a5 7d4535b816054b5aaf9515ff024ff757 - - default default] Successfully bumped revision number for resource 352383c1-52cc-4f4d-ba05-ea8424e35e1a (type: security_group_rules) to 0
2026-08-26 01:37:43.800 7 INFO neutron.db.ovn_revision_numbers_db [None req-b56c314b-a6f4-4a63-ae7b-a642e202c83e 918503de793c4651b83d9f6f2ecd22a5 7d4535b816054b5aaf9515ff024ff757 - - default default] Successfully bumped revision number for resource 70296a7d-538a-42f9-bc11-c95a32638cc0 (type: security_group_rules) to 0
2026-08-26 01:37:43.820 7 INFO neutron.db.ovn_revision_numbers_db [None req-b56c314b-a6f4-4a63-ae7b-a642e202c83e 918503de793c4651b83d9f6f2ecd22a5 7d4535b816054b5aaf9515ff024ff757 - - default default] Successfully bumped revision number for resource 9afb5a25-e0a0-4582-bcce-f6de2dbf8580 (type: security_group_rules) to 0
2026-08-26 01:37:43.837 7 INFO neutron.services.segments.plugin [-] Segment 10da3fe1-61c9-4685-8b9b-faefc3b8eb5c resource provider aggregate not found
2026-08-26 01:37:43.837 7 INFO neutron.db.ovn_revision_numbers_db [None req-b56c314b-a6f4-4a63-ae7b-a642e202c83e 918503de793c4651b83d9f6f2ecd22a5 7d4535b816054b5aaf9515ff024ff757 - - default default] Successfully bumped revision number for resource b40f7ec4-da75-4c30-8fc4-a7afd985e2c1 (type: security_group_rules) to 0
2026-08-26 01:37:43.844 7 INFO neutron.services.segments.plugin [-] Segment 10da3fe1-61c9-4685-8b9b-faefc3b8eb5c resource provider aggregate not found
2026-08-26 01:37:43.866 7 INFO neutron.services.segments.plugin [-] Client error retrieving segment 10da3fe1-61c9-4685-8b9b-faefc3b8eb5c resource provider; error: Placement Client Error (4xx): {"errors": [{"status": 404, "title": "Not Found", "detail": "The resource could not be found.\n\n No resource provider with uuid 10da3fe1-61c9-4685-8b9b-faefc3b8eb5c found for delete ", "request_id": "req-27f5fb11-5c68-45c1-a7c1-ab04eef5bf49"}]}
2026-08-26 01:37:43.872 7 INFO neutron.services.segments.plugin [-] Client error retrieving segment 10da3fe1-61c9-4685-8b9b-faefc3b8eb5c resource provider; error: Placement Client Error (4xx): {"errors": [{"status": 404, "title": "Not Found", "detail": "The resource could not be found.\n\n No resource provider with uuid 10da3fe1-61c9-4685-8b9b-faefc3b8eb5c found for delete ", "request_id": "req-d6d63c19-98dd-4340-b8ef-6d1ebc194809"}]}
2026-08-26 01:37:43.976 7 INFO neutron.db.segments_db [None req-b56c314b-a6f4-4a63-ae7b-a642e202c83e 918503de793c4651b83d9f6f2ecd22a5 7d4535b816054b5aaf9515ff024ff757 - - default default] Added segment b1ee429e-fb68-4d2d-8f28-9fc40ead9ef1 of type geneve for network 85ab9258-eb98-429b-9d3f-af5bc2ad73d6
2026-08-26 01:37:44.076 8 INFO neutron.db.ovn_revision_numbers_db [None req-e74ed6b1-dab6-419c-a5da-0bebbe75108c 7aab74dd1b9c45e5b64a48b99521ae05 31f9c4a5fd3b4001a514583339a81e79 - - default default] Successfully bumped revision number for resource 9646172f-a8f0-4973-9930-955aab66b0f9 (type: router_ports) to 1
2026-08-26 01:37:44.085 7 INFO neutron.db.ovn_revision_numbers_db [None req-b56c314b-a6f4-4a63-ae7b-a642e202c83e 918503de793c4651b83d9f6f2ecd22a5 7d4535b816054b5aaf9515ff024ff757 - - default default] Successfully bumped revision number for resource 85ab9258-eb98-429b-9d3f-af5bc2ad73d6 (type: networks) to 1 [pid: 8|app: 0|req: 828/1700] 10.0.0.20 () {34 vars in 782 bytes} [Wed Aug 26 01:37:40 2026] PUT /v2.0/routers/2075baf0-ad40-43ee-b2d2-5ea13fab6432/add_router_interface => generated 309 bytes in 3712 msecs (HTTP/1.1 200) 4 headers in 157 bytes (1 switches on core 0)
2026-08-26 01:37:44.177 8 INFO neutron.db.ovn_revision_numbers_db [None req-41d874ed-6b40-492a-bda3-14a296c1aa1c - - - - - -] Successfully bumped revision number for resource 9646172f-a8f0-4973-9930-955aab66b0f9 (type: router_ports) to 2
2026-08-26 01:37:44.234 8 INFO neutron.db.ovn_revision_numbers_db [None req-08739072-7809-43c9-ac2f-af80239f2b7d 7ebaecbce93249d2b10848fc7e48a2c4 f207731022864160adb80845bf80c5a1 - - default default] Successfully bumped revision number for resource 8cb8feb3-7799-4c85-af49-632ebff81bc7 (type: routers) to 1 [pid: 8|app: 0|req: 829/1701] 10.0.0.20 () {34 vars in 668 bytes} [Wed Aug 26 01:37:44 2026] POST /v2.0/routers => generated 602 bytes in 172 msecs (HTTP/1.1 201) 4 headers in 162 bytes (1 switches on core 0)
2026-08-26 01:37:44.307 7 WARNING neutron.scheduler.dhcp_agent_scheduler [None req-b56c314b-a6f4-4a63-ae7b-a642e202c83e 918503de793c4651b83d9f6f2ecd22a5 7d4535b816054b5aaf9515ff024ff757 - - default default] No more DHCP agents
2026-08-26 01:37:44.309 7 WARNING neutron.api.rpc.agentnotifiers.dhcp_rpc_agent_api [None req-b56c314b-a6f4-4a63-ae7b-a642e202c83e 918503de793c4651b83d9f6f2ecd22a5 7d4535b816054b5aaf9515ff024ff757 - - default default] Unable to schedule network 85ab9258-eb98-429b-9d3f-af5bc2ad73d6: no agents available; will retry on subsequent port and subnet creation events.
2026-08-26 01:37:44.370 8 INFO neutron.plugins.ml2.drivers.ovn.mech_driver.mech_driver [None req-41d874ed-6b40-492a-bda3-14a296c1aa1c - - - - - -] OVN reports status down for port: 7a27a866-7120-41dd-aa5f-137af185c60e
2026-08-26 01:37:44.396 7 INFO neutron.db.ovn_revision_numbers_db [None req-b56c314b-a6f4-4a63-ae7b-a642e202c83e 918503de793c4651b83d9f6f2ecd22a5 7d4535b816054b5aaf9515ff024ff757 - - default default] Successfully bumped revision number for resource 7a27a866-7120-41dd-aa5f-137af185c60e (type: ports) to 1 [pid: 7|app: 0|req: 873/1704] 10.0.0.20 () {34 vars in 669 bytes} [Wed Aug 26 01:37:43 2026] POST /v2.0/networks => generated 632 bytes in 1008 msecs (HTTP/1.1 201) 4 headers in 162 bytes (1 switches on core 0)
2026-08-26 01:37:44.518 7 INFO neutron.db.segments_db [None req-2cb3be47-b19e-4f97-9511-ac0743d229a4 918503de793c4651b83d9f6f2ecd22a5 7d4535b816054b5aaf9515ff024ff757 - - default default] Added segment ee33fc2e-0db4-44ae-aa0f-196fc29b90ff of type geneve for network b9132ecf-291d-4c96-b027-8cf618d0b761
2026-08-26 01:37:44.660 7 INFO neutron.db.ovn_revision_numbers_db [None req-2cb3be47-b19e-4f97-9511-ac0743d229a4 918503de793c4651b83d9f6f2ecd22a5 7d4535b816054b5aaf9515ff024ff757 - - default default] Successfully bumped revision number for resource b9132ecf-291d-4c96-b027-8cf618d0b761 (type: networks) to 1
2026-08-26 01:37:44.694 8 WARNING neutron.scheduler.dhcp_agent_scheduler [None req-92319cf6-4179-4686-9714-f7b03222655a 7ebaecbce93249d2b10848fc7e48a2c4 f207731022864160adb80845bf80c5a1 - - default default] No more DHCP agents
2026-08-26 01:37:44.695 8 WARNING neutron.api.rpc.agentnotifiers.dhcp_rpc_agent_api [None req-92319cf6-4179-4686-9714-f7b03222655a 7ebaecbce93249d2b10848fc7e48a2c4 f207731022864160adb80845bf80c5a1 - - default default] Unable to schedule network 82181ff3-9446-4543-b097-3ece0cc0394e: no agents available; will retry on subsequent port and subnet creation events.
2026-08-26 01:37:44.816 7 INFO neutron.plugins.ml2.drivers.ovn.mech_driver.mech_driver [None req-f8ab4a3e-30cc-4a78-b6b7-d480063fcc14 - - - - - -] OVN reports status down for port: 2b80a057-ace2-479d-977d-ed692fff702a
2026-08-26 01:37:44.848 8 INFO neutron.db.ovn_revision_numbers_db [None req-92319cf6-4179-4686-9714-f7b03222655a 7ebaecbce93249d2b10848fc7e48a2c4 f207731022864160adb80845bf80c5a1 - - default default] Successfully bumped revision number for resource 2b80a057-ace2-479d-977d-ed692fff702a (type: ports) to 1
2026-08-26 01:37:44.882 7 WARNING neutron.scheduler.dhcp_agent_scheduler [None req-2cb3be47-b19e-4f97-9511-ac0743d229a4 918503de793c4651b83d9f6f2ecd22a5 7d4535b816054b5aaf9515ff024ff757 - - default default] No more DHCP agents
2026-08-26 01:37:44.884 7 WARNING neutron.api.rpc.agentnotifiers.dhcp_rpc_agent_api [None req-2cb3be47-b19e-4f97-9511-ac0743d229a4 918503de793c4651b83d9f6f2ecd22a5 7d4535b816054b5aaf9515ff024ff757 - - default default] Unable to schedule network b9132ecf-291d-4c96-b027-8cf618d0b761: no agents available; will retry on subsequent port and subnet creation events. [pid: 8|app: 0|req: 832/1705] 10.0.0.20 () {34 vars in 664 bytes} [Wed Aug 26 01:37:44 2026] POST /v2.0/ports => generated 948 bytes in 656 msecs (HTTP/1.1 201) 4 headers in 162 bytes (1 switches on core 0) /var/lib/openstack/lib/python3.12/site-packages/pycadf/identifier.py:70: UserWarning: Invalid uuid: neutron. To ensure interoperability, identifiers should be a valid uuid. warnings.warn(('Invalid uuid: %s. To ensure interoperability, '
2026-08-26 01:37:44.978 7 INFO neutron.plugins.ml2.drivers.ovn.mech_driver.mech_driver [None req-f8ab4a3e-30cc-4a78-b6b7-d480063fcc14 - - - - - -] OVN reports status down for port: 946b4a00-168d-4c47-a244-b8e9b0c31272
2026-08-26 01:37:45.043 7 INFO neutron.db.ovn_revision_numbers_db [None req-2cb3be47-b19e-4f97-9511-ac0743d229a4 918503de793c4651b83d9f6f2ecd22a5 7d4535b816054b5aaf9515ff024ff757 - - default default] Successfully bumped revision number for resource 946b4a00-168d-4c47-a244-b8e9b0c31272 (type: ports) to 1 [pid: 7|app: 0|req: 874/1706] 10.0.0.20 () {34 vars in 669 bytes} [Wed Aug 26 01:37:44 2026] POST /v2.0/networks => generated 632 bytes in 679 msecs (HTTP/1.1 201) 4 headers in 162 bytes (1 switches on core 0) [pid: 7|app: 0|req: 875/1707] 10.0.0.104 () {34 vars in 990 bytes} [Wed Aug 26 01:37:45 2026] GET /v2.0/ports?device_id=c30c6b35-e7cb-4c30-ad3e-be23c2c34973 => generated 1213 bytes in 39 msecs (HTTP/1.1 200) 4 headers in 158 bytes (1 switches on core 0)
2026-08-26 01:37:45.230 7 INFO neutron.db.segments_db [None req-bea5b9d9-bce9-4944-9874-270efd63d57a 918503de793c4651b83d9f6f2ecd22a5 7d4535b816054b5aaf9515ff024ff757 - - default default] Added segment 57f9367e-8a01-4766-81b7-4b0d425e83c8 of type geneve for network add60448-7666-4fa1-9288-a9d158c7a1fb
2026-08-26 01:37:45.351 7 INFO neutron.db.ovn_revision_numbers_db [None req-bea5b9d9-bce9-4944-9874-270efd63d57a 918503de793c4651b83d9f6f2ecd22a5 7d4535b816054b5aaf9515ff024ff757 - - default default] Successfully bumped revision number for resource add60448-7666-4fa1-9288-a9d158c7a1fb (type: networks) to 1
2026-08-26 01:37:45.491 7 INFO neutron.plugins.ml2.drivers.ovn.mech_driver.mech_driver [None req-f8ab4a3e-30cc-4a78-b6b7-d480063fcc14 - - - - - -] OVN reports status up for port: 2b80a057-ace2-479d-977d-ed692fff702a
2026-08-26 01:37:45.509 8 INFO neutron.db.ovn_revision_numbers_db [None req-6c7c8277-bd88-472f-bf7c-8c3c8d3fac22 7ebaecbce93249d2b10848fc7e48a2c4 f207731022864160adb80845bf80c5a1 - - default default] Successfully bumped revision number for resource 2b80a057-ace2-479d-977d-ed692fff702a (type: ports) to 2
2026-08-26 01:37:45.519 7 INFO neutron.plugins.ml2.plugin [None req-f8ab4a3e-30cc-4a78-b6b7-d480063fcc14 - - - - - -] Attempt 1 to provision port 2b80a057-ace2-479d-977d-ed692fff702a
2026-08-26 01:37:45.528 8 INFO neutron.plugins.ml2.plugin [None req-6c7c8277-bd88-472f-bf7c-8c3c8d3fac22 7ebaecbce93249d2b10848fc7e48a2c4 f207731022864160adb80845bf80c5a1 - - default default] Attempt 1 to provision port 2b80a057-ace2-479d-977d-ed692fff702a
2026-08-26 01:37:45.624 7 WARNING neutron.scheduler.dhcp_agent_scheduler [None req-bea5b9d9-bce9-4944-9874-270efd63d57a 918503de793c4651b83d9f6f2ecd22a5 7d4535b816054b5aaf9515ff024ff757 - - default default] No more DHCP agents
2026-08-26 01:37:45.627 7 WARNING neutron.api.rpc.agentnotifiers.dhcp_rpc_agent_api [None req-bea5b9d9-bce9-4944-9874-270efd63d57a 918503de793c4651b83d9f6f2ecd22a5 7d4535b816054b5aaf9515ff024ff757 - - default default] Unable to schedule network add60448-7666-4fa1-9288-a9d158c7a1fb: no agents available; will retry on subsequent port and subnet creation events.
2026-08-26 01:37:45.812 7 INFO neutron.db.ovn_revision_numbers_db [None req-bea5b9d9-bce9-4944-9874-270efd63d57a 918503de793c4651b83d9f6f2ecd22a5 7d4535b816054b5aaf9515ff024ff757 - - default default] Successfully bumped revision number for resource ec9ab5fb-2bf6-4c1a-9d77-d7610e5de7fd (type: ports) to 1 [pid: 7|app: 0|req: 876/1708] 10.0.0.20 () {34 vars in 669 bytes} [Wed Aug 26 01:37:45 2026] POST /v2.0/networks => generated 632 bytes in 708 msecs (HTTP/1.1 201) 4 headers in 162 bytes (1 switches on core 0) [pid: 7|app: 0|req: 877/1709] 10.0.0.104 () {34 vars in 1040 bytes} [Wed Aug 26 01:37:45 2026] GET /v2.0/security-groups?id=8ba6c6e3-c908-4b1c-bde2-36b52ff7cd5f&fields=id&fields=name => generated 113 bytes in 58 msecs (HTTP/1.1 200) 4 headers in 157 bytes (1 switches on core 0)
