2026-08-26 01:37:05.285 7 INFO neutron.services.segments.plugin [-] Client error retrieving segment ca2c463d-2778-4c7f-9f48-1357d35153d9 resource provider; error: Placement Client Error (4xx): {"errors": [{"status": 404, "title": "Not Found", "detail": "The resource could not be found.\n\n No resource provider with uuid ca2c463d-2778-4c7f-9f48-1357d35153d9 found for delete ", "request_id": "req-83df55a0-4ea5-4e34-a9e1-28fd9e8c19db"}]} [pid: 7|app: 0|req: 733/1465] 10.0.0.20 () {32 vars in 725 bytes} [Wed Aug 26 01:37:04 2026] DELETE /v2.0/networks/9fbc43c7-a550-43a5-99de-6c70fac418b1 => generated 0 bytes in 339 msecs (HTTP/1.1 204) 3 headers in 131 bytes (1 switches on core 0)
2026-08-26 01:37:05.430 8 INFO neutron.db.ovn_revision_numbers_db [None req-e573fce6-d4ee-4a2b-b3d0-bdddd2aebcf1 - - - - - -] Successfully bumped revision number for resource d5bc4950-1547-4389-9759-d2bc72d72bd2 (type: ports) to 2
2026-08-26 01:37:05.456 8 INFO neutron.db.ovn_revision_numbers_db [None req-e573fce6-d4ee-4a2b-b3d0-bdddd2aebcf1 - - - - - -] Successfully bumped revision number for resource eec43283-d126-412e-9d3d-5983aaaebc59 (type: subnets) to 0 [pid: 8|app: 0|req: 733/1466] 10.0.0.20 () {34 vars in 668 bytes} [Wed Aug 26 01:37:04 2026] POST /v2.0/subnets => generated 626 bytes in 667 msecs (HTTP/1.1 201) 4 headers in 162 bytes (1 switches on core 0) [pid: 8|app: 0|req: 734/1467] 10.0.0.20 () {32 vars in 773 bytes} [Wed Aug 26 01:37:05 2026] GET /v2.0/security-groups?tenant_id=16010b9ea614430fa99c8c3124c167c1&name=default => generated 2925 bytes in 22 msecs (HTTP/1.1 200) 4 headers in 158 bytes (1 switches on core 0)
2026-08-26 01:37:05.556 7 INFO neutron_taas.services.taas.taas_plugin [None req-6db7cc56-14f6-401b-9302-fd5963b9bec4 ed90ce9090544b03850bcba70738a68d 6eb5817c55604bc79b5944e1db930056 - - default default] TaaS: Handle Delete Port: f001c4c5-58d5-46c2-8726-50f69bdb81d7
2026-08-26 01:37:05.563 7 INFO neutron_taas.services.taas.tap_mirror_plugin [None req-6db7cc56-14f6-401b-9302-fd5963b9bec4 ed90ce9090544b03850bcba70738a68d 6eb5817c55604bc79b5944e1db930056 - - default default] Tap Mirror: Handle Delete Port: f001c4c5-58d5-46c2-8726-50f69bdb81d7
2026-08-26 01:37:05.738 8 WARNING neutron.scheduler.dhcp_agent_scheduler [None req-776ef769-e556-48d7-827b-37e33d104972 9e6d70f8cf5e49a7941c789402e07bfb 3e493edeb5a74196838bb9d239bbec56 - - default default] No more DHCP agents
2026-08-26 01:37:05.739 8 WARNING neutron.api.rpc.agentnotifiers.dhcp_rpc_agent_api [None req-776ef769-e556-48d7-827b-37e33d104972 9e6d70f8cf5e49a7941c789402e07bfb 3e493edeb5a74196838bb9d239bbec56 - - default default] Unable to schedule network 84726896-3c9e-4cde-85aa-e3985a450868: no agents available; will retry on subsequent port and subnet creation events.
2026-08-26 01:37:05.840 7 INFO neutron.plugins.ml2.drivers.ovn.mech_driver.mech_driver [None req-dd09c897-9c15-4b68-9d8f-3a8ad01852c9 - - - - - -] OVN reports status down for port: f6ee33aa-90e8-419b-b971-9080d3f3a4c1
2026-08-26 01:37:05.842 8 INFO neutron.db.ovn_revision_numbers_db [None req-776ef769-e556-48d7-827b-37e33d104972 9e6d70f8cf5e49a7941c789402e07bfb 3e493edeb5a74196838bb9d239bbec56 - - default default] Successfully bumped revision number for resource f6ee33aa-90e8-419b-b971-9080d3f3a4c1 (type: ports) to 1 [pid: 8|app: 0|req: 735/1468] 10.0.0.20 () {34 vars in 664 bytes} [Wed Aug 26 01:37:05 2026] POST /v2.0/ports => generated 954 bytes in 374 msecs (HTTP/1.1 201) 4 headers in 162 bytes (1 switches on core 0) /var/lib/openstack/lib/python3.12/site-packages/pycadf/identifier.py:70: UserWarning: Invalid uuid: neutron. To ensure interoperability, identifiers should be a valid uuid. warnings.warn(('Invalid uuid: %s. To ensure interoperability, ' [pid: 7|app: 0|req: 734/1469] 10.0.0.20 () {34 vars in 788 bytes} [Wed Aug 26 01:37:05 2026] PUT /v2.0/routers/e031507f-4874-4c43-a98d-c62ea8168fe8/remove_router_interface => generated 309 bytes in 582 msecs (HTTP/1.1 200) 4 headers in 157 bytes (1 switches on core 0) /var/lib/openstack/lib/python3.12/site-packages/pycadf/identifier.py:70: UserWarning: Invalid uuid: neutron. To ensure interoperability, identifiers should be a valid uuid. warnings.warn(('Invalid uuid: %s. To ensure interoperability, ' [pid: 7|app: 0|req: 735/1470] 10.0.0.83 () {34 vars in 989 bytes} [Wed Aug 26 01:37:05 2026] GET /v2.0/ports?device_id=704e06c5-c021-4441-84bc-071348488529 => generated 12 bytes in 32 msecs (HTTP/1.1 200) 4 headers in 156 bytes (1 switches on core 0) [pid: 8|app: 0|req: 736/1471] 10.0.0.20 () {32 vars in 739 bytes} [Wed Aug 26 01:37:05 2026] DELETE /v2.0/security-groups/bee4edc7-c61d-4566-b73a-ce11abba2153 => generated 0 bytes in 201 msecs (HTTP/1.1 204) 2 headers in 112 bytes (1 switches on core 0)
2026-08-26 01:37:06.093 7 INFO neutron_taas.services.taas.taas_plugin [None req-c61fec2e-6fb5-49ad-97fa-46c546558101 9e6d70f8cf5e49a7941c789402e07bfb 3e493edeb5a74196838bb9d239bbec56 - - default default] TaaS: Handle Delete Port: f6ee33aa-90e8-419b-b971-9080d3f3a4c1
2026-08-26 01:37:06.096 7 INFO neutron_taas.services.taas.tap_mirror_plugin [None req-c61fec2e-6fb5-49ad-97fa-46c546558101 9e6d70f8cf5e49a7941c789402e07bfb 3e493edeb5a74196838bb9d239bbec56 - - default default] Tap Mirror: Handle Delete Port: f6ee33aa-90e8-419b-b971-9080d3f3a4c1 [pid: 8|app: 0|req: 737/1472] 10.0.0.20 () {32 vars in 735 bytes} [Wed Aug 26 01:37:06 2026] GET /v2.0/ports?device_id=e031507f-4874-4c43-a98d-c62ea8168fe8 => generated 12 bytes in 34 msecs (HTTP/1.1 200) 4 headers in 156 bytes (1 switches on core 0) [pid: 7|app: 0|req: 736/1473] 10.0.0.20 () {32 vars in 719 bytes} [Wed Aug 26 01:37:05 2026] DELETE /v2.0/ports/f6ee33aa-90e8-419b-b971-9080d3f3a4c1 => generated 0 bytes in 383 msecs (HTTP/1.1 204) 3 headers in 131 bytes (1 switches on core 0)
2026-08-26 01:37:06.309 7 INFO neutron.pecan_wsgi.hooks.translation [None req-867cbc31-c850-4283-b124-6ea02e0aa200 9e6d70f8cf5e49a7941c789402e07bfb 3e493edeb5a74196838bb9d239bbec56 - - default default] DELETE failed (client error): The resource could not be found. [pid: 7|app: 0|req: 737/1474] 10.0.0.20 () {32 vars in 719 bytes} [Wed Aug 26 01:37:06 2026] DELETE /v2.0/ports/f6ee33aa-90e8-419b-b971-9080d3f3a4c1 => generated 132 bytes in 18 msecs (HTTP/1.1 404) 4 headers in 164 bytes (1 switches on core 0)
2026-08-26 01:37:06.330 7 INFO neutron.pecan_wsgi.hooks.translation [None req-b3c1265d-3754-4ce6-a788-b5514a0dff0b 9e6d70f8cf5e49a7941c789402e07bfb 3e493edeb5a74196838bb9d239bbec56 - - default default] GET failed (client error): The resource could not be found. [pid: 7|app: 0|req: 738/1475] 10.0.0.20 () {32 vars in 716 bytes} [Wed Aug 26 01:37:06 2026] GET /v2.0/ports/f6ee33aa-90e8-419b-b971-9080d3f3a4c1 => generated 132 bytes in 15 msecs (HTTP/1.1 404) 4 headers in 164 bytes (1 switches on core 0) [pid: 8|app: 0|req: 738/1476] 10.0.0.20 () {32 vars in 723 bytes} [Wed Aug 26 01:37:06 2026] DELETE /v2.0/routers/e031507f-4874-4c43-a98d-c62ea8168fe8 => generated 0 bytes in 245 msecs (HTTP/1.1 204) 2 headers in 112 bytes (1 switches on core 0)
2026-08-26 01:37:06.419 7 INFO neutron.notifiers.nova [-] Nova event matching ['req-b6912746-ba61-467f-9b46-2fc92a0e0825'] response: {'server_uuid': '704e06c5-c021-4441-84bc-071348488529', 'name': 'network-vif-deleted', 'tag': '6bedb6d7-7dab-448b-a943-0dfe4dfa45b4', 'status': 'completed', 'code': 200} [pid: 7|app: 0|req: 739/1477] 10.0.0.20 () {32 vars in 723 bytes} [Wed Aug 26 01:37:06 2026] DELETE /v2.0/subnets/eec43283-d126-412e-9d3d-5983aaaebc59 => generated 0 bytes in 147 msecs (HTTP/1.1 204) 3 headers in 131 bytes (1 switches on core 0) [pid: 8|app: 0|req: 739/1478] 10.0.0.20 () {32 vars in 723 bytes} [Wed Aug 26 01:37:06 2026] DELETE /v2.0/subnets/434b02d5-7fab-4343-b314-fdb76c47c857 => generated 0 bytes in 131 msecs (HTTP/1.1 204) 3 headers in 131 bytes (1 switches on core 0) [pid: 8|app: 0|req: 740/1479] 10.0.0.20 () {32 vars in 723 bytes} [Wed Aug 26 01:37:06 2026] DELETE /v2.0/subnets/d454827c-387d-4049-a88f-c1644696b193 => generated 0 bytes in 155 msecs (HTTP/1.1 204) 3 headers in 131 bytes (1 switches on core 0)
2026-08-26 01:37:06.655 7 INFO neutron_taas.services.taas.taas_plugin [None req-f631912f-a99b-45bf-b450-e880d6216795 9e6d70f8cf5e49a7941c789402e07bfb 3e493edeb5a74196838bb9d239bbec56 - - default default] TaaS: Handle Delete Port: d5bc4950-1547-4389-9759-d2bc72d72bd2
2026-08-26 01:37:06.658 7 INFO neutron_taas.services.taas.tap_mirror_plugin [None req-f631912f-a99b-45bf-b450-e880d6216795 9e6d70f8cf5e49a7941c789402e07bfb 3e493edeb5a74196838bb9d239bbec56 - - default default] Tap Mirror: Handle Delete Port: d5bc4950-1547-4389-9759-d2bc72d72bd2
2026-08-26 01:37:06.764 8 INFO neutron_taas.services.taas.taas_plugin [None req-56e48ccb-5f27-4fb2-8b32-079e2c1d899a ed90ce9090544b03850bcba70738a68d 6eb5817c55604bc79b5944e1db930056 - - default default] TaaS: Handle Delete Port: d8648caf-923d-46ae-8122-6191ef41f85a
2026-08-26 01:37:06.769 8 INFO neutron_taas.services.taas.tap_mirror_plugin [None req-56e48ccb-5f27-4fb2-8b32-079e2c1d899a ed90ce9090544b03850bcba70738a68d 6eb5817c55604bc79b5944e1db930056 - - default default] Tap Mirror: Handle Delete Port: d8648caf-923d-46ae-8122-6191ef41f85a [pid: 7|app: 0|req: 740/1480] 10.0.0.20 () {32 vars in 725 bytes} [Wed Aug 26 01:37:06 2026] DELETE /v2.0/networks/84726896-3c9e-4cde-85aa-e3985a450868 => generated 0 bytes in 370 msecs (HTTP/1.1 204) 3 headers in 131 bytes (1 switches on core 0)
2026-08-26 01:37:06.960 7 INFO neutron.db.segments_db [None req-fd13f55c-82be-486a-98b3-f8ab67f1a4bb 9e6d70f8cf5e49a7941c789402e07bfb 3e493edeb5a74196838bb9d239bbec56 - - default default] Added segment 72f372f6-3305-47e0-9849-6e7366661c64 of type geneve for network 7db3c073-d305-40f0-864c-7d6ac47c97b2
2026-08-26 01:37:06.971 8 INFO neutron.services.segments.plugin [-] Segment f68b66e3-f42f-4705-9a12-d463eaf465ce resource provider aggregate not found
2026-08-26 01:37:06.972 8 INFO neutron.services.segments.plugin [-] Segment f68b66e3-f42f-4705-9a12-d463eaf465ce resource provider aggregate not found
2026-08-26 01:37:06.989 8 INFO neutron.services.segments.plugin [-] Client error retrieving segment f68b66e3-f42f-4705-9a12-d463eaf465ce resource provider; error: Placement Client Error (4xx): {"errors": [{"status": 404, "title": "Not Found", "detail": "The resource could not be found.\n\n No resource provider with uuid f68b66e3-f42f-4705-9a12-d463eaf465ce found for delete ", "request_id": "req-06507f7c-8367-4b81-aba7-f4e6e606a7be"}]}
2026-08-26 01:37:06.992 8 INFO neutron.services.segments.plugin [-] Client error retrieving segment f68b66e3-f42f-4705-9a12-d463eaf465ce resource provider; error: Placement Client Error (4xx): {"errors": [{"status": 404, "title": "Not Found", "detail": "The resource could not be found.\n\n No resource provider with uuid f68b66e3-f42f-4705-9a12-d463eaf465ce found for delete ", "request_id": "req-f293adf3-f4ad-41ab-919d-a83a95cfe47b"}]} [pid: 8|app: 0|req: 741/1481] 10.0.0.20 () {32 vars in 725 bytes} [Wed Aug 26 01:37:06 2026] DELETE /v2.0/networks/cdeaa584-2baf-42b3-a639-24d37d49025b => generated 0 bytes in 358 msecs (HTTP/1.1 204) 3 headers in 131 bytes (1 switches on core 0) [pid: 8|app: 0|req: 742/1482] 10.0.0.83 () {34 vars in 989 bytes} [Wed Aug 26 01:37:07 2026] GET /v2.0/ports?device_id=704e06c5-c021-4441-84bc-071348488529 => generated 12 bytes in 24 msecs (HTTP/1.1 200) 4 headers in 156 bytes (1 switches on core 0)
2026-08-26 01:37:07.091 7 INFO neutron.db.ovn_revision_numbers_db [None req-fd13f55c-82be-486a-98b3-f8ab67f1a4bb 9e6d70f8cf5e49a7941c789402e07bfb 3e493edeb5a74196838bb9d239bbec56 - - default default] Successfully bumped revision number for resource 7db3c073-d305-40f0-864c-7d6ac47c97b2 (type: networks) to 1
2026-08-26 01:37:07.171 8 INFO neutron_taas.services.taas.taas_plugin [None req-6f9391d3-6eae-4d76-b9fd-b2bd6f695af2 ed90ce9090544b03850bcba70738a68d 6eb5817c55604bc79b5944e1db930056 - - default default] TaaS: Handle Delete Port: c42c48ac-7fa5-4d73-bca7-2028cddef274
2026-08-26 01:37:07.174 8 INFO neutron_taas.services.taas.tap_mirror_plugin [None req-6f9391d3-6eae-4d76-b9fd-b2bd6f695af2 ed90ce9090544b03850bcba70738a68d 6eb5817c55604bc79b5944e1db930056 - - default default] Tap Mirror: Handle Delete Port: c42c48ac-7fa5-4d73-bca7-2028cddef274
2026-08-26 01:37:07.286 7 WARNING neutron.scheduler.dhcp_agent_scheduler [None req-fd13f55c-82be-486a-98b3-f8ab67f1a4bb 9e6d70f8cf5e49a7941c789402e07bfb 3e493edeb5a74196838bb9d239bbec56 - - default default] No more DHCP agents
2026-08-26 01:37:07.292 7 WARNING neutron.api.rpc.agentnotifiers.dhcp_rpc_agent_api [None req-fd13f55c-82be-486a-98b3-f8ab67f1a4bb 9e6d70f8cf5e49a7941c789402e07bfb 3e493edeb5a74196838bb9d239bbec56 - - default default] Unable to schedule network 7db3c073-d305-40f0-864c-7d6ac47c97b2: no agents available; will retry on subsequent port and subnet creation events.
2026-08-26 01:37:07.307 7 INFO neutron.services.segments.plugin [-] Segment b57a0682-ec0c-4772-b120-e5b24c42d7e1 resource provider aggregate not found
2026-08-26 01:37:07.318 7 INFO neutron.services.segments.plugin [-] Segment b57a0682-ec0c-4772-b120-e5b24c42d7e1 resource provider aggregate not found
2026-08-26 01:37:07.342 7 INFO neutron.services.segments.plugin [-] Client error retrieving segment b57a0682-ec0c-4772-b120-e5b24c42d7e1 resource provider; error: Placement Client Error (4xx): {"errors": [{"status": 404, "title": "Not Found", "detail": "The resource could not be found.\n\n No resource provider with uuid b57a0682-ec0c-4772-b120-e5b24c42d7e1 found for delete ", "request_id": "req-89519236-888e-4252-a4b9-45767f7accbb"}]}
2026-08-26 01:37:07.345 7 INFO neutron.services.segments.plugin [-] Client error retrieving segment b57a0682-ec0c-4772-b120-e5b24c42d7e1 resource provider; error: Placement Client Error (4xx): {"errors": [{"status": 404, "title": "Not Found", "detail": "The resource could not be found.\n\n No resource provider with uuid b57a0682-ec0c-4772-b120-e5b24c42d7e1 found for delete ", "request_id": "req-7baa078e-2c31-4f5a-a158-55548bbb91b9"}]}
2026-08-26 01:37:07.367 7 INFO neutron.plugins.ml2.drivers.ovn.mech_driver.mech_driver [None req-dd09c897-9c15-4b68-9d8f-3a8ad01852c9 - - - - - -] OVN reports status down for port: f29d5687-9710-4c03-aa3e-41d44d054cab [pid: 8|app: 0|req: 743/1483] 10.0.0.20 () {32 vars in 725 bytes} [Wed Aug 26 01:37:07 2026] DELETE /v2.0/networks/78694304-c2b1-4752-bf8c-d51eebf710af => generated 0 bytes in 379 msecs (HTTP/1.1 204) 3 headers in 131 bytes (1 switches on core 0)
2026-08-26 01:37:07.432 7 INFO neutron.db.ovn_revision_numbers_db [None req-fd13f55c-82be-486a-98b3-f8ab67f1a4bb 9e6d70f8cf5e49a7941c789402e07bfb 3e493edeb5a74196838bb9d239bbec56 - - default default] Successfully bumped revision number for resource f29d5687-9710-4c03-aa3e-41d44d054cab (type: ports) to 1 [pid: 7|app: 0|req: 741/1484] 10.0.0.20 () {34 vars in 669 bytes} [Wed Aug 26 01:37:06 2026] POST /v2.0/networks => generated 631 bytes in 602 msecs (HTTP/1.1 201) 4 headers in 162 bytes (1 switches on core 0)
2026-08-26 01:37:07.502 8 INFO neutron.db.segments_db [None req-898cbe7d-1840-47fe-82be-eef542637962 ed90ce9090544b03850bcba70738a68d 6eb5817c55604bc79b5944e1db930056 - - default default] Added segment 5d170a6a-46f9-4d34-bef9-2f19ed118f31 of type geneve for network 24db994d-725f-4f6b-8fa5-7777968aaf67
2026-08-26 01:37:07.624 8 INFO neutron.db.ovn_revision_numbers_db [None req-898cbe7d-1840-47fe-82be-eef542637962 ed90ce9090544b03850bcba70738a68d 6eb5817c55604bc79b5944e1db930056 - - default default] Successfully bumped revision number for resource 24db994d-725f-4f6b-8fa5-7777968aaf67 (type: networks) to 1
2026-08-26 01:37:07.712 7 WARNING neutron.scheduler.dhcp_agent_scheduler [None req-c39abc01-e7f4-4d92-8af4-2d97f9167677 9e6d70f8cf5e49a7941c789402e07bfb 3e493edeb5a74196838bb9d239bbec56 - - default default] No more DHCP agents
2026-08-26 01:37:07.713 7 WARNING neutron.api.rpc.agentnotifiers.dhcp_rpc_agent_api [None req-c39abc01-e7f4-4d92-8af4-2d97f9167677 9e6d70f8cf5e49a7941c789402e07bfb 3e493edeb5a74196838bb9d239bbec56 - - default default] Unable to schedule network 7db3c073-d305-40f0-864c-7d6ac47c97b2: no agents available; will retry on subsequent port and subnet creation events.
2026-08-26 01:37:07.772 8 WARNING neutron.scheduler.dhcp_agent_scheduler [None req-898cbe7d-1840-47fe-82be-eef542637962 ed90ce9090544b03850bcba70738a68d 6eb5817c55604bc79b5944e1db930056 - - default default] No more DHCP agents
2026-08-26 01:37:07.774 8 WARNING neutron.api.rpc.agentnotifiers.dhcp_rpc_agent_api [None req-898cbe7d-1840-47fe-82be-eef542637962 ed90ce9090544b03850bcba70738a68d 6eb5817c55604bc79b5944e1db930056 - - default default] Unable to schedule network 24db994d-725f-4f6b-8fa5-7777968aaf67: no agents available; will retry on subsequent port and subnet creation events.
2026-08-26 01:37:07.833 7 INFO neutron.plugins.ml2.drivers.ovn.mech_driver.mech_driver [None req-dd09c897-9c15-4b68-9d8f-3a8ad01852c9 - - - - - -] OVN reports status down for port: 28bab93d-9df0-4d95-949b-b0b8a53ae262
2026-08-26 01:37:07.846 8 INFO neutron.db.ovn_revision_numbers_db [None req-898cbe7d-1840-47fe-82be-eef542637962 ed90ce9090544b03850bcba70738a68d 6eb5817c55604bc79b5944e1db930056 - - default default] Successfully bumped revision number for resource 28bab93d-9df0-4d95-949b-b0b8a53ae262 (type: ports) to 1 [pid: 8|app: 0|req: 744/1485] 10.0.0.20 () {34 vars in 669 bytes} [Wed Aug 26 01:37:07 2026] POST /v2.0/networks => generated 634 bytes in 445 msecs (HTTP/1.1 201) 4 headers in 162 bytes (1 switches on core 0)
2026-08-26 01:37:08.045 8 WARNING neutron.scheduler.dhcp_agent_scheduler [None req-3ef26c7f-b1e9-4b74-a510-49e33e988643 ed90ce9090544b03850bcba70738a68d 6eb5817c55604bc79b5944e1db930056 - - default default] No more DHCP agents
2026-08-26 01:37:08.046 8 WARNING neutron.api.rpc.agentnotifiers.dhcp_rpc_agent_api [None req-3ef26c7f-b1e9-4b74-a510-49e33e988643 ed90ce9090544b03850bcba70738a68d 6eb5817c55604bc79b5944e1db930056 - - default default] Unable to schedule network 24db994d-725f-4f6b-8fa5-7777968aaf67: no agents available; will retry on subsequent port and subnet creation events.
2026-08-26 01:37:08.073 8 INFO neutron.db.ovn_revision_numbers_db [None req-3ef26c7f-b1e9-4b74-a510-49e33e988643 ed90ce9090544b03850bcba70738a68d 6eb5817c55604bc79b5944e1db930056 - - default default] Successfully bumped revision number for resource 6be02f89-8242-44f5-82a3-acee987bf2bb (type: subnets) to 0 [pid: 8|app: 0|req: 745/1486] 10.0.0.20 () {34 vars in 668 bytes} [Wed Aug 26 01:37:07 2026] POST /v2.0/subnets => generated 646 bytes in 231 msecs (HTTP/1.1 201) 4 headers in 162 bytes (1 switches on core 0)
2026-08-26 01:37:08.237 7 INFO neutron.db.ovn_revision_numbers_db [None req-34251597-6bd4-4425-956c-c50bde349068 - - - - - -] Successfully bumped revision number for resource f29d5687-9710-4c03-aa3e-41d44d054cab (type: ports) to 2
2026-08-26 01:37:08.275 7 INFO neutron.db.ovn_revision_numbers_db [None req-34251597-6bd4-4425-956c-c50bde349068 - - - - - -] Successfully bumped revision number for resource f29da78e-3f02-40cc-8dfc-fc065443a83c (type: subnets) to 0 [pid: 7|app: 0|req: 742/1487] 10.0.0.20 () {34 vars in 668 bytes} [Wed Aug 26 01:37:07 2026] POST /v2.0/subnets => generated 626 bytes in 819 msecs (HTTP/1.1 201) 4 headers in 162 bytes (1 switches on core 0)
2026-08-26 01:37:08.382 8 INFO neutron.db.ovn_revision_numbers_db [None req-64ebf75e-7858-4a33-a2ac-2e988bca4b63 7aab74dd1b9c45e5b64a48b99521ae05 31f9c4a5fd3b4001a514583339a81e79 - - default default] Successfully bumped revision number for resource 36ef7015-ea2a-4871-9421-2a5f6982a3e5 (type: security_groups) to 1
2026-08-26 01:37:08.399 8 INFO neutron.db.ovn_revision_numbers_db [None req-64ebf75e-7858-4a33-a2ac-2e988bca4b63 7aab74dd1b9c45e5b64a48b99521ae05 31f9c4a5fd3b4001a514583339a81e79 - - default default] Successfully bumped revision number for resource 11c6c1e5-37dd-43d6-8b72-1bf3bca9d004 (type: security_group_rules) to 0
2026-08-26 01:37:08.404 7 INFO neutron.db.ovn_revision_numbers_db [None req-f80b2573-ec00-4afc-b72c-4bbc8b5ee0c0 ed90ce9090544b03850bcba70738a68d 6eb5817c55604bc79b5944e1db930056 - - default default] Successfully bumped revision number for resource 29cffd9c-d36e-4ef5-851a-9aaa934f973f (type: routers) to 1
2026-08-26 01:37:08.412 8 INFO neutron.db.ovn_revision_numbers_db [None req-64ebf75e-7858-4a33-a2ac-2e988bca4b63 7aab74dd1b9c45e5b64a48b99521ae05 31f9c4a5fd3b4001a514583339a81e79 - - default default] Successfully bumped revision number for resource 67429e88-88d9-4adb-8c3b-72504155b669 (type: security_group_rules) to 0
2026-08-26 01:37:08.427 8 INFO neutron.db.ovn_revision_numbers_db [None req-64ebf75e-7858-4a33-a2ac-2e988bca4b63 7aab74dd1b9c45e5b64a48b99521ae05 31f9c4a5fd3b4001a514583339a81e79 - - default default] Successfully bumped revision number for resource cf01eaa1-ba0b-4cd8-8522-65355a56459e (type: security_group_rules) to 0 [pid: 7|app: 0|req: 743/1488] 10.0.0.20 () {34 vars in 668 bytes} [Wed Aug 26 01:37:08 2026] POST /v2.0/routers => generated 607 bytes in 135 msecs (HTTP/1.1 201) 4 headers in 162 bytes (1 switches on core 0)
2026-08-26 01:37:08.444 8 INFO neutron.db.ovn_revision_numbers_db [None req-64ebf75e-7858-4a33-a2ac-2e988bca4b63 7aab74dd1b9c45e5b64a48b99521ae05 31f9c4a5fd3b4001a514583339a81e79 - - default default] Successfully bumped revision number for resource f1471f8b-d5f1-4fb5-9233-333a84622513 (type: security_group_rules) to 0
2026-08-26 01:37:08.520 8 INFO neutron.db.segments_db [None req-64ebf75e-7858-4a33-a2ac-2e988bca4b63 7aab74dd1b9c45e5b64a48b99521ae05 31f9c4a5fd3b4001a514583339a81e79 - - default default] Added segment f2599418-8bc7-49d2-b996-ffffc05b2ec8 of type geneve for network 7381ce15-a112-4c07-8399-750123e6db25 [pid: 7|app: 0|req: 744/1489] 10.0.0.20 () {32 vars in 739 bytes} [Wed Aug 26 01:37:08 2026] DELETE /v2.0/security-groups/28864474-8c65-44a6-8407-a67e4b93f7a4 => generated 0 bytes in 156 msecs (HTTP/1.1 204) 2 headers in 112 bytes (1 switches on core 0)
2026-08-26 01:37:08.650 8 INFO neutron.db.ovn_revision_numbers_db [None req-64ebf75e-7858-4a33-a2ac-2e988bca4b63 7aab74dd1b9c45e5b64a48b99521ae05 31f9c4a5fd3b4001a514583339a81e79 - - default default] Successfully bumped revision number for resource 7381ce15-a112-4c07-8399-750123e6db25 (type: networks) to 1
2026-08-26 01:37:08.800 8 WARNING neutron.scheduler.dhcp_agent_scheduler [None req-64ebf75e-7858-4a33-a2ac-2e988bca4b63 7aab74dd1b9c45e5b64a48b99521ae05 31f9c4a5fd3b4001a514583339a81e79 - - default default] No more DHCP agents
2026-08-26 01:37:08.802 8 WARNING neutron.api.rpc.agentnotifiers.dhcp_rpc_agent_api [None req-64ebf75e-7858-4a33-a2ac-2e988bca4b63 7aab74dd1b9c45e5b64a48b99521ae05 31f9c4a5fd3b4001a514583339a81e79 - - default default] Unable to schedule network 7381ce15-a112-4c07-8399-750123e6db25: no agents available; will retry on subsequent port and subnet creation events.
2026-08-26 01:37:08.827 7 WARNING neutron.scheduler.dhcp_agent_scheduler [None req-ab6e0a35-cc1a-43bf-8c4e-33ba4fe72958 9e6d70f8cf5e49a7941c789402e07bfb 3e493edeb5a74196838bb9d239bbec56 - - default default] No more DHCP agents
2026-08-26 01:37:08.828 7 WARNING neutron.api.rpc.agentnotifiers.dhcp_rpc_agent_api [None req-ab6e0a35-cc1a-43bf-8c4e-33ba4fe72958 9e6d70f8cf5e49a7941c789402e07bfb 3e493edeb5a74196838bb9d239bbec56 - - default default] Unable to schedule network 7db3c073-d305-40f0-864c-7d6ac47c97b2: no agents available; will retry on subsequent port and subnet creation events.
2026-08-26 01:37:08.851 7 INFO neutron.plugins.ml2.drivers.ovn.mech_driver.mech_driver [None req-dd09c897-9c15-4b68-9d8f-3a8ad01852c9 - - - - - -] OVN reports status down for port: bfd5c50a-cbfd-4e00-a413-c3a1d0d8c0d7
2026-08-26 01:37:08.870 8 INFO neutron.db.ovn_revision_numbers_db [None req-64ebf75e-7858-4a33-a2ac-2e988bca4b63 7aab74dd1b9c45e5b64a48b99521ae05 31f9c4a5fd3b4001a514583339a81e79 - - default default] Successfully bumped revision number for resource bfd5c50a-cbfd-4e00-a413-c3a1d0d8c0d7 (type: ports) to 1 [pid: 8|app: 0|req: 746/1490] 10.0.0.20 () {34 vars in 670 bytes} [Wed Aug 26 01:37:08 2026] POST /v2.0/networks => generated 746 bytes in 795 msecs (HTTP/1.1 201) 4 headers in 162 bytes (1 switches on core 0)
2026-08-26 01:37:09.011 8 INFO neutron.services.segments.plugin [-] Segment d5e5eabb-35af-4a72-9488-e0a161b1d97f resource provider aggregate not found
2026-08-26 01:37:09.026 8 INFO neutron.services.segments.plugin [-] Segment d5e5eabb-35af-4a72-9488-e0a161b1d97f resource provider aggregate not found
2026-08-26 01:37:09.026 7 INFO neutron.plugins.ml2.drivers.ovn.mech_driver.mech_driver [None req-dd09c897-9c15-4b68-9d8f-3a8ad01852c9 - - - - - -] OVN reports status down for port: 191508ea-a5a1-4a1f-bfbb-24d8252081bc
2026-08-26 01:37:09.046 8 INFO neutron.services.segments.plugin [-] Client error retrieving segment d5e5eabb-35af-4a72-9488-e0a161b1d97f resource provider; error: Placement Client Error (4xx): {"errors": [{"status": 404, "title": "Not Found", "detail": "The resource could not be found.\n\n No resource provider with uuid d5e5eabb-35af-4a72-9488-e0a161b1d97f found for delete ", "request_id": "req-2f0d25cc-fbbc-46b3-a678-4a67ed0c46fc"}]}
2026-08-26 01:37:09.046 8 INFO neutron.services.segments.plugin [-] Client error retrieving segment d5e5eabb-35af-4a72-9488-e0a161b1d97f resource provider; error: Placement Client Error (4xx): {"errors": [{"status": 404, "title": "Not Found", "detail": "The resource could not be found.\n\n No resource provider with uuid d5e5eabb-35af-4a72-9488-e0a161b1d97f found for delete ", "request_id": "req-d05be988-1a2c-466d-bae9-c86aae3aca12"}]}
2026-08-26 01:37:09.086 7 INFO neutron.db.ovn_revision_numbers_db [None req-ab6e0a35-cc1a-43bf-8c4e-33ba4fe72958 9e6d70f8cf5e49a7941c789402e07bfb 3e493edeb5a74196838bb9d239bbec56 - - default default] Successfully bumped revision number for resource 191508ea-a5a1-4a1f-bfbb-24d8252081bc (type: ports) to 1 [pid: 7|app: 0|req: 745/1491] 10.0.0.20 () {34 vars in 664 bytes} [Wed Aug 26 01:37:08 2026] POST /v2.0/ports => generated 916 bytes in 562 msecs (HTTP/1.1 201) 4 headers in 162 bytes (1 switches on core 0)
2026-08-26 01:37:09.158 7 INFO neutron.api.v2.resource [None req-8d33dd36-d3d5-44f7-9eff-db8e03556b4e baece34cf453443c9a40492bf649b5d8 6120654c29b74456b73b4aa89823182b - - default default] show failed (client error): The resource could not be found. [pid: 7|app: 0|req: 746/1492] 10.0.0.20 () {32 vars in 736 bytes} [Wed Aug 26 01:37:09 2026] GET /v2.0/security-groups/28864474-8c65-44a6-8407-a67e4b93f7a4 => generated 146 bytes in 11 msecs (HTTP/1.1 404) 4 headers in 164 bytes (1 switches on core 0)
2026-08-26 01:37:09.208 8 WARNING neutron.scheduler.dhcp_agent_scheduler [None req-becb5a3d-60ec-4c31-820d-7a945b4079c2 ed90ce9090544b03850bcba70738a68d 6eb5817c55604bc79b5944e1db930056 - - default default] No more DHCP agents
2026-08-26 01:37:09.209 8 WARNING neutron.api.rpc.agentnotifiers.dhcp_rpc_agent_api [None req-becb5a3d-60ec-4c31-820d-7a945b4079c2 ed90ce9090544b03850bcba70738a68d 6eb5817c55604bc79b5944e1db930056 - - default default] Unable to schedule network 24db994d-725f-4f6b-8fa5-7777968aaf67: no agents available; will retry on subsequent port and subnet creation events.
2026-08-26 01:37:09.288 7 INFO neutron.plugins.ml2.drivers.ovn.mech_driver.mech_driver [None req-dd09c897-9c15-4b68-9d8f-3a8ad01852c9 - - - - - -] OVN reports status down for port: a62001b1-d015-4749-8383-d3f66ef044f9
2026-08-26 01:37:09.315 8 INFO neutron.db.ovn_revision_numbers_db [None req-becb5a3d-60ec-4c31-820d-7a945b4079c2 ed90ce9090544b03850bcba70738a68d 6eb5817c55604bc79b5944e1db930056 - - default default] Successfully bumped revision number for resource a62001b1-d015-4749-8383-d3f66ef044f9 (type: ports) to 1 [pid: 8|app: 0|req: 747/1493] 10.0.0.20 () {34 vars in 664 bytes} [Wed Aug 26 01:37:08 2026] POST /v2.0/ports => generated 964 bytes in 439 msecs (HTTP/1.1 201) 4 headers in 162 bytes (1 switches on core 0) /var/lib/openstack/lib/python3.12/site-packages/pycadf/identifier.py:70: UserWarning: Invalid uuid: neutron. To ensure interoperability, identifiers should be a valid uuid. warnings.warn(('Invalid uuid: %s. To ensure interoperability, '
2026-08-26 01:37:09.355 7 WARNING neutron.scheduler.dhcp_agent_scheduler [None req-bd75bed6-c388-46d8-aa33-047ee99f79f5 7aab74dd1b9c45e5b64a48b99521ae05 31f9c4a5fd3b4001a514583339a81e79 - - default default] No more DHCP agents
2026-08-26 01:37:09.357 7 WARNING neutron.api.rpc.agentnotifiers.dhcp_rpc_agent_api [None req-bd75bed6-c388-46d8-aa33-047ee99f79f5 7aab74dd1b9c45e5b64a48b99521ae05 31f9c4a5fd3b4001a514583339a81e79 - - default default] Unable to schedule network 7381ce15-a112-4c07-8399-750123e6db25: no agents available; will retry on subsequent port and subnet creation events.
2026-08-26 01:37:09.512 8 INFO neutron_taas.services.taas.taas_plugin [None req-e7b780c7-2656-4b36-842b-cc67c64ab392 9e6d70f8cf5e49a7941c789402e07bfb 3e493edeb5a74196838bb9d239bbec56 - - default default] TaaS: Handle Delete Port: 191508ea-a5a1-4a1f-bfbb-24d8252081bc
2026-08-26 01:37:09.515 8 INFO neutron_taas.services.taas.tap_mirror_plugin [None req-e7b780c7-2656-4b36-842b-cc67c64ab392 9e6d70f8cf5e49a7941c789402e07bfb 3e493edeb5a74196838bb9d239bbec56 - - default default] Tap Mirror: Handle Delete Port: 191508ea-a5a1-4a1f-bfbb-24d8252081bc [pid: 8|app: 0|req: 748/1494] 10.0.0.20 () {32 vars in 719 bytes} [Wed Aug 26 01:37:09 2026] DELETE /v2.0/ports/191508ea-a5a1-4a1f-bfbb-24d8252081bc => generated 0 bytes in 360 msecs (HTTP/1.1 204) 3 headers in 131 bytes (1 switches on core 0)
2026-08-26 01:37:09.809 8 INFO neutron_taas.services.taas.taas_plugin [None req-992f851e-6a50-45d1-a707-3e6c89a4bc7b baece34cf453443c9a40492bf649b5d8 6120654c29b74456b73b4aa89823182b - - default default] TaaS: Handle Delete Port: 959ac568-8688-4e57-a953-948c1aa375d3
2026-08-26 01:37:09.813 8 INFO neutron_taas.services.taas.tap_mirror_plugin [None req-992f851e-6a50-45d1-a707-3e6c89a4bc7b baece34cf453443c9a40492bf649b5d8 6120654c29b74456b73b4aa89823182b - - default default] Tap Mirror: Handle Delete Port: 959ac568-8688-4e57-a953-948c1aa375d3
2026-08-26 01:37:09.862 7 INFO neutron.db.ovn_revision_numbers_db [None req-abd7afe2-a602-4c3a-a175-11ba3749d0f8 - - - - - -] Successfully bumped revision number for resource bfd5c50a-cbfd-4e00-a413-c3a1d0d8c0d7 (type: ports) to 2
2026-08-26 01:37:09.901 7 INFO neutron.db.ovn_revision_numbers_db [None req-abd7afe2-a602-4c3a-a175-11ba3749d0f8 - - - - - -] Successfully bumped revision number for resource e6e8696d-349b-409f-bc53-426ecefe6375 (type: subnets) to 0 [pid: 7|app: 0|req: 747/1495] 10.0.0.20 () {34 vars in 668 bytes} [Wed Aug 26 01:37:09 2026] POST /v2.0/subnets => generated 690 bytes in 759 msecs (HTTP/1.1 201) 4 headers in 162 bytes (1 switches on core 0) [pid: 8|app: 0|req: 749/1496] 10.0.0.20 () {32 vars in 731 bytes} [Wed Aug 26 01:37:09 2026] DELETE /v2.0/floatingips/52389353-63ae-4b9b-a6cd-8461a366a27f => generated 0 bytes in 271 msecs (HTTP/1.1 204) 2 headers in 112 bytes (1 switches on core 0)
2026-08-26 01:37:09.985 8 INFO neutron.pecan_wsgi.hooks.translation [None req-7b79108b-70b1-4b83-8702-b76b6aaa5984 9e6d70f8cf5e49a7941c789402e07bfb 3e493edeb5a74196838bb9d239bbec56 - - default default] GET failed (client error): The resource could not be found. [pid: 8|app: 0|req: 750/1497] 10.0.0.20 () {32 vars in 716 bytes} [Wed Aug 26 01:37:09 2026] GET /v2.0/ports/191508ea-a5a1-4a1f-bfbb-24d8252081bc => generated 132 bytes in 17 msecs (HTTP/1.1 404) 4 headers in 164 bytes (1 switches on core 0)
2026-08-26 01:37:10.348 8 WARNING neutron.scheduler.dhcp_agent_scheduler [None req-ff3f7056-2d4c-4156-9d02-c44fadab1d53 7aab74dd1b9c45e5b64a48b99521ae05 31f9c4a5fd3b4001a514583339a81e79 - - default default] No more DHCP agents
2026-08-26 01:37:10.349 8 WARNING neutron.api.rpc.agentnotifiers.dhcp_rpc_agent_api [None req-ff3f7056-2d4c-4156-9d02-c44fadab1d53 7aab74dd1b9c45e5b64a48b99521ae05 31f9c4a5fd3b4001a514583339a81e79 - - default default] Unable to schedule network fe8525d0-1543-4126-9a80-4e019df5d33f: no agents available; will retry on subsequent port and subnet creation events.
2026-08-26 01:37:10.364 7 INFO neutron.plugins.ml2.drivers.ovn.mech_driver.mech_driver [None req-dd09c897-9c15-4b68-9d8f-3a8ad01852c9 - - - - - -] OVN reports status up for port: a62001b1-d015-4749-8383-d3f66ef044f9
2026-08-26 01:37:10.395 7 INFO neutron.plugins.ml2.plugin [None req-dd09c897-9c15-4b68-9d8f-3a8ad01852c9 - - - - - -] Attempt 1 to provision port a62001b1-d015-4749-8383-d3f66ef044f9
2026-08-26 01:37:10.423 7 INFO neutron.db.ovn_revision_numbers_db [None req-d1da75ef-dc56-4cae-b92e-d5c017897d66 ed90ce9090544b03850bcba70738a68d 6eb5817c55604bc79b5944e1db930056 - - default default] Successfully bumped revision number for resource a62001b1-d015-4749-8383-d3f66ef044f9 (type: ports) to 2
2026-08-26 01:37:10.469 8 INFO neutron.plugins.ml2.drivers.ovn.mech_driver.mech_driver [None req-f831f60e-61af-4a3f-886a-f95f789b3a66 - - - - - -] OVN reports status down for port: 03120efc-7f40-4484-a4de-60f2acb0560e
2026-08-26 01:37:10.553 8 INFO neutron.db.ovn_revision_numbers_db [None req-ff3f7056-2d4c-4156-9d02-c44fadab1d53 7aab74dd1b9c45e5b64a48b99521ae05 31f9c4a5fd3b4001a514583339a81e79 - - default default] Successfully bumped revision number for resource 03120efc-7f40-4484-a4de-60f2acb0560e (type: ports) to 1
2026-08-26 01:37:11.055 7 INFO neutron.db.ovn_revision_numbers_db [None req-dd09c897-9c15-4b68-9d8f-3a8ad01852c9 - - - - - -] Successfully bumped revision number for resource a62001b1-d015-4749-8383-d3f66ef044f9 (type: ports) to 3
2026-08-26 01:37:11.242 8 INFO neutron.plugins.ml2.drivers.ovn.mech_driver.ovsdb.commands [None req-67439889-e6ff-4b63-b3cb-0d3a38e928da - - - - - -] Schedule LRP lrp-03120efc-7f40-4484-a4de-60f2acb0560e on gateway 2fdef86b-e5ef-4e04-a48a-06cfd8096aa7 with priority 1
2026-08-26 01:37:11.258 8 INFO neutron.plugins.ml2.drivers.ovn.mech_driver.mech_driver [None req-f831f60e-61af-4a3f-886a-f95f789b3a66 - - - - - -] OVN reports status up for port: 03120efc-7f40-4484-a4de-60f2acb0560e
2026-08-26 01:37:11.279 7 INFO neutron.plugins.ml2.drivers.ovn.mech_driver.ovsdb.ovsdb_monitor [None req-ea8ec509-f147-4bae-b82d-dc431e2fc860 - - - - - -] Router c7cdceac-3c9b-4633-ae8f-c5078cfe82f2 is bound to host instance
2026-08-26 01:37:11.290 8 INFO neutron.plugins.ml2.plugin [None req-f831f60e-61af-4a3f-886a-f95f789b3a66 - - - - - -] Attempt 1 to provision port 03120efc-7f40-4484-a4de-60f2acb0560e
2026-08-26 01:37:11.339 8 INFO neutron.db.ovn_revision_numbers_db [None req-ff3f7056-2d4c-4156-9d02-c44fadab1d53 7aab74dd1b9c45e5b64a48b99521ae05 31f9c4a5fd3b4001a514583339a81e79 - - default default] Successfully bumped revision number for resource 03120efc-7f40-4484-a4de-60f2acb0560e (type: router_ports) to 1
2026-08-26 01:37:11.454 8 INFO neutron.db.ovn_revision_numbers_db [None req-ff3f7056-2d4c-4156-9d02-c44fadab1d53 7aab74dd1b9c45e5b64a48b99521ae05 31f9c4a5fd3b4001a514583339a81e79 - - default default] Successfully bumped revision number for resource c7cdceac-3c9b-4633-ae8f-c5078cfe82f2 (type: routers) to 2 [pid: 8|app: 0|req: 751/1498] 10.0.0.20 () {34 vars in 668 bytes} [Wed Aug 26 01:37:09 2026] POST /v2.0/routers => generated 968 bytes in 1488 msecs (HTTP/1.1 201) 4 headers in 162 bytes (1 switches on core 0)
2026-08-26 01:37:11.540 7 WARNING neutron.scheduler.dhcp_agent_scheduler [None req-d1da75ef-dc56-4cae-b92e-d5c017897d66 ed90ce9090544b03850bcba70738a68d 6eb5817c55604bc79b5944e1db930056 - - default default] No more DHCP agents
2026-08-26 01:37:11.543 7 WARNING neutron.api.rpc.agentnotifiers.dhcp_rpc_agent_api [None req-d1da75ef-dc56-4cae-b92e-d5c017897d66 ed90ce9090544b03850bcba70738a68d 6eb5817c55604bc79b5944e1db930056 - - default default] Unable to schedule network 24db994d-725f-4f6b-8fa5-7777968aaf67: no agents available; will retry on subsequent port and subnet creation events. [pid: 8|app: 0|req: 752/1499] 10.0.0.20 () {32 vars in 739 bytes} [Wed Aug 26 01:37:11 2026] DELETE /v2.0/security-groups/15a46699-c481-4e50-91ad-03f7f829ccb1 => generated 0 bytes in 191 msecs (HTTP/1.1 204) 2 headers in 112 bytes (1 switches on core 0) [pid: 8|app: 0|req: 753/1500] 10.0.0.20 () {32 vars in 723 bytes} [Wed Aug 26 01:37:11 2026] DELETE /v2.0/subnets/f29da78e-3f02-40cc-8dfc-fc065443a83c => generated 0 bytes in 154 msecs (HTTP/1.1 204) 3 headers in 131 bytes (1 switches on core 0)
2026-08-26 01:37:12.035 7 INFO neutron.db.ovn_revision_numbers_db [None req-d1da75ef-dc56-4cae-b92e-d5c017897d66 ed90ce9090544b03850bcba70738a68d 6eb5817c55604bc79b5944e1db930056 - - default default] Successfully bumped revision number for resource a62001b1-d015-4749-8383-d3f66ef044f9 (type: router_ports) to 3 [pid: 7|app: 0|req: 748/1501] 10.0.0.20 () {34 vars in 782 bytes} [Wed Aug 26 01:37:09 2026] PUT /v2.0/routers/29cffd9c-d36e-4ef5-851a-9aaa934f973f/add_router_interface => generated 309 bytes in 2130 msecs (HTTP/1.1 200) 4 headers in 157 bytes (1 switches on core 0) /var/lib/openstack/lib/python3.12/site-packages/pycadf/identifier.py:70: UserWarning: Invalid uuid: neutron. To ensure interoperability, identifiers should be a valid uuid. warnings.warn(('Invalid uuid: %s. To ensure interoperability, '
2026-08-26 01:37:12.311 8 WARNING neutron.scheduler.dhcp_agent_scheduler [None req-5d8bb500-30bd-4751-98b7-340203b82afb 7aab74dd1b9c45e5b64a48b99521ae05 31f9c4a5fd3b4001a514583339a81e79 - - default default] No more DHCP agents
2026-08-26 01:37:12.313 8 WARNING neutron.api.rpc.agentnotifiers.dhcp_rpc_agent_api [None req-5d8bb500-30bd-4751-98b7-340203b82afb 7aab74dd1b9c45e5b64a48b99521ae05 31f9c4a5fd3b4001a514583339a81e79 - - default default] Unable to schedule network 7381ce15-a112-4c07-8399-750123e6db25: no agents available; will retry on subsequent port and subnet creation events.
2026-08-26 01:37:12.438 8 INFO neutron.db.ovn_revision_numbers_db [None req-5d8bb500-30bd-4751-98b7-340203b82afb 7aab74dd1b9c45e5b64a48b99521ae05 31f9c4a5fd3b4001a514583339a81e79 - - default default] Successfully bumped revision number for resource ab2f2bd0-0c47-43cc-a8f0-7a3016917bb1 (type: ports) to 1
2026-08-26 01:37:12.475 7 INFO neutron.plugins.ml2.drivers.ovn.mech_driver.mech_driver [None req-0798cf81-0e24-4bc6-bd35-9ed9f9289adf - - - - - -] OVN reports status down for port: ab2f2bd0-0c47-43cc-a8f0-7a3016917bb1
2026-08-26 01:37:12.780 7 INFO neutron_taas.services.taas.taas_plugin [None req-adb1b087-2f42-4e5e-a8e8-14e0932be0c0 7aab74dd1b9c45e5b64a48b99521ae05 31f9c4a5fd3b4001a514583339a81e79 - - default default] TaaS: Handle Delete Port: 2c4b6c8b-0cfc-4172-8677-96f5c01e3036
2026-08-26 01:37:12.789 7 INFO neutron_taas.services.taas.tap_mirror_plugin [None req-adb1b087-2f42-4e5e-a8e8-14e0932be0c0 7aab74dd1b9c45e5b64a48b99521ae05 31f9c4a5fd3b4001a514583339a81e79 - - default default] Tap Mirror: Handle Delete Port: 2c4b6c8b-0cfc-4172-8677-96f5c01e3036
2026-08-26 01:37:13.067 7 INFO neutron.plugins.ml2.drivers.ovn.mech_driver.mech_driver [None req-0798cf81-0e24-4bc6-bd35-9ed9f9289adf - - - - - -] OVN reports status up for port: ab2f2bd0-0c47-43cc-a8f0-7a3016917bb1
2026-08-26 01:37:13.108 7 INFO neutron.plugins.ml2.plugin [None req-0798cf81-0e24-4bc6-bd35-9ed9f9289adf - - - - - -] Attempt 1 to provision port ab2f2bd0-0c47-43cc-a8f0-7a3016917bb1
2026-08-26 01:37:13.128 8 WARNING neutron.scheduler.dhcp_agent_scheduler [None req-5d8bb500-30bd-4751-98b7-340203b82afb 7aab74dd1b9c45e5b64a48b99521ae05 31f9c4a5fd3b4001a514583339a81e79 - - default default] No more DHCP agents
2026-08-26 01:37:13.130 8 WARNING neutron.api.rpc.agentnotifiers.dhcp_rpc_agent_api [None req-5d8bb500-30bd-4751-98b7-340203b82afb 7aab74dd1b9c45e5b64a48b99521ae05 31f9c4a5fd3b4001a514583339a81e79 - - default default] Unable to schedule network 7381ce15-a112-4c07-8399-750123e6db25: no agents available; will retry on subsequent port and subnet creation events.
2026-08-26 01:37:13.160 7 INFO neutron.db.ovn_revision_numbers_db [None req-c61a5ee9-18f4-41c9-9e92-db0fedf11014 - - - - - -] Successfully bumped revision number for resource 03120efc-7f40-4484-a4de-60f2acb0560e (type: ports) to 4
2026-08-26 01:37:13.614 8 INFO neutron.db.ovn_revision_numbers_db [None req-5d8bb500-30bd-4751-98b7-340203b82afb 7aab74dd1b9c45e5b64a48b99521ae05 31f9c4a5fd3b4001a514583339a81e79 - - default default] Successfully bumped revision number for resource ab2f2bd0-0c47-43cc-a8f0-7a3016917bb1 (type: router_ports) to 1 [pid: 8|app: 0|req: 754/1502] 10.0.0.20 () {34 vars in 782 bytes} [Wed Aug 26 01:37:11 2026] PUT /v2.0/routers/c7cdceac-3c9b-4633-ae8f-c5078cfe82f2/add_router_interface => generated 309 bytes in 1796 msecs (HTTP/1.1 200) 4 headers in 157 bytes (1 switches on core 0)
2026-08-26 01:37:13.767 8 INFO neutron_taas.services.taas.taas_plugin [None req-cb215d1b-d17e-4cee-9a28-dde14b690e54 9e6d70f8cf5e49a7941c789402e07bfb 3e493edeb5a74196838bb9d239bbec56 - - default default] TaaS: Handle Delete Port: f29d5687-9710-4c03-aa3e-41d44d054cab
2026-08-26 01:37:13.772 8 INFO neutron_taas.services.taas.tap_mirror_plugin [None req-cb215d1b-d17e-4cee-9a28-dde14b690e54 9e6d70f8cf5e49a7941c789402e07bfb 3e493edeb5a74196838bb9d239bbec56 - - default default] Tap Mirror: Handle Delete Port: f29d5687-9710-4c03-aa3e-41d44d054cab
2026-08-26 01:37:13.985 8 INFO neutron.services.segments.plugin [-] Segment 72f372f6-3305-47e0-9849-6e7366661c64 resource provider aggregate not found
2026-08-26 01:37:13.989 8 INFO neutron.services.segments.plugin [-] Segment 72f372f6-3305-47e0-9849-6e7366661c64 resource provider aggregate not found
2026-08-26 01:37:14.014 8 INFO neutron.services.segments.plugin [-] Client error retrieving segment 72f372f6-3305-47e0-9849-6e7366661c64 resource provider; error: Placement Client Error (4xx): {"errors": [{"status": 404, "title": "Not Found", "detail": "The resource could not be found.\n\n No resource provider with uuid 72f372f6-3305-47e0-9849-6e7366661c64 found for delete ", "request_id": "req-bccb49fc-41d0-43a6-aacf-0d83c478d3db"}]}
2026-08-26 01:37:14.027 8 INFO neutron.services.segments.plugin [-] Client error retrieving segment 72f372f6-3305-47e0-9849-6e7366661c64 resource provider; error: Placement Client Error (4xx): {"errors": [{"status": 404, "title": "Not Found", "detail": "The resource could not be found.\n\n No resource provider with uuid 72f372f6-3305-47e0-9849-6e7366661c64 found for delete ", "request_id": "req-ec3580b8-6cb6-437a-b08f-58f4c39ea3cc"}]} [pid: 8|app: 0|req: 755/1503] 10.0.0.20 () {32 vars in 725 bytes} [Wed Aug 26 01:37:13 2026] DELETE /v2.0/networks/7db3c073-d305-40f0-864c-7d6ac47c97b2 => generated 0 bytes in 431 msecs (HTTP/1.1 204) 3 headers in 131 bytes (1 switches on core 0) [pid: 8|app: 0|req: 756/1504] 10.0.0.20 () {32 vars in 716 bytes} [Wed Aug 26 01:37:14 2026] GET /v2.0/ports/a62001b1-d015-4749-8383-d3f66ef044f9 => generated 1026 bytes in 83 msecs (HTTP/1.1 200) 4 headers in 158 bytes (1 switches on core 0)
2026-08-26 01:37:14.378 8 WARNING neutron.scheduler.dhcp_agent_scheduler [None req-870191ec-f8ba-4996-a6c4-7fb05dc2795c 9e6d70f8cf5e49a7941c789402e07bfb 3e493edeb5a74196838bb9d239bbec56 - - default default] No more DHCP agents
2026-08-26 01:37:14.379 8 WARNING neutron.api.rpc.agentnotifiers.dhcp_rpc_agent_api [None req-870191ec-f8ba-4996-a6c4-7fb05dc2795c 9e6d70f8cf5e49a7941c789402e07bfb 3e493edeb5a74196838bb9d239bbec56 - - default default] Unable to schedule network 0c1e9a62-b756-4d49-872f-279b62065b31: no agents available; will retry on subsequent port and subnet creation events.
2026-08-26 01:37:14.437 8 INFO neutron.plugins.ml2.drivers.ovn.mech_driver.mech_driver [None req-f831f60e-61af-4a3f-886a-f95f789b3a66 - - - - - -] OVN reports status down for port: df86aae4-8bba-46dd-ba0a-822ada2d36dd
2026-08-26 01:37:14.558 8 INFO neutron.db.ovn_revision_numbers_db [None req-870191ec-f8ba-4996-a6c4-7fb05dc2795c 9e6d70f8cf5e49a7941c789402e07bfb 3e493edeb5a74196838bb9d239bbec56 - - default default] Successfully bumped revision number for resource df86aae4-8bba-46dd-ba0a-822ada2d36dd (type: ports) to 1
2026-08-26 01:37:14.630 7 INFO neutron.db.ovn_revision_numbers_db [None req-0798cf81-0e24-4bc6-bd35-9ed9f9289adf - - - - - -] Successfully bumped revision number for resource ab2f2bd0-0c47-43cc-a8f0-7a3016917bb1 (type: ports) to 2 [pid: 8|app: 0|req: 759/1507] 10.0.0.20 () {34 vars in 664 bytes} [Wed Aug 26 01:37:14 2026] POST /v2.0/ports => generated 774 bytes in 504 msecs (HTTP/1.1 201) 4 headers in 162 bytes (1 switches on core 0) /var/lib/openstack/lib/python3.12/site-packages/pycadf/identifier.py:70: UserWarning: Invalid uuid: neutron. To ensure interoperability, identifiers should be a valid uuid. warnings.warn(('Invalid uuid: %s. To ensure interoperability, '
2026-08-26 01:37:14.650 7 INFO neutron.db.ovn_revision_numbers_db [None req-c61a5ee9-18f4-41c9-9e92-db0fedf11014 - - - - - -] Successfully bumped revision number for resource 03120efc-7f40-4484-a4de-60f2acb0560e (type: ports) to 5 [pid: 7|app: 0|req: 749/1508] 10.0.0.20 () {34 vars in 788 bytes} [Wed Aug 26 01:37:12 2026] PUT /v2.0/routers/6f4c0551-9ca3-4a83-86a5-99de65c460ed/remove_router_interface => generated 309 bytes in 2780 msecs (HTTP/1.1 200) 4 headers in 157 bytes (1 switches on core 0) /var/lib/openstack/lib/python3.12/site-packages/pycadf/identifier.py:70: UserWarning: Invalid uuid: neutron. To ensure interoperability, identifiers should be a valid uuid. warnings.warn(('Invalid uuid: %s. To ensure interoperability, '
2026-08-26 01:37:14.985 8 INFO neutron_taas.services.taas.taas_plugin [None req-aab50c8d-bdf2-4fa8-b2e1-dbff3452ad17 ed90ce9090544b03850bcba70738a68d 6eb5817c55604bc79b5944e1db930056 - - default default] TaaS: Handle Delete Port: a62001b1-d015-4749-8383-d3f66ef044f9
2026-08-26 01:37:14.992 8 INFO neutron_taas.services.taas.tap_mirror_plugin [None req-aab50c8d-bdf2-4fa8-b2e1-dbff3452ad17 ed90ce9090544b03850bcba70738a68d 6eb5817c55604bc79b5944e1db930056 - - default default] Tap Mirror: Handle Delete Port: a62001b1-d015-4749-8383-d3f66ef044f9
2026-08-26 01:37:15.049 7 INFO neutron.db.ovn_revision_numbers_db [None req-5dde18ff-6d36-4406-a689-7f29c14a4adc - - - - - -] Successfully bumped revision number for resource ab2f2bd0-0c47-43cc-a8f0-7a3016917bb1 (type: router_ports) to 2
2026-08-26 01:37:15.070 7 INFO neutron.db.ovn_revision_numbers_db [None req-1a8a4b97-634e-4825-8c77-e45df40bfe76 8cdd1fdbdc0f466c9336d1b0a3c0f1e9 5c49473a53fa40ca8c3615939220cf91 - - default default] Successfully bumped revision number for resource 8ba6c6e3-c908-4b1c-bde2-36b52ff7cd5f (type: security_groups) to 1
2026-08-26 01:37:15.091 7 INFO neutron.db.ovn_revision_numbers_db [None req-1a8a4b97-634e-4825-8c77-e45df40bfe76 8cdd1fdbdc0f466c9336d1b0a3c0f1e9 5c49473a53fa40ca8c3615939220cf91 - - default default] Successfully bumped revision number for resource 1ae62999-dd1a-44d6-a297-a76714bcf52c (type: security_group_rules) to 0
2026-08-26 01:37:15.115 7 INFO neutron.db.ovn_revision_numbers_db [None req-1a8a4b97-634e-4825-8c77-e45df40bfe76 8cdd1fdbdc0f466c9336d1b0a3c0f1e9 5c49473a53fa40ca8c3615939220cf91 - - default default] Successfully bumped revision number for resource c142e632-c05b-43c8-b32c-1d67fe6640e6 (type: security_group_rules) to 0 [pid: 7|app: 0|req: 750/1509] 10.0.0.20 () {34 vars in 684 bytes} [Wed Aug 26 01:37:14 2026] POST /v2.0/security-groups => generated 1660 bytes in 336 msecs (HTTP/1.1 201) 4 headers in 163 bytes (1 switches on core 0) [pid: 8|app: 0|req: 760/1510] 10.0.0.20 () {34 vars in 788 bytes} [Wed Aug 26 01:37:14 2026] PUT /v2.0/routers/29cffd9c-d36e-4ef5-851a-9aaa934f973f/remove_router_interface => generated 309 bytes in 626 msecs (HTTP/1.1 200) 4 headers in 157 bytes (1 switches on core 0) /var/lib/openstack/lib/python3.12/site-packages/pycadf/identifier.py:70: UserWarning: Invalid uuid: neutron. To ensure interoperability, identifiers should be a valid uuid. warnings.warn(('Invalid uuid: %s. To ensure interoperability, '
2026-08-26 01:37:15.389 8 INFO neutron.plugins.ml2.drivers.ovn.mech_driver.mech_driver [None req-f831f60e-61af-4a3f-886a-f95f789b3a66 - - - - - -] OVN reports status down for port: df86aae4-8bba-46dd-ba0a-822ada2d36dd
2026-08-26 01:37:15.408 7 INFO neutron.db.ovn_revision_numbers_db [None req-a1ff80aa-bcbc-467c-9319-8f1427aea015 9e6d70f8cf5e49a7941c789402e07bfb 3e493edeb5a74196838bb9d239bbec56 - - default default] Successfully bumped revision number for resource df86aae4-8bba-46dd-ba0a-822ada2d36dd (type: ports) to 2 [pid: 7|app: 0|req: 751/1511] 10.0.0.20 () {34 vars in 736 bytes} [Wed Aug 26 01:37:15 2026] PUT /v2.0/ports/df86aae4-8bba-46dd-ba0a-822ada2d36dd => generated 752 bytes in 285 msecs (HTTP/1.1 200) 4 headers in 157 bytes (1 switches on core 0) /var/lib/openstack/lib/python3.12/site-packages/pycadf/identifier.py:70: UserWarning: Invalid uuid: neutron. To ensure interoperability, identifiers should be a valid uuid. warnings.warn(('Invalid uuid: %s. To ensure interoperability, '
2026-08-26 01:37:15.582 7 INFO neutron.db.ovn_revision_numbers_db [None req-b7960869-658a-4f1d-aa44-ebd92fc78829 8cdd1fdbdc0f466c9336d1b0a3c0f1e9 5c49473a53fa40ca8c3615939220cf91 - - default default] Successfully bumped revision number for resource 712d76bf-0e30-4da4-8938-f4619fc61dfe (type: security_group_rules) to 0 [pid: 7|app: 0|req: 752/1512] 10.0.0.20 () {34 vars in 694 bytes} [Wed Aug 26 01:37:15 2026] POST /v2.0/security-group-rules => generated 597 bytes in 167 msecs (HTTP/1.1 201) 4 headers in 162 bytes (1 switches on core 0)
2026-08-26 01:37:15.709 7 INFO neutron.api.v2.resource [None req-c8b2ba89-8ba1-48c4-a15f-b3423b2929ba ed90ce9090544b03850bcba70738a68d 6eb5817c55604bc79b5944e1db930056 - - default default] remove_router_interface failed (client error): The resource could not be found. [pid: 7|app: 0|req: 753/1513] 10.0.0.20 () {34 vars in 788 bytes} [Wed Aug 26 01:37:15 2026] PUT /v2.0/routers/29cffd9c-d36e-4ef5-851a-9aaa934f973f/remove_router_interface => generated 197 bytes in 90 msecs (HTTP/1.1 404) 4 headers in 164 bytes (1 switches on core 0)
