May 04 07:51:45.387536 np0000171541 nova-scheduler[109560]: DEBUG cotyledon.oslo_config_glue [-] vnc.server_listen = 127.0.0.1 {{(pid=109560) log_opt_values /opt/stack/data/venv/lib/python3.12/site-packages/oslo_config/cfg.py:3006}}
May 04 07:51:45.387536 np0000171541 nova-scheduler[109560]: DEBUG cotyledon.oslo_config_glue [-] vnc.server_proxyclient_address = 127.0.0.1 {{(pid=109560) log_opt_values /opt/stack/data/venv/lib/python3.12/site-packages/oslo_config/cfg.py:3006}}
May 04 07:51:45.387536 np0000171541 nova-scheduler[109560]: DEBUG cotyledon.oslo_config_glue [-] vnc.vencrypt_ca_certs = None {{(pid=109560) log_opt_values /opt/stack/data/venv/lib/python3.12/site-packages/oslo_config/cfg.py:3006}}
May 04 07:51:45.387536 np0000171541 nova-scheduler[109560]: DEBUG cotyledon.oslo_config_glue [-] vnc.vencrypt_client_cert = None {{(pid=109560) log_opt_values /opt/stack/data/venv/lib/python3.12/site-packages/oslo_config/cfg.py:3006}}
May 04 07:51:45.387536 np0000171541 nova-scheduler[109560]: DEBUG cotyledon.oslo_config_glue [-] vnc.vencrypt_client_key = None {{(pid=109560) log_opt_values /opt/stack/data/venv/lib/python3.12/site-packages/oslo_config/cfg.py:3006}}
May 04 07:51:45.387536 np0000171541 nova-scheduler[109560]: DEBUG cotyledon.oslo_config_glue [-] workarounds.disable_compute_service_check_for_ffu = False {{(pid=109560) log_opt_values /opt/stack/data/venv/lib/python3.12/site-packages/oslo_config/cfg.py:3006}}
May 04 07:51:45.387536 np0000171541 nova-scheduler[109560]: DEBUG cotyledon.oslo_config_glue [-] workarounds.disable_deep_image_inspection = False {{(pid=109560) log_opt_values /opt/stack/data/venv/lib/python3.12/site-packages/oslo_config/cfg.py:3006}}
May 04 07:51:45.387536 np0000171541 nova-scheduler[109560]: DEBUG cotyledon.oslo_config_glue [-] workarounds.disable_fallback_pcpu_query = False {{(pid=109560) log_opt_values /opt/stack/data/venv/lib/python3.12/site-packages/oslo_config/cfg.py:3006}}
May 04 07:51:45.387536 np0000171541 nova-scheduler[109560]: DEBUG cotyledon.oslo_config_glue [-] workarounds.disable_group_policy_check_upcall = False {{(pid=109560) log_opt_values /opt/stack/data/venv/lib/python3.12/site-packages/oslo_config/cfg.py:3006}}
May 04 07:51:45.387756 np0000171541 nova-scheduler[109560]: DEBUG cotyledon.oslo_config_glue [-] workarounds.disable_libvirt_livesnapshot = False {{(pid=109560) log_opt_values /opt/stack/data/venv/lib/python3.12/site-packages/oslo_config/cfg.py:3006}}
May 04 07:51:45.387756 np0000171541 nova-scheduler[109560]: DEBUG cotyledon.oslo_config_glue [-] workarounds.disable_rootwrap = False {{(pid=109560) log_opt_values /opt/stack/data/venv/lib/python3.12/site-packages/oslo_config/cfg.py:3006}}
May 04 07:51:45.387756 np0000171541 nova-scheduler[109560]: DEBUG cotyledon.oslo_config_glue [-] workarounds.enable_numa_live_migration = False {{(pid=109560) log_opt_values /opt/stack/data/venv/lib/python3.12/site-packages/oslo_config/cfg.py:3006}}
May 04 07:51:45.387756 np0000171541 nova-scheduler[109560]: DEBUG cotyledon.oslo_config_glue [-] workarounds.enable_qemu_monitor_announce_self = False {{(pid=109560) log_opt_values /opt/stack/data/venv/lib/python3.12/site-packages/oslo_config/cfg.py:3006}}
May 04 07:51:45.387756 np0000171541 nova-scheduler[109560]: DEBUG cotyledon.oslo_config_glue [-] workarounds.ensure_libvirt_rbd_instance_dir_cleanup = False {{(pid=109560) log_opt_values /opt/stack/data/venv/lib/python3.12/site-packages/oslo_config/cfg.py:3006}}
May 04 07:51:45.387756 np0000171541 nova-scheduler[109560]: DEBUG cotyledon.oslo_config_glue [-] workarounds.handle_virt_lifecycle_events = True {{(pid=109560) log_opt_values /opt/stack/data/venv/lib/python3.12/site-packages/oslo_config/cfg.py:3006}}
May 04 07:51:45.387756 np0000171541 nova-scheduler[109560]: DEBUG cotyledon.oslo_config_glue [-] workarounds.libvirt_disable_apic = False {{(pid=109560) log_opt_values /opt/stack/data/venv/lib/python3.12/site-packages/oslo_config/cfg.py:3006}}
May 04 07:51:45.387756 np0000171541 nova-scheduler[109560]: DEBUG cotyledon.oslo_config_glue [-] workarounds.never_download_image_if_on_rbd = False {{(pid=109560) log_opt_values /opt/stack/data/venv/lib/python3.12/site-packages/oslo_config/cfg.py:3006}}
May 04 07:51:45.387756 np0000171541 nova-scheduler[109560]: DEBUG cotyledon.oslo_config_glue [-] workarounds.qemu_monitor_announce_self_count = 3 {{(pid=109560) log_opt_values /opt/stack/data/venv/lib/python3.12/site-packages/oslo_config/cfg.py:3006}}
May 04 07:51:45.387963 np0000171541 nova-scheduler[109560]: DEBUG cotyledon.oslo_config_glue [-] workarounds.qemu_monitor_announce_self_interval = 1 {{(pid=109560) log_opt_values /opt/stack/data/venv/lib/python3.12/site-packages/oslo_config/cfg.py:3006}}
May 04 07:51:45.387963 np0000171541 nova-scheduler[109560]: DEBUG cotyledon.oslo_config_glue [-] workarounds.reserve_disk_resource_for_image_cache = False {{(pid=109560) log_opt_values /opt/stack/data/venv/lib/python3.12/site-packages/oslo_config/cfg.py:3006}}
May 04 07:51:45.387963 np0000171541 nova-scheduler[109560]: DEBUG cotyledon.oslo_config_glue [-] workarounds.skip_cpu_compare_at_startup = False {{(pid=109560) log_opt_values /opt/stack/data/venv/lib/python3.12/site-packages/oslo_config/cfg.py:3006}}
May 04 07:51:45.387963 np0000171541 nova-scheduler[109560]: DEBUG cotyledon.oslo_config_glue [-] workarounds.skip_cpu_compare_on_dest = False {{(pid=109560) log_opt_values /opt/stack/data/venv/lib/python3.12/site-packages/oslo_config/cfg.py:3006}}
May 04 07:51:45.387963 np0000171541 nova-scheduler[109560]: DEBUG cotyledon.oslo_config_glue [-] workarounds.skip_hypervisor_version_check_on_lm = False {{(pid=109560) log_opt_values /opt/stack/data/venv/lib/python3.12/site-packages/oslo_config/cfg.py:3006}}
May 04 07:51:45.387963 np0000171541 nova-scheduler[109560]: DEBUG cotyledon.oslo_config_glue [-] workarounds.skip_reserve_in_use_ironic_nodes = False {{(pid=109560) log_opt_values /opt/stack/data/venv/lib/python3.12/site-packages/oslo_config/cfg.py:3006}}
May 04 07:51:45.387963 np0000171541 nova-scheduler[109560]: DEBUG cotyledon.oslo_config_glue [-] workarounds.unified_limits_count_pcpu_as_vcpu = False {{(pid=109560) log_opt_values /opt/stack/data/venv/lib/python3.12/site-packages/oslo_config/cfg.py:3006}}
May 04 07:51:45.387963 np0000171541 nova-scheduler[109560]: DEBUG cotyledon.oslo_config_glue [-] workarounds.wait_for_vif_plugged_event_during_hard_reboot = [] {{(pid=109560) log_opt_values /opt/stack/data/venv/lib/python3.12/site-packages/oslo_config/cfg.py:3006}}
May 04 07:51:45.388157 np0000171541 nova-scheduler[109560]: DEBUG cotyledon.oslo_config_glue [-] wsgi.api_paste_config = /etc/nova/api-paste.ini {{(pid=109560) log_opt_values /opt/stack/data/venv/lib/python3.12/site-packages/oslo_config/cfg.py:3006}}
May 04 07:51:45.388157 np0000171541 nova-scheduler[109560]: DEBUG cotyledon.oslo_config_glue [-] wsgi.secure_proxy_ssl_header = None {{(pid=109560) log_opt_values /opt/stack/data/venv/lib/python3.12/site-packages/oslo_config/cfg.py:3006}}
May 04 07:51:45.388157 np0000171541 nova-scheduler[109560]: DEBUG cotyledon.oslo_config_glue [-] zvm.ca_file = None {{(pid=109560) log_opt_values /opt/stack/data/venv/lib/python3.12/site-packages/oslo_config/cfg.py:3006}}
May 04 07:51:45.388157 np0000171541 nova-scheduler[109560]: DEBUG cotyledon.oslo_config_glue [-] zvm.cloud_connector_url = None {{(pid=109560) log_opt_values /opt/stack/data/venv/lib/python3.12/site-packages/oslo_config/cfg.py:3006}}
May 04 07:51:45.388157 np0000171541 nova-scheduler[109560]: DEBUG cotyledon.oslo_config_glue [-] zvm.image_tmp_path = /opt/stack/data/nova/images {{(pid=109560) log_opt_values /opt/stack/data/venv/lib/python3.12/site-packages/oslo_config/cfg.py:3006}}
May 04 07:51:45.388157 np0000171541 nova-scheduler[109560]: DEBUG cotyledon.oslo_config_glue [-] zvm.reachable_timeout = 300 {{(pid=109560) log_opt_values /opt/stack/data/venv/lib/python3.12/site-packages/oslo_config/cfg.py:3006}}
May 04 07:51:45.388157 np0000171541 nova-scheduler[109560]: DEBUG cotyledon.oslo_config_glue [-] oslo_versionedobjects.fatal_exception_format_errors = False {{(pid=109560) log_opt_values /opt/stack/data/venv/lib/python3.12/site-packages/oslo_config/cfg.py:3006}}
May 04 07:51:45.388157 np0000171541 nova-scheduler[109560]: DEBUG cotyledon.oslo_config_glue [-] oslo_middleware.http_basic_auth_user_file = /etc/htpasswd {{(pid=109560) log_opt_values /opt/stack/data/venv/lib/python3.12/site-packages/oslo_config/cfg.py:3006}}
May 04 07:51:45.388157 np0000171541 nova-scheduler[109560]: DEBUG cotyledon.oslo_config_glue [-] oslo_messaging_metrics.metrics_buffer_size = 1000 {{(pid=109560) log_opt_values /opt/stack/data/venv/lib/python3.12/site-packages/oslo_config/cfg.py:3006}}
May 04 07:51:45.388368 np0000171541 nova-scheduler[109560]: DEBUG cotyledon.oslo_config_glue [-] oslo_messaging_metrics.metrics_enabled = False {{(pid=109560) log_opt_values /opt/stack/data/venv/lib/python3.12/site-packages/oslo_config/cfg.py:3006}}
May 04 07:51:45.388368 np0000171541 nova-scheduler[109560]: DEBUG cotyledon.oslo_config_glue [-] oslo_messaging_metrics.metrics_process_name = {{(pid=109560) log_opt_values /opt/stack/data/venv/lib/python3.12/site-packages/oslo_config/cfg.py:3006}}
May 04 07:51:45.388368 np0000171541 nova-scheduler[109560]: DEBUG cotyledon.oslo_config_glue [-] oslo_messaging_metrics.metrics_socket_file = /var/tmp/metrics_collector.sock {{(pid=109560) log_opt_values /opt/stack/data/venv/lib/python3.12/site-packages/oslo_config/cfg.py:3006}}
May 04 07:51:45.388368 np0000171541 nova-scheduler[109560]: DEBUG cotyledon.oslo_config_glue [-] oslo_messaging_metrics.metrics_thread_stop_timeout = 10 {{(pid=109560) log_opt_values /opt/stack/data/venv/lib/python3.12/site-packages/oslo_config/cfg.py:3006}}
May 04 07:51:45.388463 np0000171541 nova-scheduler[109544]: DEBUG oslo_db.sqlalchemy.engines [None req-a23fee47-fe4d-40e4-92c8-e9c46343674f None None] MySQL server mode set to STRICT_TRANS_TABLES,STRICT_ALL_TABLES,NO_ZERO_IN_DATE,NO_ZERO_DATE,ERROR_FOR_DIVISION_BY_ZERO,TRADITIONAL,NO_ENGINE_SUBSTITUTION {{(pid=109544) _check_effective_sql_mode /opt/stack/data/venv/lib/python3.12/site-packages/oslo_db/sqlalchemy/engines.py:325}}
May 04 07:51:45.388494 np0000171541 nova-scheduler[109560]: DEBUG cotyledon.oslo_config_glue [-] profiler.connection_string = messaging:// {{(pid=109560) log_opt_values /opt/stack/data/venv/lib/python3.12/site-packages/oslo_config/cfg.py:3006}}
May 04 07:51:45.388494 np0000171541 nova-scheduler[109560]: DEBUG cotyledon.oslo_config_glue [-] profiler.enabled = False {{(pid=109560) log_opt_values /opt/stack/data/venv/lib/python3.12/site-packages/oslo_config/cfg.py:3006}}
May 04 07:51:45.388494 np0000171541 nova-scheduler[109560]: DEBUG cotyledon.oslo_config_glue [-] profiler.es_doc_type = notification {{(pid=109560) log_opt_values /opt/stack/data/venv/lib/python3.12/site-packages/oslo_config/cfg.py:3006}}
May 04 07:51:45.388494 np0000171541 nova-scheduler[109560]: DEBUG cotyledon.oslo_config_glue [-] profiler.es_scroll_size = 10000 {{(pid=109560) log_opt_values /opt/stack/data/venv/lib/python3.12/site-packages/oslo_config/cfg.py:3006}}
May 04 07:51:45.388494 np0000171541 nova-scheduler[109560]: DEBUG cotyledon.oslo_config_glue [-] profiler.es_scroll_time = 2m {{(pid=109560) log_opt_values /opt/stack/data/venv/lib/python3.12/site-packages/oslo_config/cfg.py:3006}}
May 04 07:51:45.388494 np0000171541 nova-scheduler[109560]: DEBUG cotyledon.oslo_config_glue [-] profiler.filter_error_trace = False {{(pid=109560) log_opt_values /opt/stack/data/venv/lib/python3.12/site-packages/oslo_config/cfg.py:3006}}
May 04 07:51:45.388494 np0000171541 nova-scheduler[109560]: DEBUG cotyledon.oslo_config_glue [-] profiler.hmac_keys = **** {{(pid=109560) log_opt_values /opt/stack/data/venv/lib/python3.12/site-packages/oslo_config/cfg.py:3006}}
May 04 07:51:45.388494 np0000171541 nova-scheduler[109560]: DEBUG cotyledon.oslo_config_glue [-] profiler.sentinel_service_name = mymaster {{(pid=109560) log_opt_values /opt/stack/data/venv/lib/python3.12/site-packages/oslo_config/cfg.py:3006}}
May 04 07:51:45.388494 np0000171541 nova-scheduler[109560]: DEBUG cotyledon.oslo_config_glue [-] profiler.socket_timeout = 0.1 {{(pid=109560) log_opt_values /opt/stack/data/venv/lib/python3.12/site-packages/oslo_config/cfg.py:3006}}
May 04 07:51:45.388736 np0000171541 nova-scheduler[109560]: DEBUG cotyledon.oslo_config_glue [-] profiler.trace_requests = False {{(pid=109560) log_opt_values /opt/stack/data/venv/lib/python3.12/site-packages/oslo_config/cfg.py:3006}}
May 04 07:51:45.388736 np0000171541 nova-scheduler[109560]: DEBUG cotyledon.oslo_config_glue [-] profiler.trace_sqlalchemy = False {{(pid=109560) log_opt_values /opt/stack/data/venv/lib/python3.12/site-packages/oslo_config/cfg.py:3006}}
May 04 07:51:45.388736 np0000171541 nova-scheduler[109560]: DEBUG cotyledon.oslo_config_glue [-] profiler_jaeger.process_tags = {} {{(pid=109560) log_opt_values /opt/stack/data/venv/lib/python3.12/site-packages/oslo_config/cfg.py:3006}}
May 04 07:51:45.388736 np0000171541 nova-scheduler[109560]: DEBUG cotyledon.oslo_config_glue [-] profiler_jaeger.service_name_prefix = None {{(pid=109560) log_opt_values /opt/stack/data/venv/lib/python3.12/site-packages/oslo_config/cfg.py:3006}}
May 04 07:51:45.388736 np0000171541 nova-scheduler[109560]: DEBUG cotyledon.oslo_config_glue [-] profiler_otlp.service_name_prefix = None {{(pid=109560) log_opt_values /opt/stack/data/venv/lib/python3.12/site-packages/oslo_config/cfg.py:3006}}
May 04 07:51:45.388736 np0000171541 nova-scheduler[109560]: DEBUG cotyledon.oslo_config_glue [-] oslo_messaging_rabbit.amqp_auto_delete = False {{(pid=109560) log_opt_values /opt/stack/data/venv/lib/python3.12/site-packages/oslo_config/cfg.py:3006}}
May 04 07:51:45.388736 np0000171541 nova-scheduler[109560]: DEBUG cotyledon.oslo_config_glue [-] oslo_messaging_rabbit.amqp_durable_queues = False {{(pid=109560) log_opt_values /opt/stack/data/venv/lib/python3.12/site-packages/oslo_config/cfg.py:3006}}
May 04 07:51:45.388736 np0000171541 nova-scheduler[109560]: DEBUG cotyledon.oslo_config_glue [-] oslo_messaging_rabbit.conn_pool_min_size = 2 {{(pid=109560) log_opt_values /opt/stack/data/venv/lib/python3.12/site-packages/oslo_config/cfg.py:3006}}
May 04 07:51:45.388736 np0000171541 nova-scheduler[109560]: DEBUG cotyledon.oslo_config_glue [-] oslo_messaging_rabbit.conn_pool_ttl = 1200 {{(pid=109560) log_opt_values /opt/stack/data/venv/lib/python3.12/site-packages/oslo_config/cfg.py:3006}}
May 04 07:51:45.388971 np0000171541 nova-scheduler[109560]: DEBUG cotyledon.oslo_config_glue [-] oslo_messaging_rabbit.direct_mandatory_flag = True {{(pid=109560) log_opt_values /opt/stack/data/venv/lib/python3.12/site-packages/oslo_config/cfg.py:3006}}
May 04 07:51:45.388971 np0000171541 nova-scheduler[109560]: DEBUG cotyledon.oslo_config_glue [-] oslo_messaging_rabbit.enable_cancel_on_failover = False {{(pid=109560) log_opt_values /opt/stack/data/venv/lib/python3.12/site-packages/oslo_config/cfg.py:3006}}
May 04 07:51:45.388971 np0000171541 nova-scheduler[109560]: DEBUG cotyledon.oslo_config_glue [-] oslo_messaging_rabbit.heartbeat_in_pthread = False {{(pid=109560) log_opt_values /opt/stack/data/venv/lib/python3.12/site-packages/oslo_config/cfg.py:3006}}
May 04 07:51:45.388971 np0000171541 nova-scheduler[109560]: DEBUG cotyledon.oslo_config_glue [-] oslo_messaging_rabbit.heartbeat_rate = 3 {{(pid=109560) log_opt_values /opt/stack/data/venv/lib/python3.12/site-packages/oslo_config/cfg.py:3006}}
May 04 07:51:45.388971 np0000171541 nova-scheduler[109560]: DEBUG cotyledon.oslo_config_glue [-] oslo_messaging_rabbit.heartbeat_timeout_threshold = 60 {{(pid=109560) log_opt_values /opt/stack/data/venv/lib/python3.12/site-packages/oslo_config/cfg.py:3006}}
May 04 07:51:45.388971 np0000171541 nova-scheduler[109560]: DEBUG cotyledon.oslo_config_glue [-] oslo_messaging_rabbit.hostname = np0000171541 {{(pid=109560) log_opt_values /opt/stack/data/venv/lib/python3.12/site-packages/oslo_config/cfg.py:3006}}
May 04 07:51:45.388971 np0000171541 nova-scheduler[109560]: DEBUG cotyledon.oslo_config_glue [-] oslo_messaging_rabbit.kombu_compression = None {{(pid=109560) log_opt_values /opt/stack/data/venv/lib/python3.12/site-packages/oslo_config/cfg.py:3006}}
May 04 07:51:45.388971 np0000171541 nova-scheduler[109560]: DEBUG cotyledon.oslo_config_glue [-] oslo_messaging_rabbit.kombu_failover_strategy = round-robin {{(pid=109560) log_opt_values /opt/stack/data/venv/lib/python3.12/site-packages/oslo_config/cfg.py:3006}}
May 04 07:51:45.389163 np0000171541 nova-scheduler[109560]: DEBUG cotyledon.oslo_config_glue [-] oslo_messaging_rabbit.kombu_missing_consumer_retry_timeout = 60 {{(pid=109560) log_opt_values /opt/stack/data/venv/lib/python3.12/site-packages/oslo_config/cfg.py:3006}}
May 04 07:51:45.389163 np0000171541 nova-scheduler[109560]: DEBUG cotyledon.oslo_config_glue [-] oslo_messaging_rabbit.kombu_reconnect_delay = 1.0 {{(pid=109560) log_opt_values /opt/stack/data/venv/lib/python3.12/site-packages/oslo_config/cfg.py:3006}}
May 04 07:51:45.389163 np0000171541 nova-scheduler[109560]: DEBUG cotyledon.oslo_config_glue [-] oslo_messaging_rabbit.kombu_reconnect_splay = 0.0 {{(pid=109560) log_opt_values /opt/stack/data/venv/lib/python3.12/site-packages/oslo_config/cfg.py:3006}}
May 04 07:51:45.389163 np0000171541 nova-scheduler[109560]: DEBUG cotyledon.oslo_config_glue [-] oslo_messaging_rabbit.processname = nova-scheduler {{(pid=109560) log_opt_values /opt/stack/data/venv/lib/python3.12/site-packages/oslo_config/cfg.py:3006}}
May 04 07:51:45.389163 np0000171541 nova-scheduler[109560]: DEBUG cotyledon.oslo_config_glue [-] oslo_messaging_rabbit.rabbit_ha_queues = False {{(pid=109560) log_opt_values /opt/stack/data/venv/lib/python3.12/site-packages/oslo_config/cfg.py:3006}}
May 04 07:51:45.389163 np0000171541 nova-scheduler[109560]: DEBUG cotyledon.oslo_config_glue [-] oslo_messaging_rabbit.rabbit_interval_max = 30 {{(pid=109560) log_opt_values /opt/stack/data/venv/lib/python3.12/site-packages/oslo_config/cfg.py:3006}}
May 04 07:51:45.389163 np0000171541 nova-scheduler[109560]: DEBUG cotyledon.oslo_config_glue [-] oslo_messaging_rabbit.rabbit_login_method = AMQPLAIN {{(pid=109560) log_opt_values /opt/stack/data/venv/lib/python3.12/site-packages/oslo_config/cfg.py:3006}}
May 04 07:51:45.389163 np0000171541 nova-scheduler[109560]: DEBUG cotyledon.oslo_config_glue [-] oslo_messaging_rabbit.rabbit_qos_prefetch_count = 0 {{(pid=109560) log_opt_values /opt/stack/data/venv/lib/python3.12/site-packages/oslo_config/cfg.py:3006}}
May 04 07:51:45.389353 np0000171541 nova-scheduler[109560]: DEBUG cotyledon.oslo_config_glue [-] oslo_messaging_rabbit.rabbit_quorum_delivery_limit = 0 {{(pid=109560) log_opt_values /opt/stack/data/venv/lib/python3.12/site-packages/oslo_config/cfg.py:3006}}
May 04 07:51:45.389353 np0000171541 nova-scheduler[109560]: DEBUG cotyledon.oslo_config_glue [-] oslo_messaging_rabbit.rabbit_quorum_max_memory_bytes = 0 {{(pid=109560) log_opt_values /opt/stack/data/venv/lib/python3.12/site-packages/oslo_config/cfg.py:3006}}
May 04 07:51:45.389353 np0000171541 nova-scheduler[109560]: DEBUG cotyledon.oslo_config_glue [-] oslo_messaging_rabbit.rabbit_quorum_max_memory_length = 0 {{(pid=109560) log_opt_values /opt/stack/data/venv/lib/python3.12/site-packages/oslo_config/cfg.py:3006}}
May 04 07:51:45.389353 np0000171541 nova-scheduler[109560]: DEBUG cotyledon.oslo_config_glue [-] oslo_messaging_rabbit.rabbit_quorum_queue = False {{(pid=109560) log_opt_values /opt/stack/data/venv/lib/python3.12/site-packages/oslo_config/cfg.py:3006}}
May 04 07:51:45.389353 np0000171541 nova-scheduler[109560]: DEBUG cotyledon.oslo_config_glue [-] oslo_messaging_rabbit.rabbit_retry_backoff = 2 {{(pid=109560) log_opt_values /opt/stack/data/venv/lib/python3.12/site-packages/oslo_config/cfg.py:3006}}
May 04 07:51:45.389353 np0000171541 nova-scheduler[109560]: DEBUG cotyledon.oslo_config_glue [-] oslo_messaging_rabbit.rabbit_retry_interval = 1 {{(pid=109560) log_opt_values /opt/stack/data/venv/lib/python3.12/site-packages/oslo_config/cfg.py:3006}}
May 04 07:51:45.389353 np0000171541 nova-scheduler[109560]: DEBUG cotyledon.oslo_config_glue [-] oslo_messaging_rabbit.rabbit_stream_fanout = False {{(pid=109560) log_opt_values /opt/stack/data/venv/lib/python3.12/site-packages/oslo_config/cfg.py:3006}}
May 04 07:51:45.389353 np0000171541 nova-scheduler[109560]: DEBUG cotyledon.oslo_config_glue [-] oslo_messaging_rabbit.rabbit_transient_queues_ttl = 1800 {{(pid=109560) log_opt_values /opt/stack/data/venv/lib/python3.12/site-packages/oslo_config/cfg.py:3006}}
May 04 07:51:45.389578 np0000171541 nova-scheduler[109560]: DEBUG cotyledon.oslo_config_glue [-] oslo_messaging_rabbit.rabbit_transient_quorum_queue = False {{(pid=109560) log_opt_values /opt/stack/data/venv/lib/python3.12/site-packages/oslo_config/cfg.py:3006}}
May 04 07:51:45.389578 np0000171541 nova-scheduler[109560]: DEBUG cotyledon.oslo_config_glue [-] oslo_messaging_rabbit.rpc_conn_pool_size = 30 {{(pid=109560) log_opt_values /opt/stack/data/venv/lib/python3.12/site-packages/oslo_config/cfg.py:3006}}
May 04 07:51:45.389578 np0000171541 nova-scheduler[109560]: DEBUG cotyledon.oslo_config_glue [-] oslo_messaging_rabbit.ssl = False {{(pid=109560) log_opt_values /opt/stack/data/venv/lib/python3.12/site-packages/oslo_config/cfg.py:3006}}
May 04 07:51:45.389578 np0000171541 nova-scheduler[109560]: DEBUG cotyledon.oslo_config_glue [-] oslo_messaging_rabbit.ssl_ca_file = {{(pid=109560) log_opt_values /opt/stack/data/venv/lib/python3.12/site-packages/oslo_config/cfg.py:3006}}
May 04 07:51:45.389578 np0000171541 nova-scheduler[109560]: DEBUG cotyledon.oslo_config_glue [-] oslo_messaging_rabbit.ssl_cert_file = {{(pid=109560) log_opt_values /opt/stack/data/venv/lib/python3.12/site-packages/oslo_config/cfg.py:3006}}
May 04 07:51:45.389578 np0000171541 nova-scheduler[109560]: DEBUG cotyledon.oslo_config_glue [-] oslo_messaging_rabbit.ssl_enforce_fips_mode = False {{(pid=109560) log_opt_values /opt/stack/data/venv/lib/python3.12/site-packages/oslo_config/cfg.py:3006}}
May 04 07:51:45.389578 np0000171541 nova-scheduler[109560]: DEBUG cotyledon.oslo_config_glue [-] oslo_messaging_rabbit.ssl_key_file = {{(pid=109560) log_opt_values /opt/stack/data/venv/lib/python3.12/site-packages/oslo_config/cfg.py:3006}}
May 04 07:51:45.389578 np0000171541 nova-scheduler[109560]: DEBUG cotyledon.oslo_config_glue [-] oslo_messaging_rabbit.ssl_version = {{(pid=109560) log_opt_values /opt/stack/data/venv/lib/python3.12/site-packages/oslo_config/cfg.py:3006}}
May 04 07:51:45.389578 np0000171541 nova-scheduler[109560]: DEBUG cotyledon.oslo_config_glue [-] oslo_messaging_rabbit.use_queue_manager = False {{(pid=109560) log_opt_values /opt/stack/data/venv/lib/python3.12/site-packages/oslo_config/cfg.py:3006}}
May 04 07:51:45.389787 np0000171541 nova-scheduler[109560]: DEBUG cotyledon.oslo_config_glue [-] oslo_messaging_notifications.driver = ['messagingv2'] {{(pid=109560) log_opt_values /opt/stack/data/venv/lib/python3.12/site-packages/oslo_config/cfg.py:3006}}
May 04 07:51:45.389787 np0000171541 nova-scheduler[109560]: DEBUG cotyledon.oslo_config_glue [-] oslo_messaging_notifications.retry = -1 {{(pid=109560) log_opt_values /opt/stack/data/venv/lib/python3.12/site-packages/oslo_config/cfg.py:3006}}
May 04 07:51:45.389787 np0000171541 nova-scheduler[109560]: DEBUG cotyledon.oslo_config_glue [-] oslo_messaging_notifications.topics = ['notifications'] {{(pid=109560) log_opt_values /opt/stack/data/venv/lib/python3.12/site-packages/oslo_config/cfg.py:3006}}
May 04 07:51:45.389787 np0000171541 nova-scheduler[109560]: DEBUG cotyledon.oslo_config_glue [-] oslo_messaging_notifications.transport_url = **** {{(pid=109560) log_opt_values /opt/stack/data/venv/lib/python3.12/site-packages/oslo_config/cfg.py:3006}}
May 04 07:51:45.389787 np0000171541 nova-scheduler[109560]: DEBUG cotyledon.oslo_config_glue [-] oslo_limit.auth_section = None {{(pid=109560) log_opt_values /opt/stack/data/venv/lib/python3.12/site-packages/oslo_config/cfg.py:3006}}
May 04 07:51:45.389787 np0000171541 nova-scheduler[109560]: DEBUG cotyledon.oslo_config_glue [-] oslo_limit.auth_type = None {{(pid=109560) log_opt_values /opt/stack/data/venv/lib/python3.12/site-packages/oslo_config/cfg.py:3006}}
May 04 07:51:45.389787 np0000171541 nova-scheduler[109560]: DEBUG cotyledon.oslo_config_glue [-] oslo_limit.cafile = None {{(pid=109560) log_opt_values /opt/stack/data/venv/lib/python3.12/site-packages/oslo_config/cfg.py:3006}}
May 04 07:51:45.389787 np0000171541 nova-scheduler[109560]: DEBUG cotyledon.oslo_config_glue [-] oslo_limit.certfile = None {{(pid=109560) log_opt_values /opt/stack/data/venv/lib/python3.12/site-packages/oslo_config/cfg.py:3006}}
May 04 07:51:45.389787 np0000171541 nova-scheduler[109560]: DEBUG cotyledon.oslo_config_glue [-] oslo_limit.collect_timing = False {{(pid=109560) log_opt_values /opt/stack/data/venv/lib/python3.12/site-packages/oslo_config/cfg.py:3006}}
May 04 07:51:45.389990 np0000171541 nova-scheduler[109560]: DEBUG cotyledon.oslo_config_glue [-] oslo_limit.connect_retries = None {{(pid=109560) log_opt_values /opt/stack/data/venv/lib/python3.12/site-packages/oslo_config/cfg.py:3006}}
May 04 07:51:45.389990 np0000171541 nova-scheduler[109560]: DEBUG cotyledon.oslo_config_glue [-] oslo_limit.connect_retry_delay = None {{(pid=109560) log_opt_values /opt/stack/data/venv/lib/python3.12/site-packages/oslo_config/cfg.py:3006}}
May 04 07:51:45.389990 np0000171541 nova-scheduler[109560]: DEBUG cotyledon.oslo_config_glue [-] oslo_limit.endpoint_id = None {{(pid=109560) log_opt_values /opt/stack/data/venv/lib/python3.12/site-packages/oslo_config/cfg.py:3006}}
May 04 07:51:45.389990 np0000171541 nova-scheduler[109560]: DEBUG cotyledon.oslo_config_glue [-] oslo_limit.endpoint_interface = public {{(pid=109560) log_opt_values /opt/stack/data/venv/lib/python3.12/site-packages/oslo_config/cfg.py:3006}}
May 04 07:51:45.389990 np0000171541 nova-scheduler[109560]: DEBUG cotyledon.oslo_config_glue [-] oslo_limit.endpoint_override = None {{(pid=109560) log_opt_values /opt/stack/data/venv/lib/python3.12/site-packages/oslo_config/cfg.py:3006}}
May 04 07:51:45.389990 np0000171541 nova-scheduler[109560]: DEBUG cotyledon.oslo_config_glue [-] oslo_limit.endpoint_region_name = None {{(pid=109560) log_opt_values /opt/stack/data/venv/lib/python3.12/site-packages/oslo_config/cfg.py:3006}}
May 04 07:51:45.389990 np0000171541 nova-scheduler[109560]: DEBUG cotyledon.oslo_config_glue [-] oslo_limit.endpoint_service_name = None {{(pid=109560) log_opt_values /opt/stack/data/venv/lib/python3.12/site-packages/oslo_config/cfg.py:3006}}
May 04 07:51:45.389990 np0000171541 nova-scheduler[109560]: DEBUG cotyledon.oslo_config_glue [-] oslo_limit.endpoint_service_type = None {{(pid=109560) log_opt_values /opt/stack/data/venv/lib/python3.12/site-packages/oslo_config/cfg.py:3006}}
May 04 07:51:45.389990 np0000171541 nova-scheduler[109560]: DEBUG cotyledon.oslo_config_glue [-] oslo_limit.insecure = False {{(pid=109560) log_opt_values /opt/stack/data/venv/lib/python3.12/site-packages/oslo_config/cfg.py:3006}}
May 04 07:51:45.390202 np0000171541 nova-scheduler[109560]: DEBUG cotyledon.oslo_config_glue [-] oslo_limit.keyfile = None {{(pid=109560) log_opt_values /opt/stack/data/venv/lib/python3.12/site-packages/oslo_config/cfg.py:3006}}
May 04 07:51:45.390202 np0000171541 nova-scheduler[109560]: DEBUG cotyledon.oslo_config_glue [-] oslo_limit.max_version = None {{(pid=109560) log_opt_values /opt/stack/data/venv/lib/python3.12/site-packages/oslo_config/cfg.py:3006}}
May 04 07:51:45.390202 np0000171541 nova-scheduler[109560]: DEBUG cotyledon.oslo_config_glue [-] oslo_limit.min_version = None {{(pid=109560) log_opt_values /opt/stack/data/venv/lib/python3.12/site-packages/oslo_config/cfg.py:3006}}
May 04 07:51:45.390202 np0000171541 nova-scheduler[109560]: DEBUG cotyledon.oslo_config_glue [-] oslo_limit.region_name = None {{(pid=109560) log_opt_values /opt/stack/data/venv/lib/python3.12/site-packages/oslo_config/cfg.py:3006}}
May 04 07:51:45.390202 np0000171541 nova-scheduler[109560]: DEBUG cotyledon.oslo_config_glue [-] oslo_limit.retriable_status_codes = None {{(pid=109560) log_opt_values /opt/stack/data/venv/lib/python3.12/site-packages/oslo_config/cfg.py:3006}}
May 04 07:51:45.390202 np0000171541 nova-scheduler[109560]: DEBUG cotyledon.oslo_config_glue [-] oslo_limit.service_name = None {{(pid=109560) log_opt_values /opt/stack/data/venv/lib/python3.12/site-packages/oslo_config/cfg.py:3006}}
May 04 07:51:45.390202 np0000171541 nova-scheduler[109560]: DEBUG cotyledon.oslo_config_glue [-] oslo_limit.service_type = None {{(pid=109560) log_opt_values /opt/stack/data/venv/lib/python3.12/site-packages/oslo_config/cfg.py:3006}}
May 04 07:51:45.390202 np0000171541 nova-scheduler[109560]: DEBUG cotyledon.oslo_config_glue [-] oslo_limit.split_loggers = False {{(pid=109560) log_opt_values /opt/stack/data/venv/lib/python3.12/site-packages/oslo_config/cfg.py:3006}}
May 04 07:51:45.390202 np0000171541 nova-scheduler[109560]: DEBUG cotyledon.oslo_config_glue [-] oslo_limit.status_code_retries = None {{(pid=109560) log_opt_values /opt/stack/data/venv/lib/python3.12/site-packages/oslo_config/cfg.py:3006}}
May 04 07:51:45.390403 np0000171541 nova-scheduler[109560]: DEBUG cotyledon.oslo_config_glue [-] oslo_limit.status_code_retry_delay = None {{(pid=109560) log_opt_values /opt/stack/data/venv/lib/python3.12/site-packages/oslo_config/cfg.py:3006}}
May 04 07:51:45.390403 np0000171541 nova-scheduler[109560]: DEBUG cotyledon.oslo_config_glue [-] oslo_limit.timeout = None {{(pid=109560) log_opt_values /opt/stack/data/venv/lib/python3.12/site-packages/oslo_config/cfg.py:3006}}
May 04 07:51:45.390403 np0000171541 nova-scheduler[109560]: DEBUG cotyledon.oslo_config_glue [-] oslo_limit.valid_interfaces = None {{(pid=109560) log_opt_values /opt/stack/data/venv/lib/python3.12/site-packages/oslo_config/cfg.py:3006}}
May 04 07:51:45.390403 np0000171541 nova-scheduler[109560]: DEBUG cotyledon.oslo_config_glue [-] oslo_limit.version = None {{(pid=109560) log_opt_values /opt/stack/data/venv/lib/python3.12/site-packages/oslo_config/cfg.py:3006}}
May 04 07:51:45.390403 np0000171541 nova-scheduler[109560]: DEBUG cotyledon.oslo_config_glue [-] oslo_reports.file_event_handler = None {{(pid=109560) log_opt_values /opt/stack/data/venv/lib/python3.12/site-packages/oslo_config/cfg.py:3006}}
May 04 07:51:45.390403 np0000171541 nova-scheduler[109560]: DEBUG cotyledon.oslo_config_glue [-] oslo_reports.file_event_handler_interval = 1 {{(pid=109560) log_opt_values /opt/stack/data/venv/lib/python3.12/site-packages/oslo_config/cfg.py:3006}}
May 04 07:51:45.390403 np0000171541 nova-scheduler[109560]: DEBUG cotyledon.oslo_config_glue [-] oslo_reports.log_dir = None {{(pid=109560) log_opt_values /opt/stack/data/venv/lib/python3.12/site-packages/oslo_config/cfg.py:3006}}
May 04 07:51:45.390403 np0000171541 nova-scheduler[109560]: DEBUG cotyledon.oslo_config_glue [-] ******************************************************************************** {{(pid=109560) log_opt_values /opt/stack/data/venv/lib/python3.12/site-packages/oslo_config/cfg.py:3013}}
May 04 07:51:45.390403 np0000171541 nova-scheduler[109560]: DEBUG cotyledon._service_worker [-] Run service ServiceWrapper(3) [109560] {{(pid=109560) wait_forever /opt/stack/data/venv/lib/python3.12/site-packages/cotyledon/_service_worker.py:218}}
May 04 07:51:45.390621 np0000171541 nova-scheduler[109560]: INFO nova.service [-] Starting scheduler node (version 33.1.0)
May 04 07:51:45.390649 np0000171541 nova-scheduler[109555]: DEBUG oslo_db.sqlalchemy.engines [None req-c7d80cc2-cc4c-4ec4-8a71-618a6e086d13 None None] MySQL server mode set to STRICT_TRANS_TABLES,STRICT_ALL_TABLES,NO_ZERO_IN_DATE,NO_ZERO_DATE,ERROR_FOR_DIVISION_BY_ZERO,TRADITIONAL,NO_ENGINE_SUBSTITUTION {{(pid=109555) _check_effective_sql_mode /opt/stack/data/venv/lib/python3.12/site-packages/oslo_db/sqlalchemy/engines.py:325}}
May 04 07:51:45.390677 np0000171541 nova-scheduler[109560]: INFO dbcounter [None req-9fa702e2-f684-437f-be42-1e29d6624308 None None] Registered counter for database nova_cell0
May 04 07:51:45.390708 np0000171541 nova-scheduler[109544]: DEBUG dbcounter [-] [109544] Writer thread running {{(pid=109544) stat_writer /opt/stack/data/venv/lib/python3.12/site-packages/dbcounter.py:102}}
May 04 07:51:45.390708 np0000171541 nova-scheduler[109544]: DEBUG nova.service [None req-a23fee47-fe4d-40e4-92c8-e9c46343674f None None] Creating RPC server for service: nova-scheduler on topic: scheduler {{(pid=109544) start /opt/stack/nova/nova/service.py:195}}
May 04 07:51:45.390761 np0000171541 nova-scheduler[109538]: DEBUG nova.service [None req-2b89dae1-7b40-41b9-8bcc-d7d6c794579a None None] Join ServiceGroup membership for this service scheduler {{(pid=109538) start /opt/stack/nova/nova/service.py:221}}
May 04 07:51:45.390761 np0000171541 nova-scheduler[109538]: DEBUG nova.servicegroup.drivers.db [None req-2b89dae1-7b40-41b9-8bcc-d7d6c794579a None None] DB_Driver: join new ServiceGroup member np0000171541 to the scheduler group, service = {{(pid=109538) join /opt/stack/nova/nova/servicegroup/drivers/db.py:44}}
May 04 07:51:45.390810 np0000171541 nova-scheduler[109555]: DEBUG dbcounter [-] [109555] Writer thread running {{(pid=109555) stat_writer /opt/stack/data/venv/lib/python3.12/site-packages/dbcounter.py:102}}
May 04 07:51:45.392263 np0000171541 nova-scheduler[109560]: DEBUG oslo_db.sqlalchemy.engines [None req-9fa702e2-f684-437f-be42-1e29d6624308 None None] MySQL server mode set to STRICT_TRANS_TABLES,STRICT_ALL_TABLES,NO_ZERO_IN_DATE,NO_ZERO_DATE,ERROR_FOR_DIVISION_BY_ZERO,TRADITIONAL,NO_ENGINE_SUBSTITUTION {{(pid=109560) _check_effective_sql_mode /opt/stack/data/venv/lib/python3.12/site-packages/oslo_db/sqlalchemy/engines.py:325}}
May 04 07:51:45.395659 np0000171541 nova-scheduler[109555]: DEBUG nova.service [None req-c7d80cc2-cc4c-4ec4-8a71-618a6e086d13 None None] Creating RPC server for service: nova-scheduler on topic: scheduler {{(pid=109555) start /opt/stack/nova/nova/service.py:195}}
May 04 07:51:45.407139 np0000171541 nova-scheduler[109560]: DEBUG dbcounter [-] [109560] Writer thread running {{(pid=109560) stat_writer /opt/stack/data/venv/lib/python3.12/site-packages/dbcounter.py:102}}
May 04 07:51:45.409270 np0000171541 nova-scheduler[109544]: DEBUG nova.service [None req-a23fee47-fe4d-40e4-92c8-e9c46343674f None None] Join ServiceGroup membership for this service scheduler {{(pid=109544) start /opt/stack/nova/nova/service.py:221}}
May 04 07:51:45.409427 np0000171541 nova-scheduler[109544]: DEBUG nova.servicegroup.drivers.db [None req-a23fee47-fe4d-40e4-92c8-e9c46343674f None None] DB_Driver: join new ServiceGroup member np0000171541 to the scheduler group, service = {{(pid=109544) join /opt/stack/nova/nova/servicegroup/drivers/db.py:44}}
May 04 07:51:45.411579 np0000171541 nova-scheduler[109560]: DEBUG nova.service [None req-9fa702e2-f684-437f-be42-1e29d6624308 None None] Creating RPC server for service: nova-scheduler on topic: scheduler {{(pid=109560) start /opt/stack/nova/nova/service.py:195}}
May 04 07:51:45.418720 np0000171541 nova-scheduler[109555]: DEBUG nova.service [None req-c7d80cc2-cc4c-4ec4-8a71-618a6e086d13 None None] Join ServiceGroup membership for this service scheduler {{(pid=109555) start /opt/stack/nova/nova/service.py:221}}
May 04 07:51:45.418959 np0000171541 nova-scheduler[109555]: DEBUG nova.servicegroup.drivers.db [None req-c7d80cc2-cc4c-4ec4-8a71-618a6e086d13 None None] DB_Driver: join new ServiceGroup member np0000171541 to the scheduler group, service = {{(pid=109555) join /opt/stack/nova/nova/servicegroup/drivers/db.py:44}}
May 04 07:51:45.436420 np0000171541 nova-scheduler[109560]: DEBUG nova.service [None req-9fa702e2-f684-437f-be42-1e29d6624308 None None] Join ServiceGroup membership for this service scheduler {{(pid=109560) start /opt/stack/nova/nova/service.py:221}}
May 04 07:51:45.436670 np0000171541 nova-scheduler[109560]: DEBUG nova.servicegroup.drivers.db [None req-9fa702e2-f684-437f-be42-1e29d6624308 None None] DB_Driver: join new ServiceGroup member np0000171541 to the scheduler group, service = {{(pid=109560) join /opt/stack/nova/nova/servicegroup/drivers/db.py:44}}
May 04 07:51:50.404461 np0000171541 nova-scheduler[109538]: DEBUG oslo.service.backend._threading.loopingcall [-] Fixed interval looping call 'nova.servicegroup.drivers.db.DbDriver._report_state' sleeping for 119.99 seconds {{(pid=109538) _run_loop /opt/stack/data/venv/lib/python3.12/site-packages/oslo_service/backend/_threading/loopingcall.py:125}}
May 04 07:51:50.429321 np0000171541 nova-scheduler[109544]: DEBUG oslo.service.backend._threading.loopingcall [-] Fixed interval looping call 'nova.servicegroup.drivers.db.DbDriver._report_state' sleeping for 119.98 seconds {{(pid=109544) _run_loop /opt/stack/data/venv/lib/python3.12/site-packages/oslo_service/backend/_threading/loopingcall.py:125}}
May 04 07:51:50.434674 np0000171541 nova-scheduler[109555]: DEBUG oslo.service.backend._threading.loopingcall [-] Fixed interval looping call 'nova.servicegroup.drivers.db.DbDriver._report_state' sleeping for 119.99 seconds {{(pid=109555) _run_loop /opt/stack/data/venv/lib/python3.12/site-packages/oslo_service/backend/_threading/loopingcall.py:125}}
May 04 07:51:50.450472 np0000171541 nova-scheduler[109560]: DEBUG oslo.service.backend._threading.loopingcall [-] Fixed interval looping call 'nova.servicegroup.drivers.db.DbDriver._report_state' sleeping for 119.99 seconds {{(pid=109560) _run_loop /opt/stack/data/venv/lib/python3.12/site-packages/oslo_service/backend/_threading/loopingcall.py:125}}
May 04 07:51:54.027967 np0000171541 nova-scheduler[108811]: DEBUG dbcounter [-] [108811] Writing DB stats nova_api:SELECT=3 {{(pid=108811) stat_writer /opt/stack/data/venv/lib/python3.12/site-packages/dbcounter.py:115}}
May 04 07:51:54.125452 np0000171541 nova-scheduler[108811]: DEBUG dbcounter [-] [108811] Writing DB stats nova_cell0:SELECT=1 {{(pid=108811) stat_writer /opt/stack/data/venv/lib/python3.12/site-packages/dbcounter.py:115}}
May 04 07:51:54.131980 np0000171541 nova-scheduler[108811]: DEBUG dbcounter [-] [108811] Writing DB stats nova_cell1:SELECT=1 {{(pid=108811) stat_writer /opt/stack/data/venv/lib/python3.12/site-packages/dbcounter.py:115}}
May 04 07:52:00.399016 np0000171541 nova-scheduler[109538]: DEBUG dbcounter [-] [109538] Writing DB stats nova_cell0:SELECT=4,nova_cell0:INSERT=1,nova_cell0:UPDATE=1 {{(pid=109538) stat_writer /opt/stack/data/venv/lib/python3.12/site-packages/dbcounter.py:115}}
May 04 07:52:00.425758 np0000171541 nova-scheduler[109544]: DEBUG dbcounter [-] [109544] Writing DB stats nova_cell0:SELECT=3 {{(pid=109544) stat_writer /opt/stack/data/venv/lib/python3.12/site-packages/dbcounter.py:115}}
May 04 07:52:00.431793 np0000171541 nova-scheduler[109555]: DEBUG dbcounter [-] [109555] Writing DB stats nova_cell0:SELECT=3 {{(pid=109555) stat_writer /opt/stack/data/venv/lib/python3.12/site-packages/dbcounter.py:115}}
May 04 07:52:00.447776 np0000171541 nova-scheduler[109560]: DEBUG dbcounter [-] [109560] Writing DB stats nova_cell0:SELECT=3 {{(pid=109560) stat_writer /opt/stack/data/venv/lib/python3.12/site-packages/dbcounter.py:115}}
May 04 07:52:12.390469 np0000171541 nova-scheduler[109538]: DEBUG oslo.service.backend._threading.loopingcall [None req-5351fded-04d9-47e4-921d-45d316c36057 None None] Dynamic interval looping call 'nova.service.Service.periodic_tasks' sleeping for 60.00 seconds {{(pid=109538) _run_loop /opt/stack/data/venv/lib/python3.12/site-packages/oslo_service/backend/_threading/loopingcall.py:125}}
May 04 07:52:12.439515 np0000171541 nova-scheduler[109560]: DEBUG oslo.service.backend._threading.loopingcall [None req-7e5c8ed0-e502-446e-8292-02e251ed54fc None None] Dynamic interval looping call 'nova.service.Service.periodic_tasks' sleeping for 60.00 seconds {{(pid=109560) _run_loop /opt/stack/data/venv/lib/python3.12/site-packages/oslo_service/backend/_threading/loopingcall.py:125}}
May 04 07:52:40.413129 np0000171541 nova-scheduler[109544]: DEBUG oslo.service.backend._threading.loopingcall [None req-8d75cc67-5403-4e57-82a8-73f7c55a74dc None None] Dynamic interval looping call 'nova.service.Service.periodic_tasks' sleeping for 60.00 seconds {{(pid=109544) _run_loop /opt/stack/data/venv/lib/python3.12/site-packages/oslo_service/backend/_threading/loopingcall.py:125}}
May 04 07:52:45.421894 np0000171541 nova-scheduler[109555]: DEBUG oslo.service.backend._threading.loopingcall [None req-b86ebb9c-61b7-4edd-a8d7-20aadd3ab900 None None] Dynamic interval looping call 'nova.service.Service.periodic_tasks' sleeping for 60.00 seconds {{(pid=109555) _run_loop /opt/stack/data/venv/lib/python3.12/site-packages/oslo_service/backend/_threading/loopingcall.py:125}}
May 04 07:53:12.391047 np0000171541 nova-scheduler[109538]: DEBUG oslo.service.backend._threading.loopingcall [None req-5351fded-04d9-47e4-921d-45d316c36057 None None] Dynamic interval looping call 'nova.service.Service.periodic_tasks' sleeping for 60.00 seconds {{(pid=109538) _run_loop /opt/stack/data/venv/lib/python3.12/site-packages/oslo_service/backend/_threading/loopingcall.py:125}}
May 04 07:53:12.440157 np0000171541 nova-scheduler[109560]: DEBUG oslo.service.backend._threading.loopingcall [None req-7e5c8ed0-e502-446e-8292-02e251ed54fc None None] Dynamic interval looping call 'nova.service.Service.periodic_tasks' sleeping for 60.00 seconds {{(pid=109560) _run_loop /opt/stack/data/venv/lib/python3.12/site-packages/oslo_service/backend/_threading/loopingcall.py:125}}
May 04 07:53:40.415612 np0000171541 nova-scheduler[109544]: DEBUG oslo.service.backend._threading.loopingcall [None req-8d75cc67-5403-4e57-82a8-73f7c55a74dc None None] Dynamic interval looping call 'nova.service.Service.periodic_tasks' sleeping for 60.00 seconds {{(pid=109544) _run_loop /opt/stack/data/venv/lib/python3.12/site-packages/oslo_service/backend/_threading/loopingcall.py:125}}
May 04 07:53:45.426020 np0000171541 nova-scheduler[109555]: DEBUG oslo.service.backend._threading.loopingcall [None req-b86ebb9c-61b7-4edd-a8d7-20aadd3ab900 None None] Dynamic interval looping call 'nova.service.Service.periodic_tasks' sleeping for 60.00 seconds {{(pid=109555) _run_loop /opt/stack/data/venv/lib/python3.12/site-packages/oslo_service/backend/_threading/loopingcall.py:125}}
May 04 07:53:50.409308 np0000171541 nova-scheduler[109538]: DEBUG oslo.service.backend._threading.loopingcall [-] Fixed interval looping call 'nova.servicegroup.drivers.db.DbDriver._report_state' sleeping for 119.99 seconds {{(pid=109538) _run_loop /opt/stack/data/venv/lib/python3.12/site-packages/oslo_service/backend/_threading/loopingcall.py:125}}
May 04 07:53:50.415907 np0000171541 nova-scheduler[109544]: DEBUG oslo.service.backend._threading.loopingcall [-] Fixed interval looping call 'nova.servicegroup.drivers.db.DbDriver._report_state' sleeping for 119.99 seconds {{(pid=109544) _run_loop /opt/stack/data/venv/lib/python3.12/site-packages/oslo_service/backend/_threading/loopingcall.py:125}}
May 04 07:53:50.430923 np0000171541 nova-scheduler[109555]: DEBUG oslo.service.backend._threading.loopingcall [-] Fixed interval looping call 'nova.servicegroup.drivers.db.DbDriver._report_state' sleeping for 119.99 seconds {{(pid=109555) _run_loop /opt/stack/data/venv/lib/python3.12/site-packages/oslo_service/backend/_threading/loopingcall.py:125}}
May 04 07:53:50.445729 np0000171541 nova-scheduler[109560]: DEBUG oslo.service.backend._threading.loopingcall [-] Fixed interval looping call 'nova.servicegroup.drivers.db.DbDriver._report_state' sleeping for 120.00 seconds {{(pid=109560) _run_loop /opt/stack/data/venv/lib/python3.12/site-packages/oslo_service/backend/_threading/loopingcall.py:125}}
May 04 07:54:00.403341 np0000171541 nova-scheduler[109538]: DEBUG dbcounter [-] [109538] Writing DB stats nova_cell0:SELECT=1,nova_cell0:UPDATE=1 {{(pid=109538) stat_writer /opt/stack/data/venv/lib/python3.12/site-packages/dbcounter.py:115}}
May 04 07:54:00.413642 np0000171541 nova-scheduler[109544]: DEBUG dbcounter [-] [109544] Writing DB stats nova_cell0:SELECT=1 {{(pid=109544) stat_writer /opt/stack/data/venv/lib/python3.12/site-packages/dbcounter.py:115}}
May 04 07:54:00.427708 np0000171541 nova-scheduler[109555]: DEBUG dbcounter [-] [109555] Writing DB stats nova_cell0:SELECT=1 {{(pid=109555) stat_writer /opt/stack/data/venv/lib/python3.12/site-packages/dbcounter.py:115}}
May 04 07:54:00.443308 np0000171541 nova-scheduler[109560]: DEBUG dbcounter [-] [109560] Writing DB stats nova_cell0:SELECT=1 {{(pid=109560) stat_writer /opt/stack/data/venv/lib/python3.12/site-packages/dbcounter.py:115}}
May 04 07:54:12.391830 np0000171541 nova-scheduler[109538]: DEBUG oslo.service.backend._threading.loopingcall [None req-5351fded-04d9-47e4-921d-45d316c36057 None None] Dynamic interval looping call 'nova.service.Service.periodic_tasks' sleeping for 60.00 seconds {{(pid=109538) _run_loop /opt/stack/data/venv/lib/python3.12/site-packages/oslo_service/backend/_threading/loopingcall.py:125}}
May 04 07:54:12.440991 np0000171541 nova-scheduler[109560]: DEBUG oslo.service.backend._threading.loopingcall [None req-7e5c8ed0-e502-446e-8292-02e251ed54fc None None] Dynamic interval looping call 'nova.service.Service.periodic_tasks' sleeping for 60.00 seconds {{(pid=109560) _run_loop /opt/stack/data/venv/lib/python3.12/site-packages/oslo_service/backend/_threading/loopingcall.py:125}}
May 04 07:54:40.416214 np0000171541 nova-scheduler[109544]: DEBUG oslo.service.backend._threading.loopingcall [None req-8d75cc67-5403-4e57-82a8-73f7c55a74dc None None] Dynamic interval looping call 'nova.service.Service.periodic_tasks' sleeping for 60.00 seconds {{(pid=109544) _run_loop /opt/stack/data/venv/lib/python3.12/site-packages/oslo_service/backend/_threading/loopingcall.py:125}}
May 04 07:54:45.426794 np0000171541 nova-scheduler[109555]: DEBUG oslo.service.backend._threading.loopingcall [None req-b86ebb9c-61b7-4edd-a8d7-20aadd3ab900 None None] Dynamic interval looping call 'nova.service.Service.periodic_tasks' sleeping for 60.00 seconds {{(pid=109555) _run_loop /opt/stack/data/venv/lib/python3.12/site-packages/oslo_service/backend/_threading/loopingcall.py:125}}
May 04 07:55:12.392721 np0000171541 nova-scheduler[109538]: DEBUG oslo.service.backend._threading.loopingcall [None req-5351fded-04d9-47e4-921d-45d316c36057 None None] Dynamic interval looping call 'nova.service.Service.periodic_tasks' sleeping for 60.00 seconds {{(pid=109538) _run_loop /opt/stack/data/venv/lib/python3.12/site-packages/oslo_service/backend/_threading/loopingcall.py:125}}
May 04 07:55:12.441665 np0000171541 nova-scheduler[109560]: DEBUG oslo.service.backend._threading.loopingcall [None req-7e5c8ed0-e502-446e-8292-02e251ed54fc None None] Dynamic interval looping call 'nova.service.Service.periodic_tasks' sleeping for 60.00 seconds {{(pid=109560) _run_loop /opt/stack/data/venv/lib/python3.12/site-packages/oslo_service/backend/_threading/loopingcall.py:125}}
May 04 07:55:40.417274 np0000171541 nova-scheduler[109544]: DEBUG oslo.service.backend._threading.loopingcall [None req-8d75cc67-5403-4e57-82a8-73f7c55a74dc None None] Dynamic interval looping call 'nova.service.Service.periodic_tasks' sleeping for 60.00 seconds {{(pid=109544) _run_loop /opt/stack/data/venv/lib/python3.12/site-packages/oslo_service/backend/_threading/loopingcall.py:125}}
May 04 07:55:45.427504 np0000171541 nova-scheduler[109555]: DEBUG oslo.service.backend._threading.loopingcall [None req-b86ebb9c-61b7-4edd-a8d7-20aadd3ab900 None None] Dynamic interval looping call 'nova.service.Service.periodic_tasks' sleeping for 60.00 seconds {{(pid=109555) _run_loop /opt/stack/data/venv/lib/python3.12/site-packages/oslo_service/backend/_threading/loopingcall.py:125}}
May 04 07:55:50.410317 np0000171541 nova-scheduler[109538]: DEBUG oslo.service.backend._threading.loopingcall [-] Fixed interval looping call 'nova.servicegroup.drivers.db.DbDriver._report_state' sleeping for 119.99 seconds {{(pid=109538) _run_loop /opt/stack/data/venv/lib/python3.12/site-packages/oslo_service/backend/_threading/loopingcall.py:125}}
May 04 07:55:50.414174 np0000171541 nova-scheduler[109544]: DEBUG oslo.service.backend._threading.loopingcall [-] Fixed interval looping call 'nova.servicegroup.drivers.db.DbDriver._report_state' sleeping for 119.99 seconds {{(pid=109544) _run_loop /opt/stack/data/venv/lib/python3.12/site-packages/oslo_service/backend/_threading/loopingcall.py:125}}
May 04 07:55:50.428018 np0000171541 nova-scheduler[109555]: DEBUG oslo.service.backend._threading.loopingcall [-] Fixed interval looping call 'nova.servicegroup.drivers.db.DbDriver._report_state' sleeping for 119.99 seconds {{(pid=109555) _run_loop /opt/stack/data/venv/lib/python3.12/site-packages/oslo_service/backend/_threading/loopingcall.py:125}}
May 04 07:55:50.452203 np0000171541 nova-scheduler[109560]: DEBUG oslo.service.backend._threading.loopingcall [-] Fixed interval looping call 'nova.servicegroup.drivers.db.DbDriver._report_state' sleeping for 119.99 seconds {{(pid=109560) _run_loop /opt/stack/data/venv/lib/python3.12/site-packages/oslo_service/backend/_threading/loopingcall.py:125}}
May 04 07:56:00.404179 np0000171541 nova-scheduler[109538]: DEBUG dbcounter [-] [109538] Writing DB stats nova_cell0:SELECT=1,nova_cell0:UPDATE=1 {{(pid=109538) stat_writer /opt/stack/data/venv/lib/python3.12/site-packages/dbcounter.py:115}}
May 04 07:56:00.413272 np0000171541 nova-scheduler[109544]: DEBUG dbcounter [-] [109544] Writing DB stats nova_cell0:SELECT=1,nova_cell0:UPDATE=1 {{(pid=109544) stat_writer /opt/stack/data/venv/lib/python3.12/site-packages/dbcounter.py:115}}
