2026-05-19 14:35:19.866 7 INFO placement.requestlog [None req-3839abcf-850e-4f9b-9576-28350e118a5f 5651ea76042e4e028574294196b2d26d abe88a8527754274bc59b949b706aab9 - - a0d2a4803892471386a94952c08fdc5a a0d2a4803892471386a94952c08fdc5a] 10.0.0.3 "DELETE /resource_providers/7d5706b9-222d-4e01-a194-70a9f4bda142" status: 404 len: 246 microversion: 1.1 [pid: 7|app: 0|req: 436/871] 10.0.0.3 () {34 vars in 823 bytes} [Tue May 19 14:35:19 2026] DELETE /resource_providers/7d5706b9-222d-4e01-a194-70a9f4bda142 => generated 246 bytes in 11 msecs (HTTP/1.1 404) 6 headers in 231 bytes (1 switches on core 0)
2026-05-19 14:35:19.986 8 INFO placement.requestlog [req-0a10bf08-927c-4dd9-a92b-e22431d38394 req-fe3971a4-8c70-4d3d-bdcc-4d14054f8a36 9e1383d744a44033918c11412fea3649 abe88a8527754274bc59b949b706aab9 - - a0d2a4803892471386a94952c08fdc5a a0d2a4803892471386a94952c08fdc5a] 199.204.45.250 "GET /allocations/5888999d-4921-4ef7-ab62-9f975157085e" status: 200 len: 257 microversion: 1.28 [pid: 8|app: 0|req: 436/872] 199.204.45.250 () {34 vars in 863 bytes} [Tue May 19 14:35:19 2026] GET /allocations/5888999d-4921-4ef7-ab62-9f975157085e => generated 257 bytes in 14 msecs (HTTP/1.1 200) 8 headers in 296 bytes (1 switches on core 0)
2026-05-19 14:35:20.098 7 INFO placement.requestlog [req-0a10bf08-927c-4dd9-a92b-e22431d38394 req-2b667fc6-fab4-4edf-8b9b-182dac6d1b0c 9e1383d744a44033918c11412fea3649 abe88a8527754274bc59b949b706aab9 - - a0d2a4803892471386a94952c08fdc5a a0d2a4803892471386a94952c08fdc5a] 199.204.45.250 "GET /resource_providers/e62e0f33-9dac-4c7d-82b0-7fcfbec3d91f/allocations" status: 200 len: 152 microversion: 1.0 [pid: 7|app: 0|req: 437/873] 199.204.45.250 () {32 vars in 857 bytes} [Tue May 19 14:35:20 2026] GET /resource_providers/e62e0f33-9dac-4c7d-82b0-7fcfbec3d91f/allocations => generated 152 bytes in 21 msecs (HTTP/1.1 200) 6 headers in 224 bytes (1 switches on core 0)
2026-05-19 14:35:20.125 8 INFO placement.requestlog [req-0a10bf08-927c-4dd9-a92b-e22431d38394 req-0db7c42b-e133-4ab8-91be-9b92dca95033 9e1383d744a44033918c11412fea3649 abe88a8527754274bc59b949b706aab9 - - a0d2a4803892471386a94952c08fdc5a a0d2a4803892471386a94952c08fdc5a] 199.204.45.250 "GET /allocations/5888999d-4921-4ef7-ab62-9f975157085e" status: 200 len: 257 microversion: 1.28 [pid: 8|app: 0|req: 437/874] 199.204.45.250 () {34 vars in 863 bytes} [Tue May 19 14:35:20 2026] GET /allocations/5888999d-4921-4ef7-ab62-9f975157085e => generated 257 bytes in 18 msecs (HTTP/1.1 200) 8 headers in 296 bytes (1 switches on core 0)
2026-05-19 14:35:22.295 7 INFO placement.requestlog [None req-b7e7d7f7-c83a-42ea-be17-d7b4a2615a19 5651ea76042e4e028574294196b2d26d abe88a8527754274bc59b949b706aab9 - - a0d2a4803892471386a94952c08fdc5a a0d2a4803892471386a94952c08fdc5a] 10.0.0.3 "GET /resource_providers/d8a21fed-23eb-44ba-b226-1f51ff06f4a7/aggregates" status: 404 len: 235 microversion: 1.1 [pid: 7|app: 0|req: 438/875] 10.0.0.3 () {32 vars in 823 bytes} [Tue May 19 14:35:22 2026] GET /resource_providers/d8a21fed-23eb-44ba-b226-1f51ff06f4a7/aggregates => generated 235 bytes in 10 msecs (HTTP/1.1 404) 5 headers in 202 bytes (1 switches on core 0)
2026-05-19 14:35:22.300 8 INFO placement.requestlog [None req-f9f41721-cba7-4b95-adc5-c26d275e6ab0 5651ea76042e4e028574294196b2d26d abe88a8527754274bc59b949b706aab9 - - a0d2a4803892471386a94952c08fdc5a a0d2a4803892471386a94952c08fdc5a] 10.0.0.3 "GET /resource_providers/d8a21fed-23eb-44ba-b226-1f51ff06f4a7/aggregates" status: 404 len: 235 microversion: 1.1 [pid: 8|app: 0|req: 438/876] 10.0.0.3 () {32 vars in 823 bytes} [Tue May 19 14:35:22 2026] GET /resource_providers/d8a21fed-23eb-44ba-b226-1f51ff06f4a7/aggregates => generated 235 bytes in 10 msecs (HTTP/1.1 404) 5 headers in 202 bytes (1 switches on core 0)
2026-05-19 14:35:22.321 8 INFO placement.requestlog [None req-3def8888-aacc-496c-a72e-fd8e187f48ba 5651ea76042e4e028574294196b2d26d abe88a8527754274bc59b949b706aab9 - - a0d2a4803892471386a94952c08fdc5a a0d2a4803892471386a94952c08fdc5a] 10.0.0.3 "DELETE /resource_providers/d8a21fed-23eb-44ba-b226-1f51ff06f4a7" status: 404 len: 246 microversion: 1.1 [pid: 8|app: 0|req: 439/877] 10.0.0.3 () {34 vars in 823 bytes} [Tue May 19 14:35:22 2026] DELETE /resource_providers/d8a21fed-23eb-44ba-b226-1f51ff06f4a7 => generated 246 bytes in 9 msecs (HTTP/1.1 404) 6 headers in 231 bytes (1 switches on core 0)
2026-05-19 14:35:22.324 7 INFO placement.requestlog [None req-520e6e70-f727-419f-abe6-86460c4111f6 5651ea76042e4e028574294196b2d26d abe88a8527754274bc59b949b706aab9 - - a0d2a4803892471386a94952c08fdc5a a0d2a4803892471386a94952c08fdc5a] 10.0.0.3 "DELETE /resource_providers/d8a21fed-23eb-44ba-b226-1f51ff06f4a7" status: 404 len: 246 microversion: 1.1 [pid: 7|app: 0|req: 439/878] 10.0.0.3 () {34 vars in 823 bytes} [Tue May 19 14:35:22 2026] DELETE /resource_providers/d8a21fed-23eb-44ba-b226-1f51ff06f4a7 => generated 246 bytes in 15 msecs (HTTP/1.1 404) 6 headers in 231 bytes (1 switches on core 0)
2026-05-19 14:35:24.076 7 INFO placement.requestlog [None req-f90c3bca-ab92-41d4-94a4-b8a35d460ebb - - - - - -] 10.0.0.44 "GET /" status: 200 len: 136 microversion: 1.0
2026-05-19 14:35:24.076 8 INFO placement.requestlog [None req-38ffcead-a754-4af3-8957-7080a6e40f98 - - - - - -] 10.0.0.44 "GET /" status: 200 len: 136 microversion: 1.0
2026-05-19 14:35:24.843 8 INFO placement.requestlog [None req-ab753646-e752-42dc-b8f8-cdbff07c7891 5651ea76042e4e028574294196b2d26d abe88a8527754274bc59b949b706aab9 - - a0d2a4803892471386a94952c08fdc5a a0d2a4803892471386a94952c08fdc5a] 10.0.0.3 "GET /resource_providers/84fc7445-5f56-40b6-b114-d276ff6046f2/aggregates" status: 404 len: 235 microversion: 1.1 [pid: 8|app: 0|req: 441/881] 10.0.0.3 () {32 vars in 823 bytes} [Tue May 19 14:35:24 2026] GET /resource_providers/84fc7445-5f56-40b6-b114-d276ff6046f2/aggregates => generated 235 bytes in 9 msecs (HTTP/1.1 404) 5 headers in 202 bytes (1 switches on core 0)
2026-05-19 14:35:24.845 7 INFO placement.requestlog [None req-bb192415-787e-4a48-8aed-77d795aea8f2 5651ea76042e4e028574294196b2d26d abe88a8527754274bc59b949b706aab9 - - a0d2a4803892471386a94952c08fdc5a a0d2a4803892471386a94952c08fdc5a] 10.0.0.3 "GET /resource_providers/84fc7445-5f56-40b6-b114-d276ff6046f2/aggregates" status: 404 len: 235 microversion: 1.1 [pid: 7|app: 0|req: 441/882] 10.0.0.3 () {32 vars in 823 bytes} [Tue May 19 14:35:24 2026] GET /resource_providers/84fc7445-5f56-40b6-b114-d276ff6046f2/aggregates => generated 235 bytes in 12 msecs (HTTP/1.1 404) 5 headers in 202 bytes (1 switches on core 0)
2026-05-19 14:35:24.862 8 INFO placement.requestlog [None req-d0135521-2ea9-4adb-b3f9-6d0b464d1174 5651ea76042e4e028574294196b2d26d abe88a8527754274bc59b949b706aab9 - - a0d2a4803892471386a94952c08fdc5a a0d2a4803892471386a94952c08fdc5a] 10.0.0.3 "DELETE /resource_providers/84fc7445-5f56-40b6-b114-d276ff6046f2" status: 404 len: 246 microversion: 1.1 [pid: 8|app: 0|req: 442/883] 10.0.0.3 () {34 vars in 823 bytes} [Tue May 19 14:35:24 2026] DELETE /resource_providers/84fc7445-5f56-40b6-b114-d276ff6046f2 => generated 246 bytes in 9 msecs (HTTP/1.1 404) 6 headers in 231 bytes (1 switches on core 0)
2026-05-19 14:35:24.868 7 INFO placement.requestlog [None req-e0df53bf-3f2e-4bdf-8c22-1aa82e8ffbaa 5651ea76042e4e028574294196b2d26d abe88a8527754274bc59b949b706aab9 - - a0d2a4803892471386a94952c08fdc5a a0d2a4803892471386a94952c08fdc5a] 10.0.0.3 "DELETE /resource_providers/84fc7445-5f56-40b6-b114-d276ff6046f2" status: 404 len: 246 microversion: 1.1 [pid: 7|app: 0|req: 442/884] 10.0.0.3 () {34 vars in 823 bytes} [Tue May 19 14:35:24 2026] DELETE /resource_providers/84fc7445-5f56-40b6-b114-d276ff6046f2 => generated 246 bytes in 15 msecs (HTTP/1.1 404) 6 headers in 231 bytes (1 switches on core 0)
2026-05-19 14:35:26.885 8 INFO placement.requestlog [None req-640f3b32-3e87-4fe0-ad26-3678eb67b136 5651ea76042e4e028574294196b2d26d abe88a8527754274bc59b949b706aab9 - - a0d2a4803892471386a94952c08fdc5a a0d2a4803892471386a94952c08fdc5a] 10.0.0.3 "GET /resource_providers/7e67de88-a514-4649-a0b8-53f02fa87203/aggregates" status: 404 len: 235 microversion: 1.1 [pid: 8|app: 0|req: 443/885] 10.0.0.3 () {32 vars in 823 bytes} [Tue May 19 14:35:26 2026] GET /resource_providers/7e67de88-a514-4649-a0b8-53f02fa87203/aggregates => generated 235 bytes in 17 msecs (HTTP/1.1 404) 5 headers in 202 bytes (1 switches on core 0)
2026-05-19 14:35:26.891 7 INFO placement.requestlog [None req-acefbda7-9c2d-44c9-af61-c158fd12dfcc 5651ea76042e4e028574294196b2d26d abe88a8527754274bc59b949b706aab9 - - a0d2a4803892471386a94952c08fdc5a a0d2a4803892471386a94952c08fdc5a] 10.0.0.3 "GET /resource_providers/7e67de88-a514-4649-a0b8-53f02fa87203/aggregates" status: 404 len: 235 microversion: 1.1 [pid: 7|app: 0|req: 443/886] 10.0.0.3 () {32 vars in 823 bytes} [Tue May 19 14:35:26 2026] GET /resource_providers/7e67de88-a514-4649-a0b8-53f02fa87203/aggregates => generated 235 bytes in 11 msecs (HTTP/1.1 404) 5 headers in 202 bytes (1 switches on core 0)
2026-05-19 14:35:26.913 8 INFO placement.requestlog [None req-bdb750d1-aec7-4300-8baa-7cc2f79d06a8 5651ea76042e4e028574294196b2d26d abe88a8527754274bc59b949b706aab9 - - a0d2a4803892471386a94952c08fdc5a a0d2a4803892471386a94952c08fdc5a] 10.0.0.3 "DELETE /resource_providers/7e67de88-a514-4649-a0b8-53f02fa87203" status: 404 len: 246 microversion: 1.1 [pid: 8|app: 0|req: 444/887] 10.0.0.3 () {34 vars in 823 bytes} [Tue May 19 14:35:26 2026] DELETE /resource_providers/7e67de88-a514-4649-a0b8-53f02fa87203 => generated 246 bytes in 10 msecs (HTTP/1.1 404) 6 headers in 231 bytes (1 switches on core 0)
2026-05-19 14:35:26.922 7 INFO placement.requestlog [None req-05d06cc8-d309-4f0c-af88-1202ed812747 5651ea76042e4e028574294196b2d26d abe88a8527754274bc59b949b706aab9 - - a0d2a4803892471386a94952c08fdc5a a0d2a4803892471386a94952c08fdc5a] 10.0.0.3 "DELETE /resource_providers/7e67de88-a514-4649-a0b8-53f02fa87203" status: 404 len: 246 microversion: 1.1 [pid: 7|app: 0|req: 444/888] 10.0.0.3 () {34 vars in 823 bytes} [Tue May 19 14:35:26 2026] DELETE /resource_providers/7e67de88-a514-4649-a0b8-53f02fa87203 => generated 246 bytes in 14 msecs (HTTP/1.1 404) 6 headers in 231 bytes (1 switches on core 0)
2026-05-19 14:35:34.073 8 INFO placement.requestlog [None req-46066dc4-3425-4bfe-99da-95b8e8ff0bc1 - - - - - -] 10.0.0.44 "GET /" status: 200 len: 136 microversion: 1.0
2026-05-19 14:35:34.073 7 INFO placement.requestlog [None req-4de8e8c5-de15-495b-a219-6ce310c07aba - - - - - -] 10.0.0.44 "GET /" status: 200 len: 136 microversion: 1.0
2026-05-19 14:35:40.905 8 INFO placement.requestlog [None req-94d1f091-467d-4fee-b1a9-952b834d916b 5651ea76042e4e028574294196b2d26d abe88a8527754274bc59b949b706aab9 - - a0d2a4803892471386a94952c08fdc5a a0d2a4803892471386a94952c08fdc5a] 10.0.0.3 "GET /resource_providers/1a59e55f-258c-41c8-965e-7a8d62fd01d7/aggregates" status: 404 len: 235 microversion: 1.1 [pid: 8|app: 0|req: 446/891] 10.0.0.3 () {32 vars in 823 bytes} [Tue May 19 14:35:40 2026] GET /resource_providers/1a59e55f-258c-41c8-965e-7a8d62fd01d7/aggregates => generated 235 bytes in 11 msecs (HTTP/1.1 404) 5 headers in 202 bytes (1 switches on core 0)
2026-05-19 14:35:41.150 7 INFO placement.requestlog [None req-55a5f742-f673-472e-be9d-c2cf1ac35b7a 5651ea76042e4e028574294196b2d26d abe88a8527754274bc59b949b706aab9 - - a0d2a4803892471386a94952c08fdc5a a0d2a4803892471386a94952c08fdc5a] 10.0.0.3 "GET /resource_providers/1a59e55f-258c-41c8-965e-7a8d62fd01d7/aggregates" status: 404 len: 235 microversion: 1.1 [pid: 7|app: 0|req: 446/892] 10.0.0.3 () {32 vars in 823 bytes} [Tue May 19 14:35:41 2026] GET /resource_providers/1a59e55f-258c-41c8-965e-7a8d62fd01d7/aggregates => generated 235 bytes in 13 msecs (HTTP/1.1 404) 5 headers in 202 bytes (1 switches on core 0)
2026-05-19 14:35:41.170 8 INFO placement.requestlog [None req-18dd371f-e27d-42e5-8f92-6b603b99dba4 5651ea76042e4e028574294196b2d26d abe88a8527754274bc59b949b706aab9 - - a0d2a4803892471386a94952c08fdc5a a0d2a4803892471386a94952c08fdc5a] 10.0.0.3 "DELETE /resource_providers/1a59e55f-258c-41c8-965e-7a8d62fd01d7" status: 404 len: 246 microversion: 1.1 [pid: 8|app: 0|req: 447/893] 10.0.0.3 () {34 vars in 823 bytes} [Tue May 19 14:35:41 2026] DELETE /resource_providers/1a59e55f-258c-41c8-965e-7a8d62fd01d7 => generated 246 bytes in 13 msecs (HTTP/1.1 404) 6 headers in 231 bytes (1 switches on core 0)
2026-05-19 14:35:41.176 7 INFO placement.requestlog [None req-b21ec783-0ab7-4728-974d-018bea9f098e 5651ea76042e4e028574294196b2d26d abe88a8527754274bc59b949b706aab9 - - a0d2a4803892471386a94952c08fdc5a a0d2a4803892471386a94952c08fdc5a] 10.0.0.3 "DELETE /resource_providers/1a59e55f-258c-41c8-965e-7a8d62fd01d7" status: 404 len: 246 microversion: 1.1 [pid: 7|app: 0|req: 447/894] 10.0.0.3 () {34 vars in 823 bytes} [Tue May 19 14:35:41 2026] DELETE /resource_providers/1a59e55f-258c-41c8-965e-7a8d62fd01d7 => generated 246 bytes in 11 msecs (HTTP/1.1 404) 6 headers in 231 bytes (1 switches on core 0)
2026-05-19 14:35:41.582 7 INFO placement.requestlog [None req-ed18a50f-dbed-43f4-ada6-a8538d9a024d 5651ea76042e4e028574294196b2d26d abe88a8527754274bc59b949b706aab9 - - a0d2a4803892471386a94952c08fdc5a a0d2a4803892471386a94952c08fdc5a] 10.0.0.3 "GET /resource_providers/5bf82f98-fd4b-4b21-ae07-ab6ae4295909/aggregates" status: 404 len: 235 microversion: 1.1
2026-05-19 14:35:41.582 8 INFO placement.requestlog [None req-b56dbcbf-fe96-4b17-b842-c298ef3d2ae6 5651ea76042e4e028574294196b2d26d abe88a8527754274bc59b949b706aab9 - - a0d2a4803892471386a94952c08fdc5a a0d2a4803892471386a94952c08fdc5a] 10.0.0.3 "GET /resource_providers/5bf82f98-fd4b-4b21-ae07-ab6ae4295909/aggregates" status: 404 len: 235 microversion: 1.1 [pid: 7|app: 0|req: 448/895] 10.0.0.3 () {32 vars in 823 bytes} [Tue May 19 14:35:41 2026] GET /resource_providers/5bf82f98-fd4b-4b21-ae07-ab6ae4295909/aggregates => generated 235 bytes in 11 msecs (HTTP/1.1 404) 5 headers in 202 bytes (1 switches on core 0) [pid: 8|app: 0|req: 448/896] 10.0.0.3 () {32 vars in 823 bytes} [Tue May 19 14:35:41 2026] GET /resource_providers/5bf82f98-fd4b-4b21-ae07-ab6ae4295909/aggregates => generated 235 bytes in 11 msecs (HTTP/1.1 404) 5 headers in 202 bytes (1 switches on core 0)
2026-05-19 14:35:41.609 8 INFO placement.requestlog [None req-b2e05871-cc4f-427d-a64a-4619dd9dce3f 5651ea76042e4e028574294196b2d26d abe88a8527754274bc59b949b706aab9 - - a0d2a4803892471386a94952c08fdc5a a0d2a4803892471386a94952c08fdc5a] 10.0.0.3 "DELETE /resource_providers/5bf82f98-fd4b-4b21-ae07-ab6ae4295909" status: 404 len: 246 microversion: 1.1 [pid: 8|app: 0|req: 449/897] 10.0.0.3 () {34 vars in 823 bytes} [Tue May 19 14:35:41 2026] DELETE /resource_providers/5bf82f98-fd4b-4b21-ae07-ab6ae4295909 => generated 246 bytes in 9 msecs (HTTP/1.1 404) 6 headers in 231 bytes (1 switches on core 0)
2026-05-19 14:35:41.613 7 INFO placement.requestlog [None req-c61f7cff-3886-41bd-9159-77cd2fb3cbca 5651ea76042e4e028574294196b2d26d abe88a8527754274bc59b949b706aab9 - - a0d2a4803892471386a94952c08fdc5a a0d2a4803892471386a94952c08fdc5a] 10.0.0.3 "DELETE /resource_providers/5bf82f98-fd4b-4b21-ae07-ab6ae4295909" status: 404 len: 246 microversion: 1.1 [pid: 7|app: 0|req: 449/898] 10.0.0.3 () {34 vars in 823 bytes} [Tue May 19 14:35:41 2026] DELETE /resource_providers/5bf82f98-fd4b-4b21-ae07-ab6ae4295909 => generated 246 bytes in 13 msecs (HTTP/1.1 404) 6 headers in 231 bytes (1 switches on core 0)
2026-05-19 14:35:43.196 8 INFO placement.requestlog [None req-9389e2fe-05f9-4b1a-97e9-8ad6821455f5 5651ea76042e4e028574294196b2d26d abe88a8527754274bc59b949b706aab9 - - a0d2a4803892471386a94952c08fdc5a a0d2a4803892471386a94952c08fdc5a] 10.0.0.3 "GET /resource_providers/c5f16b80-6c84-4905-bd54-0d9368d319ea/aggregates" status: 404 len: 235 microversion: 1.1
2026-05-19 14:35:43.197 7 INFO placement.requestlog [None req-c979c836-1b6b-4b5d-a759-cd3a898731f4 5651ea76042e4e028574294196b2d26d abe88a8527754274bc59b949b706aab9 - - a0d2a4803892471386a94952c08fdc5a a0d2a4803892471386a94952c08fdc5a] 10.0.0.3 "GET /resource_providers/c5f16b80-6c84-4905-bd54-0d9368d319ea/aggregates" status: 404 len: 235 microversion: 1.1 [pid: 8|app: 0|req: 450/899] 10.0.0.3 () {32 vars in 823 bytes} [Tue May 19 14:35:43 2026] GET /resource_providers/c5f16b80-6c84-4905-bd54-0d9368d319ea/aggregates => generated 235 bytes in 12 msecs (HTTP/1.1 404) 5 headers in 202 bytes (1 switches on core 0) [pid: 7|app: 0|req: 450/900] 10.0.0.3 () {32 vars in 823 bytes} [Tue May 19 14:35:43 2026] GET /resource_providers/c5f16b80-6c84-4905-bd54-0d9368d319ea/aggregates => generated 235 bytes in 9 msecs (HTTP/1.1 404) 5 headers in 202 bytes (1 switches on core 0)
2026-05-19 14:35:43.218 8 INFO placement.requestlog [None req-ef3f0246-5fd5-4124-91b1-9d3391f3816e 5651ea76042e4e028574294196b2d26d abe88a8527754274bc59b949b706aab9 - - a0d2a4803892471386a94952c08fdc5a a0d2a4803892471386a94952c08fdc5a] 10.0.0.3 "DELETE /resource_providers/c5f16b80-6c84-4905-bd54-0d9368d319ea" status: 404 len: 246 microversion: 1.1 [pid: 8|app: 0|req: 451/901] 10.0.0.3 () {34 vars in 823 bytes} [Tue May 19 14:35:43 2026] DELETE /resource_providers/c5f16b80-6c84-4905-bd54-0d9368d319ea => generated 246 bytes in 10 msecs (HTTP/1.1 404) 6 headers in 231 bytes (1 switches on core 0)
2026-05-19 14:35:43.220 7 INFO placement.requestlog [None req-de9d027b-150e-48d9-b4ad-a74166c848c9 5651ea76042e4e028574294196b2d26d abe88a8527754274bc59b949b706aab9 - - a0d2a4803892471386a94952c08fdc5a a0d2a4803892471386a94952c08fdc5a] 10.0.0.3 "DELETE /resource_providers/c5f16b80-6c84-4905-bd54-0d9368d319ea" status: 404 len: 246 microversion: 1.1 [pid: 7|app: 0|req: 451/902] 10.0.0.3 () {34 vars in 823 bytes} [Tue May 19 14:35:43 2026] DELETE /resource_providers/c5f16b80-6c84-4905-bd54-0d9368d319ea => generated 246 bytes in 12 msecs (HTTP/1.1 404) 6 headers in 231 bytes (1 switches on core 0)
2026-05-19 14:35:43.233 8 INFO placement.requestlog [None req-c32e42ee-92e3-4f7f-a1c2-f1d501be63e4 5651ea76042e4e028574294196b2d26d abe88a8527754274bc59b949b706aab9 - - a0d2a4803892471386a94952c08fdc5a a0d2a4803892471386a94952c08fdc5a] 10.0.0.3 "GET /resource_providers/da0f3b0c-5f22-426c-98f4-f6f833c66c90/aggregates" status: 404 len: 235 microversion: 1.1 [pid: 8|app: 0|req: 452/903] 10.0.0.3 () {32 vars in 823 bytes} [Tue May 19 14:35:43 2026] GET /resource_providers/da0f3b0c-5f22-426c-98f4-f6f833c66c90/aggregates => generated 235 bytes in 9 msecs (HTTP/1.1 404) 5 headers in 202 bytes (1 switches on core 0)
2026-05-19 14:35:43.239 7 INFO placement.requestlog [None req-53f64c04-9555-4c28-8a4b-8de5fbdc0d7c 5651ea76042e4e028574294196b2d26d abe88a8527754274bc59b949b706aab9 - - a0d2a4803892471386a94952c08fdc5a a0d2a4803892471386a94952c08fdc5a] 10.0.0.3 "GET /resource_providers/da0f3b0c-5f22-426c-98f4-f6f833c66c90/aggregates" status: 404 len: 235 microversion: 1.1 [pid: 7|app: 0|req: 452/904] 10.0.0.3 () {32 vars in 823 bytes} [Tue May 19 14:35:43 2026] GET /resource_providers/da0f3b0c-5f22-426c-98f4-f6f833c66c90/aggregates => generated 235 bytes in 11 msecs (HTTP/1.1 404) 5 headers in 202 bytes (1 switches on core 0)
2026-05-19 14:35:43.252 7 INFO placement.requestlog [None req-8f5b1b88-90d6-47e3-a688-4468c4e87c39 5651ea76042e4e028574294196b2d26d abe88a8527754274bc59b949b706aab9 - - a0d2a4803892471386a94952c08fdc5a a0d2a4803892471386a94952c08fdc5a] 10.0.0.3 "DELETE /resource_providers/da0f3b0c-5f22-426c-98f4-f6f833c66c90" status: 404 len: 246 microversion: 1.1 [pid: 7|app: 0|req: 453/905] 10.0.0.3 () {34 vars in 823 bytes} [Tue May 19 14:35:43 2026] DELETE /resource_providers/da0f3b0c-5f22-426c-98f4-f6f833c66c90 => generated 246 bytes in 7 msecs (HTTP/1.1 404) 6 headers in 231 bytes (1 switches on core 0)
2026-05-19 14:35:43.253 8 INFO placement.requestlog [None req-8cb05858-e3c6-4eaa-b0f0-3600034fe6b2 5651ea76042e4e028574294196b2d26d abe88a8527754274bc59b949b706aab9 - - a0d2a4803892471386a94952c08fdc5a a0d2a4803892471386a94952c08fdc5a] 10.0.0.3 "DELETE /resource_providers/da0f3b0c-5f22-426c-98f4-f6f833c66c90" status: 404 len: 246 microversion: 1.1 [pid: 8|app: 0|req: 453/906] 10.0.0.3 () {34 vars in 823 bytes} [Tue May 19 14:35:43 2026] DELETE /resource_providers/da0f3b0c-5f22-426c-98f4-f6f833c66c90 => generated 246 bytes in 13 msecs (HTTP/1.1 404) 6 headers in 231 bytes (1 switches on core 0)
2026-05-19 14:35:43.634 7 INFO placement.requestlog [None req-6fb1d351-420d-4d5c-8022-b21f038c3b9e 5651ea76042e4e028574294196b2d26d abe88a8527754274bc59b949b706aab9 - - a0d2a4803892471386a94952c08fdc5a a0d2a4803892471386a94952c08fdc5a] 10.0.0.3 "GET /resource_providers/6ecaadbd-acaf-453b-8fc2-b6b1090b05d9/aggregates" status: 404 len: 235 microversion: 1.1 [pid: 7|app: 0|req: 454/907] 10.0.0.3 () {32 vars in 823 bytes} [Tue May 19 14:35:43 2026] GET /resource_providers/6ecaadbd-acaf-453b-8fc2-b6b1090b05d9/aggregates => generated 235 bytes in 15 msecs (HTTP/1.1 404) 5 headers in 202 bytes (1 switches on core 0)
2026-05-19 14:35:43.636 8 INFO placement.requestlog [None req-ff9eae77-8118-4555-8174-4b7c23540d7e 5651ea76042e4e028574294196b2d26d abe88a8527754274bc59b949b706aab9 - - a0d2a4803892471386a94952c08fdc5a a0d2a4803892471386a94952c08fdc5a] 10.0.0.3 "GET /resource_providers/6ecaadbd-acaf-453b-8fc2-b6b1090b05d9/aggregates" status: 404 len: 235 microversion: 1.1 [pid: 8|app: 0|req: 454/908] 10.0.0.3 () {32 vars in 823 bytes} [Tue May 19 14:35:43 2026] GET /resource_providers/6ecaadbd-acaf-453b-8fc2-b6b1090b05d9/aggregates => generated 235 bytes in 11 msecs (HTTP/1.1 404) 5 headers in 202 bytes (1 switches on core 0)
2026-05-19 14:35:43.653 8 INFO placement.requestlog [None req-faf0e38d-9f36-4074-a22d-45b482319832 5651ea76042e4e028574294196b2d26d abe88a8527754274bc59b949b706aab9 - - a0d2a4803892471386a94952c08fdc5a a0d2a4803892471386a94952c08fdc5a] 10.0.0.3 "DELETE /resource_providers/6ecaadbd-acaf-453b-8fc2-b6b1090b05d9" status: 404 len: 246 microversion: 1.1 [pid: 8|app: 0|req: 455/909] 10.0.0.3 () {34 vars in 823 bytes} [Tue May 19 14:35:43 2026] DELETE /resource_providers/6ecaadbd-acaf-453b-8fc2-b6b1090b05d9 => generated 246 bytes in 9 msecs (HTTP/1.1 404) 6 headers in 231 bytes (1 switches on core 0)
2026-05-19 14:35:43.656 7 INFO placement.requestlog [None req-f9d7d0b7-e9df-47a5-96f5-1c6cfa07a487 5651ea76042e4e028574294196b2d26d abe88a8527754274bc59b949b706aab9 - - a0d2a4803892471386a94952c08fdc5a a0d2a4803892471386a94952c08fdc5a] 10.0.0.3 "DELETE /resource_providers/6ecaadbd-acaf-453b-8fc2-b6b1090b05d9" status: 404 len: 246 microversion: 1.1 [pid: 7|app: 0|req: 455/910] 10.0.0.3 () {34 vars in 823 bytes} [Tue May 19 14:35:43 2026] DELETE /resource_providers/6ecaadbd-acaf-453b-8fc2-b6b1090b05d9 => generated 246 bytes in 12 msecs (HTTP/1.1 404) 6 headers in 231 bytes (1 switches on core 0)
2026-05-19 14:35:44.074 8 INFO placement.requestlog [None req-f60ac035-b33b-4e11-a0fa-979b27120242 - - - - - -] 10.0.0.44 "GET /" status: 200 len: 136 microversion: 1.0
2026-05-19 14:35:44.074 7 INFO placement.requestlog [None req-ba4bc28a-4e53-4cf1-aafb-8457154e84ab - - - - - -] 10.0.0.44 "GET /" status: 200 len: 136 microversion: 1.0
2026-05-19 14:35:53.098 7 INFO placement.requestlog [None req-49954a0f-7d71-4641-971f-a0cab0abc7a9 5651ea76042e4e028574294196b2d26d abe88a8527754274bc59b949b706aab9 - - a0d2a4803892471386a94952c08fdc5a a0d2a4803892471386a94952c08fdc5a] 10.0.0.3 "GET /resource_providers/20faa812-7c67-4373-a850-324e03c71cc0/aggregates" status: 404 len: 235 microversion: 1.1 [pid: 7|app: 0|req: 457/913] 10.0.0.3 () {32 vars in 823 bytes} [Tue May 19 14:35:53 2026] GET /resource_providers/20faa812-7c67-4373-a850-324e03c71cc0/aggregates => generated 235 bytes in 12 msecs (HTTP/1.1 404) 5 headers in 202 bytes (1 switches on core 0)
2026-05-19 14:35:53.100 8 INFO placement.requestlog [None req-c677f72d-29fb-40f7-ad01-e7ee3737b911 5651ea76042e4e028574294196b2d26d abe88a8527754274bc59b949b706aab9 - - a0d2a4803892471386a94952c08fdc5a a0d2a4803892471386a94952c08fdc5a] 10.0.0.3 "GET /resource_providers/20faa812-7c67-4373-a850-324e03c71cc0/aggregates" status: 404 len: 235 microversion: 1.1 [pid: 8|app: 0|req: 457/914] 10.0.0.3 () {32 vars in 823 bytes} [Tue May 19 14:35:53 2026] GET /resource_providers/20faa812-7c67-4373-a850-324e03c71cc0/aggregates => generated 235 bytes in 12 msecs (HTTP/1.1 404) 5 headers in 202 bytes (1 switches on core 0)
2026-05-19 14:35:53.124 7 INFO placement.requestlog [None req-70beaa99-b24c-4688-89cc-e6f492dfc82e 5651ea76042e4e028574294196b2d26d abe88a8527754274bc59b949b706aab9 - - a0d2a4803892471386a94952c08fdc5a a0d2a4803892471386a94952c08fdc5a] 10.0.0.3 "DELETE /resource_providers/20faa812-7c67-4373-a850-324e03c71cc0" status: 404 len: 246 microversion: 1.1 [pid: 7|app: 0|req: 458/915] 10.0.0.3 () {34 vars in 823 bytes} [Tue May 19 14:35:53 2026] DELETE /resource_providers/20faa812-7c67-4373-a850-324e03c71cc0 => generated 246 bytes in 9 msecs (HTTP/1.1 404) 6 headers in 231 bytes (1 switches on core 0)
2026-05-19 14:35:53.128 8 INFO placement.requestlog [None req-c4c44e7f-16f4-442d-8d5e-4cd49b1de06e 5651ea76042e4e028574294196b2d26d abe88a8527754274bc59b949b706aab9 - - a0d2a4803892471386a94952c08fdc5a a0d2a4803892471386a94952c08fdc5a] 10.0.0.3 "DELETE /resource_providers/20faa812-7c67-4373-a850-324e03c71cc0" status: 404 len: 246 microversion: 1.1 [pid: 8|app: 0|req: 458/916] 10.0.0.3 () {34 vars in 823 bytes} [Tue May 19 14:35:53 2026] DELETE /resource_providers/20faa812-7c67-4373-a850-324e03c71cc0 => generated 246 bytes in 11 msecs (HTTP/1.1 404) 6 headers in 231 bytes (1 switches on core 0)
2026-05-19 14:35:53.436 7 INFO placement.requestlog [req-7e2f7099-833a-4509-aafa-bd203a90f3af req-e4099618-3bfd-475e-9da7-e31b15b4ea78 9e1383d744a44033918c11412fea3649 abe88a8527754274bc59b949b706aab9 - - a0d2a4803892471386a94952c08fdc5a a0d2a4803892471386a94952c08fdc5a] 10.0.0.85 "GET /allocation_candidates?limit=1000&resources=DISK_GB%3A1%2CMEMORY_MB%3A512%2CVCPU%3A1&root_required=%21COMPUTE_STATUS_DISABLED" status: 200 len: 2190 microversion: 1.36 [pid: 7|app: 0|req: 459/917] 10.0.0.85 () {34 vars in 1011 bytes} [Tue May 19 14:35:53 2026] GET /allocation_candidates?limit=1000&resources=DISK_GB%3A1%2CMEMORY_MB%3A512%2CVCPU%3A1&root_required=%21COMPUTE_STATUS_DISABLED => generated 2190 bytes in 50 msecs (HTTP/1.1 200) 8 headers in 297 bytes (1 switches on core 0)
2026-05-19 14:35:53.480 8 INFO placement.requestlog [req-7e2f7099-833a-4509-aafa-bd203a90f3af req-c5dda97d-8b54-4ab5-bd68-6e003c97ca2f 9e1383d744a44033918c11412fea3649 abe88a8527754274bc59b949b706aab9 - - a0d2a4803892471386a94952c08fdc5a a0d2a4803892471386a94952c08fdc5a] 10.0.0.85 "GET /allocations/27608e0f-6bac-4649-a898-01fd2c70a97f" status: 200 len: 19 microversion: 1.28 [pid: 8|app: 0|req: 459/918] 10.0.0.85 () {34 vars in 860 bytes} [Tue May 19 14:35:53 2026] GET /allocations/27608e0f-6bac-4649-a898-01fd2c70a97f => generated 19 bytes in 13 msecs (HTTP/1.1 200) 8 headers in 295 bytes (1 switches on core 0)
2026-05-19 14:35:53.537 8 INFO placement.requestlog [None req-732d3f26-6d42-4472-9c21-a6346e2cafa2 5651ea76042e4e028574294196b2d26d abe88a8527754274bc59b949b706aab9 - - a0d2a4803892471386a94952c08fdc5a a0d2a4803892471386a94952c08fdc5a] 10.0.0.3 "GET /resource_providers/edba361c-c60a-41b9-abae-eb5de27aaa03/aggregates" status: 404 len: 235 microversion: 1.1 [pid: 8|app: 0|req: 460/919] 10.0.0.3 () {32 vars in 823 bytes} [Tue May 19 14:35:53 2026] GET /resource_providers/edba361c-c60a-41b9-abae-eb5de27aaa03/aggregates => generated 235 bytes in 14 msecs (HTTP/1.1 404) 5 headers in 202 bytes (1 switches on core 0)
2026-05-19 14:35:53.548 8 INFO placement.requestlog [None req-3182cd6b-653a-4031-9dff-0f3095f8837c 5651ea76042e4e028574294196b2d26d abe88a8527754274bc59b949b706aab9 - - a0d2a4803892471386a94952c08fdc5a a0d2a4803892471386a94952c08fdc5a] 10.0.0.3 "GET /resource_providers/edba361c-c60a-41b9-abae-eb5de27aaa03/aggregates" status: 404 len: 235 microversion: 1.1 [pid: 8|app: 0|req: 461/920] 10.0.0.3 () {32 vars in 823 bytes} [Tue May 19 14:35:53 2026] GET /resource_providers/edba361c-c60a-41b9-abae-eb5de27aaa03/aggregates => generated 235 bytes in 10 msecs (HTTP/1.1 404) 5 headers in 202 bytes (1 switches on core 0)
2026-05-19 14:35:53.557 7 INFO placement.requestlog [req-7e2f7099-833a-4509-aafa-bd203a90f3af req-6cbe5cc8-70e2-4a81-baac-71e55e6b8660 9e1383d744a44033918c11412fea3649 abe88a8527754274bc59b949b706aab9 - - a0d2a4803892471386a94952c08fdc5a a0d2a4803892471386a94952c08fdc5a] 10.0.0.85 "PUT /allocations/27608e0f-6bac-4649-a898-01fd2c70a97f" status: 204 len: 0 microversion: 1.36 [pid: 7|app: 0|req: 460/921] 10.0.0.85 () {38 vars in 913 bytes} [Tue May 19 14:35:53 2026] PUT /allocations/27608e0f-6bac-4649-a898-01fd2c70a97f => generated 0 bytes in 68 msecs (HTTP/1.1 204) 5 headers in 199 bytes (1 switches on core 0)
2026-05-19 14:35:53.558 8 INFO placement.requestlog [None req-07b9db72-8928-4092-8179-26b7e861c85c 5651ea76042e4e028574294196b2d26d abe88a8527754274bc59b949b706aab9 - - a0d2a4803892471386a94952c08fdc5a a0d2a4803892471386a94952c08fdc5a] 10.0.0.3 "DELETE /resource_providers/edba361c-c60a-41b9-abae-eb5de27aaa03" status: 404 len: 246 microversion: 1.1 [pid: 8|app: 0|req: 462/922] 10.0.0.3 () {34 vars in 823 bytes} [Tue May 19 14:35:53 2026] DELETE /resource_providers/edba361c-c60a-41b9-abae-eb5de27aaa03 => generated 246 bytes in 10 msecs (HTTP/1.1 404) 6 headers in 231 bytes (1 switches on core 0)
2026-05-19 14:35:53.564 7 INFO placement.requestlog [None req-d3aebe6a-5cd0-4c6c-a968-2319bdd84e54 5651ea76042e4e028574294196b2d26d abe88a8527754274bc59b949b706aab9 - - a0d2a4803892471386a94952c08fdc5a a0d2a4803892471386a94952c08fdc5a] 10.0.0.3 "DELETE /resource_providers/edba361c-c60a-41b9-abae-eb5de27aaa03" status: 404 len: 246 microversion: 1.1 [pid: 7|app: 0|req: 461/923] 10.0.0.3 () {34 vars in 823 bytes} [Tue May 19 14:35:53 2026] DELETE /resource_providers/edba361c-c60a-41b9-abae-eb5de27aaa03 => generated 246 bytes in 6 msecs (HTTP/1.1 404) 6 headers in 231 bytes (1 switches on core 0)
2026-05-19 14:35:53.794 8 INFO placement.requestlog [req-7e2f7099-833a-4509-aafa-bd203a90f3af req-35c4c787-2174-4494-971a-3b1352deeb54 9e1383d744a44033918c11412fea3649 abe88a8527754274bc59b949b706aab9 - - a0d2a4803892471386a94952c08fdc5a a0d2a4803892471386a94952c08fdc5a] 199.204.45.250 "GET /allocations/27608e0f-6bac-4649-a898-01fd2c70a97f" status: 200 len: 258 microversion: 1.28 [pid: 8|app: 0|req: 463/924] 199.204.45.250 () {34 vars in 863 bytes} [Tue May 19 14:35:53 2026] GET /allocations/27608e0f-6bac-4649-a898-01fd2c70a97f => generated 258 bytes in 16 msecs (HTTP/1.1 200) 8 headers in 296 bytes (1 switches on core 0)
2026-05-19 14:35:53.901 7 INFO placement.requestlog [req-7e2f7099-833a-4509-aafa-bd203a90f3af req-e07d1620-2e12-4a4b-8f67-b16ea333f802 9e1383d744a44033918c11412fea3649 abe88a8527754274bc59b949b706aab9 - - a0d2a4803892471386a94952c08fdc5a a0d2a4803892471386a94952c08fdc5a] 199.204.45.250 "GET /resource_providers/e62e0f33-9dac-4c7d-82b0-7fcfbec3d91f/allocations" status: 200 len: 253 microversion: 1.0 [pid: 7|app: 0|req: 462/925] 199.204.45.250 () {32 vars in 857 bytes} [Tue May 19 14:35:53 2026] GET /resource_providers/e62e0f33-9dac-4c7d-82b0-7fcfbec3d91f/allocations => generated 253 bytes in 19 msecs (HTTP/1.1 200) 6 headers in 224 bytes (1 switches on core 0)
2026-05-19 14:35:53.926 8 INFO placement.requestlog [req-7e2f7099-833a-4509-aafa-bd203a90f3af req-9004478c-6b42-413c-9ded-811572e79405 9e1383d744a44033918c11412fea3649 abe88a8527754274bc59b949b706aab9 - - a0d2a4803892471386a94952c08fdc5a a0d2a4803892471386a94952c08fdc5a] 199.204.45.250 "GET /allocations/27608e0f-6bac-4649-a898-01fd2c70a97f" status: 200 len: 258 microversion: 1.28 [pid: 8|app: 0|req: 464/926] 199.204.45.250 () {34 vars in 863 bytes} [Tue May 19 14:35:53 2026] GET /allocations/27608e0f-6bac-4649-a898-01fd2c70a97f => generated 258 bytes in 17 msecs (HTTP/1.1 200) 8 headers in 296 bytes (1 switches on core 0)
2026-05-19 14:35:53.952 7 INFO placement.requestlog [req-7e2f7099-833a-4509-aafa-bd203a90f3af req-de7d5638-7779-4029-8aac-1c8ed5277f50 9e1383d744a44033918c11412fea3649 abe88a8527754274bc59b949b706aab9 - - a0d2a4803892471386a94952c08fdc5a a0d2a4803892471386a94952c08fdc5a] 199.204.45.250 "GET /allocations/5888999d-4921-4ef7-ab62-9f975157085e" status: 200 len: 258 microversion: 1.28 [pid: 7|app: 0|req: 463/927] 199.204.45.250 () {34 vars in 863 bytes} [Tue May 19 14:35:53 2026] GET /allocations/5888999d-4921-4ef7-ab62-9f975157085e => generated 258 bytes in 16 msecs (HTTP/1.1 200) 8 headers in 296 bytes (1 switches on core 0)
2026-05-19 14:35:54.073 8 INFO placement.requestlog [None req-c15591f2-676d-49ba-b3f8-5bf8b3944421 - - - - - -] 10.0.0.44 "GET /" status: 200 len: 136 microversion: 1.0
2026-05-19 14:35:54.074 7 INFO placement.requestlog [None req-1fd74ce0-70ff-42b3-bb4d-09c0b0089cc7 - - - - - -] 10.0.0.44 "GET /" status: 200 len: 136 microversion: 1.0
2026-05-19 14:35:55.151 8 INFO placement.requestlog [None req-3b90797a-48b5-4f1f-8fee-cf4bea8a0497 5651ea76042e4e028574294196b2d26d abe88a8527754274bc59b949b706aab9 - - a0d2a4803892471386a94952c08fdc5a a0d2a4803892471386a94952c08fdc5a] 10.0.0.3 "GET /resource_providers/42a99e81-ed0a-493f-9826-9f6d757ca4f7/aggregates" status: 404 len: 235 microversion: 1.1 [pid: 8|app: 0|req: 466/930] 10.0.0.3 () {32 vars in 823 bytes} [Tue May 19 14:35:55 2026] GET /resource_providers/42a99e81-ed0a-493f-9826-9f6d757ca4f7/aggregates => generated 235 bytes in 6 msecs (HTTP/1.1 404) 5 headers in 202 bytes (1 switches on core 0)
2026-05-19 14:35:55.158 7 INFO placement.requestlog [None req-675e1d8a-6d7a-4cc8-8eb0-775e43fdb949 5651ea76042e4e028574294196b2d26d abe88a8527754274bc59b949b706aab9 - - a0d2a4803892471386a94952c08fdc5a a0d2a4803892471386a94952c08fdc5a] 10.0.0.3 "GET /resource_providers/42a99e81-ed0a-493f-9826-9f6d757ca4f7/aggregates" status: 404 len: 235 microversion: 1.1 [pid: 7|app: 0|req: 465/931] 10.0.0.3 () {32 vars in 823 bytes} [Tue May 19 14:35:55 2026] GET /resource_providers/42a99e81-ed0a-493f-9826-9f6d757ca4f7/aggregates => generated 235 bytes in 13 msecs (HTTP/1.1 404) 5 headers in 202 bytes (1 switches on core 0)
2026-05-19 14:35:55.171 8 INFO placement.requestlog [None req-91f243dc-710e-46c4-9eb7-b5156d185042 5651ea76042e4e028574294196b2d26d abe88a8527754274bc59b949b706aab9 - - a0d2a4803892471386a94952c08fdc5a a0d2a4803892471386a94952c08fdc5a] 10.0.0.3 "DELETE /resource_providers/42a99e81-ed0a-493f-9826-9f6d757ca4f7" status: 404 len: 246 microversion: 1.1 [pid: 8|app: 0|req: 467/932] 10.0.0.3 () {34 vars in 823 bytes} [Tue May 19 14:35:55 2026] DELETE /resource_providers/42a99e81-ed0a-493f-9826-9f6d757ca4f7 => generated 246 bytes in 6 msecs (HTTP/1.1 404) 6 headers in 231 bytes (1 switches on core 0)
2026-05-19 14:35:55.174 7 INFO placement.requestlog [None req-b507f206-0cf1-47ca-a1b6-389f6c14f968 5651ea76042e4e028574294196b2d26d abe88a8527754274bc59b949b706aab9 - - a0d2a4803892471386a94952c08fdc5a a0d2a4803892471386a94952c08fdc5a] 10.0.0.3 "DELETE /resource_providers/42a99e81-ed0a-493f-9826-9f6d757ca4f7" status: 404 len: 246 microversion: 1.1 [pid: 7|app: 0|req: 466/933] 10.0.0.3 () {34 vars in 823 bytes} [Tue May 19 14:35:55 2026] DELETE /resource_providers/42a99e81-ed0a-493f-9826-9f6d757ca4f7 => generated 246 bytes in 10 msecs (HTTP/1.1 404) 6 headers in 231 bytes (1 switches on core 0)
2026-05-19 14:35:55.579 8 INFO placement.requestlog [None req-86bef7d2-c95f-42ef-8b1e-32ca924fa0a0 5651ea76042e4e028574294196b2d26d abe88a8527754274bc59b949b706aab9 - - a0d2a4803892471386a94952c08fdc5a a0d2a4803892471386a94952c08fdc5a] 10.0.0.3 "GET /resource_providers/793e4c0f-3739-4c1e-875d-dff9702bfcdc/aggregates" status: 404 len: 235 microversion: 1.1 [pid: 8|app: 0|req: 468/934] 10.0.0.3 () {32 vars in 823 bytes} [Tue May 19 14:35:55 2026] GET /resource_providers/793e4c0f-3739-4c1e-875d-dff9702bfcdc/aggregates => generated 235 bytes in 13 msecs (HTTP/1.1 404) 5 headers in 202 bytes (1 switches on core 0)
2026-05-19 14:35:55.584 7 INFO placement.requestlog [None req-33aee998-ad1a-4294-9f25-baea18b8d4ab 5651ea76042e4e028574294196b2d26d abe88a8527754274bc59b949b706aab9 - - a0d2a4803892471386a94952c08fdc5a a0d2a4803892471386a94952c08fdc5a] 10.0.0.3 "GET /resource_providers/793e4c0f-3739-4c1e-875d-dff9702bfcdc/aggregates" status: 404 len: 235 microversion: 1.1 [pid: 7|app: 0|req: 467/935] 10.0.0.3 () {32 vars in 823 bytes} [Tue May 19 14:35:55 2026] GET /resource_providers/793e4c0f-3739-4c1e-875d-dff9702bfcdc/aggregates => generated 235 bytes in 13 msecs (HTTP/1.1 404) 5 headers in 202 bytes (1 switches on core 0)
2026-05-19 14:35:55.600 8 INFO placement.requestlog [None req-f54c964d-20b8-4912-9d4c-27365cbdb4f2 5651ea76042e4e028574294196b2d26d abe88a8527754274bc59b949b706aab9 - - a0d2a4803892471386a94952c08fdc5a a0d2a4803892471386a94952c08fdc5a] 10.0.0.3 "DELETE /resource_providers/793e4c0f-3739-4c1e-875d-dff9702bfcdc" status: 404 len: 246 microversion: 1.1 [pid: 8|app: 0|req: 469/936] 10.0.0.3 () {34 vars in 823 bytes} [Tue May 19 14:35:55 2026] DELETE /resource_providers/793e4c0f-3739-4c1e-875d-dff9702bfcdc => generated 246 bytes in 15 msecs (HTTP/1.1 404) 6 headers in 231 bytes (1 switches on core 0)
2026-05-19 14:35:55.624 7 INFO placement.requestlog [None req-4851ed7a-2e06-4e1e-8a1b-f7b52ae1be20 5651ea76042e4e028574294196b2d26d abe88a8527754274bc59b949b706aab9 - - a0d2a4803892471386a94952c08fdc5a a0d2a4803892471386a94952c08fdc5a] 10.0.0.3 "DELETE /resource_providers/793e4c0f-3739-4c1e-875d-dff9702bfcdc" status: 404 len: 246 microversion: 1.1 [pid: 7|app: 0|req: 468/937] 10.0.0.3 () {34 vars in 823 bytes} [Tue May 19 14:35:55 2026] DELETE /resource_providers/793e4c0f-3739-4c1e-875d-dff9702bfcdc => generated 246 bytes in 15 msecs (HTTP/1.1 404) 6 headers in 231 bytes (1 switches on core 0)
2026-05-19 14:35:55.635 8 INFO placement.requestlog [None req-fde5df1d-a3bd-42a3-acf5-37aa988737fd 5651ea76042e4e028574294196b2d26d abe88a8527754274bc59b949b706aab9 - - a0d2a4803892471386a94952c08fdc5a a0d2a4803892471386a94952c08fdc5a] 10.0.0.3 "GET /resource_providers/52e2b571-edeb-4b22-b722-a092409ce7c3/aggregates" status: 404 len: 235 microversion: 1.1 [pid: 8|app: 0|req: 470/938] 10.0.0.3 () {32 vars in 823 bytes} [Tue May 19 14:35:55 2026] GET /resource_providers/52e2b571-edeb-4b22-b722-a092409ce7c3/aggregates => generated 235 bytes in 12 msecs (HTTP/1.1 404) 5 headers in 202 bytes (1 switches on core 0)
2026-05-19 14:35:55.663 7 INFO placement.requestlog [None req-f6ff8388-fb81-4e4b-904d-32ec37655a6b 5651ea76042e4e028574294196b2d26d abe88a8527754274bc59b949b706aab9 - - a0d2a4803892471386a94952c08fdc5a a0d2a4803892471386a94952c08fdc5a] 10.0.0.3 "GET /resource_providers/52e2b571-edeb-4b22-b722-a092409ce7c3/aggregates" status: 404 len: 235 microversion: 1.1 [pid: 7|app: 0|req: 469/939] 10.0.0.3 () {32 vars in 823 bytes} [Tue May 19 14:35:55 2026] GET /resource_providers/52e2b571-edeb-4b22-b722-a092409ce7c3/aggregates => generated 235 bytes in 18 msecs (HTTP/1.1 404) 5 headers in 202 bytes (1 switches on core 0)
2026-05-19 14:35:55.675 8 INFO placement.requestlog [None req-90315657-273d-48ac-857d-9c62cced47dc 5651ea76042e4e028574294196b2d26d abe88a8527754274bc59b949b706aab9 - - a0d2a4803892471386a94952c08fdc5a a0d2a4803892471386a94952c08fdc5a] 10.0.0.3 "DELETE /resource_providers/52e2b571-edeb-4b22-b722-a092409ce7c3" status: 404 len: 246 microversion: 1.1 [pid: 8|app: 0|req: 471/940] 10.0.0.3 () {34 vars in 823 bytes} [Tue May 19 14:35:55 2026] DELETE /resource_providers/52e2b571-edeb-4b22-b722-a092409ce7c3 => generated 246 bytes in 13 msecs (HTTP/1.1 404) 6 headers in 231 bytes (1 switches on core 0)
2026-05-19 14:35:55.696 7 INFO placement.requestlog [None req-fb8a28f4-793f-44fb-8e4f-678605bc963b 5651ea76042e4e028574294196b2d26d abe88a8527754274bc59b949b706aab9 - - a0d2a4803892471386a94952c08fdc5a a0d2a4803892471386a94952c08fdc5a] 10.0.0.3 "DELETE /resource_providers/52e2b571-edeb-4b22-b722-a092409ce7c3" status: 404 len: 246 microversion: 1.1 [pid: 7|app: 0|req: 470/941] 10.0.0.3 () {34 vars in 823 bytes} [Tue May 19 14:35:55 2026] DELETE /resource_providers/52e2b571-edeb-4b22-b722-a092409ce7c3 => generated 246 bytes in 20 msecs (HTTP/1.1 404) 6 headers in 231 bytes (1 switches on core 0)
2026-05-19 14:36:02.941 8 INFO placement.requestlog [req-8a397f29-aadf-4002-9f14-77af5239c564 req-866f32da-eba8-4b28-9764-af1b1237fe04 9e1383d744a44033918c11412fea3649 abe88a8527754274bc59b949b706aab9 - - a0d2a4803892471386a94952c08fdc5a a0d2a4803892471386a94952c08fdc5a] 199.204.45.250 "GET /resource_providers/e62e0f33-9dac-4c7d-82b0-7fcfbec3d91f/allocations" status: 200 len: 253 microversion: 1.0 [pid: 8|app: 0|req: 472/942] 199.204.45.250 () {32 vars in 857 bytes} [Tue May 19 14:36:02 2026] GET /resource_providers/e62e0f33-9dac-4c7d-82b0-7fcfbec3d91f/allocations => generated 253 bytes in 13 msecs (HTTP/1.1 200) 6 headers in 224 bytes (1 switches on core 0)
2026-05-19 14:36:02.961 7 INFO placement.requestlog [req-8a397f29-aadf-4002-9f14-77af5239c564 req-504696f1-cc4f-41fd-8123-06a2203aeb7c 9e1383d744a44033918c11412fea3649 abe88a8527754274bc59b949b706aab9 - - a0d2a4803892471386a94952c08fdc5a a0d2a4803892471386a94952c08fdc5a] 199.204.45.250 "GET /allocations/27608e0f-6bac-4649-a898-01fd2c70a97f" status: 200 len: 258 microversion: 1.28 [pid: 7|app: 0|req: 471/943] 199.204.45.250 () {34 vars in 863 bytes} [Tue May 19 14:36:02 2026] GET /allocations/27608e0f-6bac-4649-a898-01fd2c70a97f => generated 258 bytes in 15 msecs (HTTP/1.1 200) 8 headers in 296 bytes (1 switches on core 0)
2026-05-19 14:36:02.975 8 INFO placement.requestlog [req-8a397f29-aadf-4002-9f14-77af5239c564 req-a1ffd3be-76e0-41c7-ab7c-48fc9350440d 9e1383d744a44033918c11412fea3649 abe88a8527754274bc59b949b706aab9 - - a0d2a4803892471386a94952c08fdc5a a0d2a4803892471386a94952c08fdc5a] 199.204.45.250 "GET /allocations/5888999d-4921-4ef7-ab62-9f975157085e" status: 200 len: 258 microversion: 1.28 [pid: 8|app: 0|req: 473/944] 199.204.45.250 () {34 vars in 863 bytes} [Tue May 19 14:36:02 2026] GET /allocations/5888999d-4921-4ef7-ab62-9f975157085e => generated 258 bytes in 9 msecs (HTTP/1.1 200) 8 headers in 296 bytes (1 switches on core 0)
2026-05-19 14:36:03.055 7 INFO placement.requestlog [req-8a397f29-aadf-4002-9f14-77af5239c564 req-464e24fb-518c-4ec1-a919-38463976cd6d 9e1383d744a44033918c11412fea3649 abe88a8527754274bc59b949b706aab9 - - a0d2a4803892471386a94952c08fdc5a a0d2a4803892471386a94952c08fdc5a] 199.204.45.250 "DELETE /allocations/5888999d-4921-4ef7-ab62-9f975157085e" status: 204 len: 0 microversion: 1.0 [pid: 7|app: 0|req: 472/945] 199.204.45.250 () {34 vars in 841 bytes} [Tue May 19 14:36:03 2026] DELETE /allocations/5888999d-4921-4ef7-ab62-9f975157085e => generated 0 bytes in 33 msecs (HTTP/1.1 204) 5 headers in 198 bytes (1 switches on core 0)
2026-05-19 14:36:04.072 8 INFO placement.requestlog [None req-e6558ff3-c69b-49c4-ace0-a99a26ac5fa9 - - - - - -] 10.0.0.44 "GET /" status: 200 len: 136 microversion: 1.0
2026-05-19 14:36:04.073 7 INFO placement.requestlog [None req-8d64ef98-9691-4413-b603-c6019e83691d - - - - - -] 10.0.0.44 "GET /" status: 200 len: 136 microversion: 1.0
2026-05-19 14:36:07.615 7 INFO placement.requestlog [None req-2430f9b8-cb64-4bf6-950c-82f4fb92ae3a 5651ea76042e4e028574294196b2d26d abe88a8527754274bc59b949b706aab9 - - a0d2a4803892471386a94952c08fdc5a a0d2a4803892471386a94952c08fdc5a] 10.0.0.3 "GET /resource_providers/6fdf9000-139c-4e70-b10a-71ea6e6ea690/aggregates" status: 404 len: 235 microversion: 1.1 [pid: 7|app: 0|req: 474/948] 10.0.0.3 () {32 vars in 823 bytes} [Tue May 19 14:36:07 2026] GET /resource_providers/6fdf9000-139c-4e70-b10a-71ea6e6ea690/aggregates => generated 235 bytes in 8 msecs (HTTP/1.1 404) 5 headers in 202 bytes (1 switches on core 0)
2026-05-19 14:36:07.621 8 INFO placement.requestlog [None req-f5b9bfc8-d023-4430-91cb-15921de46fd4 5651ea76042e4e028574294196b2d26d abe88a8527754274bc59b949b706aab9 - - a0d2a4803892471386a94952c08fdc5a a0d2a4803892471386a94952c08fdc5a] 10.0.0.3 "GET /resource_providers/6fdf9000-139c-4e70-b10a-71ea6e6ea690/aggregates" status: 404 len: 235 microversion: 1.1 [pid: 8|app: 0|req: 475/949] 10.0.0.3 () {32 vars in 823 bytes} [Tue May 19 14:36:07 2026] GET /resource_providers/6fdf9000-139c-4e70-b10a-71ea6e6ea690/aggregates => generated 235 bytes in 19 msecs (HTTP/1.1 404) 5 headers in 202 bytes (1 switches on core 0)
2026-05-19 14:36:07.628 7 INFO placement.requestlog [None req-4a06df2a-1cc4-478c-91cc-b3b7901c52df 5651ea76042e4e028574294196b2d26d abe88a8527754274bc59b949b706aab9 - - a0d2a4803892471386a94952c08fdc5a a0d2a4803892471386a94952c08fdc5a] 10.0.0.3 "DELETE /resource_providers/6fdf9000-139c-4e70-b10a-71ea6e6ea690" status: 404 len: 246 microversion: 1.1 [pid: 7|app: 0|req: 475/950] 10.0.0.3 () {34 vars in 823 bytes} [Tue May 19 14:36:07 2026] DELETE /resource_providers/6fdf9000-139c-4e70-b10a-71ea6e6ea690 => generated 246 bytes in 5 msecs (HTTP/1.1 404) 6 headers in 231 bytes (1 switches on core 0)
2026-05-19 14:36:07.640 8 INFO placement.requestlog [None req-6a173499-f6f6-42a9-a930-2b600e82c461 5651ea76042e4e028574294196b2d26d abe88a8527754274bc59b949b706aab9 - - a0d2a4803892471386a94952c08fdc5a a0d2a4803892471386a94952c08fdc5a] 10.0.0.3 "DELETE /resource_providers/6fdf9000-139c-4e70-b10a-71ea6e6ea690" status: 404 len: 246 microversion: 1.1 [pid: 8|app: 0|req: 476/951] 10.0.0.3 () {34 vars in 823 bytes} [Tue May 19 14:36:07 2026] DELETE /resource_providers/6fdf9000-139c-4e70-b10a-71ea6e6ea690 => generated 246 bytes in 11 msecs (HTTP/1.1 404) 6 headers in 231 bytes (1 switches on core 0)
2026-05-19 14:36:10.227 7 INFO placement.requestlog [req-d539dda6-b9f4-4ac6-a1fc-ea821b3680e0 req-b82d79f6-1e55-4ec3-ae81-138dd7654e2d 9e1383d744a44033918c11412fea3649 abe88a8527754274bc59b949b706aab9 - - a0d2a4803892471386a94952c08fdc5a a0d2a4803892471386a94952c08fdc5a] 199.204.45.250 "GET /resource_providers/e62e0f33-9dac-4c7d-82b0-7fcfbec3d91f/allocations" status: 200 len: 153 microversion: 1.0 [pid: 7|app: 0|req: 476/952] 199.204.45.250 () {32 vars in 857 bytes} [Tue May 19 14:36:10 2026] GET /resource_providers/e62e0f33-9dac-4c7d-82b0-7fcfbec3d91f/allocations => generated 153 bytes in 169 msecs (HTTP/1.1 200) 6 headers in 224 bytes (1 switches on core 0)
2026-05-19 14:36:10.254 8 INFO placement.requestlog [req-d539dda6-b9f4-4ac6-a1fc-ea821b3680e0 req-2f47cfd1-bb72-481c-8bd3-bf981b67adbd 9e1383d744a44033918c11412fea3649 abe88a8527754274bc59b949b706aab9 - - a0d2a4803892471386a94952c08fdc5a a0d2a4803892471386a94952c08fdc5a] 199.204.45.250 "GET /resource_providers?in_tree=e62e0f33-9dac-4c7d-82b0-7fcfbec3d91f" status: 200 len: 798 microversion: 1.14 [pid: 8|app: 0|req: 477/953] 199.204.45.250 () {34 vars in 892 bytes} [Tue May 19 14:36:10 2026] GET /resource_providers?in_tree=e62e0f33-9dac-4c7d-82b0-7fcfbec3d91f => generated 798 bytes in 19 msecs (HTTP/1.1 200) 6 headers in 225 bytes (1 switches on core 0)
2026-05-19 14:36:10.278 7 INFO placement.requestlog [req-d539dda6-b9f4-4ac6-a1fc-ea821b3680e0 req-08c65273-9dd8-4f60-9630-4bde750dad37 9e1383d744a44033918c11412fea3649 abe88a8527754274bc59b949b706aab9 - - a0d2a4803892471386a94952c08fdc5a a0d2a4803892471386a94952c08fdc5a] 199.204.45.250 "GET /resource_providers/e62e0f33-9dac-4c7d-82b0-7fcfbec3d91f/inventories" status: 200 len: 401 microversion: 1.0 [pid: 7|app: 0|req: 477/954] 199.204.45.250 () {32 vars in 857 bytes} [Tue May 19 14:36:10 2026] GET /resource_providers/e62e0f33-9dac-4c7d-82b0-7fcfbec3d91f/inventories => generated 401 bytes in 16 msecs (HTTP/1.1 200) 6 headers in 224 bytes (1 switches on core 0)
2026-05-19 14:36:10.300 8 INFO placement.requestlog [req-d539dda6-b9f4-4ac6-a1fc-ea821b3680e0 req-60a0aaf7-0618-4a8a-8d64-fc006e358d46 9e1383d744a44033918c11412fea3649 abe88a8527754274bc59b949b706aab9 - - a0d2a4803892471386a94952c08fdc5a a0d2a4803892471386a94952c08fdc5a] 199.204.45.250 "GET /resource_providers/e62e0f33-9dac-4c7d-82b0-7fcfbec3d91f/aggregates" status: 200 len: 54 microversion: 1.19 [pid: 8|app: 0|req: 478/955] 199.204.45.250 () {34 vars in 899 bytes} [Tue May 19 14:36:10 2026] GET /resource_providers/e62e0f33-9dac-4c7d-82b0-7fcfbec3d91f/aggregates => generated 54 bytes in 13 msecs (HTTP/1.1 200) 8 headers in 295 bytes (1 switches on core 0)
2026-05-19 14:36:10.336 7 INFO placement.requestlog [req-d539dda6-b9f4-4ac6-a1fc-ea821b3680e0 req-a79d8b77-887c-476a-ad57-3478238f05e9 9e1383d744a44033918c11412fea3649 abe88a8527754274bc59b949b706aab9 - - a0d2a4803892471386a94952c08fdc5a a0d2a4803892471386a94952c08fdc5a] 199.204.45.250 "GET /resource_providers/e62e0f33-9dac-4c7d-82b0-7fcfbec3d91f/traits" status: 200 len: 1724 microversion: 1.6 [pid: 7|app: 0|req: 478/956] 199.204.45.250 () {34 vars in 890 bytes} [Tue May 19 14:36:10 2026] GET /resource_providers/e62e0f33-9dac-4c7d-82b0-7fcfbec3d91f/traits => generated 1724 bytes in 25 msecs (HTTP/1.1 200) 6 headers in 225 bytes (1 switches on core 0)
2026-05-19 14:36:10.370 8 INFO placement.requestlog [req-d539dda6-b9f4-4ac6-a1fc-ea821b3680e0 req-e4411693-205f-4374-be36-076e76790921 9e1383d744a44033918c11412fea3649 abe88a8527754274bc59b949b706aab9 - - a0d2a4803892471386a94952c08fdc5a a0d2a4803892471386a94952c08fdc5a] 199.204.45.250 "GET /resource_providers/e62e0f33-9dac-4c7d-82b0-7fcfbec3d91f/allocations" status: 200 len: 153 microversion: 1.0 [pid: 8|app: 0|req: 479/957] 199.204.45.250 () {32 vars in 857 bytes} [Tue May 19 14:36:10 2026] GET /resource_providers/e62e0f33-9dac-4c7d-82b0-7fcfbec3d91f/allocations => generated 153 bytes in 24 msecs (HTTP/1.1 200) 6 headers in 224 bytes (1 switches on core 0)
