2026-06-02 13:27:37.433 9 ERROR neutron.plugins.ml2.managers
File "/var/lib/openstack/lib/python3.10/site-packages/neutron/plugins/ml2/managers.py", line 866, in _bind_port_level
2026-06-02 13:27:37.433 9 ERROR neutron.plugins.ml2.managers driver.obj.bind_port(context)
2026-06-02 13:27:37.433 9 ERROR neutron.plugins.ml2.managers
File "/var/lib/openstack/lib/python3.10/site-packages/neutron/plugins/ml2/drivers/openvswitch/mech_driver/mech_openvswitch.py", line 133, in bind_port
2026-06-02 13:27:37.433 9 ERROR neutron.plugins.ml2.managers super(OpenvswitchMechanismDriver, self).bind_port(context)
2026-06-02 13:27:37.433 9 ERROR neutron.plugins.ml2.managers
File "/var/lib/openstack/lib/python3.10/site-packages/neutron/plugins/ml2/drivers/mech_agent.py", line 104, in bind_port
2026-06-02 13:27:37.433 9 ERROR neutron.plugins.ml2.managers subnets = self.get_subnets_from_fixed_ips(context)
2026-06-02 13:27:37.433 9 ERROR neutron.plugins.ml2.managers
File "/var/lib/openstack/lib/python3.10/site-packages/neutron/plugins/ml2/drivers/mech_agent.py", line 149, in get_subnets_from_fixed_ips
2026-06-02 13:27:37.433 9 ERROR neutron.plugins.ml2.managers subnets.append(context._plugin.get_subnet(
2026-06-02 13:27:37.433 9 ERROR neutron.plugins.ml2.managers
File "/var/lib/openstack/lib/python3.10/site-packages/neutron_lib/db/api.py", line 223, in wrapped
2026-06-02 13:27:37.433 9 ERROR neutron.plugins.ml2.managers return f_with_retry(*args, **kwargs,
2026-06-02 13:27:37.433 9 ERROR neutron.plugins.ml2.managers
File "/var/lib/openstack/lib/python3.10/site-packages/neutron_lib/db/api.py", line 137, in wrapped
2026-06-02 13:27:37.433 9 ERROR neutron.plugins.ml2.managers with excutils.save_and_reraise_exception():
2026-06-02 13:27:37.433 9 ERROR neutron.plugins.ml2.managers
File "/var/lib/openstack/lib/python3.10/site-packages/oslo_utils/excutils.py", line 227, in __exit__
2026-06-02 13:27:37.433 9 ERROR neutron.plugins.ml2.managers self.force_reraise()
2026-06-02 13:27:37.433 9 ERROR neutron.plugins.ml2.managers
File "/var/lib/openstack/lib/python3.10/site-packages/oslo_utils/excutils.py", line 200, in force_reraise
2026-06-02 13:27:37.433 9 ERROR neutron.plugins.ml2.managers raise self.value
2026-06-02 13:27:37.433 9 ERROR neutron.plugins.ml2.managers
File "/var/lib/openstack/lib/python3.10/site-packages/neutron_lib/db/api.py", line 135, in wrapped
2026-06-02 13:27:37.433 9 ERROR neutron.plugins.ml2.managers return f(*args, **kwargs)
2026-06-02 13:27:37.433 9 ERROR neutron.plugins.ml2.managers
File "/var/lib/openstack/lib/python3.10/site-packages/oslo_db/api.py", line 144, in wrapper
2026-06-02 13:27:37.433 9 ERROR neutron.plugins.ml2.managers with excutils.save_and_reraise_exception() as ectxt:
2026-06-02 13:27:37.433 9 ERROR neutron.plugins.ml2.managers
File "/var/lib/openstack/lib/python3.10/site-packages/oslo_utils/excutils.py", line 227, in __exit__
2026-06-02 13:27:37.433 9 ERROR neutron.plugins.ml2.managers self.force_reraise()
2026-06-02 13:27:37.433 9 ERROR neutron.plugins.ml2.managers
File "/var/lib/openstack/lib/python3.10/site-packages/oslo_utils/excutils.py", line 200, in force_reraise
2026-06-02 13:27:37.433 9 ERROR neutron.plugins.ml2.managers raise self.value
2026-06-02 13:27:37.433 9 ERROR neutron.plugins.ml2.managers
File "/var/lib/openstack/lib/python3.10/site-packages/oslo_db/api.py", line 142, in wrapper
2026-06-02 13:27:37.433 9 ERROR neutron.plugins.ml2.managers return f(*args, **kwargs)
2026-06-02 13:27:37.433 9 ERROR neutron.plugins.ml2.managers
File "/var/lib/openstack/lib/python3.10/site-packages/neutron_lib/db/api.py", line 183, in wrapped
2026-06-02 13:27:37.433 9 ERROR neutron.plugins.ml2.managers with excutils.save_and_reraise_exception():
2026-06-02 13:27:37.433 9 ERROR neutron.plugins.ml2.managers
File "/var/lib/openstack/lib/python3.10/site-packages/oslo_utils/excutils.py", line 227, in __exit__
2026-06-02 13:27:37.433 9 ERROR neutron.plugins.ml2.managers self.force_reraise()
2026-06-02 13:27:37.433 9 ERROR neutron.plugins.ml2.managers
File "/var/lib/openstack/lib/python3.10/site-packages/oslo_utils/excutils.py", line 200, in force_reraise
2026-06-02 13:27:37.433 9 ERROR neutron.plugins.ml2.managers raise self.value
2026-06-02 13:27:37.433 9 ERROR neutron.plugins.ml2.managers
File "/var/lib/openstack/lib/python3.10/site-packages/neutron_lib/db/api.py", line 181, in wrapped
2026-06-02 13:27:37.433 9 ERROR neutron.plugins.ml2.managers return f(*dup_args, **dup_kwargs)
2026-06-02 13:27:37.433 9 ERROR neutron.plugins.ml2.managers
File "/var/lib/openstack/lib/python3.10/site-packages/neutron/db/db_base_plugin_v2.py", line 1198, in get_subnet
2026-06-02 13:27:37.433 9 ERROR neutron.plugins.ml2.managers subnet_obj = self._get_subnet_object(context, id)
2026-06-02 13:27:37.433 9 ERROR neutron.plugins.ml2.managers
File "/var/lib/openstack/lib/python3.10/site-packages/neutron/db/db_base_plugin_common.py", line 282, in _get_subnet_object
2026-06-02 13:27:37.433 9 ERROR neutron.plugins.ml2.managers raise exceptions.SubnetNotFound(subnet_id=id)
2026-06-02 13:27:37.433 9 ERROR neutron.plugins.ml2.managers neutron_lib.exceptions.SubnetNotFound: Subnet cc7d7ef3-904e-4bb9-bb27-58146c064657 could not be found.
2026-06-02 13:27:37.433 9 ERROR neutron.plugins.ml2.managers 
2026-06-02 13:27:37.434 9 ERROR neutron.plugins.ml2.managers [None req-d65d759b-9c14-4fb5-bec2-e8fbcbce120f - - - - - -] Failed to bind port 7efdabb1-455f-4279-b235-ce4d6d57856a on host instance for vnic_type normal using segments [{'id': 'd5dd1cff-0847-4eb6-ae0b-ebc56bbcd7ba', 'network_type': 'vxlan', 'physical_network': None, 'segmentation_id': 737, 'network_id': '7b8df608-954d-42a7-97fa-a555b7c2c982'}]
2026-06-02 13:27:37.435 9 INFO neutron.plugins.ml2.plugin [None req-d65d759b-9c14-4fb5-bec2-e8fbcbce120f - - - - - -] Attempt 9 to bind port 7efdabb1-455f-4279-b235-ce4d6d57856a
2026-06-02 13:27:37.463 9 ERROR neutron.plugins.ml2.managers [None req-d65d759b-9c14-4fb5-bec2-e8fbcbce120f - - - - - -] Mechanism driver openvswitch failed in bind_port: neutron_lib.exceptions.SubnetNotFound: Subnet cc7d7ef3-904e-4bb9-bb27-58146c064657 could not be found.
2026-06-02 13:27:37.463 9 ERROR neutron.plugins.ml2.managers
Traceback (most recent call last):
2026-06-02 13:27:37.463 9 ERROR neutron.plugins.ml2.managers
File "/var/lib/openstack/lib/python3.10/site-packages/neutron/plugins/ml2/managers.py", line 866, in _bind_port_level
2026-06-02 13:27:37.463 9 ERROR neutron.plugins.ml2.managers driver.obj.bind_port(context)
2026-06-02 13:27:37.463 9 ERROR neutron.plugins.ml2.managers
File "/var/lib/openstack/lib/python3.10/site-packages/neutron/plugins/ml2/drivers/openvswitch/mech_driver/mech_openvswitch.py", line 133, in bind_port
2026-06-02 13:27:37.463 9 ERROR neutron.plugins.ml2.managers super(OpenvswitchMechanismDriver, self).bind_port(context)
2026-06-02 13:27:37.463 9 ERROR neutron.plugins.ml2.managers
File "/var/lib/openstack/lib/python3.10/site-packages/neutron/plugins/ml2/drivers/mech_agent.py", line 104, in bind_port
2026-06-02 13:27:37.463 9 ERROR neutron.plugins.ml2.managers subnets = self.get_subnets_from_fixed_ips(context)
2026-06-02 13:27:37.463 9 ERROR neutron.plugins.ml2.managers
File "/var/lib/openstack/lib/python3.10/site-packages/neutron/plugins/ml2/drivers/mech_agent.py", line 149, in get_subnets_from_fixed_ips
2026-06-02 13:27:37.463 9 ERROR neutron.plugins.ml2.managers subnets.append(context._plugin.get_subnet(
2026-06-02 13:27:37.463 9 ERROR neutron.plugins.ml2.managers
File "/var/lib/openstack/lib/python3.10/site-packages/neutron_lib/db/api.py", line 223, in wrapped
2026-06-02 13:27:37.463 9 ERROR neutron.plugins.ml2.managers return f_with_retry(*args, **kwargs,
2026-06-02 13:27:37.463 9 ERROR neutron.plugins.ml2.managers
File "/var/lib/openstack/lib/python3.10/site-packages/neutron_lib/db/api.py", line 137, in wrapped
2026-06-02 13:27:37.463 9 ERROR neutron.plugins.ml2.managers with excutils.save_and_reraise_exception():
2026-06-02 13:27:37.463 9 ERROR neutron.plugins.ml2.managers
File "/var/lib/openstack/lib/python3.10/site-packages/oslo_utils/excutils.py", line 227, in __exit__
2026-06-02 13:27:37.463 9 ERROR neutron.plugins.ml2.managers self.force_reraise()
2026-06-02 13:27:37.463 9 ERROR neutron.plugins.ml2.managers
File "/var/lib/openstack/lib/python3.10/site-packages/oslo_utils/excutils.py", line 200, in force_reraise
2026-06-02 13:27:37.463 9 ERROR neutron.plugins.ml2.managers raise self.value
2026-06-02 13:27:37.463 9 ERROR neutron.plugins.ml2.managers
File "/var/lib/openstack/lib/python3.10/site-packages/neutron_lib/db/api.py", line 135, in wrapped
2026-06-02 13:27:37.463 9 ERROR neutron.plugins.ml2.managers return f(*args, **kwargs)
2026-06-02 13:27:37.463 9 ERROR neutron.plugins.ml2.managers
File "/var/lib/openstack/lib/python3.10/site-packages/oslo_db/api.py", line 144, in wrapper
2026-06-02 13:27:37.463 9 ERROR neutron.plugins.ml2.managers with excutils.save_and_reraise_exception() as ectxt:
2026-06-02 13:27:37.463 9 ERROR neutron.plugins.ml2.managers
File "/var/lib/openstack/lib/python3.10/site-packages/oslo_utils/excutils.py", line 227, in __exit__
2026-06-02 13:27:37.463 9 ERROR neutron.plugins.ml2.managers self.force_reraise()
2026-06-02 13:27:37.463 9 ERROR neutron.plugins.ml2.managers
File "/var/lib/openstack/lib/python3.10/site-packages/oslo_utils/excutils.py", line 200, in force_reraise
2026-06-02 13:27:37.463 9 ERROR neutron.plugins.ml2.managers raise self.value
2026-06-02 13:27:37.463 9 ERROR neutron.plugins.ml2.managers
File "/var/lib/openstack/lib/python3.10/site-packages/oslo_db/api.py", line 142, in wrapper
2026-06-02 13:27:37.463 9 ERROR neutron.plugins.ml2.managers return f(*args, **kwargs)
2026-06-02 13:27:37.463 9 ERROR neutron.plugins.ml2.managers
File "/var/lib/openstack/lib/python3.10/site-packages/neutron_lib/db/api.py", line 183, in wrapped
2026-06-02 13:27:37.463 9 ERROR neutron.plugins.ml2.managers with excutils.save_and_reraise_exception():
2026-06-02 13:27:37.463 9 ERROR neutron.plugins.ml2.managers
File "/var/lib/openstack/lib/python3.10/site-packages/oslo_utils/excutils.py", line 227, in __exit__
2026-06-02 13:27:37.463 9 ERROR neutron.plugins.ml2.managers self.force_reraise()
2026-06-02 13:27:37.463 9 ERROR neutron.plugins.ml2.managers
File "/var/lib/openstack/lib/python3.10/site-packages/oslo_utils/excutils.py", line 200, in force_reraise
2026-06-02 13:27:37.463 9 ERROR neutron.plugins.ml2.managers raise self.value
2026-06-02 13:27:37.463 9 ERROR neutron.plugins.ml2.managers
File "/var/lib/openstack/lib/python3.10/site-packages/neutron_lib/db/api.py", line 181, in wrapped
2026-06-02 13:27:37.463 9 ERROR neutron.plugins.ml2.managers return f(*dup_args, **dup_kwargs)
2026-06-02 13:27:37.463 9 ERROR neutron.plugins.ml2.managers
File "/var/lib/openstack/lib/python3.10/site-packages/neutron/db/db_base_plugin_v2.py", line 1198, in get_subnet
2026-06-02 13:27:37.463 9 ERROR neutron.plugins.ml2.managers subnet_obj = self._get_subnet_object(context, id)
2026-06-02 13:27:37.463 9 ERROR neutron.plugins.ml2.managers
File "/var/lib/openstack/lib/python3.10/site-packages/neutron/db/db_base_plugin_common.py", line 282, in _get_subnet_object
2026-06-02 13:27:37.463 9 ERROR neutron.plugins.ml2.managers raise exceptions.SubnetNotFound(subnet_id=id)
2026-06-02 13:27:37.463 9 ERROR neutron.plugins.ml2.managers neutron_lib.exceptions.SubnetNotFound: Subnet cc7d7ef3-904e-4bb9-bb27-58146c064657 could not be found.
2026-06-02 13:27:37.463 9 ERROR neutron.plugins.ml2.managers 
2026-06-02 13:27:37.464 9 ERROR neutron.plugins.ml2.managers [None req-d65d759b-9c14-4fb5-bec2-e8fbcbce120f - - - - - -] Failed to bind port 7efdabb1-455f-4279-b235-ce4d6d57856a on host instance for vnic_type normal using segments [{'id': 'd5dd1cff-0847-4eb6-ae0b-ebc56bbcd7ba', 'network_type': 'vxlan', 'physical_network': None, 'segmentation_id': 737, 'network_id': '7b8df608-954d-42a7-97fa-a555b7c2c982'}]
2026-06-02 13:27:37.465 9 INFO neutron.plugins.ml2.plugin [None req-d65d759b-9c14-4fb5-bec2-e8fbcbce120f - - - - - -] Attempt 10 to bind port 7efdabb1-455f-4279-b235-ce4d6d57856a
2026-06-02 13:27:37.481 9 ERROR neutron.plugins.ml2.managers [None req-d65d759b-9c14-4fb5-bec2-e8fbcbce120f - - - - - -] Mechanism driver openvswitch failed in bind_port: neutron_lib.exceptions.SubnetNotFound: Subnet cc7d7ef3-904e-4bb9-bb27-58146c064657 could not be found.
2026-06-02 13:27:37.481 9 ERROR neutron.plugins.ml2.managers
Traceback (most recent call last):
2026-06-02 13:27:37.481 9 ERROR neutron.plugins.ml2.managers
File "/var/lib/openstack/lib/python3.10/site-packages/neutron/plugins/ml2/managers.py", line 866, in _bind_port_level
2026-06-02 13:27:37.481 9 ERROR neutron.plugins.ml2.managers driver.obj.bind_port(context)
2026-06-02 13:27:37.481 9 ERROR neutron.plugins.ml2.managers
File "/var/lib/openstack/lib/python3.10/site-packages/neutron/plugins/ml2/drivers/openvswitch/mech_driver/mech_openvswitch.py", line 133, in bind_port
2026-06-02 13:27:37.481 9 ERROR neutron.plugins.ml2.managers super(OpenvswitchMechanismDriver, self).bind_port(context)
2026-06-02 13:27:37.481 9 ERROR neutron.plugins.ml2.managers
File "/var/lib/openstack/lib/python3.10/site-packages/neutron/plugins/ml2/drivers/mech_agent.py", line 104, in bind_port
2026-06-02 13:27:37.481 9 ERROR neutron.plugins.ml2.managers subnets = self.get_subnets_from_fixed_ips(context)
2026-06-02 13:27:37.481 9 ERROR neutron.plugins.ml2.managers
File "/var/lib/openstack/lib/python3.10/site-packages/neutron/plugins/ml2/drivers/mech_agent.py", line 149, in get_subnets_from_fixed_ips
2026-06-02 13:27:37.481 9 ERROR neutron.plugins.ml2.managers subnets.append(context._plugin.get_subnet(
2026-06-02 13:27:37.481 9 ERROR neutron.plugins.ml2.managers
File "/var/lib/openstack/lib/python3.10/site-packages/neutron_lib/db/api.py", line 223, in wrapped
2026-06-02 13:27:37.481 9 ERROR neutron.plugins.ml2.managers return f_with_retry(*args, **kwargs,
2026-06-02 13:27:37.481 9 ERROR neutron.plugins.ml2.managers
File "/var/lib/openstack/lib/python3.10/site-packages/neutron_lib/db/api.py", line 137, in wrapped
2026-06-02 13:27:37.481 9 ERROR neutron.plugins.ml2.managers with excutils.save_and_reraise_exception():
2026-06-02 13:27:37.481 9 ERROR neutron.plugins.ml2.managers
File "/var/lib/openstack/lib/python3.10/site-packages/oslo_utils/excutils.py", line 227, in __exit__
2026-06-02 13:27:37.481 9 ERROR neutron.plugins.ml2.managers self.force_reraise()
2026-06-02 13:27:37.481 9 ERROR neutron.plugins.ml2.managers
File "/var/lib/openstack/lib/python3.10/site-packages/oslo_utils/excutils.py", line 200, in force_reraise
2026-06-02 13:27:37.481 9 ERROR neutron.plugins.ml2.managers raise self.value
2026-06-02 13:27:37.481 9 ERROR neutron.plugins.ml2.managers
File "/var/lib/openstack/lib/python3.10/site-packages/neutron_lib/db/api.py", line 135, in wrapped
2026-06-02 13:27:37.481 9 ERROR neutron.plugins.ml2.managers return f(*args, **kwargs)
2026-06-02 13:27:37.481 9 ERROR neutron.plugins.ml2.managers
File "/var/lib/openstack/lib/python3.10/site-packages/oslo_db/api.py", line 144, in wrapper
2026-06-02 13:27:37.481 9 ERROR neutron.plugins.ml2.managers with excutils.save_and_reraise_exception() as ectxt:
2026-06-02 13:27:37.481 9 ERROR neutron.plugins.ml2.managers
File "/var/lib/openstack/lib/python3.10/site-packages/oslo_utils/excutils.py", line 227, in __exit__
2026-06-02 13:27:37.481 9 ERROR neutron.plugins.ml2.managers self.force_reraise()
2026-06-02 13:27:37.481 9 ERROR neutron.plugins.ml2.managers
File "/var/lib/openstack/lib/python3.10/site-packages/oslo_utils/excutils.py", line 200, in force_reraise
2026-06-02 13:27:37.481 9 ERROR neutron.plugins.ml2.managers raise self.value
2026-06-02 13:27:37.481 9 ERROR neutron.plugins.ml2.managers
File "/var/lib/openstack/lib/python3.10/site-packages/oslo_db/api.py", line 142, in wrapper
2026-06-02 13:27:37.481 9 ERROR neutron.plugins.ml2.managers return f(*args, **kwargs)
2026-06-02 13:27:37.481 9 ERROR neutron.plugins.ml2.managers
File "/var/lib/openstack/lib/python3.10/site-packages/neutron_lib/db/api.py", line 183, in wrapped
2026-06-02 13:27:37.481 9 ERROR neutron.plugins.ml2.managers with excutils.save_and_reraise_exception():
2026-06-02 13:27:37.481 9 ERROR neutron.plugins.ml2.managers
File "/var/lib/openstack/lib/python3.10/site-packages/oslo_utils/excutils.py", line 227, in __exit__
2026-06-02 13:27:37.481 9 ERROR neutron.plugins.ml2.managers self.force_reraise()
2026-06-02 13:27:37.481 9 ERROR neutron.plugins.ml2.managers
File "/var/lib/openstack/lib/python3.10/site-packages/oslo_utils/excutils.py", line 200, in force_reraise
2026-06-02 13:27:37.481 9 ERROR neutron.plugins.ml2.managers raise self.value
2026-06-02 13:27:37.481 9 ERROR neutron.plugins.ml2.managers
File "/var/lib/openstack/lib/python3.10/site-packages/neutron_lib/db/api.py", line 181, in wrapped
2026-06-02 13:27:37.481 9 ERROR neutron.plugins.ml2.managers return f(*dup_args, **dup_kwargs)
2026-06-02 13:27:37.481 9 ERROR neutron.plugins.ml2.managers
File "/var/lib/openstack/lib/python3.10/site-packages/neutron/db/db_base_plugin_v2.py", line 1198, in get_subnet
2026-06-02 13:27:37.481 9 ERROR neutron.plugins.ml2.managers subnet_obj = self._get_subnet_object(context, id)
2026-06-02 13:27:37.481 9 ERROR neutron.plugins.ml2.managers
File "/var/lib/openstack/lib/python3.10/site-packages/neutron/db/db_base_plugin_common.py", line 282, in _get_subnet_object
2026-06-02 13:27:37.481 9 ERROR neutron.plugins.ml2.managers raise exceptions.SubnetNotFound(subnet_id=id)
2026-06-02 13:27:37.481 9 ERROR neutron.plugins.ml2.managers neutron_lib.exceptions.SubnetNotFound: Subnet cc7d7ef3-904e-4bb9-bb27-58146c064657 could not be found.
2026-06-02 13:27:37.481 9 ERROR neutron.plugins.ml2.managers 
2026-06-02 13:27:37.482 9 ERROR neutron.plugins.ml2.managers [None req-d65d759b-9c14-4fb5-bec2-e8fbcbce120f - - - - - -] Failed to bind port 7efdabb1-455f-4279-b235-ce4d6d57856a on host instance for vnic_type normal using segments [{'id': 'd5dd1cff-0847-4eb6-ae0b-ebc56bbcd7ba', 'network_type': 'vxlan', 'physical_network': None, 'segmentation_id': 737, 'network_id': '7b8df608-954d-42a7-97fa-a555b7c2c982'}]
2026-06-02 13:27:44.574 9 INFO neutron.plugins.ml2.plugin [None req-1ea71cf8-cd83-4e90-a345-74025391cdc6 - - - - - -] Attempt 1 to provision port e2c06197-a7f2-47f1-92ca-3afbb68367ce
2026-06-02 13:27:46.247 9 INFO neutron.plugins.ml2.plugin [None req-d1fda0c5-0c72-4c41-af8b-dccc1a169ef0 - - - - - -] Attempt 1 to provision port e2c06197-a7f2-47f1-92ca-3afbb68367ce
2026-06-02 13:27:46.622 10 INFO neutron.plugins.ml2.plugin [None req-1ea71cf8-cd83-4e90-a345-74025391cdc6 - - - - - -] Attempt 1 to provision port a1780718-0044-4e02-82b4-8b87d50d0d06
2026-06-02 13:27:46.988 9 INFO neutron.plugins.ml2.plugin [None req-edb36e0b-84c9-4161-b149-f612eb955b4a - - - - - -] Attempt 1 to provision port e2c06197-a7f2-47f1-92ca-3afbb68367ce
2026-06-02 13:27:47.454 10 INFO neutron.plugins.ml2.plugin [None req-1ea71cf8-cd83-4e90-a345-74025391cdc6 - - - - - -] Attempt 1 to provision port e2c06197-a7f2-47f1-92ca-3afbb68367ce
2026-06-02 13:27:48.098 10 INFO neutron.plugins.ml2.plugin [None req-f3848074-d1aa-4819-86b9-928582763d77 - - - - - -] Attempt 1 to provision port 448f3917-bdd9-42ba-804d-7022f9fc20a6
2026-06-02 13:27:48.345 10 INFO neutron.plugins.ml2.plugin [None req-f3848074-d1aa-4819-86b9-928582763d77 - - - - - -] Attempt 1 to provision port 180d0036-e885-4772-adba-1dc327cae819
2026-06-02 13:27:48.556 10 INFO neutron.plugins.ml2.plugin [None req-1ea71cf8-cd83-4e90-a345-74025391cdc6 - - - - - -] Attempt 1 to provision port f4d719fe-0f6b-4339-9a9e-1a1c297fa80d
2026-06-02 13:27:48.595 9 INFO neutron.plugins.ml2.plugin [None req-6acecc38-17be-4036-b516-12a548b2e8df - - - - - -] Attempt 1 to provision port a1780718-0044-4e02-82b4-8b87d50d0d06
2026-06-02 13:27:48.888 9 INFO neutron.plugins.ml2.plugin [None req-728fe2b4-481f-447f-9d04-055789b04c85 - - - - - -] Attempt 1 to provision port f4d719fe-0f6b-4339-9a9e-1a1c297fa80d
2026-06-02 13:27:49.034 10 INFO neutron.plugins.ml2.plugin [None req-1ea71cf8-cd83-4e90-a345-74025391cdc6 - - - - - -] Attempt 1 to provision port a1780718-0044-4e02-82b4-8b87d50d0d06
2026-06-02 13:27:49.086 9 INFO neutron.plugins.ml2.plugin [None req-745444bc-fe9e-4f1a-8f96-2764789726b9 - - - - - -] Attempt 1 to provision port 36ef5e29-88c8-41ce-989d-cd9be4127171
2026-06-02 13:27:49.248 9 INFO neutron.plugins.ml2.plugin [None req-2f59e00e-52b2-4a02-a383-9c2fcae5909f - - - - - -] Attempt 1 to provision port a1780718-0044-4e02-82b4-8b87d50d0d06
2026-06-02 13:27:49.369 10 INFO neutron.plugins.ml2.plugin [None req-1ea71cf8-cd83-4e90-a345-74025391cdc6 - - - - - -] Attempt 1 to provision port 448f3917-bdd9-42ba-804d-7022f9fc20a6
2026-06-02 13:27:49.741 10 INFO neutron.plugins.ml2.plugin [None req-1ea71cf8-cd83-4e90-a345-74025391cdc6 - - - - - -] Attempt 1 to provision port 759d7783-243d-455b-8c12-2eeabdca3e5b
2026-06-02 13:27:50.224 9 INFO neutron.plugins.ml2.plugin [None req-f4f17f30-8f0b-48b6-8123-d958efdf43eb - - - - - -] Attempt 1 to provision port 759d7783-243d-455b-8c12-2eeabdca3e5b
2026-06-02 13:27:50.618 9 INFO neutron.plugins.ml2.plugin [None req-addd7b17-c36e-4f28-92d2-452a72f8a78e - - - - - -] Attempt 1 to provision port a58f45ed-0ada-49b5-b1d6-a4d201fbc54f
2026-06-02 13:27:50.720 10 INFO neutron.plugins.ml2.plugin [None req-1ea71cf8-cd83-4e90-a345-74025391cdc6 - - - - - -] Attempt 1 to provision port f4d719fe-0f6b-4339-9a9e-1a1c297fa80d
2026-06-02 13:27:50.785 10 INFO neutron.plugins.ml2.plugin [None req-3ba087aa-5a57-4e0a-a5a3-eb3bf55a52d9 - - - - - -] Attempt 1 to provision port 759d7783-243d-455b-8c12-2eeabdca3e5b
2026-06-02 13:27:51.065 10 INFO neutron.plugins.ml2.plugin [None req-1ea71cf8-cd83-4e90-a345-74025391cdc6 - - - - - -] Attempt 1 to provision port 759d7783-243d-455b-8c12-2eeabdca3e5b
2026-06-02 13:27:51.224 10 INFO neutron.plugins.ml2.plugin [None req-eb03f073-be23-42d6-a277-d895bd4061ec - - - - - -] Attempt 1 to provision port a58f45ed-0ada-49b5-b1d6-a4d201fbc54f
2026-06-02 13:27:51.994 9 INFO neutron.plugins.ml2.plugin [None req-b0686773-df3f-44f7-9147-194a45f1e519 - - - - - -] Attempt 1 to provision port 4bf6037e-0968-47a6-b485-72fb5f247ae3
2026-06-02 13:27:52.620 9 INFO neutron.plugins.ml2.plugin [None req-1ea71cf8-cd83-4e90-a345-74025391cdc6 - - - - - -] Attempt 1 to provision port 90492e0f-25c3-4a55-8ba1-2f6b9d5752ae
2026-06-02 13:27:52.636 10 INFO neutron.plugins.ml2.plugin [None req-db50907d-9f88-401e-8730-fefbf1711290 - - - - - -] Attempt 1 to provision port 4bf6037e-0968-47a6-b485-72fb5f247ae3
2026-06-02 13:27:53.255 9 INFO neutron.plugins.ml2.plugin [None req-1ea71cf8-cd83-4e90-a345-74025391cdc6 - - - - - -] Attempt 1 to provision port 3b2931e7-f1da-4a7e-9bc8-65ad2ed7c5a2
2026-06-02 13:27:54.198 9 INFO neutron.plugins.ml2.plugin [None req-1e6686dc-15cc-4a3a-895d-a3eb123a3e4e - - - - - -] Attempt 1 to provision port 1d249bc3-f5be-4e12-9b06-548ceecb7407
2026-06-02 13:27:54.466 10 INFO neutron.plugins.ml2.plugin [None req-89884ad8-fed8-43ec-bbb6-9dd8de9a6576 - - - - - -] Attempt 1 to provision port 2db4708f-2355-4762-bed4-6feaf9affaac
2026-06-02 13:27:54.849 10 INFO neutron.plugins.ml2.plugin [None req-1ea71cf8-cd83-4e90-a345-74025391cdc6 - - - - - -] Attempt 1 to provision port 90492e0f-25c3-4a55-8ba1-2f6b9d5752ae
2026-06-02 13:27:54.926 9 INFO neutron.plugins.ml2.plugin [None req-1a2631d9-da07-4b93-9883-8f3bef6e7142 - - - - - -] Attempt 1 to provision port 1d249bc3-f5be-4e12-9b06-548ceecb7407
2026-06-02 13:27:55.304 10 INFO neutron.plugins.ml2.plugin [None req-1ea71cf8-cd83-4e90-a345-74025391cdc6 - - - - - -] Attempt 1 to provision port 3b2931e7-f1da-4a7e-9bc8-65ad2ed7c5a2
2026-06-02 13:27:56.211 9 INFO neutron.plugins.ml2.plugin [None req-0d105256-5086-4c21-8fe8-ff1112b266ba - - - - - -] Attempt 1 to provision port 81f8140e-b572-4c26-a46b-f7a0ec63e52f
2026-06-02 13:27:56.699 10 INFO neutron.plugins.ml2.plugin [None req-1ea71cf8-cd83-4e90-a345-74025391cdc6 - - - - - -] Attempt 1 to provision port 2db4708f-2355-4762-bed4-6feaf9affaac
2026-06-02 13:27:56.829 10 INFO neutron.notifiers.nova [-] Nova event matching ['req-b23eb266-bea2-45f8-b9c3-3015a7278171'] response: {'server_uuid': 'ea634225-4119-4016-bd9c-bbb0e44024be', 'name': 'network-vif-plugged', 'status': 'completed', 'tag': '2db4708f-2355-4762-bed4-6feaf9affaac', 'code': 200}
2026-06-02 13:27:57.167 10 INFO neutron.plugins.ml2.plugin [None req-d1858e08-cd5f-4922-8014-2e801cbfec6b - - - - - -] Attempt 1 to provision port 81f8140e-b572-4c26-a46b-f7a0ec63e52f
2026-06-02 13:27:58.985 10 INFO neutron.notifiers.nova [-] Nova event matching ['req-41509d39-3b8f-4d41-96e9-af7a0790a498'] response: {'server_uuid': 'ea634225-4119-4016-bd9c-bbb0e44024be', 'name': 'network-vif-unplugged', 'status': 'completed', 'tag': '2db4708f-2355-4762-bed4-6feaf9affaac', 'code': 200}
2026-06-02 13:27:59.287 10 INFO neutron.plugins.ml2.plugin [None req-1ea71cf8-cd83-4e90-a345-74025391cdc6 - - - - - -] No ports have port_id starting with 2db4708f-2355-4762-bed4-6feaf9affaac
2026-06-02 13:28:00.682 9 INFO neutron.plugins.ml2.plugin [None req-1ea71cf8-cd83-4e90-a345-74025391cdc6 - - - - - -] Attempt 1 to provision port 2cd7a7a5-d689-409d-baf7-15ce8895c338
2026-06-02 13:28:00.900 9 INFO neutron.plugins.ml2.plugin [None req-986e9aca-03d2-4bd3-a947-ba6d71b01a15 - - - - - -] Attempt 1 to provision port 1d7a95cf-b1ea-41c0-9884-12fea500109f
2026-06-02 13:28:01.369 9 INFO neutron.plugins.ml2.plugin [None req-1ea71cf8-cd83-4e90-a345-74025391cdc6 - - - - - -] Attempt 1 to provision port 1d7a95cf-b1ea-41c0-9884-12fea500109f
2026-06-02 13:28:01.377 10 INFO neutron.plugins.ml2.plugin [None req-c0042960-70bc-4877-92ac-576d2d3e830a - - - - - -] Attempt 1 to provision port 2cd7a7a5-d689-409d-baf7-15ce8895c338
2026-06-02 13:28:01.760 10 INFO neutron.plugins.ml2.plugin [None req-7eef6c07-0bc3-45d9-a878-85f9a8d4aaa1 - - - - - -] Attempt 1 to provision port 0ea7ece2-adea-4545-9a57-e541afd09a15
2026-06-02 13:28:02.221 9 INFO neutron.plugins.ml2.plugin [None req-350bf9dc-6758-43d8-b675-b1d0d4c44c51 - - - - - -] Attempt 1 to provision port 0ea7ece2-adea-4545-9a57-e541afd09a15
2026-06-02 13:28:02.693 10 INFO neutron.plugins.ml2.plugin [None req-1ea71cf8-cd83-4e90-a345-74025391cdc6 - - - - - -] Attempt 1 to provision port 1d7a95cf-b1ea-41c0-9884-12fea500109f
2026-06-02 13:28:02.891 10 INFO neutron.plugins.ml2.plugin [None req-782d8e0b-7b2c-4fb0-a1b2-e59b73cc010f - - - - - -] Attempt 1 to provision port 60608d0d-440a-482f-8c59-fdee48bcd9c3
2026-06-02 13:28:03.122 10 INFO neutron.plugins.ml2.plugin [None req-1ea71cf8-cd83-4e90-a345-74025391cdc6 - - - - - -] Attempt 1 to provision port 2cd7a7a5-d689-409d-baf7-15ce8895c338
2026-06-02 13:28:03.349 9 INFO neutron.plugins.ml2.plugin [None req-f7ab3fff-be1e-4115-894c-6ff28e39e29a - - - - - -] Attempt 1 to provision port 60608d0d-440a-482f-8c59-fdee48bcd9c3 /var/lib/openstack/lib/python3.10/site-packages/oslo_db/sqlalchemy/enginefacade.py:667: SAWarning: DELETE statement on table 'portsecuritybindings' expected to delete 1 row(s); 0 were matched. Please set confirm_deleted_rows=False within the mapper configuration to prevent this warning. self.session.flush() /var/lib/openstack/lib/python3.10/site-packages/oslo_db/sqlalchemy/enginefacade.py:667: SAWarning: DELETE statement on table 'ml2_port_bindings' expected to delete 1 row(s); 0 were matched. Please set confirm_deleted_rows=False within the mapper configuration to prevent this warning. self.session.flush() /var/lib/openstack/lib/python3.10/site-packages/oslo_db/sqlalchemy/enginefacade.py:667: SAWarning: DELETE statement on table 'ml2_port_binding_levels' expected to delete 1 row(s); 0 were matched. Please set confirm_deleted_rows=False within the mapper configuration to prevent this warning. self.session.flush() /var/lib/openstack/lib/python3.10/site-packages/oslo_db/sqlalchemy/enginefacade.py:667: SAWarning: DELETE statement on table 'ports' expected to delete 1 row(s); 0 were matched. Please set confirm_deleted_rows=False within the mapper configuration to prevent this warning. self.session.flush()
2026-06-02 13:28:05.322 10 INFO neutron.plugins.ml2.plugin [None req-c9140672-6f66-4802-b8e1-07a97d1792de - - - - - -] Attempt 1 to provision port 8dfa0de0-2c13-44cd-b46c-b1a3e57440dd
2026-06-02 13:28:08.620 10 INFO neutron.plugins.ml2.plugin [None req-1ea71cf8-cd83-4e90-a345-74025391cdc6 - - - - - -] Attempt 1 to provision port 8dfa0de0-2c13-44cd-b46c-b1a3e57440dd
2026-06-02 13:28:08.810 10 INFO neutron.notifiers.nova [-] Nova event matching ['req-0577e45a-d376-4137-a0e2-e2589b9a28de'] response: {'server_uuid': '23941f5d-832f-4306-b33a-e5815ccf7535', 'name': 'network-vif-plugged', 'status': 'completed', 'tag': '8dfa0de0-2c13-44cd-b46c-b1a3e57440dd', 'code': 200}
2026-06-02 13:28:10.638 9 INFO neutron.plugins.ml2.plugin [None req-1ea71cf8-cd83-4e90-a345-74025391cdc6 - - - - - -] Attempt 1 to provision port 8dfa0de0-2c13-44cd-b46c-b1a3e57440dd
2026-06-02 13:28:10.724 10 INFO neutron.plugins.ml2.plugin [None req-8d65a6ba-8079-4c09-9f00-0ca37076e087 - - - - - -] Attempt 1 to provision port df1893c8-533b-4f73-ad5e-a015ba556791
2026-06-02 13:28:11.000 9 INFO neutron.plugins.ml2.plugin [None req-1ea71cf8-cd83-4e90-a345-74025391cdc6 - - - - - -] Attempt 1 to provision port df1893c8-533b-4f73-ad5e-a015ba556791
2026-06-02 13:28:11.547 9 INFO neutron.plugins.ml2.plugin [None req-c6f260b0-509d-4b33-a7f2-bdacb1aea960 - - - - - -] Attempt 1 to provision port 8aa08c82-cb10-4873-85a5-aacf0bff97a4
2026-06-02 13:28:12.289 10 INFO neutron.plugins.ml2.plugin [None req-a41cc833-9d67-494a-89d7-d5304dfadbaa - - - - - -] Attempt 1 to provision port 8aa08c82-cb10-4873-85a5-aacf0bff97a4
2026-06-02 13:28:12.566 9 INFO neutron.plugins.ml2.plugin [None req-1ea71cf8-cd83-4e90-a345-74025391cdc6 - - - - - -] Attempt 1 to provision port 4bf6037e-0968-47a6-b485-72fb5f247ae3
2026-06-02 13:28:13.000 9 INFO neutron.plugins.ml2.plugin [None req-1ea71cf8-cd83-4e90-a345-74025391cdc6 - - - - - -] Attempt 1 to provision port df1893c8-533b-4f73-ad5e-a015ba556791
2026-06-02 13:28:13.257 9 INFO neutron.plugins.ml2.plugin [None req-1ea71cf8-cd83-4e90-a345-74025391cdc6 - - - - - -] Attempt 1 to provision port 1d249bc3-f5be-4e12-9b06-548ceecb7407
2026-06-02 13:28:13.565 9 INFO neutron.plugins.ml2.plugin [None req-1ea71cf8-cd83-4e90-a345-74025391cdc6 - - - - - -] Attempt 1 to provision port 36ef5e29-88c8-41ce-989d-cd9be4127171
2026-06-02 13:28:14.587 10 INFO neutron.plugins.ml2.plugin [None req-1ea71cf8-cd83-4e90-a345-74025391cdc6 - - - - - -] Attempt 1 to provision port 81f8140e-b572-4c26-a46b-f7a0ec63e52f
2026-06-02 13:28:14.979 10 INFO neutron.plugins.ml2.plugin [None req-1ea71cf8-cd83-4e90-a345-74025391cdc6 - - - - - -] Attempt 1 to provision port 4bf6037e-0968-47a6-b485-72fb5f247ae3
2026-06-02 13:28:15.332 10 INFO neutron.plugins.ml2.plugin [None req-1ea71cf8-cd83-4e90-a345-74025391cdc6 - - - - - -] Attempt 1 to provision port 1d249bc3-f5be-4e12-9b06-548ceecb7407
2026-06-02 13:28:15.768 10 INFO neutron.plugins.ml2.plugin [None req-1ea71cf8-cd83-4e90-a345-74025391cdc6 - - - - - -] Attempt 1 to provision port 36ef5e29-88c8-41ce-989d-cd9be4127171
2026-06-02 13:28:16.529 10 INFO neutron.plugins.ml2.plugin [None req-1ea71cf8-cd83-4e90-a345-74025391cdc6 - - - - - -] Attempt 1 to provision port 81f8140e-b572-4c26-a46b-f7a0ec63e52f
2026-06-02 13:28:17.994 9 INFO neutron.plugins.ml2.plugin [None req-f2780d05-6711-4ce2-8409-fdede768ce38 - - - - - -] Attempt 1 to provision port 989a84e0-f20f-47be-974a-4a76fb63ea5a
2026-06-02 13:28:18.146 10 INFO neutron.plugins.ml2.plugin [None req-0f87dc2c-4947-42ba-b35e-35e1081ebcf9 - - - - - -] Attempt 1 to provision port f5790d02-a008-4379-8002-4673e73c127d
2026-06-02 13:28:18.499 10 INFO neutron.plugins.ml2.plugin [None req-8403bd9b-aa4c-4b82-99e9-546c964d73c9 - - - - - -] Attempt 1 to provision port 2cf813d0-735e-4580-b228-124d80472ed4
2026-06-02 13:28:18.576 9 INFO neutron.plugins.ml2.plugin [None req-1ea71cf8-cd83-4e90-a345-74025391cdc6 - - - - - -] Attempt 1 to provision port f5790d02-a008-4379-8002-4673e73c127d
2026-06-02 13:28:19.449 9 INFO neutron.plugins.ml2.plugin [None req-c9996900-bb4f-4de3-a6c2-1475d822e5d3 - - - - - -] Attempt 1 to provision port 46e774d7-c385-4e0a-aef6-65acf9398617
2026-06-02 13:28:19.992 10 INFO neutron.plugins.ml2.plugin [None req-a11ce2f6-83ef-4c52-9fd2-d085668c6685 - - - - - -] Attempt 1 to provision port 46e774d7-c385-4e0a-aef6-65acf9398617
2026-06-02 13:28:20.544 9 INFO neutron.plugins.ml2.plugin [None req-1ea71cf8-cd83-4e90-a345-74025391cdc6 - - - - - -] Attempt 1 to provision port f5790d02-a008-4379-8002-4673e73c127d
2026-06-02 13:28:24.581 10 INFO neutron.plugins.ml2.plugin [None req-1ea71cf8-cd83-4e90-a345-74025391cdc6 - - - - - -] Attempt 1 to provision port 2cf813d0-735e-4580-b228-124d80472ed4
2026-06-02 13:28:24.731 10 INFO neutron.notifiers.nova [-] Nova event matching ['req-1fdc7340-27cf-4bf1-a873-22148def23e1'] response: {'server_uuid': '7de5fdd0-7747-471d-bfbf-f1f172d7dd27', 'name': 'network-vif-plugged', 'status': 'completed', 'tag': '2cf813d0-735e-4580-b228-124d80472ed4', 'code': 200}
2026-06-02 13:28:24.871 10 INFO neutron.plugins.ml2.plugin [None req-32acbee5-8b51-4a04-be01-e7115429a9ac - - - - - -] Attempt 1 to provision port 44dbfa91-8732-4096-b15d-21f8fc2b3dc7
2026-06-02 13:28:26.595 9 INFO neutron.plugins.ml2.plugin [None req-1ea71cf8-cd83-4e90-a345-74025391cdc6 - - - - - -] Attempt 1 to provision port 2cf813d0-735e-4580-b228-124d80472ed4
2026-06-02 13:28:27.971 10 INFO neutron.plugins.ml2.plugin [None req-525528bc-ac85-4631-9cd6-65e19a474e2b - - - - - -] Attempt 1 to provision port 10d1a4f3-8901-4aad-8a8c-b3d044b9a065
2026-06-02 13:28:32.644 10 INFO neutron.plugins.ml2.plugin [None req-1ea71cf8-cd83-4e90-a345-74025391cdc6 - - - - - -] Attempt 1 to provision port 1fec02a7-746e-4b20-b194-879483db2f94
2026-06-02 13:28:34.269 10 INFO neutron.plugins.ml2.plugin [None req-7483568c-2eea-42e9-bd5e-e1dc56a97e3f - - - - - -] Attempt 1 to provision port 312d010b-a964-44da-87c2-d4131efa473a
2026-06-02 13:28:34.567 10 INFO neutron.plugins.ml2.plugin [None req-7483568c-2eea-42e9-bd5e-e1dc56a97e3f - - - - - -] Attempt 1 to provision port e3957ed1-7cb3-487f-8579-39c146206ae4
2026-06-02 13:28:34.674 9 INFO neutron.plugins.ml2.plugin [None req-1ea71cf8-cd83-4e90-a345-74025391cdc6 - - - - - -] Attempt 1 to provision port 1fec02a7-746e-4b20-b194-879483db2f94
2026-06-02 13:28:34.938 9 INFO neutron.plugins.ml2.plugin [None req-1ea71cf8-cd83-4e90-a345-74025391cdc6 - - - - - -] Attempt 1 to provision port 312d010b-a964-44da-87c2-d4131efa473a
2026-06-02 13:28:35.361 10 INFO neutron.plugins.ml2.plugin [None req-163007d3-3cc2-4f35-ae34-d59e71e8ad41 - - - - - -] Attempt 1 to provision port e3957ed1-7cb3-487f-8579-39c146206ae4
2026-06-02 13:28:35.730 9 INFO neutron.plugins.ml2.plugin [None req-f92b8b47-c95f-475c-b8a8-db19f141c807 - - - - - -] Attempt 1 to provision port e3957ed1-7cb3-487f-8579-39c146206ae4
2026-06-02 13:28:36.656 9 INFO neutron.plugins.ml2.plugin [None req-1ea71cf8-cd83-4e90-a345-74025391cdc6 - - - - - -] Attempt 1 to provision port 312d010b-a964-44da-87c2-d4131efa473a
2026-06-02 13:28:39.207 9 INFO neutron.plugins.ml2.plugin [None req-c15b8f65-0a6c-408a-b0f7-969b43a8de28 - - - - - -] Attempt 1 to provision port a7339119-48c3-4594-980b-dce3a7fb21ba
2026-06-02 13:28:40.585 9 INFO neutron.plugins.ml2.plugin [None req-1ea71cf8-cd83-4e90-a345-74025391cdc6 - - - - - -] Attempt 1 to provision port a7339119-48c3-4594-980b-dce3a7fb21ba
2026-06-02 13:28:40.716 9 INFO neutron.notifiers.nova [-] Nova event matching ['req-0f7590bb-cbc0-4fbb-a0bf-0e6a6d405204'] response: {'server_uuid': '43c71bd0-9745-46f0-a010-34a75ce218a4', 'name': 'network-vif-plugged', 'status': 'completed', 'tag': 'a7339119-48c3-4594-980b-dce3a7fb21ba', 'code': 200}
2026-06-02 13:28:41.785 10 INFO neutron.plugins.ml2.plugin [None req-39b5f0c6-800e-43dc-a7e5-00a9b29abc95 - - - - - -] Attempt 1 to provision port 900a0b7a-777e-4ded-af29-ef99657d6404
2026-06-02 13:28:42.712 10 INFO neutron.plugins.ml2.plugin [None req-1ea71cf8-cd83-4e90-a345-74025391cdc6 - - - - - -] Attempt 1 to provision port a7339119-48c3-4594-980b-dce3a7fb21ba
2026-06-02 13:28:42.743 9 INFO neutron.plugins.ml2.plugin [None req-ec2f3fb5-41e6-4179-94cf-a6dc77cfb5b7 - - - - - -] Attempt 1 to provision port 4b16c2ee-31c2-4e5c-863c-5e1a52bd5de5
2026-06-02 13:28:43.271 10 INFO neutron.plugins.ml2.plugin [None req-1ea71cf8-cd83-4e90-a345-74025391cdc6 - - - - - -] Attempt 1 to provision port 4b16c2ee-31c2-4e5c-863c-5e1a52bd5de5
2026-06-02 13:28:48.599 10 INFO neutron.plugins.ml2.plugin [None req-1ea71cf8-cd83-4e90-a345-74025391cdc6 - - - - - -] Attempt 1 to provision port 10d1a4f3-8901-4aad-8a8c-b3d044b9a065
2026-06-02 13:28:48.914 10 INFO neutron.plugins.ml2.plugin [None req-1ea71cf8-cd83-4e90-a345-74025391cdc6 - - - - - -] Attempt 1 to provision port e3957ed1-7cb3-487f-8579-39c146206ae4
2026-06-02 13:28:50.602 9 INFO neutron.plugins.ml2.plugin [None req-1ea71cf8-cd83-4e90-a345-74025391cdc6 - - - - - -] Attempt 1 to provision port 10d1a4f3-8901-4aad-8a8c-b3d044b9a065
2026-06-02 13:28:50.798 9 INFO neutron.plugins.ml2.plugin [None req-1ea71cf8-cd83-4e90-a345-74025391cdc6 - - - - - -] Attempt 1 to provision port e3957ed1-7cb3-487f-8579-39c146206ae4
2026-06-02 13:28:54.165 10 INFO neutron.plugins.ml2.plugin [None req-1ac464db-ce19-4b09-8bd9-3b03c6fc84e1 - - - - - -] Attempt 1 to provision port bdb546e4-b9d7-43ee-8c74-a37a97113109
2026-06-02 13:28:54.631 9 INFO neutron.plugins.ml2.plugin [None req-1ea71cf8-cd83-4e90-a345-74025391cdc6 - - - - - -] Attempt 1 to provision port c1c64e31-9f54-47ec-8c54-edb4a4ed13e1
2026-06-02 13:28:54.927 9 INFO neutron.plugins.ml2.plugin [None req-7832212e-c385-44f9-801f-f166d7d7f1c6 - - - - - -] Attempt 1 to provision port c1c64e31-9f54-47ec-8c54-edb4a4ed13e1
2026-06-02 13:28:56.178 9 INFO neutron.plugins.ml2.plugin [None req-212e1516-691e-4299-a604-14d7fab6f428 - - - - - -] Attempt 1 to provision port 1e016641-b866-4b46-83a2-0d2053dbd952
2026-06-02 13:28:56.543 9 INFO neutron.plugins.ml2.plugin [None req-f72479e8-3574-4a15-be4e-943355783310 - - - - - -] Attempt 1 to provision port 20f35455-a5bd-4a1c-9b70-42308693747f
2026-06-02 13:28:56.567 10 INFO neutron.plugins.ml2.plugin [None req-1ea71cf8-cd83-4e90-a345-74025391cdc6 - - - - - -] Attempt 1 to provision port c1c64e31-9f54-47ec-8c54-edb4a4ed13e1
2026-06-02 13:28:57.498 10 INFO neutron.plugins.ml2.plugin [None req-75542fa9-a5c0-4ab4-825e-57f162204531 - - - - - -] Attempt 1 to provision port 20f35455-a5bd-4a1c-9b70-42308693747f
2026-06-02 13:28:58.666 9 INFO neutron.plugins.ml2.plugin [None req-1ea71cf8-cd83-4e90-a345-74025391cdc6 - - - - - -] Attempt 1 to provision port 1e016641-b866-4b46-83a2-0d2053dbd952
2026-06-02 13:28:58.831 9 INFO neutron.notifiers.nova [-] Nova event matching ['req-f59a4440-1697-4d53-a161-45808e5383c1'] response: {'server_uuid': 'de6a049a-01b5-4a50-b5b2-95944f9752ac', 'name': 'network-vif-plugged', 'status': 'completed', 'tag': '1e016641-b866-4b46-83a2-0d2053dbd952', 'code': 200}
2026-06-02 13:28:59.261 9 INFO neutron.plugins.ml2.plugin [None req-1ea71cf8-cd83-4e90-a345-74025391cdc6 - - - - - -] Attempt 1 to provision port 8c3db4c9-8007-4aeb-ae54-94866e884fae
2026-06-02 13:29:00.071 9 INFO neutron.plugins.ml2.plugin [None req-b764691f-fcfe-4060-afad-a9acfc669457 - - - - - -] Attempt 1 to provision port 259ce0b9-2755-417f-98a8-b3ee29ccdd95
2026-06-02 13:29:00.555 9 INFO neutron.plugins.ml2.plugin [None req-d333abd2-77dd-48c8-b6c5-6d2cd6f0e7f8 - - - - - -] Attempt 1 to provision port 3393a1e5-c406-41f7-9d7f-44fa9124f39d
2026-06-02 13:29:00.813 10 INFO neutron.plugins.ml2.plugin [None req-1ea71cf8-cd83-4e90-a345-74025391cdc6 - - - - - -] Attempt 1 to provision port 8c3db4c9-8007-4aeb-ae54-94866e884fae
2026-06-02 13:29:01.219 10 INFO neutron.plugins.ml2.plugin [None req-1ea71cf8-cd83-4e90-a345-74025391cdc6 - - - - - -] Attempt 1 to provision port 259ce0b9-2755-417f-98a8-b3ee29ccdd95
2026-06-02 13:29:01.419 10 INFO neutron.plugins.ml2.plugin [None req-a7293e4b-d6ef-4daa-8fa6-9ee3e703266f - - - - - -] Attempt 1 to provision port d1c99e03-82b5-431f-9789-9e0b314d9f47
2026-06-02 13:29:01.552 10 INFO neutron.plugins.ml2.plugin [None req-1ea71cf8-cd83-4e90-a345-74025391cdc6 - - - - - -] Attempt 1 to provision port 1e016641-b866-4b46-83a2-0d2053dbd952
2026-06-02 13:29:01.921 10 INFO neutron.plugins.ml2.plugin [None req-1ea71cf8-cd83-4e90-a345-74025391cdc6 - - - - - -] Attempt 1 to provision port 3393a1e5-c406-41f7-9d7f-44fa9124f39d
2026-06-02 13:29:02.196 10 INFO neutron.plugins.ml2.plugin [None req-8e911dba-2bec-4be2-95c1-39345173b830 - - - - - -] Attempt 1 to provision port d1c99e03-82b5-431f-9789-9e0b314d9f47
2026-06-02 13:29:02.663 9 INFO neutron.plugins.ml2.plugin [None req-1ea71cf8-cd83-4e90-a345-74025391cdc6 - - - - - -] Attempt 1 to provision port 3393a1e5-c406-41f7-9d7f-44fa9124f39d
2026-06-02 13:29:02.700 10 INFO neutron.plugins.ml2.plugin [None req-189c07f8-2b28-4a7e-9d84-99d29db5729c - - - - - -] Attempt 1 to provision port b53eade2-61b9-45ec-8308-07b43a10b952
2026-06-02 13:29:02.946 9 INFO neutron.plugins.ml2.plugin [None req-1ea71cf8-cd83-4e90-a345-74025391cdc6 - - - - - -] Attempt 1 to provision port 259ce0b9-2755-417f-98a8-b3ee29ccdd95
2026-06-02 13:29:03.300 9 INFO neutron.plugins.ml2.plugin [None req-04957686-93c2-4e78-bc7a-f99868ca69f4 - - - - - -] Attempt 1 to provision port 56c5498d-7f04-40cb-ab66-2090246c61d1
2026-06-02 13:29:03.963 9 INFO neutron.plugins.ml2.plugin [None req-11996ae6-07d1-4b54-87db-ad8ac2617116 - - - - - -] Attempt 1 to provision port 56c5498d-7f04-40cb-ab66-2090246c61d1
2026-06-02 13:29:04.748 10 INFO neutron.plugins.ml2.plugin [None req-1ea71cf8-cd83-4e90-a345-74025391cdc6 - - - - - -] Attempt 1 to provision port b53eade2-61b9-45ec-8308-07b43a10b952
2026-06-02 13:29:05.152 10 INFO neutron.notifiers.nova [-] Nova event matching ['req-f9aeab07-00ab-4fb9-b283-116f840b4e31'] response: {'server_uuid': 'ac1c3e84-1e67-4d4d-bdbe-7acaefd910d6', 'name': 'network-vif-plugged', 'status': 'completed', 'tag': 'b53eade2-61b9-45ec-8308-07b43a10b952', 'code': 200}
2026-06-02 13:29:06.713 9 INFO neutron.plugins.ml2.plugin [None req-1ea71cf8-cd83-4e90-a345-74025391cdc6 - - - - - -] Attempt 1 to provision port b53eade2-61b9-45ec-8308-07b43a10b952
2026-06-02 13:29:08.146 9 INFO neutron.plugins.ml2.plugin [None req-b19f986e-6957-4922-a84f-c9fb5329f347 - - - - - -] Attempt 1 to provision port a050d900-9f0f-4234-9b21-4d3488bdb27d
2026-06-02 13:29:10.966 9 INFO neutron.plugins.ml2.plugin [None req-1ea71cf8-cd83-4e90-a345-74025391cdc6 - - - - - -] Attempt 1 to provision port a050d900-9f0f-4234-9b21-4d3488bdb27d
2026-06-02 13:29:11.136 9 INFO neutron.notifiers.nova [-] Nova event matching ['req-85702692-8ac4-45d0-b5df-1138e5e30579'] response: {'server_uuid': 'dede4575-0f9e-4e88-bed9-17c860827eac', 'name': 'network-vif-plugged', 'status': 'completed', 'tag': 'a050d900-9f0f-4234-9b21-4d3488bdb27d', 'code': 200}
2026-06-02 13:29:11.582 9 INFO neutron.plugins.ml2.plugin [None req-1ea71cf8-cd83-4e90-a345-74025391cdc6 - - - - - -] Attempt 1 to provision port a7111536-ccd5-49a4-b3b2-47ac71c61d45
2026-06-02 13:29:11.938 9 INFO neutron.plugins.ml2.plugin [None req-c3ffbc3e-b565-487c-93c9-c0fa0b7fc958 - - - - - -] Attempt 1 to provision port a7111536-ccd5-49a4-b3b2-47ac71c61d45
2026-06-02 13:29:12.020 9 INFO neutron.plugins.ml2.plugin [None req-c3ffbc3e-b565-487c-93c9-c0fa0b7fc958 - - - - - -] Attempt 1 to provision port 0281e5e0-048d-4447-a089-a012a59de448
2026-06-02 13:29:12.575 10 INFO neutron.plugins.ml2.plugin [None req-b2145c29-9c9e-497b-adbe-b70e506d6e2b - - - - - -] Attempt 1 to provision port 0281e5e0-048d-4447-a089-a012a59de448
2026-06-02 13:29:12.601 9 INFO neutron.plugins.ml2.plugin [None req-1ea71cf8-cd83-4e90-a345-74025391cdc6 - - - - - -] Attempt 1 to provision port a050d900-9f0f-4234-9b21-4d3488bdb27d
2026-06-02 13:29:12.979 9 INFO neutron.plugins.ml2.plugin [None req-1ea71cf8-cd83-4e90-a345-74025391cdc6 - - - - - -] Attempt 1 to provision port a7111536-ccd5-49a4-b3b2-47ac71c61d45
2026-06-02 13:29:13.356 9 INFO neutron.plugins.ml2.plugin [None req-ec7d5dc2-7356-4687-ae9e-8bfe10da49de - - - - - -] Attempt 1 to provision port 0281e5e0-048d-4447-a089-a012a59de448 /var/lib/openstack/lib/python3.10/site-packages/oslo_db/sqlalchemy/enginefacade.py:667: SAWarning: DELETE statement on table 'portsecuritybindings' expected to delete 1 row(s); 0 were matched. Please set confirm_deleted_rows=False within the mapper configuration to prevent this warning. self.session.flush() /var/lib/openstack/lib/python3.10/site-packages/oslo_db/sqlalchemy/enginefacade.py:667: SAWarning: DELETE statement on table 'ml2_port_bindings' expected to delete 1 row(s); 0 were matched. Please set confirm_deleted_rows=False within the mapper configuration to prevent this warning. self.session.flush() /var/lib/openstack/lib/python3.10/site-packages/oslo_db/sqlalchemy/enginefacade.py:667: SAWarning: DELETE statement on table 'ml2_port_binding_levels' expected to delete 1 row(s); 0 were matched. Please set confirm_deleted_rows=False within the mapper configuration to prevent this warning. self.session.flush() /var/lib/openstack/lib/python3.10/site-packages/oslo_db/sqlalchemy/enginefacade.py:667: SAWarning: DELETE statement on table 'ports' expected to delete 1 row(s); 0 were matched. Please set confirm_deleted_rows=False within the mapper configuration to prevent this warning. self.session.flush()
2026-06-02 13:29:18.908 10 INFO neutron.plugins.ml2.plugin [None req-1ea71cf8-cd83-4e90-a345-74025391cdc6 - - - - - -] Attempt 1 to provision port c6a2e496-cdce-44c1-ae25-7ffcf87aeb9b
2026-06-02 13:29:19.844 10 INFO neutron.plugins.ml2.plugin [None req-44045248-51e9-4b5b-b61b-3cce80301f9e - - - - - -] Attempt 1 to provision port c6a2e496-cdce-44c1-ae25-7ffcf87aeb9b
2026-06-02 13:29:20.613 9 INFO neutron.plugins.ml2.plugin [None req-1ea71cf8-cd83-4e90-a345-74025391cdc6 - - - - - -] Attempt 1 to provision port c6a2e496-cdce-44c1-ae25-7ffcf87aeb9b
2026-06-02 13:29:20.926 9 INFO neutron.plugins.ml2.plugin [None req-a320410d-dca9-4e67-9fb2-cf73eafb3be2 - - - - - -] Attempt 1 to provision port 0881dd81-608f-4e1e-8909-9afe01192c51
2026-06-02 13:29:21.273 9 INFO neutron.plugins.ml2.plugin [None req-539a0855-eb45-4b70-b586-8d20470ae990 - - - - - -] Attempt 1 to provision port 0881dd81-608f-4e1e-8909-9afe01192c51
2026-06-02 13:29:25.850 10 INFO neutron.plugins.ml2.plugin [None req-ff4f2912-b4df-4134-80a1-b823586f6b2d - - - - - -] Attempt 1 to provision port 4d415374-ccea-41e7-92b4-5291e0d9000f
2026-06-02 13:29:39.238 10 INFO neutron.plugins.ml2.plugin [None req-fe631ab8-9507-4959-b87f-1b54b7560061 - - - - - -] Attempt 1 to provision port a6418981-2791-47c3-8339-c34ccd4db7d7
2026-06-02 13:29:42.793 10 INFO neutron.plugins.ml2.plugin [None req-1ea71cf8-cd83-4e90-a345-74025391cdc6 - - - - - -] Attempt 1 to provision port a6418981-2791-47c3-8339-c34ccd4db7d7
2026-06-02 13:29:42.936 10 INFO neutron.notifiers.nova [-] Nova event matching ['req-1a26deaa-04c5-4797-8077-8eee686dd082'] response: {'server_uuid': 'de6a049a-01b5-4a50-b5b2-95944f9752ac', 'name': 'network-vif-plugged', 'status': 'completed', 'tag': 'a6418981-2791-47c3-8339-c34ccd4db7d7', 'code': 200}
2026-06-02 13:29:44.847 9 INFO neutron.plugins.ml2.plugin [None req-d9e33244-ee77-4406-8cb9-ea5fe7c70313 - - - - - -] Attempt 1 to provision port 5e34b061-db61-43df-a90b-6acdff6b007c
2026-06-02 13:29:44.890 10 INFO neutron.plugins.ml2.plugin [None req-1ea71cf8-cd83-4e90-a345-74025391cdc6 - - - - - -] Attempt 1 to provision port 6988c5de-ec0f-48c1-86fd-b344ca87774f
2026-06-02 13:29:45.439 10 INFO neutron.plugins.ml2.plugin [None req-1ea71cf8-cd83-4e90-a345-74025391cdc6 - - - - - -] Attempt 1 to provision port a6418981-2791-47c3-8339-c34ccd4db7d7
2026-06-02 13:29:45.693 9 INFO neutron.plugins.ml2.plugin [None req-85cb4c55-7c34-433d-859d-a23fa3c94e41 - - - - - -] Attempt 1 to provision port 6988c5de-ec0f-48c1-86fd-b344ca87774f
2026-06-02 13:29:46.773 10 INFO neutron.plugins.ml2.plugin [None req-1ea71cf8-cd83-4e90-a345-74025391cdc6 - - - - - -] Attempt 1 to provision port 137ef363-acdc-4727-ab57-b3c535fa8860
2026-06-02 13:29:46.918 10 INFO neutron.plugins.ml2.db [None req-1ea71cf8-cd83-4e90-a345-74025391cdc6 - - - - - -] No ports have port_id starting with 137ef363-acdc-4727-ab57-b3c535fa8860
2026-06-02 13:29:46.977 10 INFO neutron.plugins.ml2.plugin [None req-1ea71cf8-cd83-4e90-a345-74025391cdc6 - - - - - -] Attempt 1 to provision port 6988c5de-ec0f-48c1-86fd-b344ca87774f
2026-06-02 13:29:48.316 10 INFO neutron.plugins.ml2.plugin [None req-e971e020-4693-42be-9fdf-2c88a1b98bb3 - - - - - -] Attempt 1 to provision port 6c01befe-834f-43e5-8759-f7e3af16b60d
2026-06-02 13:29:48.734 9 INFO neutron.plugins.ml2.plugin [None req-1ea71cf8-cd83-4e90-a345-74025391cdc6 - - - - - -] Attempt 1 to provision port 6c18a31a-04a6-4074-ae50-72a06265d6cd
2026-06-02 13:29:48.991 9 INFO neutron.plugins.ml2.plugin [None req-c8271bd3-d5b5-41b8-b210-9ce5d432be81 - - - - - -] Attempt 1 to provision port 6c01befe-834f-43e5-8759-f7e3af16b60d
2026-06-02 13:29:50.758 10 INFO neutron.plugins.ml2.plugin [None req-1ea71cf8-cd83-4e90-a345-74025391cdc6 - - - - - -] Attempt 1 to provision port 6c18a31a-04a6-4074-ae50-72a06265d6cd
2026-06-02 13:29:51.982 10 INFO neutron.plugins.ml2.plugin [None req-920b2518-af6c-4650-9349-f6163cf804d0 - - - - - -] Attempt 1 to provision port d7f56656-aa49-4ce6-8cfb-b118c1ea4f31
2026-06-02 13:29:52.322 9 INFO neutron.plugins.ml2.plugin [None req-bc076d35-274f-4ac0-b676-2fe2a246b8ac - - - - - -] Attempt 1 to provision port 498810d8-460b-434f-ab6e-ea0ac06eafe2
2026-06-02 13:29:52.649 10 INFO neutron.plugins.ml2.plugin [None req-1ea71cf8-cd83-4e90-a345-74025391cdc6 - - - - - -] Attempt 1 to provision port d7f56656-aa49-4ce6-8cfb-b118c1ea4f31
2026-06-02 13:29:52.905 10 INFO neutron.plugins.ml2.plugin [None req-1ea71cf8-cd83-4e90-a345-74025391cdc6 - - - - - -] Attempt 1 to provision port 2a7e1f5d-3254-4b1c-9ac0-14cc4445d023
