2026-05-11 06:49:01.702 10 INFO neutron.db.ovn_revision_numbers_db [None req-3c58b53c-db68-4321-aa57-eba966d5ed12 8f11e13f652648618d8e2083f01bdc5a d561b5f6f80946029585bce87c82f0af - - default default] Successfully bumped revision number for resource 60872c2d-a7cd-4d3a-ad4e-4986d3d133b7 (type: security_group_rules) to 0
2026-05-11 06:49:01.725 10 INFO neutron.db.ovn_revision_numbers_db [None req-3c58b53c-db68-4321-aa57-eba966d5ed12 8f11e13f652648618d8e2083f01bdc5a d561b5f6f80946029585bce87c82f0af - - default default] Successfully bumped revision number for resource 9a3a5c90-bef4-4406-830b-cb0066743e3d (type: security_group_rules) to 0
2026-05-11 06:49:01.747 10 INFO neutron.db.ovn_revision_numbers_db [None req-3c58b53c-db68-4321-aa57-eba966d5ed12 8f11e13f652648618d8e2083f01bdc5a d561b5f6f80946029585bce87c82f0af - - default default] Successfully bumped revision number for resource ce881e02-9549-4b99-8207-4abe7618300c (type: security_group_rules) to 0
2026-05-11 06:49:01.777 10 INFO neutron.wsgi [None req-3c58b53c-db68-4321-aa57-eba966d5ed12 8f11e13f652648618d8e2083f01bdc5a d561b5f6f80946029585bce87c82f0af - - default default] 10.0.0.246 "GET /v2.0/security-groups?tenant_id=8a3a506f9b7941bcb72f7fe53b6a92fc&name=default HTTP/1.1" status: 200 len: 2996 time: 0.6360178
2026-05-11 06:49:01.825 10 WARNING neutron.scheduler.dhcp_agent_scheduler [None req-a6483b6f-abe3-4a82-90f5-7d515c0c806e c9faf22e63f04e86bbcc0810919d0e56 150742a0ec04455f97eceba53ddd051e - - default default] No more DHCP agents
2026-05-11 06:49:01.827 10 WARNING neutron.api.rpc.agentnotifiers.dhcp_rpc_agent_api [None req-a6483b6f-abe3-4a82-90f5-7d515c0c806e c9faf22e63f04e86bbcc0810919d0e56 150742a0ec04455f97eceba53ddd051e - - default default] Unable to schedule network 12c72541-d89e-43a9-ba62-daaf7d3db394: no agents available; will retry on subsequent port and subnet creation events.
2026-05-11 06:49:02.021 9 INFO neutron.wsgi [None req-cf4e0218-10c6-4b72-9da0-c1c039a25a9d 8f11e13f652648618d8e2083f01bdc5a d561b5f6f80946029585bce87c82f0af - - default default] 10.0.0.246 "DELETE /v2.0/security-groups/6e03e514-f3d1-4e03-8618-2a15a44fddf3 HTTP/1.1" status: 204 len: 168 time: 0.2379911
2026-05-11 06:49:02.025 10 INFO neutron.db.ovn_revision_numbers_db [None req-a6483b6f-abe3-4a82-90f5-7d515c0c806e c9faf22e63f04e86bbcc0810919d0e56 150742a0ec04455f97eceba53ddd051e - - default default] Successfully bumped revision number for resource 1108c9ce-8152-4408-8bdf-00e64c66ebeb (type: ports) to 1
2026-05-11 06:49:02.146 9 INFO neutron.wsgi [None req-d1764ae1-0e9f-4c1a-b842-f860dd55597b 8f11e13f652648618d8e2083f01bdc5a d561b5f6f80946029585bce87c82f0af - - default default] 10.0.0.246 "GET /v2.0/security-groups?tenant_id=7f1d077eb7504d409b5404a2713be69f&name=default HTTP/1.1" status: 200 len: 2996 time: 0.0363240
2026-05-11 06:49:02.341 9 INFO neutron.wsgi [None req-bea9db30-bf6d-45fb-9320-854eec43451e 8f11e13f652648618d8e2083f01bdc5a d561b5f6f80946029585bce87c82f0af - - default default] 10.0.0.246 "DELETE /v2.0/security-groups/081e6a97-d0eb-4704-a8a9-226abf2db155 HTTP/1.1" status: 204 len: 168 time: 0.1888607
2026-05-11 06:49:02.438 9 INFO neutron.plugins.ml2.drivers.ovn.mech_driver.mech_driver [None req-a8ebba4a-593c-42b3-8ae9-66631b2f8142 - - - - - -] OVN reports status up for port: 1108c9ce-8152-4408-8bdf-00e64c66ebeb
2026-05-11 06:49:02.452 9 INFO neutron.plugins.ml2.plugin [None req-a8ebba4a-593c-42b3-8ae9-66631b2f8142 - - - - - -] Attempt 1 to provision port 1108c9ce-8152-4408-8bdf-00e64c66ebeb
2026-05-11 06:49:02.478 10 INFO neutron.db.ovn_revision_numbers_db [None req-a6483b6f-abe3-4a82-90f5-7d515c0c806e c9faf22e63f04e86bbcc0810919d0e56 150742a0ec04455f97eceba53ddd051e - - default default] Successfully bumped revision number for resource 1108c9ce-8152-4408-8bdf-00e64c66ebeb (type: router_ports) to 1
2026-05-11 06:49:02.716 10 INFO neutron.db.ovn_revision_numbers_db [None req-a6483b6f-abe3-4a82-90f5-7d515c0c806e c9faf22e63f04e86bbcc0810919d0e56 150742a0ec04455f97eceba53ddd051e - - default default] Successfully bumped revision number for resource 1108c9ce-8152-4408-8bdf-00e64c66ebeb (type: ports) to 1
2026-05-11 06:49:02.759 9 INFO neutron.db.ovn_revision_numbers_db [None req-1113952f-c9b6-458a-96ab-daba7291a104 8f11e13f652648618d8e2083f01bdc5a d561b5f6f80946029585bce87c82f0af - - default default] Successfully bumped revision number for resource b1c738a8-813e-4f72-b621-190f718f37f5 (type: security_groups) to 1
2026-05-11 06:49:02.781 9 INFO neutron.db.ovn_revision_numbers_db [None req-1113952f-c9b6-458a-96ab-daba7291a104 8f11e13f652648618d8e2083f01bdc5a d561b5f6f80946029585bce87c82f0af - - default default] Successfully bumped revision number for resource 07577bc7-085e-441c-8784-c06c7f7e2c07 (type: security_group_rules) to 0
2026-05-11 06:49:02.806 9 INFO neutron.db.ovn_revision_numbers_db [None req-1113952f-c9b6-458a-96ab-daba7291a104 8f11e13f652648618d8e2083f01bdc5a d561b5f6f80946029585bce87c82f0af - - default default] Successfully bumped revision number for resource 4b35c6d4-e135-4034-991b-029292c541d5 (type: security_group_rules) to 0
2026-05-11 06:49:02.820 10 WARNING neutron.scheduler.dhcp_agent_scheduler [None req-a6483b6f-abe3-4a82-90f5-7d515c0c806e c9faf22e63f04e86bbcc0810919d0e56 150742a0ec04455f97eceba53ddd051e - - default default] No more DHCP agents
2026-05-11 06:49:02.822 10 WARNING neutron.api.rpc.agentnotifiers.dhcp_rpc_agent_api [None req-a6483b6f-abe3-4a82-90f5-7d515c0c806e c9faf22e63f04e86bbcc0810919d0e56 150742a0ec04455f97eceba53ddd051e - - default default] Unable to schedule network 12c72541-d89e-43a9-ba62-daaf7d3db394: no agents available; will retry on subsequent port and subnet creation events.
2026-05-11 06:49:02.823 9 INFO neutron.db.ovn_revision_numbers_db [None req-1113952f-c9b6-458a-96ab-daba7291a104 8f11e13f652648618d8e2083f01bdc5a d561b5f6f80946029585bce87c82f0af - - default default] Successfully bumped revision number for resource d074fa37-2361-4bf4-8f3a-9d5af4bdd823 (type: security_group_rules) to 0
2026-05-11 06:49:02.829 9 INFO neutron.db.ovn_revision_numbers_db [None req-a8ebba4a-593c-42b3-8ae9-66631b2f8142 - - - - - -] Successfully bumped revision number for resource 1108c9ce-8152-4408-8bdf-00e64c66ebeb (type: ports) to 2
2026-05-11 06:49:02.838 9 INFO neutron.db.ovn_revision_numbers_db [None req-1113952f-c9b6-458a-96ab-daba7291a104 8f11e13f652648618d8e2083f01bdc5a d561b5f6f80946029585bce87c82f0af - - default default] Successfully bumped revision number for resource e85ff47a-2123-404d-a61a-9ca4ebb2ee09 (type: security_group_rules) to 0
2026-05-11 06:49:02.874 9 INFO neutron.wsgi [None req-1113952f-c9b6-458a-96ab-daba7291a104 8f11e13f652648618d8e2083f01bdc5a d561b5f6f80946029585bce87c82f0af - - default default] 10.0.0.246 "GET /v2.0/security-groups?tenant_id=3b259ea7e8204dbaa8faff4006007ec5&name=default HTTP/1.1" status: 200 len: 2996 time: 0.3030667
2026-05-11 06:49:02.982 9 INFO neutron.db.ovn_revision_numbers_db [None req-a8ebba4a-593c-42b3-8ae9-66631b2f8142 - - - - - -] Successfully bumped revision number for resource 1108c9ce-8152-4408-8bdf-00e64c66ebeb (type: router_ports) to 2
2026-05-11 06:49:03.062 10 INFO neutron.db.ovn_revision_numbers_db [None req-a6483b6f-abe3-4a82-90f5-7d515c0c806e c9faf22e63f04e86bbcc0810919d0e56 150742a0ec04455f97eceba53ddd051e - - default default] Successfully bumped revision number for resource 1108c9ce-8152-4408-8bdf-00e64c66ebeb (type: router_ports) to 2
2026-05-11 06:49:03.066 10 INFO neutron.wsgi [None req-a6483b6f-abe3-4a82-90f5-7d515c0c806e c9faf22e63f04e86bbcc0810919d0e56 150742a0ec04455f97eceba53ddd051e - - default default] 10.0.0.246 "PUT /v2.0/routers/bf582061-87bd-492b-b447-99d36eac6eb3/add_router_interface HTTP/1.1" status: 200 len: 503 time: 1.7559338
2026-05-11 06:49:03.138 9 INFO neutron.wsgi [None req-be199a7c-22e2-4a94-96e3-7f32675fce18 8f11e13f652648618d8e2083f01bdc5a d561b5f6f80946029585bce87c82f0af - - default default] 10.0.0.246 "DELETE /v2.0/security-groups/b1c738a8-813e-4f72-b621-190f718f37f5 HTTP/1.1" status: 204 len: 168 time: 0.2575324
2026-05-11 06:49:03.199 10 INFO neutron.wsgi [None req-1c0a331f-53ff-47e0-8cb6-ed90f6f73f3e c9faf22e63f04e86bbcc0810919d0e56 150742a0ec04455f97eceba53ddd051e - - default default] 10.0.0.246 "GET /v2.0/ports/1108c9ce-8152-4408-8bdf-00e64c66ebeb HTTP/1.1" status: 200 len: 1137 time: 0.1264024
2026-05-11 06:49:03.239 10 INFO neutron.wsgi [None req-a0b7768a-ccd8-4869-92e6-8ac7745a0e63 c9faf22e63f04e86bbcc0810919d0e56 150742a0ec04455f97eceba53ddd051e - - default default] 10.0.0.246 "GET /v2.0/ports/1108c9ce-8152-4408-8bdf-00e64c66ebeb HTTP/1.1" status: 200 len: 1137 time: 0.0354717
2026-05-11 06:49:03.588 10 INFO neutron.db.ovn_revision_numbers_db [None req-f3723d4e-89de-4689-bda3-93dadfdba06e 8f11e13f652648618d8e2083f01bdc5a d561b5f6f80946029585bce87c82f0af - - default default] Successfully bumped revision number for resource dc623378-8b84-42df-9cdb-81ed705c116a (type: security_groups) to 1
2026-05-11 06:49:03.613 10 INFO neutron.db.ovn_revision_numbers_db [None req-f3723d4e-89de-4689-bda3-93dadfdba06e 8f11e13f652648618d8e2083f01bdc5a d561b5f6f80946029585bce87c82f0af - - default default] Successfully bumped revision number for resource d0bae22f-748e-429f-87b3-1d802f8744ee (type: security_group_rules) to 0
2026-05-11 06:49:03.650 10 INFO neutron.db.ovn_revision_numbers_db [None req-f3723d4e-89de-4689-bda3-93dadfdba06e 8f11e13f652648618d8e2083f01bdc5a d561b5f6f80946029585bce87c82f0af - - default default] Successfully bumped revision number for resource d703d0b3-28c0-44f2-a4a7-a0bb94ca974d (type: security_group_rules) to 0
2026-05-11 06:49:03.671 10 INFO neutron.db.ovn_revision_numbers_db [None req-f3723d4e-89de-4689-bda3-93dadfdba06e 8f11e13f652648618d8e2083f01bdc5a d561b5f6f80946029585bce87c82f0af - - default default] Successfully bumped revision number for resource dd7415ac-8062-4005-a2c7-098d9c940b4b (type: security_group_rules) to 0
2026-05-11 06:49:03.701 10 INFO neutron.db.ovn_revision_numbers_db [None req-f3723d4e-89de-4689-bda3-93dadfdba06e 8f11e13f652648618d8e2083f01bdc5a d561b5f6f80946029585bce87c82f0af - - default default] Successfully bumped revision number for resource eb4eea63-2be3-4818-99b6-dda0cf9bce6f (type: security_group_rules) to 0
2026-05-11 06:49:03.734 10 INFO neutron.wsgi [None req-f3723d4e-89de-4689-bda3-93dadfdba06e 8f11e13f652648618d8e2083f01bdc5a d561b5f6f80946029585bce87c82f0af - - default default] 10.0.0.246 "GET /v2.0/security-groups?tenant_id=8ae49c11cd414acda40b7f4a36672dae&name=default HTTP/1.1" status: 200 len: 2996 time: 0.5310721
2026-05-11 06:49:03.953 9 INFO neutron.wsgi [None req-cbdf4abc-44db-49d3-a49e-0aada7dcde0a 8f11e13f652648618d8e2083f01bdc5a d561b5f6f80946029585bce87c82f0af - - default default] 10.0.0.246 "DELETE /v2.0/security-groups/dc623378-8b84-42df-9cdb-81ed705c116a HTTP/1.1" status: 204 len: 168 time: 0.2130198
2026-05-11 06:49:04.257 10 INFO neutron.wsgi [None req-15233011-155a-4f6c-a4e3-c788b942a6ad c9faf22e63f04e86bbcc0810919d0e56 150742a0ec04455f97eceba53ddd051e - - default default] 10.0.0.246 "PUT /v2.0/routers/bf582061-87bd-492b-b447-99d36eac6eb3/remove_router_interface HTTP/1.1" status: 200 len: 503 time: 1.0120294 /var/lib/openstack/lib/python3.10/site-packages/pycadf/identifier.py:71: UserWarning: Invalid uuid: neutron. To ensure interoperability, identifiers should be a valid uuid. warnings.warn(('Invalid uuid: %s. To ensure interoperability, '
2026-05-11 06:49:04.289 10 INFO neutron.wsgi [None req-e6396c30-3ac6-483f-ba91-ca3eed06bde3 c9faf22e63f04e86bbcc0810919d0e56 150742a0ec04455f97eceba53ddd051e - - default default] 10.0.0.246 "GET /v2.0/ports?device_id=bf582061-87bd-492b-b447-99d36eac6eb3 HTTP/1.1" status: 200 len: 205 time: 0.0284417
2026-05-11 06:49:04.533 9 INFO neutron.wsgi [None req-53a0f8fc-f9f9-431e-a73c-92aaec994514 c9faf22e63f04e86bbcc0810919d0e56 150742a0ec04455f97eceba53ddd051e - - default default] 10.0.0.246 "DELETE /v2.0/routers/bf582061-87bd-492b-b447-99d36eac6eb3 HTTP/1.1" status: 204 len: 168 time: 0.2368739
2026-05-11 06:49:04.760 9 INFO neutron.wsgi [None req-0862262a-1ddf-4778-83bd-9105acc5763a c9faf22e63f04e86bbcc0810919d0e56 150742a0ec04455f97eceba53ddd051e - - default default] 10.0.0.246 "DELETE /v2.0/subnets/8daa5b17-a0e9-47dd-809e-9923aea23a5d HTTP/1.1" status: 204 len: 168 time: 0.2220273
2026-05-11 06:49:05.258 10 INFO neutron.db.ovn_revision_numbers_db [None req-296019c6-a9e5-4b40-a47b-832cca57c35d 8f11e13f652648618d8e2083f01bdc5a d561b5f6f80946029585bce87c82f0af - - default default] Successfully bumped revision number for resource 70dfdce4-0d5c-40fe-8232-cd192f97f998 (type: security_groups) to 1
2026-05-11 06:49:05.282 10 INFO neutron.db.ovn_revision_numbers_db [None req-296019c6-a9e5-4b40-a47b-832cca57c35d 8f11e13f652648618d8e2083f01bdc5a d561b5f6f80946029585bce87c82f0af - - default default] Successfully bumped revision number for resource 834c4eb3-9c47-42a5-8336-ae13a2689e5b (type: security_group_rules) to 0
2026-05-11 06:49:05.304 10 INFO neutron.db.ovn_revision_numbers_db [None req-296019c6-a9e5-4b40-a47b-832cca57c35d 8f11e13f652648618d8e2083f01bdc5a d561b5f6f80946029585bce87c82f0af - - default default] Successfully bumped revision number for resource 9f25b4f0-3645-4c73-a8c7-1437ac4912b5 (type: security_group_rules) to 0
2026-05-11 06:49:05.319 10 INFO neutron.db.ovn_revision_numbers_db [None req-296019c6-a9e5-4b40-a47b-832cca57c35d 8f11e13f652648618d8e2083f01bdc5a d561b5f6f80946029585bce87c82f0af - - default default] Successfully bumped revision number for resource b2fd36cc-401f-4294-8ff2-32e14f2126cc (type: security_group_rules) to 0
2026-05-11 06:49:05.333 10 INFO neutron.db.ovn_revision_numbers_db [None req-296019c6-a9e5-4b40-a47b-832cca57c35d 8f11e13f652648618d8e2083f01bdc5a d561b5f6f80946029585bce87c82f0af - - default default] Successfully bumped revision number for resource e5ad81b1-7152-43e2-a40e-d7529452009f (type: security_group_rules) to 0
2026-05-11 06:49:05.360 10 INFO neutron.wsgi [None req-296019c6-a9e5-4b40-a47b-832cca57c35d 8f11e13f652648618d8e2083f01bdc5a d561b5f6f80946029585bce87c82f0af - - default default] 10.0.0.246 "GET /v2.0/security-groups?tenant_id=c53bbca5b9204afe86dcc2c1474caa17&name=default HTTP/1.1" status: 200 len: 2996 time: 0.4476953
2026-05-11 06:49:05.587 10 INFO neutron.wsgi [None req-d1a4befe-f572-42c7-9bf5-2dfd072f1a7a 8f11e13f652648618d8e2083f01bdc5a d561b5f6f80946029585bce87c82f0af - - default default] 10.0.0.246 "DELETE /v2.0/security-groups/70dfdce4-0d5c-40fe-8232-cd192f97f998 HTTP/1.1" status: 204 len: 168 time: 0.2203526
2026-05-11 06:49:05.631 9 INFO neutron.services.segments.plugin [-] Segment c4299ab5-7acf-4a8b-a8cd-587dd9c2e842 resource provider aggregate not found
2026-05-11 06:49:05.641 9 INFO neutron.services.segments.plugin [-] Segment c4299ab5-7acf-4a8b-a8cd-587dd9c2e842 resource provider aggregate not found
2026-05-11 06:49:05.660 9 INFO neutron.services.segments.plugin [-] Segment c4299ab5-7acf-4a8b-a8cd-587dd9c2e842 resource provider not found; error: Placement Client Error (4xx): {"errors": [{"status": 404, "title": "Not Found", "detail": "The resource could not be found.\n\n No resource provider with uuid c4299ab5-7acf-4a8b-a8cd-587dd9c2e842 found for delete ", "request_id": "req-408f6e06-0266-4095-bd36-ec0ea3fc3881"}]}
2026-05-11 06:49:05.666 9 INFO neutron.services.segments.plugin [-] Segment c4299ab5-7acf-4a8b-a8cd-587dd9c2e842 resource provider not found; error: Placement Client Error (4xx): {"errors": [{"status": 404, "title": "Not Found", "detail": "The resource could not be found.\n\n No resource provider with uuid c4299ab5-7acf-4a8b-a8cd-587dd9c2e842 found for delete ", "request_id": "req-0ca73d33-bb22-40f5-aea1-589d21ef3ea1"}]}
2026-05-11 06:49:05.683 9 INFO neutron.wsgi [None req-4d52fd56-52cf-44ba-ae4f-3a79bd3646c9 c9faf22e63f04e86bbcc0810919d0e56 150742a0ec04455f97eceba53ddd051e - - default default] 10.0.0.246 "DELETE /v2.0/networks/12c72541-d89e-43a9-ba62-daaf7d3db394 HTTP/1.1" status: 204 len: 168 time: 0.9171953
2026-05-11 06:49:05.857 9 INFO neutron.db.ovn_revision_numbers_db [None req-a3b6e159-e36d-4d73-8b13-f6c9f220bce6 8f11e13f652648618d8e2083f01bdc5a d561b5f6f80946029585bce87c82f0af - - default default] Successfully bumped revision number for resource ef3d2209-fa8d-42c4-8ca0-c1c6d47876cc (type: security_groups) to 1
2026-05-11 06:49:05.872 9 INFO neutron.db.ovn_revision_numbers_db [None req-a3b6e159-e36d-4d73-8b13-f6c9f220bce6 8f11e13f652648618d8e2083f01bdc5a d561b5f6f80946029585bce87c82f0af - - default default] Successfully bumped revision number for resource 0053bda7-0a37-48de-ac1c-f4132b8bb67d (type: security_group_rules) to 0
2026-05-11 06:49:05.889 9 INFO neutron.db.ovn_revision_numbers_db [None req-a3b6e159-e36d-4d73-8b13-f6c9f220bce6 8f11e13f652648618d8e2083f01bdc5a d561b5f6f80946029585bce87c82f0af - - default default] Successfully bumped revision number for resource 3302d5ea-409a-4f16-b35d-b2139c1a6b82 (type: security_group_rules) to 0
2026-05-11 06:49:05.908 9 INFO neutron.db.ovn_revision_numbers_db [None req-a3b6e159-e36d-4d73-8b13-f6c9f220bce6 8f11e13f652648618d8e2083f01bdc5a d561b5f6f80946029585bce87c82f0af - - default default] Successfully bumped revision number for resource 507fdbde-7984-4dac-9d04-df7a9de4d4ef (type: security_group_rules) to 0
2026-05-11 06:49:05.923 9 INFO neutron.db.ovn_revision_numbers_db [None req-a3b6e159-e36d-4d73-8b13-f6c9f220bce6 8f11e13f652648618d8e2083f01bdc5a d561b5f6f80946029585bce87c82f0af - - default default] Successfully bumped revision number for resource 7c23c9a0-6109-4bea-aacc-95f4ecccf897 (type: security_group_rules) to 0
2026-05-11 06:49:05.947 9 INFO neutron.wsgi [None req-a3b6e159-e36d-4d73-8b13-f6c9f220bce6 8f11e13f652648618d8e2083f01bdc5a d561b5f6f80946029585bce87c82f0af - - default default] 10.0.0.246 "GET /v2.0/security-groups?tenant_id=b3c619dfe056449389c24e850b45f249&name=default HTTP/1.1" status: 200 len: 2996 time: 0.2110016
2026-05-11 06:49:06.167 9 INFO neutron.wsgi [None req-9fc7029e-68dc-4f65-a8e3-638b98713432 8f11e13f652648618d8e2083f01bdc5a d561b5f6f80946029585bce87c82f0af - - default default] 10.0.0.246 "DELETE /v2.0/security-groups/ef3d2209-fa8d-42c4-8ca0-c1c6d47876cc HTTP/1.1" status: 204 len: 168 time: 0.2071469
2026-05-11 06:49:06.378 10 WARNING neutron.scheduler.dhcp_agent_scheduler [None req-1f21dd83-14b6-4b87-9f32-130ae96ff9c5 c9faf22e63f04e86bbcc0810919d0e56 150742a0ec04455f97eceba53ddd051e - - default default] No more DHCP agents
2026-05-11 06:49:06.382 10 WARNING neutron.api.rpc.agentnotifiers.dhcp_rpc_agent_api [None req-1f21dd83-14b6-4b87-9f32-130ae96ff9c5 c9faf22e63f04e86bbcc0810919d0e56 150742a0ec04455f97eceba53ddd051e - - default default] Unable to schedule network 1135f919-493e-418d-831d-9ad1dc8ea475: no agents available; will retry on subsequent port and subnet creation events.
2026-05-11 06:49:06.574 10 INFO neutron.db.ovn_revision_numbers_db [None req-1f21dd83-14b6-4b87-9f32-130ae96ff9c5 c9faf22e63f04e86bbcc0810919d0e56 150742a0ec04455f97eceba53ddd051e - - default default] Successfully bumped revision number for resource 1fb7e6ee-b128-4358-ac94-1efcbbed9dd3 (type: ports) to 1
2026-05-11 06:49:07.221 10 INFO neutron.plugins.ml2.drivers.ovn.mech_driver.mech_driver [None req-dd688fe9-a96b-48d8-a36e-17e18e12d768 - - - - - -] OVN reports status up for port: 1fb7e6ee-b128-4358-ac94-1efcbbed9dd3
2026-05-11 06:49:07.243 10 INFO neutron.plugins.ml2.plugin [None req-dd688fe9-a96b-48d8-a36e-17e18e12d768 - - - - - -] Attempt 1 to provision port 1fb7e6ee-b128-4358-ac94-1efcbbed9dd3
2026-05-11 06:49:07.275 10 INFO neutron.db.ovn_revision_numbers_db [None req-1f21dd83-14b6-4b87-9f32-130ae96ff9c5 c9faf22e63f04e86bbcc0810919d0e56 150742a0ec04455f97eceba53ddd051e - - default default] Successfully bumped revision number for resource 1fb7e6ee-b128-4358-ac94-1efcbbed9dd3 (type: router_ports) to 1
2026-05-11 06:49:07.396 10 INFO neutron.db.ovn_revision_numbers_db [None req-1f21dd83-14b6-4b87-9f32-130ae96ff9c5 c9faf22e63f04e86bbcc0810919d0e56 150742a0ec04455f97eceba53ddd051e - - default default] Successfully bumped revision number for resource 0fd3ecb4-90d6-452e-bf40-d65665ed6294 (type: routers) to 2
2026-05-11 06:49:07.411 10 INFO neutron.wsgi [None req-1f21dd83-14b6-4b87-9f32-130ae96ff9c5 c9faf22e63f04e86bbcc0810919d0e56 150742a0ec04455f97eceba53ddd051e - - default default] 10.0.0.246 "POST /v2.0/routers HTTP/1.1" status: 201 len: 867 time: 1.7162235
2026-05-11 06:49:07.490 10 INFO neutron.wsgi [None req-472899ca-922d-45e7-8dbc-2b67530d87da c9faf22e63f04e86bbcc0810919d0e56 150742a0ec04455f97eceba53ddd051e - - default default] 10.0.0.246 "GET /v2.0/routers/0fd3ecb4-90d6-452e-bf40-d65665ed6294 HTTP/1.1" status: 200 len: 868 time: 0.0715432
2026-05-11 06:49:07.571 10 INFO neutron.wsgi [None req-1fd25398-f091-47ea-abad-35ae15cf69fb c9faf22e63f04e86bbcc0810919d0e56 150742a0ec04455f97eceba53ddd051e - - default default] 10.0.0.246 "GET /v2.0/routers HTTP/1.1" status: 200 len: 871 time: 0.0742435
2026-05-11 06:49:07.576 9 WARNING neutron.plugins.ml2.drivers.ovn.mech_driver.ovsdb.ovn_client [None req-a8ebba4a-593c-42b3-8ae9-66631b2f8142 - - - - - -] No port found with ID 1108c9ce-8152-4408-8bdf-00e64c66ebeb: RuntimeError: No port found with ID 1108c9ce-8152-4408-8bdf-00e64c66ebeb
2026-05-11 06:49:07.613 9 INFO neutron.db.ovn_revision_numbers_db [None req-44562456-e5d5-40f3-874d-b997c61342b9 17a7ec6eb592409fa03ce35507112eb5 1dce23822f514d83a7f10201a16a7d2f - - default default] Successfully bumped revision number for resource cee4dc66-ea40-40c9-92ee-1b2ac8a19f59 (type: security_groups) to 1
2026-05-11 06:49:07.628 9 INFO neutron.db.ovn_revision_numbers_db [None req-44562456-e5d5-40f3-874d-b997c61342b9 17a7ec6eb592409fa03ce35507112eb5 1dce23822f514d83a7f10201a16a7d2f - - default default] Successfully bumped revision number for resource 4158198d-215a-4452-9b5d-5093aa961b0d (type: security_group_rules) to 0
2026-05-11 06:49:07.670 9 INFO neutron.db.ovn_revision_numbers_db [None req-44562456-e5d5-40f3-874d-b997c61342b9 17a7ec6eb592409fa03ce35507112eb5 1dce23822f514d83a7f10201a16a7d2f - - default default] Successfully bumped revision number for resource b865a83e-c2b8-4b64-a36b-ca1298379450 (type: security_group_rules) to 0
2026-05-11 06:49:07.686 9 INFO neutron.db.ovn_revision_numbers_db [None req-44562456-e5d5-40f3-874d-b997c61342b9 17a7ec6eb592409fa03ce35507112eb5 1dce23822f514d83a7f10201a16a7d2f - - default default] Successfully bumped revision number for resource bd7404d5-7441-48a2-b4e4-98e78e3cb307 (type: security_group_rules) to 0
2026-05-11 06:49:07.702 9 INFO neutron.db.ovn_revision_numbers_db [None req-44562456-e5d5-40f3-874d-b997c61342b9 17a7ec6eb592409fa03ce35507112eb5 1dce23822f514d83a7f10201a16a7d2f - - default default] Successfully bumped revision number for resource e330fc76-69f1-4f80-8bf4-041a588e5d11 (type: security_group_rules) to 0
2026-05-11 06:49:07.756 9 INFO neutron.db.segments_db [None req-44562456-e5d5-40f3-874d-b997c61342b9 17a7ec6eb592409fa03ce35507112eb5 1dce23822f514d83a7f10201a16a7d2f - - default default] Added segment d0be7726-951f-409d-9519-5ab7d6a8b320 of type geneve for network 3b2af10f-4796-4a46-8226-38234a7d4484
2026-05-11 06:49:07.962 9 INFO neutron.db.ovn_revision_numbers_db [None req-44562456-e5d5-40f3-874d-b997c61342b9 17a7ec6eb592409fa03ce35507112eb5 1dce23822f514d83a7f10201a16a7d2f - - default default] Successfully bumped revision number for resource 3b2af10f-4796-4a46-8226-38234a7d4484 (type: networks) to 1
2026-05-11 06:49:08.141 9 WARNING neutron.scheduler.dhcp_agent_scheduler [None req-44562456-e5d5-40f3-874d-b997c61342b9 17a7ec6eb592409fa03ce35507112eb5 1dce23822f514d83a7f10201a16a7d2f - - default default] No more DHCP agents
2026-05-11 06:49:08.143 9 WARNING neutron.api.rpc.agentnotifiers.dhcp_rpc_agent_api [None req-44562456-e5d5-40f3-874d-b997c61342b9 17a7ec6eb592409fa03ce35507112eb5 1dce23822f514d83a7f10201a16a7d2f - - default default] Unable to schedule network 3b2af10f-4796-4a46-8226-38234a7d4484: no agents available; will retry on subsequent port and subnet creation events.
2026-05-11 06:49:08.238 9 INFO neutron.db.ovn_revision_numbers_db [None req-44562456-e5d5-40f3-874d-b997c61342b9 17a7ec6eb592409fa03ce35507112eb5 1dce23822f514d83a7f10201a16a7d2f - - default default] Successfully bumped revision number for resource 10517758-8985-4048-a3ac-067feadb4148 (type: ports) to 1
2026-05-11 06:49:08.263 9 INFO neutron.wsgi [None req-44562456-e5d5-40f3-874d-b997c61342b9 17a7ec6eb592409fa03ce35507112eb5 1dce23822f514d83a7f10201a16a7d2f - - default default] 10.0.0.246 "POST /v2.0/networks HTTP/1.1" status: 201 len: 831 time: 1.0786769
2026-05-11 06:49:08.477 10 INFO neutron.db.ovn_revision_numbers_db [None req-28098fc5-396d-401e-b20c-46d1fcd03e10 b193fefd83d24735bf109520a9a88aa1 4c4e70b7db8f4303a28e98d97f33099f - - default default] Successfully bumped revision number for resource 93e6699a-1912-4e89-9383-2fb5f1d1eb4a (type: routers) to 1
2026-05-11 06:49:08.506 10 INFO neutron.wsgi [None req-28098fc5-396d-401e-b20c-46d1fcd03e10 b193fefd83d24735bf109520a9a88aa1 4c4e70b7db8f4303a28e98d97f33099f - - default default] 10.0.0.246 "POST /v2.0/routers HTTP/1.1" status: 201 len: 654 time: 0.6859083
2026-05-11 06:49:08.559 10 INFO neutron.db.ovn_revision_numbers_db [None req-7c6ab6bb-4f27-41a5-b6a2-e3b5d085a3c6 c9faf22e63f04e86bbcc0810919d0e56 150742a0ec04455f97eceba53ddd051e - - default default] Successfully bumped revision number for resource 0fd3ecb4-90d6-452e-bf40-d65665ed6294 (type: routers) to 3
2026-05-11 06:49:08.562 10 INFO neutron.wsgi [None req-7c6ab6bb-4f27-41a5-b6a2-e3b5d085a3c6 c9faf22e63f04e86bbcc0810919d0e56 150742a0ec04455f97eceba53ddd051e - - default default] 10.0.0.246 "PUT /v2.0/routers/0fd3ecb4-90d6-452e-bf40-d65665ed6294 HTTP/1.1" status: 200 len: 875 time: 0.9826472
2026-05-11 06:49:08.660 9 INFO neutron.wsgi [None req-bb6e24bf-b8a6-4b3a-864f-75afe864cd92 c9faf22e63f04e86bbcc0810919d0e56 150742a0ec04455f97eceba53ddd051e - - default default] 10.0.0.246 "GET /v2.0/routers/0fd3ecb4-90d6-452e-bf40-d65665ed6294 HTTP/1.1" status: 200 len: 875 time: 0.0895264
2026-05-11 06:49:08.688 10 INFO neutron.wsgi [None req-d83a6218-1222-47ad-b6da-60a1da7ce7e7 c9faf22e63f04e86bbcc0810919d0e56 150742a0ec04455f97eceba53ddd051e - - default default] 10.0.0.246 "GET /v2.0/ports?device_id=0fd3ecb4-90d6-452e-bf40-d65665ed6294 HTTP/1.1" status: 200 len: 205 time: 0.0228031
2026-05-11 06:49:08.711 10 INFO neutron.db.ovn_revision_numbers_db [None req-b807c936-fac8-4b2d-8378-8eb1cfac107e b193fefd83d24735bf109520a9a88aa1 4c4e70b7db8f4303a28e98d97f33099f - - default default] Successfully bumped revision number for resource 28bef412-a430-4a86-bbd8-54f3470403b8 (type: routers) to 1
2026-05-11 06:49:08.731 10 INFO neutron.wsgi [None req-b807c936-fac8-4b2d-8378-8eb1cfac107e b193fefd83d24735bf109520a9a88aa1 4c4e70b7db8f4303a28e98d97f33099f - - default default] 10.0.0.246 "POST /v2.0/routers HTTP/1.1" status: 201 len: 654 time: 0.2197855
2026-05-11 06:49:08.910 9 WARNING neutron.scheduler.dhcp_agent_scheduler [None req-7d707666-ee92-4f52-afd1-399c6d8934d9 17a7ec6eb592409fa03ce35507112eb5 1dce23822f514d83a7f10201a16a7d2f - - default default] No more DHCP agents
2026-05-11 06:49:08.914 9 WARNING neutron.api.rpc.agentnotifiers.dhcp_rpc_agent_api [None req-7d707666-ee92-4f52-afd1-399c6d8934d9 17a7ec6eb592409fa03ce35507112eb5 1dce23822f514d83a7f10201a16a7d2f - - default default] Unable to schedule network 1135f919-493e-418d-831d-9ad1dc8ea475: no agents available; will retry on subsequent port and subnet creation events.
2026-05-11 06:49:08.930 10 INFO neutron.db.ovn_revision_numbers_db [None req-31980b4d-4b35-4f89-abe0-a8259c87b481 b193fefd83d24735bf109520a9a88aa1 4c4e70b7db8f4303a28e98d97f33099f - - default default] Successfully bumped revision number for resource 58b846c8-2a68-46da-b75e-03ef99cc2b6a (type: routers) to 1
2026-05-11 06:49:08.949 10 INFO neutron.wsgi [None req-31980b4d-4b35-4f89-abe0-a8259c87b481 b193fefd83d24735bf109520a9a88aa1 4c4e70b7db8f4303a28e98d97f33099f - - default default] 10.0.0.246 "POST /v2.0/routers HTTP/1.1" status: 201 len: 654 time: 0.2130187
2026-05-11 06:49:09.153 10 INFO neutron.db.ovn_revision_numbers_db [None req-26ed1e2b-65e1-4602-b4c2-4913eafd8d38 b193fefd83d24735bf109520a9a88aa1 4c4e70b7db8f4303a28e98d97f33099f - - default default] Successfully bumped revision number for resource 3f7e16b9-b261-4358-a027-450d95d30e66 (type: routers) to 1
2026-05-11 06:49:09.159 9 INFO neutron.db.ovn_revision_numbers_db [None req-7d707666-ee92-4f52-afd1-399c6d8934d9 17a7ec6eb592409fa03ce35507112eb5 1dce23822f514d83a7f10201a16a7d2f - - default default] Successfully bumped revision number for resource 077499d0-7b6b-4268-81ac-58483b8c97a1 (type: ports) to 1
2026-05-11 06:49:09.168 10 INFO neutron.wsgi [None req-26ed1e2b-65e1-4602-b4c2-4913eafd8d38 b193fefd83d24735bf109520a9a88aa1 4c4e70b7db8f4303a28e98d97f33099f - - default default] 10.0.0.246 "POST /v2.0/routers HTTP/1.1" status: 201 len: 654 time: 0.2125697
2026-05-11 06:49:09.346 10 INFO neutron.db.ovn_revision_numbers_db [None req-881f5ee7-2139-401d-9a45-c9c519c72880 b193fefd83d24735bf109520a9a88aa1 4c4e70b7db8f4303a28e98d97f33099f - - default default] Successfully bumped revision number for resource f53c7841-01d4-410f-bcbf-ed373a96abe8 (type: routers) to 1
2026-05-11 06:49:09.362 10 INFO neutron.wsgi [None req-881f5ee7-2139-401d-9a45-c9c519c72880 b193fefd83d24735bf109520a9a88aa1 4c4e70b7db8f4303a28e98d97f33099f - - default default] 10.0.0.246 "POST /v2.0/routers HTTP/1.1" status: 201 len: 654 time: 0.1881263
2026-05-11 06:49:09.418 10 INFO neutron.wsgi [None req-a1ca198b-2d78-453a-8989-c3c2f450881b b193fefd83d24735bf109520a9a88aa1 4c4e70b7db8f4303a28e98d97f33099f - - default default] 10.0.0.246 "PUT /v2.0/routers/93e6699a-1912-4e89-9383-2fb5f1d1eb4a/tags HTTP/1.1" status: 200 len: 210 time: 0.0505836
2026-05-11 06:49:09.480 10 INFO neutron.wsgi [None req-432dbec2-9f81-4858-b13f-8d34ce4de11a b193fefd83d24735bf109520a9a88aa1 4c4e70b7db8f4303a28e98d97f33099f - - default default] 10.0.0.246 "PUT /v2.0/routers/28bef412-a430-4a86-bbd8-54f3470403b8/tags HTTP/1.1" status: 200 len: 218 time: 0.0563011
2026-05-11 06:49:09.528 9 INFO neutron.wsgi [None req-eeb1052e-a867-4b7d-babc-69f2250d4890 c9faf22e63f04e86bbcc0810919d0e56 150742a0ec04455f97eceba53ddd051e - - default default] 10.0.0.246 "DELETE /v2.0/routers/0fd3ecb4-90d6-452e-bf40-d65665ed6294 HTTP/1.1" status: 204 len: 168 time: 0.8340738
2026-05-11 06:49:09.549 10 INFO neutron.wsgi [None req-0cf8ec7a-2b41-4c62-bbbc-0bae20b61e6e b193fefd83d24735bf109520a9a88aa1 4c4e70b7db8f4303a28e98d97f33099f - - default default] 10.0.0.246 "PUT /v2.0/routers/58b846c8-2a68-46da-b75e-03ef99cc2b6a/tags HTTP/1.1" status: 200 len: 227 time: 0.0625486
2026-05-11 06:49:09.562 10 INFO neutron.wsgi [None req-f83e91bf-aa38-4fea-b992-de1666287a23 c9faf22e63f04e86bbcc0810919d0e56 150742a0ec04455f97eceba53ddd051e - - default default] 10.0.0.246 "GET /v2.0/ports?device_id=0fd3ecb4-90d6-452e-bf40-d65665ed6294 HTTP/1.1" status: 200 len: 205 time: 0.0241761
2026-05-11 06:49:09.597 10 INFO neutron.api.v2.resource [None req-ba5babc4-b284-4a14-a77b-e3eb4288fa0c c9faf22e63f04e86bbcc0810919d0e56 150742a0ec04455f97eceba53ddd051e - - default default] delete failed (client error): The resource could not be found.
2026-05-11 06:49:09.598 10 INFO neutron.wsgi [None req-ba5babc4-b284-4a14-a77b-e3eb4288fa0c c9faf22e63f04e86bbcc0810919d0e56 150742a0ec04455f97eceba53ddd051e - - default default] 10.0.0.246 "DELETE /v2.0/routers/0fd3ecb4-90d6-452e-bf40-d65665ed6294 HTTP/1.1" status: 404 len: 336 time: 0.0210147
2026-05-11 06:49:09.621 10 INFO neutron.wsgi [None req-372c2b9f-2729-45ee-a333-b53de788bc8a b193fefd83d24735bf109520a9a88aa1 4c4e70b7db8f4303a28e98d97f33099f - - default default] 10.0.0.246 "PUT /v2.0/routers/3f7e16b9-b261-4358-a027-450d95d30e66/tags HTTP/1.1" status: 200 len: 212 time: 0.0650582
2026-05-11 06:49:09.637 9 INFO neutron.wsgi [None req-a964bc23-c271-4d8a-81b2-617f43e42d42 c9faf22e63f04e86bbcc0810919d0e56 150742a0ec04455f97eceba53ddd051e - - default default] 10.0.0.246 "GET /v2.0/ports?device_id=bf582061-87bd-492b-b447-99d36eac6eb3 HTTP/1.1" status: 200 len: 205 time: 0.0323040
2026-05-11 06:49:09.680 10 INFO neutron.api.v2.resource [None req-64abca08-c911-4c08-a046-97c1c0037cee c9faf22e63f04e86bbcc0810919d0e56 150742a0ec04455f97eceba53ddd051e - - default default] delete failed (client error): The resource could not be found.
2026-05-11 06:49:09.681 10 INFO neutron.wsgi [None req-64abca08-c911-4c08-a046-97c1c0037cee c9faf22e63f04e86bbcc0810919d0e56 150742a0ec04455f97eceba53ddd051e - - default default] 10.0.0.246 "DELETE /v2.0/routers/bf582061-87bd-492b-b447-99d36eac6eb3 HTTP/1.1" status: 404 len: 336 time: 0.0386229
2026-05-11 06:49:09.709 9 INFO neutron.pecan_wsgi.hooks.translation [None req-78fdbd37-d5fd-4868-9135-eb28e9943ef8 c9faf22e63f04e86bbcc0810919d0e56 150742a0ec04455f97eceba53ddd051e - - default default] DELETE failed (client error): The resource could not be found.
2026-05-11 06:49:09.711 9 INFO neutron.wsgi [None req-78fdbd37-d5fd-4868-9135-eb28e9943ef8 c9faf22e63f04e86bbcc0810919d0e56 150742a0ec04455f97eceba53ddd051e - - default default] 10.0.0.246 "DELETE /v2.0/subnets/8daa5b17-a0e9-47dd-809e-9923aea23a5d HTTP/1.1" status: 404 len: 337 time: 0.0211580
2026-05-11 06:49:09.715 10 INFO neutron.wsgi [None req-88aa0275-3552-4197-b25f-f55000e64cce b193fefd83d24735bf109520a9a88aa1 4c4e70b7db8f4303a28e98d97f33099f - - default default] 10.0.0.246 "GET /v2.0/routers?tags=red HTTP/1.1" status: 200 len: 1601 time: 0.0888104
2026-05-11 06:49:09.740 9 INFO neutron.wsgi [None req-8801ba9e-ba07-4d82-94bc-f174cccbacca c9faf22e63f04e86bbcc0810919d0e56 150742a0ec04455f97eceba53ddd051e - - default default] 10.0.0.246 "GET /v2.0/ports?device_id=8ce6819a-5b0b-49e0-965f-cadc112622fc HTTP/1.1" status: 200 len: 205 time: 0.0220983
2026-05-11 06:49:09.773 9 INFO neutron.api.v2.resource [None req-a83472c6-9399-4f90-9d9a-3a505e1fc2ba c9faf22e63f04e86bbcc0810919d0e56 150742a0ec04455f97eceba53ddd051e - - default default] delete failed (client error): The resource could not be found.
2026-05-11 06:49:09.774 9 INFO neutron.wsgi [None req-a83472c6-9399-4f90-9d9a-3a505e1fc2ba c9faf22e63f04e86bbcc0810919d0e56 150742a0ec04455f97eceba53ddd051e - - default default] 10.0.0.246 "DELETE /v2.0/routers/8ce6819a-5b0b-49e0-965f-cadc112622fc HTTP/1.1" status: 404 len: 336 time: 0.0294242
2026-05-11 06:49:09.791 10 INFO neutron.wsgi [None req-eaf6e895-58c8-4725-9ac8-f91f4880304f b193fefd83d24735bf109520a9a88aa1 4c4e70b7db8f4303a28e98d97f33099f - - default default] 10.0.0.246 "GET /v2.0/routers?tags=red%2Cblue HTTP/1.1" status: 200 len: 1144 time: 0.0706038
2026-05-11 06:49:09.794 9 INFO neutron.pecan_wsgi.hooks.translation [None req-ddbb2577-fa28-445c-b708-8b4db33c1f8b c9faf22e63f04e86bbcc0810919d0e56 150742a0ec04455f97eceba53ddd051e - - default default] DELETE failed (client error): The resource could not be found.
2026-05-11 06:49:09.796 9 INFO neutron.wsgi [None req-ddbb2577-fa28-445c-b708-8b4db33c1f8b c9faf22e63f04e86bbcc0810919d0e56 150742a0ec04455f97eceba53ddd051e - - default default] 10.0.0.246 "DELETE /v2.0/subnets/b2c19c8a-0687-45da-a7f3-42d77c16a595 HTTP/1.1" status: 404 len: 337 time: 0.0178409
2026-05-11 06:49:09.830 9 INFO neutron.wsgi [None req-ab0fe801-5995-4be4-a45c-24e639bfff28 c9faf22e63f04e86bbcc0810919d0e56 150742a0ec04455f97eceba53ddd051e - - default default] 10.0.0.246 "GET /v2.0/ports?device_id=302c2cbe-e5c9-40c3-823f-18f820a9b1f8 HTTP/1.1" status: 200 len: 205 time: 0.0279253
2026-05-11 06:49:09.999 9 INFO neutron.plugins.ml2.drivers.ovn.mech_driver.ovsdb.ovsdb_monitor [None req-01a188a9-8c5d-4fc7-aae9-995aa6338cfa - - - - - -] Router 674e9813-a31e-4a28-a797-0e1f77ee02ba is bound to host instance
2026-05-11 06:49:10.047 9 INFO neutron.db.ovn_revision_numbers_db [None req-7d707666-ee92-4f52-afd1-399c6d8934d9 17a7ec6eb592409fa03ce35507112eb5 1dce23822f514d83a7f10201a16a7d2f - - default default] Successfully bumped revision number for resource 077499d0-7b6b-4268-81ac-58483b8c97a1 (type: router_ports) to 1
2026-05-11 06:49:10.074 10 INFO neutron.api.v2.resource [None req-adc5655e-f52a-4385-9c2d-0b0cf262b5b9 c9faf22e63f04e86bbcc0810919d0e56 150742a0ec04455f97eceba53ddd051e - - default default] delete failed (client error): The resource could not be found.
2026-05-11 06:49:10.076 10 INFO neutron.wsgi [None req-adc5655e-f52a-4385-9c2d-0b0cf262b5b9 c9faf22e63f04e86bbcc0810919d0e56 150742a0ec04455f97eceba53ddd051e - - default default] 10.0.0.246 "DELETE /v2.0/routers/302c2cbe-e5c9-40c3-823f-18f820a9b1f8 HTTP/1.1" status: 404 len: 336 time: 0.2347486
2026-05-11 06:49:10.082 10 INFO neutron.wsgi [None req-5e0e73a9-33ef-46b1-8e4f-914f3beb815a b193fefd83d24735bf109520a9a88aa1 4c4e70b7db8f4303a28e98d97f33099f - - default default] 10.0.0.246 "GET /v2.0/routers?tags-any=blue HTTP/1.1" status: 200 len: 1144 time: 0.2812142
2026-05-11 06:49:10.126 9 INFO neutron.pecan_wsgi.hooks.translation [None req-6246d601-345c-47e1-a56f-3e16b95dc7cb c9faf22e63f04e86bbcc0810919d0e56 150742a0ec04455f97eceba53ddd051e - - default default] DELETE failed (client error): The resource could not be found.
2026-05-11 06:49:10.128 9 INFO neutron.wsgi [None req-6246d601-345c-47e1-a56f-3e16b95dc7cb c9faf22e63f04e86bbcc0810919d0e56 150742a0ec04455f97eceba53ddd051e - - default default] 10.0.0.246 "DELETE /v2.0/subnets/92e7e664-f71d-437e-a17a-8b0e475bb5f8 HTTP/1.1" status: 404 len: 337 time: 0.0330729
2026-05-11 06:49:10.135 10 INFO neutron.wsgi [None req-c6cbc936-475a-41a9-90c1-2632b7dc8ade b193fefd83d24735bf109520a9a88aa1 4c4e70b7db8f4303a28e98d97f33099f - - default default] 10.0.0.246 "GET /v2.0/routers?tags-any=red%2Cblue HTTP/1.1" status: 200 len: 1601 time: 0.0490441
2026-05-11 06:49:10.165 9 INFO neutron.pecan_wsgi.hooks.translation [None req-b10f249e-6451-4a83-bc61-e0c7af875271 c9faf22e63f04e86bbcc0810919d0e56 150742a0ec04455f97eceba53ddd051e - - default default] DELETE failed (client error): The resource could not be found.
2026-05-11 06:49:10.168 9 INFO neutron.wsgi [None req-b10f249e-6451-4a83-bc61-e0c7af875271 c9faf22e63f04e86bbcc0810919d0e56 150742a0ec04455f97eceba53ddd051e - - default default] 10.0.0.246 "DELETE /v2.0/subnets/1df605f0-2317-4588-8efd-c23519149f42 HTTP/1.1" status: 404 len: 337 time: 0.0331082
2026-05-11 06:49:10.182 9 INFO neutron.db.ovn_revision_numbers_db [None req-7d707666-ee92-4f52-afd1-399c6d8934d9 17a7ec6eb592409fa03ce35507112eb5 1dce23822f514d83a7f10201a16a7d2f - - default default] Successfully bumped revision number for resource 674e9813-a31e-4a28-a797-0e1f77ee02ba (type: routers) to 2
2026-05-11 06:49:10.201 9 INFO neutron.wsgi [None req-7d707666-ee92-4f52-afd1-399c6d8934d9 17a7ec6eb592409fa03ce35507112eb5 1dce23822f514d83a7f10201a16a7d2f - - default default] 10.0.0.246 "POST /v2.0/routers HTTP/1.1" status: 201 len: 874 time: 1.9312639
2026-05-11 06:49:10.207 10 INFO neutron.wsgi [None req-7a01ce41-3459-4ecc-bfbb-4434b677fc8f b193fefd83d24735bf109520a9a88aa1 4c4e70b7db8f4303a28e98d97f33099f - - default default] 10.0.0.246 "GET /v2.0/routers?not-tags=red HTTP/1.1" status: 200 len: 1116 time: 0.0650308
2026-05-11 06:49:10.302 10 INFO neutron.wsgi [None req-b5178cae-ab4b-459d-84be-3b988bdf989b b193fefd83d24735bf109520a9a88aa1 4c4e70b7db8f4303a28e98d97f33099f - - default default] 10.0.0.246 "GET /v2.0/routers?not-tags=red%2Cblue HTTP/1.1" status: 200 len: 1573 time: 0.0900214
2026-05-11 06:49:10.374 10 INFO neutron.wsgi [None req-18fd6c8b-92f6-4a31-a19b-a086c16bb21b b193fefd83d24735bf109520a9a88aa1 4c4e70b7db8f4303a28e98d97f33099f - - default default] 10.0.0.246 "GET /v2.0/routers?not-tags-any=blue HTTP/1.1" status: 200 len: 1573 time: 0.0653441
2026-05-11 06:49:10.440 10 INFO neutron.wsgi [None req-8194c8fd-f0dc-42a4-89dd-0b15aea3aed9 b193fefd83d24735bf109520a9a88aa1 4c4e70b7db8f4303a28e98d97f33099f - - default default] 10.0.0.246 "GET /v2.0/routers?not-tags-any=red%2Cblue HTTP/1.1" status: 200 len: 1116 time: 0.0596206
2026-05-11 06:49:10.496 10 INFO neutron.wsgi [None req-e7b4d1eb-7231-4732-a249-f7c56598af3a b193fefd83d24735bf109520a9a88aa1 4c4e70b7db8f4303a28e98d97f33099f - - default default] 10.0.0.246 "GET /v2.0/routers/93e6699a-1912-4e89-9383-2fb5f1d1eb4a HTTP/1.1" status: 200 len: 660 time: 0.0462558
2026-05-11 06:49:10.838 9 INFO neutron.wsgi [None req-190e36f0-e112-4b4f-9135-bfd7f701ae8f 4971fe44c99e480198cafd7409ecb2ac b152054d28154caa8e15ee2455705cab - - default default] 10.0.0.246 "GET /v2.0/subnets?project_id=1dce23822f514d83a7f10201a16a7d2f&cidr=10.100.0.0%2F28 HTTP/1.1" status: 200 len: 207 time: 0.1731591
2026-05-11 06:49:10.884 9 INFO neutron.wsgi [None req-60079551-d7d2-480c-b4db-6b5d0b32a98a 8f11e13f652648618d8e2083f01bdc5a d561b5f6f80946029585bce87c82f0af - - default default] 10.0.0.246 "GET /v2.0/security-groups?tenant_id=150742a0ec04455f97eceba53ddd051e&name=default HTTP/1.1" status: 200 len: 2996 time: 0.1588840
2026-05-11 06:49:10.926 10 INFO neutron.db.ovn_revision_numbers_db [None req-cccfb5e1-509d-49bb-a057-6a50b488e391 b193fefd83d24735bf109520a9a88aa1 4c4e70b7db8f4303a28e98d97f33099f - - default default] Successfully bumped revision number for resource 93e6699a-1912-4e89-9383-2fb5f1d1eb4a (type: routers) to 2
2026-05-11 06:49:10.928 10 INFO neutron.wsgi [None req-cccfb5e1-509d-49bb-a057-6a50b488e391 b193fefd83d24735bf109520a9a88aa1 4c4e70b7db8f4303a28e98d97f33099f - - default default] 10.0.0.246 "PUT /v2.0/routers/93e6699a-1912-4e89-9383-2fb5f1d1eb4a HTTP/1.1" status: 200 len: 660 time: 0.4262097
2026-05-11 06:49:10.955 10 INFO neutron.wsgi [None req-f72cbe55-5897-4bfb-bb58-7c6cfda39f7e b193fefd83d24735bf109520a9a88aa1 4c4e70b7db8f4303a28e98d97f33099f - - default default] 10.0.0.246 "GET /v2.0/ports?device_id=93e6699a-1912-4e89-9383-2fb5f1d1eb4a HTTP/1.1" status: 200 len: 205 time: 0.0200207
2026-05-11 06:49:11.013 9 INFO neutron.wsgi [None req-7f2f08f4-d672-4b60-9033-3b60a310aa91 4971fe44c99e480198cafd7409ecb2ac b152054d28154caa8e15ee2455705cab - - default default] 10.0.0.246 "GET /v2.0/networks?router%3Aexternal=True HTTP/1.1" status: 200 len: 947 time: 0.1665277
2026-05-11 06:49:11.046 10 INFO neutron.wsgi [None req-30380255-e4c7-444a-a018-66fadd03248a 4971fe44c99e480198cafd7409ecb2ac b152054d28154caa8e15ee2455705cab - - default default] 10.0.0.246 "GET /v2.0/subnets?network_id=1135f919-493e-418d-831d-9ad1dc8ea475&cidr=10.100.0.0%2F28 HTTP/1.1" status: 200 len: 207 time: 0.0194852
2026-05-11 06:49:11.233 10 INFO neutron.wsgi [None req-4a88ba81-214e-458f-83d9-c566eadb71f6 b193fefd83d24735bf109520a9a88aa1 4c4e70b7db8f4303a28e98d97f33099f - - default default] 10.0.0.246 "DELETE /v2.0/routers/93e6699a-1912-4e89-9383-2fb5f1d1eb4a HTTP/1.1" status: 204 len: 168 time: 0.2721910
2026-05-11 06:49:11.279 9 INFO neutron.wsgi [None req-0901ba17-41ae-40fb-b6a3-096c088ee347 8f11e13f652648618d8e2083f01bdc5a d561b5f6f80946029585bce87c82f0af - - default default] 10.0.0.246 "DELETE /v2.0/security-groups/69a50c27-bfdd-45ad-9dad-953bd42f4a2a HTTP/1.1" status: 204 len: 168 time: 0.3840659
2026-05-11 06:49:11.280 9 INFO neutron.db.ovn_revision_numbers_db [None req-01a188a9-8c5d-4fc7-aae9-995aa6338cfa - - - - - -] Successfully bumped revision number for resource 077499d0-7b6b-4268-81ac-58483b8c97a1 (type: ports) to 1
2026-05-11 06:49:11.299 9 INFO neutron.wsgi [None req-03afc882-e9a3-4417-b2e2-8c23f7cd823a b193fefd83d24735bf109520a9a88aa1 4c4e70b7db8f4303a28e98d97f33099f - - default default] 10.0.0.246 "GET /v2.0/routers/28bef412-a430-4a86-bbd8-54f3470403b8 HTTP/1.1" status: 200 len: 668 time: 0.0594711
2026-05-11 06:49:11.454 10 WARNING neutron.scheduler.dhcp_agent_scheduler [None req-5c81d831-0e51-491b-aa23-f1458f52d02c 17a7ec6eb592409fa03ce35507112eb5 1dce23822f514d83a7f10201a16a7d2f - - default default] No more DHCP agents
2026-05-11 06:49:11.461 10 WARNING neutron.api.rpc.agentnotifiers.dhcp_rpc_agent_api [None req-5c81d831-0e51-491b-aa23-f1458f52d02c 17a7ec6eb592409fa03ce35507112eb5 1dce23822f514d83a7f10201a16a7d2f - - default default] Unable to schedule network 3b2af10f-4796-4a46-8226-38234a7d4484: no agents available; will retry on subsequent port and subnet creation events.
2026-05-11 06:49:11.589 9 INFO neutron.db.ovn_revision_numbers_db [None req-01a188a9-8c5d-4fc7-aae9-995aa6338cfa - - - - - -] Successfully bumped revision number for resource 077499d0-7b6b-4268-81ac-58483b8c97a1 (type: router_ports) to 3
2026-05-11 06:49:11.760 9 INFO neutron.db.ovn_revision_numbers_db [None req-01a188a9-8c5d-4fc7-aae9-995aa6338cfa - - - - - -] Successfully bumped revision number for resource 077499d0-7b6b-4268-81ac-58483b8c97a1 (type: ports) to 2
2026-05-11 06:49:12.003 9 INFO neutron.db.ovn_revision_numbers_db [None req-01a188a9-8c5d-4fc7-aae9-995aa6338cfa - - - - - -] Successfully bumped revision number for resource 077499d0-7b6b-4268-81ac-58483b8c97a1 (type: ports) to 4
2026-05-11 06:49:12.220 9 INFO neutron.db.ovn_revision_numbers_db [None req-01a188a9-8c5d-4fc7-aae9-995aa6338cfa - - - - - -] Successfully bumped revision number for resource 077499d0-7b6b-4268-81ac-58483b8c97a1 (type: router_ports) to 4
2026-05-11 06:49:12.285 10 INFO neutron.db.ovn_revision_numbers_db [None req-14d96671-42b4-4a71-afbe-8aec8ca82fbd b193fefd83d24735bf109520a9a88aa1 4c4e70b7db8f4303a28e98d97f33099f - - default default] Successfully bumped revision number for resource 28bef412-a430-4a86-bbd8-54f3470403b8 (type: routers) to 2
2026-05-11 06:49:12.288 10 INFO neutron.wsgi [None req-14d96671-42b4-4a71-afbe-8aec8ca82fbd b193fefd83d24735bf109520a9a88aa1 4c4e70b7db8f4303a28e98d97f33099f - - default default] 10.0.0.246 "PUT /v2.0/routers/28bef412-a430-4a86-bbd8-54f3470403b8 HTTP/1.1" status: 200 len: 668 time: 0.9820714
2026-05-11 06:49:12.317 9 INFO neutron.wsgi [None req-68c39ed7-bf6f-4260-8036-ef299585d7b9 b193fefd83d24735bf109520a9a88aa1 4c4e70b7db8f4303a28e98d97f33099f - - default default] 10.0.0.246 "GET /v2.0/ports?device_id=28bef412-a430-4a86-bbd8-54f3470403b8 HTTP/1.1" status: 200 len: 205 time: 0.0215101
2026-05-11 06:49:12.394 10 INFO neutron.wsgi [-] 10.0.0.247 "GET / HTTP/1.1" status: 200 len: 247 time: 0.0013790
2026-05-11 06:49:12.395 10 INFO neutron.wsgi [-] 10.0.0.247 "GET / HTTP/1.1" status: 200 len: 247 time: 0.0009642
2026-05-11 06:49:12.504 9 INFO neutron.wsgi [None req-fe633a49-fbd2-416f-bf0d-fd41087c8ea6 b193fefd83d24735bf109520a9a88aa1 4c4e70b7db8f4303a28e98d97f33099f - - default default] 10.0.0.246 "DELETE /v2.0/routers/28bef412-a430-4a86-bbd8-54f3470403b8 HTTP/1.1" status: 204 len: 168 time: 0.1803725
2026-05-11 06:49:12.557 9 INFO neutron.wsgi [None req-db5a45e1-a4f3-4343-a02c-f913bcd7c178 b193fefd83d24735bf109520a9a88aa1 4c4e70b7db8f4303a28e98d97f33099f - - default default] 10.0.0.246 "GET /v2.0/routers/58b846c8-2a68-46da-b75e-03ef99cc2b6a HTTP/1.1" status: 200 len: 677 time: 0.0477333
2026-05-11 06:49:12.563 10 WARNING neutron.plugins.ml2.drivers.ovn.mech_driver.ovsdb.ovn_client [None req-dd688fe9-a96b-48d8-a36e-17e18e12d768 - - - - - -] No port found with ID 1fb7e6ee-b128-4358-ac94-1efcbbed9dd3: RuntimeError: No port found with ID 1fb7e6ee-b128-4358-ac94-1efcbbed9dd3
2026-05-11 06:49:12.563 10 INFO neutron.plugins.ml2.drivers.ovn.mech_driver.mech_driver [None req-dd688fe9-a96b-48d8-a36e-17e18e12d768 - - - - - -] OVN reports status up for port: 077499d0-7b6b-4268-81ac-58483b8c97a1
2026-05-11 06:49:12.600 10 INFO neutron.plugins.ml2.plugin [None req-dd688fe9-a96b-48d8-a36e-17e18e12d768 - - - - - -] Attempt 1 to provision port 077499d0-7b6b-4268-81ac-58483b8c97a1
2026-05-11 06:49:12.619 10 INFO neutron.db.ovn_revision_numbers_db [None req-5c81d831-0e51-491b-aa23-f1458f52d02c 17a7ec6eb592409fa03ce35507112eb5 1dce23822f514d83a7f10201a16a7d2f - - default default] Successfully bumped revision number for resource 10517758-8985-4048-a3ac-067feadb4148 (type: ports) to 2
2026-05-11 06:49:12.690 10 INFO neutron.db.ovn_revision_numbers_db [None req-5c81d831-0e51-491b-aa23-f1458f52d02c 17a7ec6eb592409fa03ce35507112eb5 1dce23822f514d83a7f10201a16a7d2f - - default default] Successfully bumped revision number for resource 33916a8c-9327-4d00-a27a-59b2ecb8ef36 (type: subnets) to 0
2026-05-11 06:49:12.718 10 INFO neutron.wsgi [None req-5c81d831-0e51-491b-aa23-f1458f52d02c 17a7ec6eb592409fa03ce35507112eb5 1dce23822f514d83a7f10201a16a7d2f - - default default] 10.0.0.246 "POST /v2.0/subnets HTTP/1.1" status: 201 len: 831 time: 1.6626058
2026-05-11 06:49:13.038 10 INFO neutron.db.ovn_revision_numbers_db [None req-5277e736-1c94-4a34-8ac0-3832e48ba88d b193fefd83d24735bf109520a9a88aa1 4c4e70b7db8f4303a28e98d97f33099f - - default default] Successfully bumped revision number for resource 58b846c8-2a68-46da-b75e-03ef99cc2b6a (type: routers) to 2
2026-05-11 06:49:13.041 10 INFO neutron.wsgi [None req-5277e736-1c94-4a34-8ac0-3832e48ba88d b193fefd83d24735bf109520a9a88aa1 4c4e70b7db8f4303a28e98d97f33099f - - default default] 10.0.0.246 "PUT /v2.0/routers/58b846c8-2a68-46da-b75e-03ef99cc2b6a HTTP/1.1" status: 200 len: 677 time: 0.4756885
2026-05-11 06:49:13.078 10 INFO neutron.wsgi [None req-e43a26ae-23bc-4355-aa3d-7c8a09f8d4f9 b193fefd83d24735bf109520a9a88aa1 4c4e70b7db8f4303a28e98d97f33099f - - default default] 10.0.0.246 "GET /v2.0/ports?device_id=58b846c8-2a68-46da-b75e-03ef99cc2b6a HTTP/1.1" status: 200 len: 205 time: 0.0295808
2026-05-11 06:49:13.303 9 INFO neutron.wsgi [None req-1b61d163-a23b-463e-ab3c-5003a3e97bbe b193fefd83d24735bf109520a9a88aa1 4c4e70b7db8f4303a28e98d97f33099f - - default default] 10.0.0.246 "DELETE /v2.0/routers/58b846c8-2a68-46da-b75e-03ef99cc2b6a HTTP/1.1" status: 204 len: 168 time: 0.2195141
2026-05-11 06:49:13.352 9 INFO neutron.wsgi [None req-f90ccda1-9de3-488e-b639-2f030f9551ab b193fefd83d24735bf109520a9a88aa1 4c4e70b7db8f4303a28e98d97f33099f - - default default] 10.0.0.246 "GET /v2.0/routers/3f7e16b9-b261-4358-a027-450d95d30e66 HTTP/1.1" status: 200 len: 662 time: 0.0422871
