2026-05-11 06:49:21.771 10 INFO neutron.wsgi [req-b987bbc2-ad10-46f9-8d59-171e52ec9af0 req-83f3d199-dd62-492c-9012-1a4119a98397 dc0236e32fdd4858bcc32f250aaf05ce 79ce8942d243454cbf729108076aebf2 - - 78055b8278ed499887689ee8ce2879fc 78055b8278ed499887689ee8ce2879fc] 199.204.45.222 "GET /v2.0/networks/3b2af10f-4796-4a46-8226-38234a7d4484?fields=provider%3Aphysical_network&fields=provider%3Anetwork_type HTTP/1.1" status: 200 len: 277 time: 0.0955493
2026-05-11 06:49:21.776 10 INFO neutron.wsgi [None req-d117eca4-c767-4567-8a76-bf6dcbfab04f 48d0802244c4426096553d285cf60e4b b1f024d1bc15422c9bf7dc7946fe70f1 - - default default] 10.0.0.246 "PUT /v2.0/subnetpools/0adcaa4f-895e-4c9c-bae8-c2dabbe4a157/tags HTTP/1.1" status: 200 len: 218 time: 0.0459833
2026-05-11 06:49:21.804 10 INFO neutron.wsgi [None req-133f730c-0179-4b4a-95e4-bd8a67940426 48d0802244c4426096553d285cf60e4b b1f024d1bc15422c9bf7dc7946fe70f1 - - default default] 10.0.0.246 "GET /v2.0/subnetpools/0adcaa4f-895e-4c9c-bae8-c2dabbe4a157/tags HTTP/1.1" status: 200 len: 218 time: 0.0217118
2026-05-11 06:49:21.815 9 INFO neutron.wsgi [req-101ec22d-1d44-4dc3-a986-4d026063516e req-f9a14b9a-ed04-4149-92a7-0f6048ff643e 17a7ec6eb592409fa03ce35507112eb5 1dce23822f514d83a7f10201a16a7d2f - - default default] 10.0.0.248 "GET /v2.0/security-groups?id=5796c981-f6cc-432f-97bf-0c096d519b4f&fields=id&fields=name HTTP/1.1" status: 200 len: 312 time: 0.0699708
2026-05-11 06:49:21.846 10 INFO neutron.wsgi [None req-e6282c70-98f0-467d-ab09-25f0a86b8267 48d0802244c4426096553d285cf60e4b b1f024d1bc15422c9bf7dc7946fe70f1 - - default default] 10.0.0.246 "PUT /v2.0/subnetpools/0adcaa4f-895e-4c9c-bae8-c2dabbe4a157/tags/green HTTP/1.1" status: 201 len: 201 time: 0.0353336
2026-05-11 06:49:21.876 10 INFO neutron.wsgi [None req-001c9af7-2446-4c03-8eb9-3e566695fa4f 48d0802244c4426096553d285cf60e4b b1f024d1bc15422c9bf7dc7946fe70f1 - - default default] 10.0.0.246 "GET /v2.0/subnetpools/0adcaa4f-895e-4c9c-bae8-c2dabbe4a157/tags HTTP/1.1" status: 200 len: 227 time: 0.0210242
2026-05-11 06:49:21.911 9 INFO neutron.db.ovn_revision_numbers_db [None req-a8ebba4a-593c-42b3-8ae9-66631b2f8142 - - - - - -] Successfully bumped revision number for resource 0ab5a27e-8066-494d-a775-c8240871edeb (type: ports) to 4
2026-05-11 06:49:21.912 10 INFO neutron.wsgi [None req-6629401f-4091-4e35-b6d5-c95fb3539dd3 48d0802244c4426096553d285cf60e4b b1f024d1bc15422c9bf7dc7946fe70f1 - - default default] 10.0.0.246 "PUT /v2.0/subnetpools/0adcaa4f-895e-4c9c-bae8-c2dabbe4a157/tags/red HTTP/1.1" status: 201 len: 201 time: 0.0274448
2026-05-11 06:49:21.961 9 INFO neutron.wsgi [None req-5c2f732c-ea2b-4aa7-8f6c-e222944bbb59 48d0802244c4426096553d285cf60e4b b1f024d1bc15422c9bf7dc7946fe70f1 - - default default] 10.0.0.246 "GET /v2.0/subnetpools/0adcaa4f-895e-4c9c-bae8-c2dabbe4a157/tags HTTP/1.1" status: 200 len: 227 time: 0.0436206
2026-05-11 06:49:22.018 10 INFO neutron.wsgi [None req-d0497d43-374e-4ff8-8a0d-833115a2bc50 48d0802244c4426096553d285cf60e4b b1f024d1bc15422c9bf7dc7946fe70f1 - - default default] 10.0.0.246 "PUT /v2.0/subnetpools/0adcaa4f-895e-4c9c-bae8-c2dabbe4a157/tags/black.or.white HTTP/1.1" status: 201 len: 201 time: 0.0476623 /var/lib/openstack/lib/python3.10/site-packages/pycadf/identifier.py:71: UserWarning: Invalid uuid: neutron. To ensure interoperability, identifiers should be a valid uuid. warnings.warn(('Invalid uuid: %s. To ensure interoperability, '
2026-05-11 06:49:22.046 9 INFO neutron.wsgi [None req-56972705-f63c-49b4-b5a5-41291ee60e9d 48d0802244c4426096553d285cf60e4b b1f024d1bc15422c9bf7dc7946fe70f1 - - default default] 10.0.0.246 "GET /v2.0/subnetpools/0adcaa4f-895e-4c9c-bae8-c2dabbe4a157/tags HTTP/1.1" status: 200 len: 245 time: 0.0207837
2026-05-11 06:49:22.080 9 INFO neutron.wsgi [None req-bae1cf9e-deb4-45af-ac40-2335090da834 48d0802244c4426096553d285cf60e4b b1f024d1bc15422c9bf7dc7946fe70f1 - - default default] 10.0.0.246 "PUT /v2.0/subnetpools/0adcaa4f-895e-4c9c-bae8-c2dabbe4a157/tags HTTP/1.1" status: 200 len: 230 time: 0.0301733
2026-05-11 06:49:22.113 9 INFO neutron.wsgi [None req-ae14f9df-3e10-4ae8-9dd8-ede175338709 48d0802244c4426096553d285cf60e4b b1f024d1bc15422c9bf7dc7946fe70f1 - - default default] 10.0.0.246 "GET /v2.0/subnetpools/0adcaa4f-895e-4c9c-bae8-c2dabbe4a157/tags HTTP/1.1" status: 200 len: 230 time: 0.0278614
2026-05-11 06:49:22.139 9 INFO neutron.wsgi [None req-b1e5425e-1029-440c-b1a3-84e4db960a15 48d0802244c4426096553d285cf60e4b b1f024d1bc15422c9bf7dc7946fe70f1 - - default default] 10.0.0.246 "GET /v2.0/subnetpools/0adcaa4f-895e-4c9c-bae8-c2dabbe4a157/tags/red HTTP/1.1" status: 204 len: 168 time: 0.0207515
2026-05-11 06:49:22.167 9 INFO neutron.api.v2.resource [None req-3c3aed52-2b22-4b18-9b9b-2f89920d1078 48d0802244c4426096553d285cf60e4b b1f024d1bc15422c9bf7dc7946fe70f1 - - default default] show failed (client error): The resource could not be found.
2026-05-11 06:49:22.168 9 INFO neutron.wsgi [None req-3c3aed52-2b22-4b18-9b9b-2f89920d1078 48d0802244c4426096553d285cf60e4b b1f024d1bc15422c9bf7dc7946fe70f1 - - default default] 10.0.0.246 "GET /v2.0/subnetpools/0adcaa4f-895e-4c9c-bae8-c2dabbe4a157/tags/green HTTP/1.1" status: 404 len: 299 time: 0.0236111
2026-05-11 06:49:22.232 9 INFO neutron.wsgi [None req-7c211682-760b-4fb8-8fcd-600be07489be 48d0802244c4426096553d285cf60e4b b1f024d1bc15422c9bf7dc7946fe70f1 - - default default] 10.0.0.246 "DELETE /v2.0/subnetpools/0adcaa4f-895e-4c9c-bae8-c2dabbe4a157/tags/red HTTP/1.1" status: 204 len: 168 time: 0.0568569
2026-05-11 06:49:22.262 9 INFO neutron.wsgi [None req-f0128c27-2c40-4526-9b3b-c4de69f86a58 48d0802244c4426096553d285cf60e4b b1f024d1bc15422c9bf7dc7946fe70f1 - - default default] 10.0.0.246 "GET /v2.0/subnetpools/0adcaa4f-895e-4c9c-bae8-c2dabbe4a157/tags HTTP/1.1" status: 200 len: 223 time: 0.0245302
2026-05-11 06:49:22.295 10 INFO neutron.api.v2.resource [None req-6e46889b-b206-4b5f-a63e-9578b194a616 48d0802244c4426096553d285cf60e4b b1f024d1bc15422c9bf7dc7946fe70f1 - - default default] delete failed (client error): The resource could not be found.
2026-05-11 06:49:22.298 10 INFO neutron.wsgi [None req-6e46889b-b206-4b5f-a63e-9578b194a616 48d0802244c4426096553d285cf60e4b b1f024d1bc15422c9bf7dc7946fe70f1 - - default default] 10.0.0.246 "DELETE /v2.0/subnetpools/0adcaa4f-895e-4c9c-bae8-c2dabbe4a157/tags/green HTTP/1.1" status: 404 len: 299 time: 0.0303996
2026-05-11 06:49:22.346 10 INFO neutron.wsgi [None req-deab14ab-3a4a-430c-850f-a1e6c8a1353c 48d0802244c4426096553d285cf60e4b b1f024d1bc15422c9bf7dc7946fe70f1 - - default default] 10.0.0.246 "DELETE /v2.0/subnetpools/0adcaa4f-895e-4c9c-bae8-c2dabbe4a157/tags HTTP/1.1" status: 204 len: 168 time: 0.0416784
2026-05-11 06:49:22.374 10 INFO neutron.wsgi [None req-7105b15b-5f11-47c5-91f8-a217af4467e2 48d0802244c4426096553d285cf60e4b b1f024d1bc15422c9bf7dc7946fe70f1 - - default default] 10.0.0.246 "GET /v2.0/subnetpools/0adcaa4f-895e-4c9c-bae8-c2dabbe4a157/tags HTTP/1.1" status: 200 len: 205 time: 0.0207608
2026-05-11 06:49:22.457 10 INFO neutron.wsgi [None req-656e496a-4238-459c-9fb8-a8f0d08af502 48d0802244c4426096553d285cf60e4b b1f024d1bc15422c9bf7dc7946fe70f1 - - default default] 10.0.0.246 "DELETE /v2.0/subnetpools/0adcaa4f-895e-4c9c-bae8-c2dabbe4a157 HTTP/1.1" status: 204 len: 168 time: 0.0730531
2026-05-11 06:49:22.679 9 INFO neutron.db.ovn_revision_numbers_db [None req-f9fe796a-4623-491e-a135-635df7ccc4ab 8f11e13f652648618d8e2083f01bdc5a d561b5f6f80946029585bce87c82f0af - - default default] Successfully bumped revision number for resource 5ee39186-a77b-48b1-9f80-710b06234f71 (type: security_groups) to 1
2026-05-11 06:49:22.698 9 INFO neutron.db.ovn_revision_numbers_db [None req-f9fe796a-4623-491e-a135-635df7ccc4ab 8f11e13f652648618d8e2083f01bdc5a d561b5f6f80946029585bce87c82f0af - - default default] Successfully bumped revision number for resource ba457463-8fb3-45ce-8ec0-dab4471a3ae3 (type: security_group_rules) to 0
2026-05-11 06:49:22.714 9 INFO neutron.db.ovn_revision_numbers_db [None req-f9fe796a-4623-491e-a135-635df7ccc4ab 8f11e13f652648618d8e2083f01bdc5a d561b5f6f80946029585bce87c82f0af - - default default] Successfully bumped revision number for resource ce5e2717-c565-45ea-9861-a74930cd81e7 (type: security_group_rules) to 0
2026-05-11 06:49:22.731 9 INFO neutron.db.ovn_revision_numbers_db [None req-f9fe796a-4623-491e-a135-635df7ccc4ab 8f11e13f652648618d8e2083f01bdc5a d561b5f6f80946029585bce87c82f0af - - default default] Successfully bumped revision number for resource d442d4c4-e880-4865-bb89-813222fcdc10 (type: security_group_rules) to 0
2026-05-11 06:49:22.745 9 INFO neutron.db.ovn_revision_numbers_db [None req-f9fe796a-4623-491e-a135-635df7ccc4ab 8f11e13f652648618d8e2083f01bdc5a d561b5f6f80946029585bce87c82f0af - - default default] Successfully bumped revision number for resource e334696a-d334-4b2f-8188-78e607816298 (type: security_group_rules) to 0
2026-05-11 06:49:22.766 9 INFO neutron.wsgi [None req-f9fe796a-4623-491e-a135-635df7ccc4ab 8f11e13f652648618d8e2083f01bdc5a d561b5f6f80946029585bce87c82f0af - - default default] 10.0.0.246 "GET /v2.0/security-groups?tenant_id=aa17108fe72d4ad4888e7726dec6d5be&name=default HTTP/1.1" status: 200 len: 2996 time: 0.3243546
2026-05-11 06:49:22.959 9 INFO neutron.wsgi [req-6dc7fdbb-3db3-4b5c-a719-cd11ebd44c86 req-c2a65264-01fe-4027-8be1-f3521d41004c 17a7ec6eb592409fa03ce35507112eb5 1dce23822f514d83a7f10201a16a7d2f - - default default] 10.0.0.248 "GET /v2.0/ports?device_id=7edea92a-ac47-4c72-87b0-03e0cd399fd4 HTTP/1.1" status: 200 len: 1174 time: 0.0575967
2026-05-11 06:49:22.999 9 INFO neutron.wsgi [None req-f216e587-9781-49ef-9963-3a2ea4487d62 8f11e13f652648618d8e2083f01bdc5a d561b5f6f80946029585bce87c82f0af - - default default] 10.0.0.246 "DELETE /v2.0/security-groups/5ee39186-a77b-48b1-9f80-710b06234f71 HTTP/1.1" status: 204 len: 168 time: 0.2293196
2026-05-11 06:49:23.021 9 INFO neutron.wsgi [req-6dc7fdbb-3db3-4b5c-a719-cd11ebd44c86 req-3624fde3-8cc5-455c-962a-955259bfabab 17a7ec6eb592409fa03ce35507112eb5 1dce23822f514d83a7f10201a16a7d2f - - default default] 10.0.0.248 "GET /v2.0/security-groups?id=5796c981-f6cc-432f-97bf-0c096d519b4f&fields=id&fields=name HTTP/1.1" status: 200 len: 312 time: 0.0522807
2026-05-11 06:49:23.227 9 INFO neutron.wsgi [req-13091bd3-eb3e-4103-ace1-d1f0eee55f7f req-8fa93e40-fa56-4998-984a-59560de2aba3 17a7ec6eb592409fa03ce35507112eb5 1dce23822f514d83a7f10201a16a7d2f - - default default] 10.0.0.248 "GET /v2.0/ports?device_id=7edea92a-ac47-4c72-87b0-03e0cd399fd4 HTTP/1.1" status: 200 len: 1174 time: 0.1333222
2026-05-11 06:49:23.287 9 INFO neutron.wsgi [req-13091bd3-eb3e-4103-ace1-d1f0eee55f7f req-cb647d63-04c2-4399-9381-192ecb93cb7e 17a7ec6eb592409fa03ce35507112eb5 1dce23822f514d83a7f10201a16a7d2f - - default default] 10.0.0.248 "GET /v2.0/security-groups?id=5796c981-f6cc-432f-97bf-0c096d519b4f&fields=id&fields=name HTTP/1.1" status: 200 len: 312 time: 0.0521605
2026-05-11 06:49:23.346 10 INFO neutron.wsgi [None req-3b595f07-d509-4b59-b48d-2674687addb4 4971fe44c99e480198cafd7409ecb2ac b152054d28154caa8e15ee2455705cab - - default default] 10.0.0.246 "GET /v2.0/ports?device_id=7edea92a-ac47-4c72-87b0-03e0cd399fd4 HTTP/1.1" status: 200 len: 1408 time: 0.0310235
2026-05-11 06:49:23.600 9 INFO neutron.db.ovn_revision_numbers_db [None req-239835a0-eb72-4e0f-874e-75a9396cc2f6 8f11e13f652648618d8e2083f01bdc5a d561b5f6f80946029585bce87c82f0af - - default default] Successfully bumped revision number for resource 362ad78a-54c5-4e06-b8e1-d6cc8c3fd76a (type: security_groups) to 1
2026-05-11 06:49:23.619 9 INFO neutron.db.ovn_revision_numbers_db [None req-239835a0-eb72-4e0f-874e-75a9396cc2f6 8f11e13f652648618d8e2083f01bdc5a d561b5f6f80946029585bce87c82f0af - - default default] Successfully bumped revision number for resource 402dd87c-0da2-4f6a-92d3-e56a620f9056 (type: security_group_rules) to 0
2026-05-11 06:49:23.640 9 INFO neutron.db.ovn_revision_numbers_db [None req-239835a0-eb72-4e0f-874e-75a9396cc2f6 8f11e13f652648618d8e2083f01bdc5a d561b5f6f80946029585bce87c82f0af - - default default] Successfully bumped revision number for resource 4f49805d-88d9-413e-8f14-489aceb29409 (type: security_group_rules) to 0
2026-05-11 06:49:23.668 9 INFO neutron.db.ovn_revision_numbers_db [None req-239835a0-eb72-4e0f-874e-75a9396cc2f6 8f11e13f652648618d8e2083f01bdc5a d561b5f6f80946029585bce87c82f0af - - default default] Successfully bumped revision number for resource 668534b8-2343-498c-8902-bf491f8aaf99 (type: security_group_rules) to 0
2026-05-11 06:49:23.691 9 WARNING neutron.scheduler.dhcp_agent_scheduler [None req-9dbad090-2964-4809-adfa-eae3e54512c8 17a7ec6eb592409fa03ce35507112eb5 1dce23822f514d83a7f10201a16a7d2f - - default default] No more DHCP agents
2026-05-11 06:49:23.695 9 WARNING neutron.api.rpc.agentnotifiers.dhcp_rpc_agent_api [None req-9dbad090-2964-4809-adfa-eae3e54512c8 17a7ec6eb592409fa03ce35507112eb5 1dce23822f514d83a7f10201a16a7d2f - - default default] Unable to schedule network 1135f919-493e-418d-831d-9ad1dc8ea475: no agents available; will retry on subsequent port and subnet creation events.
2026-05-11 06:49:23.699 9 INFO neutron.db.ovn_revision_numbers_db [None req-239835a0-eb72-4e0f-874e-75a9396cc2f6 8f11e13f652648618d8e2083f01bdc5a d561b5f6f80946029585bce87c82f0af - - default default] Successfully bumped revision number for resource ea765af0-f7df-462c-a4be-dc7a3fe1b6f7 (type: security_group_rules) to 0
2026-05-11 06:49:23.724 9 INFO neutron.notifiers.nova [-] Nova event matching ['req-cd773796-dfef-4a30-b1bf-a6fad0b7972e'] response: {'server_uuid': '7edea92a-ac47-4c72-87b0-03e0cd399fd4', 'name': 'network-vif-plugged', 'status': 'completed', 'tag': '0ab5a27e-8066-494d-a775-c8240871edeb', 'code': 200}
2026-05-11 06:49:23.728 9 INFO neutron.wsgi [None req-239835a0-eb72-4e0f-874e-75a9396cc2f6 8f11e13f652648618d8e2083f01bdc5a d561b5f6f80946029585bce87c82f0af - - default default] 10.0.0.246 "GET /v2.0/security-groups?tenant_id=b1f024d1bc15422c9bf7dc7946fe70f1&name=default HTTP/1.1" status: 200 len: 2996 time: 0.6050737
2026-05-11 06:49:23.999 10 INFO neutron.wsgi [None req-f0c7e2b0-ceb5-4b68-ab9b-b73ce127ac78 8f11e13f652648618d8e2083f01bdc5a d561b5f6f80946029585bce87c82f0af - - default default] 10.0.0.246 "DELETE /v2.0/security-groups/362ad78a-54c5-4e06-b8e1-d6cc8c3fd76a HTTP/1.1" status: 204 len: 168 time: 0.2600517
2026-05-11 06:49:24.284 9 INFO neutron.db.ovn_revision_numbers_db [None req-19a4acc4-15c1-44e5-a282-79a080d7b6f4 8f11e13f652648618d8e2083f01bdc5a d561b5f6f80946029585bce87c82f0af - - default default] Successfully bumped revision number for resource 5100b544-403c-4114-99d1-8307061b4b2a (type: security_groups) to 1
2026-05-11 06:49:24.287 9 INFO neutron.db.l3_db [None req-9dbad090-2964-4809-adfa-eae3e54512c8 17a7ec6eb592409fa03ce35507112eb5 1dce23822f514d83a7f10201a16a7d2f - - default default] Floating IP 26d9e5a6-1209-440d-81e8-c497392432f5 associated. External IP: 10.96.250.204, port: 0ab5a27e-8066-494d-a775-c8240871edeb.
2026-05-11 06:49:24.337 9 INFO neutron.db.ovn_revision_numbers_db [None req-19a4acc4-15c1-44e5-a282-79a080d7b6f4 8f11e13f652648618d8e2083f01bdc5a d561b5f6f80946029585bce87c82f0af - - default default] Successfully bumped revision number for resource 888b9f25-3791-41fd-93b5-9fbd605d8d85 (type: security_group_rules) to 0
2026-05-11 06:49:24.362 9 INFO neutron.db.ovn_revision_numbers_db [None req-19a4acc4-15c1-44e5-a282-79a080d7b6f4 8f11e13f652648618d8e2083f01bdc5a d561b5f6f80946029585bce87c82f0af - - default default] Successfully bumped revision number for resource 9e61e159-f975-4c73-b76f-1a40149d50e7 (type: security_group_rules) to 0
2026-05-11 06:49:24.388 9 INFO neutron.db.ovn_revision_numbers_db [None req-19a4acc4-15c1-44e5-a282-79a080d7b6f4 8f11e13f652648618d8e2083f01bdc5a d561b5f6f80946029585bce87c82f0af - - default default] Successfully bumped revision number for resource c365c1cd-3988-44bb-8f13-413f7e84d32e (type: security_group_rules) to 0
2026-05-11 06:49:24.432 9 INFO neutron.db.ovn_revision_numbers_db [None req-19a4acc4-15c1-44e5-a282-79a080d7b6f4 8f11e13f652648618d8e2083f01bdc5a d561b5f6f80946029585bce87c82f0af - - default default] Successfully bumped revision number for resource f7daf8e2-b6ce-4ac2-b274-e4335352efe2 (type: security_group_rules) to 0
2026-05-11 06:49:24.471 9 INFO neutron.wsgi [None req-19a4acc4-15c1-44e5-a282-79a080d7b6f4 8f11e13f652648618d8e2083f01bdc5a d561b5f6f80946029585bce87c82f0af - - default default] 10.0.0.246 "GET /v2.0/security-groups?tenant_id=794c555c11c4429ba5a94a9439ce659b&name=default HTTP/1.1" status: 200 len: 2996 time: 0.3448608
2026-05-11 06:49:24.625 9 INFO neutron.db.ovn_revision_numbers_db [None req-9dbad090-2964-4809-adfa-eae3e54512c8 17a7ec6eb592409fa03ce35507112eb5 1dce23822f514d83a7f10201a16a7d2f - - default default] Successfully bumped revision number for resource 26d9e5a6-1209-440d-81e8-c497392432f5 (type: floatingips) to 0
2026-05-11 06:49:24.794 9 INFO neutron.db.ovn_revision_numbers_db [None req-9dbad090-2964-4809-adfa-eae3e54512c8 17a7ec6eb592409fa03ce35507112eb5 1dce23822f514d83a7f10201a16a7d2f - - default default] Successfully bumped revision number for resource 26d9e5a6-1209-440d-81e8-c497392432f5 (type: floatingips) to 1
2026-05-11 06:49:24.836 9 INFO neutron.wsgi [None req-9dbad090-2964-4809-adfa-eae3e54512c8 17a7ec6eb592409fa03ce35507112eb5 1dce23822f514d83a7f10201a16a7d2f - - default default] 10.0.0.246 "POST /v2.0/floatingips HTTP/1.1" status: 201 len: 1055 time: 1.4828742
2026-05-11 06:49:24.886 9 INFO neutron.wsgi [None req-9825541a-73c6-43e1-8b9f-7d1e1641239b 8f11e13f652648618d8e2083f01bdc5a d561b5f6f80946029585bce87c82f0af - - default default] 10.0.0.246 "DELETE /v2.0/security-groups/5100b544-403c-4114-99d1-8307061b4b2a HTTP/1.1" status: 204 len: 168 time: 0.4022377
2026-05-11 06:49:24.914 9 INFO neutron.wsgi [None req-929ecfbd-b03a-4533-a99d-1ae8f6f1a6c9 17a7ec6eb592409fa03ce35507112eb5 1dce23822f514d83a7f10201a16a7d2f - - default default] 10.0.0.246 "GET /v2.0/floatingips/26d9e5a6-1209-440d-81e8-c497392432f5 HTTP/1.1" status: 200 len: 1052 time: 0.0690262
2026-05-11 06:49:25.767 9 INFO neutron.notifiers.nova [-] Nova event matching ['req-7eadc5d4-8574-43c9-a87b-164889c6d6c1'] response: {'name': 'network-changed', 'server_uuid': '7edea92a-ac47-4c72-87b0-03e0cd399fd4', 'tag': '0ab5a27e-8066-494d-a775-c8240871edeb', 'status': 'completed', 'code': 200} /var/lib/openstack/lib/python3.10/site-packages/pycadf/identifier.py:71: UserWarning: Invalid uuid: neutron. To ensure interoperability, identifiers should be a valid uuid. warnings.warn(('Invalid uuid: %s. To ensure interoperability, '
2026-05-11 06:49:25.825 10 INFO neutron.wsgi [req-91b84ae6-7524-4790-b71a-fd702e423bc3 req-00724718-e2c7-4aad-b764-4307d0eaeed0 dc0236e32fdd4858bcc32f250aaf05ce 79ce8942d243454cbf729108076aebf2 - - 78055b8278ed499887689ee8ce2879fc 78055b8278ed499887689ee8ce2879fc] 199.204.45.222 "GET /v2.0/ports?tenant_id=1dce23822f514d83a7f10201a16a7d2f&device_id=7edea92a-ac47-4c72-87b0-03e0cd399fd4 HTTP/1.1" status: 200 len: 1413 time: 0.0360324
2026-05-11 06:49:25.887 10 INFO neutron.wsgi [req-91b84ae6-7524-4790-b71a-fd702e423bc3 req-73991ce8-f41e-4091-95f3-8bd7cf92c102 dc0236e32fdd4858bcc32f250aaf05ce 79ce8942d243454cbf729108076aebf2 - - 78055b8278ed499887689ee8ce2879fc 78055b8278ed499887689ee8ce2879fc] 199.204.45.222 "GET /v2.0/networks?id=3b2af10f-4796-4a46-8226-38234a7d4484 HTTP/1.1" status: 200 len: 958 time: 0.0555134
2026-05-11 06:49:25.962 10 INFO neutron.wsgi [req-91b84ae6-7524-4790-b71a-fd702e423bc3 req-89354cfa-4ede-49d3-919d-8a906c2c7b40 dc0236e32fdd4858bcc32f250aaf05ce 79ce8942d243454cbf729108076aebf2 - - 78055b8278ed499887689ee8ce2879fc 78055b8278ed499887689ee8ce2879fc] 199.204.45.222 "GET /v2.0/floatingips?fixed_ip_address=10.100.0.10&port_id=0ab5a27e-8066-494d-a775-c8240871edeb HTTP/1.1" status: 200 len: 1060 time: 0.0673819
2026-05-11 06:49:26.014 10 INFO neutron.wsgi [req-91b84ae6-7524-4790-b71a-fd702e423bc3 req-6e8155df-136a-4a4d-ba2b-9b2886f69f58 dc0236e32fdd4858bcc32f250aaf05ce 79ce8942d243454cbf729108076aebf2 - - 78055b8278ed499887689ee8ce2879fc 78055b8278ed499887689ee8ce2879fc] 199.204.45.222 "GET /v2.0/subnets?id=33916a8c-9327-4d00-a27a-59b2ecb8ef36 HTTP/1.1" status: 200 len: 852 time: 0.0448959
2026-05-11 06:49:26.057 10 INFO neutron.wsgi [req-91b84ae6-7524-4790-b71a-fd702e423bc3 req-2e82ffdf-e6a8-4406-a611-4cc6e9f7ff4a dc0236e32fdd4858bcc32f250aaf05ce 79ce8942d243454cbf729108076aebf2 - - 78055b8278ed499887689ee8ce2879fc 78055b8278ed499887689ee8ce2879fc] 199.204.45.222 "GET /v2.0/ports?network_id=3b2af10f-4796-4a46-8226-38234a7d4484&device_owner=network%3Adhcp HTTP/1.1" status: 200 len: 210 time: 0.0332141
2026-05-11 06:49:26.138 10 INFO neutron.wsgi [req-91b84ae6-7524-4790-b71a-fd702e423bc3 req-c4897fa0-f844-4a02-9aad-7043fb4263c6 dc0236e32fdd4858bcc32f250aaf05ce 79ce8942d243454cbf729108076aebf2 - - 78055b8278ed499887689ee8ce2879fc 78055b8278ed499887689ee8ce2879fc] 199.204.45.222 "GET /v2.0/networks/3b2af10f-4796-4a46-8226-38234a7d4484?fields=segments HTTP/1.1" status: 200 len: 212 time: 0.0739505
2026-05-11 06:49:26.213 10 INFO neutron.wsgi [req-91b84ae6-7524-4790-b71a-fd702e423bc3 req-17b25cd3-bd05-42b3-a214-01854a897396 dc0236e32fdd4858bcc32f250aaf05ce 79ce8942d243454cbf729108076aebf2 - - 78055b8278ed499887689ee8ce2879fc 78055b8278ed499887689ee8ce2879fc] 199.204.45.222 "GET /v2.0/networks/3b2af10f-4796-4a46-8226-38234a7d4484?fields=provider%3Aphysical_network&fields=provider%3Anetwork_type HTTP/1.1" status: 200 len: 277 time: 0.0681365
2026-05-11 06:49:27.397 9 INFO neutron.wsgi [-] 10.0.0.247 "GET / HTTP/1.1" status: 200 len: 247 time: 0.0027509
2026-05-11 06:49:27.398 10 INFO neutron.wsgi [-] 10.0.0.247 "GET / HTTP/1.1" status: 200 len: 247 time: 0.0044327
2026-05-11 06:49:27.874 9 INFO neutron.db.ovn_revision_numbers_db [None req-1ee1c20d-87f1-468f-b1c2-278adb263624 799fd531d80649fbaaeeac741db4023e 8ce25797913248e3b79ccb22395ea062 - - default default] Successfully bumped revision number for resource 2718851d-5d2b-4833-a4db-8dee35dbd822 (type: security_groups) to 1
2026-05-11 06:49:27.892 9 INFO neutron.db.ovn_revision_numbers_db [None req-1ee1c20d-87f1-468f-b1c2-278adb263624 799fd531d80649fbaaeeac741db4023e 8ce25797913248e3b79ccb22395ea062 - - default default] Successfully bumped revision number for resource 07e9bb9b-44c1-49ac-9789-14c1f0f72106 (type: security_group_rules) to 0
2026-05-11 06:49:27.909 9 INFO neutron.db.ovn_revision_numbers_db [None req-1ee1c20d-87f1-468f-b1c2-278adb263624 799fd531d80649fbaaeeac741db4023e 8ce25797913248e3b79ccb22395ea062 - - default default] Successfully bumped revision number for resource 4691cbc4-fb6a-45f4-80dd-1ff1030c3f56 (type: security_group_rules) to 0
2026-05-11 06:49:27.926 9 INFO neutron.db.ovn_revision_numbers_db [None req-1ee1c20d-87f1-468f-b1c2-278adb263624 799fd531d80649fbaaeeac741db4023e 8ce25797913248e3b79ccb22395ea062 - - default default] Successfully bumped revision number for resource 52b6f8a1-540b-41c7-af13-f937b6e63f6b (type: security_group_rules) to 0
2026-05-11 06:49:27.944 9 INFO neutron.db.ovn_revision_numbers_db [None req-1ee1c20d-87f1-468f-b1c2-278adb263624 799fd531d80649fbaaeeac741db4023e 8ce25797913248e3b79ccb22395ea062 - - default default] Successfully bumped revision number for resource 53c215b7-0751-42fa-bf9f-ce265265a106 (type: security_group_rules) to 0
2026-05-11 06:49:28.070 9 INFO neutron.db.ovn_revision_numbers_db [None req-1ee1c20d-87f1-468f-b1c2-278adb263624 799fd531d80649fbaaeeac741db4023e 8ce25797913248e3b79ccb22395ea062 - - default default] Successfully bumped revision number for resource b280b102-d10a-4b55-8a5f-28938ed10139 (type: security_groups) to 1
2026-05-11 06:49:28.087 9 INFO neutron.db.ovn_revision_numbers_db [None req-1ee1c20d-87f1-468f-b1c2-278adb263624 799fd531d80649fbaaeeac741db4023e 8ce25797913248e3b79ccb22395ea062 - - default default] Successfully bumped revision number for resource 207b5b37-95ba-467b-8df9-a2a7234bb77d (type: security_group_rules) to 0
2026-05-11 06:49:28.101 9 INFO neutron.db.ovn_revision_numbers_db [None req-1ee1c20d-87f1-468f-b1c2-278adb263624 799fd531d80649fbaaeeac741db4023e 8ce25797913248e3b79ccb22395ea062 - - default default] Successfully bumped revision number for resource b28576d3-93c5-4bf1-b980-88728a852b49 (type: security_group_rules) to 0
2026-05-11 06:49:28.120 9 INFO neutron.wsgi [None req-1ee1c20d-87f1-468f-b1c2-278adb263624 799fd531d80649fbaaeeac741db4023e 8ce25797913248e3b79ccb22395ea062 - - default default] 10.0.0.246 "POST /v2.0/security-groups HTTP/1.1" status: 201 len: 1737 time: 0.5744431
2026-05-11 06:49:28.252 9 INFO neutron.db.ovn_revision_numbers_db [None req-3a0c8d36-7f1f-411b-abc8-402e1efdbde2 799fd531d80649fbaaeeac741db4023e 8ce25797913248e3b79ccb22395ea062 - - default default] Successfully bumped revision number for resource c2394cc6-70a2-4287-8805-e66a3d439f3f (type: security_groups) to 1
2026-05-11 06:49:28.270 9 INFO neutron.db.ovn_revision_numbers_db [None req-3a0c8d36-7f1f-411b-abc8-402e1efdbde2 799fd531d80649fbaaeeac741db4023e 8ce25797913248e3b79ccb22395ea062 - - default default] Successfully bumped revision number for resource 8f613673-a923-46ea-8407-0d7c8e1a6a88 (type: security_group_rules) to 0
2026-05-11 06:49:28.286 9 INFO neutron.db.ovn_revision_numbers_db [None req-3a0c8d36-7f1f-411b-abc8-402e1efdbde2 799fd531d80649fbaaeeac741db4023e 8ce25797913248e3b79ccb22395ea062 - - default default] Successfully bumped revision number for resource 99949d4d-6e00-4abb-8b34-2433217a6dd8 (type: security_group_rules) to 0
2026-05-11 06:49:28.314 9 INFO neutron.wsgi [None req-3a0c8d36-7f1f-411b-abc8-402e1efdbde2 799fd531d80649fbaaeeac741db4023e 8ce25797913248e3b79ccb22395ea062 - - default default] 10.0.0.246 "POST /v2.0/security-groups HTTP/1.1" status: 201 len: 1737 time: 0.1813662
2026-05-11 06:49:28.429 9 INFO neutron.db.ovn_revision_numbers_db [None req-c478ec1b-0821-40ef-8362-2872962096e4 799fd531d80649fbaaeeac741db4023e 8ce25797913248e3b79ccb22395ea062 - - default default] Successfully bumped revision number for resource 29c8bfcf-3b8a-49bf-8cf3-4a71cec9ab13 (type: security_groups) to 1
2026-05-11 06:49:28.445 9 INFO neutron.db.ovn_revision_numbers_db [None req-c478ec1b-0821-40ef-8362-2872962096e4 799fd531d80649fbaaeeac741db4023e 8ce25797913248e3b79ccb22395ea062 - - default default] Successfully bumped revision number for resource 708a122c-fa94-436f-9a32-5562973614bb (type: security_group_rules) to 0
2026-05-11 06:49:28.459 9 INFO neutron.db.ovn_revision_numbers_db [None req-c478ec1b-0821-40ef-8362-2872962096e4 799fd531d80649fbaaeeac741db4023e 8ce25797913248e3b79ccb22395ea062 - - default default] Successfully bumped revision number for resource 7b5d2a45-6578-45ba-9993-5ee4038c9a05 (type: security_group_rules) to 0
2026-05-11 06:49:28.482 9 INFO neutron.wsgi [None req-c478ec1b-0821-40ef-8362-2872962096e4 799fd531d80649fbaaeeac741db4023e 8ce25797913248e3b79ccb22395ea062 - - default default] 10.0.0.246 "POST /v2.0/security-groups HTTP/1.1" status: 201 len: 1737 time: 0.1627722
2026-05-11 06:49:28.610 9 INFO neutron.db.ovn_revision_numbers_db [None req-f84853ec-8141-45ca-a643-96f4e8621328 799fd531d80649fbaaeeac741db4023e 8ce25797913248e3b79ccb22395ea062 - - default default] Successfully bumped revision number for resource ee65666d-40ab-41b7-9b17-550244612366 (type: security_groups) to 1
2026-05-11 06:49:28.645 9 INFO neutron.db.ovn_revision_numbers_db [None req-f84853ec-8141-45ca-a643-96f4e8621328 799fd531d80649fbaaeeac741db4023e 8ce25797913248e3b79ccb22395ea062 - - default default] Successfully bumped revision number for resource 45c1f582-59b5-45ac-806a-cfbfd35d1505 (type: security_group_rules) to 0
2026-05-11 06:49:28.663 9 INFO neutron.db.ovn_revision_numbers_db [None req-f84853ec-8141-45ca-a643-96f4e8621328 799fd531d80649fbaaeeac741db4023e 8ce25797913248e3b79ccb22395ea062 - - default default] Successfully bumped revision number for resource a2973907-b3b5-4181-91a6-615f8c7cb106 (type: security_group_rules) to 0
2026-05-11 06:49:28.698 9 INFO neutron.wsgi [None req-f84853ec-8141-45ca-a643-96f4e8621328 799fd531d80649fbaaeeac741db4023e 8ce25797913248e3b79ccb22395ea062 - - default default] 10.0.0.246 "POST /v2.0/security-groups HTTP/1.1" status: 201 len: 1737 time: 0.2091920
2026-05-11 06:49:28.793 9 INFO neutron.db.ovn_revision_numbers_db [None req-ec3bac6b-2835-44b0-b407-f4b2efeeeec4 50f87466defb4388b3842e7fdc6cf33a 8923d87d6141439697797116b293a26a - - default default] Successfully bumped revision number for resource e65c8e22-a657-45f8-8fdc-a3a742bcca9d (type: security_groups) to 1
2026-05-11 06:49:28.813 9 INFO neutron.db.ovn_revision_numbers_db [None req-ec3bac6b-2835-44b0-b407-f4b2efeeeec4 50f87466defb4388b3842e7fdc6cf33a 8923d87d6141439697797116b293a26a - - default default] Successfully bumped revision number for resource 8c14a001-68cc-4570-be48-a9e15e3ca7a0 (type: security_group_rules) to 0
2026-05-11 06:49:28.827 9 INFO neutron.db.ovn_revision_numbers_db [None req-ec3bac6b-2835-44b0-b407-f4b2efeeeec4 50f87466defb4388b3842e7fdc6cf33a 8923d87d6141439697797116b293a26a - - default default] Successfully bumped revision number for resource 9aff78d7-b7e9-4da8-a228-a3992b805650 (type: security_group_rules) to 0
2026-05-11 06:49:29.128 9 INFO neutron.db.ovn_revision_numbers_db [None req-ec3bac6b-2835-44b0-b407-f4b2efeeeec4 50f87466defb4388b3842e7fdc6cf33a 8923d87d6141439697797116b293a26a - - default default] Successfully bumped revision number for resource bfa9a1cd-a174-4569-8c9c-8c25b9c9d030 (type: security_group_rules) to 0
2026-05-11 06:49:29.129 9 INFO neutron.db.ovn_revision_numbers_db [None req-35cf0d8b-3a71-47b6-b729-5be4298ac06a 799fd531d80649fbaaeeac741db4023e 8ce25797913248e3b79ccb22395ea062 - - default default] Successfully bumped revision number for resource 2d5b1606-de8d-4799-aa9e-7c43ae4f92a2 (type: security_groups) to 1
2026-05-11 06:49:29.144 9 INFO neutron.db.ovn_revision_numbers_db [None req-ec3bac6b-2835-44b0-b407-f4b2efeeeec4 50f87466defb4388b3842e7fdc6cf33a 8923d87d6141439697797116b293a26a - - default default] Successfully bumped revision number for resource f0606996-b456-49da-a3c4-ead413d368c5 (type: security_group_rules) to 0
2026-05-11 06:49:29.148 9 INFO neutron.db.ovn_revision_numbers_db [None req-35cf0d8b-3a71-47b6-b729-5be4298ac06a 799fd531d80649fbaaeeac741db4023e 8ce25797913248e3b79ccb22395ea062 - - default default] Successfully bumped revision number for resource c0ebc9e2-e449-4f58-abe3-0d31da524766 (type: security_group_rules) to 0
2026-05-11 06:49:29.178 9 INFO neutron.db.ovn_revision_numbers_db [None req-35cf0d8b-3a71-47b6-b729-5be4298ac06a 799fd531d80649fbaaeeac741db4023e 8ce25797913248e3b79ccb22395ea062 - - default default] Successfully bumped revision number for resource e25a8edf-f942-4869-8072-aa599ebebd63 (type: security_group_rules) to 0
2026-05-11 06:49:29.203 9 INFO neutron.db.segments_db [None req-ec3bac6b-2835-44b0-b407-f4b2efeeeec4 50f87466defb4388b3842e7fdc6cf33a 8923d87d6141439697797116b293a26a - - default default] Added segment de9e7bfb-5402-4b15-b96c-63873c819a9d of type geneve for network c03c295e-a013-456e-98a5-6332f26fb24e
2026-05-11 06:49:29.212 9 INFO neutron.wsgi [None req-35cf0d8b-3a71-47b6-b729-5be4298ac06a 799fd531d80649fbaaeeac741db4023e 8ce25797913248e3b79ccb22395ea062 - - default default] 10.0.0.246 "POST /v2.0/security-groups HTTP/1.1" status: 201 len: 1737 time: 0.5082176
2026-05-11 06:49:29.259 10 INFO neutron.wsgi [None req-8e271d2f-f556-43f6-b20c-cc02b04bcf84 799fd531d80649fbaaeeac741db4023e 8ce25797913248e3b79ccb22395ea062 - - default default] 10.0.0.246 "PUT /v2.0/security-groups/b280b102-d10a-4b55-8a5f-28938ed10139/tags HTTP/1.1" status: 200 len: 210 time: 0.0405645
2026-05-11 06:49:29.296 10 INFO neutron.wsgi [None req-03d4be76-3b26-43b3-b8cf-91eefc27f4f3 799fd531d80649fbaaeeac741db4023e 8ce25797913248e3b79ccb22395ea062 - - default default] 10.0.0.246 "PUT /v2.0/security-groups/c2394cc6-70a2-4287-8805-e66a3d439f3f/tags HTTP/1.1" status: 200 len: 218 time: 0.0308974
2026-05-11 06:49:29.341 10 INFO neutron.wsgi [None req-cdc6450e-f421-4c0d-9ab5-694bb8542e1d 799fd531d80649fbaaeeac741db4023e 8ce25797913248e3b79ccb22395ea062 - - default default] 10.0.0.246 "PUT /v2.0/security-groups/29c8bfcf-3b8a-49bf-8cf3-4a71cec9ab13/tags HTTP/1.1" status: 200 len: 227 time: 0.0392292
2026-05-11 06:49:29.369 10 INFO neutron.wsgi [None req-688ebade-c1b6-49c9-9d5e-62f2f8f183c4 799fd531d80649fbaaeeac741db4023e 8ce25797913248e3b79ccb22395ea062 - - default default] 10.0.0.246 "PUT /v2.0/security-groups/ee65666d-40ab-41b7-9b17-550244612366/tags HTTP/1.1" status: 200 len: 212 time: 0.0238302
2026-05-11 06:49:29.389 9 INFO neutron.db.ovn_revision_numbers_db [None req-ec3bac6b-2835-44b0-b407-f4b2efeeeec4 50f87466defb4388b3842e7fdc6cf33a 8923d87d6141439697797116b293a26a - - default default] Successfully bumped revision number for resource c03c295e-a013-456e-98a5-6332f26fb24e (type: networks) to 1
2026-05-11 06:49:29.436 10 INFO neutron.wsgi [None req-2afbbd60-8d3e-460b-bda3-f446ad83b6c8 799fd531d80649fbaaeeac741db4023e 8ce25797913248e3b79ccb22395ea062 - - default default] 10.0.0.246 "GET /v2.0/security-groups?tags=red HTTP/1.1" status: 200 len: 4813 time: 0.0604186
2026-05-11 06:49:29.493 10 INFO neutron.wsgi [None req-38ea2606-45cf-491e-a4e3-448843b7076e 799fd531d80649fbaaeeac741db4023e 8ce25797913248e3b79ccb22395ea062 - - default default] 10.0.0.246 "GET /v2.0/security-groups?tags=red%2Cblue HTTP/1.1" status: 200 len: 3289 time: 0.0499475
2026-05-11 06:49:29.550 10 INFO neutron.wsgi [None req-00487ff1-25b8-4f89-9258-05f0dced1078 799fd531d80649fbaaeeac741db4023e 8ce25797913248e3b79ccb22395ea062 - - default default] 10.0.0.246 "GET /v2.0/security-groups?tags-any=blue HTTP/1.1" status: 200 len: 3289 time: 0.0505443
2026-05-11 06:49:29.573 9 WARNING neutron.scheduler.dhcp_agent_scheduler [None req-ec3bac6b-2835-44b0-b407-f4b2efeeeec4 50f87466defb4388b3842e7fdc6cf33a 8923d87d6141439697797116b293a26a - - default default] No more DHCP agents
2026-05-11 06:49:29.577 9 WARNING neutron.api.rpc.agentnotifiers.dhcp_rpc_agent_api [None req-ec3bac6b-2835-44b0-b407-f4b2efeeeec4 50f87466defb4388b3842e7fdc6cf33a 8923d87d6141439697797116b293a26a - - default default] Unable to schedule network c03c295e-a013-456e-98a5-6332f26fb24e: no agents available; will retry on subsequent port and subnet creation events.
2026-05-11 06:49:29.600 10 INFO neutron.wsgi [None req-53f20cc8-1418-4eb0-938b-461114fa0a60 799fd531d80649fbaaeeac741db4023e 8ce25797913248e3b79ccb22395ea062 - - default default] 10.0.0.246 "GET /v2.0/security-groups?tags-any=red%2Cblue HTTP/1.1" status: 200 len: 4813 time: 0.0441871
2026-05-11 06:49:29.659 10 INFO neutron.wsgi [None req-01298026-3e6b-40d7-928d-4fe4be8ac6c9 799fd531d80649fbaaeeac741db4023e 8ce25797913248e3b79ccb22395ea062 - - default default] 10.0.0.246 "GET /v2.0/security-groups?not-tags=red HTTP/1.1" status: 200 len: 6041 time: 0.0513067
2026-05-11 06:49:29.670 9 INFO neutron.db.ovn_revision_numbers_db [None req-ec3bac6b-2835-44b0-b407-f4b2efeeeec4 50f87466defb4388b3842e7fdc6cf33a 8923d87d6141439697797116b293a26a - - default default] Successfully bumped revision number for resource 73e06a20-bff0-41d0-be46-b9f9f9b12c5c (type: ports) to 1
2026-05-11 06:49:29.692 9 INFO neutron.wsgi [None req-ec3bac6b-2835-44b0-b407-f4b2efeeeec4 50f87466defb4388b3842e7fdc6cf33a 8923d87d6141439697797116b293a26a - - default default] 10.0.0.246 "POST /v2.0/networks HTTP/1.1" status: 201 len: 831 time: 1.2137940
2026-05-11 06:49:29.737 10 INFO neutron.wsgi [None req-16cac182-3ea0-4841-85f7-2337cbba2637 799fd531d80649fbaaeeac741db4023e 8ce25797913248e3b79ccb22395ea062 - - default default] 10.0.0.246 "GET /v2.0/security-groups?not-tags=red%2Cblue HTTP/1.1" status: 200 len: 7565 time: 0.0734227
2026-05-11 06:49:29.811 9 INFO neutron.wsgi [None req-75397907-71aa-48ef-a1da-5665ba661e55 799fd531d80649fbaaeeac741db4023e 8ce25797913248e3b79ccb22395ea062 - - default default] 10.0.0.246 "GET /v2.0/security-groups?not-tags-any=blue HTTP/1.1" status: 200 len: 7565 time: 0.0678437
2026-05-11 06:49:29.875 10 INFO neutron.wsgi [None req-8a35329d-ba4a-4fc8-9b39-263c1df1e969 799fd531d80649fbaaeeac741db4023e 8ce25797913248e3b79ccb22395ea062 - - default default] 10.0.0.246 "GET /v2.0/security-groups?not-tags-any=red%2Cblue HTTP/1.1" status: 200 len: 6041 time: 0.0574563
2026-05-11 06:49:30.001 10 INFO neutron.wsgi [None req-bcb2c419-9960-49e9-a7cb-3c90f5a35ccf 799fd531d80649fbaaeeac741db4023e 8ce25797913248e3b79ccb22395ea062 - - default default] 10.0.0.246 "DELETE /v2.0/security-groups/b280b102-d10a-4b55-8a5f-28938ed10139 HTTP/1.1" status: 204 len: 168 time: 0.1171401
2026-05-11 06:49:30.007 9 WARNING neutron.scheduler.dhcp_agent_scheduler [None req-3580fbc7-492b-4c49-af73-54c67bdbe0d7 50f87466defb4388b3842e7fdc6cf33a 8923d87d6141439697797116b293a26a - - default default] No more DHCP agents
2026-05-11 06:49:30.011 9 WARNING neutron.api.rpc.agentnotifiers.dhcp_rpc_agent_api [None req-3580fbc7-492b-4c49-af73-54c67bdbe0d7 50f87466defb4388b3842e7fdc6cf33a 8923d87d6141439697797116b293a26a - - default default] Unable to schedule network c03c295e-a013-456e-98a5-6332f26fb24e: no agents available; will retry on subsequent port and subnet creation events.
2026-05-11 06:49:30.123 10 INFO neutron.wsgi [None req-033ccbaa-e6a5-470d-af46-96b98956e4d2 799fd531d80649fbaaeeac741db4023e 8ce25797913248e3b79ccb22395ea062 - - default default] 10.0.0.246 "DELETE /v2.0/security-groups/c2394cc6-70a2-4287-8805-e66a3d439f3f HTTP/1.1" status: 204 len: 168 time: 0.1177640
2026-05-11 06:49:30.250 10 INFO neutron.wsgi [None req-f728a9dd-ba89-4feb-aed4-334fb57f2fc9 799fd531d80649fbaaeeac741db4023e 8ce25797913248e3b79ccb22395ea062 - - default default] 10.0.0.246 "DELETE /v2.0/security-groups/29c8bfcf-3b8a-49bf-8cf3-4a71cec9ab13 HTTP/1.1" status: 204 len: 168 time: 0.1204543
2026-05-11 06:49:30.372 10 INFO neutron.wsgi [None req-25c29050-a228-4bbc-bda3-4955fc3ab906 799fd531d80649fbaaeeac741db4023e 8ce25797913248e3b79ccb22395ea062 - - default default] 10.0.0.246 "DELETE /v2.0/security-groups/ee65666d-40ab-41b7-9b17-550244612366 HTTP/1.1" status: 204 len: 168 time: 0.1161268
2026-05-11 06:49:30.505 10 INFO neutron.wsgi [None req-975f5083-680d-4701-9f21-5824394ff1f6 799fd531d80649fbaaeeac741db4023e 8ce25797913248e3b79ccb22395ea062 - - default default] 10.0.0.246 "DELETE /v2.0/security-groups/2d5b1606-de8d-4799-aa9e-7c43ae4f92a2 HTTP/1.1" status: 204 len: 168 time: 0.1279104
2026-05-11 06:49:30.531 9 INFO neutron.db.ovn_revision_numbers_db [None req-3580fbc7-492b-4c49-af73-54c67bdbe0d7 50f87466defb4388b3842e7fdc6cf33a 8923d87d6141439697797116b293a26a - - default default] Successfully bumped revision number for resource 73e06a20-bff0-41d0-be46-b9f9f9b12c5c (type: ports) to 2
2026-05-11 06:49:30.562 9 INFO neutron.db.ovn_revision_numbers_db [None req-3580fbc7-492b-4c49-af73-54c67bdbe0d7 50f87466defb4388b3842e7fdc6cf33a 8923d87d6141439697797116b293a26a - - default default] Successfully bumped revision number for resource 9c7bc3d2-b743-4e9c-859d-13b2d689f9e7 (type: subnets) to 0
2026-05-11 06:49:30.579 9 INFO neutron.wsgi [None req-3580fbc7-492b-4c49-af73-54c67bdbe0d7 50f87466defb4388b3842e7fdc6cf33a 8923d87d6141439697797116b293a26a - - default default] 10.0.0.246 "POST /v2.0/subnets HTTP/1.1" status: 201 len: 801 time: 0.8782787
2026-05-11 06:49:30.650 9 INFO neutron.wsgi [None req-bbc77248-9ac6-4f73-a478-59e5b9db4cce 50f87466defb4388b3842e7fdc6cf33a 8923d87d6141439697797116b293a26a - - default default] 10.0.0.246 "PUT /v2.0/subnets/9c7bc3d2-b743-4e9c-859d-13b2d689f9e7/tags HTTP/1.1" status: 200 len: 218 time: 0.0642843
2026-05-11 06:49:30.691 9 INFO neutron.wsgi [None req-9368fc3e-0745-4cf8-9903-c25c1b569cff 50f87466defb4388b3842e7fdc6cf33a 8923d87d6141439697797116b293a26a - - default default] 10.0.0.246 "GET /v2.0/subnets/9c7bc3d2-b743-4e9c-859d-13b2d689f9e7/tags HTTP/1.1" status: 200 len: 218 time: 0.0351503
2026-05-11 06:49:30.748 10 INFO neutron.wsgi [None req-4bc9bfc4-72d1-464a-97cd-1663092b714d 50f87466defb4388b3842e7fdc6cf33a 8923d87d6141439697797116b293a26a - - default default] 10.0.0.246 "PUT /v2.0/subnets/9c7bc3d2-b743-4e9c-859d-13b2d689f9e7/tags/green HTTP/1.1" status: 201 len: 201 time: 0.0507264
2026-05-11 06:49:30.789 10 INFO neutron.wsgi [None req-dea47b2a-ead1-4c5c-8b5c-e0963bf67e1d 50f87466defb4388b3842e7fdc6cf33a 8923d87d6141439697797116b293a26a - - default default] 10.0.0.246 "GET /v2.0/subnets/9c7bc3d2-b743-4e9c-859d-13b2d689f9e7/tags HTTP/1.1" status: 200 len: 227 time: 0.0359001
2026-05-11 06:49:30.835 10 INFO neutron.wsgi [None req-b28ee392-d831-4d93-9755-79689bad6191 50f87466defb4388b3842e7fdc6cf33a 8923d87d6141439697797116b293a26a - - default default] 10.0.0.246 "PUT /v2.0/subnets/9c7bc3d2-b743-4e9c-859d-13b2d689f9e7/tags/red HTTP/1.1" status: 201 len: 201 time: 0.0402491
2026-05-11 06:49:30.883 10 INFO neutron.wsgi [None req-15b845ef-09af-4b08-bcfd-37f99380565a 50f87466defb4388b3842e7fdc6cf33a 8923d87d6141439697797116b293a26a - - default default] 10.0.0.246 "GET /v2.0/subnets/9c7bc3d2-b743-4e9c-859d-13b2d689f9e7/tags HTTP/1.1" status: 200 len: 227 time: 0.0419168
2026-05-11 06:49:30.938 10 INFO neutron.wsgi [None req-5feb4618-e270-4ef6-a5be-4042fd9356a9 50f87466defb4388b3842e7fdc6cf33a 8923d87d6141439697797116b293a26a - - default default] 10.0.0.246 "PUT /v2.0/subnets/9c7bc3d2-b743-4e9c-859d-13b2d689f9e7/tags/black.or.white HTTP/1.1" status: 201 len: 201 time: 0.0504375
2026-05-11 06:49:30.975 9 INFO neutron.wsgi [None req-3629060b-ef95-412e-95f4-8570e5e40835 50f87466defb4388b3842e7fdc6cf33a 8923d87d6141439697797116b293a26a - - default default] 10.0.0.246 "GET /v2.0/subnets/9c7bc3d2-b743-4e9c-859d-13b2d689f9e7/tags HTTP/1.1" status: 200 len: 245 time: 0.0319638
2026-05-11 06:49:31.027 9 INFO neutron.wsgi [None req-ec47d086-fea1-4f9b-bc99-5d5b641f390a 50f87466defb4388b3842e7fdc6cf33a 8923d87d6141439697797116b293a26a - - default default] 10.0.0.246 "PUT /v2.0/subnets/9c7bc3d2-b743-4e9c-859d-13b2d689f9e7/tags HTTP/1.1" status: 200 len: 230 time: 0.0479779
2026-05-11 06:49:31.065 10 INFO neutron.wsgi [None req-57ba5de4-9a4b-4f90-8618-6b19226a156d 50f87466defb4388b3842e7fdc6cf33a 8923d87d6141439697797116b293a26a - - default default] 10.0.0.246 "GET /v2.0/subnets/9c7bc3d2-b743-4e9c-859d-13b2d689f9e7/tags HTTP/1.1" status: 200 len: 230 time: 0.0322366
2026-05-11 06:49:31.100 10 INFO neutron.wsgi [None req-7c6e801b-e3af-4536-8086-fe58042c85ee 50f87466defb4388b3842e7fdc6cf33a 8923d87d6141439697797116b293a26a - - default default] 10.0.0.246 "GET /v2.0/subnets/9c7bc3d2-b743-4e9c-859d-13b2d689f9e7/tags/red HTTP/1.1" status: 204 len: 168 time: 0.0309248
2026-05-11 06:49:31.141 10 INFO neutron.api.v2.resource [None req-61b364cb-1692-4f37-b571-a03ba0b952fa 50f87466defb4388b3842e7fdc6cf33a 8923d87d6141439697797116b293a26a - - default default] show failed (client error): The resource could not be found.
2026-05-11 06:49:31.143 10 INFO neutron.wsgi [None req-61b364cb-1692-4f37-b571-a03ba0b952fa 50f87466defb4388b3842e7fdc6cf33a 8923d87d6141439697797116b293a26a - - default default] 10.0.0.246 "GET /v2.0/subnets/9c7bc3d2-b743-4e9c-859d-13b2d689f9e7/tags/green HTTP/1.1" status: 404 len: 299 time: 0.0349331
2026-05-11 06:49:31.206 9 INFO neutron.wsgi [None req-9d14affa-643a-487a-b3b7-43f852c3a9a1 50f87466defb4388b3842e7fdc6cf33a 8923d87d6141439697797116b293a26a - - default default] 10.0.0.246 "DELETE /v2.0/subnets/9c7bc3d2-b743-4e9c-859d-13b2d689f9e7/tags/red HTTP/1.1" status: 204 len: 168 time: 0.0538988
2026-05-11 06:49:31.244 9 INFO neutron.wsgi [None req-55185118-d2d5-4dfc-a05e-2d0440581627 50f87466defb4388b3842e7fdc6cf33a 8923d87d6141439697797116b293a26a - - default default] 10.0.0.246 "GET /v2.0/subnets/9c7bc3d2-b743-4e9c-859d-13b2d689f9e7/tags HTTP/1.1" status: 200 len: 223 time: 0.0325887
2026-05-11 06:49:31.286 9 INFO neutron.api.v2.resource [None req-c36b0fb7-1dcf-4365-9924-e84b82619dde 50f87466defb4388b3842e7fdc6cf33a 8923d87d6141439697797116b293a26a - - default default] delete failed (client error): The resource could not be found.
2026-05-11 06:49:31.288 9 INFO neutron.wsgi [None req-c36b0fb7-1dcf-4365-9924-e84b82619dde 50f87466defb4388b3842e7fdc6cf33a 8923d87d6141439697797116b293a26a - - default default] 10.0.0.246 "DELETE /v2.0/subnets/9c7bc3d2-b743-4e9c-859d-13b2d689f9e7/tags/green HTTP/1.1" status: 404 len: 299 time: 0.0379193
2026-05-11 06:49:31.335 9 INFO neutron.wsgi [None req-ef6aecc2-d4fd-4d92-8c16-2e539ac4ea37 50f87466defb4388b3842e7fdc6cf33a 8923d87d6141439697797116b293a26a - - default default] 10.0.0.246 "DELETE /v2.0/subnets/9c7bc3d2-b743-4e9c-859d-13b2d689f9e7/tags HTTP/1.1" status: 204 len: 168 time: 0.0415249
2026-05-11 06:49:31.368 9 INFO neutron.wsgi [None req-67dee95d-bec3-40a3-8ecc-e9f42ccbd5aa 50f87466defb4388b3842e7fdc6cf33a 8923d87d6141439697797116b293a26a - - default default] 10.0.0.246 "GET /v2.0/subnets/9c7bc3d2-b743-4e9c-859d-13b2d689f9e7/tags HTTP/1.1" status: 200 len: 205 time: 0.0280375
2026-05-11 06:49:31.597 9 INFO neutron.wsgi [None req-b361d6e2-5472-4815-8648-2844e2c522cb 50f87466defb4388b3842e7fdc6cf33a 8923d87d6141439697797116b293a26a - - default default] 10.0.0.246 "DELETE /v2.0/subnets/9c7bc3d2-b743-4e9c-859d-13b2d689f9e7 HTTP/1.1" status: 204 len: 168 time: 0.2218192
2026-05-11 06:49:31.643 9 INFO neutron.db.ovn_revision_numbers_db [None req-74109945-0d6e-487d-a302-9aed8a9b949b 8f11e13f652648618d8e2083f01bdc5a d561b5f6f80946029585bce87c82f0af - - default default] Successfully bumped revision number for resource 95d0ebd1-2602-4876-918e-b7ccd84c0a1f (type: security_groups) to 1
2026-05-11 06:49:31.657 9 INFO neutron.db.ovn_revision_numbers_db [None req-74109945-0d6e-487d-a302-9aed8a9b949b 8f11e13f652648618d8e2083f01bdc5a d561b5f6f80946029585bce87c82f0af - - default default] Successfully bumped revision number for resource 547b7d31-669a-449a-9648-ab66812ecd5b (type: security_group_rules) to 0
2026-05-11 06:49:31.672 9 INFO neutron.db.ovn_revision_numbers_db [None req-74109945-0d6e-487d-a302-9aed8a9b949b 8f11e13f652648618d8e2083f01bdc5a d561b5f6f80946029585bce87c82f0af - - default default] Successfully bumped revision number for resource 73fe452f-0d65-4968-81a4-bb1a1665f5d0 (type: security_group_rules) to 0
2026-05-11 06:49:31.692 9 INFO neutron.db.ovn_revision_numbers_db [None req-74109945-0d6e-487d-a302-9aed8a9b949b 8f11e13f652648618d8e2083f01bdc5a d561b5f6f80946029585bce87c82f0af - - default default] Successfully bumped revision number for resource b2888ed8-22df-429b-b651-f10966362dd4 (type: security_group_rules) to 0
2026-05-11 06:49:31.705 9 INFO neutron.db.ovn_revision_numbers_db [None req-74109945-0d6e-487d-a302-9aed8a9b949b 8f11e13f652648618d8e2083f01bdc5a d561b5f6f80946029585bce87c82f0af - - default default] Successfully bumped revision number for resource ebcb7bb7-4542-42e1-b2e2-1271516ee55b (type: security_group_rules) to 0
2026-05-11 06:49:31.727 9 INFO neutron.wsgi [None req-74109945-0d6e-487d-a302-9aed8a9b949b 8f11e13f652648618d8e2083f01bdc5a d561b5f6f80946029585bce87c82f0af - - default default] 10.0.0.246 "GET /v2.0/security-groups?tenant_id=f26d33d5e7764c829213e860b8deb229&name=default HTTP/1.1" status: 200 len: 2996 time: 0.3904040
2026-05-11 06:49:31.953 9 INFO neutron.wsgi [None req-20ecfa70-c76a-4b45-8712-5464d328caa6 8f11e13f652648618d8e2083f01bdc5a d561b5f6f80946029585bce87c82f0af - - default default] 10.0.0.246 "DELETE /v2.0/security-groups/95d0ebd1-2602-4876-918e-b7ccd84c0a1f HTTP/1.1" status: 204 len: 168 time: 0.2199819
2026-05-11 06:49:31.961 10 INFO neutron.services.segments.plugin [-] Segment de9e7bfb-5402-4b15-b96c-63873c819a9d resource provider aggregate not found
2026-05-11 06:49:31.966 10 INFO neutron.services.segments.plugin [-] Segment de9e7bfb-5402-4b15-b96c-63873c819a9d resource provider aggregate not found
2026-05-11 06:49:31.989 10 INFO neutron.services.segments.plugin [-] Segment de9e7bfb-5402-4b15-b96c-63873c819a9d resource provider not found; error: Placement Client Error (4xx): {"errors": [{"status": 404, "title": "Not Found", "detail": "The resource could not be found.\n\n No resource provider with uuid de9e7bfb-5402-4b15-b96c-63873c819a9d found for delete ", "request_id": "req-9272a351-9a69-4d86-afb4-545a0e78ce2b"}]}
2026-05-11 06:49:31.990 10 INFO neutron.services.segments.plugin [-] Segment de9e7bfb-5402-4b15-b96c-63873c819a9d resource provider not found; error: Placement Client Error (4xx): {"errors": [{"status": 404, "title": "Not Found", "detail": "The resource could not be found.\n\n No resource provider with uuid de9e7bfb-5402-4b15-b96c-63873c819a9d found for delete ", "request_id": "req-26f4f51c-6685-4c2d-af54-5ada896992c7"}]}
2026-05-11 06:49:32.016 10 INFO neutron.wsgi [None req-ffc665a7-634a-409a-bde3-b6f10d2fb180 50f87466defb4388b3842e7fdc6cf33a 8923d87d6141439697797116b293a26a - - default default] 10.0.0.246 "DELETE /v2.0/networks/c03c295e-a013-456e-98a5-6332f26fb24e HTTP/1.1" status: 204 len: 168 time: 0.4134016
2026-05-11 06:49:32.165 9 INFO neutron.db.ovn_revision_numbers_db [None req-7b40ca8d-6c82-4cb7-8cdd-42dd6bab978b 8f11e13f652648618d8e2083f01bdc5a d561b5f6f80946029585bce87c82f0af - - default default] Successfully bumped revision number for resource 0af1a33c-d42f-4eb7-8aae-08c735116774 (type: security_groups) to 1
2026-05-11 06:49:32.179 9 INFO neutron.db.ovn_revision_numbers_db [None req-7b40ca8d-6c82-4cb7-8cdd-42dd6bab978b 8f11e13f652648618d8e2083f01bdc5a d561b5f6f80946029585bce87c82f0af - - default default] Successfully bumped revision number for resource 8f29eaa3-99b1-4352-a48d-7bcb21435f91 (type: security_group_rules) to 0
2026-05-11 06:49:32.193 9 INFO neutron.db.ovn_revision_numbers_db [None req-7b40ca8d-6c82-4cb7-8cdd-42dd6bab978b 8f11e13f652648618d8e2083f01bdc5a d561b5f6f80946029585bce87c82f0af - - default default] Successfully bumped revision number for resource 92d09c45-239f-4be8-b281-bb32980d2961 (type: security_group_rules) to 0
