2026-05-11 06:47:02.175 10 INFO neutron.db.ovn_revision_numbers_db [None req-44159b73-5022-4c52-8742-aed0bb28332f 8f11e13f652648618d8e2083f01bdc5a d561b5f6f80946029585bce87c82f0af - - default default] Successfully bumped revision number for resource 6343a2e4-b319-4d25-93c6-8df04490381e (type: security_groups) to 1
2026-05-11 06:47:02.195 10 INFO neutron.db.ovn_revision_numbers_db [None req-44159b73-5022-4c52-8742-aed0bb28332f 8f11e13f652648618d8e2083f01bdc5a d561b5f6f80946029585bce87c82f0af - - default default] Successfully bumped revision number for resource 3e555e9a-b597-4059-8566-1fd3d0ac44e7 (type: security_group_rules) to 0
2026-05-11 06:47:02.215 10 INFO neutron.db.ovn_revision_numbers_db [None req-44159b73-5022-4c52-8742-aed0bb28332f 8f11e13f652648618d8e2083f01bdc5a d561b5f6f80946029585bce87c82f0af - - default default] Successfully bumped revision number for resource 788453b9-6b3f-4c3e-9b7d-4784d21fbab1 (type: security_group_rules) to 0
2026-05-11 06:47:02.243 10 INFO neutron.db.ovn_revision_numbers_db [None req-44159b73-5022-4c52-8742-aed0bb28332f 8f11e13f652648618d8e2083f01bdc5a d561b5f6f80946029585bce87c82f0af - - default default] Successfully bumped revision number for resource 7c834cf1-e7c2-46f5-bfc7-e5cc6a7d38fc (type: security_group_rules) to 0
2026-05-11 06:47:02.264 10 INFO neutron.db.ovn_revision_numbers_db [None req-44159b73-5022-4c52-8742-aed0bb28332f 8f11e13f652648618d8e2083f01bdc5a d561b5f6f80946029585bce87c82f0af - - default default] Successfully bumped revision number for resource fae60747-b8b5-46de-868f-baafe49e8463 (type: security_group_rules) to 0
2026-05-11 06:47:02.302 10 INFO neutron.wsgi [None req-44159b73-5022-4c52-8742-aed0bb28332f 8f11e13f652648618d8e2083f01bdc5a d561b5f6f80946029585bce87c82f0af - - default default] 10.0.0.246 "GET /v2.0/security-groups?tenant_id=816fcae08af649c9b22bef554a71a7cd&name=default HTTP/1.1" status: 200 len: 2996 time: 0.2839918
2026-05-11 06:47:02.469 9 INFO neutron.plugins.ml2.drivers.ovn.mech_driver.mech_driver [None req-a8ebba4a-593c-42b3-8ae9-66631b2f8142 - - - - - -] OVN reports status up for port: 38c094f1-0001-4095-94f7-39ab3e85c3d6
2026-05-11 06:47:02.490 10 INFO neutron.db.ovn_revision_numbers_db [None req-c30938fd-bc4c-44ee-94bb-fa63a25be340 8f11e13f652648618d8e2083f01bdc5a d561b5f6f80946029585bce87c82f0af - - default default] Successfully bumped revision number for resource 38c094f1-0001-4095-94f7-39ab3e85c3d6 (type: router_ports) to 1
2026-05-11 06:47:02.494 9 INFO neutron.plugins.ml2.plugin [None req-a8ebba4a-593c-42b3-8ae9-66631b2f8142 - - - - - -] Attempt 1 to provision port 38c094f1-0001-4095-94f7-39ab3e85c3d6
2026-05-11 06:47:02.505 9 INFO neutron.db.ovn_revision_numbers_db [None req-01a188a9-8c5d-4fc7-aae9-995aa6338cfa - - - - - -] Successfully bumped revision number for resource fcf59c28-5e8d-4a7b-acb6-39cba5a04708 (type: ports) to 2
2026-05-11 06:47:02.586 10 INFO neutron.wsgi [None req-501fabaf-09f2-4fc3-8978-84e202fd7c13 8f11e13f652648618d8e2083f01bdc5a d561b5f6f80946029585bce87c82f0af - - default default] 10.0.0.246 "DELETE /v2.0/security-groups/6343a2e4-b319-4d25-93c6-8df04490381e HTTP/1.1" status: 204 len: 168 time: 0.2775855
2026-05-11 06:47:02.662 10 INFO neutron.db.ovn_revision_numbers_db [None req-c30938fd-bc4c-44ee-94bb-fa63a25be340 8f11e13f652648618d8e2083f01bdc5a d561b5f6f80946029585bce87c82f0af - - default default] Successfully bumped revision number for resource 38c094f1-0001-4095-94f7-39ab3e85c3d6 (type: ports) to 1
2026-05-11 06:47:02.733 10 WARNING neutron.scheduler.dhcp_agent_scheduler [None req-c30938fd-bc4c-44ee-94bb-fa63a25be340 8f11e13f652648618d8e2083f01bdc5a d561b5f6f80946029585bce87c82f0af - - default default] No more DHCP agents
2026-05-11 06:47:02.734 10 WARNING neutron.api.rpc.agentnotifiers.dhcp_rpc_agent_api [None req-c30938fd-bc4c-44ee-94bb-fa63a25be340 8f11e13f652648618d8e2083f01bdc5a d561b5f6f80946029585bce87c82f0af - - default default] Unable to schedule network 15bd2a21-6da8-4bfd-9af6-a030470517a8: no agents available; will retry on subsequent port and subnet creation events.
2026-05-11 06:47:02.881 9 WARNING neutron.scheduler.dhcp_agent_scheduler [None req-f91ac5d3-9b24-4349-843c-e051cf7e02d1 1b7e9e1303d64878bbc360d3ad4de4db 1c0713f3d5254903816bf4c4ecb56342 - - default default] No more DHCP agents
2026-05-11 06:47:02.888 9 WARNING neutron.api.rpc.agentnotifiers.dhcp_rpc_agent_api [None req-f91ac5d3-9b24-4349-843c-e051cf7e02d1 1b7e9e1303d64878bbc360d3ad4de4db 1c0713f3d5254903816bf4c4ecb56342 - - default default] Unable to schedule network 5aa12682-cf78-4c7d-bbb0-236cb6cbbc5a: no agents available; will retry on subsequent port and subnet creation events.
2026-05-11 06:47:02.972 9 INFO neutron.wsgi [None req-3f5f4fc2-be88-4ed3-9fa0-6bb25178f924 d29e7a34e58540cbb7b828499223223a cb60ecfcc5a448d1a6a2654658028741 - - default default] 10.0.0.246 "DELETE /v2.0/floatingips/e6770119-bcdb-4c5b-9c02-62ebed41c171 HTTP/1.1" status: 204 len: 168 time: 1.0083263
2026-05-11 06:47:03.107 9 INFO neutron.db.ovn_revision_numbers_db [None req-a8ebba4a-593c-42b3-8ae9-66631b2f8142 - - - - - -] Successfully bumped revision number for resource 38c094f1-0001-4095-94f7-39ab3e85c3d6 (type: ports) to 2
2026-05-11 06:47:03.110 9 INFO neutron.db.ovn_revision_numbers_db [None req-01a188a9-8c5d-4fc7-aae9-995aa6338cfa - - - - - -] Successfully bumped revision number for resource fcf59c28-5e8d-4a7b-acb6-39cba5a04708 (type: ports) to 4
2026-05-11 06:47:03.118 9 INFO neutron.db.ovn_revision_numbers_db [None req-f91ac5d3-9b24-4349-843c-e051cf7e02d1 1b7e9e1303d64878bbc360d3ad4de4db 1c0713f3d5254903816bf4c4ecb56342 - - default default] Successfully bumped revision number for resource e17a1072-c689-42ec-acd1-a5ac9b755656 (type: ports) to 1
2026-05-11 06:47:03.178 9 INFO neutron.wsgi [None req-f91ac5d3-9b24-4349-843c-e051cf7e02d1 1b7e9e1303d64878bbc360d3ad4de4db 1c0713f3d5254903816bf4c4ecb56342 - - default default] 10.0.0.246 "POST /v2.0/ports HTTP/1.1" status: 201 len: 1126 time: 1.2417185
2026-05-11 06:47:03.325 9 INFO neutron.db.ovn_revision_numbers_db [None req-a8ebba4a-593c-42b3-8ae9-66631b2f8142 - - - - - -] Successfully bumped revision number for resource 38c094f1-0001-4095-94f7-39ab3e85c3d6 (type: router_ports) to 2
2026-05-11 06:47:03.447 9 INFO neutron.db.ovn_revision_numbers_db [None req-01a188a9-8c5d-4fc7-aae9-995aa6338cfa - - - - - -] Successfully bumped revision number for resource fcf59c28-5e8d-4a7b-acb6-39cba5a04708 (type: router_ports) to 4
2026-05-11 06:47:03.509 10 INFO neutron.wsgi [None req-c30938fd-bc4c-44ee-94bb-fa63a25be340 8f11e13f652648618d8e2083f01bdc5a d561b5f6f80946029585bce87c82f0af - - default default] 10.0.0.246 "PUT /v2.0/routers/0d79672e-d7d6-4496-b388-0892b7b60a8e/add_router_interface HTTP/1.1" status: 200 len: 503 time: 2.5127053
2026-05-11 06:47:03.634 10 INFO neutron.wsgi [None req-8ecb8846-308d-4e06-ad59-2135a71b1ea5 1b7e9e1303d64878bbc360d3ad4de4db 1c0713f3d5254903816bf4c4ecb56342 - - default default] 10.0.0.246 "DELETE /v2.0/ports/e17a1072-c689-42ec-acd1-a5ac9b755656 HTTP/1.1" status: 204 len: 168 time: 0.4436862
2026-05-11 06:47:03.656 10 INFO neutron.pecan_wsgi.hooks.translation [None req-89dfdc7e-9f29-4de2-b4c5-fd61e89922eb 1b7e9e1303d64878bbc360d3ad4de4db 1c0713f3d5254903816bf4c4ecb56342 - - default default] GET failed (client error): The resource could not be found.
2026-05-11 06:47:03.658 10 INFO neutron.wsgi [None req-89dfdc7e-9f29-4de2-b4c5-fd61e89922eb 1b7e9e1303d64878bbc360d3ad4de4db 1c0713f3d5254903816bf4c4ecb56342 - - default default] 10.0.0.246 "GET /v2.0/ports/e17a1072-c689-42ec-acd1-a5ac9b755656 HTTP/1.1" status: 404 len: 333 time: 0.0185640
2026-05-11 06:47:03.849 9 INFO neutron.wsgi [None req-283f314f-e056-4203-9807-3ed6b5b32321 1b7e9e1303d64878bbc360d3ad4de4db 1c0713f3d5254903816bf4c4ecb56342 - - default default] 10.0.0.246 "DELETE /v2.0/subnets/780b187d-afa1-480c-9733-f4a31c7938a0 HTTP/1.1" status: 204 len: 168 time: 0.1865339
2026-05-11 06:47:04.214 9 INFO neutron.services.segments.plugin [-] Segment 7896eaec-af8f-432a-97d0-883cd0d37ebe resource provider aggregate not found
2026-05-11 06:47:04.218 9 INFO neutron.services.segments.plugin [-] Segment 7896eaec-af8f-432a-97d0-883cd0d37ebe resource provider aggregate not found
2026-05-11 06:47:04.237 9 INFO neutron.services.segments.plugin [-] Segment 7896eaec-af8f-432a-97d0-883cd0d37ebe resource provider not found; error: Placement Client Error (4xx): {"errors": [{"status": 404, "title": "Not Found", "detail": "The resource could not be found.\n\n No resource provider with uuid 7896eaec-af8f-432a-97d0-883cd0d37ebe found for delete ", "request_id": "req-151fb316-54d7-4b6f-a16e-9939f025da48"}]}
2026-05-11 06:47:04.243 9 INFO neutron.services.segments.plugin [-] Segment 7896eaec-af8f-432a-97d0-883cd0d37ebe resource provider not found; error: Placement Client Error (4xx): {"errors": [{"status": 404, "title": "Not Found", "detail": "The resource could not be found.\n\n No resource provider with uuid 7896eaec-af8f-432a-97d0-883cd0d37ebe found for delete ", "request_id": "req-d526209b-a374-4e9c-820c-da4c62b51b7b"}]}
2026-05-11 06:47:04.262 9 INFO neutron.wsgi [None req-21e660c5-a65c-4ad2-8613-c1880b13abc7 1b7e9e1303d64878bbc360d3ad4de4db 1c0713f3d5254903816bf4c4ecb56342 - - default default] 10.0.0.246 "DELETE /v2.0/networks/5aa12682-cf78-4c7d-bbb0-236cb6cbbc5a HTTP/1.1" status: 204 len: 168 time: 0.4056728
2026-05-11 06:47:04.325 9 INFO neutron.db.ovn_revision_numbers_db [None req-3acbfef2-8655-486a-ac11-9db264e14406 db38feb0e74643c6b3906b527fc5962b de3c5614ed4844779ffc6cb81981282e - - default default] Successfully bumped revision number for resource 0e65a9bd-9af2-4e23-a605-0dfc7825d78d (type: security_groups) to 1
2026-05-11 06:47:04.349 9 INFO neutron.db.ovn_revision_numbers_db [None req-3acbfef2-8655-486a-ac11-9db264e14406 db38feb0e74643c6b3906b527fc5962b de3c5614ed4844779ffc6cb81981282e - - default default] Successfully bumped revision number for resource 1fe75701-02d8-4e9a-a7e7-080fe44e8498 (type: security_group_rules) to 0
2026-05-11 06:47:04.368 9 INFO neutron.db.ovn_revision_numbers_db [None req-3acbfef2-8655-486a-ac11-9db264e14406 db38feb0e74643c6b3906b527fc5962b de3c5614ed4844779ffc6cb81981282e - - default default] Successfully bumped revision number for resource d69148c7-2a6d-4dd6-a110-e9501bc0d81c (type: security_group_rules) to 0
2026-05-11 06:47:04.393 9 INFO neutron.wsgi [None req-3acbfef2-8655-486a-ac11-9db264e14406 db38feb0e74643c6b3906b527fc5962b de3c5614ed4844779ffc6cb81981282e - - default default] 10.0.0.246 "POST /v2.0/security-groups HTTP/1.1" status: 201 len: 1797 time: 0.2819297
2026-05-11 06:47:04.503 10 INFO neutron.wsgi [None req-41bc2c4a-9e73-4e6d-aa23-9774a5c51000 8f11e13f652648618d8e2083f01bdc5a d561b5f6f80946029585bce87c82f0af - - default default] 10.0.0.246 "PUT /v2.0/routers/56ecc1de-3f0f-4954-9fa8-d7e21a8393d4/remove_router_interface HTTP/1.1" status: 200 len: 503 time: 1.4431989 /var/lib/openstack/lib/python3.10/site-packages/pycadf/identifier.py:71: UserWarning: Invalid uuid: neutron. To ensure interoperability, identifiers should be a valid uuid. warnings.warn(('Invalid uuid: %s. To ensure interoperability, '
2026-05-11 06:47:04.517 9 WARNING neutron.scheduler.dhcp_agent_scheduler [None req-ac6fc6c4-a568-4bda-8c1c-555372f0b786 1b7e9e1303d64878bbc360d3ad4de4db 1c0713f3d5254903816bf4c4ecb56342 - - default default] No more DHCP agents
2026-05-11 06:47:04.520 9 WARNING neutron.api.rpc.agentnotifiers.dhcp_rpc_agent_api [None req-ac6fc6c4-a568-4bda-8c1c-555372f0b786 1b7e9e1303d64878bbc360d3ad4de4db 1c0713f3d5254903816bf4c4ecb56342 - - default default] Unable to schedule network 289f1930-af72-4f96-9e24-17da3bac1179: no agents available; will retry on subsequent port and subnet creation events.
2026-05-11 06:47:04.603 9 INFO neutron.db.ovn_revision_numbers_db [None req-ac6fc6c4-a568-4bda-8c1c-555372f0b786 1b7e9e1303d64878bbc360d3ad4de4db 1c0713f3d5254903816bf4c4ecb56342 - - default default] Successfully bumped revision number for resource 315a4072-fe98-4b2f-bbb1-f6e861500853 (type: ports) to 1
2026-05-11 06:47:04.625 9 INFO neutron.wsgi [None req-ac6fc6c4-a568-4bda-8c1c-555372f0b786 1b7e9e1303d64878bbc360d3ad4de4db 1c0713f3d5254903816bf4c4ecb56342 - - default default] 10.0.0.246 "POST /v2.0/ports HTTP/1.1" status: 201 len: 977 time: 0.3527098 /var/lib/openstack/lib/python3.10/site-packages/pycadf/identifier.py:71: UserWarning: Invalid uuid: neutron. To ensure interoperability, identifiers should be a valid uuid. warnings.warn(('Invalid uuid: %s. To ensure interoperability, '
2026-05-11 06:47:04.653 10 INFO neutron.db.ovn_revision_numbers_db [None req-b97cfc48-a5df-45a3-9f2d-ce869af5241d db38feb0e74643c6b3906b527fc5962b de3c5614ed4844779ffc6cb81981282e - - default default] Successfully bumped revision number for resource 2777cc99-318a-4359-bfe6-5a1d34dae60e (type: security_group_rules) to 0
2026-05-11 06:47:04.693 10 INFO neutron.wsgi [None req-b97cfc48-a5df-45a3-9f2d-ce869af5241d db38feb0e74643c6b3906b527fc5962b de3c5614ed4844779ffc6cb81981282e - - default default] 10.0.0.246 "POST /v2.0/security-group-rules HTTP/1.1" status: 201 len: 764 time: 0.2929876
2026-05-11 06:47:04.870 10 INFO neutron.db.ovn_revision_numbers_db [None req-e6f4b534-e010-4bf8-aace-53baed3b9e14 db38feb0e74643c6b3906b527fc5962b de3c5614ed4844779ffc6cb81981282e - - default default] Successfully bumped revision number for resource 09689bf2-ce36-43fb-87a5-db1f6606742f (type: security_group_rules) to 0
2026-05-11 06:47:04.870 9 INFO neutron.db.ovn_revision_numbers_db [None req-c662ee9d-1ad7-4a19-950f-3bc142425e08 1b7e9e1303d64878bbc360d3ad4de4db 1c0713f3d5254903816bf4c4ecb56342 - - default default] Successfully bumped revision number for resource 315a4072-fe98-4b2f-bbb1-f6e861500853 (type: ports) to 2
2026-05-11 06:47:04.879 9 INFO neutron.wsgi [None req-c662ee9d-1ad7-4a19-950f-3bc142425e08 1b7e9e1303d64878bbc360d3ad4de4db 1c0713f3d5254903816bf4c4ecb56342 - - default default] 10.0.0.246 "PUT /v2.0/ports/315a4072-fe98-4b2f-bbb1-f6e861500853 HTTP/1.1" status: 200 len: 946 time: 0.2476799 /var/lib/openstack/lib/python3.10/site-packages/pycadf/identifier.py:71: UserWarning: Invalid uuid: neutron. To ensure interoperability, identifiers should be a valid uuid. warnings.warn(('Invalid uuid: %s. To ensure interoperability, '
2026-05-11 06:47:04.904 10 INFO neutron.wsgi [None req-e6f4b534-e010-4bf8-aace-53baed3b9e14 db38feb0e74643c6b3906b527fc5962b de3c5614ed4844779ffc6cb81981282e - - default default] 10.0.0.246 "POST /v2.0/security-group-rules HTTP/1.1" status: 201 len: 769 time: 0.2061026
2026-05-11 06:47:05.175 9 INFO neutron.wsgi [None req-e48b94f2-3223-4989-9776-77ce943ccaef 1b7e9e1303d64878bbc360d3ad4de4db 1c0713f3d5254903816bf4c4ecb56342 - - default default] 10.0.0.246 "DELETE /v2.0/ports/315a4072-fe98-4b2f-bbb1-f6e861500853 HTTP/1.1" status: 204 len: 168 time: 0.2895131
2026-05-11 06:47:05.266 10 INFO neutron.wsgi [None req-cfc7232a-036c-4419-89df-026a5316e460 8f11e13f652648618d8e2083f01bdc5a d561b5f6f80946029585bce87c82f0af - - default default] 10.0.0.246 "DELETE /v2.0/routers/56ecc1de-3f0f-4954-9fa8-d7e21a8393d4 HTTP/1.1" status: 204 len: 168 time: 0.7561710
2026-05-11 06:47:05.295 9 INFO neutron.wsgi [None req-7e0b5d2d-695a-4b76-acca-29315fef4ae7 1b7e9e1303d64878bbc360d3ad4de4db 1c0713f3d5254903816bf4c4ecb56342 - - default default] 10.0.0.246 "GET /v2.0/ports HTTP/1.1" status: 200 len: 1732 time: 0.1131883
2026-05-11 06:47:05.303 9 WARNING neutron.scheduler.dhcp_agent_scheduler [None req-b8e5d74a-92e8-4d9b-803c-ec9349e1bdb9 db38feb0e74643c6b3906b527fc5962b de3c5614ed4844779ffc6cb81981282e - - default default] No more DHCP agents
2026-05-11 06:47:05.305 9 WARNING neutron.api.rpc.agentnotifiers.dhcp_rpc_agent_api [None req-b8e5d74a-92e8-4d9b-803c-ec9349e1bdb9 db38feb0e74643c6b3906b527fc5962b de3c5614ed4844779ffc6cb81981282e - - default default] Unable to schedule network 1135f919-493e-418d-831d-9ad1dc8ea475: no agents available; will retry on subsequent port and subnet creation events.
2026-05-11 06:47:05.318 10 INFO neutron.pecan_wsgi.hooks.translation [None req-bf9a35f2-352a-4875-97a5-0365305aa919 1b7e9e1303d64878bbc360d3ad4de4db 1c0713f3d5254903816bf4c4ecb56342 - - default default] GET failed (client error): The resource could not be found.
2026-05-11 06:47:05.320 10 INFO neutron.wsgi [None req-bf9a35f2-352a-4875-97a5-0365305aa919 1b7e9e1303d64878bbc360d3ad4de4db 1c0713f3d5254903816bf4c4ecb56342 - - default default] 10.0.0.246 "GET /v2.0/ports/315a4072-fe98-4b2f-bbb1-f6e861500853 HTTP/1.1" status: 404 len: 333 time: 0.0189590
2026-05-11 06:47:05.430 10 INFO neutron.wsgi [None req-6ac2f45a-208d-4790-ac4a-5262a2cb26dd 1b7e9e1303d64878bbc360d3ad4de4db 1c0713f3d5254903816bf4c4ecb56342 - - default default] 10.0.0.246 "GET /v2.0/ports HTTP/1.1" status: 200 len: 1732 time: 0.1015534
2026-05-11 06:47:05.472 9 INFO neutron.wsgi [None req-d873f825-66c0-46c7-9374-553fe106e26d 1b7e9e1303d64878bbc360d3ad4de4db 1c0713f3d5254903816bf4c4ecb56342 - - default default] 10.0.0.246 "GET /v2.0/ports/60836c3f-5e3f-4443-b694-6b98c30d9417 HTTP/1.1" status: 200 len: 972 time: 0.0347395
2026-05-11 06:47:05.511 10 INFO neutron.pecan_wsgi.hooks.translation [None req-b7051536-7236-4c70-b3da-3ec9691ab017 1b7e9e1303d64878bbc360d3ad4de4db 1c0713f3d5254903816bf4c4ecb56342 - - default default] DELETE failed (client error): The resource could not be found.
2026-05-11 06:47:05.516 10 INFO neutron.wsgi [None req-b7051536-7236-4c70-b3da-3ec9691ab017 1b7e9e1303d64878bbc360d3ad4de4db 1c0713f3d5254903816bf4c4ecb56342 - - default default] 10.0.0.246 "DELETE /v2.0/ports/e17a1072-c689-42ec-acd1-a5ac9b755656 HTTP/1.1" status: 404 len: 333 time: 0.0343721
2026-05-11 06:47:05.542 9 INFO neutron.pecan_wsgi.hooks.translation [None req-a2d744b1-6119-4605-b6f4-13b6867a394b 1b7e9e1303d64878bbc360d3ad4de4db 1c0713f3d5254903816bf4c4ecb56342 - - default default] DELETE failed (client error): The resource could not be found.
2026-05-11 06:47:05.544 9 INFO neutron.wsgi [None req-a2d744b1-6119-4605-b6f4-13b6867a394b 1b7e9e1303d64878bbc360d3ad4de4db 1c0713f3d5254903816bf4c4ecb56342 - - default default] 10.0.0.246 "DELETE /v2.0/subnets/780b187d-afa1-480c-9733-f4a31c7938a0 HTTP/1.1" status: 404 len: 337 time: 0.0220618
2026-05-11 06:47:05.575 10 INFO neutron.pecan_wsgi.hooks.translation [None req-16846af3-603b-4c3a-94d1-f6469c442354 1b7e9e1303d64878bbc360d3ad4de4db 1c0713f3d5254903816bf4c4ecb56342 - - default default] DELETE failed (client error): The resource could not be found.
2026-05-11 06:47:05.577 10 INFO neutron.wsgi [None req-16846af3-603b-4c3a-94d1-f6469c442354 1b7e9e1303d64878bbc360d3ad4de4db 1c0713f3d5254903816bf4c4ecb56342 - - default default] 10.0.0.246 "DELETE /v2.0/subnets/22bce9bc-2ad6-44ee-8125-c30b54d1690e HTTP/1.1" status: 404 len: 337 time: 0.0256796
2026-05-11 06:47:05.619 10 INFO neutron.wsgi [None req-3d6dfae5-5ba7-439d-b0f2-fcf1dd073a9b 8f11e13f652648618d8e2083f01bdc5a d561b5f6f80946029585bce87c82f0af - - default default] 10.0.0.246 "DELETE /v2.0/subnets/0864978c-faae-4184-a31c-253af367847e HTTP/1.1" status: 204 len: 168 time: 0.3479936
2026-05-11 06:47:05.649 9 INFO neutron.db.ovn_revision_numbers_db [None req-b8e5d74a-92e8-4d9b-803c-ec9349e1bdb9 db38feb0e74643c6b3906b527fc5962b de3c5614ed4844779ffc6cb81981282e - - default default] Successfully bumped revision number for resource c3425fb0-585c-4710-bbfa-200bcad021d2 (type: floatingips) to 0
2026-05-11 06:47:05.662 9 INFO neutron.wsgi [None req-b8e5d74a-92e8-4d9b-803c-ec9349e1bdb9 db38feb0e74643c6b3906b527fc5962b de3c5614ed4844779ffc6cb81981282e - - default default] 10.0.0.246 "POST /v2.0/floatingips HTTP/1.1" status: 201 len: 751 time: 0.7520199
2026-05-11 06:47:05.876 10 INFO neutron.wsgi [None req-79b04be8-cda8-418b-8c3e-a9531d74923f 1b7e9e1303d64878bbc360d3ad4de4db 1c0713f3d5254903816bf4c4ecb56342 - - default default] 10.0.0.246 "DELETE /v2.0/ports/60836c3f-5e3f-4443-b694-6b98c30d9417 HTTP/1.1" status: 204 len: 168 time: 0.2919376
2026-05-11 06:47:06.051 10 INFO neutron.services.segments.plugin [-] Segment 4c87a8e3-af0a-4095-b064-94a2656f05bb resource provider aggregate not found
2026-05-11 06:47:06.056 10 INFO neutron.services.segments.plugin [-] Segment 4c87a8e3-af0a-4095-b064-94a2656f05bb resource provider aggregate not found
2026-05-11 06:47:06.071 10 INFO neutron.services.segments.plugin [-] Segment 4c87a8e3-af0a-4095-b064-94a2656f05bb resource provider not found; error: Placement Client Error (4xx): {"errors": [{"status": 404, "title": "Not Found", "detail": "The resource could not be found.\n\n No resource provider with uuid 4c87a8e3-af0a-4095-b064-94a2656f05bb found for delete ", "request_id": "req-2ff8b347-7a05-49c8-9a84-7fbf229b7fa4"}]}
2026-05-11 06:47:06.073 10 INFO neutron.services.segments.plugin [-] Segment 4c87a8e3-af0a-4095-b064-94a2656f05bb resource provider not found; error: Placement Client Error (4xx): {"errors": [{"status": 404, "title": "Not Found", "detail": "The resource could not be found.\n\n No resource provider with uuid 4c87a8e3-af0a-4095-b064-94a2656f05bb found for delete ", "request_id": "req-00bf8f88-f8fe-4e50-9144-71ff6ad1426e"}]}
2026-05-11 06:47:06.098 10 INFO neutron.wsgi [None req-f8c835c3-f251-4f5f-aa14-465947d675fa 8f11e13f652648618d8e2083f01bdc5a d561b5f6f80946029585bce87c82f0af - - default default] 10.0.0.246 "DELETE /v2.0/networks/be6bfded-a75b-425b-8084-ac541197b87b HTTP/1.1" status: 204 len: 168 time: 0.4745336
2026-05-11 06:47:06.318 9 INFO neutron.wsgi [req-1b576695-fc45-4264-9c9a-2b41bd2c3dfc req-60dae216-4531-420a-9c99-fa5b837d2936 db38feb0e74643c6b3906b527fc5962b de3c5614ed4844779ffc6cb81981282e - - default default] 10.0.0.248 "GET /v2.0/security-groups?name=tempest-securitygroup--1162490083&fields=id&tenant_id=de3c5614ed4844779ffc6cb81981282e HTTP/1.1" status: 200 len: 267 time: 0.0491371
2026-05-11 06:47:06.387 9 INFO neutron.wsgi [None req-6381a46e-ef6a-49dc-bc30-e2d602ba28da 8f11e13f652648618d8e2083f01bdc5a d561b5f6f80946029585bce87c82f0af - - default default] 10.0.0.246 "GET /v2.0/security-groups?tenant_id=cb60ecfcc5a448d1a6a2654658028741&name=default HTTP/1.1" status: 200 len: 2996 time: 0.0658841
2026-05-11 06:47:06.413 9 INFO neutron.wsgi [req-1b576695-fc45-4264-9c9a-2b41bd2c3dfc req-4703c584-2ec3-4879-abd3-fc3a2b024fd4 db38feb0e74643c6b3906b527fc5962b de3c5614ed4844779ffc6cb81981282e - - default default] 10.0.0.248 "GET /v2.0/networks?id=15bd2a21-6da8-4bfd-9af6-a030470517a8 HTTP/1.1" status: 200 len: 875 time: 0.0736442
2026-05-11 06:47:06.434 9 INFO neutron.wsgi [req-1b576695-fc45-4264-9c9a-2b41bd2c3dfc req-c8d7b819-c419-4798-82a3-1439ed36ca79 db38feb0e74643c6b3906b527fc5962b de3c5614ed4844779ffc6cb81981282e - - default default] 10.0.0.248 "GET /v2.0/quotas/de3c5614ed4844779ffc6cb81981282e HTTP/1.1" status: 200 len: 386 time: 0.0137193
2026-05-11 06:47:06.604 9 INFO neutron.services.segments.plugin [-] Segment 640f4a6c-9908-418c-86e1-1df9cb7dd8c3 resource provider aggregate not found
2026-05-11 06:47:06.611 9 INFO neutron.services.segments.plugin [-] Segment 640f4a6c-9908-418c-86e1-1df9cb7dd8c3 resource provider aggregate not found
2026-05-11 06:47:06.622 9 INFO neutron.wsgi [req-1b576695-fc45-4264-9c9a-2b41bd2c3dfc req-bb5c13be-565e-45f9-8c59-9b42b5f512bd db38feb0e74643c6b3906b527fc5962b de3c5614ed4844779ffc6cb81981282e - - default default] 10.0.0.248 "GET /v2.0/ports?tenant_id=de3c5614ed4844779ffc6cb81981282e&fields=id HTTP/1.1" status: 200 len: 302 time: 0.1703579
2026-05-11 06:47:06.630 9 INFO neutron.services.segments.plugin [-] Segment 640f4a6c-9908-418c-86e1-1df9cb7dd8c3 resource provider not found; error: Placement Client Error (4xx): {"errors": [{"status": 404, "title": "Not Found", "detail": "The resource could not be found.\n\n No resource provider with uuid 640f4a6c-9908-418c-86e1-1df9cb7dd8c3 found for delete ", "request_id": "req-b1aec687-06ae-400a-b1df-08a7028da278"}]}
2026-05-11 06:47:06.630 9 INFO neutron.services.segments.plugin [-] Segment 640f4a6c-9908-418c-86e1-1df9cb7dd8c3 resource provider not found; error: Placement Client Error (4xx): {"errors": [{"status": 404, "title": "Not Found", "detail": "The resource could not be found.\n\n No resource provider with uuid 640f4a6c-9908-418c-86e1-1df9cb7dd8c3 found for delete ", "request_id": "req-60c41255-ac51-4d28-b5b0-b95892aa0d52"}]}
2026-05-11 06:47:06.630 10 INFO neutron.wsgi [None req-250fed99-8e31-49e2-bb44-9c6837f54b8d 8f11e13f652648618d8e2083f01bdc5a d561b5f6f80946029585bce87c82f0af - - default default] 10.0.0.246 "DELETE /v2.0/security-groups/cb2ba3fd-18c8-4278-8f46-292db2e82d5d HTTP/1.1" status: 204 len: 168 time: 0.2320719
2026-05-11 06:47:06.672 9 INFO neutron.wsgi [None req-917cc04b-a249-4dc3-9d83-8593714a94a3 1b7e9e1303d64878bbc360d3ad4de4db 1c0713f3d5254903816bf4c4ecb56342 - - default default] 10.0.0.246 "DELETE /v2.0/networks/289f1930-af72-4f96-9e24-17da3bac1179 HTTP/1.1" status: 204 len: 168 time: 0.7888653
2026-05-11 06:47:06.726 9 INFO neutron.wsgi [req-1b576695-fc45-4264-9c9a-2b41bd2c3dfc req-2c65887e-5824-445f-bab3-9ca603653acc dc0236e32fdd4858bcc32f250aaf05ce 79ce8942d243454cbf729108076aebf2 - - 78055b8278ed499887689ee8ce2879fc 78055b8278ed499887689ee8ce2879fc] 10.0.0.248 "GET /v2.0/networks/15bd2a21-6da8-4bfd-9af6-a030470517a8?fields=segments HTTP/1.1" status: 200 len: 212 time: 0.0919852
2026-05-11 06:47:06.809 9 INFO neutron.wsgi [req-1b576695-fc45-4264-9c9a-2b41bd2c3dfc req-078897e7-3688-420f-a2af-40324e78300c dc0236e32fdd4858bcc32f250aaf05ce 79ce8942d243454cbf729108076aebf2 - - 78055b8278ed499887689ee8ce2879fc 78055b8278ed499887689ee8ce2879fc] 10.0.0.248 "GET /v2.0/networks/15bd2a21-6da8-4bfd-9af6-a030470517a8?fields=provider%3Aphysical_network&fields=provider%3Anetwork_type HTTP/1.1" status: 200 len: 277 time: 0.0725288
2026-05-11 06:47:06.979 9 INFO neutron.wsgi [req-d0998d59-58f1-47da-9580-b96097594e2e req-97fa67d7-1a78-4131-975a-7efd7698558a db38feb0e74643c6b3906b527fc5962b de3c5614ed4844779ffc6cb81981282e - - default default] 10.0.0.248 "GET /v2.0/ports?device_id=de860d24-b31d-4a22-a817-a76d36d73727 HTTP/1.1" status: 200 len: 210 time: 0.0285654
2026-05-11 06:47:07.420 10 INFO neutron.wsgi [None req-3cb7f6ac-a42d-4728-b946-30367ca35dc8 8f11e13f652648618d8e2083f01bdc5a d561b5f6f80946029585bce87c82f0af - - default default] 10.0.0.246 "GET /v2.0/security-groups?tenant_id=1c0713f3d5254903816bf4c4ecb56342&name=default HTTP/1.1" status: 200 len: 2996 time: 0.2190645
2026-05-11 06:47:07.667 10 INFO neutron.wsgi [None req-1b5333b6-b730-4dfd-aeae-790a46d28cbe 8f11e13f652648618d8e2083f01bdc5a d561b5f6f80946029585bce87c82f0af - - default default] 10.0.0.246 "DELETE /v2.0/security-groups/f86d8d36-9751-4d36-a945-55c95efb353e HTTP/1.1" status: 204 len: 168 time: 0.2365525
2026-05-11 06:47:07.735 9 INFO neutron.wsgi [req-1b576695-fc45-4264-9c9a-2b41bd2c3dfc req-848872c6-5c98-4dc4-a6fd-4cdff0c8b0d1 db38feb0e74643c6b3906b527fc5962b de3c5614ed4844779ffc6cb81981282e - - default default] 199.204.45.222 "GET /v2.0/networks?id=15bd2a21-6da8-4bfd-9af6-a030470517a8 HTTP/1.1" status: 200 len: 875 time: 0.0934603
2026-05-11 06:47:07.747 9 WARNING neutron.plugins.ml2.drivers.ovn.mech_driver.ovsdb.ovn_client [None req-a8ebba4a-593c-42b3-8ae9-66631b2f8142 - - - - - -] No hosting information found for port 38c094f1-0001-4095-94f7-39ab3e85c3d6: RuntimeError: No hosting information found for port 38c094f1-0001-4095-94f7-39ab3e85c3d6
2026-05-11 06:47:07.748 9 INFO neutron.plugins.ml2.drivers.ovn.mech_driver.mech_driver [None req-a8ebba4a-593c-42b3-8ae9-66631b2f8142 - - - - - -] OVN reports status down for port: 315a4072-fe98-4b2f-bbb1-f6e861500853
2026-05-11 06:47:07.810 9 INFO neutron.wsgi [req-1b576695-fc45-4264-9c9a-2b41bd2c3dfc req-a25e4abb-f390-4bcc-adc7-b412ea89873e db38feb0e74643c6b3906b527fc5962b de3c5614ed4844779ffc6cb81981282e - - default default] 199.204.45.222 "GET /v2.0/security-groups?fields=id&fields=name&tenant_id=de3c5614ed4844779ffc6cb81981282e HTTP/1.1" status: 200 len: 380 time: 0.0649142
2026-05-11 06:47:08.087 10 INFO neutron.db.ovn_revision_numbers_db [None req-8128703a-1880-4af7-aefb-d83ef1573695 8f11e13f652648618d8e2083f01bdc5a d561b5f6f80946029585bce87c82f0af - - default default] Successfully bumped revision number for resource 1029a3ea-8c6e-4e13-95be-c979c92dd451 (type: security_groups) to 1
2026-05-11 06:47:08.091 9 INFO neutron.wsgi [req-14a8a151-0ac7-4e29-a66b-1c054ab24f4f req-6ddfb92b-87d3-4cdb-bf19-7639a70ed524 db38feb0e74643c6b3906b527fc5962b de3c5614ed4844779ffc6cb81981282e - - default default] 10.0.0.248 "GET /v2.0/ports?device_id=de860d24-b31d-4a22-a817-a76d36d73727 HTTP/1.1" status: 200 len: 210 time: 0.0261619
2026-05-11 06:47:08.114 10 INFO neutron.db.ovn_revision_numbers_db [None req-8128703a-1880-4af7-aefb-d83ef1573695 8f11e13f652648618d8e2083f01bdc5a d561b5f6f80946029585bce87c82f0af - - default default] Successfully bumped revision number for resource 212cab8a-4e79-429c-8fa2-fd86e6f9875d (type: security_group_rules) to 0
2026-05-11 06:47:08.133 10 INFO neutron.db.ovn_revision_numbers_db [None req-8128703a-1880-4af7-aefb-d83ef1573695 8f11e13f652648618d8e2083f01bdc5a d561b5f6f80946029585bce87c82f0af - - default default] Successfully bumped revision number for resource 294fe7a3-6cc4-4526-a89c-929e5cace345 (type: security_group_rules) to 0
2026-05-11 06:47:08.154 10 INFO neutron.db.ovn_revision_numbers_db [None req-8128703a-1880-4af7-aefb-d83ef1573695 8f11e13f652648618d8e2083f01bdc5a d561b5f6f80946029585bce87c82f0af - - default default] Successfully bumped revision number for resource 2d3be4b0-e41b-48a9-a8b8-67ef78cf5e93 (type: security_group_rules) to 0
2026-05-11 06:47:08.173 10 INFO neutron.db.ovn_revision_numbers_db [None req-8128703a-1880-4af7-aefb-d83ef1573695 8f11e13f652648618d8e2083f01bdc5a d561b5f6f80946029585bce87c82f0af - - default default] Successfully bumped revision number for resource 9f9cf26e-09d3-4e32-81b2-5945e564b472 (type: security_group_rules) to 0
2026-05-11 06:47:08.196 10 INFO neutron.wsgi [None req-8128703a-1880-4af7-aefb-d83ef1573695 8f11e13f652648618d8e2083f01bdc5a d561b5f6f80946029585bce87c82f0af - - default default] 10.0.0.246 "GET /v2.0/security-groups?tenant_id=48fca9a9045a4454ab76f82333a480ec&name=default HTTP/1.1" status: 200 len: 2996 time: 0.4508495
2026-05-11 06:47:08.294 9 WARNING neutron.scheduler.dhcp_agent_scheduler [req-1b576695-fc45-4264-9c9a-2b41bd2c3dfc req-d7fada05-35c0-4440-9c13-686989f6c496 db38feb0e74643c6b3906b527fc5962b de3c5614ed4844779ffc6cb81981282e - - default default] No more DHCP agents
2026-05-11 06:47:08.301 9 WARNING neutron.api.rpc.agentnotifiers.dhcp_rpc_agent_api [req-1b576695-fc45-4264-9c9a-2b41bd2c3dfc req-d7fada05-35c0-4440-9c13-686989f6c496 db38feb0e74643c6b3906b527fc5962b de3c5614ed4844779ffc6cb81981282e - - default default] Unable to schedule network 15bd2a21-6da8-4bfd-9af6-a030470517a8: no agents available; will retry on subsequent port and subnet creation events.
2026-05-11 06:47:08.553 9 INFO neutron.wsgi [None req-59c1b57c-8201-4e08-a156-901da8e536f4 8f11e13f652648618d8e2083f01bdc5a d561b5f6f80946029585bce87c82f0af - - default default] 10.0.0.246 "DELETE /v2.0/security-groups/1029a3ea-8c6e-4e13-95be-c979c92dd451 HTTP/1.1" status: 204 len: 168 time: 0.3518448
2026-05-11 06:47:08.554 9 INFO neutron.db.ovn_revision_numbers_db [req-1b576695-fc45-4264-9c9a-2b41bd2c3dfc req-d7fada05-35c0-4440-9c13-686989f6c496 db38feb0e74643c6b3906b527fc5962b de3c5614ed4844779ffc6cb81981282e - - default default] Successfully bumped revision number for resource 6a219121-01c1-4713-83f0-e2aa2aa4fe23 (type: ports) to 1
2026-05-11 06:47:08.577 9 INFO neutron.wsgi [req-1b576695-fc45-4264-9c9a-2b41bd2c3dfc req-d7fada05-35c0-4440-9c13-686989f6c496 db38feb0e74643c6b3906b527fc5962b de3c5614ed4844779ffc6cb81981282e - - default default] 199.204.45.222 "POST /v2.0/ports HTTP/1.1" status: 201 len: 1162 time: 0.7481217 /var/lib/openstack/lib/python3.10/site-packages/pycadf/identifier.py:71: UserWarning: Invalid uuid: neutron. To ensure interoperability, identifiers should be a valid uuid. warnings.warn(('Invalid uuid: %s. To ensure interoperability, '
2026-05-11 06:47:08.840 10 INFO neutron.db.ovn_revision_numbers_db [None req-d363feb1-b431-4ec7-9fd7-71701077c13a 8f11e13f652648618d8e2083f01bdc5a d561b5f6f80946029585bce87c82f0af - - default default] Successfully bumped revision number for resource 9f43eb4a-4325-470b-9d62-8ed97bc8fbfc (type: security_groups) to 1
2026-05-11 06:47:08.852 10 INFO neutron.db.ovn_revision_numbers_db [None req-d363feb1-b431-4ec7-9fd7-71701077c13a 8f11e13f652648618d8e2083f01bdc5a d561b5f6f80946029585bce87c82f0af - - default default] Successfully bumped revision number for resource 3ddd791c-adcd-4fe6-a2d4-0f1503b1b7cc (type: security_group_rules) to 0
2026-05-11 06:47:08.867 10 INFO neutron.db.ovn_revision_numbers_db [None req-d363feb1-b431-4ec7-9fd7-71701077c13a 8f11e13f652648618d8e2083f01bdc5a d561b5f6f80946029585bce87c82f0af - - default default] Successfully bumped revision number for resource 878e5166-eb9a-4dda-bd1c-92f0a27184a5 (type: security_group_rules) to 0
2026-05-11 06:47:08.881 10 INFO neutron.db.ovn_revision_numbers_db [None req-d363feb1-b431-4ec7-9fd7-71701077c13a 8f11e13f652648618d8e2083f01bdc5a d561b5f6f80946029585bce87c82f0af - - default default] Successfully bumped revision number for resource ab29de00-dfbb-4331-a5e8-b3d7f8406870 (type: security_group_rules) to 0
2026-05-11 06:47:08.907 10 INFO neutron.db.ovn_revision_numbers_db [None req-d363feb1-b431-4ec7-9fd7-71701077c13a 8f11e13f652648618d8e2083f01bdc5a d561b5f6f80946029585bce87c82f0af - - default default] Successfully bumped revision number for resource bf2ad3d1-2d79-4ae7-9c37-cdab5f5075ed (type: security_group_rules) to 0
2026-05-11 06:47:08.930 10 INFO neutron.wsgi [None req-d363feb1-b431-4ec7-9fd7-71701077c13a 8f11e13f652648618d8e2083f01bdc5a d561b5f6f80946029585bce87c82f0af - - default default] 10.0.0.246 "GET /v2.0/security-groups?tenant_id=a85a865728244f3e938f33ad0db812b0&name=default HTTP/1.1" status: 200 len: 2996 time: 0.1944985
2026-05-11 06:47:08.984 9 INFO neutron.db.ovn_revision_numbers_db [req-1b576695-fc45-4264-9c9a-2b41bd2c3dfc req-5b574396-cb56-470c-a8df-1ae4d7d38c15 dc0236e32fdd4858bcc32f250aaf05ce 79ce8942d243454cbf729108076aebf2 - - 78055b8278ed499887689ee8ce2879fc 78055b8278ed499887689ee8ce2879fc] Successfully bumped revision number for resource 6a219121-01c1-4713-83f0-e2aa2aa4fe23 (type: ports) to 2
2026-05-11 06:47:09.119 10 INFO neutron.wsgi [None req-8a7d6164-a56e-4f90-9a87-bdfae5503f46 8f11e13f652648618d8e2083f01bdc5a d561b5f6f80946029585bce87c82f0af - - default default] 10.0.0.246 "DELETE /v2.0/security-groups/9f43eb4a-4325-470b-9d62-8ed97bc8fbfc HTTP/1.1" status: 204 len: 168 time: 0.1836419 /var/lib/openstack/lib/python3.10/site-packages/pycadf/identifier.py:71: UserWarning: Invalid uuid: neutron. To ensure interoperability, identifiers should be a valid uuid. warnings.warn(('Invalid uuid: %s. To ensure interoperability, '
2026-05-11 06:47:09.209 9 INFO neutron.wsgi [req-6e0b0f06-57f6-4976-9b12-c7dd55abe66d req-f23e9b3e-2d0a-4f58-8574-c6448492369c db38feb0e74643c6b3906b527fc5962b de3c5614ed4844779ffc6cb81981282e - - default default] 10.0.0.248 "GET /v2.0/ports?device_id=de860d24-b31d-4a22-a817-a76d36d73727 HTTP/1.1" status: 200 len: 1172 time: 0.0463748
2026-05-11 06:47:09.210 9 INFO neutron.db.ovn_revision_numbers_db [req-1b576695-fc45-4264-9c9a-2b41bd2c3dfc req-5b574396-cb56-470c-a8df-1ae4d7d38c15 dc0236e32fdd4858bcc32f250aaf05ce 79ce8942d243454cbf729108076aebf2 - - 78055b8278ed499887689ee8ce2879fc 78055b8278ed499887689ee8ce2879fc] Successfully bumped revision number for resource 6a219121-01c1-4713-83f0-e2aa2aa4fe23 (type: ports) to 2
2026-05-11 06:47:09.233 9 INFO neutron.wsgi [req-1b576695-fc45-4264-9c9a-2b41bd2c3dfc req-5b574396-cb56-470c-a8df-1ae4d7d38c15 dc0236e32fdd4858bcc32f250aaf05ce 79ce8942d243454cbf729108076aebf2 - - 78055b8278ed499887689ee8ce2879fc 78055b8278ed499887689ee8ce2879fc] 199.204.45.222 "PUT /v2.0/ports/6a219121-01c1-4713-83f0-e2aa2aa4fe23 HTTP/1.1" status: 200 len: 1380 time: 0.6451497
2026-05-11 06:47:09.266 9 INFO neutron.wsgi [req-6e0b0f06-57f6-4976-9b12-c7dd55abe66d req-5e79035f-af2a-43cd-8749-86c04dc4901b db38feb0e74643c6b3906b527fc5962b de3c5614ed4844779ffc6cb81981282e - - default default] 10.0.0.248 "GET /v2.0/security-groups?id=0e65a9bd-9af2-4e23-a605-0dfc7825d78d&fields=id&fields=name HTTP/1.1" status: 200 len: 313 time: 0.0466559
2026-05-11 06:47:09.277 9 INFO neutron.notifiers.nova [-] Nova event matching ['req-12f2008a-3def-4593-aca5-1e920fd2739d'] response: {'name': 'network-changed', 'server_uuid': 'de860d24-b31d-4a22-a817-a76d36d73727', 'tag': '6a219121-01c1-4713-83f0-e2aa2aa4fe23', 'status': 'completed', 'code': 200}
2026-05-11 06:47:09.297 9 INFO neutron.wsgi [req-1b576695-fc45-4264-9c9a-2b41bd2c3dfc req-4de0f7ca-eb6b-4d1d-a2d8-8aa3bbe28a03 dc0236e32fdd4858bcc32f250aaf05ce 79ce8942d243454cbf729108076aebf2 - - 78055b8278ed499887689ee8ce2879fc 78055b8278ed499887689ee8ce2879fc] 199.204.45.222 "GET /v2.0/ports?tenant_id=de3c5614ed4844779ffc6cb81981282e&device_id=de860d24-b31d-4a22-a817-a76d36d73727 HTTP/1.1" status: 200 len: 1411 time: 0.0308816
2026-05-11 06:47:09.331 9 INFO neutron.wsgi [req-1b576695-fc45-4264-9c9a-2b41bd2c3dfc req-d2fa8945-f8f7-471d-bcbb-be180a1bdbd3 dc0236e32fdd4858bcc32f250aaf05ce 79ce8942d243454cbf729108076aebf2 - - 78055b8278ed499887689ee8ce2879fc 78055b8278ed499887689ee8ce2879fc] 199.204.45.222 "GET /v2.0/floatingips?fixed_ip_address=10.100.0.10&port_id=6a219121-01c1-4713-83f0-e2aa2aa4fe23 HTTP/1.1" status: 200 len: 217 time: 0.0255289
2026-05-11 06:47:09.380 9 INFO neutron.wsgi [req-1b576695-fc45-4264-9c9a-2b41bd2c3dfc req-fa535b09-99fd-40e4-b979-a33829d835d3 dc0236e32fdd4858bcc32f250aaf05ce 79ce8942d243454cbf729108076aebf2 - - 78055b8278ed499887689ee8ce2879fc 78055b8278ed499887689ee8ce2879fc] 199.204.45.222 "GET /v2.0/subnets?id=833edca6-da9d-4201-a34f-52d33fb24505 HTTP/1.1" status: 200 len: 869 time: 0.0407593
2026-05-11 06:47:09.408 9 INFO neutron.wsgi [req-1b576695-fc45-4264-9c9a-2b41bd2c3dfc req-42e7e28a-4a18-45ff-937f-89cc8e78253b dc0236e32fdd4858bcc32f250aaf05ce 79ce8942d243454cbf729108076aebf2 - - 78055b8278ed499887689ee8ce2879fc 78055b8278ed499887689ee8ce2879fc] 199.204.45.222 "GET /v2.0/ports?network_id=15bd2a21-6da8-4bfd-9af6-a030470517a8&device_owner=network%3Adhcp HTTP/1.1" status: 200 len: 210 time: 0.0196376
2026-05-11 06:47:09.471 9 INFO neutron.wsgi [req-1b576695-fc45-4264-9c9a-2b41bd2c3dfc req-af24ce82-7ab9-47fd-a1a1-9db4da9446d3 dc0236e32fdd4858bcc32f250aaf05ce 79ce8942d243454cbf729108076aebf2 - - 78055b8278ed499887689ee8ce2879fc 78055b8278ed499887689ee8ce2879fc] 199.204.45.222 "GET /v2.0/networks/15bd2a21-6da8-4bfd-9af6-a030470517a8?fields=segments HTTP/1.1" status: 200 len: 212 time: 0.0552251
2026-05-11 06:47:09.543 9 INFO neutron.wsgi [req-1b576695-fc45-4264-9c9a-2b41bd2c3dfc req-56d401d0-deac-4cce-ae81-77ae78963327 dc0236e32fdd4858bcc32f250aaf05ce 79ce8942d243454cbf729108076aebf2 - - 78055b8278ed499887689ee8ce2879fc 78055b8278ed499887689ee8ce2879fc] 199.204.45.222 "GET /v2.0/networks/15bd2a21-6da8-4bfd-9af6-a030470517a8?fields=provider%3Aphysical_network&fields=provider%3Anetwork_type HTTP/1.1" status: 200 len: 277 time: 0.0637550
2026-05-11 06:47:09.623 9 INFO neutron.wsgi [req-70f93bb1-ff69-40a6-81c8-a38a554369df req-5135ce9a-be4d-4ec6-a099-f4e00668e53d dc0236e32fdd4858bcc32f250aaf05ce 79ce8942d243454cbf729108076aebf2 - - 78055b8278ed499887689ee8ce2879fc 78055b8278ed499887689ee8ce2879fc] 199.204.45.222 "GET /v2.0/ports?tenant_id=de3c5614ed4844779ffc6cb81981282e&device_id=de860d24-b31d-4a22-a817-a76d36d73727 HTTP/1.1" status: 200 len: 1411 time: 0.0365145
2026-05-11 06:47:09.701 9 INFO neutron.wsgi [req-70f93bb1-ff69-40a6-81c8-a38a554369df req-f5a299f6-b433-4129-8bd4-ecc59c3fc2b3 dc0236e32fdd4858bcc32f250aaf05ce 79ce8942d243454cbf729108076aebf2 - - 78055b8278ed499887689ee8ce2879fc 78055b8278ed499887689ee8ce2879fc] 199.204.45.222 "GET /v2.0/networks?id=15bd2a21-6da8-4bfd-9af6-a030470517a8 HTTP/1.1" status: 200 len: 974 time: 0.0717595
2026-05-11 06:47:09.756 9 INFO neutron.wsgi [req-70f93bb1-ff69-40a6-81c8-a38a554369df req-29ab24a5-60f5-4be3-ab46-9ad4041da301 dc0236e32fdd4858bcc32f250aaf05ce 79ce8942d243454cbf729108076aebf2 - - 78055b8278ed499887689ee8ce2879fc 78055b8278ed499887689ee8ce2879fc] 199.204.45.222 "GET /v2.0/floatingips?fixed_ip_address=10.100.0.10&port_id=6a219121-01c1-4713-83f0-e2aa2aa4fe23 HTTP/1.1" status: 200 len: 217 time: 0.0505781
2026-05-11 06:47:09.766 9 INFO neutron.plugins.ml2.drivers.ovn.mech_driver.mech_driver [None req-a8ebba4a-593c-42b3-8ae9-66631b2f8142 - - - - - -] OVN reports status up for port: 6a219121-01c1-4713-83f0-e2aa2aa4fe23
2026-05-11 06:47:09.816 9 INFO neutron.plugins.ml2.plugin [None req-a8ebba4a-593c-42b3-8ae9-66631b2f8142 - - - - - -] Attempt 1 to provision port 6a219121-01c1-4713-83f0-e2aa2aa4fe23
2026-05-11 06:47:09.820 9 INFO neutron.wsgi [req-70f93bb1-ff69-40a6-81c8-a38a554369df req-553270ee-2a1a-4e16-9232-040e11acd495 dc0236e32fdd4858bcc32f250aaf05ce 79ce8942d243454cbf729108076aebf2 - - 78055b8278ed499887689ee8ce2879fc 78055b8278ed499887689ee8ce2879fc] 199.204.45.222 "GET /v2.0/subnets?id=833edca6-da9d-4201-a34f-52d33fb24505 HTTP/1.1" status: 200 len: 869 time: 0.0554154
2026-05-11 06:47:09.872 9 INFO neutron.wsgi [req-70f93bb1-ff69-40a6-81c8-a38a554369df req-bdf50d34-5fd9-4860-af90-f4773945f81b dc0236e32fdd4858bcc32f250aaf05ce 79ce8942d243454cbf729108076aebf2 - - 78055b8278ed499887689ee8ce2879fc 78055b8278ed499887689ee8ce2879fc] 199.204.45.222 "GET /v2.0/ports?network_id=15bd2a21-6da8-4bfd-9af6-a030470517a8&device_owner=network%3Adhcp HTTP/1.1" status: 200 len: 210 time: 0.0383253
2026-05-11 06:47:09.947 9 INFO neutron.db.ovn_revision_numbers_db [None req-2b8489a9-89a5-48bc-93ba-77a7f55df88d 59b6659cd6ff48db9ec45e86435b2c4f cc4d614ddd8446b99385c0b44e79f91e - - default default] Successfully bumped revision number for resource 71bc782e-cf29-4140-9124-a4bbf7852ec8 (type: security_groups) to 1
2026-05-11 06:47:09.959 9 INFO neutron.wsgi [req-70f93bb1-ff69-40a6-81c8-a38a554369df req-06cda2b3-c248-44bf-861e-b5f9034086ea dc0236e32fdd4858bcc32f250aaf05ce 79ce8942d243454cbf729108076aebf2 - - 78055b8278ed499887689ee8ce2879fc 78055b8278ed499887689ee8ce2879fc] 199.204.45.222 "GET /v2.0/networks/15bd2a21-6da8-4bfd-9af6-a030470517a8?fields=segments HTTP/1.1" status: 200 len: 212 time: 0.0765884
2026-05-11 06:47:09.975 9 INFO neutron.db.ovn_revision_numbers_db [None req-2b8489a9-89a5-48bc-93ba-77a7f55df88d 59b6659cd6ff48db9ec45e86435b2c4f cc4d614ddd8446b99385c0b44e79f91e - - default default] Successfully bumped revision number for resource 19fa6a3f-18a6-4016-a263-736a9dc23f23 (type: security_group_rules) to 0
2026-05-11 06:47:10.014 9 INFO neutron.db.ovn_revision_numbers_db [None req-2b8489a9-89a5-48bc-93ba-77a7f55df88d 59b6659cd6ff48db9ec45e86435b2c4f cc4d614ddd8446b99385c0b44e79f91e - - default default] Successfully bumped revision number for resource 1e803969-82b0-4a9b-ae0c-d18c00981b4f (type: security_group_rules) to 0
2026-05-11 06:47:10.054 9 INFO neutron.db.ovn_revision_numbers_db [None req-2b8489a9-89a5-48bc-93ba-77a7f55df88d 59b6659cd6ff48db9ec45e86435b2c4f cc4d614ddd8446b99385c0b44e79f91e - - default default] Successfully bumped revision number for resource b56a9359-597e-491d-97a0-239bae452bde (type: security_group_rules) to 0
2026-05-11 06:47:10.067 9 INFO neutron.wsgi [req-70f93bb1-ff69-40a6-81c8-a38a554369df req-41b584ad-83dc-410c-8ede-1e31eae9421a dc0236e32fdd4858bcc32f250aaf05ce 79ce8942d243454cbf729108076aebf2 - - 78055b8278ed499887689ee8ce2879fc 78055b8278ed499887689ee8ce2879fc] 199.204.45.222 "GET /v2.0/networks/15bd2a21-6da8-4bfd-9af6-a030470517a8?fields=provider%3Aphysical_network&fields=provider%3Anetwork_type HTTP/1.1" status: 200 len: 277 time: 0.1013527
2026-05-11 06:47:10.082 9 INFO neutron.db.ovn_revision_numbers_db [None req-2b8489a9-89a5-48bc-93ba-77a7f55df88d 59b6659cd6ff48db9ec45e86435b2c4f cc4d614ddd8446b99385c0b44e79f91e - - default default] Successfully bumped revision number for resource e2f56a0d-1a73-4345-945c-604e22f509a5 (type: security_group_rules) to 0
2026-05-11 06:47:10.209 9 INFO neutron.db.ovn_revision_numbers_db [None req-2b8489a9-89a5-48bc-93ba-77a7f55df88d 59b6659cd6ff48db9ec45e86435b2c4f cc4d614ddd8446b99385c0b44e79f91e - - default default] Successfully bumped revision number for resource e836d67c-7fec-4e1d-821c-18d8c68e7a15 (type: security_groups) to 1
2026-05-11 06:47:10.234 9 INFO neutron.db.ovn_revision_numbers_db [None req-2b8489a9-89a5-48bc-93ba-77a7f55df88d 59b6659cd6ff48db9ec45e86435b2c4f cc4d614ddd8446b99385c0b44e79f91e - - default default] Successfully bumped revision number for resource 4c111e34-70de-4cff-9041-c5d9a9507b35 (type: security_group_rules) to 0
2026-05-11 06:47:10.252 9 INFO neutron.db.ovn_revision_numbers_db [None req-2b8489a9-89a5-48bc-93ba-77a7f55df88d 59b6659cd6ff48db9ec45e86435b2c4f cc4d614ddd8446b99385c0b44e79f91e - - default default] Successfully bumped revision number for resource ea81764d-bbeb-4f67-b8a5-5fd2d1bbb4ed (type: security_group_rules) to 0
2026-05-11 06:47:10.256 9 INFO neutron.db.ovn_revision_numbers_db [None req-a8ebba4a-593c-42b3-8ae9-66631b2f8142 - - - - - -] Successfully bumped revision number for resource 6a219121-01c1-4713-83f0-e2aa2aa4fe23 (type: ports) to 4
2026-05-11 06:47:10.272 9 INFO neutron.wsgi [None req-2b8489a9-89a5-48bc-93ba-77a7f55df88d 59b6659cd6ff48db9ec45e86435b2c4f cc4d614ddd8446b99385c0b44e79f91e - - default default] 10.0.0.246 "POST /v2.0/security-groups HTTP/1.1" status: 201 len: 1760 time: 0.6990466 /var/lib/openstack/lib/python3.10/site-packages/pycadf/identifier.py:71: UserWarning: Invalid uuid: neutron. To ensure interoperability, identifiers should be a valid uuid. warnings.warn(('Invalid uuid: %s. To ensure interoperability, '
2026-05-11 06:47:10.344 10 INFO neutron.wsgi [None req-25614fc3-853b-4b72-9fae-9745c7229186 59b6659cd6ff48db9ec45e86435b2c4f cc4d614ddd8446b99385c0b44e79f91e - - default default] 10.0.0.246 "GET /v2.0/security-groups HTTP/1.1" status: 200 len: 4538 time: 0.0646343
2026-05-11 06:47:10.378 9 INFO neutron.wsgi [req-ae5cc55d-89a1-4574-bb29-fb0d6aeda30d req-69005086-8acd-40bd-ab44-00ec3ed3cfb9 db38feb0e74643c6b3906b527fc5962b de3c5614ed4844779ffc6cb81981282e - - default default] 10.0.0.248 "GET /v2.0/ports?device_id=de860d24-b31d-4a22-a817-a76d36d73727 HTTP/1.1" status: 200 len: 1174 time: 0.0422778
2026-05-11 06:47:10.426 9 INFO neutron.wsgi [req-ae5cc55d-89a1-4574-bb29-fb0d6aeda30d req-a10b469f-4a17-4bef-80e9-b9fe3f7d2326 db38feb0e74643c6b3906b527fc5962b de3c5614ed4844779ffc6cb81981282e - - default default] 10.0.0.248 "GET /v2.0/security-groups?id=0e65a9bd-9af2-4e23-a605-0dfc7825d78d&fields=id&fields=name HTTP/1.1" status: 200 len: 313 time: 0.0404491
2026-05-11 06:47:10.428 10 INFO neutron.db.ovn_revision_numbers_db [None req-23ae3632-5abc-4694-8cc4-ddfca5e8c869 59b6659cd6ff48db9ec45e86435b2c4f cc4d614ddd8446b99385c0b44e79f91e - - default default] Successfully bumped revision number for resource e836d67c-7fec-4e1d-821c-18d8c68e7a15 (type: security_groups) to 2
2026-05-11 06:47:10.433 10 INFO neutron.wsgi [None req-23ae3632-5abc-4694-8cc4-ddfca5e8c869 59b6659cd6ff48db9ec45e86435b2c4f cc4d614ddd8446b99385c0b44e79f91e - - default default] 10.0.0.246 "PUT /v2.0/security-groups/e836d67c-7fec-4e1d-821c-18d8c68e7a15 HTTP/1.1" status: 200 len: 1793 time: 0.0851078
2026-05-11 06:47:10.477 9 INFO neutron.wsgi [None req-45e2f97f-09ee-4676-b433-75edc48d2681 59b6659cd6ff48db9ec45e86435b2c4f cc4d614ddd8446b99385c0b44e79f91e - - default default] 10.0.0.246 "GET /v2.0/security-groups/e836d67c-7fec-4e1d-821c-18d8c68e7a15 HTTP/1.1" status: 200 len: 1793 time: 0.0360329
2026-05-11 06:47:10.630 9 INFO neutron.wsgi [None req-648b9d12-c3ba-4ea4-b08e-9e3773715dd0 59b6659cd6ff48db9ec45e86435b2c4f cc4d614ddd8446b99385c0b44e79f91e - - default default] 10.0.0.246 "DELETE /v2.0/security-groups/e836d67c-7fec-4e1d-821c-18d8c68e7a15 HTTP/1.1" status: 204 len: 168 time: 0.1474993
2026-05-11 06:47:10.677 9 INFO neutron.wsgi [None req-e6bb41e2-232b-4fd2-bfeb-dcd45a264b1f 59b6659cd6ff48db9ec45e86435b2c4f cc4d614ddd8446b99385c0b44e79f91e - - default default] 10.0.0.246 "GET /v2.0/security-groups HTTP/1.1" status: 200 len: 2996 time: 0.0404980
2026-05-11 06:47:10.709 9 INFO neutron.api.v2.resource [None req-ff2e281c-3f8b-4faf-afcf-fb4bb48b0ff3 59b6659cd6ff48db9ec45e86435b2c4f cc4d614ddd8446b99385c0b44e79f91e - - default default] delete failed (client error): The resource could not be found.
2026-05-11 06:47:10.710 9 INFO neutron.wsgi [None req-ff2e281c-3f8b-4faf-afcf-fb4bb48b0ff3 59b6659cd6ff48db9ec45e86435b2c4f cc4d614ddd8446b99385c0b44e79f91e - - default default] 10.0.0.246 "DELETE /v2.0/security-groups/e836d67c-7fec-4e1d-821c-18d8c68e7a15 HTTP/1.1" status: 404 len: 347 time: 0.0134754
2026-05-11 06:47:10.832 9 INFO neutron.db.ovn_revision_numbers_db [None req-2223bbe4-5ac5-456c-8013-b60b3f6945f6 59b6659cd6ff48db9ec45e86435b2c4f cc4d614ddd8446b99385c0b44e79f91e - - default default] Successfully bumped revision number for resource 5bd92d26-f156-483d-9122-e163209d3374 (type: security_groups) to 1
2026-05-11 06:47:10.846 9 INFO neutron.db.ovn_revision_numbers_db [None req-2223bbe4-5ac5-456c-8013-b60b3f6945f6 59b6659cd6ff48db9ec45e86435b2c4f cc4d614ddd8446b99385c0b44e79f91e - - default default] Successfully bumped revision number for resource 13b94161-00e2-43fc-8bbd-bc398385e8ab (type: security_group_rules) to 0
2026-05-11 06:47:10.860 9 INFO neutron.db.ovn_revision_numbers_db [None req-2223bbe4-5ac5-456c-8013-b60b3f6945f6 59b6659cd6ff48db9ec45e86435b2c4f cc4d614ddd8446b99385c0b44e79f91e - - default default] Successfully bumped revision number for resource c84f5637-c374-42d2-bbb9-1f0c611f0972 (type: security_group_rules) to 0
2026-05-11 06:47:10.881 9 INFO neutron.wsgi [None req-2223bbe4-5ac5-456c-8013-b60b3f6945f6 59b6659cd6ff48db9ec45e86435b2c4f cc4d614ddd8446b99385c0b44e79f91e - - default default] 10.0.0.246 "POST /v2.0/security-groups HTTP/1.1" status: 201 len: 1761 time: 0.1667113
