2026-05-11 06:50:18.211 10 INFO neutron.wsgi [None req-515ac22b-3112-438c-81e0-913bd91657da e59aacf859db4145afb8c2b7815712c2 a2aae9a13cef4cf185a014a9f5fbd396 - - default default] 10.0.0.246 "GET /v2.0/networks?not-tags=red HTTP/1.1" status: 200 len: 2068 time: 0.1137371
2026-05-11 06:50:18.394 10 INFO neutron.wsgi [None req-6ffd8c48-74b3-4022-b062-b6b8a6752bea e59aacf859db4145afb8c2b7815712c2 a2aae9a13cef4cf185a014a9f5fbd396 - - default default] 10.0.0.246 "GET /v2.0/networks?not-tags=red%2Cblue HTTP/1.1" status: 200 len: 2681 time: 0.1721051
2026-05-11 06:50:18.516 10 INFO neutron.wsgi [None req-8f28fa35-5804-4007-a88e-784b98cd6695 e59aacf859db4145afb8c2b7815712c2 a2aae9a13cef4cf185a014a9f5fbd396 - - default default] 10.0.0.246 "GET /v2.0/networks?not-tags-any=blue HTTP/1.1" status: 200 len: 2681 time: 0.1155727
2026-05-11 06:50:18.615 10 INFO neutron.wsgi [None req-532e5007-0b49-4be4-8994-92ef4300d79a e59aacf859db4145afb8c2b7815712c2 a2aae9a13cef4cf185a014a9f5fbd396 - - default default] 10.0.0.246 "GET /v2.0/networks?not-tags-any=red%2Cblue HTTP/1.1" status: 200 len: 2068 time: 0.0935040
2026-05-11 06:50:18.991 9 INFO neutron.services.segments.plugin [-] Segment 9684d62b-c2c7-45f2-a8bf-461a3e5bffe1 resource provider aggregate not found
2026-05-11 06:50:18.998 9 INFO neutron.services.segments.plugin [-] Segment 9684d62b-c2c7-45f2-a8bf-461a3e5bffe1 resource provider aggregate not found
2026-05-11 06:50:19.012 9 INFO neutron.services.segments.plugin [-] Segment 9684d62b-c2c7-45f2-a8bf-461a3e5bffe1 resource provider not found; error: Placement Client Error (4xx): {"errors": [{"status": 404, "title": "Not Found", "detail": "The resource could not be found.\n\n No resource provider with uuid 9684d62b-c2c7-45f2-a8bf-461a3e5bffe1 found for delete ", "request_id": "req-7f4db0b6-593e-4df9-a708-c82511abcc7e"}]}
2026-05-11 06:50:19.021 9 INFO neutron.services.segments.plugin [-] Segment 9684d62b-c2c7-45f2-a8bf-461a3e5bffe1 resource provider not found; error: Placement Client Error (4xx): {"errors": [{"status": 404, "title": "Not Found", "detail": "The resource could not be found.\n\n No resource provider with uuid 9684d62b-c2c7-45f2-a8bf-461a3e5bffe1 found for delete ", "request_id": "req-afd9f0e0-fa3e-42e5-8a26-69bea1ff19b8"}]}
2026-05-11 06:50:19.044 9 INFO neutron.wsgi [None req-0fa7cb80-8dab-4c0f-bd1f-11321862951c e59aacf859db4145afb8c2b7815712c2 a2aae9a13cef4cf185a014a9f5fbd396 - - default default] 10.0.0.246 "DELETE /v2.0/networks/e677926e-d78b-4f8e-9488-cc9664445895 HTTP/1.1" status: 204 len: 168 time: 0.4204082
2026-05-11 06:50:19.399 10 INFO neutron.services.segments.plugin [-] Segment 8a03504e-7270-4e5d-94bb-e1b15494a41a resource provider aggregate not found
2026-05-11 06:50:19.404 10 INFO neutron.services.segments.plugin [-] Segment 8a03504e-7270-4e5d-94bb-e1b15494a41a resource provider aggregate not found
2026-05-11 06:50:19.420 10 INFO neutron.services.segments.plugin [-] Segment 8a03504e-7270-4e5d-94bb-e1b15494a41a resource provider not found; error: Placement Client Error (4xx): {"errors": [{"status": 404, "title": "Not Found", "detail": "The resource could not be found.\n\n No resource provider with uuid 8a03504e-7270-4e5d-94bb-e1b15494a41a found for delete ", "request_id": "req-6403ca3a-0573-4952-bf9c-a0acc95abe00"}]}
2026-05-11 06:50:19.430 10 INFO neutron.services.segments.plugin [-] Segment 8a03504e-7270-4e5d-94bb-e1b15494a41a resource provider not found; error: Placement Client Error (4xx): {"errors": [{"status": 404, "title": "Not Found", "detail": "The resource could not be found.\n\n No resource provider with uuid 8a03504e-7270-4e5d-94bb-e1b15494a41a found for delete ", "request_id": "req-26ada684-0a82-40ac-a371-20343d6e2686"}]}
2026-05-11 06:50:19.453 10 INFO neutron.wsgi [None req-7696e3e7-b4d3-4ab2-b090-c7fda423cf53 e59aacf859db4145afb8c2b7815712c2 a2aae9a13cef4cf185a014a9f5fbd396 - - default default] 10.0.0.246 "DELETE /v2.0/networks/e18f023d-446f-4efb-b5f1-51e1052f1896 HTTP/1.1" status: 204 len: 168 time: 0.4043589
2026-05-11 06:50:19.910 10 INFO neutron.wsgi [None req-eb91b7a4-6630-46e7-bdee-69708d0dfd43 e59aacf859db4145afb8c2b7815712c2 a2aae9a13cef4cf185a014a9f5fbd396 - - default default] 10.0.0.246 "DELETE /v2.0/networks/7699c059-2128-4e2f-8a59-7eb83b290529 HTTP/1.1" status: 204 len: 168 time: 0.4512894
2026-05-11 06:50:20.289 9 INFO neutron.wsgi [None req-6971c03f-ab7f-47f5-b723-f24cb7f98e6a e59aacf859db4145afb8c2b7815712c2 a2aae9a13cef4cf185a014a9f5fbd396 - - default default] 10.0.0.246 "DELETE /v2.0/networks/d4219600-43a4-48d2-97c2-1d7d1e41d4b1 HTTP/1.1" status: 204 len: 168 time: 0.3730667
2026-05-11 06:50:20.315 9 INFO neutron.wsgi [None req-40d1f3d4-04dd-4de6-bf2f-81506a1e40ee 8f11e13f652648618d8e2083f01bdc5a d561b5f6f80946029585bce87c82f0af - - default default] 10.0.0.239 "GET /v2.0/floatingips HTTP/1.1" status: 200 len: 193 time: 0.0762203
2026-05-11 06:50:20.392 9 INFO neutron.wsgi [None req-f94bf6d3-bf68-4565-8866-627ff9bc8399 8f11e13f652648618d8e2083f01bdc5a d561b5f6f80946029585bce87c82f0af - - default default] 10.0.0.239 "GET /v2.0/networks HTTP/1.1" status: 200 len: 5428 time: 0.0762868
2026-05-11 06:50:20.479 9 INFO neutron.wsgi [None req-b901690b-902f-43de-a20e-1c7e07f5a177 8f11e13f652648618d8e2083f01bdc5a d561b5f6f80946029585bce87c82f0af - - default default] 10.0.0.239 "GET /v2.0/routers HTTP/1.1" status: 200 len: 849 time: 0.0834053
2026-05-11 06:50:20.495 9 INFO neutron.wsgi [None req-7741f487-30f3-4b0b-a96c-5601ac154a60 8f11e13f652648618d8e2083f01bdc5a d561b5f6f80946029585bce87c82f0af - - default default] 10.0.0.239 "GET /v2.0/agents?binary=ovn-controller HTTP/1.1" status: 200 len: 591 time: 0.0148067
2026-05-11 06:50:20.511 9 INFO neutron.wsgi [None req-5b7a1af2-110d-4c81-ba9f-ef2bf329d1ec 8f11e13f652648618d8e2083f01bdc5a d561b5f6f80946029585bce87c82f0af - - default default] 10.0.0.239 "GET /v2.0/agents HTTP/1.1" status: 200 len: 997 time: 0.0140321
2026-05-11 06:50:20.557 9 INFO neutron.wsgi [None req-643e94da-617a-4040-807a-7d93105950ad 8f11e13f652648618d8e2083f01bdc5a d561b5f6f80946029585bce87c82f0af - - default default] 10.0.0.239 "GET /v2.0/ports HTTP/1.1" status: 200 len: 15042 time: 0.0450561
2026-05-11 06:50:20.633 9 INFO neutron.wsgi [None req-6ba8a1b0-d04f-4e15-8c22-94d305c23b58 8f11e13f652648618d8e2083f01bdc5a d561b5f6f80946029585bce87c82f0af - - default default] 10.0.0.239 "GET /v2.0/subnets HTTP/1.1" status: 200 len: 5497 time: 0.0580995
2026-05-11 06:50:20.712 9 INFO neutron.wsgi [None req-fd4b4969-b11f-43f0-81aa-48d92a09d5f1 8f11e13f652648618d8e2083f01bdc5a d561b5f6f80946029585bce87c82f0af - - default default] 10.0.0.239 "GET /v2.0/security-groups HTTP/1.1" status: 200 len: 30315 time: 0.0774517
2026-05-11 06:50:20.727 10 INFO neutron.wsgi [None req-a5745395-bd76-4d4b-8535-71af5f64755e e59aacf859db4145afb8c2b7815712c2 a2aae9a13cef4cf185a014a9f5fbd396 - - default default] 10.0.0.246 "DELETE /v2.0/networks/9a33769e-324c-417c-af27-057a341265a1 HTTP/1.1" status: 204 len: 168 time: 0.4303794
2026-05-11 06:50:20.768 9 INFO neutron.wsgi [None req-7febb574-5947-455a-adbe-f572e8899665 8f11e13f652648618d8e2083f01bdc5a d561b5f6f80946029585bce87c82f0af - - default default] 10.0.0.239 "GET /v2.0/subnets HTTP/1.1" status: 200 len: 5497 time: 0.0474792
2026-05-11 06:50:20.788 9 INFO neutron.wsgi [None req-972c7fdb-9c90-4818-a40d-fe5fcfe9ac96 8f11e13f652648618d8e2083f01bdc5a d561b5f6f80946029585bce87c82f0af - - default default] 10.0.0.239 "GET /v2.0/subnetpools HTTP/1.1" status: 200 len: 193 time: 0.0177724
2026-05-11 06:50:20.802 9 INFO neutron.wsgi [None req-43b8557b-f15b-4901-a9c6-f33504cfd9ab 8f11e13f652648618d8e2083f01bdc5a d561b5f6f80946029585bce87c82f0af - - default default] 10.0.0.239 "GET /v2.0/network-ip-availabilities HTTP/1.1" status: 200 len: 3365 time: 0.0130415
2026-05-11 06:50:20.822 9 WARNING neutron.plugins.ml2.drivers.ovn.mech_driver.ovsdb.ovn_client [None req-a8ebba4a-593c-42b3-8ae9-66631b2f8142 - - - - - -] No hosting information found for port 9dd85e7f-b1cf-4651-b458-dd9ccd3682d7: RuntimeError: No hosting information found for port 9dd85e7f-b1cf-4651-b458-dd9ccd3682d7
2026-05-11 06:50:20.823 9 INFO neutron.plugins.ml2.drivers.ovn.mech_driver.mech_driver [None req-a8ebba4a-593c-42b3-8ae9-66631b2f8142 - - - - - -] OVN reports status up for port: 5708e72a-97ed-4b80-b2ed-d665ab9a2f0b
2026-05-11 06:50:20.836 9 INFO neutron.plugins.ml2.plugin [None req-a8ebba4a-593c-42b3-8ae9-66631b2f8142 - - - - - -] Attempt 1 to provision port 5708e72a-97ed-4b80-b2ed-d665ab9a2f0b
2026-05-11 06:50:20.954 9 INFO neutron.notifiers.nova [-] Nova event matching ['req-524d9621-6e9a-487c-94dd-f4b627a1e3df'] response: {'server_uuid': 'ac381820-0131-4d0d-8de1-51cd05ae1ecc', 'name': 'network-vif-plugged', 'status': 'completed', 'tag': '5708e72a-97ed-4b80-b2ed-d665ab9a2f0b', 'code': 200}
2026-05-11 06:50:21.051 9 INFO neutron.services.segments.plugin [-] Segment a4d2b95c-b824-465a-be12-c1189bbbc645 resource provider aggregate not found
2026-05-11 06:50:21.062 9 INFO neutron.services.segments.plugin [-] Segment a4d2b95c-b824-465a-be12-c1189bbbc645 resource provider aggregate not found
2026-05-11 06:50:21.069 9 INFO neutron.services.segments.plugin [-] Segment a4d2b95c-b824-465a-be12-c1189bbbc645 resource provider not found; error: Placement Client Error (4xx): {"errors": [{"status": 404, "title": "Not Found", "detail": "The resource could not be found.\n\n No resource provider with uuid a4d2b95c-b824-465a-be12-c1189bbbc645 found for delete ", "request_id": "req-975ab932-d488-41f8-85eb-9230785b3b45"}]}
2026-05-11 06:50:21.085 9 INFO neutron.services.segments.plugin [-] Segment a4d2b95c-b824-465a-be12-c1189bbbc645 resource provider not found; error: Placement Client Error (4xx): {"errors": [{"status": 404, "title": "Not Found", "detail": "The resource could not be found.\n\n No resource provider with uuid a4d2b95c-b824-465a-be12-c1189bbbc645 found for delete ", "request_id": "req-08194b7f-1fdc-4fb8-b95a-6ef65d54dedf"}]}
2026-05-11 06:50:21.156 9 INFO neutron.db.ovn_revision_numbers_db [None req-a8ebba4a-593c-42b3-8ae9-66631b2f8142 - - - - - -] Successfully bumped revision number for resource 5708e72a-97ed-4b80-b2ed-d665ab9a2f0b (type: ports) to 4
2026-05-11 06:50:21.444 10 INFO neutron.services.segments.plugin [-] Segment 7a3e6f72-8d55-499a-9780-32201dda9cb4 resource provider aggregate not found
2026-05-11 06:50:21.455 10 INFO neutron.services.segments.plugin [-] Segment 7a3e6f72-8d55-499a-9780-32201dda9cb4 resource provider aggregate not found
2026-05-11 06:50:21.460 10 INFO neutron.services.segments.plugin [-] Segment 7a3e6f72-8d55-499a-9780-32201dda9cb4 resource provider not found; error: Placement Client Error (4xx): {"errors": [{"status": 404, "title": "Not Found", "detail": "The resource could not be found.\n\n No resource provider with uuid 7a3e6f72-8d55-499a-9780-32201dda9cb4 found for delete ", "request_id": "req-0deea5d2-adb7-4b2c-b798-53d05f8bb0e0"}]}
2026-05-11 06:50:21.475 10 INFO neutron.services.segments.plugin [-] Segment 6b35614a-e626-4a3b-84d7-373f3c08848d resource provider aggregate not found
2026-05-11 06:50:21.483 10 INFO neutron.services.segments.plugin [-] Segment 7a3e6f72-8d55-499a-9780-32201dda9cb4 resource provider not found; error: Placement Client Error (4xx): {"errors": [{"status": 404, "title": "Not Found", "detail": "The resource could not be found.\n\n No resource provider with uuid 7a3e6f72-8d55-499a-9780-32201dda9cb4 found for delete ", "request_id": "req-bd15abc9-b57f-4682-8336-72c49e996268"}]}
2026-05-11 06:50:21.493 10 INFO neutron.services.segments.plugin [-] Segment 6b35614a-e626-4a3b-84d7-373f3c08848d resource provider not found; error: Placement Client Error (4xx): {"errors": [{"status": 404, "title": "Not Found", "detail": "The resource could not be found.\n\n No resource provider with uuid 6b35614a-e626-4a3b-84d7-373f3c08848d found for delete ", "request_id": "req-dc354ec0-9e39-492b-b694-e9b3fd998526"}]}
2026-05-11 06:50:21.499 10 INFO neutron.services.segments.plugin [-] Segment 6b35614a-e626-4a3b-84d7-373f3c08848d resource provider aggregate not found
2026-05-11 06:50:21.518 10 INFO neutron.services.segments.plugin [-] Segment 6b35614a-e626-4a3b-84d7-373f3c08848d resource provider not found; error: Placement Client Error (4xx): {"errors": [{"status": 404, "title": "Not Found", "detail": "The resource could not be found.\n\n No resource provider with uuid 6b35614a-e626-4a3b-84d7-373f3c08848d found for delete ", "request_id": "req-16b6b9ed-6fee-4f7b-87a4-066af67340f0"}]}
2026-05-11 06:50:21.880 10 INFO neutron.wsgi [None req-f2ffaa36-87a7-424e-b8d9-cb595d717e32 8f11e13f652648618d8e2083f01bdc5a d561b5f6f80946029585bce87c82f0af - - default default] 10.0.0.246 "GET /v2.0/security-groups?tenant_id=a2aae9a13cef4cf185a014a9f5fbd396&name=default HTTP/1.1" status: 200 len: 3000 time: 0.2642601
2026-05-11 06:50:22.095 10 INFO neutron.wsgi [None req-784b5506-9986-45f0-bbee-e6a54dcc8e8f 8f11e13f652648618d8e2083f01bdc5a d561b5f6f80946029585bce87c82f0af - - default default] 10.0.0.246 "DELETE /v2.0/security-groups/822709e0-23d7-4a0f-a424-e4c0e5eab074 HTTP/1.1" status: 204 len: 168 time: 0.2092769 /var/lib/openstack/lib/python3.10/site-packages/pycadf/identifier.py:71: UserWarning: Invalid uuid: neutron. To ensure interoperability, identifiers should be a valid uuid. warnings.warn(('Invalid uuid: %s. To ensure interoperability, '
2026-05-11 06:50:22.334 10 INFO neutron.db.ovn_revision_numbers_db [None req-557293bb-2743-48cb-9f20-21fc8a4c30b8 8f11e13f652648618d8e2083f01bdc5a d561b5f6f80946029585bce87c82f0af - - default default] Successfully bumped revision number for resource f1d5ad77-76b8-4edd-9bfa-08fe7fd44928 (type: security_groups) to 1
2026-05-11 06:50:22.349 10 INFO neutron.db.ovn_revision_numbers_db [None req-557293bb-2743-48cb-9f20-21fc8a4c30b8 8f11e13f652648618d8e2083f01bdc5a d561b5f6f80946029585bce87c82f0af - - default default] Successfully bumped revision number for resource 0dde922c-1f6f-4611-a609-fc731489cbe0 (type: security_group_rules) to 0
2026-05-11 06:50:22.377 9 INFO neutron.wsgi [req-ac183750-d617-4b1b-a2c5-8e4223670ae5 req-6b6ee5e5-1bf1-4b0f-bcd0-769f0f7a3b96 26fe551495e348f594bc974560f23e7e 5e7bbc46f3c74301beae88e9a6da1c92 - - default default] 10.0.0.248 "GET /v2.0/ports?device_id=ac381820-0131-4d0d-8de1-51cd05ae1ecc HTTP/1.1" status: 200 len: 1400 time: 0.1321802
2026-05-11 06:50:22.381 10 INFO neutron.db.ovn_revision_numbers_db [None req-557293bb-2743-48cb-9f20-21fc8a4c30b8 8f11e13f652648618d8e2083f01bdc5a d561b5f6f80946029585bce87c82f0af - - default default] Successfully bumped revision number for resource 2b98939e-a31f-4151-b0f4-8d81ff80fc0c (type: security_group_rules) to 0
2026-05-11 06:50:22.399 10 INFO neutron.db.ovn_revision_numbers_db [None req-557293bb-2743-48cb-9f20-21fc8a4c30b8 8f11e13f652648618d8e2083f01bdc5a d561b5f6f80946029585bce87c82f0af - - default default] Successfully bumped revision number for resource cae6c27f-386a-4e2f-ba16-e76bd93affad (type: security_group_rules) to 0
2026-05-11 06:50:22.414 10 INFO neutron.db.ovn_revision_numbers_db [None req-557293bb-2743-48cb-9f20-21fc8a4c30b8 8f11e13f652648618d8e2083f01bdc5a d561b5f6f80946029585bce87c82f0af - - default default] Successfully bumped revision number for resource d830f333-9dbf-4ca7-8c66-766596697547 (type: security_group_rules) to 0
2026-05-11 06:50:22.436 10 INFO neutron.wsgi [None req-557293bb-2743-48cb-9f20-21fc8a4c30b8 8f11e13f652648618d8e2083f01bdc5a d561b5f6f80946029585bce87c82f0af - - default default] 10.0.0.246 "GET /v2.0/security-groups?tenant_id=360790dcf51d4a568d92285337f921e8&name=default HTTP/1.1" status: 200 len: 3000 time: 0.2252114
2026-05-11 06:50:22.642 10 INFO neutron.wsgi [None req-e9c00d2a-1693-4701-a185-f4c48b87583f 8f11e13f652648618d8e2083f01bdc5a d561b5f6f80946029585bce87c82f0af - - default default] 10.0.0.246 "DELETE /v2.0/security-groups/f1d5ad77-76b8-4edd-9bfa-08fe7fd44928 HTTP/1.1" status: 204 len: 168 time: 0.1979718
2026-05-11 06:50:22.670 9 INFO neutron.wsgi [req-ac183750-d617-4b1b-a2c5-8e4223670ae5 req-189753fe-d262-4778-976d-8a1f2cab569f 26fe551495e348f594bc974560f23e7e 5e7bbc46f3c74301beae88e9a6da1c92 - - default default] 10.0.0.248 "GET /v2.0/security-groups?id=1c2e3a2c-9f7a-4f83-9859-7fece53cd72e&fields=id&fields=name HTTP/1.1" status: 200 len: 310 time: 0.2831745
2026-05-11 06:50:22.753 9 INFO neutron.wsgi [None req-29a5f17f-2e70-42c1-9ed5-198c7c638d69 26fe551495e348f594bc974560f23e7e 5e7bbc46f3c74301beae88e9a6da1c92 - - default default] 10.0.0.246 "GET /v2.0/ports?network_id=e2f56000-e8fc-4be8-9a00-48d9961265b1&mac_address=fa%3A16%3A3e%3A09%3Aea%3A0d HTTP/1.1" status: 200 len: 1395 time: 0.0555232
2026-05-11 06:50:22.997 9 INFO neutron.db.ovn_revision_numbers_db [None req-240506a3-e1b5-4a27-863d-0277696dd978 8f11e13f652648618d8e2083f01bdc5a d561b5f6f80946029585bce87c82f0af - - default default] Successfully bumped revision number for resource 39012733-c384-43ef-8b38-7862ec954a75 (type: security_groups) to 1
2026-05-11 06:50:23.009 9 INFO neutron.notifiers.nova [-] Nova event matching ['req-2d13fa5c-580d-4cdb-943c-ce7364e1e89a'] response: {'server_uuid': 'ac381820-0131-4d0d-8de1-51cd05ae1ecc', 'name': 'network-vif-plugged', 'status': 'completed', 'tag': '5708e72a-97ed-4b80-b2ed-d665ab9a2f0b', 'code': 200}
2026-05-11 06:50:23.021 9 INFO neutron.db.ovn_revision_numbers_db [None req-240506a3-e1b5-4a27-863d-0277696dd978 8f11e13f652648618d8e2083f01bdc5a d561b5f6f80946029585bce87c82f0af - - default default] Successfully bumped revision number for resource 31404dea-bf19-44e2-b4c3-ed934bdfc6be (type: security_group_rules) to 0
2026-05-11 06:50:23.041 9 INFO neutron.db.ovn_revision_numbers_db [None req-240506a3-e1b5-4a27-863d-0277696dd978 8f11e13f652648618d8e2083f01bdc5a d561b5f6f80946029585bce87c82f0af - - default default] Successfully bumped revision number for resource 41bb6041-5ef7-417f-b6af-726bf3d0c093 (type: security_group_rules) to 0
2026-05-11 06:50:23.062 9 INFO neutron.db.ovn_revision_numbers_db [None req-240506a3-e1b5-4a27-863d-0277696dd978 8f11e13f652648618d8e2083f01bdc5a d561b5f6f80946029585bce87c82f0af - - default default] Successfully bumped revision number for resource 65ff74d8-8a58-4770-a670-4abb2180b2e3 (type: security_group_rules) to 0
2026-05-11 06:50:23.074 9 WARNING neutron.scheduler.dhcp_agent_scheduler [None req-a3eebba8-35c5-4dc5-b717-e85ea6fbfba5 26fe551495e348f594bc974560f23e7e 5e7bbc46f3c74301beae88e9a6da1c92 - - default default] No more DHCP agents
2026-05-11 06:50:23.079 9 WARNING neutron.api.rpc.agentnotifiers.dhcp_rpc_agent_api [None req-a3eebba8-35c5-4dc5-b717-e85ea6fbfba5 26fe551495e348f594bc974560f23e7e 5e7bbc46f3c74301beae88e9a6da1c92 - - default default] Unable to schedule network 1135f919-493e-418d-831d-9ad1dc8ea475: no agents available; will retry on subsequent port and subnet creation events.
2026-05-11 06:50:23.089 9 INFO neutron.db.ovn_revision_numbers_db [None req-240506a3-e1b5-4a27-863d-0277696dd978 8f11e13f652648618d8e2083f01bdc5a d561b5f6f80946029585bce87c82f0af - - default default] Successfully bumped revision number for resource e440264c-613d-4b85-8ec7-f7690296439b (type: security_group_rules) to 0
2026-05-11 06:50:23.113 9 INFO neutron.wsgi [None req-240506a3-e1b5-4a27-863d-0277696dd978 8f11e13f652648618d8e2083f01bdc5a d561b5f6f80946029585bce87c82f0af - - default default] 10.0.0.246 "GET /v2.0/security-groups?tenant_id=9d1ee20a74044f37be1c4aa27f45418e&name=default HTTP/1.1" status: 200 len: 3000 time: 0.2880619
2026-05-11 06:50:23.336 10 INFO neutron.wsgi [None req-e9ad98ea-ab6a-413f-a349-d62521632527 8f11e13f652648618d8e2083f01bdc5a d561b5f6f80946029585bce87c82f0af - - default default] 10.0.0.246 "DELETE /v2.0/security-groups/39012733-c384-43ef-8b38-7862ec954a75 HTTP/1.1" status: 204 len: 168 time: 0.2170963
2026-05-11 06:50:23.489 9 INFO neutron.db.l3_db [None req-a3eebba8-35c5-4dc5-b717-e85ea6fbfba5 26fe551495e348f594bc974560f23e7e 5e7bbc46f3c74301beae88e9a6da1c92 - - default default] Floating IP 53eaeabf-bc7b-4246-a73a-28a754bd9465 associated. External IP: 10.96.250.216, port: 5708e72a-97ed-4b80-b2ed-d665ab9a2f0b.
2026-05-11 06:50:23.684 9 INFO neutron.db.ovn_revision_numbers_db [None req-a3eebba8-35c5-4dc5-b717-e85ea6fbfba5 26fe551495e348f594bc974560f23e7e 5e7bbc46f3c74301beae88e9a6da1c92 - - default default] Successfully bumped revision number for resource 53eaeabf-bc7b-4246-a73a-28a754bd9465 (type: floatingips) to 0
2026-05-11 06:50:23.800 9 INFO neutron.db.ovn_revision_numbers_db [None req-a3eebba8-35c5-4dc5-b717-e85ea6fbfba5 26fe551495e348f594bc974560f23e7e 5e7bbc46f3c74301beae88e9a6da1c92 - - default default] Successfully bumped revision number for resource 53eaeabf-bc7b-4246-a73a-28a754bd9465 (type: floatingips) to 1
2026-05-11 06:50:23.847 9 INFO neutron.wsgi [None req-a3eebba8-35c5-4dc5-b717-e85ea6fbfba5 26fe551495e348f594bc974560f23e7e 5e7bbc46f3c74301beae88e9a6da1c92 - - default default] 10.0.0.246 "POST /v2.0/floatingips HTTP/1.1" status: 201 len: 1054 time: 1.0878799
2026-05-11 06:50:23.989 9 INFO neutron.wsgi [req-fbaa20de-4175-4bfb-a1b5-e520fb888bc8 req-6429c154-294e-425e-a323-aa2fc2c47d99 26fe551495e348f594bc974560f23e7e 5e7bbc46f3c74301beae88e9a6da1c92 - - default default] 10.0.0.248 "GET /v2.0/security-groups?name=tempest-lb_member_SG-163403170&fields=id&tenant_id=5e7bbc46f3c74301beae88e9a6da1c92 HTTP/1.1" status: 200 len: 267 time: 0.0535867
2026-05-11 06:50:24.069 9 INFO neutron.wsgi [req-fbaa20de-4175-4bfb-a1b5-e520fb888bc8 req-82f183e6-c12c-4bac-8d41-700b03001535 26fe551495e348f594bc974560f23e7e 5e7bbc46f3c74301beae88e9a6da1c92 - - default default] 10.0.0.248 "GET /v2.0/networks?id=22b8d26f-8ec1-4ee8-9012-d0e1d8ec1674 HTTP/1.1" status: 200 len: 904 time: 0.0732048
2026-05-11 06:50:24.087 9 INFO neutron.wsgi [req-fbaa20de-4175-4bfb-a1b5-e520fb888bc8 req-bb487a10-d9e7-4a82-9da2-4de3bc4f3a5a 26fe551495e348f594bc974560f23e7e 5e7bbc46f3c74301beae88e9a6da1c92 - - default default] 10.0.0.248 "GET /v2.0/quotas/5e7bbc46f3c74301beae88e9a6da1c92 HTTP/1.1" status: 200 len: 386 time: 0.0113628
2026-05-11 06:50:24.248 9 INFO neutron.wsgi [req-fbaa20de-4175-4bfb-a1b5-e520fb888bc8 req-3a340d1e-24e5-48fd-9db5-eb5576a48945 26fe551495e348f594bc974560f23e7e 5e7bbc46f3c74301beae88e9a6da1c92 - - default default] 10.0.0.248 "GET /v2.0/ports?tenant_id=5e7bbc46f3c74301beae88e9a6da1c92&fields=id HTTP/1.1" status: 200 len: 532 time: 0.1532063
2026-05-11 06:50:24.330 9 INFO neutron.wsgi [req-fbaa20de-4175-4bfb-a1b5-e520fb888bc8 req-1c4c32cd-0cb1-4afc-9357-e9e53a7916ef dc0236e32fdd4858bcc32f250aaf05ce 79ce8942d243454cbf729108076aebf2 - - 78055b8278ed499887689ee8ce2879fc 78055b8278ed499887689ee8ce2879fc] 10.0.0.248 "GET /v2.0/networks/22b8d26f-8ec1-4ee8-9012-d0e1d8ec1674?fields=segments HTTP/1.1" status: 200 len: 212 time: 0.0680988
2026-05-11 06:50:24.398 9 INFO neutron.wsgi [req-fbaa20de-4175-4bfb-a1b5-e520fb888bc8 req-f07cb5c5-9bb8-468c-bd9b-b8108f1b5622 dc0236e32fdd4858bcc32f250aaf05ce 79ce8942d243454cbf729108076aebf2 - - 78055b8278ed499887689ee8ce2879fc 78055b8278ed499887689ee8ce2879fc] 10.0.0.248 "GET /v2.0/networks/22b8d26f-8ec1-4ee8-9012-d0e1d8ec1674?fields=provider%3Aphysical_network&fields=provider%3Anetwork_type HTTP/1.1" status: 200 len: 277 time: 0.0599523
2026-05-11 06:50:24.575 9 INFO neutron.wsgi [req-52af1591-fa01-4857-bb09-d8282aedf984 req-792fd5c7-7a99-4600-912c-72a10ced6dde 26fe551495e348f594bc974560f23e7e 5e7bbc46f3c74301beae88e9a6da1c92 - - default default] 10.0.0.248 "GET /v2.0/ports?device_id=4431f06c-10cd-434d-96ce-390a868ca030 HTTP/1.1" status: 200 len: 210 time: 0.0244200
2026-05-11 06:50:25.054 9 INFO neutron.notifiers.nova [-] Nova event matching ['req-4db2ad60-30df-46ee-a612-4cd1d98cbd08'] response: {'name': 'network-changed', 'server_uuid': 'ac381820-0131-4d0d-8de1-51cd05ae1ecc', 'tag': '5708e72a-97ed-4b80-b2ed-d665ab9a2f0b', 'status': 'completed', 'code': 200} /var/lib/openstack/lib/python3.10/site-packages/pycadf/identifier.py:71: UserWarning: Invalid uuid: neutron. To ensure interoperability, identifiers should be a valid uuid. warnings.warn(('Invalid uuid: %s. To ensure interoperability, '
2026-05-11 06:50:25.123 10 INFO neutron.wsgi [req-4cc6ab29-6bb7-40cc-94af-d557242147be req-7950e63b-e5aa-4457-bcdf-aee8b1a8bf45 dc0236e32fdd4858bcc32f250aaf05ce 79ce8942d243454cbf729108076aebf2 - - 78055b8278ed499887689ee8ce2879fc 78055b8278ed499887689ee8ce2879fc] 199.204.45.222 "GET /v2.0/ports?tenant_id=5e7bbc46f3c74301beae88e9a6da1c92&device_id=ac381820-0131-4d0d-8de1-51cd05ae1ecc HTTP/1.1" status: 200 len: 1638 time: 0.0374343
2026-05-11 06:50:25.198 10 INFO neutron.wsgi [req-4cc6ab29-6bb7-40cc-94af-d557242147be req-f7703b4c-be9b-4543-a491-9fafa743258e dc0236e32fdd4858bcc32f250aaf05ce 79ce8942d243454cbf729108076aebf2 - - 78055b8278ed499887689ee8ce2879fc 78055b8278ed499887689ee8ce2879fc] 199.204.45.222 "GET /v2.0/networks?id=e2f56000-e8fc-4be8-9a00-48d9961265b1 HTTP/1.1" status: 200 len: 1003 time: 0.0702646
2026-05-11 06:50:25.257 10 INFO neutron.wsgi [req-4cc6ab29-6bb7-40cc-94af-d557242147be req-f5814d42-ef40-4da4-83a3-e920fa48bf6c dc0236e32fdd4858bcc32f250aaf05ce 79ce8942d243454cbf729108076aebf2 - - 78055b8278ed499887689ee8ce2879fc 78055b8278ed499887689ee8ce2879fc] 199.204.45.222 "GET /v2.0/floatingips?fixed_ip_address=10.2.1.238&port_id=5708e72a-97ed-4b80-b2ed-d665ab9a2f0b HTTP/1.1" status: 200 len: 1059 time: 0.0518849
2026-05-11 06:50:25.290 10 INFO neutron.wsgi [req-4cc6ab29-6bb7-40cc-94af-d557242147be req-1feab083-cb40-4d71-a061-5c59749da6bf dc0236e32fdd4858bcc32f250aaf05ce 79ce8942d243454cbf729108076aebf2 - - 78055b8278ed499887689ee8ce2879fc 78055b8278ed499887689ee8ce2879fc] 199.204.45.222 "GET /v2.0/floatingips?fixed_ip_address=fd7b%3Af9f7%3Afff%3A4eca%3A%3A2ca&port_id=5708e72a-97ed-4b80-b2ed-d665ab9a2f0b HTTP/1.1" status: 200 len: 217 time: 0.0261598
2026-05-11 06:50:25.297 9 INFO neutron.wsgi [req-fbaa20de-4175-4bfb-a1b5-e520fb888bc8 req-f4aaea9d-ead3-4407-ae6a-922c992afeab 26fe551495e348f594bc974560f23e7e 5e7bbc46f3c74301beae88e9a6da1c92 - - default default] 199.204.45.222 "GET /v2.0/networks?id=22b8d26f-8ec1-4ee8-9012-d0e1d8ec1674 HTTP/1.1" status: 200 len: 904 time: 0.0846887
2026-05-11 06:50:25.337 10 INFO neutron.wsgi [req-4cc6ab29-6bb7-40cc-94af-d557242147be req-bfa8207a-07d8-41ec-9e89-98a72690c938 dc0236e32fdd4858bcc32f250aaf05ce 79ce8942d243454cbf729108076aebf2 - - 78055b8278ed499887689ee8ce2879fc 78055b8278ed499887689ee8ce2879fc] 199.204.45.222 "GET /v2.0/subnets?id=e04ea118-0071-4a6f-9528-4ab3f1118415&id=353536ab-f398-4048-b021-ceefec223689 HTTP/1.1" status: 200 len: 1562 time: 0.0339181
2026-05-11 06:50:25.361 10 INFO neutron.wsgi [req-4cc6ab29-6bb7-40cc-94af-d557242147be req-c1cb1dc5-8c6b-4359-a6b1-5db40ab1232f dc0236e32fdd4858bcc32f250aaf05ce 79ce8942d243454cbf729108076aebf2 - - 78055b8278ed499887689ee8ce2879fc 78055b8278ed499887689ee8ce2879fc] 199.204.45.222 "GET /v2.0/ports?network_id=e2f56000-e8fc-4be8-9a00-48d9961265b1&device_owner=network%3Adhcp HTTP/1.1" status: 200 len: 210 time: 0.0184186
2026-05-11 06:50:25.363 9 INFO neutron.wsgi [req-fbaa20de-4175-4bfb-a1b5-e520fb888bc8 req-1d473f1b-79b3-4f2b-bce1-531e4e317aba 26fe551495e348f594bc974560f23e7e 5e7bbc46f3c74301beae88e9a6da1c92 - - default default] 199.204.45.222 "GET /v2.0/security-groups?fields=id&fields=name&tenant_id=5e7bbc46f3c74301beae88e9a6da1c92 HTTP/1.1" status: 200 len: 377 time: 0.0600414
2026-05-11 06:50:25.408 10 INFO neutron.wsgi [req-4cc6ab29-6bb7-40cc-94af-d557242147be req-0e6833fe-cb34-45bf-916a-4d04f01b1a6c dc0236e32fdd4858bcc32f250aaf05ce 79ce8942d243454cbf729108076aebf2 - - 78055b8278ed499887689ee8ce2879fc 78055b8278ed499887689ee8ce2879fc] 199.204.45.222 "GET /v2.0/ports?network_id=e2f56000-e8fc-4be8-9a00-48d9961265b1&device_owner=network%3Adhcp HTTP/1.1" status: 200 len: 210 time: 0.0361950
2026-05-11 06:50:25.492 10 INFO neutron.wsgi [req-4cc6ab29-6bb7-40cc-94af-d557242147be req-cf3e7d98-7594-42a7-a9e6-bbc747bef029 dc0236e32fdd4858bcc32f250aaf05ce 79ce8942d243454cbf729108076aebf2 - - 78055b8278ed499887689ee8ce2879fc 78055b8278ed499887689ee8ce2879fc] 199.204.45.222 "GET /v2.0/networks/e2f56000-e8fc-4be8-9a00-48d9961265b1?fields=segments HTTP/1.1" status: 200 len: 212 time: 0.0765994
2026-05-11 06:50:25.570 10 INFO neutron.wsgi [req-4cc6ab29-6bb7-40cc-94af-d557242147be req-b80c7712-8fb5-4118-b3fa-a8a596dcb2e1 dc0236e32fdd4858bcc32f250aaf05ce 79ce8942d243454cbf729108076aebf2 - - 78055b8278ed499887689ee8ce2879fc 78055b8278ed499887689ee8ce2879fc] 199.204.45.222 "GET /v2.0/networks/e2f56000-e8fc-4be8-9a00-48d9961265b1?fields=provider%3Aphysical_network&fields=provider%3Anetwork_type HTTP/1.1" status: 200 len: 277 time: 0.0698998
2026-05-11 06:50:25.753 9 WARNING neutron.scheduler.dhcp_agent_scheduler [req-fbaa20de-4175-4bfb-a1b5-e520fb888bc8 req-836b8080-a902-4b0d-a002-639309f7723b 26fe551495e348f594bc974560f23e7e 5e7bbc46f3c74301beae88e9a6da1c92 - - default default] No more DHCP agents
2026-05-11 06:50:25.755 9 WARNING neutron.api.rpc.agentnotifiers.dhcp_rpc_agent_api [req-fbaa20de-4175-4bfb-a1b5-e520fb888bc8 req-836b8080-a902-4b0d-a002-639309f7723b 26fe551495e348f594bc974560f23e7e 5e7bbc46f3c74301beae88e9a6da1c92 - - default default] Unable to schedule network 22b8d26f-8ec1-4ee8-9012-d0e1d8ec1674: no agents available; will retry on subsequent port and subnet creation events.
2026-05-11 06:50:25.923 9 INFO neutron.db.ovn_revision_numbers_db [req-fbaa20de-4175-4bfb-a1b5-e520fb888bc8 req-836b8080-a902-4b0d-a002-639309f7723b 26fe551495e348f594bc974560f23e7e 5e7bbc46f3c74301beae88e9a6da1c92 - - default default] Successfully bumped revision number for resource 707adab3-37df-4c61-8762-2f554450cd7a (type: ports) to 1
2026-05-11 06:50:25.946 9 INFO neutron.wsgi [req-fbaa20de-4175-4bfb-a1b5-e520fb888bc8 req-836b8080-a902-4b0d-a002-639309f7723b 26fe551495e348f594bc974560f23e7e 5e7bbc46f3c74301beae88e9a6da1c92 - - default default] 199.204.45.222 "POST /v2.0/ports HTTP/1.1" status: 201 len: 1392 time: 0.5584676 /var/lib/openstack/lib/python3.10/site-packages/pycadf/identifier.py:71: UserWarning: Invalid uuid: neutron. To ensure interoperability, identifiers should be a valid uuid. warnings.warn(('Invalid uuid: %s. To ensure interoperability, '
2026-05-11 06:50:26.425 9 INFO neutron.db.ovn_revision_numbers_db [req-fbaa20de-4175-4bfb-a1b5-e520fb888bc8 req-96977984-fee4-4931-8dc3-27bbeb3fce07 dc0236e32fdd4858bcc32f250aaf05ce 79ce8942d243454cbf729108076aebf2 - - 78055b8278ed499887689ee8ce2879fc 78055b8278ed499887689ee8ce2879fc] Successfully bumped revision number for resource 707adab3-37df-4c61-8762-2f554450cd7a (type: ports) to 2
2026-05-11 06:50:26.638 9 INFO neutron.db.ovn_revision_numbers_db [req-fbaa20de-4175-4bfb-a1b5-e520fb888bc8 req-96977984-fee4-4931-8dc3-27bbeb3fce07 dc0236e32fdd4858bcc32f250aaf05ce 79ce8942d243454cbf729108076aebf2 - - 78055b8278ed499887689ee8ce2879fc 78055b8278ed499887689ee8ce2879fc] Successfully bumped revision number for resource 707adab3-37df-4c61-8762-2f554450cd7a (type: ports) to 2
2026-05-11 06:50:26.660 9 INFO neutron.wsgi [req-fbaa20de-4175-4bfb-a1b5-e520fb888bc8 req-96977984-fee4-4931-8dc3-27bbeb3fce07 dc0236e32fdd4858bcc32f250aaf05ce 79ce8942d243454cbf729108076aebf2 - - 78055b8278ed499887689ee8ce2879fc 78055b8278ed499887689ee8ce2879fc] 199.204.45.222 "PUT /v2.0/ports/707adab3-37df-4c61-8762-2f554450cd7a HTTP/1.1" status: 200 len: 1609 time: 0.7052550 /var/lib/openstack/lib/python3.10/site-packages/pycadf/identifier.py:71: UserWarning: Invalid uuid: neutron. To ensure interoperability, identifiers should be a valid uuid. warnings.warn(('Invalid uuid: %s. To ensure interoperability, '
2026-05-11 06:50:26.745 9 INFO neutron.wsgi [req-fbaa20de-4175-4bfb-a1b5-e520fb888bc8 req-b56d05e2-0d15-4ab9-9945-a9a69d87a216 dc0236e32fdd4858bcc32f250aaf05ce 79ce8942d243454cbf729108076aebf2 - - 78055b8278ed499887689ee8ce2879fc 78055b8278ed499887689ee8ce2879fc] 199.204.45.222 "GET /v2.0/ports?tenant_id=5e7bbc46f3c74301beae88e9a6da1c92&device_id=4431f06c-10cd-434d-96ce-390a868ca030 HTTP/1.1" status: 200 len: 1640 time: 0.0499156
2026-05-11 06:50:26.784 9 INFO neutron.wsgi [req-fbaa20de-4175-4bfb-a1b5-e520fb888bc8 req-a18c4eba-1367-4138-8141-43cc8fe35293 dc0236e32fdd4858bcc32f250aaf05ce 79ce8942d243454cbf729108076aebf2 - - 78055b8278ed499887689ee8ce2879fc 78055b8278ed499887689ee8ce2879fc] 199.204.45.222 "GET /v2.0/floatingips?fixed_ip_address=10.2.2.103&port_id=707adab3-37df-4c61-8762-2f554450cd7a HTTP/1.1" status: 200 len: 217 time: 0.0332789
2026-05-11 06:50:26.809 9 INFO neutron.wsgi [req-fbaa20de-4175-4bfb-a1b5-e520fb888bc8 req-5d8b9aec-e20b-4515-9659-d78c747616af dc0236e32fdd4858bcc32f250aaf05ce 79ce8942d243454cbf729108076aebf2 - - 78055b8278ed499887689ee8ce2879fc 78055b8278ed499887689ee8ce2879fc] 199.204.45.222 "GET /v2.0/floatingips?fixed_ip_address=fd77%3A1457%3A4cf0%3A26a8%3A%3A3c6&port_id=707adab3-37df-4c61-8762-2f554450cd7a HTTP/1.1" status: 200 len: 217 time: 0.0209272
2026-05-11 06:50:26.853 9 INFO neutron.wsgi [req-fbaa20de-4175-4bfb-a1b5-e520fb888bc8 req-44cc4421-0496-4320-8ab0-7933e4a225e4 dc0236e32fdd4858bcc32f250aaf05ce 79ce8942d243454cbf729108076aebf2 - - 78055b8278ed499887689ee8ce2879fc 78055b8278ed499887689ee8ce2879fc] 199.204.45.222 "GET /v2.0/subnets?id=f6a3eef2-f516-4482-9553-1ad0e81bd159&id=3c5e9da6-3300-4a24-95e6-a68e4d877e95 HTTP/1.1" status: 200 len: 1567 time: 0.0384583
2026-05-11 06:50:26.900 9 INFO neutron.wsgi [req-fbaa20de-4175-4bfb-a1b5-e520fb888bc8 req-a2ca2e1e-4a2d-4d9e-857c-69a57810603b dc0236e32fdd4858bcc32f250aaf05ce 79ce8942d243454cbf729108076aebf2 - - 78055b8278ed499887689ee8ce2879fc 78055b8278ed499887689ee8ce2879fc] 199.204.45.222 "GET /v2.0/ports?network_id=22b8d26f-8ec1-4ee8-9012-d0e1d8ec1674&device_owner=network%3Adhcp HTTP/1.1" status: 200 len: 210 time: 0.0361373
2026-05-11 06:50:26.941 9 INFO neutron.wsgi [req-fbaa20de-4175-4bfb-a1b5-e520fb888bc8 req-35e14042-f0ad-4e57-9044-1ba0cf4b937e dc0236e32fdd4858bcc32f250aaf05ce 79ce8942d243454cbf729108076aebf2 - - 78055b8278ed499887689ee8ce2879fc 78055b8278ed499887689ee8ce2879fc] 199.204.45.222 "GET /v2.0/ports?network_id=22b8d26f-8ec1-4ee8-9012-d0e1d8ec1674&device_owner=network%3Adhcp HTTP/1.1" status: 200 len: 210 time: 0.0308254
2026-05-11 06:50:27.013 9 INFO neutron.wsgi [req-fbaa20de-4175-4bfb-a1b5-e520fb888bc8 req-10564637-7e32-4cd4-bbb5-43d7453f9481 dc0236e32fdd4858bcc32f250aaf05ce 79ce8942d243454cbf729108076aebf2 - - 78055b8278ed499887689ee8ce2879fc 78055b8278ed499887689ee8ce2879fc] 199.204.45.222 "GET /v2.0/networks/22b8d26f-8ec1-4ee8-9012-d0e1d8ec1674?fields=segments HTTP/1.1" status: 200 len: 212 time: 0.0632608
2026-05-11 06:50:27.088 9 INFO neutron.wsgi [req-fbaa20de-4175-4bfb-a1b5-e520fb888bc8 req-43f11189-1a1e-48e6-9296-4359fd1823bd dc0236e32fdd4858bcc32f250aaf05ce 79ce8942d243454cbf729108076aebf2 - - 78055b8278ed499887689ee8ce2879fc 78055b8278ed499887689ee8ce2879fc] 199.204.45.222 "GET /v2.0/networks/22b8d26f-8ec1-4ee8-9012-d0e1d8ec1674?fields=provider%3Aphysical_network&fields=provider%3Anetwork_type HTTP/1.1" status: 200 len: 277 time: 0.0696840
2026-05-11 06:50:27.108 9 INFO neutron.notifiers.nova [-] Nova event matching ['req-e346e3ca-b726-4e88-8a73-31c4587b9ff3'] response: {'name': 'network-changed', 'server_uuid': '4431f06c-10cd-434d-96ce-390a868ca030', 'tag': '707adab3-37df-4c61-8762-2f554450cd7a', 'status': 'completed', 'code': 200}
2026-05-11 06:50:27.178 9 INFO neutron.wsgi [req-b1ff498c-1471-4c75-b105-6b71264f56ef req-6eb0d56e-4c04-4561-8630-428c17bb7964 dc0236e32fdd4858bcc32f250aaf05ce 79ce8942d243454cbf729108076aebf2 - - 78055b8278ed499887689ee8ce2879fc 78055b8278ed499887689ee8ce2879fc] 199.204.45.222 "GET /v2.0/ports?tenant_id=5e7bbc46f3c74301beae88e9a6da1c92&device_id=4431f06c-10cd-434d-96ce-390a868ca030 HTTP/1.1" status: 200 len: 1640 time: 0.0407026
2026-05-11 06:50:27.306 9 INFO neutron.wsgi [req-b1ff498c-1471-4c75-b105-6b71264f56ef req-94cc833e-b4d3-4d92-9058-1cf2b2c25b21 dc0236e32fdd4858bcc32f250aaf05ce 79ce8942d243454cbf729108076aebf2 - - 78055b8278ed499887689ee8ce2879fc 78055b8278ed499887689ee8ce2879fc] 199.204.45.222 "GET /v2.0/networks?id=22b8d26f-8ec1-4ee8-9012-d0e1d8ec1674 HTTP/1.1" status: 200 len: 1003 time: 0.1124270
2026-05-11 06:50:27.352 10 INFO neutron.plugins.ml2.drivers.ovn.mech_driver.mech_driver [None req-dd688fe9-a96b-48d8-a36e-17e18e12d768 - - - - - -] OVN reports status up for port: 707adab3-37df-4c61-8762-2f554450cd7a
2026-05-11 06:50:27.363 10 INFO neutron.plugins.ml2.plugin [None req-dd688fe9-a96b-48d8-a36e-17e18e12d768 - - - - - -] Attempt 1 to provision port 707adab3-37df-4c61-8762-2f554450cd7a
2026-05-11 06:50:27.364 9 INFO neutron.wsgi [req-b1ff498c-1471-4c75-b105-6b71264f56ef req-17a44054-8709-44e5-9746-d3d882082ae7 dc0236e32fdd4858bcc32f250aaf05ce 79ce8942d243454cbf729108076aebf2 - - 78055b8278ed499887689ee8ce2879fc 78055b8278ed499887689ee8ce2879fc] 199.204.45.222 "GET /v2.0/floatingips?fixed_ip_address=10.2.2.103&port_id=707adab3-37df-4c61-8762-2f554450cd7a HTTP/1.1" status: 200 len: 217 time: 0.0486634
2026-05-11 06:50:27.394 10 INFO neutron.wsgi [-] 10.0.0.247 "GET / HTTP/1.1" status: 200 len: 247 time: 0.0014837
2026-05-11 06:50:27.396 10 INFO neutron.wsgi [-] 10.0.0.247 "GET / HTTP/1.1" status: 200 len: 247 time: 0.0014815
2026-05-11 06:50:27.408 9 INFO neutron.wsgi [req-b1ff498c-1471-4c75-b105-6b71264f56ef req-7b137bb7-6a45-4ca8-acfe-a3b07e4fdfa6 dc0236e32fdd4858bcc32f250aaf05ce 79ce8942d243454cbf729108076aebf2 - - 78055b8278ed499887689ee8ce2879fc 78055b8278ed499887689ee8ce2879fc] 199.204.45.222 "GET /v2.0/floatingips?fixed_ip_address=fd77%3A1457%3A4cf0%3A26a8%3A%3A3c6&port_id=707adab3-37df-4c61-8762-2f554450cd7a HTTP/1.1" status: 200 len: 217 time: 0.0306499
2026-05-11 06:50:27.457 9 INFO neutron.wsgi [req-b1ff498c-1471-4c75-b105-6b71264f56ef req-5f2d2e95-542c-4ec5-a5f8-421e9d0c8f1d dc0236e32fdd4858bcc32f250aaf05ce 79ce8942d243454cbf729108076aebf2 - - 78055b8278ed499887689ee8ce2879fc 78055b8278ed499887689ee8ce2879fc] 199.204.45.222 "GET /v2.0/subnets?id=f6a3eef2-f516-4482-9553-1ad0e81bd159&id=3c5e9da6-3300-4a24-95e6-a68e4d877e95 HTTP/1.1" status: 200 len: 1567 time: 0.0409694
2026-05-11 06:50:27.494 9 INFO neutron.wsgi [req-b1ff498c-1471-4c75-b105-6b71264f56ef req-57bb0612-4d92-4132-86ac-22b82f08f647 dc0236e32fdd4858bcc32f250aaf05ce 79ce8942d243454cbf729108076aebf2 - - 78055b8278ed499887689ee8ce2879fc 78055b8278ed499887689ee8ce2879fc] 199.204.45.222 "GET /v2.0/ports?network_id=22b8d26f-8ec1-4ee8-9012-d0e1d8ec1674&device_owner=network%3Adhcp HTTP/1.1" status: 200 len: 210 time: 0.0300727
2026-05-11 06:50:27.541 9 INFO neutron.wsgi [req-b1ff498c-1471-4c75-b105-6b71264f56ef req-d37d61ff-2dbf-4141-9b88-d744c3b41b36 dc0236e32fdd4858bcc32f250aaf05ce 79ce8942d243454cbf729108076aebf2 - - 78055b8278ed499887689ee8ce2879fc 78055b8278ed499887689ee8ce2879fc] 199.204.45.222 "GET /v2.0/ports?network_id=22b8d26f-8ec1-4ee8-9012-d0e1d8ec1674&device_owner=network%3Adhcp HTTP/1.1" status: 200 len: 210 time: 0.0342011
2026-05-11 06:50:27.541 10 INFO neutron.notifiers.nova [-] Nova event matching ['req-ac57739a-e628-4601-8dc4-c1af1458833f'] response: {'server_uuid': '4431f06c-10cd-434d-96ce-390a868ca030', 'name': 'network-vif-plugged', 'status': 'completed', 'tag': '707adab3-37df-4c61-8762-2f554450cd7a', 'code': 200}
2026-05-11 06:50:27.721 9 INFO neutron.wsgi [req-b1ff498c-1471-4c75-b105-6b71264f56ef req-c78d4bb5-6dfa-42cb-b30e-9e4bc3b00aeb dc0236e32fdd4858bcc32f250aaf05ce 79ce8942d243454cbf729108076aebf2 - - 78055b8278ed499887689ee8ce2879fc 78055b8278ed499887689ee8ce2879fc] 199.204.45.222 "GET /v2.0/networks/22b8d26f-8ec1-4ee8-9012-d0e1d8ec1674?fields=segments HTTP/1.1" status: 200 len: 212 time: 0.1541078
2026-05-11 06:50:27.803 9 INFO neutron.wsgi [req-b1ff498c-1471-4c75-b105-6b71264f56ef req-ac103163-6ac3-471e-9fc2-563f7b343959 dc0236e32fdd4858bcc32f250aaf05ce 79ce8942d243454cbf729108076aebf2 - - 78055b8278ed499887689ee8ce2879fc 78055b8278ed499887689ee8ce2879fc] 199.204.45.222 "GET /v2.0/networks/22b8d26f-8ec1-4ee8-9012-d0e1d8ec1674?fields=provider%3Aphysical_network&fields=provider%3Anetwork_type HTTP/1.1" status: 200 len: 277 time: 0.0600314
2026-05-11 06:50:28.001 9 INFO neutron.wsgi [None req-b17f553e-8b70-4ad9-876d-2ca644bb0176 3dbc1b5d207e406994f66671d8e10c0a 9655681397334d62bdb211579970dfaa - - default default] 10.0.0.246 "POST /v2.0/qos/policies HTTP/1.1" status: 201 len: 558 time: 0.3252983
2026-05-11 06:50:28.055 9 INFO neutron.wsgi [None req-aad89673-a0b0-4711-8e26-38c502172476 3dbc1b5d207e406994f66671d8e10c0a 9655681397334d62bdb211579970dfaa - - default default] 10.0.0.246 "POST /v2.0/qos/policies HTTP/1.1" status: 201 len: 558 time: 0.0487261
2026-05-11 06:50:28.131 10 INFO neutron.db.ovn_revision_numbers_db [None req-dd688fe9-a96b-48d8-a36e-17e18e12d768 - - - - - -] Successfully bumped revision number for resource 707adab3-37df-4c61-8762-2f554450cd7a (type: ports) to 4
2026-05-11 06:50:28.165 10 INFO neutron.wsgi [None req-c7b321c6-87c4-4d14-bf67-0f1defa09daa 3dbc1b5d207e406994f66671d8e10c0a 9655681397334d62bdb211579970dfaa - - default default] 10.0.0.246 "POST /v2.0/qos/policies HTTP/1.1" status: 201 len: 558 time: 0.1042740
2026-05-11 06:50:28.220 9 INFO neutron.wsgi [None req-a1a1a8db-fc98-48f3-920e-b2ed18649fcf 3dbc1b5d207e406994f66671d8e10c0a 9655681397334d62bdb211579970dfaa - - default default] 10.0.0.246 "POST /v2.0/qos/policies HTTP/1.1" status: 201 len: 558 time: 0.0490994
2026-05-11 06:50:28.266 9 INFO neutron.wsgi [None req-95159bb6-c5de-4580-9e1e-8154840cc566 3dbc1b5d207e406994f66671d8e10c0a 9655681397334d62bdb211579970dfaa - - default default] 10.0.0.246 "POST /v2.0/qos/policies HTTP/1.1" status: 201 len: 558 time: 0.0404816
2026-05-11 06:50:28.301 9 INFO neutron.wsgi [None req-6bc7b1d4-5b73-4551-972e-3634e5616446 3dbc1b5d207e406994f66671d8e10c0a 9655681397334d62bdb211579970dfaa - - default default] 10.0.0.246 "PUT /v2.0/policies/1ac486f4-2f10-404e-a646-393ad554ab86/tags HTTP/1.1" status: 200 len: 210 time: 0.0300326
2026-05-11 06:50:28.338 9 INFO neutron.wsgi [None req-b9b63fd7-4f72-48ba-a1ee-e148b90953a3 3dbc1b5d207e406994f66671d8e10c0a 9655681397334d62bdb211579970dfaa - - default default] 10.0.0.246 "PUT /v2.0/policies/309474ef-01f9-439d-a354-c8c39b68be70/tags HTTP/1.1" status: 200 len: 218 time: 0.0314949
2026-05-11 06:50:28.373 9 INFO neutron.wsgi [None req-baf817cc-d396-48c1-9d1a-f05f0102179d 3dbc1b5d207e406994f66671d8e10c0a 9655681397334d62bdb211579970dfaa - - default default] 10.0.0.246 "PUT /v2.0/policies/2248a135-e5ae-47e4-b6f0-62189bd4fff0/tags HTTP/1.1" status: 200 len: 227 time: 0.0301843
2026-05-11 06:50:28.407 9 INFO neutron.wsgi [None req-00b4166d-0286-44a2-aae0-fc29074e18f0 3dbc1b5d207e406994f66671d8e10c0a 9655681397334d62bdb211579970dfaa - - default default] 10.0.0.246 "PUT /v2.0/policies/97a53276-8a3e-4627-be6d-eabdecfc8448/tags HTTP/1.1" status: 200 len: 212 time: 0.0274830
2026-05-11 06:50:28.895 9 INFO neutron.wsgi [None req-1dbb9595-3429-4e79-a033-b13db0dc88c8 a601b5293ec3477bac5caf8fa33ef934 0c4497cea2534374bd941839f2450c76 - - default default] 10.0.0.246 "GET /v2.0/qos/policies?tags=red HTTP/1.1" status: 200 len: 1296 time: 0.1136322
2026-05-11 06:50:28.962 9 INFO neutron.wsgi [None req-3dca64f2-9e4a-44ae-a45c-8c665613f161 a601b5293ec3477bac5caf8fa33ef934 0c4497cea2534374bd941839f2450c76 - - default default] 10.0.0.246 "GET /v2.0/qos/policies?tags=red%2Cblue HTTP/1.1" status: 200 len: 941 time: 0.0616853
2026-05-11 06:50:29.022 9 INFO neutron.wsgi [None req-56c989d1-7d05-4608-a11b-2261e30c155e a601b5293ec3477bac5caf8fa33ef934 0c4497cea2534374bd941839f2450c76 - - default default] 10.0.0.246 "GET /v2.0/qos/policies?tags-any=blue HTTP/1.1" status: 200 len: 941 time: 0.0553617
2026-05-11 06:50:29.109 9 INFO neutron.wsgi [None req-56115603-8673-49ed-9fb0-50bde19c76ac a601b5293ec3477bac5caf8fa33ef934 0c4497cea2534374bd941839f2450c76 - - default default] 10.0.0.246 "GET /v2.0/qos/policies?tags-any=red%2Cblue HTTP/1.1" status: 200 len: 1296 time: 0.0816488
2026-05-11 06:50:29.195 9 INFO neutron.wsgi [None req-61353d3b-fe6e-4862-9875-379a2e09e4f2 a601b5293ec3477bac5caf8fa33ef934 0c4497cea2534374bd941839f2450c76 - - default default] 10.0.0.246 "GET /v2.0/qos/policies?not-tags=red HTTP/1.1" status: 200 len: 913 time: 0.0821960
2026-05-11 06:50:29.272 9 INFO neutron.wsgi [None req-f8fad834-75d2-455b-a838-bc64cf7bcccc a601b5293ec3477bac5caf8fa33ef934 0c4497cea2534374bd941839f2450c76 - - default default] 10.0.0.246 "GET /v2.0/qos/policies?not-tags=red%2Cblue HTTP/1.1" status: 200 len: 1268 time: 0.0708144
2026-05-11 06:50:29.349 9 INFO neutron.wsgi [None req-9e34cf53-6e76-491f-8c44-b723072c6c24 a601b5293ec3477bac5caf8fa33ef934 0c4497cea2534374bd941839f2450c76 - - default default] 10.0.0.246 "GET /v2.0/qos/policies?not-tags-any=blue HTTP/1.1" status: 200 len: 1268 time: 0.0685916
2026-05-11 06:50:29.414 9 INFO neutron.wsgi [None req-7b751522-75c3-42e7-84a4-60cd95431296 a601b5293ec3477bac5caf8fa33ef934 0c4497cea2534374bd941839f2450c76 - - default default] 10.0.0.246 "GET /v2.0/qos/policies?not-tags-any=red%2Cblue HTTP/1.1" status: 200 len: 913 time: 0.0588772
2026-05-11 06:50:29.477 9 INFO neutron.wsgi [None req-8cac7c7b-b0ae-4e03-aa17-a552183d99fb 3dbc1b5d207e406994f66671d8e10c0a 9655681397334d62bdb211579970dfaa - - default default] 10.0.0.246 "DELETE /v2.0/qos/policies/1ac486f4-2f10-404e-a646-393ad554ab86 HTTP/1.1" status: 204 len: 168 time: 0.0553045
2026-05-11 06:50:29.536 9 INFO neutron.wsgi [None req-9d112fa8-baf2-434a-bc7d-a781c984ca99 3dbc1b5d207e406994f66671d8e10c0a 9655681397334d62bdb211579970dfaa - - default default] 10.0.0.246 "DELETE /v2.0/qos/policies/309474ef-01f9-439d-a354-c8c39b68be70 HTTP/1.1" status: 204 len: 168 time: 0.0528622
2026-05-11 06:50:29.579 10 INFO neutron.notifiers.nova [-] Nova event matching ['req-3d73f889-4dd5-4f33-a19c-e178500c08b3'] response: {'server_uuid': '4431f06c-10cd-434d-96ce-390a868ca030', 'name': 'network-vif-plugged', 'status': 'completed', 'tag': '707adab3-37df-4c61-8762-2f554450cd7a', 'code': 200}
2026-05-11 06:50:29.876 9 INFO neutron.wsgi [None req-d93a5e97-ae51-4c90-a352-4c713542095d 3dbc1b5d207e406994f66671d8e10c0a 9655681397334d62bdb211579970dfaa - - default default] 10.0.0.246 "DELETE /v2.0/qos/policies/2248a135-e5ae-47e4-b6f0-62189bd4fff0 HTTP/1.1" status: 204 len: 168 time: 0.3290200
2026-05-11 06:50:29.960 9 INFO neutron.wsgi [req-eb2b697b-1c4c-424d-8072-73cac3ecddf5 req-fbac09e2-cd09-4662-99ce-0075e8c2e284 26fe551495e348f594bc974560f23e7e 5e7bbc46f3c74301beae88e9a6da1c92 - - default default] 10.0.0.248 "GET /v2.0/ports?device_id=4431f06c-10cd-434d-96ce-390a868ca030 HTTP/1.1" status: 200 len: 1404 time: 0.1064453
2026-05-11 06:50:29.980 9 INFO neutron.wsgi [None req-20e50d0f-37ed-489d-b594-2d1d9b1c5248 3dbc1b5d207e406994f66671d8e10c0a 9655681397334d62bdb211579970dfaa - - default default] 10.0.0.246 "DELETE /v2.0/qos/policies/97a53276-8a3e-4627-be6d-eabdecfc8448 HTTP/1.1" status: 204 len: 168 time: 0.0992470 /var/lib/openstack/lib/python3.10/site-packages/pycadf/identifier.py:71: UserWarning: Invalid uuid: neutron. To ensure interoperability, identifiers should be a valid uuid. warnings.warn(('Invalid uuid: %s. To ensure interoperability, '
2026-05-11 06:50:30.011 9 INFO neutron.wsgi [req-eb2b697b-1c4c-424d-8072-73cac3ecddf5 req-80943902-bf5e-41d1-9c0e-ac9a8f84888b 26fe551495e348f594bc974560f23e7e 5e7bbc46f3c74301beae88e9a6da1c92 - - default default] 10.0.0.248 "GET /v2.0/security-groups?id=1c2e3a2c-9f7a-4f83-9859-7fece53cd72e&fields=id&fields=name HTTP/1.1" status: 200 len: 310 time: 0.0416007
2026-05-11 06:50:30.085 10 INFO neutron.wsgi [None req-0be7a7fe-083e-45e6-90da-521e186dd7fa 3dbc1b5d207e406994f66671d8e10c0a 9655681397334d62bdb211579970dfaa - - default default] 10.0.0.246 "DELETE /v2.0/qos/policies/1c5893d6-4fba-4dc4-899d-1abfcb83b2b8 HTTP/1.1" status: 204 len: 168 time: 0.0970879
2026-05-11 06:50:30.155 10 INFO neutron.wsgi [None req-54517e11-fd60-42d1-b0bf-ee1cf8c1a4e1 26fe551495e348f594bc974560f23e7e 5e7bbc46f3c74301beae88e9a6da1c92 - - default default] 10.0.0.246 "GET /v2.0/ports?network_id=22b8d26f-8ec1-4ee8-9012-d0e1d8ec1674&mac_address=fa%3A16%3A3e%3A4c%3A47%3A6e HTTP/1.1" status: 200 len: 1399 time: 0.1198497
2026-05-11 06:50:30.451 10 WARNING neutron.scheduler.dhcp_agent_scheduler [None req-ebf78742-aed7-485f-866a-985b295c3a5d 26fe551495e348f594bc974560f23e7e 5e7bbc46f3c74301beae88e9a6da1c92 - - default default] No more DHCP agents
2026-05-11 06:50:30.455 10 WARNING neutron.api.rpc.agentnotifiers.dhcp_rpc_agent_api [None req-ebf78742-aed7-485f-866a-985b295c3a5d 26fe551495e348f594bc974560f23e7e 5e7bbc46f3c74301beae88e9a6da1c92 - - default default] Unable to schedule network 1135f919-493e-418d-831d-9ad1dc8ea475: no agents available; will retry on subsequent port and subnet creation events.
2026-05-11 06:50:30.944 10 INFO neutron.db.l3_db [None req-ebf78742-aed7-485f-866a-985b295c3a5d 26fe551495e348f594bc974560f23e7e 5e7bbc46f3c74301beae88e9a6da1c92 - - default default] Floating IP 8fc25487-9a36-4fc4-acca-6a549279ec32 associated. External IP: 10.96.250.209, port: 707adab3-37df-4c61-8762-2f554450cd7a.
2026-05-11 06:50:31.256 10 INFO neutron.db.ovn_revision_numbers_db [None req-ebf78742-aed7-485f-866a-985b295c3a5d 26fe551495e348f594bc974560f23e7e 5e7bbc46f3c74301beae88e9a6da1c92 - - default default] Successfully bumped revision number for resource 8fc25487-9a36-4fc4-acca-6a549279ec32 (type: floatingips) to 0
2026-05-11 06:50:31.324 9 INFO neutron.db.ovn_revision_numbers_db [None req-93ee84fd-94e5-409b-b57a-c0cdefce56dd 8f11e13f652648618d8e2083f01bdc5a d561b5f6f80946029585bce87c82f0af - - default default] Successfully bumped revision number for resource b44cd5ee-aae3-4e4f-9570-e35ba1d11609 (type: security_groups) to 1
2026-05-11 06:50:31.342 9 INFO neutron.db.ovn_revision_numbers_db [None req-93ee84fd-94e5-409b-b57a-c0cdefce56dd 8f11e13f652648618d8e2083f01bdc5a d561b5f6f80946029585bce87c82f0af - - default default] Successfully bumped revision number for resource 30295d06-800e-4aae-87cf-c9e0f24345cd (type: security_group_rules) to 0
