2026-05-11 06:48:26.923 10 INFO neutron.db.ovn_revision_numbers_db [None req-dcb004bd-85ea-4df8-955c-bd6522f0e41e fea489e10a48459db1421a9a87639b89 3fca16368c484724b2dc2caa95ab55ba - - default default] Successfully bumped revision number for resource 647309b5-59b6-4967-986b-65ec4608474d (type: router_ports) to 1
2026-05-11 06:48:27.093 10 INFO neutron.db.ovn_revision_numbers_db [None req-dcb004bd-85ea-4df8-955c-bd6522f0e41e fea489e10a48459db1421a9a87639b89 3fca16368c484724b2dc2caa95ab55ba - - default default] Successfully bumped revision number for resource 647309b5-59b6-4967-986b-65ec4608474d (type: ports) to 1
2026-05-11 06:48:27.096 10 WARNING neutron.scheduler.dhcp_agent_scheduler [None req-ab835c24-0068-44a5-986a-21b02a828b46 b05a2671212b436494af2b4c6cd5c3d5 a47c59c52fe9430e8fdd769f6f5c37ac - - default default] No more DHCP agents
2026-05-11 06:48:27.100 10 WARNING neutron.api.rpc.agentnotifiers.dhcp_rpc_agent_api [None req-ab835c24-0068-44a5-986a-21b02a828b46 b05a2671212b436494af2b4c6cd5c3d5 a47c59c52fe9430e8fdd769f6f5c37ac - - default default] Unable to schedule network 54ffa434-c9c0-4c5a-ab72-cc9134a0bd81: no agents available; will retry on subsequent port and subnet creation events.
2026-05-11 06:48:27.113 9 INFO neutron.wsgi [None req-3fa6a429-2e7a-4585-9bdb-2aa8e9b56c8e 6ea99644f7284cb3ae306ff1e903e28f d44c0bd470de4c3b928ccec24de463a2 - - default default] 10.0.0.246 "DELETE /v2.0/subnets/0b8d6d40-c0f1-4f56-a571-8ea4b24987dd HTTP/1.1" status: 204 len: 168 time: 0.2699716
2026-05-11 06:48:27.238 10 WARNING neutron.scheduler.dhcp_agent_scheduler [None req-dcb004bd-85ea-4df8-955c-bd6522f0e41e fea489e10a48459db1421a9a87639b89 3fca16368c484724b2dc2caa95ab55ba - - default default] No more DHCP agents
2026-05-11 06:48:27.242 10 WARNING neutron.api.rpc.agentnotifiers.dhcp_rpc_agent_api [None req-dcb004bd-85ea-4df8-955c-bd6522f0e41e fea489e10a48459db1421a9a87639b89 3fca16368c484724b2dc2caa95ab55ba - - default default] Unable to schedule network 38a22d6f-3e9b-4378-b353-036650b455b6: no agents available; will retry on subsequent port and subnet creation events.
2026-05-11 06:48:27.252 10 INFO neutron.db.ovn_revision_numbers_db [None req-ab835c24-0068-44a5-986a-21b02a828b46 b05a2671212b436494af2b4c6cd5c3d5 a47c59c52fe9430e8fdd769f6f5c37ac - - default default] Successfully bumped revision number for resource e62088a4-0097-4876-8535-769be17aeff7 (type: ports) to 1
2026-05-11 06:48:27.257 9 INFO neutron.db.ovn_revision_numbers_db [None req-a8ebba4a-593c-42b3-8ae9-66631b2f8142 - - - - - -] Successfully bumped revision number for resource 647309b5-59b6-4967-986b-65ec4608474d (type: ports) to 2
2026-05-11 06:48:27.387 9 INFO neutron.db.ovn_revision_numbers_db [None req-a8ebba4a-593c-42b3-8ae9-66631b2f8142 - - - - - -] Successfully bumped revision number for resource 647309b5-59b6-4967-986b-65ec4608474d (type: router_ports) to 2
2026-05-11 06:48:27.394 10 INFO neutron.wsgi [-] 10.0.0.247 "GET / HTTP/1.1" status: 200 len: 247 time: 0.0012951
2026-05-11 06:48:27.396 10 INFO neutron.wsgi [-] 10.0.0.247 "GET / HTTP/1.1" status: 200 len: 247 time: 0.0010405
2026-05-11 06:48:27.402 10 INFO neutron.db.ovn_revision_numbers_db [None req-ab835c24-0068-44a5-986a-21b02a828b46 b05a2671212b436494af2b4c6cd5c3d5 a47c59c52fe9430e8fdd769f6f5c37ac - - default default] Successfully bumped revision number for resource e151d2c6-8da3-474a-9a9d-b2c33a465dd3 (type: networks) to 1
2026-05-11 06:48:27.513 10 INFO neutron.wsgi [None req-2435ca84-6b3f-493d-9eae-b6a3f27addcf 6ea99644f7284cb3ae306ff1e903e28f d44c0bd470de4c3b928ccec24de463a2 - - default default] 10.0.0.246 "DELETE /v2.0/subnets/a2aa5abd-3e42-4d38-8576-ee028156f643 HTTP/1.1" status: 204 len: 168 time: 0.3902833
2026-05-11 06:48:27.800 10 INFO neutron.db.ovn_revision_numbers_db [None req-dcb004bd-85ea-4df8-955c-bd6522f0e41e fea489e10a48459db1421a9a87639b89 3fca16368c484724b2dc2caa95ab55ba - - default default] Successfully bumped revision number for resource 647309b5-59b6-4967-986b-65ec4608474d (type: router_ports) to 2
2026-05-11 06:48:27.801 9 INFO neutron.wsgi [None req-d30ca5a3-857c-4d7a-9777-03ff21b4a2b1 6ea99644f7284cb3ae306ff1e903e28f d44c0bd470de4c3b928ccec24de463a2 - - default default] 10.0.0.246 "DELETE /v2.0/subnets/156e96a3-5126-47f3-93be-bba5209c9146 HTTP/1.1" status: 204 len: 168 time: 0.2807662
2026-05-11 06:48:27.802 10 INFO neutron.wsgi [None req-dcb004bd-85ea-4df8-955c-bd6522f0e41e fea489e10a48459db1421a9a87639b89 3fca16368c484724b2dc2caa95ab55ba - - default default] 10.0.0.246 "PUT /v2.0/routers/024e59a8-c132-4909-88f3-5fafe8f11009/add_router_interface HTTP/1.1" status: 200 len: 503 time: 2.2079647
2026-05-11 06:48:27.845 9 INFO neutron.wsgi [None req-f608b5f7-2ef7-4251-aba6-d71e2027ba30 fea489e10a48459db1421a9a87639b89 3fca16368c484724b2dc2caa95ab55ba - - default default] 10.0.0.246 "GET /v2.0/ports/647309b5-59b6-4967-986b-65ec4608474d HTTP/1.1" status: 200 len: 1141 time: 0.0328395
2026-05-11 06:48:27.888 9 INFO neutron.wsgi [None req-5729df96-74e4-43dd-86ad-58e95a531236 fea489e10a48459db1421a9a87639b89 3fca16368c484724b2dc2caa95ab55ba - - default default] 10.0.0.246 "GET /v2.0/ports/647309b5-59b6-4967-986b-65ec4608474d HTTP/1.1" status: 200 len: 1141 time: 0.0381653
2026-05-11 06:48:27.894 10 WARNING neutron.scheduler.dhcp_agent_scheduler [None req-ab835c24-0068-44a5-986a-21b02a828b46 b05a2671212b436494af2b4c6cd5c3d5 a47c59c52fe9430e8fdd769f6f5c37ac - - default default] No more DHCP agents
2026-05-11 06:48:27.902 10 WARNING neutron.api.rpc.agentnotifiers.dhcp_rpc_agent_api [None req-ab835c24-0068-44a5-986a-21b02a828b46 b05a2671212b436494af2b4c6cd5c3d5 a47c59c52fe9430e8fdd769f6f5c37ac - - default default] Unable to schedule network e151d2c6-8da3-474a-9a9d-b2c33a465dd3: no agents available; will retry on subsequent port and subnet creation events.
2026-05-11 06:48:28.044 10 INFO neutron.db.ovn_revision_numbers_db [None req-ab835c24-0068-44a5-986a-21b02a828b46 b05a2671212b436494af2b4c6cd5c3d5 a47c59c52fe9430e8fdd769f6f5c37ac - - default default] Successfully bumped revision number for resource 99f11ba4-4bf0-43b2-b1d4-6ff146b3689c (type: ports) to 1
2026-05-11 06:48:28.068 10 INFO neutron.wsgi [None req-ab835c24-0068-44a5-986a-21b02a828b46 b05a2671212b436494af2b4c6cd5c3d5 a47c59c52fe9430e8fdd769f6f5c37ac - - default default] 10.0.0.246 "POST /v2.0/networks HTTP/1.1" status: 201 len: 1444 time: 2.2229269
2026-05-11 06:48:28.082 10 INFO neutron.wsgi [None req-04d3f9bb-b7fd-47e6-b5eb-1e4ac14addad 6ea99644f7284cb3ae306ff1e903e28f d44c0bd470de4c3b928ccec24de463a2 - - default default] 10.0.0.246 "DELETE /v2.0/subnets/7842185d-07cb-48bb-86f5-7aa5affa63d9 HTTP/1.1" status: 204 len: 168 time: 0.2747302
2026-05-11 06:48:28.203 9 INFO neutron.wsgi [None req-c0c238f9-9e7e-4d37-a378-97b497088774 b05a2671212b436494af2b4c6cd5c3d5 a47c59c52fe9430e8fdd769f6f5c37ac - - default default] 10.0.0.246 "GET /v2.0/networks HTTP/1.1" status: 200 len: 2050 time: 0.1287720
2026-05-11 06:48:28.305 10 INFO neutron.wsgi [None req-471d4f64-6387-45ed-895b-9dbad4addf33 6ea99644f7284cb3ae306ff1e903e28f d44c0bd470de4c3b928ccec24de463a2 - - default default] 10.0.0.246 "DELETE /v2.0/subnets/b0884f9e-eef8-48ed-b09e-a0d9045a2c84 HTTP/1.1" status: 204 len: 168 time: 0.2173827
2026-05-11 06:48:28.656 10 INFO neutron.services.segments.plugin [-] Segment 6211caae-a9c6-4f38-bb33-22e741abbac3 resource provider aggregate not found
2026-05-11 06:48:28.662 10 INFO neutron.services.segments.plugin [-] Segment 6211caae-a9c6-4f38-bb33-22e741abbac3 resource provider aggregate not found
2026-05-11 06:48:28.682 10 INFO neutron.services.segments.plugin [-] Segment 6211caae-a9c6-4f38-bb33-22e741abbac3 resource provider not found; error: Placement Client Error (4xx): {"errors": [{"status": 404, "title": "Not Found", "detail": "The resource could not be found.\n\n No resource provider with uuid 6211caae-a9c6-4f38-bb33-22e741abbac3 found for delete ", "request_id": "req-4ec91c3b-9197-4315-a8e1-d96a722b5a7e"}]}
2026-05-11 06:48:28.689 10 INFO neutron.services.segments.plugin [-] Segment 6211caae-a9c6-4f38-bb33-22e741abbac3 resource provider not found; error: Placement Client Error (4xx): {"errors": [{"status": 404, "title": "Not Found", "detail": "The resource could not be found.\n\n No resource provider with uuid 6211caae-a9c6-4f38-bb33-22e741abbac3 found for delete ", "request_id": "req-68d6b270-d0c7-4352-ab7a-57c5b965ce0a"}]}
2026-05-11 06:48:28.714 10 INFO neutron.wsgi [None req-05df7c33-844a-4f89-998e-7703bdb483da 6ea99644f7284cb3ae306ff1e903e28f d44c0bd470de4c3b928ccec24de463a2 - - default default] 10.0.0.246 "DELETE /v2.0/networks/455b9b25-f771-42c7-82fc-0daf49e73e71 HTTP/1.1" status: 204 len: 168 time: 0.4023275
2026-05-11 06:48:28.759 9 INFO neutron.services.segments.plugin [-] Segment 4cf47202-4573-46d8-a8bb-c808c9bfd321 resource provider aggregate not found
2026-05-11 06:48:28.777 9 INFO neutron.services.segments.plugin [-] Segment 4cf47202-4573-46d8-a8bb-c808c9bfd321 resource provider aggregate not found
2026-05-11 06:48:28.809 9 INFO neutron.services.segments.plugin [-] Segment 4cf47202-4573-46d8-a8bb-c808c9bfd321 resource provider not found; error: Placement Client Error (4xx): {"errors": [{"status": 404, "title": "Not Found", "detail": "The resource could not be found.\n\n No resource provider with uuid 4cf47202-4573-46d8-a8bb-c808c9bfd321 found for delete ", "request_id": "req-ddf869ed-2546-425e-b3a8-7af694c13756"}]}
2026-05-11 06:48:28.810 9 INFO neutron.services.segments.plugin [-] Segment 4cf47202-4573-46d8-a8bb-c808c9bfd321 resource provider not found; error: Placement Client Error (4xx): {"errors": [{"status": 404, "title": "Not Found", "detail": "The resource could not be found.\n\n No resource provider with uuid 4cf47202-4573-46d8-a8bb-c808c9bfd321 found for delete ", "request_id": "req-5592e113-b4e1-4d5e-b0c3-50098dda2438"}]}
2026-05-11 06:48:28.876 9 INFO neutron.wsgi [None req-d5afea1d-0ca4-4d5d-8ebe-49e4fce7e072 fea489e10a48459db1421a9a87639b89 3fca16368c484724b2dc2caa95ab55ba - - default default] 10.0.0.246 "PUT /v2.0/routers/024e59a8-c132-4909-88f3-5fafe8f11009/remove_router_interface HTTP/1.1" status: 200 len: 503 time: 0.9821217
2026-05-11 06:48:28.886 9 INFO neutron.wsgi [req-557ab737-98a5-466a-a10c-c62f5413ca98 req-84f267b0-aaca-4ee6-8555-bef0f0db8ef1 65f46776b7ca4088a794292b0d50989f 6adf817a2a034d109045f2c09e2f53f5 - - default default] 10.0.0.248 "GET /v2.0/ports?device_id=da9ceb2b-8233-4fd0-ab07-1efab8493601 HTTP/1.1" status: 200 len: 1210 time: 0.2198420
2026-05-11 06:48:28.894 9 INFO neutron.wsgi [None req-03ae2996-1cbf-4880-99d9-e91ddde47fdf b05a2671212b436494af2b4c6cd5c3d5 a47c59c52fe9430e8fdd769f6f5c37ac - - default default] 10.0.0.246 "DELETE /v2.0/networks/54ffa434-c9c0-4c5a-ab72-cc9134a0bd81 HTTP/1.1" status: 204 len: 168 time: 0.6757808
2026-05-11 06:48:28.906 10 INFO neutron.wsgi [None req-998cdf5f-14fd-496c-b750-7a2c94d12ad5 fea489e10a48459db1421a9a87639b89 3fca16368c484724b2dc2caa95ab55ba - - default default] 10.0.0.246 "GET /v2.0/ports?device_id=024e59a8-c132-4909-88f3-5fafe8f11009 HTTP/1.1" status: 200 len: 205 time: 0.0186727 /var/lib/openstack/lib/python3.10/site-packages/pycadf/identifier.py:71: UserWarning: Invalid uuid: neutron. To ensure interoperability, identifiers should be a valid uuid. warnings.warn(('Invalid uuid: %s. To ensure interoperability, '
2026-05-11 06:48:28.965 9 INFO neutron.wsgi [req-557ab737-98a5-466a-a10c-c62f5413ca98 req-09ecf280-9687-4fa5-9702-b438ecb8127c 65f46776b7ca4088a794292b0d50989f 6adf817a2a034d109045f2c09e2f53f5 - - default default] 10.0.0.248 "GET /v2.0/security-groups?id=465c3984-5cb0-4ca8-ac50-3e9ea605858e&id=35bd7575-f0c9-44f0-8b34-6ff52d9619f9&fields=id&fields=name HTTP/1.1" status: 200 len: 404 time: 0.0687022
2026-05-11 06:48:29.170 10 INFO neutron.wsgi [None req-6b4b8beb-46b7-48b8-9d5a-29ab30361c7b dd28ad0b957c45c89691f7ce68f5e3c5 de8236da8c2d4f8e9f23ecacc3227c93 - - default default] 10.0.0.246 "GET /v2.0/ports?device_id=da9ceb2b-8233-4fd0-ab07-1efab8493601 HTTP/1.1" status: 200 len: 1443 time: 0.1753230
2026-05-11 06:48:29.221 10 INFO neutron.wsgi [None req-c6da68fc-03bb-450a-a308-67ade88c83d9 fea489e10a48459db1421a9a87639b89 3fca16368c484724b2dc2caa95ab55ba - - default default] 10.0.0.246 "DELETE /v2.0/routers/024e59a8-c132-4909-88f3-5fafe8f11009 HTTP/1.1" status: 204 len: 168 time: 0.3040321
2026-05-11 06:48:29.264 10 INFO neutron.wsgi [None req-d0515b67-62ba-4beb-ac8d-cc0a45afa51f 65f46776b7ca4088a794292b0d50989f 6adf817a2a034d109045f2c09e2f53f5 - - default default] 10.0.0.246 "GET /v2.0/floatingips?floating_network_id=1135f919-493e-418d-831d-9ad1dc8ea475&port_id=5e134ec9-aa06-4385-9582-43c60591cb14 HTTP/1.1" status: 200 len: 1054 time: 0.0858026
2026-05-11 06:48:29.275 10 INFO neutron.wsgi [None req-3eeb4829-bc41-4068-b3ad-5e6aea23c7ff 6ea99644f7284cb3ae306ff1e903e28f d44c0bd470de4c3b928ccec24de463a2 - - default default] 10.0.0.246 "DELETE /v2.0/networks/4254b874-da44-4ce9-a347-b2eed02dcb8b HTTP/1.1" status: 204 len: 168 time: 0.5511930
2026-05-11 06:48:29.399 9 INFO neutron.wsgi [None req-8048c99a-3c7f-418b-bec7-99a03e140720 b05a2671212b436494af2b4c6cd5c3d5 a47c59c52fe9430e8fdd769f6f5c37ac - - default default] 10.0.0.246 "DELETE /v2.0/networks/e151d2c6-8da3-474a-9a9d-b2c33a465dd3 HTTP/1.1" status: 204 len: 168 time: 0.4973590
2026-05-11 06:48:29.519 10 INFO neutron.wsgi [None req-301f3ebd-986e-4b0c-804d-8c76d6457f07 b05a2671212b436494af2b4c6cd5c3d5 a47c59c52fe9430e8fdd769f6f5c37ac - - default default] 10.0.0.246 "GET /v2.0/networks HTTP/1.1" status: 200 len: 845 time: 0.1145632
2026-05-11 06:48:29.526 9 INFO neutron.wsgi [req-9fb4e9d3-7475-4090-a982-a178a1ad63aa req-4822124f-fcfb-4416-95cf-081ba5feb834 dc0236e32fdd4858bcc32f250aaf05ce 79ce8942d243454cbf729108076aebf2 - - 78055b8278ed499887689ee8ce2879fc 78055b8278ed499887689ee8ce2879fc] 10.0.0.116 "GET /v2.0/ports?device_id=da9ceb2b-8233-4fd0-ab07-1efab8493601 HTTP/1.1" status: 200 len: 1448 time: 0.0528607
2026-05-11 06:48:29.576 9 INFO neutron.wsgi [None req-d74b83c8-ec3e-494a-a616-1858838b80fc fea489e10a48459db1421a9a87639b89 3fca16368c484724b2dc2caa95ab55ba - - default default] 10.0.0.246 "DELETE /v2.0/subnets/82fb5928-2f59-431a-8411-5694765a0781 HTTP/1.1" status: 204 len: 168 time: 0.3478115
2026-05-11 06:48:29.613 9 INFO neutron.wsgi [req-9fb4e9d3-7475-4090-a982-a178a1ad63aa req-0cb08b1d-d6f9-48b3-8e67-879725c9037a dc0236e32fdd4858bcc32f250aaf05ce 79ce8942d243454cbf729108076aebf2 - - 78055b8278ed499887689ee8ce2879fc 78055b8278ed499887689ee8ce2879fc] 10.0.0.116 "GET /v2.0/security-groups?id=465c3984-5cb0-4ca8-ac50-3e9ea605858e&id=35bd7575-f0c9-44f0-8b34-6ff52d9619f9&fields=id&fields=name HTTP/1.1" status: 200 len: 404 time: 0.0771768
2026-05-11 06:48:29.655 9 INFO neutron.db.segments_db [None req-766f7dd2-c2eb-453a-951b-bd825bd68653 b05a2671212b436494af2b4c6cd5c3d5 a47c59c52fe9430e8fdd769f6f5c37ac - - default default] Added segment f639da54-d70a-4535-a6a7-b02c8bdd9a9f of type geneve for network 485585e2-1bc3-4b70-9391-d16541036387
2026-05-11 06:48:29.798 10 INFO neutron.wsgi [None req-cfee1ddd-eef2-459d-b6a9-cb5031941597 6ea99644f7284cb3ae306ff1e903e28f d44c0bd470de4c3b928ccec24de463a2 - - default default] 10.0.0.246 "DELETE /v2.0/networks/0355158b-81a4-400a-b1cc-0d29b2978321 HTTP/1.1" status: 204 len: 168 time: 0.5154755
2026-05-11 06:48:30.138 9 INFO neutron.db.ovn_revision_numbers_db [None req-766f7dd2-c2eb-453a-951b-bd825bd68653 b05a2671212b436494af2b4c6cd5c3d5 a47c59c52fe9430e8fdd769f6f5c37ac - - default default] Successfully bumped revision number for resource 485585e2-1bc3-4b70-9391-d16541036387 (type: networks) to 1
2026-05-11 06:48:30.215 10 INFO neutron.wsgi [None req-ed04eec7-07fd-41dd-9357-6678f828f5fe 6ea99644f7284cb3ae306ff1e903e28f d44c0bd470de4c3b928ccec24de463a2 - - default default] 10.0.0.246 "DELETE /v2.0/networks/72d0f35b-4dbb-4ac3-bbcc-39959c5ec8bb HTTP/1.1" status: 204 len: 168 time: 0.4062853
2026-05-11 06:48:30.393 9 WARNING neutron.scheduler.dhcp_agent_scheduler [None req-766f7dd2-c2eb-453a-951b-bd825bd68653 b05a2671212b436494af2b4c6cd5c3d5 a47c59c52fe9430e8fdd769f6f5c37ac - - default default] No more DHCP agents
2026-05-11 06:48:30.401 9 WARNING neutron.api.rpc.agentnotifiers.dhcp_rpc_agent_api [None req-766f7dd2-c2eb-453a-951b-bd825bd68653 b05a2671212b436494af2b4c6cd5c3d5 a47c59c52fe9430e8fdd769f6f5c37ac - - default default] Unable to schedule network 485585e2-1bc3-4b70-9391-d16541036387: no agents available; will retry on subsequent port and subnet creation events.
2026-05-11 06:48:30.418 9 INFO neutron.wsgi [None req-e173e438-af1e-47d7-926c-767e6331c518 fea489e10a48459db1421a9a87639b89 3fca16368c484724b2dc2caa95ab55ba - - default default] 10.0.0.246 "DELETE /v2.0/networks/38a22d6f-3e9b-4378-b353-036650b455b6 HTTP/1.1" status: 204 len: 168 time: 0.8315468
2026-05-11 06:48:30.522 9 INFO neutron.db.ovn_revision_numbers_db [None req-766f7dd2-c2eb-453a-951b-bd825bd68653 b05a2671212b436494af2b4c6cd5c3d5 a47c59c52fe9430e8fdd769f6f5c37ac - - default default] Successfully bumped revision number for resource 95e0f07a-c6f4-41a3-b528-60535e59cb35 (type: ports) to 1
2026-05-11 06:48:30.570 9 INFO neutron.wsgi [None req-766f7dd2-c2eb-453a-951b-bd825bd68653 b05a2671212b436494af2b4c6cd5c3d5 a47c59c52fe9430e8fdd769f6f5c37ac - - default default] 10.0.0.246 "POST /v2.0/networks HTTP/1.1" status: 201 len: 848 time: 1.0435920
2026-05-11 06:48:30.608 10 INFO neutron.wsgi [None req-84b8f51a-8b96-496f-84d0-cc37ccc35d99 6ea99644f7284cb3ae306ff1e903e28f d44c0bd470de4c3b928ccec24de463a2 - - default default] 10.0.0.246 "DELETE /v2.0/networks/022fde42-2775-496d-b102-ce9c82aa3aaf HTTP/1.1" status: 204 len: 168 time: 0.3858993
2026-05-11 06:48:30.709 10 INFO neutron.services.segments.plugin [-] Segment d1fcf0e6-a795-4f06-9c66-9f89fd0dc724 resource provider aggregate not found
2026-05-11 06:48:30.709 9 INFO neutron.db.segments_db [None req-263e7823-ed71-4175-84e4-cd92821bcc87 b05a2671212b436494af2b4c6cd5c3d5 a47c59c52fe9430e8fdd769f6f5c37ac - - default default] Added segment cea8b82e-9e2c-42ac-b730-be9df17df689 of type geneve for network 06766131-071d-462c-807c-736c128c4b19
2026-05-11 06:48:30.716 10 INFO neutron.services.segments.plugin [-] Segment d1fcf0e6-a795-4f06-9c66-9f89fd0dc724 resource provider aggregate not found
2026-05-11 06:48:30.734 10 INFO neutron.services.segments.plugin [-] Segment d1fcf0e6-a795-4f06-9c66-9f89fd0dc724 resource provider not found; error: Placement Client Error (4xx): {"errors": [{"status": 404, "title": "Not Found", "detail": "The resource could not be found.\n\n No resource provider with uuid d1fcf0e6-a795-4f06-9c66-9f89fd0dc724 found for delete ", "request_id": "req-e565f7af-9749-4188-bd08-3ccfcf458144"}]}
2026-05-11 06:48:30.742 10 INFO neutron.services.segments.plugin [-] Segment d1fcf0e6-a795-4f06-9c66-9f89fd0dc724 resource provider not found; error: Placement Client Error (4xx): {"errors": [{"status": 404, "title": "Not Found", "detail": "The resource could not be found.\n\n No resource provider with uuid d1fcf0e6-a795-4f06-9c66-9f89fd0dc724 found for delete ", "request_id": "req-d9a38aaa-df2a-44fa-9861-7eaba83ca3d0"}]}
2026-05-11 06:48:30.756 10 INFO neutron.services.segments.plugin [-] Segment 0400e06a-3f2a-4642-997b-c3173bec3de5 resource provider aggregate not found
2026-05-11 06:48:30.764 10 INFO neutron.services.segments.plugin [-] Segment 0400e06a-3f2a-4642-997b-c3173bec3de5 resource provider aggregate not found
2026-05-11 06:48:30.780 10 INFO neutron.services.segments.plugin [-] Segment 0400e06a-3f2a-4642-997b-c3173bec3de5 resource provider not found; error: Placement Client Error (4xx): {"errors": [{"status": 404, "title": "Not Found", "detail": "The resource could not be found.\n\n No resource provider with uuid 0400e06a-3f2a-4642-997b-c3173bec3de5 found for delete ", "request_id": "req-8c6e6825-5488-49d8-9be9-77aef5d2af8d"}]}
2026-05-11 06:48:30.788 10 INFO neutron.services.segments.plugin [-] Segment 0400e06a-3f2a-4642-997b-c3173bec3de5 resource provider not found; error: Placement Client Error (4xx): {"errors": [{"status": 404, "title": "Not Found", "detail": "The resource could not be found.\n\n No resource provider with uuid 0400e06a-3f2a-4642-997b-c3173bec3de5 found for delete ", "request_id": "req-c187cb84-0a97-4eb1-8613-ec1e9a0e3a14"}]}
2026-05-11 06:48:30.810 10 INFO neutron.services.segments.plugin [-] Segment 679e6233-ab54-4ce6-8ba5-b64d0ba1c6b6 resource provider aggregate not found
2026-05-11 06:48:30.828 9 INFO neutron.services.segments.plugin [-] Segment f4278a1b-4b22-4a94-94fe-16a25fa67411 resource provider aggregate not found
2026-05-11 06:48:30.834 10 INFO neutron.services.segments.plugin [-] Segment 679e6233-ab54-4ce6-8ba5-b64d0ba1c6b6 resource provider not found; error: Placement Client Error (4xx): {"errors": [{"status": 404, "title": "Not Found", "detail": "The resource could not be found.\n\n No resource provider with uuid 679e6233-ab54-4ce6-8ba5-b64d0ba1c6b6 found for delete ", "request_id": "req-66f32d3e-fab8-4e8b-b83e-09b640e805f8"}]}
2026-05-11 06:48:30.848 9 INFO neutron.services.segments.plugin [-] Segment f4278a1b-4b22-4a94-94fe-16a25fa67411 resource provider aggregate not found
2026-05-11 06:48:30.855 9 INFO neutron.services.segments.plugin [-] Segment f4278a1b-4b22-4a94-94fe-16a25fa67411 resource provider not found; error: Placement Client Error (4xx): {"errors": [{"status": 404, "title": "Not Found", "detail": "The resource could not be found.\n\n No resource provider with uuid f4278a1b-4b22-4a94-94fe-16a25fa67411 found for delete ", "request_id": "req-607f310a-04e0-4b86-b7a3-0b57932727d3"}]}
2026-05-11 06:48:30.857 10 INFO neutron.services.segments.plugin [-] Segment 679e6233-ab54-4ce6-8ba5-b64d0ba1c6b6 resource provider aggregate not found
2026-05-11 06:48:30.865 10 INFO neutron.services.segments.plugin [-] Segment c310f76b-0420-42ce-ab0e-a63bec0721df resource provider aggregate not found
2026-05-11 06:48:30.879 9 INFO neutron.services.segments.plugin [-] Segment f4278a1b-4b22-4a94-94fe-16a25fa67411 resource provider not found; error: Placement Client Error (4xx): {"errors": [{"status": 404, "title": "Not Found", "detail": "The resource could not be found.\n\n No resource provider with uuid f4278a1b-4b22-4a94-94fe-16a25fa67411 found for delete ", "request_id": "req-2b6e65e9-4e53-4f54-b2b1-ca4dea8dd507"}]}
2026-05-11 06:48:30.884 10 INFO neutron.services.segments.plugin [-] Segment 679e6233-ab54-4ce6-8ba5-b64d0ba1c6b6 resource provider not found; error: Placement Client Error (4xx): {"errors": [{"status": 404, "title": "Not Found", "detail": "The resource could not be found.\n\n No resource provider with uuid 679e6233-ab54-4ce6-8ba5-b64d0ba1c6b6 found for delete ", "request_id": "req-17521474-290e-432c-b087-cb6c898acacb"}]}
2026-05-11 06:48:30.891 9 INFO neutron.services.segments.plugin [-] Segment 31ad34e9-6515-475a-a77f-4dfd0b0df054 resource provider aggregate not found
2026-05-11 06:48:30.893 10 INFO neutron.services.segments.plugin [-] Segment c310f76b-0420-42ce-ab0e-a63bec0721df resource provider not found; error: Placement Client Error (4xx): {"errors": [{"status": 404, "title": "Not Found", "detail": "The resource could not be found.\n\n No resource provider with uuid c310f76b-0420-42ce-ab0e-a63bec0721df found for delete ", "request_id": "req-e9ebadfa-df50-4fce-8f56-8d32f26d25d3"}]}
2026-05-11 06:48:30.905 10 INFO neutron.services.segments.plugin [-] Segment c310f76b-0420-42ce-ab0e-a63bec0721df resource provider aggregate not found
2026-05-11 06:48:30.916 9 INFO neutron.services.segments.plugin [-] Segment 31ad34e9-6515-475a-a77f-4dfd0b0df054 resource provider aggregate not found
2026-05-11 06:48:30.922 9 INFO neutron.services.segments.plugin [-] Segment 31ad34e9-6515-475a-a77f-4dfd0b0df054 resource provider not found; error: Placement Client Error (4xx): {"errors": [{"status": 404, "title": "Not Found", "detail": "The resource could not be found.\n\n No resource provider with uuid 31ad34e9-6515-475a-a77f-4dfd0b0df054 found for delete ", "request_id": "req-e5a70518-8f8a-4b9a-b2d5-8c075313cb3c"}]}
2026-05-11 06:48:30.924 10 INFO neutron.services.segments.plugin [-] Segment c310f76b-0420-42ce-ab0e-a63bec0721df resource provider not found; error: Placement Client Error (4xx): {"errors": [{"status": 404, "title": "Not Found", "detail": "The resource could not be found.\n\n No resource provider with uuid c310f76b-0420-42ce-ab0e-a63bec0721df found for delete ", "request_id": "req-a6cd4804-bee1-496f-92a6-a60b70af9201"}]}
2026-05-11 06:48:30.938 9 INFO neutron.services.segments.plugin [-] Segment 31ad34e9-6515-475a-a77f-4dfd0b0df054 resource provider not found; error: Placement Client Error (4xx): {"errors": [{"status": 404, "title": "Not Found", "detail": "The resource could not be found.\n\n No resource provider with uuid 31ad34e9-6515-475a-a77f-4dfd0b0df054 found for delete ", "request_id": "req-0bb10c03-a573-4f91-bb99-5b5308d92549"}]}
2026-05-11 06:48:30.971 9 INFO neutron.db.ovn_revision_numbers_db [None req-263e7823-ed71-4175-84e4-cd92821bcc87 b05a2671212b436494af2b4c6cd5c3d5 a47c59c52fe9430e8fdd769f6f5c37ac - - default default] Successfully bumped revision number for resource 06766131-071d-462c-807c-736c128c4b19 (type: networks) to 1
2026-05-11 06:48:31.116 9 WARNING neutron.scheduler.dhcp_agent_scheduler [None req-bafb91d8-b239-4b34-8363-4e732f831bcf fea489e10a48459db1421a9a87639b89 3fca16368c484724b2dc2caa95ab55ba - - default default] No more DHCP agents
2026-05-11 06:48:31.120 9 WARNING neutron.api.rpc.agentnotifiers.dhcp_rpc_agent_api [None req-bafb91d8-b239-4b34-8363-4e732f831bcf fea489e10a48459db1421a9a87639b89 3fca16368c484724b2dc2caa95ab55ba - - default default] Unable to schedule network 1135f919-493e-418d-831d-9ad1dc8ea475: no agents available; will retry on subsequent port and subnet creation events.
2026-05-11 06:48:31.182 9 WARNING neutron.scheduler.dhcp_agent_scheduler [None req-263e7823-ed71-4175-84e4-cd92821bcc87 b05a2671212b436494af2b4c6cd5c3d5 a47c59c52fe9430e8fdd769f6f5c37ac - - default default] No more DHCP agents
2026-05-11 06:48:31.185 9 WARNING neutron.api.rpc.agentnotifiers.dhcp_rpc_agent_api [None req-263e7823-ed71-4175-84e4-cd92821bcc87 b05a2671212b436494af2b4c6cd5c3d5 a47c59c52fe9430e8fdd769f6f5c37ac - - default default] Unable to schedule network 06766131-071d-462c-807c-736c128c4b19: no agents available; will retry on subsequent port and subnet creation events.
2026-05-11 06:48:31.295 9 INFO neutron.db.ovn_revision_numbers_db [None req-263e7823-ed71-4175-84e4-cd92821bcc87 b05a2671212b436494af2b4c6cd5c3d5 a47c59c52fe9430e8fdd769f6f5c37ac - - default default] Successfully bumped revision number for resource 496b0a4d-0ad0-466e-adeb-6435ae1df327 (type: ports) to 1
2026-05-11 06:48:31.333 9 INFO neutron.wsgi [None req-263e7823-ed71-4175-84e4-cd92821bcc87 b05a2671212b436494af2b4c6cd5c3d5 a47c59c52fe9430e8fdd769f6f5c37ac - - default default] 10.0.0.246 "POST /v2.0/networks HTTP/1.1" status: 201 len: 849 time: 0.7582278
2026-05-11 06:48:31.351 9 INFO neutron.db.ovn_revision_numbers_db [None req-bafb91d8-b239-4b34-8363-4e732f831bcf fea489e10a48459db1421a9a87639b89 3fca16368c484724b2dc2caa95ab55ba - - default default] Successfully bumped revision number for resource 3345062c-9b59-4272-acd0-3409bdcbb7f2 (type: ports) to 1
2026-05-11 06:48:31.629 9 INFO neutron.wsgi [req-8a61d2be-ec72-4357-b773-42c093fc82f4 req-52869f06-36a7-4362-be76-d405820ed29f 65f46776b7ca4088a794292b0d50989f 6adf817a2a034d109045f2c09e2f53f5 - - default default] 10.0.0.248 "GET /v2.0/ports?device_id=da9ceb2b-8233-4fd0-ab07-1efab8493601 HTTP/1.1" status: 200 len: 1210 time: 0.0754547
2026-05-11 06:48:31.728 9 INFO neutron.wsgi [req-8a61d2be-ec72-4357-b773-42c093fc82f4 req-c4c39e7c-66d5-441d-bbae-844449f9eb84 65f46776b7ca4088a794292b0d50989f 6adf817a2a034d109045f2c09e2f53f5 - - default default] 10.0.0.248 "GET /v2.0/security-groups?id=465c3984-5cb0-4ca8-ac50-3e9ea605858e&id=35bd7575-f0c9-44f0-8b34-6ff52d9619f9&fields=id&fields=name HTTP/1.1" status: 200 len: 404 time: 0.0921681
2026-05-11 06:48:31.971 10 INFO neutron.wsgi [req-082df853-2bb0-4043-8b4f-9fbd42d97381 req-fbd94671-ac56-4e5d-9723-9932dca5ecf4 65f46776b7ca4088a794292b0d50989f 6adf817a2a034d109045f2c09e2f53f5 - - default default] 199.204.45.222 "GET /v2.0/ports?device_id=da9ceb2b-8233-4fd0-ab07-1efab8493601 HTTP/1.1" status: 200 len: 1210 time: 0.0951684
2026-05-11 06:48:31.990 10 INFO neutron.db.ovn_revision_numbers_db [None req-6b4e44f7-f817-4a51-b3c9-65d2e119a276 8f11e13f652648618d8e2083f01bdc5a d561b5f6f80946029585bce87c82f0af - - default default] Successfully bumped revision number for resource eceb4f5e-292c-4119-aedc-0184091b8742 (type: security_groups) to 1
2026-05-11 06:48:32.011 10 INFO neutron.db.ovn_revision_numbers_db [None req-6b4e44f7-f817-4a51-b3c9-65d2e119a276 8f11e13f652648618d8e2083f01bdc5a d561b5f6f80946029585bce87c82f0af - - default default] Successfully bumped revision number for resource 23bc96c8-0655-4d9b-bb9b-008636dba6a9 (type: security_group_rules) to 0
2026-05-11 06:48:32.037 10 INFO neutron.db.ovn_revision_numbers_db [None req-6b4e44f7-f817-4a51-b3c9-65d2e119a276 8f11e13f652648618d8e2083f01bdc5a d561b5f6f80946029585bce87c82f0af - - default default] Successfully bumped revision number for resource 90002a3e-6cf4-479b-8efe-79e1cc3904cf (type: security_group_rules) to 0
2026-05-11 06:48:32.054 10 INFO neutron.db.ovn_revision_numbers_db [None req-6b4e44f7-f817-4a51-b3c9-65d2e119a276 8f11e13f652648618d8e2083f01bdc5a d561b5f6f80946029585bce87c82f0af - - default default] Successfully bumped revision number for resource 99f6b51d-d617-4278-bbe9-4ac3dc82c521 (type: security_group_rules) to 0
2026-05-11 06:48:32.073 10 INFO neutron.db.ovn_revision_numbers_db [None req-6b4e44f7-f817-4a51-b3c9-65d2e119a276 8f11e13f652648618d8e2083f01bdc5a d561b5f6f80946029585bce87c82f0af - - default default] Successfully bumped revision number for resource bd29447a-8031-43f3-8fc7-3f347086f68a (type: security_group_rules) to 0
2026-05-11 06:48:32.107 10 INFO neutron.wsgi [None req-6b4e44f7-f817-4a51-b3c9-65d2e119a276 8f11e13f652648618d8e2083f01bdc5a d561b5f6f80946029585bce87c82f0af - - default default] 10.0.0.246 "GET /v2.0/security-groups?tenant_id=43f8c8648b394cbfa3f1260265eabcce&name=default HTTP/1.1" status: 200 len: 2996 time: 0.5444341
2026-05-11 06:48:32.573 9 WARNING neutron.scheduler.dhcp_agent_scheduler [None req-bb36e470-8338-4b94-a57a-dad599623394 b05a2671212b436494af2b4c6cd5c3d5 a47c59c52fe9430e8fdd769f6f5c37ac - - default default] No more DHCP agents
2026-05-11 06:48:32.578 9 WARNING neutron.api.rpc.agentnotifiers.dhcp_rpc_agent_api [None req-bb36e470-8338-4b94-a57a-dad599623394 b05a2671212b436494af2b4c6cd5c3d5 a47c59c52fe9430e8fdd769f6f5c37ac - - default default] Unable to schedule network 485585e2-1bc3-4b70-9391-d16541036387: no agents available; will retry on subsequent port and subnet creation events.
2026-05-11 06:48:32.585 10 INFO neutron.db.l3_db [req-082df853-2bb0-4043-8b4f-9fbd42d97381 req-0441c687-16ab-425b-b3f0-7c62894275ce 65f46776b7ca4088a794292b0d50989f 6adf817a2a034d109045f2c09e2f53f5 - - default default] Floating IP 77edc7c2-7b36-4975-b73e-dfe3fdc62e81 disassociated. External IP: 10.96.250.206, port: 5e134ec9-aa06-4385-9582-43c60591cb14.
2026-05-11 06:48:32.689 10 INFO neutron.plugins.ml2.drivers.ovn.mech_driver.mech_driver [None req-dd688fe9-a96b-48d8-a36e-17e18e12d768 - - - - - -] OVN reports status up for port: 3345062c-9b59-4272-acd0-3409bdcbb7f2
2026-05-11 06:48:32.699 10 INFO neutron.plugins.ml2.plugin [None req-dd688fe9-a96b-48d8-a36e-17e18e12d768 - - - - - -] Attempt 1 to provision port 3345062c-9b59-4272-acd0-3409bdcbb7f2
2026-05-11 06:48:32.714 9 INFO neutron.db.ovn_revision_numbers_db [None req-bb36e470-8338-4b94-a57a-dad599623394 b05a2671212b436494af2b4c6cd5c3d5 a47c59c52fe9430e8fdd769f6f5c37ac - - default default] Successfully bumped revision number for resource f16aecd4-53f5-4fbc-a261-faae67491866 (type: ports) to 1
2026-05-11 06:48:32.728 9 INFO neutron.db.ovn_revision_numbers_db [None req-bafb91d8-b239-4b34-8363-4e732f831bcf fea489e10a48459db1421a9a87639b89 3fca16368c484724b2dc2caa95ab55ba - - default default] Successfully bumped revision number for resource 3345062c-9b59-4272-acd0-3409bdcbb7f2 (type: router_ports) to 1
2026-05-11 06:48:32.760 10 INFO neutron.wsgi [None req-46e761f0-4e00-450c-962e-9afb57920974 8f11e13f652648618d8e2083f01bdc5a d561b5f6f80946029585bce87c82f0af - - default default] 10.0.0.246 "DELETE /v2.0/security-groups/eceb4f5e-292c-4119-aedc-0184091b8742 HTTP/1.1" status: 204 len: 168 time: 0.6414382
2026-05-11 06:48:32.769 9 WARNING neutron.scheduler.dhcp_agent_scheduler [None req-bb36e470-8338-4b94-a57a-dad599623394 b05a2671212b436494af2b4c6cd5c3d5 a47c59c52fe9430e8fdd769f6f5c37ac - - default default] No more DHCP agents
2026-05-11 06:48:32.784 9 WARNING neutron.api.rpc.agentnotifiers.dhcp_rpc_agent_api [None req-bb36e470-8338-4b94-a57a-dad599623394 b05a2671212b436494af2b4c6cd5c3d5 a47c59c52fe9430e8fdd769f6f5c37ac - - default default] Unable to schedule network 06766131-071d-462c-807c-736c128c4b19: no agents available; will retry on subsequent port and subnet creation events. /var/lib/openstack/lib/python3.10/site-packages/pycadf/identifier.py:71: UserWarning: Invalid uuid: neutron. To ensure interoperability, identifiers should be a valid uuid. warnings.warn(('Invalid uuid: %s. To ensure interoperability, '
2026-05-11 06:48:32.852 9 INFO neutron.wsgi [req-4b9e793d-dcd6-4f6d-8ae7-f557de8ca359 req-663fda37-d9a4-402c-a44b-1c744dd6c3e0 65f46776b7ca4088a794292b0d50989f 6adf817a2a034d109045f2c09e2f53f5 - - default default] 10.0.0.248 "GET /v2.0/ports?device_id=da9ceb2b-8233-4fd0-ab07-1efab8493601 HTTP/1.1" status: 200 len: 1210 time: 0.0538440 /var/lib/openstack/lib/python3.10/site-packages/pycadf/identifier.py:71: UserWarning: Invalid uuid: neutron. To ensure interoperability, identifiers should be a valid uuid. warnings.warn(('Invalid uuid: %s. To ensure interoperability, '
2026-05-11 06:48:32.868 9 INFO neutron.db.ovn_revision_numbers_db [None req-bafb91d8-b239-4b34-8363-4e732f831bcf fea489e10a48459db1421a9a87639b89 3fca16368c484724b2dc2caa95ab55ba - - default default] Successfully bumped revision number for resource 5075e603-5065-431e-a060-013dd9f6abfd (type: routers) to 2
2026-05-11 06:48:32.892 9 INFO neutron.wsgi [None req-bafb91d8-b239-4b34-8363-4e732f831bcf fea489e10a48459db1421a9a87639b89 3fca16368c484724b2dc2caa95ab55ba - - default default] 10.0.0.246 "POST /v2.0/routers HTTP/1.1" status: 201 len: 871 time: 2.4623473
2026-05-11 06:48:32.922 10 INFO neutron.wsgi [req-082df853-2bb0-4043-8b4f-9fbd42d97381 req-0441c687-16ab-425b-b3f0-7c62894275ce 65f46776b7ca4088a794292b0d50989f 6adf817a2a034d109045f2c09e2f53f5 - - default default] 199.204.45.222 "DELETE /v2.0/ports/5e134ec9-aa06-4385-9582-43c60591cb14 HTTP/1.1" status: 204 len: 173 time: 0.9447098
2026-05-11 06:48:32.924 9 INFO neutron.wsgi [req-4b9e793d-dcd6-4f6d-8ae7-f557de8ca359 req-ab4eabca-b3f1-4874-9344-83b6f8fa2fb2 65f46776b7ca4088a794292b0d50989f 6adf817a2a034d109045f2c09e2f53f5 - - default default] 10.0.0.248 "GET /v2.0/security-groups?id=465c3984-5cb0-4ca8-ac50-3e9ea605858e&id=35bd7575-f0c9-44f0-8b34-6ff52d9619f9&fields=id&fields=name HTTP/1.1" status: 200 len: 404 time: 0.0648346
2026-05-11 06:48:32.931 9 INFO neutron.db.ovn_revision_numbers_db [None req-bb36e470-8338-4b94-a57a-dad599623394 b05a2671212b436494af2b4c6cd5c3d5 a47c59c52fe9430e8fdd769f6f5c37ac - - default default] Successfully bumped revision number for resource b1407be6-3417-4f8d-b49a-834b3a34e146 (type: ports) to 1
2026-05-11 06:48:32.932 10 INFO neutron.wsgi [None req-4cc1fd12-4819-4039-a8ca-b8be1fbe90a1 8f11e13f652648618d8e2083f01bdc5a d561b5f6f80946029585bce87c82f0af - - default default] 10.0.0.246 "GET /v2.0/security-groups?tenant_id=d44c0bd470de4c3b928ccec24de463a2&name=default HTTP/1.1" status: 200 len: 2996 time: 0.0715129
2026-05-11 06:48:32.968 9 INFO neutron.wsgi [None req-bb36e470-8338-4b94-a57a-dad599623394 b05a2671212b436494af2b4c6cd5c3d5 a47c59c52fe9430e8fdd769f6f5c37ac - - default default] 10.0.0.246 "POST /v2.0/ports HTTP/1.1" status: 201 len: 1705 time: 1.6247957
2026-05-11 06:48:32.971 10 INFO neutron.notifiers.nova [-] Nova event matching ['req-36d163ef-4e26-4da3-8975-22a9ab0e52a1'] response: {'server_uuid': 'da9ceb2b-8233-4fd0-ab07-1efab8493601', 'name': 'network-vif-deleted', 'tag': '5e134ec9-aa06-4385-9582-43c60591cb14', 'status': 'completed', 'code': 200}
2026-05-11 06:48:32.988 10 INFO neutron.wsgi [None req-66a275ff-369c-46d4-a1bf-d69c3defc9d2 fea489e10a48459db1421a9a87639b89 3fca16368c484724b2dc2caa95ab55ba - - default default] 10.0.0.246 "GET /v2.0/routers/5075e603-5065-431e-a060-013dd9f6abfd HTTP/1.1" status: 200 len: 872 time: 0.0894070
2026-05-11 06:48:33.184 10 INFO neutron.wsgi [None req-9b1393bd-97b9-4b87-a869-3ed1a94e8002 fea489e10a48459db1421a9a87639b89 3fca16368c484724b2dc2caa95ab55ba - - default default] 10.0.0.246 "GET /v2.0/routers HTTP/1.1" status: 200 len: 875 time: 0.1897252
2026-05-11 06:48:33.188 9 INFO neutron.wsgi [None req-9e4acc1f-9f5a-4aa7-8b9b-4d58266d708f 8f11e13f652648618d8e2083f01bdc5a d561b5f6f80946029585bce87c82f0af - - default default] 10.0.0.246 "DELETE /v2.0/security-groups/84685909-a58e-497f-9466-b3950f27a5dd HTTP/1.1" status: 204 len: 168 time: 0.2400296
2026-05-11 06:48:33.219 10 INFO neutron.wsgi [None req-8105df84-8327-4aed-a94b-ef99b676b9fe b05a2671212b436494af2b4c6cd5c3d5 a47c59c52fe9430e8fdd769f6f5c37ac - - default default] 10.0.0.246 "GET /v2.0/ports HTTP/1.1" status: 200 len: 3212 time: 0.2463779
2026-05-11 06:48:33.284 9 WARNING neutron.plugins.ml2.drivers.ovn.mech_driver.ovsdb.ovn_client [None req-a8ebba4a-593c-42b3-8ae9-66631b2f8142 - - - - - -] No port found with ID 647309b5-59b6-4967-986b-65ec4608474d: RuntimeError: No port found with ID 647309b5-59b6-4967-986b-65ec4608474d
2026-05-11 06:48:33.284 9 INFO neutron.plugins.ml2.drivers.ovn.mech_driver.mech_driver [None req-a8ebba4a-593c-42b3-8ae9-66631b2f8142 - - - - - -] OVN reports status down for port: 5e134ec9-aa06-4385-9582-43c60591cb14
2026-05-11 06:48:33.482 10 INFO neutron.db.ovn_revision_numbers_db [None req-57afe9b7-fd41-4b2e-a10a-1d66272c7bf5 8f11e13f652648618d8e2083f01bdc5a d561b5f6f80946029585bce87c82f0af - - default default] Successfully bumped revision number for resource dafe1f89-111f-47a5-9bad-59580e7fc47f (type: security_groups) to 1
2026-05-11 06:48:33.498 10 INFO neutron.db.ovn_revision_numbers_db [None req-57afe9b7-fd41-4b2e-a10a-1d66272c7bf5 8f11e13f652648618d8e2083f01bdc5a d561b5f6f80946029585bce87c82f0af - - default default] Successfully bumped revision number for resource 8e8a26e1-4969-4789-a3eb-118ce0325552 (type: security_group_rules) to 0
2026-05-11 06:48:33.514 10 INFO neutron.db.ovn_revision_numbers_db [None req-57afe9b7-fd41-4b2e-a10a-1d66272c7bf5 8f11e13f652648618d8e2083f01bdc5a d561b5f6f80946029585bce87c82f0af - - default default] Successfully bumped revision number for resource a324d82a-ea60-43a3-8beb-6ffc4bc79cca (type: security_group_rules) to 0
2026-05-11 06:48:33.529 10 INFO neutron.db.ovn_revision_numbers_db [None req-57afe9b7-fd41-4b2e-a10a-1d66272c7bf5 8f11e13f652648618d8e2083f01bdc5a d561b5f6f80946029585bce87c82f0af - - default default] Successfully bumped revision number for resource c4275ef6-ae8a-453e-82e3-20b38e6799fa (type: security_group_rules) to 0
2026-05-11 06:48:33.551 10 INFO neutron.db.ovn_revision_numbers_db [None req-57afe9b7-fd41-4b2e-a10a-1d66272c7bf5 8f11e13f652648618d8e2083f01bdc5a d561b5f6f80946029585bce87c82f0af - - default default] Successfully bumped revision number for resource e11798ca-a38a-4f1e-8a53-442f3a600c2a (type: security_group_rules) to 0
2026-05-11 06:48:33.580 10 INFO neutron.wsgi [None req-57afe9b7-fd41-4b2e-a10a-1d66272c7bf5 8f11e13f652648618d8e2083f01bdc5a d561b5f6f80946029585bce87c82f0af - - default default] 10.0.0.246 "GET /v2.0/security-groups?tenant_id=2726c20ae8ff41b8a3fb85d9e46c0c05&name=default HTTP/1.1" status: 200 len: 2996 time: 0.2310879
2026-05-11 06:48:33.628 9 INFO neutron.wsgi [None req-f7b8d55d-ff71-474f-a605-b93effa2050b b05a2671212b436494af2b4c6cd5c3d5 a47c59c52fe9430e8fdd769f6f5c37ac - - default default] 10.0.0.246 "DELETE /v2.0/ports/f16aecd4-53f5-4fbc-a261-faae67491866 HTTP/1.1" status: 204 len: 168 time: 0.4010310
2026-05-11 06:48:33.787 9 INFO neutron.db.ovn_revision_numbers_db [None req-1d85dd81-6d5f-4c79-ad05-219a6b77bac2 fea489e10a48459db1421a9a87639b89 3fca16368c484724b2dc2caa95ab55ba - - default default] Successfully bumped revision number for resource 5075e603-5065-431e-a060-013dd9f6abfd (type: routers) to 3
2026-05-11 06:48:33.792 9 INFO neutron.wsgi [None req-1d85dd81-6d5f-4c79-ad05-219a6b77bac2 fea489e10a48459db1421a9a87639b89 3fca16368c484724b2dc2caa95ab55ba - - default default] 10.0.0.246 "PUT /v2.0/routers/5075e603-5065-431e-a060-013dd9f6abfd HTTP/1.1" status: 200 len: 879 time: 0.5976577
2026-05-11 06:48:33.869 10 INFO neutron.wsgi [None req-33d38204-17d0-448d-aca8-fc6c1477d51c 8f11e13f652648618d8e2083f01bdc5a d561b5f6f80946029585bce87c82f0af - - default default] 10.0.0.246 "DELETE /v2.0/security-groups/dafe1f89-111f-47a5-9bad-59580e7fc47f HTTP/1.1" status: 204 len: 168 time: 0.2822971
2026-05-11 06:48:33.880 9 INFO neutron.wsgi [None req-9588ea85-8fdd-48ab-af03-df8d123c66bf fea489e10a48459db1421a9a87639b89 3fca16368c484724b2dc2caa95ab55ba - - default default] 10.0.0.246 "GET /v2.0/routers/5075e603-5065-431e-a060-013dd9f6abfd HTTP/1.1" status: 200 len: 879 time: 0.0815122
2026-05-11 06:48:33.884 10 INFO neutron.wsgi [None req-afd76484-ea45-4172-a72c-907e41f26b47 b05a2671212b436494af2b4c6cd5c3d5 a47c59c52fe9430e8fdd769f6f5c37ac - - default default] 10.0.0.246 "DELETE /v2.0/ports/b1407be6-3417-4f8d-b49a-834b3a34e146 HTTP/1.1" status: 204 len: 168 time: 0.2497435
2026-05-11 06:48:33.914 9 INFO neutron.wsgi [None req-d937a61a-80aa-4de4-9535-939142b5fd09 fea489e10a48459db1421a9a87639b89 3fca16368c484724b2dc2caa95ab55ba - - default default] 10.0.0.246 "GET /v2.0/ports?device_id=5075e603-5065-431e-a060-013dd9f6abfd HTTP/1.1" status: 200 len: 205 time: 0.0257452
2026-05-11 06:48:33.932 10 INFO neutron.wsgi [None req-570287a9-d756-4506-9a6e-d4418c6d436d b05a2671212b436494af2b4c6cd5c3d5 a47c59c52fe9430e8fdd769f6f5c37ac - - default default] 10.0.0.246 "GET /v2.0/ports HTTP/1.1" status: 200 len: 1718 time: 0.0423691
2026-05-11 06:48:34.062 9 INFO neutron.db.segments_db [None req-150f3315-894b-49e3-9abb-2f38b34d0ca0 b05a2671212b436494af2b4c6cd5c3d5 a47c59c52fe9430e8fdd769f6f5c37ac - - default default] Added segment ad0fce35-a07e-4064-84d9-f6afdad58f2f of type geneve for network 27292b4c-09a6-407c-bf62-8b827c1c2956
2026-05-11 06:48:34.246 9 INFO neutron.db.ovn_revision_numbers_db [None req-150f3315-894b-49e3-9abb-2f38b34d0ca0 b05a2671212b436494af2b4c6cd5c3d5 a47c59c52fe9430e8fdd769f6f5c37ac - - default default] Successfully bumped revision number for resource 27292b4c-09a6-407c-bf62-8b827c1c2956 (type: networks) to 1
2026-05-11 06:48:34.284 10 INFO neutron.wsgi [None req-d48a5011-f50b-49a3-b0da-ab7bacb20403 65f46776b7ca4088a794292b0d50989f 6adf817a2a034d109045f2c09e2f53f5 - - default default] 10.0.0.246 "DELETE /v2.0/security-groups/465c3984-5cb0-4ca8-ac50-3e9ea605858e HTTP/1.1" status: 204 len: 168 time: 0.1875641
2026-05-11 06:48:34.316 9 INFO neutron.api.v2.resource [None req-3dea01f1-ab20-41c5-95a7-6001ba3f5154 65f46776b7ca4088a794292b0d50989f 6adf817a2a034d109045f2c09e2f53f5 - - default default] show failed (client error): The resource could not be found.
2026-05-11 06:48:34.317 9 INFO neutron.wsgi [None req-3dea01f1-ab20-41c5-95a7-6001ba3f5154 65f46776b7ca4088a794292b0d50989f 6adf817a2a034d109045f2c09e2f53f5 - - default default] 10.0.0.246 "GET /v2.0/security-groups/465c3984-5cb0-4ca8-ac50-3e9ea605858e HTTP/1.1" status: 404 len: 347 time: 0.0249131
2026-05-11 06:48:34.458 9 WARNING neutron.scheduler.dhcp_agent_scheduler [None req-150f3315-894b-49e3-9abb-2f38b34d0ca0 b05a2671212b436494af2b4c6cd5c3d5 a47c59c52fe9430e8fdd769f6f5c37ac - - default default] No more DHCP agents
2026-05-11 06:48:34.460 9 WARNING neutron.api.rpc.agentnotifiers.dhcp_rpc_agent_api [None req-150f3315-894b-49e3-9abb-2f38b34d0ca0 b05a2671212b436494af2b4c6cd5c3d5 a47c59c52fe9430e8fdd769f6f5c37ac - - default default] Unable to schedule network 27292b4c-09a6-407c-bf62-8b827c1c2956: no agents available; will retry on subsequent port and subnet creation events.
2026-05-11 06:48:34.539 9 INFO neutron.db.ovn_revision_numbers_db [None req-150f3315-894b-49e3-9abb-2f38b34d0ca0 b05a2671212b436494af2b4c6cd5c3d5 a47c59c52fe9430e8fdd769f6f5c37ac - - default default] Successfully bumped revision number for resource 93cf8ffd-5303-44d4-b434-bc889bb4ff32 (type: ports) to 1
2026-05-11 06:48:34.561 9 INFO neutron.wsgi [None req-150f3315-894b-49e3-9abb-2f38b34d0ca0 b05a2671212b436494af2b4c6cd5c3d5 a47c59c52fe9430e8fdd769f6f5c37ac - - default default] 10.0.0.246 "POST /v2.0/networks HTTP/1.1" status: 201 len: 849 time: 0.6212559
2026-05-11 06:48:34.652 10 INFO neutron.wsgi [None req-45be7e72-6fc2-403d-8fe5-34546928648f fea489e10a48459db1421a9a87639b89 3fca16368c484724b2dc2caa95ab55ba - - default default] 10.0.0.246 "DELETE /v2.0/routers/5075e603-5065-431e-a060-013dd9f6abfd HTTP/1.1" status: 204 len: 168 time: 0.7332489
2026-05-11 06:48:34.655 9 INFO neutron.db.segments_db [None req-b805b6b1-5909-4e95-a5dc-8b333482cc9e b05a2671212b436494af2b4c6cd5c3d5 a47c59c52fe9430e8fdd769f6f5c37ac - - default default] Added segment 0834f278-efd8-48bd-a490-99cc85312fc0 of type geneve for network 092107ae-08b5-495b-a939-32860e8653fe
2026-05-11 06:48:34.684 10 INFO neutron.wsgi [None req-185f96ef-e120-4536-94d7-eea28e56112d fea489e10a48459db1421a9a87639b89 3fca16368c484724b2dc2caa95ab55ba - - default default] 10.0.0.246 "GET /v2.0/ports?device_id=5075e603-5065-431e-a060-013dd9f6abfd HTTP/1.1" status: 200 len: 205 time: 0.0257802
2026-05-11 06:48:34.713 10 INFO neutron.api.v2.resource [None req-53d48cad-b638-4a5f-b594-ea734d446872 fea489e10a48459db1421a9a87639b89 3fca16368c484724b2dc2caa95ab55ba - - default default] delete failed (client error): The resource could not be found.
2026-05-11 06:48:34.715 10 INFO neutron.wsgi [None req-53d48cad-b638-4a5f-b594-ea734d446872 fea489e10a48459db1421a9a87639b89 3fca16368c484724b2dc2caa95ab55ba - - default default] 10.0.0.246 "DELETE /v2.0/routers/5075e603-5065-431e-a060-013dd9f6abfd HTTP/1.1" status: 404 len: 336 time: 0.0230970
2026-05-11 06:48:34.742 10 INFO neutron.wsgi [None req-93ab28a8-cd77-49dd-a079-a0999eb766af fea489e10a48459db1421a9a87639b89 3fca16368c484724b2dc2caa95ab55ba - - default default] 10.0.0.246 "GET /v2.0/ports?device_id=024e59a8-c132-4909-88f3-5fafe8f11009 HTTP/1.1" status: 200 len: 205 time: 0.0222456
2026-05-11 06:48:34.785 9 INFO neutron.api.v2.resource [None req-6fe8c2fc-1039-4a09-81d4-87d942c5e988 fea489e10a48459db1421a9a87639b89 3fca16368c484724b2dc2caa95ab55ba - - default default] delete failed (client error): The resource could not be found.
2026-05-11 06:48:34.786 9 INFO neutron.wsgi [None req-6fe8c2fc-1039-4a09-81d4-87d942c5e988 fea489e10a48459db1421a9a87639b89 3fca16368c484724b2dc2caa95ab55ba - - default default] 10.0.0.246 "DELETE /v2.0/routers/024e59a8-c132-4909-88f3-5fafe8f11009 HTTP/1.1" status: 404 len: 336 time: 0.0361488
2026-05-11 06:48:34.788 10 INFO neutron.wsgi [None req-799d0d92-d3c3-4fc1-a124-58f2d51bff8c 65f46776b7ca4088a794292b0d50989f 6adf817a2a034d109045f2c09e2f53f5 - - default default] 10.0.0.246 "DELETE /v2.0/floatingips/77edc7c2-7b36-4975-b73e-dfe3fdc62e81 HTTP/1.1" status: 204 len: 168 time: 0.4642470
2026-05-11 06:48:34.807 9 INFO neutron.pecan_wsgi.hooks.translation [None req-4296d36b-70c4-4f09-9318-a0cb389a5c15 fea489e10a48459db1421a9a87639b89 3fca16368c484724b2dc2caa95ab55ba - - default default] DELETE failed (client error): The resource could not be found.
2026-05-11 06:48:34.809 9 INFO neutron.wsgi [None req-4296d36b-70c4-4f09-9318-a0cb389a5c15 fea489e10a48459db1421a9a87639b89 3fca16368c484724b2dc2caa95ab55ba - - default default] 10.0.0.246 "DELETE /v2.0/subnets/82fb5928-2f59-431a-8411-5694765a0781 HTTP/1.1" status: 404 len: 337 time: 0.0172153
2026-05-11 06:48:34.827 9 INFO neutron.db.ovn_revision_numbers_db [None req-b805b6b1-5909-4e95-a5dc-8b333482cc9e b05a2671212b436494af2b4c6cd5c3d5 a47c59c52fe9430e8fdd769f6f5c37ac - - default default] Successfully bumped revision number for resource 092107ae-08b5-495b-a939-32860e8653fe (type: networks) to 1
2026-05-11 06:48:34.832 10 INFO neutron.wsgi [None req-ed9ccccf-0aca-41ae-8f58-f4535e175690 fea489e10a48459db1421a9a87639b89 3fca16368c484724b2dc2caa95ab55ba - - default default] 10.0.0.246 "GET /v2.0/ports?device_id=de8795f4-2e01-4a99-b78c-1f17d03da9e8 HTTP/1.1" status: 200 len: 205 time: 0.0179381
2026-05-11 06:48:34.860 10 INFO neutron.api.v2.resource [None req-81a758f0-dc4f-419b-abbb-2364ec916a45 fea489e10a48459db1421a9a87639b89 3fca16368c484724b2dc2caa95ab55ba - - default default] delete failed (client error): The resource could not be found.
2026-05-11 06:48:34.861 10 INFO neutron.wsgi [None req-81a758f0-dc4f-419b-abbb-2364ec916a45 fea489e10a48459db1421a9a87639b89 3fca16368c484724b2dc2caa95ab55ba - - default default] 10.0.0.246 "DELETE /v2.0/routers/de8795f4-2e01-4a99-b78c-1f17d03da9e8 HTTP/1.1" status: 404 len: 336 time: 0.0246251
2026-05-11 06:48:34.896 9 INFO neutron.pecan_wsgi.hooks.translation [None req-54e20e7d-25e7-4949-9d2e-675779af6d17 fea489e10a48459db1421a9a87639b89 3fca16368c484724b2dc2caa95ab55ba - - default default] DELETE failed (client error): The resource could not be found.
2026-05-11 06:48:34.899 9 INFO neutron.wsgi [None req-54e20e7d-25e7-4949-9d2e-675779af6d17 fea489e10a48459db1421a9a87639b89 3fca16368c484724b2dc2caa95ab55ba - - default default] 10.0.0.246 "DELETE /v2.0/subnets/13c14d57-9e06-4e8f-a7cd-60bf6022b040 HTTP/1.1" status: 404 len: 337 time: 0.0279546
2026-05-11 06:48:34.927 9 INFO neutron.wsgi [None req-f0cb234b-57fa-4ece-a85d-aba7c70ebd65 fea489e10a48459db1421a9a87639b89 3fca16368c484724b2dc2caa95ab55ba - - default default] 10.0.0.246 "GET /v2.0/ports?device_id=ceb32131-b2fc-4540-94f6-a73b640c15b7 HTTP/1.1" status: 200 len: 205 time: 0.0186856
