2026-05-11 06:49:54.461 10 INFO neutron.wsgi [None req-c4d006ed-b5cb-4bb2-b96b-eeb442965af3 26fe551495e348f594bc974560f23e7e 5e7bbc46f3c74301beae88e9a6da1c92 - - default default] 10.0.0.246 "POST /v2.0/subnets HTTP/1.1" status: 201 len: 832 time: 0.9234278
2026-05-11 06:49:54.721 10 INFO neutron.wsgi [None req-9f9d22d4-e392-4eda-b5c0-5431c80d27e0 76e3a2dfff8e4ac59b3b1fa8d38697ca c7e47d23f99247f6a28973aa52695d57 - - default default] 10.0.0.246 "GET /v2.0/subnetpools?name=shared-default-subnetpool-v6 HTTP/1.1" status: 200 len: 212 time: 0.2530229
2026-05-11 06:49:55.040 10 WARNING neutron.scheduler.dhcp_agent_scheduler [None req-eced829a-1724-4ca8-b105-1eb3faab66ea 26fe551495e348f594bc974560f23e7e 5e7bbc46f3c74301beae88e9a6da1c92 - - default default] No more DHCP agents
2026-05-11 06:49:55.042 10 WARNING neutron.api.rpc.agentnotifiers.dhcp_rpc_agent_api [None req-eced829a-1724-4ca8-b105-1eb3faab66ea 26fe551495e348f594bc974560f23e7e 5e7bbc46f3c74301beae88e9a6da1c92 - - default default] Unable to schedule network d7bb7c3e-23a1-4b12-a2d1-e5d3303490b4: no agents available; will retry on subsequent port and subnet creation events.
2026-05-11 06:49:55.091 10 INFO neutron.db.ovn_revision_numbers_db [None req-eced829a-1724-4ca8-b105-1eb3faab66ea 26fe551495e348f594bc974560f23e7e 5e7bbc46f3c74301beae88e9a6da1c92 - - default default] Successfully bumped revision number for resource 4844f19e-5a10-41fd-b70e-4b2a15cffecd (type: subnets) to 0
2026-05-11 06:49:55.114 10 INFO neutron.wsgi [None req-eced829a-1724-4ca8-b105-1eb3faab66ea 26fe551495e348f594bc974560f23e7e 5e7bbc46f3c74301beae88e9a6da1c92 - - default default] 10.0.0.246 "POST /v2.0/subnets HTTP/1.1" status: 201 len: 907 time: 0.3866765
2026-05-11 06:49:55.224 10 INFO neutron.db.segments_db [None req-7c6ac347-83ff-4924-8f4f-a863ca67aa59 26fe551495e348f594bc974560f23e7e 5e7bbc46f3c74301beae88e9a6da1c92 - - default default] Added segment 05e0f095-a250-4a4f-9ffa-2b1967762a84 of type geneve for network e2f56000-e8fc-4be8-9a00-48d9961265b1
2026-05-11 06:49:55.446 10 INFO neutron.db.ovn_revision_numbers_db [None req-7c6ac347-83ff-4924-8f4f-a863ca67aa59 26fe551495e348f594bc974560f23e7e 5e7bbc46f3c74301beae88e9a6da1c92 - - default default] Successfully bumped revision number for resource e2f56000-e8fc-4be8-9a00-48d9961265b1 (type: networks) to 1
2026-05-11 06:49:55.664 10 WARNING neutron.scheduler.dhcp_agent_scheduler [None req-7c6ac347-83ff-4924-8f4f-a863ca67aa59 26fe551495e348f594bc974560f23e7e 5e7bbc46f3c74301beae88e9a6da1c92 - - default default] No more DHCP agents
2026-05-11 06:49:55.666 10 WARNING neutron.api.rpc.agentnotifiers.dhcp_rpc_agent_api [None req-7c6ac347-83ff-4924-8f4f-a863ca67aa59 26fe551495e348f594bc974560f23e7e 5e7bbc46f3c74301beae88e9a6da1c92 - - default default] Unable to schedule network e2f56000-e8fc-4be8-9a00-48d9961265b1: no agents available; will retry on subsequent port and subnet creation events.
2026-05-11 06:49:55.755 10 INFO neutron.db.ovn_revision_numbers_db [None req-7c6ac347-83ff-4924-8f4f-a863ca67aa59 26fe551495e348f594bc974560f23e7e 5e7bbc46f3c74301beae88e9a6da1c92 - - default default] Successfully bumped revision number for resource b245c818-ec9a-4d04-b8db-0059e1383471 (type: ports) to 1
2026-05-11 06:49:55.776 10 INFO neutron.wsgi [None req-7c6ac347-83ff-4924-8f4f-a863ca67aa59 26fe551495e348f594bc974560f23e7e 5e7bbc46f3c74301beae88e9a6da1c92 - - default default] 10.0.0.246 "POST /v2.0/networks HTTP/1.1" status: 201 len: 837 time: 0.6565037
2026-05-11 06:49:56.097 10 WARNING neutron.scheduler.dhcp_agent_scheduler [None req-7b2ec8a4-b7ed-4cee-baab-f2ce5c33b579 26fe551495e348f594bc974560f23e7e 5e7bbc46f3c74301beae88e9a6da1c92 - - default default] No more DHCP agents
2026-05-11 06:49:56.101 10 WARNING neutron.api.rpc.agentnotifiers.dhcp_rpc_agent_api [None req-7b2ec8a4-b7ed-4cee-baab-f2ce5c33b579 26fe551495e348f594bc974560f23e7e 5e7bbc46f3c74301beae88e9a6da1c92 - - default default] Unable to schedule network e2f56000-e8fc-4be8-9a00-48d9961265b1: no agents available; will retry on subsequent port and subnet creation events.
2026-05-11 06:49:56.371 9 INFO neutron.wsgi [req-1d1b207d-b736-4bac-990b-5514b2ac7395 req-205bdf5b-c493-4270-b3dc-280a2abf4df9 dc0236e32fdd4858bcc32f250aaf05ce 79ce8942d243454cbf729108076aebf2 - - 78055b8278ed499887689ee8ce2879fc 78055b8278ed499887689ee8ce2879fc] 10.0.0.116 "GET /v2.0/ports?device_id=fcd0672a-9097-4eb8-976c-24f6373c2138 HTTP/1.1" status: 200 len: 1413 time: 0.0462060
2026-05-11 06:49:56.422 9 INFO neutron.wsgi [req-1d1b207d-b736-4bac-990b-5514b2ac7395 req-c433b889-b073-4563-9345-7d1d83a5d820 dc0236e32fdd4858bcc32f250aaf05ce 79ce8942d243454cbf729108076aebf2 - - 78055b8278ed499887689ee8ce2879fc 78055b8278ed499887689ee8ce2879fc] 10.0.0.116 "GET /v2.0/security-groups?id=fae05ff5-786d-4900-b6f5-83913393aa81&fields=id&fields=name HTTP/1.1" status: 200 len: 312 time: 0.0422304
2026-05-11 06:49:56.659 10 INFO neutron.db.ovn_revision_numbers_db [None req-7b2ec8a4-b7ed-4cee-baab-f2ce5c33b579 26fe551495e348f594bc974560f23e7e 5e7bbc46f3c74301beae88e9a6da1c92 - - default default] Successfully bumped revision number for resource b245c818-ec9a-4d04-b8db-0059e1383471 (type: ports) to 2
2026-05-11 06:49:56.694 10 INFO neutron.db.ovn_revision_numbers_db [None req-7b2ec8a4-b7ed-4cee-baab-f2ce5c33b579 26fe551495e348f594bc974560f23e7e 5e7bbc46f3c74301beae88e9a6da1c92 - - default default] Successfully bumped revision number for resource e04ea118-0071-4a6f-9528-4ab3f1118415 (type: subnets) to 0
2026-05-11 06:49:56.709 10 INFO neutron.wsgi [None req-7b2ec8a4-b7ed-4cee-baab-f2ce5c33b579 26fe551495e348f594bc974560f23e7e 5e7bbc46f3c74301beae88e9a6da1c92 - - default default] 10.0.0.246 "POST /v2.0/subnets HTTP/1.1" status: 201 len: 830 time: 0.9266472
2026-05-11 06:49:56.995 9 INFO neutron.db.ovn_revision_numbers_db [None req-9bb82591-2215-498e-b22d-a46c78fdf7a0 3dbb73b3c4b347d8bb7df54332bc73c3 b34fc8a8cf8644b08b5ef6f2004726d8 - - default default] Successfully bumped revision number for resource 26f111a4-9b2f-4708-b6e3-c81720ac3467 (type: security_groups) to 1
2026-05-11 06:49:57.011 9 INFO neutron.db.ovn_revision_numbers_db [None req-9bb82591-2215-498e-b22d-a46c78fdf7a0 3dbb73b3c4b347d8bb7df54332bc73c3 b34fc8a8cf8644b08b5ef6f2004726d8 - - default default] Successfully bumped revision number for resource 086acc1f-9b50-4cbb-9941-f0e03347cccb (type: security_group_rules) to 0
2026-05-11 06:49:57.021 10 WARNING neutron.scheduler.dhcp_agent_scheduler [None req-46a298a7-975f-4381-ab39-840f4edf45d4 26fe551495e348f594bc974560f23e7e 5e7bbc46f3c74301beae88e9a6da1c92 - - default default] No more DHCP agents
2026-05-11 06:49:57.024 10 WARNING neutron.api.rpc.agentnotifiers.dhcp_rpc_agent_api [None req-46a298a7-975f-4381-ab39-840f4edf45d4 26fe551495e348f594bc974560f23e7e 5e7bbc46f3c74301beae88e9a6da1c92 - - default default] Unable to schedule network e2f56000-e8fc-4be8-9a00-48d9961265b1: no agents available; will retry on subsequent port and subnet creation events.
2026-05-11 06:49:57.027 9 INFO neutron.db.ovn_revision_numbers_db [None req-9bb82591-2215-498e-b22d-a46c78fdf7a0 3dbb73b3c4b347d8bb7df54332bc73c3 b34fc8a8cf8644b08b5ef6f2004726d8 - - default default] Successfully bumped revision number for resource 2af0c36a-408c-49ba-8197-ac605ede3965 (type: security_group_rules) to 0
2026-05-11 06:49:57.045 9 INFO neutron.db.ovn_revision_numbers_db [None req-9bb82591-2215-498e-b22d-a46c78fdf7a0 3dbb73b3c4b347d8bb7df54332bc73c3 b34fc8a8cf8644b08b5ef6f2004726d8 - - default default] Successfully bumped revision number for resource d0b2040e-0caf-45a8-b9cd-aeb56a921b3a (type: security_group_rules) to 0
2026-05-11 06:49:57.064 9 INFO neutron.db.ovn_revision_numbers_db [None req-9bb82591-2215-498e-b22d-a46c78fdf7a0 3dbb73b3c4b347d8bb7df54332bc73c3 b34fc8a8cf8644b08b5ef6f2004726d8 - - default default] Successfully bumped revision number for resource e11eedef-1ce4-41ba-b5b5-9c656d0ac240 (type: security_group_rules) to 0
2026-05-11 06:49:57.077 10 INFO neutron.db.ovn_revision_numbers_db [None req-46a298a7-975f-4381-ab39-840f4edf45d4 26fe551495e348f594bc974560f23e7e 5e7bbc46f3c74301beae88e9a6da1c92 - - default default] Successfully bumped revision number for resource 353536ab-f398-4048-b021-ceefec223689 (type: subnets) to 0
2026-05-11 06:49:57.098 10 INFO neutron.wsgi [None req-46a298a7-975f-4381-ab39-840f4edf45d4 26fe551495e348f594bc974560f23e7e 5e7bbc46f3c74301beae88e9a6da1c92 - - default default] 10.0.0.246 "POST /v2.0/subnets HTTP/1.1" status: 201 len: 901 time: 0.3831677
2026-05-11 06:49:57.143 9 INFO neutron.db.ovn_revision_numbers_db [None req-9bb82591-2215-498e-b22d-a46c78fdf7a0 3dbb73b3c4b347d8bb7df54332bc73c3 b34fc8a8cf8644b08b5ef6f2004726d8 - - default default] Successfully bumped revision number for resource 3596edc8-e1b0-4962-9aa4-1b8c52832936 (type: security_groups) to 1
2026-05-11 06:49:57.158 9 INFO neutron.db.ovn_revision_numbers_db [None req-9bb82591-2215-498e-b22d-a46c78fdf7a0 3dbb73b3c4b347d8bb7df54332bc73c3 b34fc8a8cf8644b08b5ef6f2004726d8 - - default default] Successfully bumped revision number for resource 39b1471d-0eb9-406f-95b9-d1c7951b7f01 (type: security_group_rules) to 0
2026-05-11 06:49:57.172 9 INFO neutron.db.ovn_revision_numbers_db [None req-9bb82591-2215-498e-b22d-a46c78fdf7a0 3dbb73b3c4b347d8bb7df54332bc73c3 b34fc8a8cf8644b08b5ef6f2004726d8 - - default default] Successfully bumped revision number for resource 8b6a627f-91d2-460c-8ede-6264f2bb823c (type: security_group_rules) to 0
2026-05-11 06:49:57.202 10 INFO neutron.db.segments_db [None req-f3adf613-0889-4f60-824a-871f2a047598 26fe551495e348f594bc974560f23e7e 5e7bbc46f3c74301beae88e9a6da1c92 - - default default] Added segment f1a9a1ff-ef29-42a9-8c0f-8a69403d6f9f of type geneve for network 22b8d26f-8ec1-4ee8-9012-d0e1d8ec1674
2026-05-11 06:49:57.208 9 INFO neutron.wsgi [None req-9bb82591-2215-498e-b22d-a46c78fdf7a0 3dbb73b3c4b347d8bb7df54332bc73c3 b34fc8a8cf8644b08b5ef6f2004726d8 - - default default] 10.0.0.246 "POST /v2.0/security-groups HTTP/1.1" status: 201 len: 1739 time: 0.5124311
2026-05-11 06:49:57.248 9 INFO neutron.wsgi [None req-d10a52b6-2fc2-42b8-9b4d-fd2c04797fd3 3dbb73b3c4b347d8bb7df54332bc73c3 b34fc8a8cf8644b08b5ef6f2004726d8 - - default default] 10.0.0.246 "PUT /v2.0/security-groups/3596edc8-e1b0-4962-9aa4-1b8c52832936/tags HTTP/1.1" status: 200 len: 218 time: 0.0332773
2026-05-11 06:49:57.276 9 INFO neutron.wsgi [None req-aa5f330c-c0ec-4e73-971d-c821af390325 3dbb73b3c4b347d8bb7df54332bc73c3 b34fc8a8cf8644b08b5ef6f2004726d8 - - default default] 10.0.0.246 "GET /v2.0/security-groups/3596edc8-e1b0-4962-9aa4-1b8c52832936/tags HTTP/1.1" status: 200 len: 218 time: 0.0221670
2026-05-11 06:49:57.313 9 INFO neutron.wsgi [None req-b064a35b-74b6-4d4a-877c-132203a48dd5 3dbb73b3c4b347d8bb7df54332bc73c3 b34fc8a8cf8644b08b5ef6f2004726d8 - - default default] 10.0.0.246 "PUT /v2.0/security-groups/3596edc8-e1b0-4962-9aa4-1b8c52832936/tags/green HTTP/1.1" status: 201 len: 201 time: 0.0324728
2026-05-11 06:49:57.354 10 INFO neutron.wsgi [None req-19fab270-0572-4213-a87f-c398c681f6a2 3dbb73b3c4b347d8bb7df54332bc73c3 b34fc8a8cf8644b08b5ef6f2004726d8 - - default default] 10.0.0.246 "GET /v2.0/security-groups/3596edc8-e1b0-4962-9aa4-1b8c52832936/tags HTTP/1.1" status: 200 len: 227 time: 0.0328982
2026-05-11 06:49:57.361 10 INFO neutron.db.ovn_revision_numbers_db [None req-f3adf613-0889-4f60-824a-871f2a047598 26fe551495e348f594bc974560f23e7e 5e7bbc46f3c74301beae88e9a6da1c92 - - default default] Successfully bumped revision number for resource 22b8d26f-8ec1-4ee8-9012-d0e1d8ec1674 (type: networks) to 1
2026-05-11 06:49:57.396 10 INFO neutron.wsgi [None req-6e3515c5-d4ad-498a-a2ce-1af93683961f 3dbb73b3c4b347d8bb7df54332bc73c3 b34fc8a8cf8644b08b5ef6f2004726d8 - - default default] 10.0.0.246 "PUT /v2.0/security-groups/3596edc8-e1b0-4962-9aa4-1b8c52832936/tags/red HTTP/1.1" status: 201 len: 201 time: 0.0362387
2026-05-11 06:49:57.396 9 INFO neutron.wsgi [-] 10.0.0.247 "GET / HTTP/1.1" status: 200 len: 247 time: 0.0030055
2026-05-11 06:49:57.401 9 INFO neutron.wsgi [-] 10.0.0.247 "GET / HTTP/1.1" status: 200 len: 247 time: 0.0029621
2026-05-11 06:49:57.428 10 INFO neutron.wsgi [None req-b90e7240-2459-4c9a-a63a-904c36f22aca 3dbb73b3c4b347d8bb7df54332bc73c3 b34fc8a8cf8644b08b5ef6f2004726d8 - - default default] 10.0.0.246 "GET /v2.0/security-groups/3596edc8-e1b0-4962-9aa4-1b8c52832936/tags HTTP/1.1" status: 200 len: 227 time: 0.0248213
2026-05-11 06:49:57.465 9 INFO neutron.wsgi [None req-133b07f8-2cf5-45bb-8865-9c3dd1b0b277 3dbb73b3c4b347d8bb7df54332bc73c3 b34fc8a8cf8644b08b5ef6f2004726d8 - - default default] 10.0.0.246 "PUT /v2.0/security-groups/3596edc8-e1b0-4962-9aa4-1b8c52832936/tags/black.or.white HTTP/1.1" status: 201 len: 201 time: 0.0314178
2026-05-11 06:49:57.488 9 INFO neutron.wsgi [None req-ed758fb2-d05e-456f-9a14-512f9194a000 3dbb73b3c4b347d8bb7df54332bc73c3 b34fc8a8cf8644b08b5ef6f2004726d8 - - default default] 10.0.0.246 "GET /v2.0/security-groups/3596edc8-e1b0-4962-9aa4-1b8c52832936/tags HTTP/1.1" status: 200 len: 245 time: 0.0183110
2026-05-11 06:49:57.528 9 INFO neutron.wsgi [None req-623c9664-6432-4416-b6c8-ab7f1595d485 3dbb73b3c4b347d8bb7df54332bc73c3 b34fc8a8cf8644b08b5ef6f2004726d8 - - default default] 10.0.0.246 "PUT /v2.0/security-groups/3596edc8-e1b0-4962-9aa4-1b8c52832936/tags HTTP/1.1" status: 200 len: 230 time: 0.0329940
2026-05-11 06:49:57.555 9 INFO neutron.wsgi [None req-94c694b4-dfb8-4b97-a3f9-b2e594e632a4 3dbb73b3c4b347d8bb7df54332bc73c3 b34fc8a8cf8644b08b5ef6f2004726d8 - - default default] 10.0.0.246 "GET /v2.0/security-groups/3596edc8-e1b0-4962-9aa4-1b8c52832936/tags HTTP/1.1" status: 200 len: 230 time: 0.0199876
2026-05-11 06:49:57.581 9 INFO neutron.wsgi [None req-719f0419-be33-4753-a54a-3c124b56205c 3dbb73b3c4b347d8bb7df54332bc73c3 b34fc8a8cf8644b08b5ef6f2004726d8 - - default default] 10.0.0.246 "GET /v2.0/security-groups/3596edc8-e1b0-4962-9aa4-1b8c52832936/tags/red HTTP/1.1" status: 204 len: 168 time: 0.0206938
2026-05-11 06:49:57.583 10 WARNING neutron.scheduler.dhcp_agent_scheduler [None req-f3adf613-0889-4f60-824a-871f2a047598 26fe551495e348f594bc974560f23e7e 5e7bbc46f3c74301beae88e9a6da1c92 - - default default] No more DHCP agents
2026-05-11 06:49:57.586 10 WARNING neutron.api.rpc.agentnotifiers.dhcp_rpc_agent_api [None req-f3adf613-0889-4f60-824a-871f2a047598 26fe551495e348f594bc974560f23e7e 5e7bbc46f3c74301beae88e9a6da1c92 - - default default] Unable to schedule network 22b8d26f-8ec1-4ee8-9012-d0e1d8ec1674: no agents available; will retry on subsequent port and subnet creation events.
2026-05-11 06:49:57.604 9 INFO neutron.api.v2.resource [None req-579d47ad-0a68-4c3e-a2cf-8af3cbd8d9a3 3dbb73b3c4b347d8bb7df54332bc73c3 b34fc8a8cf8644b08b5ef6f2004726d8 - - default default] show failed (client error): The resource could not be found.
2026-05-11 06:49:57.606 9 INFO neutron.wsgi [None req-579d47ad-0a68-4c3e-a2cf-8af3cbd8d9a3 3dbb73b3c4b347d8bb7df54332bc73c3 b34fc8a8cf8644b08b5ef6f2004726d8 - - default default] 10.0.0.246 "GET /v2.0/security-groups/3596edc8-e1b0-4962-9aa4-1b8c52832936/tags/green HTTP/1.1" status: 404 len: 299 time: 0.0196366
2026-05-11 06:49:57.644 9 INFO neutron.wsgi [None req-d4781997-0781-4a2f-9cd8-3790f1ff1d13 3dbb73b3c4b347d8bb7df54332bc73c3 b34fc8a8cf8644b08b5ef6f2004726d8 - - default default] 10.0.0.246 "DELETE /v2.0/security-groups/3596edc8-e1b0-4962-9aa4-1b8c52832936/tags/red HTTP/1.1" status: 204 len: 168 time: 0.0326462
2026-05-11 06:49:57.692 9 INFO neutron.wsgi [None req-ba0cabaa-a3ce-4a0d-8a65-c97d8ad2c377 3dbb73b3c4b347d8bb7df54332bc73c3 b34fc8a8cf8644b08b5ef6f2004726d8 - - default default] 10.0.0.246 "GET /v2.0/security-groups/3596edc8-e1b0-4962-9aa4-1b8c52832936/tags HTTP/1.1" status: 200 len: 223 time: 0.0425489
2026-05-11 06:49:57.694 10 INFO neutron.db.ovn_revision_numbers_db [None req-f3adf613-0889-4f60-824a-871f2a047598 26fe551495e348f594bc974560f23e7e 5e7bbc46f3c74301beae88e9a6da1c92 - - default default] Successfully bumped revision number for resource f34272a9-c1f2-41ea-b12c-7b2b75686545 (type: ports) to 1
2026-05-11 06:49:57.720 10 INFO neutron.wsgi [None req-f3adf613-0889-4f60-824a-871f2a047598 26fe551495e348f594bc974560f23e7e 5e7bbc46f3c74301beae88e9a6da1c92 - - default default] 10.0.0.246 "POST /v2.0/networks HTTP/1.1" status: 201 len: 837 time: 0.6150620
2026-05-11 06:49:57.723 9 INFO neutron.api.v2.resource [None req-82b6e578-a6df-4f7c-b6e1-6021fc002ec0 3dbb73b3c4b347d8bb7df54332bc73c3 b34fc8a8cf8644b08b5ef6f2004726d8 - - default default] delete failed (client error): The resource could not be found.
2026-05-11 06:49:57.726 9 INFO neutron.wsgi [None req-82b6e578-a6df-4f7c-b6e1-6021fc002ec0 3dbb73b3c4b347d8bb7df54332bc73c3 b34fc8a8cf8644b08b5ef6f2004726d8 - - default default] 10.0.0.246 "DELETE /v2.0/security-groups/3596edc8-e1b0-4962-9aa4-1b8c52832936/tags/green HTTP/1.1" status: 404 len: 299 time: 0.0261486
2026-05-11 06:49:57.770 9 INFO neutron.wsgi [None req-6532f947-28cf-47ab-a4b3-9f8e62ff2c71 3dbb73b3c4b347d8bb7df54332bc73c3 b34fc8a8cf8644b08b5ef6f2004726d8 - - default default] 10.0.0.246 "DELETE /v2.0/security-groups/3596edc8-e1b0-4962-9aa4-1b8c52832936/tags HTTP/1.1" status: 204 len: 168 time: 0.0385547
2026-05-11 06:49:57.797 9 INFO neutron.wsgi [None req-4675255c-835f-42aa-a93a-b088578e4a31 3dbb73b3c4b347d8bb7df54332bc73c3 b34fc8a8cf8644b08b5ef6f2004726d8 - - default default] 10.0.0.246 "GET /v2.0/security-groups/3596edc8-e1b0-4962-9aa4-1b8c52832936/tags HTTP/1.1" status: 200 len: 205 time: 0.0205050
2026-05-11 06:49:57.929 9 INFO neutron.wsgi [None req-e7d66bd0-6a6b-4ad2-abb0-956190deee72 3dbb73b3c4b347d8bb7df54332bc73c3 b34fc8a8cf8644b08b5ef6f2004726d8 - - default default] 10.0.0.246 "DELETE /v2.0/security-groups/3596edc8-e1b0-4962-9aa4-1b8c52832936 HTTP/1.1" status: 204 len: 168 time: 0.1234953
2026-05-11 06:49:57.932 10 WARNING neutron.scheduler.dhcp_agent_scheduler [None req-3f5fbe33-cb19-4aed-9f5e-4509a3ad4d4c 26fe551495e348f594bc974560f23e7e 5e7bbc46f3c74301beae88e9a6da1c92 - - default default] No more DHCP agents
2026-05-11 06:49:57.934 10 WARNING neutron.api.rpc.agentnotifiers.dhcp_rpc_agent_api [None req-3f5fbe33-cb19-4aed-9f5e-4509a3ad4d4c 26fe551495e348f594bc974560f23e7e 5e7bbc46f3c74301beae88e9a6da1c92 - - default default] Unable to schedule network 22b8d26f-8ec1-4ee8-9012-d0e1d8ec1674: no agents available; will retry on subsequent port and subnet creation events.
2026-05-11 06:49:58.440 10 INFO neutron.db.ovn_revision_numbers_db [None req-3f5fbe33-cb19-4aed-9f5e-4509a3ad4d4c 26fe551495e348f594bc974560f23e7e 5e7bbc46f3c74301beae88e9a6da1c92 - - default default] Successfully bumped revision number for resource f34272a9-c1f2-41ea-b12c-7b2b75686545 (type: ports) to 2
2026-05-11 06:49:58.470 10 INFO neutron.db.ovn_revision_numbers_db [None req-3f5fbe33-cb19-4aed-9f5e-4509a3ad4d4c 26fe551495e348f594bc974560f23e7e 5e7bbc46f3c74301beae88e9a6da1c92 - - default default] Successfully bumped revision number for resource 3c5e9da6-3300-4a24-95e6-a68e4d877e95 (type: subnets) to 0
2026-05-11 06:49:58.486 10 INFO neutron.wsgi [None req-3f5fbe33-cb19-4aed-9f5e-4509a3ad4d4c 26fe551495e348f594bc974560f23e7e 5e7bbc46f3c74301beae88e9a6da1c92 - - default default] 10.0.0.246 "POST /v2.0/subnets HTTP/1.1" status: 201 len: 831 time: 0.7599671
2026-05-11 06:49:58.779 10 WARNING neutron.scheduler.dhcp_agent_scheduler [None req-73b07a20-0db1-4415-84de-6fcbc542f9a3 26fe551495e348f594bc974560f23e7e 5e7bbc46f3c74301beae88e9a6da1c92 - - default default] No more DHCP agents
2026-05-11 06:49:58.781 10 WARNING neutron.api.rpc.agentnotifiers.dhcp_rpc_agent_api [None req-73b07a20-0db1-4415-84de-6fcbc542f9a3 26fe551495e348f594bc974560f23e7e 5e7bbc46f3c74301beae88e9a6da1c92 - - default default] Unable to schedule network 22b8d26f-8ec1-4ee8-9012-d0e1d8ec1674: no agents available; will retry on subsequent port and subnet creation events.
2026-05-11 06:49:58.821 10 INFO neutron.db.ovn_revision_numbers_db [None req-73b07a20-0db1-4415-84de-6fcbc542f9a3 26fe551495e348f594bc974560f23e7e 5e7bbc46f3c74301beae88e9a6da1c92 - - default default] Successfully bumped revision number for resource f6a3eef2-f516-4482-9553-1ad0e81bd159 (type: subnets) to 0
2026-05-11 06:49:58.854 10 INFO neutron.wsgi [None req-73b07a20-0db1-4415-84de-6fcbc542f9a3 26fe551495e348f594bc974560f23e7e 5e7bbc46f3c74301beae88e9a6da1c92 - - default default] 10.0.0.246 "POST /v2.0/subnets HTTP/1.1" status: 201 len: 905 time: 0.3557816
2026-05-11 06:49:58.966 10 INFO neutron.db.ovn_revision_numbers_db [None req-84b86ccf-9e5e-4196-8ef9-5755f6b74338 8f11e13f652648618d8e2083f01bdc5a d561b5f6f80946029585bce87c82f0af - - default default] Successfully bumped revision number for resource 911edd4f-e6ba-4bb7-adcd-f1c14d10d77b (type: security_groups) to 1
2026-05-11 06:49:58.984 10 INFO neutron.db.ovn_revision_numbers_db [None req-84b86ccf-9e5e-4196-8ef9-5755f6b74338 8f11e13f652648618d8e2083f01bdc5a d561b5f6f80946029585bce87c82f0af - - default default] Successfully bumped revision number for resource 5b306878-1b16-4497-8014-3328dea88704 (type: security_group_rules) to 0
2026-05-11 06:49:59.002 10 INFO neutron.db.ovn_revision_numbers_db [None req-84b86ccf-9e5e-4196-8ef9-5755f6b74338 8f11e13f652648618d8e2083f01bdc5a d561b5f6f80946029585bce87c82f0af - - default default] Successfully bumped revision number for resource 8f7b9275-a9dd-4558-85f9-7c5edb1b85d9 (type: security_group_rules) to 0
2026-05-11 06:49:59.021 10 INFO neutron.db.ovn_revision_numbers_db [None req-84b86ccf-9e5e-4196-8ef9-5755f6b74338 8f11e13f652648618d8e2083f01bdc5a d561b5f6f80946029585bce87c82f0af - - default default] Successfully bumped revision number for resource c059d466-8d87-4408-8797-aff00e935828 (type: security_group_rules) to 0
2026-05-11 06:49:59.039 10 INFO neutron.db.ovn_revision_numbers_db [None req-84b86ccf-9e5e-4196-8ef9-5755f6b74338 8f11e13f652648618d8e2083f01bdc5a d561b5f6f80946029585bce87c82f0af - - default default] Successfully bumped revision number for resource efa33aae-2a00-48d2-8301-d5d02e9ecaa9 (type: security_group_rules) to 0
2026-05-11 06:49:59.063 10 INFO neutron.wsgi [None req-84b86ccf-9e5e-4196-8ef9-5755f6b74338 8f11e13f652648618d8e2083f01bdc5a d561b5f6f80946029585bce87c82f0af - - default default] 10.0.0.246 "GET /v2.0/security-groups?tenant_id=8789c2911a2a4a488fe61d84e6ce6903&name=default HTTP/1.1" status: 200 len: 3000 time: 0.3518696
2026-05-11 06:49:59.221 9 INFO neutron.plugins.ml2.drivers.ovn.mech_driver.mech_driver [None req-a8ebba4a-593c-42b3-8ae9-66631b2f8142 - - - - - -] OVN reports status down for port: 7bce68d7-92f8-4168-961b-ab3843c9525d
2026-05-11 06:49:59.269 10 INFO neutron.wsgi [None req-dcc11aaf-0f89-4f06-83b9-e477ce0be254 8f11e13f652648618d8e2083f01bdc5a d561b5f6f80946029585bce87c82f0af - - default default] 10.0.0.246 "DELETE /v2.0/security-groups/911edd4f-e6ba-4bb7-adcd-f1c14d10d77b HTTP/1.1" status: 204 len: 168 time: 0.2004833
2026-05-11 06:49:59.318 9 INFO neutron.wsgi [req-8b7588cd-5454-4975-b9b8-ddb8ade44181 req-1f1ab9aa-091e-4849-bae6-966b270e4c76 17a7ec6eb592409fa03ce35507112eb5 1dce23822f514d83a7f10201a16a7d2f - - default default] 10.0.0.248 "GET /v2.0/ports?device_id=fcd0672a-9097-4eb8-976c-24f6373c2138 HTTP/1.1" status: 200 len: 1174 time: 0.1479826
2026-05-11 06:49:59.410 9 INFO neutron.wsgi [req-8b7588cd-5454-4975-b9b8-ddb8ade44181 req-c77a1e81-a294-4ac6-a98d-2b246450e2df 17a7ec6eb592409fa03ce35507112eb5 1dce23822f514d83a7f10201a16a7d2f - - default default] 10.0.0.248 "GET /v2.0/security-groups?id=fae05ff5-786d-4900-b6f5-83913393aa81&fields=id&fields=name HTTP/1.1" status: 200 len: 312 time: 0.0824518
2026-05-11 06:49:59.426 9 INFO neutron.notifiers.nova [-] Nova event matching ['req-870715c8-4a52-4d40-a358-4c3f6b4c51ff'] response: {'server_uuid': 'fcd0672a-9097-4eb8-976c-24f6373c2138', 'name': 'network-vif-unplugged', 'status': 'completed', 'tag': '7bce68d7-92f8-4168-961b-ab3843c9525d', 'code': 200}
2026-05-11 06:49:59.461 10 INFO neutron.wsgi [None req-9a115739-3118-4611-951f-2e6c65052dd2 8f11e13f652648618d8e2083f01bdc5a d561b5f6f80946029585bce87c82f0af - - default default] 10.0.0.246 "GET /v2.0/security-groups?tenant_id=b34fc8a8cf8644b08b5ef6f2004726d8&name=default HTTP/1.1" status: 200 len: 3000 time: 0.0383134
2026-05-11 06:49:59.510 15 INFO neutron.plugins.ml2.drivers.ovn.mech_driver.ovsdb.maintenance [None req-bad756f2-99d8-4700-9750-7755b2fcc035 - - - - - -] Maintenance task: Synchronization finished (took 2.40 seconds)
2026-05-11 06:49:59.563 9 WARNING neutron.scheduler.dhcp_agent_scheduler [None req-f89abc86-cb80-48de-88e2-7951e4454db0 26fe551495e348f594bc974560f23e7e 5e7bbc46f3c74301beae88e9a6da1c92 - - default default] No more DHCP agents
2026-05-11 06:49:59.566 9 WARNING neutron.api.rpc.agentnotifiers.dhcp_rpc_agent_api [None req-f89abc86-cb80-48de-88e2-7951e4454db0 26fe551495e348f594bc974560f23e7e 5e7bbc46f3c74301beae88e9a6da1c92 - - default default] Unable to schedule network 1135f919-493e-418d-831d-9ad1dc8ea475: no agents available; will retry on subsequent port and subnet creation events.
2026-05-11 06:49:59.610 10 INFO neutron.wsgi [req-a2cfe58c-2d34-4a00-9037-c3738a36c8ec req-c09e21d5-ed74-4c51-99a0-5b5a4cb861f7 17a7ec6eb592409fa03ce35507112eb5 1dce23822f514d83a7f10201a16a7d2f - - default default] 199.204.45.222 "GET /v2.0/ports?device_id=fcd0672a-9097-4eb8-976c-24f6373c2138 HTTP/1.1" status: 200 len: 1172 time: 0.1186063
2026-05-11 06:49:59.642 9 INFO neutron.db.ovn_revision_numbers_db [None req-a8ebba4a-593c-42b3-8ae9-66631b2f8142 - - - - - -] Successfully bumped revision number for resource 7bce68d7-92f8-4168-961b-ab3843c9525d (type: ports) to 5
2026-05-11 06:49:59.745 9 INFO neutron.db.ovn_revision_numbers_db [None req-f89abc86-cb80-48de-88e2-7951e4454db0 26fe551495e348f594bc974560f23e7e 5e7bbc46f3c74301beae88e9a6da1c92 - - default default] Successfully bumped revision number for resource 52723971-38b9-4096-a9d5-65ccd8c62529 (type: ports) to 1
2026-05-11 06:49:59.756 10 INFO neutron.wsgi [None req-e6321b22-3484-4d8e-ab91-9bb6bf8a16f0 8f11e13f652648618d8e2083f01bdc5a d561b5f6f80946029585bce87c82f0af - - default default] 10.0.0.246 "DELETE /v2.0/security-groups/26f111a4-9b2f-4708-b6e3-c81720ac3467 HTTP/1.1" status: 204 len: 168 time: 0.2894325
2026-05-11 06:49:59.929 10 INFO neutron.db.l3_db [req-a2cfe58c-2d34-4a00-9037-c3738a36c8ec req-549cccb2-50cf-4b5a-903c-b8798ac3d825 17a7ec6eb592409fa03ce35507112eb5 1dce23822f514d83a7f10201a16a7d2f - - default default] Floating IP 26d9e5a6-1209-440d-81e8-c497392432f5 disassociated. External IP: 10.96.250.204, port: 7bce68d7-92f8-4168-961b-ab3843c9525d.
2026-05-11 06:50:00.110 10 INFO neutron.wsgi [req-a2cfe58c-2d34-4a00-9037-c3738a36c8ec req-549cccb2-50cf-4b5a-903c-b8798ac3d825 17a7ec6eb592409fa03ce35507112eb5 1dce23822f514d83a7f10201a16a7d2f - - default default] 199.204.45.222 "DELETE /v2.0/ports/7bce68d7-92f8-4168-961b-ab3843c9525d HTTP/1.1" status: 204 len: 173 time: 0.4954336
2026-05-11 06:50:00.146 10 INFO neutron.notifiers.nova [-] Nova event matching ['req-3aa392ee-fab4-4c21-97e9-77143b37739e'] response: {'server_uuid': 'fcd0672a-9097-4eb8-976c-24f6373c2138', 'name': 'network-vif-deleted', 'tag': '7bce68d7-92f8-4168-961b-ab3843c9525d', 'status': 'completed', 'code': 200} /var/lib/openstack/lib/python3.10/site-packages/pycadf/identifier.py:71: UserWarning: Invalid uuid: neutron. To ensure interoperability, identifiers should be a valid uuid. warnings.warn(('Invalid uuid: %s. To ensure interoperability, '
2026-05-11 06:50:00.694 9 INFO neutron.wsgi [None req-ea64b409-2f48-48c7-bf96-7ce14ed8a0ba 17a7ec6eb592409fa03ce35507112eb5 1dce23822f514d83a7f10201a16a7d2f - - default default] 10.0.0.246 "DELETE /v2.0/security-groups/fae05ff5-786d-4900-b6f5-83913393aa81 HTTP/1.1" status: 204 len: 168 time: 0.2217824
2026-05-11 06:50:00.727 10 INFO neutron.plugins.ml2.drivers.ovn.mech_driver.mech_driver [None req-dd688fe9-a96b-48d8-a36e-17e18e12d768 - - - - - -] OVN reports status up for port: 52723971-38b9-4096-a9d5-65ccd8c62529
2026-05-11 06:50:00.751 10 INFO neutron.plugins.ml2.drivers.ovn.mech_driver.ovsdb.ovsdb_monitor [None req-5f34bdda-1015-4e92-98b1-3e23323e8dbf - - - - - -] Router 14ce0c83-ecca-4a86-988b-c4d4d5ff97a5 is bound to host instance
2026-05-11 06:50:00.770 10 INFO neutron.plugins.ml2.plugin [None req-dd688fe9-a96b-48d8-a36e-17e18e12d768 - - - - - -] Attempt 1 to provision port 52723971-38b9-4096-a9d5-65ccd8c62529
2026-05-11 06:50:00.785 9 INFO neutron.db.ovn_revision_numbers_db [None req-f89abc86-cb80-48de-88e2-7951e4454db0 26fe551495e348f594bc974560f23e7e 5e7bbc46f3c74301beae88e9a6da1c92 - - default default] Successfully bumped revision number for resource 52723971-38b9-4096-a9d5-65ccd8c62529 (type: router_ports) to 1
2026-05-11 06:50:00.874 9 INFO neutron.db.ovn_revision_numbers_db [None req-f89abc86-cb80-48de-88e2-7951e4454db0 26fe551495e348f594bc974560f23e7e 5e7bbc46f3c74301beae88e9a6da1c92 - - default default] Successfully bumped revision number for resource 14ce0c83-ecca-4a86-988b-c4d4d5ff97a5 (type: routers) to 2
2026-05-11 06:50:00.909 9 INFO neutron.wsgi [None req-f89abc86-cb80-48de-88e2-7951e4454db0 26fe551495e348f594bc974560f23e7e 5e7bbc46f3c74301beae88e9a6da1c92 - - default default] 10.0.0.246 "POST /v2.0/routers HTTP/1.1" status: 201 len: 864 time: 2.0385833
2026-05-11 06:50:01.343 9 INFO neutron.wsgi [None req-1d2ed168-84e5-4322-a54f-4dbd72a57790 17a7ec6eb592409fa03ce35507112eb5 1dce23822f514d83a7f10201a16a7d2f - - default default] 10.0.0.246 "DELETE /v2.0/floatingips/26d9e5a6-1209-440d-81e8-c497392432f5 HTTP/1.1" status: 204 len: 168 time: 0.5923872
2026-05-11 06:50:01.485 9 INFO neutron.notifiers.nova [-] Nova event matching ['req-aee6e6f5-d9ba-488a-861f-d7031c6ddebe'] response: {'server_uuid': 'fcd0672a-9097-4eb8-976c-24f6373c2138', 'name': 'network-vif-plugged', 'status': 'completed', 'tag': '7bce68d7-92f8-4168-961b-ab3843c9525d', 'code': 200}
2026-05-11 06:50:01.545 9 INFO neutron.wsgi [req-d550dc84-6d5f-48cf-b438-2f241d4501b0 req-9519ec62-23be-4127-810d-e2f02f45562d 17a7ec6eb592409fa03ce35507112eb5 1dce23822f514d83a7f10201a16a7d2f - - default default] 10.0.0.248 "GET /v2.0/ports?device_id=7edea92a-ac47-4c72-87b0-03e0cd399fd4 HTTP/1.1" status: 200 len: 1174 time: 0.0355563
2026-05-11 06:50:01.598 9 INFO neutron.plugins.ml2.drivers.ovn.mech_driver.mech_driver [None req-a8ebba4a-593c-42b3-8ae9-66631b2f8142 - - - - - -] OVN reports status down for port: 0ab5a27e-8066-494d-a775-c8240871edeb
2026-05-11 06:50:01.651 9 INFO neutron.wsgi [req-d550dc84-6d5f-48cf-b438-2f241d4501b0 req-c5d97178-f4b5-4c57-a77f-f1d2bc86d621 17a7ec6eb592409fa03ce35507112eb5 1dce23822f514d83a7f10201a16a7d2f - - default default] 10.0.0.248 "GET /v2.0/security-groups?id=5796c981-f6cc-432f-97bf-0c096d519b4f&fields=id&fields=name HTTP/1.1" status: 200 len: 312 time: 0.1017611
2026-05-11 06:50:01.781 9 WARNING neutron.scheduler.dhcp_agent_scheduler [None req-44cf4a31-0475-49bc-bead-d4004c66c103 26fe551495e348f594bc974560f23e7e 5e7bbc46f3c74301beae88e9a6da1c92 - - default default] No more DHCP agents
2026-05-11 06:50:01.783 9 WARNING neutron.api.rpc.agentnotifiers.dhcp_rpc_agent_api [None req-44cf4a31-0475-49bc-bead-d4004c66c103 26fe551495e348f594bc974560f23e7e 5e7bbc46f3c74301beae88e9a6da1c92 - - default default] Unable to schedule network d7bb7c3e-23a1-4b12-a2d1-e5d3303490b4: no agents available; will retry on subsequent port and subnet creation events.
2026-05-11 06:50:01.916 10 INFO neutron.wsgi [req-1e84e135-2ba4-4eb9-bb66-07094d6caf5e req-6437244a-49a3-4cbb-bfcf-f42e6379a560 17a7ec6eb592409fa03ce35507112eb5 1dce23822f514d83a7f10201a16a7d2f - - default default] 199.204.45.222 "GET /v2.0/ports?device_id=7edea92a-ac47-4c72-87b0-03e0cd399fd4 HTTP/1.1" status: 200 len: 1172 time: 0.0404356
2026-05-11 06:50:02.002 10 INFO neutron.db.ovn_revision_numbers_db [None req-5f34bdda-1015-4e92-98b1-3e23323e8dbf - - - - - -] Successfully bumped revision number for resource 52723971-38b9-4096-a9d5-65ccd8c62529 (type: ports) to 1
2026-05-11 06:50:02.052 9 INFO neutron.db.ovn_revision_numbers_db [None req-44cf4a31-0475-49bc-bead-d4004c66c103 26fe551495e348f594bc974560f23e7e 5e7bbc46f3c74301beae88e9a6da1c92 - - default default] Successfully bumped revision number for resource 7613d7bc-af1f-4a6b-864e-655aca8bb0c5 (type: ports) to 1
2026-05-11 06:50:02.055 9 INFO neutron.db.ovn_revision_numbers_db [None req-a8ebba4a-593c-42b3-8ae9-66631b2f8142 - - - - - -] Successfully bumped revision number for resource 0ab5a27e-8066-494d-a775-c8240871edeb (type: ports) to 5
2026-05-11 06:50:02.396 10 INFO neutron.wsgi [req-1e84e135-2ba4-4eb9-bb66-07094d6caf5e req-767f7dff-5f1e-43a0-a58f-7d9b3d1e259f 17a7ec6eb592409fa03ce35507112eb5 1dce23822f514d83a7f10201a16a7d2f - - default default] 199.204.45.222 "DELETE /v2.0/ports/0ab5a27e-8066-494d-a775-c8240871edeb HTTP/1.1" status: 204 len: 173 time: 0.4758136
2026-05-11 06:50:02.436 10 INFO neutron.notifiers.nova [-] Nova event matching ['req-17770b63-28e3-42b7-a2dd-a8bca6f82afd'] response: {'server_uuid': '7edea92a-ac47-4c72-87b0-03e0cd399fd4', 'name': 'network-vif-deleted', 'tag': '0ab5a27e-8066-494d-a775-c8240871edeb', 'status': 'completed', 'code': 200}
2026-05-11 06:50:02.505 10 INFO neutron.db.ovn_revision_numbers_db [None req-5f34bdda-1015-4e92-98b1-3e23323e8dbf - - - - - -] Successfully bumped revision number for resource 52723971-38b9-4096-a9d5-65ccd8c62529 (type: router_ports) to 3
2026-05-11 06:50:02.635 9 INFO neutron.plugins.ml2.drivers.ovn.mech_driver.mech_driver [None req-a8ebba4a-593c-42b3-8ae9-66631b2f8142 - - - - - -] OVN reports status up for port: 7613d7bc-af1f-4a6b-864e-655aca8bb0c5
2026-05-11 06:50:02.655 9 INFO neutron.plugins.ml2.plugin [None req-a8ebba4a-593c-42b3-8ae9-66631b2f8142 - - - - - -] Attempt 1 to provision port 7613d7bc-af1f-4a6b-864e-655aca8bb0c5
2026-05-11 06:50:02.672 9 INFO neutron.db.ovn_revision_numbers_db [None req-44cf4a31-0475-49bc-bead-d4004c66c103 26fe551495e348f594bc974560f23e7e 5e7bbc46f3c74301beae88e9a6da1c92 - - default default] Successfully bumped revision number for resource 7613d7bc-af1f-4a6b-864e-655aca8bb0c5 (type: router_ports) to 1
2026-05-11 06:50:02.721 10 INFO neutron.db.ovn_revision_numbers_db [None req-5f34bdda-1015-4e92-98b1-3e23323e8dbf - - - - - -] Successfully bumped revision number for resource 52723971-38b9-4096-a9d5-65ccd8c62529 (type: ports) to 2 /var/lib/openstack/lib/python3.10/site-packages/pycadf/identifier.py:71: UserWarning: Invalid uuid: neutron. To ensure interoperability, identifiers should be a valid uuid. warnings.warn(('Invalid uuid: %s. To ensure interoperability, '
2026-05-11 06:50:02.791 9 INFO neutron.wsgi [req-e4b194d3-cf30-4a4c-8bbe-cdbbe6f6d6d7 req-230d9819-ae61-4585-a0a7-377074140dcd 17a7ec6eb592409fa03ce35507112eb5 1dce23822f514d83a7f10201a16a7d2f - - default default] 10.0.0.248 "GET /v2.0/ports?device_id=7edea92a-ac47-4c72-87b0-03e0cd399fd4 HTTP/1.1" status: 200 len: 210 time: 0.0272493
2026-05-11 06:50:02.915 9 INFO neutron.db.ovn_revision_numbers_db [None req-44cf4a31-0475-49bc-bead-d4004c66c103 26fe551495e348f594bc974560f23e7e 5e7bbc46f3c74301beae88e9a6da1c92 - - default default] Successfully bumped revision number for resource 7613d7bc-af1f-4a6b-864e-655aca8bb0c5 (type: ports) to 1
2026-05-11 06:50:03.064 9 INFO neutron.db.ovn_revision_numbers_db [None req-a8ebba4a-593c-42b3-8ae9-66631b2f8142 - - - - - -] Successfully bumped revision number for resource 7613d7bc-af1f-4a6b-864e-655aca8bb0c5 (type: ports) to 2
2026-05-11 06:50:03.069 9 WARNING neutron.scheduler.dhcp_agent_scheduler [None req-44cf4a31-0475-49bc-bead-d4004c66c103 26fe551495e348f594bc974560f23e7e 5e7bbc46f3c74301beae88e9a6da1c92 - - default default] No more DHCP agents
2026-05-11 06:50:03.073 9 WARNING neutron.api.rpc.agentnotifiers.dhcp_rpc_agent_api [None req-44cf4a31-0475-49bc-bead-d4004c66c103 26fe551495e348f594bc974560f23e7e 5e7bbc46f3c74301beae88e9a6da1c92 - - default default] Unable to schedule network d7bb7c3e-23a1-4b12-a2d1-e5d3303490b4: no agents available; will retry on subsequent port and subnet creation events.
2026-05-11 06:50:03.081 10 INFO neutron.db.ovn_revision_numbers_db [None req-5f34bdda-1015-4e92-98b1-3e23323e8dbf - - - - - -] Successfully bumped revision number for resource 52723971-38b9-4096-a9d5-65ccd8c62529 (type: ports) to 4
2026-05-11 06:50:03.390 10 INFO neutron.db.ovn_revision_numbers_db [None req-5f34bdda-1015-4e92-98b1-3e23323e8dbf - - - - - -] Successfully bumped revision number for resource 52723971-38b9-4096-a9d5-65ccd8c62529 (type: router_ports) to 4
2026-05-11 06:50:03.545 9 INFO neutron.notifiers.nova [-] Nova event matching ['req-8ed0931a-1612-4497-853b-e3c7eb669598'] response: {'server_uuid': '7edea92a-ac47-4c72-87b0-03e0cd399fd4', 'name': 'network-vif-unplugged', 'status': 'completed', 'tag': '0ab5a27e-8066-494d-a775-c8240871edeb', 'code': 200}
2026-05-11 06:50:03.545 9 INFO neutron.notifiers.nova [-] Nova event matching ['req-8ed0931a-1612-4497-853b-e3c7eb669598'] response: {'server_uuid': '7edea92a-ac47-4c72-87b0-03e0cd399fd4', 'name': 'network-vif-plugged', 'status': 'completed', 'tag': '0ab5a27e-8066-494d-a775-c8240871edeb', 'code': 200}
2026-05-11 06:50:03.557 9 INFO neutron.db.ovn_revision_numbers_db [None req-a8ebba4a-593c-42b3-8ae9-66631b2f8142 - - - - - -] Successfully bumped revision number for resource 7613d7bc-af1f-4a6b-864e-655aca8bb0c5 (type: router_ports) to 2
2026-05-11 06:50:03.740 9 INFO neutron.db.ovn_revision_numbers_db [None req-44cf4a31-0475-49bc-bead-d4004c66c103 26fe551495e348f594bc974560f23e7e 5e7bbc46f3c74301beae88e9a6da1c92 - - default default] Successfully bumped revision number for resource 7613d7bc-af1f-4a6b-864e-655aca8bb0c5 (type: router_ports) to 2
2026-05-11 06:50:03.742 9 INFO neutron.wsgi [None req-44cf4a31-0475-49bc-bead-d4004c66c103 26fe551495e348f594bc974560f23e7e 5e7bbc46f3c74301beae88e9a6da1c92 - - default default] 10.0.0.246 "PUT /v2.0/routers/14ce0c83-ecca-4a86-988b-c4d4d5ff97a5/add_router_interface HTTP/1.1" status: 200 len: 503 time: 2.8271289
2026-05-11 06:50:03.858 10 INFO neutron.db.ovn_revision_numbers_db [None req-d704ff74-0300-41f2-876f-f84e40426861 bb23f1fc9746413f9ab456942d5ea781 14bd82857e8b4667bc689ef33f891e59 - - default default] Successfully bumped revision number for resource 9110a65a-01be-4ddd-8033-0805fe7e0e58 (type: security_groups) to 1
2026-05-11 06:50:03.879 10 INFO neutron.db.ovn_revision_numbers_db [None req-d704ff74-0300-41f2-876f-f84e40426861 bb23f1fc9746413f9ab456942d5ea781 14bd82857e8b4667bc689ef33f891e59 - - default default] Successfully bumped revision number for resource 53445087-a243-4f8d-86af-2aa49c962bc7 (type: security_group_rules) to 0
2026-05-11 06:50:03.902 10 INFO neutron.db.ovn_revision_numbers_db [None req-d704ff74-0300-41f2-876f-f84e40426861 bb23f1fc9746413f9ab456942d5ea781 14bd82857e8b4667bc689ef33f891e59 - - default default] Successfully bumped revision number for resource 8aa3b8f5-e85a-4403-a4be-1a8ed011eb62 (type: security_group_rules) to 0
2026-05-11 06:50:03.921 10 INFO neutron.db.ovn_revision_numbers_db [None req-d704ff74-0300-41f2-876f-f84e40426861 bb23f1fc9746413f9ab456942d5ea781 14bd82857e8b4667bc689ef33f891e59 - - default default] Successfully bumped revision number for resource efd7e5cc-65e8-46e1-b757-c46d4e4ad915 (type: security_group_rules) to 0
2026-05-11 06:50:03.938 10 INFO neutron.db.ovn_revision_numbers_db [None req-d704ff74-0300-41f2-876f-f84e40426861 bb23f1fc9746413f9ab456942d5ea781 14bd82857e8b4667bc689ef33f891e59 - - default default] Successfully bumped revision number for resource fda95d91-3aa5-4602-a869-46fb0ec59cb4 (type: security_group_rules) to 0
2026-05-11 06:50:03.990 10 INFO neutron.db.segments_db [None req-d704ff74-0300-41f2-876f-f84e40426861 bb23f1fc9746413f9ab456942d5ea781 14bd82857e8b4667bc689ef33f891e59 - - default default] Added segment fcabe7e4-4e5a-4a80-9801-78b3f2bdf581 of type geneve for network 3a1bed43-28b0-4ff5-9e6c-86fbcd5e7953
2026-05-11 06:50:04.054 10 INFO neutron.wsgi [None req-35d43280-c5c3-4fb1-88dd-a39fbe96b6c9 17a7ec6eb592409fa03ce35507112eb5 1dce23822f514d83a7f10201a16a7d2f - - default default] 10.0.0.246 "DELETE /v2.0/security-groups/5796c981-f6cc-432f-97bf-0c096d519b4f HTTP/1.1" status: 204 len: 168 time: 0.1838772
2026-05-11 06:50:04.148 10 INFO neutron.db.ovn_revision_numbers_db [None req-d704ff74-0300-41f2-876f-f84e40426861 bb23f1fc9746413f9ab456942d5ea781 14bd82857e8b4667bc689ef33f891e59 - - default default] Successfully bumped revision number for resource 3a1bed43-28b0-4ff5-9e6c-86fbcd5e7953 (type: networks) to 1
2026-05-11 06:50:04.260 9 WARNING neutron.scheduler.dhcp_agent_scheduler [None req-230e6c8b-32c0-4e77-8256-5ff05c1ce484 26fe551495e348f594bc974560f23e7e 5e7bbc46f3c74301beae88e9a6da1c92 - - default default] No more DHCP agents
2026-05-11 06:50:04.262 9 WARNING neutron.api.rpc.agentnotifiers.dhcp_rpc_agent_api [None req-230e6c8b-32c0-4e77-8256-5ff05c1ce484 26fe551495e348f594bc974560f23e7e 5e7bbc46f3c74301beae88e9a6da1c92 - - default default] Unable to schedule network e2f56000-e8fc-4be8-9a00-48d9961265b1: no agents available; will retry on subsequent port and subnet creation events.
2026-05-11 06:50:04.359 10 WARNING neutron.scheduler.dhcp_agent_scheduler [None req-d704ff74-0300-41f2-876f-f84e40426861 bb23f1fc9746413f9ab456942d5ea781 14bd82857e8b4667bc689ef33f891e59 - - default default] No more DHCP agents
2026-05-11 06:50:04.365 10 WARNING neutron.api.rpc.agentnotifiers.dhcp_rpc_agent_api [None req-d704ff74-0300-41f2-876f-f84e40426861 bb23f1fc9746413f9ab456942d5ea781 14bd82857e8b4667bc689ef33f891e59 - - default default] Unable to schedule network 3a1bed43-28b0-4ff5-9e6c-86fbcd5e7953: no agents available; will retry on subsequent port and subnet creation events.
2026-05-11 06:50:04.469 9 INFO neutron.db.ovn_revision_numbers_db [None req-230e6c8b-32c0-4e77-8256-5ff05c1ce484 26fe551495e348f594bc974560f23e7e 5e7bbc46f3c74301beae88e9a6da1c92 - - default default] Successfully bumped revision number for resource 5e245a91-82cd-46b0-9dbf-08ecde979f38 (type: ports) to 1
2026-05-11 06:50:04.481 10 INFO neutron.db.ovn_revision_numbers_db [None req-d704ff74-0300-41f2-876f-f84e40426861 bb23f1fc9746413f9ab456942d5ea781 14bd82857e8b4667bc689ef33f891e59 - - default default] Successfully bumped revision number for resource 359a6622-07ab-4ed7-9f70-fd4eb10d200b (type: ports) to 1
2026-05-11 06:50:04.516 10 INFO neutron.wsgi [None req-d704ff74-0300-41f2-876f-f84e40426861 bb23f1fc9746413f9ab456942d5ea781 14bd82857e8b4667bc689ef33f891e59 - - default default] 10.0.0.246 "POST /v2.0/networks HTTP/1.1" status: 201 len: 830 time: 0.9477518
2026-05-11 06:50:04.654 9 INFO neutron.db.segments_db [None req-5e684aaa-23ca-494b-adff-5891c514a72c bb23f1fc9746413f9ab456942d5ea781 14bd82857e8b4667bc689ef33f891e59 - - default default] Added segment 5b122641-8759-47b9-a20c-cf137fc1fc6a of type geneve for network 8486da59-485c-45f1-b6bc-9506457759ce
2026-05-11 06:50:04.851 9 INFO neutron.db.ovn_revision_numbers_db [None req-5e684aaa-23ca-494b-adff-5891c514a72c bb23f1fc9746413f9ab456942d5ea781 14bd82857e8b4667bc689ef33f891e59 - - default default] Successfully bumped revision number for resource 8486da59-485c-45f1-b6bc-9506457759ce (type: networks) to 1
2026-05-11 06:50:05.072 9 WARNING neutron.scheduler.dhcp_agent_scheduler [None req-5e684aaa-23ca-494b-adff-5891c514a72c bb23f1fc9746413f9ab456942d5ea781 14bd82857e8b4667bc689ef33f891e59 - - default default] No more DHCP agents
2026-05-11 06:50:05.076 9 WARNING neutron.api.rpc.agentnotifiers.dhcp_rpc_agent_api [None req-5e684aaa-23ca-494b-adff-5891c514a72c bb23f1fc9746413f9ab456942d5ea781 14bd82857e8b4667bc689ef33f891e59 - - default default] Unable to schedule network 8486da59-485c-45f1-b6bc-9506457759ce: no agents available; will retry on subsequent port and subnet creation events.
2026-05-11 06:50:05.138 10 INFO neutron.wsgi [None req-c2987e26-d836-4e59-b4d3-a21f8bc3cb77 17a7ec6eb592409fa03ce35507112eb5 1dce23822f514d83a7f10201a16a7d2f - - default default] 10.0.0.246 "PUT /v2.0/routers/674e9813-a31e-4a28-a797-0e1f77ee02ba/remove_router_interface HTTP/1.1" status: 200 len: 503 time: 1.0334699 /var/lib/openstack/lib/python3.10/site-packages/pycadf/identifier.py:71: UserWarning: Invalid uuid: neutron. To ensure interoperability, identifiers should be a valid uuid. warnings.warn(('Invalid uuid: %s. To ensure interoperability, '
2026-05-11 06:50:05.199 9 INFO neutron.db.ovn_revision_numbers_db [None req-5e684aaa-23ca-494b-adff-5891c514a72c bb23f1fc9746413f9ab456942d5ea781 14bd82857e8b4667bc689ef33f891e59 - - default default] Successfully bumped revision number for resource bbc07e0e-c795-4b4d-84ac-e0d1ddb263cc (type: ports) to 1
2026-05-11 06:50:05.214 9 INFO neutron.db.ovn_revision_numbers_db [None req-230e6c8b-32c0-4e77-8256-5ff05c1ce484 26fe551495e348f594bc974560f23e7e 5e7bbc46f3c74301beae88e9a6da1c92 - - default default] Successfully bumped revision number for resource 5e245a91-82cd-46b0-9dbf-08ecde979f38 (type: router_ports) to 1
2026-05-11 06:50:05.228 9 INFO neutron.wsgi [None req-5e684aaa-23ca-494b-adff-5891c514a72c bb23f1fc9746413f9ab456942d5ea781 14bd82857e8b4667bc689ef33f891e59 - - default default] 10.0.0.246 "POST /v2.0/networks HTTP/1.1" status: 201 len: 829 time: 0.7063015
2026-05-11 06:50:05.328 10 INFO neutron.wsgi [None req-395ee598-5312-4689-8d7f-a9e457cee4d2 bb23f1fc9746413f9ab456942d5ea781 14bd82857e8b4667bc689ef33f891e59 - - default default] 10.0.0.246 "PUT /v2.0/networks/3a1bed43-28b0-4ff5-9e6c-86fbcd5e7953/tags HTTP/1.1" status: 200 len: 218 time: 0.0929277
2026-05-11 06:50:05.386 9 INFO neutron.db.ovn_revision_numbers_db [None req-230e6c8b-32c0-4e77-8256-5ff05c1ce484 26fe551495e348f594bc974560f23e7e 5e7bbc46f3c74301beae88e9a6da1c92 - - default default] Successfully bumped revision number for resource 5e245a91-82cd-46b0-9dbf-08ecde979f38 (type: ports) to 1
2026-05-11 06:50:05.391 10 INFO neutron.wsgi [None req-91e4914c-a5c6-47a9-b867-415fa34f9118 bb23f1fc9746413f9ab456942d5ea781 14bd82857e8b4667bc689ef33f891e59 - - default default] 10.0.0.246 "GET /v2.0/networks/3a1bed43-28b0-4ff5-9e6c-86fbcd5e7953/tags HTTP/1.1" status: 200 len: 218 time: 0.0578659
2026-05-11 06:50:05.447 10 INFO neutron.wsgi [None req-d0146c38-a193-4a83-9cd6-9b940856e62e 17a7ec6eb592409fa03ce35507112eb5 1dce23822f514d83a7f10201a16a7d2f - - default default] 10.0.0.246 "DELETE /v2.0/subnets/33916a8c-9327-4d00-a27a-59b2ecb8ef36 HTTP/1.1" status: 204 len: 168 time: 0.3045957
2026-05-11 06:50:05.456 9 INFO neutron.wsgi [None req-a3764a41-8639-4ae9-a4b5-3b063dfd26b2 bb23f1fc9746413f9ab456942d5ea781 14bd82857e8b4667bc689ef33f891e59 - - default default] 10.0.0.246 "PUT /v2.0/networks/8486da59-485c-45f1-b6bc-9506457759ce/tags HTTP/1.1" status: 200 len: 210 time: 0.0578110
2026-05-11 06:50:05.503 9 WARNING neutron.scheduler.dhcp_agent_scheduler [None req-230e6c8b-32c0-4e77-8256-5ff05c1ce484 26fe551495e348f594bc974560f23e7e 5e7bbc46f3c74301beae88e9a6da1c92 - - default default] No more DHCP agents
2026-05-11 06:50:05.505 9 WARNING neutron.api.rpc.agentnotifiers.dhcp_rpc_agent_api [None req-230e6c8b-32c0-4e77-8256-5ff05c1ce484 26fe551495e348f594bc974560f23e7e 5e7bbc46f3c74301beae88e9a6da1c92 - - default default] Unable to schedule network e2f56000-e8fc-4be8-9a00-48d9961265b1: no agents available; will retry on subsequent port and subnet creation events.
2026-05-11 06:50:05.508 9 INFO neutron.wsgi [None req-b2ca7db5-d13b-4cb9-b104-6a2b4f2269e8 bb23f1fc9746413f9ab456942d5ea781 14bd82857e8b4667bc689ef33f891e59 - - default default] 10.0.0.246 "GET /v2.0/networks/8486da59-485c-45f1-b6bc-9506457759ce/tags HTTP/1.1" status: 200 len: 210 time: 0.0462763
2026-05-11 06:50:05.610 10 INFO neutron.wsgi [None req-6368290c-dc23-4266-a319-a3596b5772f3 bb23f1fc9746413f9ab456942d5ea781 14bd82857e8b4667bc689ef33f891e59 - - default default] 10.0.0.246 "PUT /v2.0/networks/8486da59-485c-45f1-b6bc-9506457759ce/tags HTTP/1.1" status: 200 len: 205 time: 0.0939925
2026-05-11 06:50:05.683 10 INFO neutron.wsgi [None req-3c05c77b-5b29-4329-bc00-9774bdbd3705 bb23f1fc9746413f9ab456942d5ea781 14bd82857e8b4667bc689ef33f891e59 - - default default] 10.0.0.246 "GET /v2.0/networks/8486da59-485c-45f1-b6bc-9506457759ce/tags HTTP/1.1" status: 200 len: 205 time: 0.0642362
2026-05-11 06:50:05.732 9 INFO neutron.wsgi [None req-351c4825-e9a0-4a28-b26d-c9c3513df45a bb23f1fc9746413f9ab456942d5ea781 14bd82857e8b4667bc689ef33f891e59 - - default default] 10.0.0.246 "GET /v2.0/networks/3a1bed43-28b0-4ff5-9e6c-86fbcd5e7953/tags HTTP/1.1" status: 200 len: 218 time: 0.0432301
2026-05-11 06:50:05.902 9 INFO neutron.db.ovn_revision_numbers_db [None req-230e6c8b-32c0-4e77-8256-5ff05c1ce484 26fe551495e348f594bc974560f23e7e 5e7bbc46f3c74301beae88e9a6da1c92 - - default default] Successfully bumped revision number for resource 5e245a91-82cd-46b0-9dbf-08ecde979f38 (type: router_ports) to 1
2026-05-11 06:50:05.904 9 INFO neutron.wsgi [None req-230e6c8b-32c0-4e77-8256-5ff05c1ce484 26fe551495e348f594bc974560f23e7e 5e7bbc46f3c74301beae88e9a6da1c92 - - default default] 10.0.0.246 "PUT /v2.0/routers/14ce0c83-ecca-4a86-988b-c4d4d5ff97a5/add_router_interface HTTP/1.1" status: 200 len: 503 time: 2.1546605
2026-05-11 06:50:06.123 9 INFO neutron.services.segments.plugin [-] Segment fcabe7e4-4e5a-4a80-9801-78b3f2bdf581 resource provider aggregate not found
2026-05-11 06:50:06.128 9 INFO neutron.services.segments.plugin [-] Segment fcabe7e4-4e5a-4a80-9801-78b3f2bdf581 resource provider aggregate not found
2026-05-11 06:50:06.144 9 INFO neutron.services.segments.plugin [-] Segment fcabe7e4-4e5a-4a80-9801-78b3f2bdf581 resource provider not found; error: Placement Client Error (4xx): {"errors": [{"status": 404, "title": "Not Found", "detail": "The resource could not be found.\n\n No resource provider with uuid fcabe7e4-4e5a-4a80-9801-78b3f2bdf581 found for delete ", "request_id": "req-83cbc614-eb6f-4eb7-8d4d-8650e2be58f5"}]}
