2026-05-11 06:46:43.081 10 INFO neutron.wsgi [None req-9904c9e6-4ffc-4ef3-ab39-8e9a553eece7 571e08b6822e46dc883c57a217496387 aaa0aa6d09fb4680b93803edbb677521 - - default default] 10.0.0.246 "GET /v2.0/extensions/subnetpool-prefix-ops HTTP/1.1" status: 200 len: 418 time: 0.0193160
2026-05-11 06:46:43.090 9 INFO neutron.wsgi [None req-30c1d250-4149-4aaf-8bc7-878c81c308fe 571e08b6822e46dc883c57a217496387 aaa0aa6d09fb4680b93803edbb677521 - - default default] 10.0.0.246 "GET /v2.0/extensions/standard-attr-tag HTTP/1.1" status: 200 len: 537 time: 0.0047135
2026-05-11 06:46:43.097 9 INFO neutron.wsgi [None req-4fed6c53-826a-4aa7-9e00-c3913632245d 571e08b6822e46dc883c57a217496387 aaa0aa6d09fb4680b93803edbb677521 - - default default] 10.0.0.246 "GET /v2.0/extensions/standard-attr-timestamp HTTP/1.1" status: 200 len: 449 time: 0.0041134
2026-05-11 06:46:43.105 9 INFO neutron.wsgi [None req-d3465805-1cfd-42e2-b093-be4ad2f3368f 571e08b6822e46dc883c57a217496387 aaa0aa6d09fb4680b93803edbb677521 - - default default] 10.0.0.246 "GET /v2.0/extensions/trunk HTTP/1.1" status: 200 len: 358 time: 0.0040340
2026-05-11 06:46:43.116 9 INFO neutron.wsgi [None req-58faeb83-bbc6-4f6a-beb0-c2a756431685 571e08b6822e46dc883c57a217496387 aaa0aa6d09fb4680b93803edbb677521 - - default default] 10.0.0.246 "GET /v2.0/extensions/trunk-details HTTP/1.1" status: 200 len: 362 time: 0.0068057
2026-05-11 06:46:43.392 10 INFO neutron.wsgi [None req-a621a731-5a3c-4b22-9d7c-73f728e4ee54 b9889d6bf8ac4526a3637839eb9465cb 25d9f7feb7c84af28de6b5c41eab7598 - - default default] 10.0.0.246 "DELETE /v2.0/floatingips/da9f7e72-4389-4077-8aaf-a17ce15786e3 HTTP/1.1" status: 204 len: 168 time: 0.3399205
2026-05-11 06:46:43.420 10 INFO neutron.api.v2.resource [None req-85d63244-d5ba-4fac-9a02-e4a99b14029d b9889d6bf8ac4526a3637839eb9465cb 25d9f7feb7c84af28de6b5c41eab7598 - - default default] delete failed (client error): The resource could not be found.
2026-05-11 06:46:43.421 10 INFO neutron.wsgi [None req-85d63244-d5ba-4fac-9a02-e4a99b14029d b9889d6bf8ac4526a3637839eb9465cb 25d9f7feb7c84af28de6b5c41eab7598 - - default default] 10.0.0.246 "DELETE /v2.0/floatingips/da9f7e72-4389-4077-8aaf-a17ce15786e3 HTTP/1.1" status: 404 len: 345 time: 0.0229080
2026-05-11 06:46:43.875 10 INFO neutron.wsgi [None req-1453c4c6-486f-471d-a2ec-251b24d87e9b b9889d6bf8ac4526a3637839eb9465cb 25d9f7feb7c84af28de6b5c41eab7598 - - default default] 10.0.0.246 "DELETE /v2.0/ports/e5741515-136b-463f-96b6-031424165345 HTTP/1.1" status: 204 len: 168 time: 0.4224827
2026-05-11 06:46:43.908 9 INFO neutron.db.ovn_revision_numbers_db [None req-afbed3fa-8ff2-40be-ad68-c0b5a74d4362 8f11e13f652648618d8e2083f01bdc5a d561b5f6f80946029585bce87c82f0af - - default default] Successfully bumped revision number for resource 8628fbe1-c662-4f02-8ed1-dc4f13f8db2b (type: security_groups) to 1
2026-05-11 06:46:43.932 9 INFO neutron.db.ovn_revision_numbers_db [None req-afbed3fa-8ff2-40be-ad68-c0b5a74d4362 8f11e13f652648618d8e2083f01bdc5a d561b5f6f80946029585bce87c82f0af - - default default] Successfully bumped revision number for resource 31a5045f-540d-45d9-a094-be31aa31f010 (type: security_group_rules) to 0
2026-05-11 06:46:43.947 9 INFO neutron.db.ovn_revision_numbers_db [None req-afbed3fa-8ff2-40be-ad68-c0b5a74d4362 8f11e13f652648618d8e2083f01bdc5a d561b5f6f80946029585bce87c82f0af - - default default] Successfully bumped revision number for resource 367237c9-5146-4d1a-8381-4c1bee5a38da (type: security_group_rules) to 0
2026-05-11 06:46:43.966 9 INFO neutron.db.ovn_revision_numbers_db [None req-afbed3fa-8ff2-40be-ad68-c0b5a74d4362 8f11e13f652648618d8e2083f01bdc5a d561b5f6f80946029585bce87c82f0af - - default default] Successfully bumped revision number for resource 6c494add-c420-49cc-b2ca-db810db2ec60 (type: security_group_rules) to 0
2026-05-11 06:46:43.980 9 INFO neutron.db.ovn_revision_numbers_db [None req-afbed3fa-8ff2-40be-ad68-c0b5a74d4362 8f11e13f652648618d8e2083f01bdc5a d561b5f6f80946029585bce87c82f0af - - default default] Successfully bumped revision number for resource cce0d4c4-7f9b-423b-a7ec-ea50912eef3b (type: security_group_rules) to 0
2026-05-11 06:46:44.001 9 INFO neutron.wsgi [None req-afbed3fa-8ff2-40be-ad68-c0b5a74d4362 8f11e13f652648618d8e2083f01bdc5a d561b5f6f80946029585bce87c82f0af - - default default] 10.0.0.246 "GET /v2.0/security-groups?tenant_id=aaa0aa6d09fb4680b93803edbb677521&name=default HTTP/1.1" status: 200 len: 2996 time: 0.3301697
2026-05-11 06:46:44.198 9 INFO neutron.wsgi [req-acbfc2b4-2819-4883-935b-ac8a3d719564 req-7dbf2af0-23a0-41c6-ae81-9c51e3fa17d2 f3cc674c1d2b407186280ba24459ec00 f21404ce8bf74adbadd278d1869b4a1f - - default default] 10.0.0.248 "GET /v2.0/ports?device_id=1b005445-8b3c-4b54-915b-bf76bec29155 HTTP/1.1" status: 200 len: 1168 time: 0.0493255
2026-05-11 06:46:44.245 9 INFO neutron.wsgi [req-acbfc2b4-2819-4883-935b-ac8a3d719564 req-bdf41923-3abb-466d-b5d7-4fd31ca26d6a f3cc674c1d2b407186280ba24459ec00 f21404ce8bf74adbadd278d1869b4a1f - - default default] 10.0.0.248 "GET /v2.0/security-groups?id=c60af9b2-d657-4140-9e85-13fa8f67dad7&fields=id&fields=name HTTP/1.1" status: 200 len: 313 time: 0.0398529
2026-05-11 06:46:44.267 10 INFO neutron.wsgi [None req-58352dff-0b61-4a39-877c-0c9e818c3455 b9889d6bf8ac4526a3637839eb9465cb 25d9f7feb7c84af28de6b5c41eab7598 - - default default] 10.0.0.246 "DELETE /v2.0/ports/05cd1e19-9325-4c1c-b700-779fb871d511 HTTP/1.1" status: 204 len: 168 time: 0.3741181
2026-05-11 06:46:44.322 10 INFO neutron.wsgi [None req-40c06a9f-0389-486b-8906-84748175cd6f 8f11e13f652648618d8e2083f01bdc5a d561b5f6f80946029585bce87c82f0af - - default default] 10.0.0.246 "DELETE /v2.0/security-groups/8628fbe1-c662-4f02-8ed1-dc4f13f8db2b HTTP/1.1" status: 204 len: 168 time: 0.3106244
2026-05-11 06:46:44.381 10 INFO neutron.wsgi [None req-475fd5da-ed43-4283-b396-450faadda2a2 b9889d6bf8ac4526a3637839eb9465cb 25d9f7feb7c84af28de6b5c41eab7598 - - default default] 10.0.0.246 "GET /v2.0/ports?device_id=5a8e8dd6-55c7-4231-bd64-8a97766d6771 HTTP/1.1" status: 200 len: 1140 time: 0.1073623
2026-05-11 06:46:45.199 10 INFO neutron.wsgi [None req-6a02845a-0ee8-444c-812c-301f71545469 b9889d6bf8ac4526a3637839eb9465cb 25d9f7feb7c84af28de6b5c41eab7598 - - default default] 10.0.0.246 "PUT /v2.0/routers/5a8e8dd6-55c7-4231-bd64-8a97766d6771/remove_router_interface HTTP/1.1" status: 200 len: 503 time: 0.8115175
2026-05-11 06:46:45.361 9 INFO neutron.wsgi [req-6f1a4e4b-6a97-4aeb-8e9d-9c5ed6f2847e req-33261823-e6ed-4f39-b14a-abc2cbb7b311 f3cc674c1d2b407186280ba24459ec00 f21404ce8bf74adbadd278d1869b4a1f - - default default] 10.0.0.248 "GET /v2.0/ports?device_id=1b005445-8b3c-4b54-915b-bf76bec29155 HTTP/1.1" status: 200 len: 1168 time: 0.0541508
2026-05-11 06:46:45.407 9 INFO neutron.wsgi [req-6f1a4e4b-6a97-4aeb-8e9d-9c5ed6f2847e req-c07b9a11-e080-4f9d-a92d-9f425839d8d6 f3cc674c1d2b407186280ba24459ec00 f21404ce8bf74adbadd278d1869b4a1f - - default default] 10.0.0.248 "GET /v2.0/security-groups?id=c60af9b2-d657-4140-9e85-13fa8f67dad7&fields=id&fields=name HTTP/1.1" status: 200 len: 313 time: 0.0403087
2026-05-11 06:46:46.057 9 INFO neutron.wsgi [None req-fa1ea277-d06a-41cf-a5c7-130bf00f0916 b9889d6bf8ac4526a3637839eb9465cb 25d9f7feb7c84af28de6b5c41eab7598 - - default default] 10.0.0.246 "DELETE /v2.0/routers/5a8e8dd6-55c7-4231-bd64-8a97766d6771 HTTP/1.1" status: 204 len: 168 time: 0.8529627
2026-05-11 06:46:46.262 9 INFO neutron.wsgi [None req-54007797-a004-4811-b43f-c9cc3284c7c3 b9889d6bf8ac4526a3637839eb9465cb 25d9f7feb7c84af28de6b5c41eab7598 - - default default] 10.0.0.246 "DELETE /v2.0/subnets/8c4f693d-3480-424f-a65f-a2b4c1221ef2 HTTP/1.1" status: 204 len: 168 time: 0.1979399 /var/lib/openstack/lib/python3.10/site-packages/pycadf/identifier.py:71: UserWarning: Invalid uuid: neutron. To ensure interoperability, identifiers should be a valid uuid. warnings.warn(('Invalid uuid: %s. To ensure interoperability, '
2026-05-11 06:46:46.355 9 INFO neutron.db.ovn_revision_numbers_db [None req-8e4b4fdf-1f67-4fb7-9328-fb54e14b8895 2f99b7a3665340a3b6f710d5f6fc8001 1f38cacf860a4a5b98f2a42b7a3fd17d - - default default] Successfully bumped revision number for resource b8cb91f4-f5ef-4086-b14d-36b2ca694ec7 (type: security_groups) to 1
2026-05-11 06:46:46.370 9 INFO neutron.db.ovn_revision_numbers_db [None req-8e4b4fdf-1f67-4fb7-9328-fb54e14b8895 2f99b7a3665340a3b6f710d5f6fc8001 1f38cacf860a4a5b98f2a42b7a3fd17d - - default default] Successfully bumped revision number for resource 13b168c6-6481-42fb-932d-0fea3e20e32b (type: security_group_rules) to 0
2026-05-11 06:46:46.394 9 INFO neutron.db.ovn_revision_numbers_db [None req-8e4b4fdf-1f67-4fb7-9328-fb54e14b8895 2f99b7a3665340a3b6f710d5f6fc8001 1f38cacf860a4a5b98f2a42b7a3fd17d - - default default] Successfully bumped revision number for resource 967f3c1b-653c-4a90-b583-515d3f0ea43f (type: security_group_rules) to 0
2026-05-11 06:46:46.408 9 INFO neutron.db.ovn_revision_numbers_db [None req-8e4b4fdf-1f67-4fb7-9328-fb54e14b8895 2f99b7a3665340a3b6f710d5f6fc8001 1f38cacf860a4a5b98f2a42b7a3fd17d - - default default] Successfully bumped revision number for resource c571cd56-b7cd-4e6a-a25e-0b1ff9d9b78e (type: security_group_rules) to 0
2026-05-11 06:46:46.423 9 INFO neutron.db.ovn_revision_numbers_db [None req-8e4b4fdf-1f67-4fb7-9328-fb54e14b8895 2f99b7a3665340a3b6f710d5f6fc8001 1f38cacf860a4a5b98f2a42b7a3fd17d - - default default] Successfully bumped revision number for resource f5a80206-1537-479f-9814-08eb5e32b96e (type: security_group_rules) to 0
2026-05-11 06:46:46.478 9 INFO neutron.db.segments_db [None req-8e4b4fdf-1f67-4fb7-9328-fb54e14b8895 2f99b7a3665340a3b6f710d5f6fc8001 1f38cacf860a4a5b98f2a42b7a3fd17d - - default default] Added segment 71e23d6b-6292-45f5-a07d-6acb4c3a1e31 of type geneve for network 2daa5393-fc8c-441b-9b54-b0c9bc854c6d
2026-05-11 06:46:46.609 9 INFO neutron.wsgi [req-3cd56960-3d7a-46a5-a793-c15398c9e3e0 req-d4115749-555f-48cc-baa0-775a13328662 f3cc674c1d2b407186280ba24459ec00 f21404ce8bf74adbadd278d1869b4a1f - - default default] 10.0.0.248 "GET /v2.0/ports?device_id=1b005445-8b3c-4b54-915b-bf76bec29155 HTTP/1.1" status: 200 len: 1168 time: 0.1260319
2026-05-11 06:46:46.676 10 INFO neutron.services.segments.plugin [-] Segment 009e312b-ea73-4b6c-80ae-65aeefae95b9 resource provider aggregate not found
2026-05-11 06:46:46.681 10 INFO neutron.services.segments.plugin [-] Segment 009e312b-ea73-4b6c-80ae-65aeefae95b9 resource provider aggregate not found
2026-05-11 06:46:46.685 9 INFO neutron.wsgi [req-3cd56960-3d7a-46a5-a793-c15398c9e3e0 req-7736d44b-5150-4319-80ed-82c6f9f0dbec f3cc674c1d2b407186280ba24459ec00 f21404ce8bf74adbadd278d1869b4a1f - - default default] 10.0.0.248 "GET /v2.0/security-groups?id=c60af9b2-d657-4140-9e85-13fa8f67dad7&fields=id&fields=name HTTP/1.1" status: 200 len: 313 time: 0.0652797
2026-05-11 06:46:46.686 9 INFO neutron.db.ovn_revision_numbers_db [None req-8e4b4fdf-1f67-4fb7-9328-fb54e14b8895 2f99b7a3665340a3b6f710d5f6fc8001 1f38cacf860a4a5b98f2a42b7a3fd17d - - default default] Successfully bumped revision number for resource 2daa5393-fc8c-441b-9b54-b0c9bc854c6d (type: networks) to 1
2026-05-11 06:46:46.699 10 INFO neutron.services.segments.plugin [-] Segment 009e312b-ea73-4b6c-80ae-65aeefae95b9 resource provider not found; error: Placement Client Error (4xx): {"errors": [{"status": 404, "title": "Not Found", "detail": "The resource could not be found.\n\n No resource provider with uuid 009e312b-ea73-4b6c-80ae-65aeefae95b9 found for delete ", "request_id": "req-be395081-800c-43e6-bc12-8b4ae205aa08"}]}
2026-05-11 06:46:46.701 10 INFO neutron.services.segments.plugin [-] Segment 009e312b-ea73-4b6c-80ae-65aeefae95b9 resource provider not found; error: Placement Client Error (4xx): {"errors": [{"status": 404, "title": "Not Found", "detail": "The resource could not be found.\n\n No resource provider with uuid 009e312b-ea73-4b6c-80ae-65aeefae95b9 found for delete ", "request_id": "req-8384f87c-2781-45fc-aa1d-8aa8671fe6e8"}]}
2026-05-11 06:46:46.729 10 INFO neutron.wsgi [None req-e38df296-a3fd-4102-a93d-90cd411756e5 b9889d6bf8ac4526a3637839eb9465cb 25d9f7feb7c84af28de6b5c41eab7598 - - default default] 10.0.0.246 "DELETE /v2.0/networks/b0ee018b-cb73-44fb-ab55-b754e21664ee HTTP/1.1" status: 204 len: 168 time: 0.4617963
2026-05-11 06:46:46.859 10 WARNING neutron.plugins.ml2.drivers.ovn.mech_driver.ovsdb.ovn_client [None req-dd688fe9-a96b-48d8-a36e-17e18e12d768 - - - - - -] No port found with ID 8918d337-c542-4344-8d5b-a0aa68862826: RuntimeError: No port found with ID 8918d337-c542-4344-8d5b-a0aa68862826
2026-05-11 06:46:46.860 10 INFO neutron.plugins.ml2.drivers.ovn.mech_driver.mech_driver [None req-dd688fe9-a96b-48d8-a36e-17e18e12d768 - - - - - -] OVN reports status up for port: 7df39f6c-2faf-42e0-a921-1c498ac76755
2026-05-11 06:46:46.870 10 INFO neutron.plugins.ml2.plugin [None req-dd688fe9-a96b-48d8-a36e-17e18e12d768 - - - - - -] Attempt 1 to provision port 7df39f6c-2faf-42e0-a921-1c498ac76755
2026-05-11 06:46:46.884 9 WARNING neutron.scheduler.dhcp_agent_scheduler [None req-8e4b4fdf-1f67-4fb7-9328-fb54e14b8895 2f99b7a3665340a3b6f710d5f6fc8001 1f38cacf860a4a5b98f2a42b7a3fd17d - - default default] No more DHCP agents
2026-05-11 06:46:46.886 9 WARNING neutron.api.rpc.agentnotifiers.dhcp_rpc_agent_api [None req-8e4b4fdf-1f67-4fb7-9328-fb54e14b8895 2f99b7a3665340a3b6f710d5f6fc8001 1f38cacf860a4a5b98f2a42b7a3fd17d - - default default] Unable to schedule network 2daa5393-fc8c-441b-9b54-b0c9bc854c6d: no agents available; will retry on subsequent port and subnet creation events.
2026-05-11 06:46:46.969 9 INFO neutron.db.ovn_revision_numbers_db [None req-8e4b4fdf-1f67-4fb7-9328-fb54e14b8895 2f99b7a3665340a3b6f710d5f6fc8001 1f38cacf860a4a5b98f2a42b7a3fd17d - - default default] Successfully bumped revision number for resource 219507ea-0a3a-479c-b902-9c8c5cab69c2 (type: ports) to 1
2026-05-11 06:46:46.994 9 INFO neutron.wsgi [None req-8e4b4fdf-1f67-4fb7-9328-fb54e14b8895 2f99b7a3665340a3b6f710d5f6fc8001 1f38cacf860a4a5b98f2a42b7a3fd17d - - default default] 10.0.0.246 "POST /v2.0/networks HTTP/1.1" status: 201 len: 847 time: 0.9577367
2026-05-11 06:46:46.994 10 INFO neutron.notifiers.nova [-] Nova event matching ['req-ef5f2044-5ff3-40e8-864a-5b4bbe6845ba'] response: {'server_uuid': '1b005445-8b3c-4b54-915b-bf76bec29155', 'name': 'network-vif-plugged', 'status': 'completed', 'tag': '7df39f6c-2faf-42e0-a921-1c498ac76755', 'code': 200}
2026-05-11 06:46:47.200 10 INFO neutron.db.ovn_revision_numbers_db [None req-dd688fe9-a96b-48d8-a36e-17e18e12d768 - - - - - -] Successfully bumped revision number for resource 7df39f6c-2faf-42e0-a921-1c498ac76755 (type: ports) to 4 /var/lib/openstack/lib/python3.10/site-packages/pycadf/identifier.py:71: UserWarning: Invalid uuid: neutron. To ensure interoperability, identifiers should be a valid uuid. warnings.warn(('Invalid uuid: %s. To ensure interoperability, '
2026-05-11 06:46:47.513 10 INFO neutron.wsgi [None req-887983b3-3008-4b42-8f71-2744a4eddace 8f11e13f652648618d8e2083f01bdc5a d561b5f6f80946029585bce87c82f0af - - default default] 10.0.0.246 "GET /v2.0/security-groups?tenant_id=25d9f7feb7c84af28de6b5c41eab7598&name=default HTTP/1.1" status: 200 len: 2996 time: 0.1798778
2026-05-11 06:46:47.754 9 WARNING neutron.scheduler.dhcp_agent_scheduler [None req-75acc586-476b-47f1-8d27-7124a5a569ad 2f99b7a3665340a3b6f710d5f6fc8001 1f38cacf860a4a5b98f2a42b7a3fd17d - - default default] No more DHCP agents
2026-05-11 06:46:47.761 9 WARNING neutron.api.rpc.agentnotifiers.dhcp_rpc_agent_api [None req-75acc586-476b-47f1-8d27-7124a5a569ad 2f99b7a3665340a3b6f710d5f6fc8001 1f38cacf860a4a5b98f2a42b7a3fd17d - - default default] Unable to schedule network 2daa5393-fc8c-441b-9b54-b0c9bc854c6d: no agents available; will retry on subsequent port and subnet creation events.
2026-05-11 06:46:47.829 9 INFO neutron.wsgi [req-03b46ef9-1cfc-4d33-bd8f-044640b14fe3 req-629eef4f-6909-4fd5-9af3-1064ae92e9d2 f3cc674c1d2b407186280ba24459ec00 f21404ce8bf74adbadd278d1869b4a1f - - default default] 10.0.0.248 "GET /v2.0/ports?device_id=1b005445-8b3c-4b54-915b-bf76bec29155 HTTP/1.1" status: 200 len: 1170 time: 0.0513184
2026-05-11 06:46:47.835 9 INFO neutron.db.ovn_revision_numbers_db [None req-75acc586-476b-47f1-8d27-7124a5a569ad 2f99b7a3665340a3b6f710d5f6fc8001 1f38cacf860a4a5b98f2a42b7a3fd17d - - default default] Successfully bumped revision number for resource b1d514da-2ad5-4d74-ad18-2192104b6281 (type: subnets) to 0
2026-05-11 06:46:47.858 9 INFO neutron.wsgi [None req-75acc586-476b-47f1-8d27-7124a5a569ad 2f99b7a3665340a3b6f710d5f6fc8001 1f38cacf860a4a5b98f2a42b7a3fd17d - - default default] 10.0.0.246 "POST /v2.0/subnets HTTP/1.1" status: 201 len: 848 time: 0.3959277
2026-05-11 06:46:47.896 9 INFO neutron.wsgi [req-03b46ef9-1cfc-4d33-bd8f-044640b14fe3 req-1e9c6d28-c19c-4e90-b059-acaf3b88fec5 f3cc674c1d2b407186280ba24459ec00 f21404ce8bf74adbadd278d1869b4a1f - - default default] 10.0.0.248 "GET /v2.0/security-groups?id=c60af9b2-d657-4140-9e85-13fa8f67dad7&fields=id&fields=name HTTP/1.1" status: 200 len: 313 time: 0.0550249
2026-05-11 06:46:47.965 9 INFO neutron.db.segments_db [None req-a1dbdc67-5e0b-45c7-b168-b5864cf0bb1c 2f99b7a3665340a3b6f710d5f6fc8001 1f38cacf860a4a5b98f2a42b7a3fd17d - - default default] Added segment d16df99f-83a2-41ea-9d39-33c92e0f54b0 of type geneve for network a5da54ff-e899-4ea3-9e61-69b7badb68db
2026-05-11 06:46:48.040 9 INFO neutron.wsgi [req-fa573450-6128-4838-bba3-a13ea3cd4c7d req-9aa0e169-113e-410b-ad3f-1b72f9281d2d f3cc674c1d2b407186280ba24459ec00 f21404ce8bf74adbadd278d1869b4a1f - - default default] 10.0.0.248 "GET /v2.0/ports?device_id=1b005445-8b3c-4b54-915b-bf76bec29155 HTTP/1.1" status: 200 len: 1170 time: 0.0737388
2026-05-11 06:46:48.092 10 INFO neutron.wsgi [None req-6873ec4c-91e4-49da-8bd8-e56f47759aba 8f11e13f652648618d8e2083f01bdc5a d561b5f6f80946029585bce87c82f0af - - default default] 10.0.0.246 "DELETE /v2.0/security-groups/5a2c112d-7cf2-4896-9927-86835eed49b2 HTTP/1.1" status: 204 len: 168 time: 0.5726013
2026-05-11 06:46:48.242 9 INFO neutron.db.ovn_revision_numbers_db [None req-a1dbdc67-5e0b-45c7-b168-b5864cf0bb1c 2f99b7a3665340a3b6f710d5f6fc8001 1f38cacf860a4a5b98f2a42b7a3fd17d - - default default] Successfully bumped revision number for resource a5da54ff-e899-4ea3-9e61-69b7badb68db (type: networks) to 1
2026-05-11 06:46:48.338 10 INFO neutron.db.l3_db [None req-307fdc37-acf5-4b0c-8a23-7752271b74fe f3cc674c1d2b407186280ba24459ec00 f21404ce8bf74adbadd278d1869b4a1f - - default default] Floating IP 54e0e601-99ae-4100-92c4-c75abda3b181 associated. External IP: 10.96.250.211, port: 7df39f6c-2faf-42e0-a921-1c498ac76755.
2026-05-11 06:46:48.453 9 WARNING neutron.scheduler.dhcp_agent_scheduler [None req-a1dbdc67-5e0b-45c7-b168-b5864cf0bb1c 2f99b7a3665340a3b6f710d5f6fc8001 1f38cacf860a4a5b98f2a42b7a3fd17d - - default default] No more DHCP agents
2026-05-11 06:46:48.456 9 WARNING neutron.api.rpc.agentnotifiers.dhcp_rpc_agent_api [None req-a1dbdc67-5e0b-45c7-b168-b5864cf0bb1c 2f99b7a3665340a3b6f710d5f6fc8001 1f38cacf860a4a5b98f2a42b7a3fd17d - - default default] Unable to schedule network a5da54ff-e899-4ea3-9e61-69b7badb68db: no agents available; will retry on subsequent port and subnet creation events.
2026-05-11 06:46:48.547 10 INFO neutron.db.ovn_revision_numbers_db [None req-307fdc37-acf5-4b0c-8a23-7752271b74fe f3cc674c1d2b407186280ba24459ec00 f21404ce8bf74adbadd278d1869b4a1f - - default default] Successfully bumped revision number for resource 54e0e601-99ae-4100-92c4-c75abda3b181 (type: floatingips) to 1
2026-05-11 06:46:48.594 9 INFO neutron.db.ovn_revision_numbers_db [None req-a1dbdc67-5e0b-45c7-b168-b5864cf0bb1c 2f99b7a3665340a3b6f710d5f6fc8001 1f38cacf860a4a5b98f2a42b7a3fd17d - - default default] Successfully bumped revision number for resource 8be4c238-8b8e-4357-92d4-ccbd2f7c80a0 (type: ports) to 1
2026-05-11 06:46:48.641 9 INFO neutron.wsgi [None req-a1dbdc67-5e0b-45c7-b168-b5864cf0bb1c 2f99b7a3665340a3b6f710d5f6fc8001 1f38cacf860a4a5b98f2a42b7a3fd17d - - default default] 10.0.0.246 "POST /v2.0/networks HTTP/1.1" status: 201 len: 847 time: 0.7742794 /var/lib/openstack/lib/python3.10/site-packages/pycadf/identifier.py:71: UserWarning: Invalid uuid: neutron. To ensure interoperability, identifiers should be a valid uuid. warnings.warn(('Invalid uuid: %s. To ensure interoperability, '
2026-05-11 06:46:48.673 10 INFO neutron.db.ovn_revision_numbers_db [None req-307fdc37-acf5-4b0c-8a23-7752271b74fe f3cc674c1d2b407186280ba24459ec00 f21404ce8bf74adbadd278d1869b4a1f - - default default] Successfully bumped revision number for resource 54e0e601-99ae-4100-92c4-c75abda3b181 (type: floatingips) to 2
2026-05-11 06:46:48.711 10 INFO neutron.wsgi [None req-307fdc37-acf5-4b0c-8a23-7752271b74fe f3cc674c1d2b407186280ba24459ec00 f21404ce8bf74adbadd278d1869b4a1f - - default default] 10.0.0.246 "PUT /v2.0/floatingips/54e0e601-99ae-4100-92c4-c75abda3b181 HTTP/1.1" status: 200 len: 1049 time: 0.6565659
2026-05-11 06:46:48.822 9 INFO neutron.wsgi [req-3ff4eb19-bff4-43cd-8f8b-0bddf2845c27 req-6cab8733-ea5d-4dc3-810b-851ab1b8cb10 f3cc674c1d2b407186280ba24459ec00 f21404ce8bf74adbadd278d1869b4a1f - - default default] 10.0.0.248 "GET /v2.0/ports?device_id=1b005445-8b3c-4b54-915b-bf76bec29155 HTTP/1.1" status: 200 len: 1170 time: 0.0557661
2026-05-11 06:46:48.894 9 INFO neutron.wsgi [req-3ff4eb19-bff4-43cd-8f8b-0bddf2845c27 req-fc8da74e-023e-4ed6-9ba6-f504a9f0cc85 f3cc674c1d2b407186280ba24459ec00 f21404ce8bf74adbadd278d1869b4a1f - - default default] 10.0.0.248 "GET /v2.0/security-groups?id=c60af9b2-d657-4140-9e85-13fa8f67dad7&fields=id&fields=name HTTP/1.1" status: 200 len: 313 time: 0.0645711
2026-05-11 06:46:48.956 9 INFO neutron.db.ovn_revision_numbers_db [None req-f9229112-42e8-46a4-acae-1120bc2cbf49 2f99b7a3665340a3b6f710d5f6fc8001 1f38cacf860a4a5b98f2a42b7a3fd17d - - default default] Successfully bumped revision number for resource a5da54ff-e899-4ea3-9e61-69b7badb68db (type: networks) to 2
2026-05-11 06:46:48.960 9 INFO neutron.wsgi [None req-f9229112-42e8-46a4-acae-1120bc2cbf49 2f99b7a3665340a3b6f710d5f6fc8001 1f38cacf860a4a5b98f2a42b7a3fd17d - - default default] 10.0.0.246 "PUT /v2.0/networks/a5da54ff-e899-4ea3-9e61-69b7badb68db HTTP/1.1" status: 200 len: 792 time: 0.3142958
2026-05-11 06:46:49.069 10 INFO neutron.notifiers.nova [-] Nova event matching ['req-b2e00de8-32cb-4a18-9ab2-6590f55455bd'] response: {'server_uuid': '1b005445-8b3c-4b54-915b-bf76bec29155', 'name': 'network-vif-plugged', 'status': 'completed', 'tag': '7df39f6c-2faf-42e0-a921-1c498ac76755', 'code': 200}
2026-05-11 06:46:49.069 10 INFO neutron.notifiers.nova [-] Nova event matching ['req-b2e00de8-32cb-4a18-9ab2-6590f55455bd'] response: {'name': 'network-changed', 'server_uuid': '1b005445-8b3c-4b54-915b-bf76bec29155', 'tag': '7df39f6c-2faf-42e0-a921-1c498ac76755', 'status': 'completed', 'code': 200}
2026-05-11 06:46:49.153 10 INFO neutron.wsgi [req-d8c785ee-83d1-43fc-b8d9-aa7d8a50132a req-0c0fc107-f4ed-4326-9c8b-203336274a25 dc0236e32fdd4858bcc32f250aaf05ce 79ce8942d243454cbf729108076aebf2 - - 78055b8278ed499887689ee8ce2879fc 78055b8278ed499887689ee8ce2879fc] 199.204.45.222 "GET /v2.0/ports?tenant_id=f21404ce8bf74adbadd278d1869b4a1f&device_id=1b005445-8b3c-4b54-915b-bf76bec29155 HTTP/1.1" status: 200 len: 1409 time: 0.0645809
2026-05-11 06:46:49.226 10 INFO neutron.plugins.ml2.drivers.ovn.mech_driver.mech_driver [None req-dd688fe9-a96b-48d8-a36e-17e18e12d768 - - - - - -] OVN reports status down for port: 7df39f6c-2faf-42e0-a921-1c498ac76755
2026-05-11 06:46:49.237 9 INFO neutron.wsgi [req-fbf0fda4-ee01-44ad-a4ed-d0510381a472 req-da88d3c5-6237-4691-83a1-ba4ca0663f3b f3cc674c1d2b407186280ba24459ec00 f21404ce8bf74adbadd278d1869b4a1f - - default default] 10.0.0.248 "GET /v2.0/ports?device_id=1b005445-8b3c-4b54-915b-bf76bec29155 HTTP/1.1" status: 200 len: 1170 time: 0.0474699
2026-05-11 06:46:49.266 10 INFO neutron.wsgi [req-d8c785ee-83d1-43fc-b8d9-aa7d8a50132a req-fec314e8-d063-4174-af50-01dee44bc090 dc0236e32fdd4858bcc32f250aaf05ce 79ce8942d243454cbf729108076aebf2 - - 78055b8278ed499887689ee8ce2879fc 78055b8278ed499887689ee8ce2879fc] 199.204.45.222 "GET /v2.0/networks?id=b573f269-3880-404d-9f13-63b21da661ae HTTP/1.1" status: 200 len: 974 time: 0.1067381
2026-05-11 06:46:49.293 9 INFO neutron.wsgi [req-fbf0fda4-ee01-44ad-a4ed-d0510381a472 req-9ede5fd4-9219-4432-b04d-090bf4d588c2 f3cc674c1d2b407186280ba24459ec00 f21404ce8bf74adbadd278d1869b4a1f - - default default] 10.0.0.248 "GET /v2.0/security-groups?id=c60af9b2-d657-4140-9e85-13fa8f67dad7&fields=id&fields=name HTTP/1.1" status: 200 len: 313 time: 0.0473089
2026-05-11 06:46:49.360 10 INFO neutron.wsgi [req-d8c785ee-83d1-43fc-b8d9-aa7d8a50132a req-8400f0ac-066e-42a1-8829-7a0e1560cc9a dc0236e32fdd4858bcc32f250aaf05ce 79ce8942d243454cbf729108076aebf2 - - 78055b8278ed499887689ee8ce2879fc 78055b8278ed499887689ee8ce2879fc] 199.204.45.222 "GET /v2.0/floatingips?fixed_ip_address=10.100.0.5&port_id=7df39f6c-2faf-42e0-a921-1c498ac76755 HTTP/1.1" status: 200 len: 1059 time: 0.0842485
2026-05-11 06:46:49.429 10 INFO neutron.wsgi [req-d8c785ee-83d1-43fc-b8d9-aa7d8a50132a req-cb8ba091-ab6a-4589-b73c-0c6dc2e26cc5 dc0236e32fdd4858bcc32f250aaf05ce 79ce8942d243454cbf729108076aebf2 - - 78055b8278ed499887689ee8ce2879fc 78055b8278ed499887689ee8ce2879fc] 199.204.45.222 "GET /v2.0/subnets?id=110bdf89-3cf7-4cf0-b15e-cf9fafa37ea5 HTTP/1.1" status: 200 len: 869 time: 0.0551641
2026-05-11 06:46:49.432 10 WARNING neutron.scheduler.dhcp_agent_scheduler [None req-0e8b9345-f023-4f45-a35c-602107f5a80f 2f99b7a3665340a3b6f710d5f6fc8001 1f38cacf860a4a5b98f2a42b7a3fd17d - - default default] No more DHCP agents
2026-05-11 06:46:49.436 10 WARNING neutron.api.rpc.agentnotifiers.dhcp_rpc_agent_api [None req-0e8b9345-f023-4f45-a35c-602107f5a80f 2f99b7a3665340a3b6f710d5f6fc8001 1f38cacf860a4a5b98f2a42b7a3fd17d - - default default] Unable to schedule network a5da54ff-e899-4ea3-9e61-69b7badb68db: no agents available; will retry on subsequent port and subnet creation events.
2026-05-11 06:46:49.473 10 INFO neutron.wsgi [req-d8c785ee-83d1-43fc-b8d9-aa7d8a50132a req-dd307759-0e11-4297-8e60-9409d873479a dc0236e32fdd4858bcc32f250aaf05ce 79ce8942d243454cbf729108076aebf2 - - 78055b8278ed499887689ee8ce2879fc 78055b8278ed499887689ee8ce2879fc] 199.204.45.222 "GET /v2.0/ports?network_id=b573f269-3880-404d-9f13-63b21da661ae&device_owner=network%3Adhcp HTTP/1.1" status: 200 len: 210 time: 0.0336990
2026-05-11 06:46:49.521 10 INFO neutron.db.ovn_revision_numbers_db [None req-0e8b9345-f023-4f45-a35c-602107f5a80f 2f99b7a3665340a3b6f710d5f6fc8001 1f38cacf860a4a5b98f2a42b7a3fd17d - - default default] Successfully bumped revision number for resource 3c4f0f6a-36e2-4150-9d67-1a043aa4263b (type: subnets) to 0
2026-05-11 06:46:49.544 10 INFO neutron.wsgi [None req-0e8b9345-f023-4f45-a35c-602107f5a80f 2f99b7a3665340a3b6f710d5f6fc8001 1f38cacf860a4a5b98f2a42b7a3fd17d - - default default] 10.0.0.246 "POST /v2.0/subnets HTTP/1.1" status: 201 len: 821 time: 0.5784504
2026-05-11 06:46:49.556 10 INFO neutron.wsgi [req-d8c785ee-83d1-43fc-b8d9-aa7d8a50132a req-daebf62f-b2d8-4330-9235-d39b20a5c3b1 dc0236e32fdd4858bcc32f250aaf05ce 79ce8942d243454cbf729108076aebf2 - - 78055b8278ed499887689ee8ce2879fc 78055b8278ed499887689ee8ce2879fc] 199.204.45.222 "GET /v2.0/networks/b573f269-3880-404d-9f13-63b21da661ae?fields=segments HTTP/1.1" status: 200 len: 212 time: 0.0734706
2026-05-11 06:46:49.574 9 INFO neutron.wsgi [req-a398733e-c761-4f70-aead-6a2fc960e888 req-4fe754b3-e6bf-41fa-9063-52eafb183a07 f3cc674c1d2b407186280ba24459ec00 f21404ce8bf74adbadd278d1869b4a1f - - default default] 199.204.45.222 "GET /v2.0/ports?device_id=1b005445-8b3c-4b54-915b-bf76bec29155 HTTP/1.1" status: 200 len: 1168 time: 0.0473592
2026-05-11 06:46:49.632 10 INFO neutron.wsgi [req-d8c785ee-83d1-43fc-b8d9-aa7d8a50132a req-fcbb8868-9948-4a41-a6fb-494f6d033d50 dc0236e32fdd4858bcc32f250aaf05ce 79ce8942d243454cbf729108076aebf2 - - 78055b8278ed499887689ee8ce2879fc 78055b8278ed499887689ee8ce2879fc] 199.204.45.222 "GET /v2.0/networks/b573f269-3880-404d-9f13-63b21da661ae?fields=provider%3Aphysical_network&fields=provider%3Anetwork_type HTTP/1.1" status: 200 len: 277 time: 0.0693917
2026-05-11 06:46:49.668 10 INFO neutron.db.ovn_revision_numbers_db [None req-dd688fe9-a96b-48d8-a36e-17e18e12d768 - - - - - -] Successfully bumped revision number for resource 7df39f6c-2faf-42e0-a921-1c498ac76755 (type: ports) to 5
2026-05-11 06:46:49.844 9 INFO neutron.wsgi [req-d73fb0af-a020-4900-9594-2d7dd1451de8 req-e5c71299-d449-4369-952e-756126d76967 dc0236e32fdd4858bcc32f250aaf05ce 79ce8942d243454cbf729108076aebf2 - - 78055b8278ed499887689ee8ce2879fc 78055b8278ed499887689ee8ce2879fc] 10.0.0.116 "GET /v2.0/ports?device_id=52478553-0c80-4219-b751-461b9afd86e4 HTTP/1.1" status: 200 len: 1409 time: 0.2621796
2026-05-11 06:46:49.916 9 INFO neutron.wsgi [req-d73fb0af-a020-4900-9594-2d7dd1451de8 req-86420562-4ef3-43c2-a6d9-97533bc1b63e dc0236e32fdd4858bcc32f250aaf05ce 79ce8942d243454cbf729108076aebf2 - - 78055b8278ed499887689ee8ce2879fc 78055b8278ed499887689ee8ce2879fc] 10.0.0.116 "GET /v2.0/security-groups?id=586c54d0-df30-4337-8278-bce14b7808be&fields=id&fields=name HTTP/1.1" status: 200 len: 312 time: 0.0643477
2026-05-11 06:46:50.016 9 INFO neutron.db.l3_db [req-a398733e-c761-4f70-aead-6a2fc960e888 req-f794e1cf-46a5-49f3-a209-9a0c98e74391 f3cc674c1d2b407186280ba24459ec00 f21404ce8bf74adbadd278d1869b4a1f - - default default] Floating IP 54e0e601-99ae-4100-92c4-c75abda3b181 disassociated. External IP: 10.96.250.211, port: 7df39f6c-2faf-42e0-a921-1c498ac76755. /var/lib/openstack/lib/python3.10/site-packages/pycadf/identifier.py:71: UserWarning: Invalid uuid: neutron. To ensure interoperability, identifiers should be a valid uuid. warnings.warn(('Invalid uuid: %s. To ensure interoperability, '
2026-05-11 06:46:50.186 10 INFO neutron.wsgi [None req-4dbd41ee-834d-477c-ac93-8198087ba079 586ed44345b440ffb34ae5b6d0cc4bb4 6003623ef9764a4e85fcab6bc2a949a2 - - default default] 10.0.0.246 "POST /v2.0/subnetpools HTTP/1.1" status: 201 len: 748 time: 0.1255651
2026-05-11 06:46:50.218 10 INFO neutron.wsgi [None req-8f9a380a-7e65-4c54-9926-c06f1565bc03 586ed44345b440ffb34ae5b6d0cc4bb4 6003623ef9764a4e85fcab6bc2a949a2 - - default default] 10.0.0.246 "GET /v2.0/subnetpools/ed4fa047-0702-41e4-a9c4-751af1bfeb48 HTTP/1.1" status: 200 len: 743 time: 0.0243287
2026-05-11 06:46:50.287 9 INFO neutron.wsgi [req-a398733e-c761-4f70-aead-6a2fc960e888 req-f794e1cf-46a5-49f3-a209-9a0c98e74391 f3cc674c1d2b407186280ba24459ec00 f21404ce8bf74adbadd278d1869b4a1f - - default default] 199.204.45.222 "DELETE /v2.0/ports/7df39f6c-2faf-42e0-a921-1c498ac76755 HTTP/1.1" status: 204 len: 173 time: 0.7086251
2026-05-11 06:46:50.294 10 INFO neutron.wsgi [None req-553d3b5e-0c84-40f2-8029-319d5b338368 586ed44345b440ffb34ae5b6d0cc4bb4 6003623ef9764a4e85fcab6bc2a949a2 - - default default] 10.0.0.246 "PUT /v2.0/subnetpools/ed4fa047-0702-41e4-a9c4-751af1bfeb48 HTTP/1.1" status: 200 len: 695 time: 0.0698965 /var/lib/openstack/lib/python3.10/site-packages/pycadf/identifier.py:71: UserWarning: Invalid uuid: neutron. To ensure interoperability, identifiers should be a valid uuid. warnings.warn(('Invalid uuid: %s. To ensure interoperability, '
2026-05-11 06:46:50.334 9 INFO neutron.notifiers.nova [-] Nova event matching ['req-9d3d9372-6584-4b4a-8ca8-6d5ebefc3a27'] response: {'server_uuid': '1b005445-8b3c-4b54-915b-bf76bec29155', 'name': 'network-vif-deleted', 'tag': '7df39f6c-2faf-42e0-a921-1c498ac76755', 'status': 'completed', 'code': 200}
2026-05-11 06:46:50.405 9 INFO neutron.wsgi [None req-2861317f-ae8c-4ccc-8fde-d998a674b91a 586ed44345b440ffb34ae5b6d0cc4bb4 6003623ef9764a4e85fcab6bc2a949a2 - - default default] 10.0.0.246 "DELETE /v2.0/subnetpools/ed4fa047-0702-41e4-a9c4-751af1bfeb48 HTTP/1.1" status: 204 len: 168 time: 0.1021478
2026-05-11 06:46:50.428 9 INFO neutron.wsgi [req-ca2883e5-1518-4771-a631-5c208f25f56f req-e15c529a-2c45-4d8a-ab67-52177c90f6b6 f3cc674c1d2b407186280ba24459ec00 f21404ce8bf74adbadd278d1869b4a1f - - default default] 10.0.0.248 "GET /v2.0/ports?device_id=1b005445-8b3c-4b54-915b-bf76bec29155 HTTP/1.1" status: 200 len: 210 time: 0.0214071
2026-05-11 06:46:50.445 10 INFO neutron.api.v2.resource [None req-3fab76fa-34dc-487e-92f3-6cce1e662860 586ed44345b440ffb34ae5b6d0cc4bb4 6003623ef9764a4e85fcab6bc2a949a2 - - default default] show failed (client error): The resource could not be found.
2026-05-11 06:46:50.447 10 INFO neutron.wsgi [None req-3fab76fa-34dc-487e-92f3-6cce1e662860 586ed44345b440ffb34ae5b6d0cc4bb4 6003623ef9764a4e85fcab6bc2a949a2 - - default default] 10.0.0.246 "GET /v2.0/subnetpools/ed4fa047-0702-41e4-a9c4-751af1bfeb48 HTTP/1.1" status: 404 len: 346 time: 0.0322986
2026-05-11 06:46:50.479 10 INFO neutron.api.v2.resource [None req-03570d91-c443-4d19-8915-a369ecef8949 586ed44345b440ffb34ae5b6d0cc4bb4 6003623ef9764a4e85fcab6bc2a949a2 - - default default] delete failed (client error): The resource could not be found.
2026-05-11 06:46:50.481 10 INFO neutron.wsgi [None req-03570d91-c443-4d19-8915-a369ecef8949 586ed44345b440ffb34ae5b6d0cc4bb4 6003623ef9764a4e85fcab6bc2a949a2 - - default default] 10.0.0.246 "DELETE /v2.0/subnetpools/ed4fa047-0702-41e4-a9c4-751af1bfeb48 HTTP/1.1" status: 404 len: 346 time: 0.0244300
2026-05-11 06:46:50.577 9 INFO neutron.db.ovn_revision_numbers_db [None req-dde2e1fd-0c27-4285-a00e-89c7c3a1e3d9 2f99b7a3665340a3b6f710d5f6fc8001 1f38cacf860a4a5b98f2a42b7a3fd17d - - default default] Successfully bumped revision number for resource 8be4c238-8b8e-4357-92d4-ccbd2f7c80a0 (type: ports) to 2
2026-05-11 06:46:50.618 9 INFO neutron.db.ovn_revision_numbers_db [None req-dde2e1fd-0c27-4285-a00e-89c7c3a1e3d9 2f99b7a3665340a3b6f710d5f6fc8001 1f38cacf860a4a5b98f2a42b7a3fd17d - - default default] Successfully bumped revision number for resource 3c4f0f6a-36e2-4150-9d67-1a043aa4263b (type: subnets) to 1
2026-05-11 06:46:50.623 9 INFO neutron.wsgi [None req-dde2e1fd-0c27-4285-a00e-89c7c3a1e3d9 2f99b7a3665340a3b6f710d5f6fc8001 1f38cacf860a4a5b98f2a42b7a3fd17d - - default default] 10.0.0.246 "PUT /v2.0/subnets/3c4f0f6a-36e2-4150-9d67-1a043aa4263b HTTP/1.1" status: 200 len: 826 time: 1.0732012
2026-05-11 06:46:51.116 10 INFO neutron.notifiers.nova [-] Nova event matching ['req-d5c3e684-8b94-4b67-a726-d259f7ca6973'] response: {'server_uuid': '1b005445-8b3c-4b54-915b-bf76bec29155', 'name': 'network-vif-unplugged', 'status': 'completed', 'tag': '7df39f6c-2faf-42e0-a921-1c498ac76755', 'code': 200}
2026-05-11 06:46:51.116 10 INFO neutron.notifiers.nova [-] Nova event matching ['req-d5c3e684-8b94-4b67-a726-d259f7ca6973'] response: {'server_uuid': '1b005445-8b3c-4b54-915b-bf76bec29155', 'name': 'network-vif-plugged', 'status': 'completed', 'tag': '7df39f6c-2faf-42e0-a921-1c498ac76755', 'code': 200}
2026-05-11 06:46:51.342 10 INFO neutron.db.ovn_revision_numbers_db [None req-87ca32db-698a-45fd-b4dc-13d59f1ba573 8f11e13f652648618d8e2083f01bdc5a d561b5f6f80946029585bce87c82f0af - - default default] Successfully bumped revision number for resource 499813a3-9ea1-4270-8cad-6b9c10d02750 (type: security_groups) to 1
2026-05-11 06:46:51.355 10 INFO neutron.db.ovn_revision_numbers_db [None req-87ca32db-698a-45fd-b4dc-13d59f1ba573 8f11e13f652648618d8e2083f01bdc5a d561b5f6f80946029585bce87c82f0af - - default default] Successfully bumped revision number for resource 298d9c49-50e5-45be-8907-1a8f20dade0a (type: security_group_rules) to 0
2026-05-11 06:46:51.384 10 INFO neutron.db.ovn_revision_numbers_db [None req-87ca32db-698a-45fd-b4dc-13d59f1ba573 8f11e13f652648618d8e2083f01bdc5a d561b5f6f80946029585bce87c82f0af - - default default] Successfully bumped revision number for resource 701fca9b-e3ed-4afb-8c6b-cb485579dd30 (type: security_group_rules) to 0
2026-05-11 06:46:51.403 10 INFO neutron.db.ovn_revision_numbers_db [None req-87ca32db-698a-45fd-b4dc-13d59f1ba573 8f11e13f652648618d8e2083f01bdc5a d561b5f6f80946029585bce87c82f0af - - default default] Successfully bumped revision number for resource 77c18316-7d27-4dbf-9a3b-f61067df78de (type: security_group_rules) to 0
2026-05-11 06:46:51.417 10 INFO neutron.db.ovn_revision_numbers_db [None req-87ca32db-698a-45fd-b4dc-13d59f1ba573 8f11e13f652648618d8e2083f01bdc5a d561b5f6f80946029585bce87c82f0af - - default default] Successfully bumped revision number for resource b41a35e0-f5c8-4fc7-80aa-c333ae8483e9 (type: security_group_rules) to 0
2026-05-11 06:46:51.438 10 INFO neutron.wsgi [None req-87ca32db-698a-45fd-b4dc-13d59f1ba573 8f11e13f652648618d8e2083f01bdc5a d561b5f6f80946029585bce87c82f0af - - default default] 10.0.0.246 "GET /v2.0/security-groups?tenant_id=6003623ef9764a4e85fcab6bc2a949a2&name=default HTTP/1.1" status: 200 len: 2996 time: 0.3368962
2026-05-11 06:46:51.494 9 INFO neutron.services.segments.plugin [-] Segment d16df99f-83a2-41ea-9d39-33c92e0f54b0 resource provider aggregate not found
2026-05-11 06:46:51.500 9 INFO neutron.services.segments.plugin [-] Segment d16df99f-83a2-41ea-9d39-33c92e0f54b0 resource provider aggregate not found
2026-05-11 06:46:51.524 9 INFO neutron.services.segments.plugin [-] Segment d16df99f-83a2-41ea-9d39-33c92e0f54b0 resource provider not found; error: Placement Client Error (4xx): {"errors": [{"status": 404, "title": "Not Found", "detail": "The resource could not be found.\n\n No resource provider with uuid d16df99f-83a2-41ea-9d39-33c92e0f54b0 found for delete ", "request_id": "req-e1c44e67-2799-492d-a1f0-18226e5a404d"}]}
2026-05-11 06:46:51.529 9 INFO neutron.services.segments.plugin [-] Segment d16df99f-83a2-41ea-9d39-33c92e0f54b0 resource provider not found; error: Placement Client Error (4xx): {"errors": [{"status": 404, "title": "Not Found", "detail": "The resource could not be found.\n\n No resource provider with uuid d16df99f-83a2-41ea-9d39-33c92e0f54b0 found for delete ", "request_id": "req-b08bada4-b8cc-4a07-9b1e-057ad2aaf5f1"}]}
2026-05-11 06:46:51.562 9 INFO neutron.wsgi [None req-12cbe45e-a136-4f75-8914-8b9c0df5f36b 2f99b7a3665340a3b6f710d5f6fc8001 1f38cacf860a4a5b98f2a42b7a3fd17d - - default default] 10.0.0.246 "DELETE /v2.0/networks/a5da54ff-e899-4ea3-9e61-69b7badb68db HTTP/1.1" status: 204 len: 168 time: 0.9305677
2026-05-11 06:46:51.603 10 INFO neutron.pecan_wsgi.hooks.translation [None req-3fdbe9a0-9229-43c4-8949-aa6f2cc49e93 2f99b7a3665340a3b6f710d5f6fc8001 1f38cacf860a4a5b98f2a42b7a3fd17d - - default default] DELETE failed (client error): The resource could not be found.
2026-05-11 06:46:51.607 10 INFO neutron.wsgi [None req-3fdbe9a0-9229-43c4-8949-aa6f2cc49e93 2f99b7a3665340a3b6f710d5f6fc8001 1f38cacf860a4a5b98f2a42b7a3fd17d - - default default] 10.0.0.246 "DELETE /v2.0/networks/a5da54ff-e899-4ea3-9e61-69b7badb68db HTTP/1.1" status: 404 len: 339 time: 0.0384090
2026-05-11 06:46:51.720 10 INFO neutron.wsgi [None req-5798ef12-777e-4aa7-ae68-aed283c7fd23 f3cc674c1d2b407186280ba24459ec00 f21404ce8bf74adbadd278d1869b4a1f - - default default] 10.0.0.246 "DELETE /v2.0/security-groups/c60af9b2-d657-4140-9e85-13fa8f67dad7 HTTP/1.1" status: 204 len: 168 time: 0.1760678
2026-05-11 06:46:51.740 10 INFO neutron.api.v2.resource [None req-abdaabed-7ad8-4654-8bcb-35ae7d590db0 f3cc674c1d2b407186280ba24459ec00 f21404ce8bf74adbadd278d1869b4a1f - - default default] show failed (client error): The resource could not be found.
2026-05-11 06:46:51.742 10 INFO neutron.wsgi [None req-abdaabed-7ad8-4654-8bcb-35ae7d590db0 f3cc674c1d2b407186280ba24459ec00 f21404ce8bf74adbadd278d1869b4a1f - - default default] 10.0.0.246 "GET /v2.0/security-groups/c60af9b2-d657-4140-9e85-13fa8f67dad7 HTTP/1.1" status: 404 len: 347 time: 0.0142484
2026-05-11 06:46:51.745 10 INFO neutron.wsgi [None req-1b879eaf-5be0-45d9-8861-a98bd20df930 8f11e13f652648618d8e2083f01bdc5a d561b5f6f80946029585bce87c82f0af - - default default] 10.0.0.246 "DELETE /v2.0/security-groups/499813a3-9ea1-4270-8cad-6b9c10d02750 HTTP/1.1" status: 204 len: 168 time: 0.3002868
2026-05-11 06:46:51.747 9 INFO neutron.wsgi [None req-58129df5-c7f5-4ffc-8941-4fa02873e3f5 2f99b7a3665340a3b6f710d5f6fc8001 1f38cacf860a4a5b98f2a42b7a3fd17d - - default default] 10.0.0.246 "GET /v2.0/networks?router%3Aexternal=True HTTP/1.1" status: 200 len: 845 time: 0.1302207
2026-05-11 06:46:51.841 10 INFO neutron.wsgi [None req-d371bfac-fecd-4919-be37-5dd7cb77743e 2f99b7a3665340a3b6f710d5f6fc8001 1f38cacf860a4a5b98f2a42b7a3fd17d - - default default] 10.0.0.246 "GET /v2.0/subnets?network_id=1135f919-493e-418d-831d-9ad1dc8ea475 HTTP/1.1" status: 200 len: 820 time: 0.0862496
2026-05-11 06:46:51.861 10 INFO neutron.wsgi [None req-2ee8ee2f-f6d4-4d16-a314-cf8234b244f2 2f99b7a3665340a3b6f710d5f6fc8001 1f38cacf860a4a5b98f2a42b7a3fd17d - - default default] 10.0.0.246 "GET /v2.0/extensions HTTP/1.1" status: 200 len: 16520 time: 0.0138769
2026-05-11 06:46:51.960 9 INFO neutron.wsgi [None req-41e03298-4a30-45f3-8b91-c4d558392df4 2f99b7a3665340a3b6f710d5f6fc8001 1f38cacf860a4a5b98f2a42b7a3fd17d - - default default] 10.0.0.246 "GET /v2.0/networks HTTP/1.1" status: 200 len: 1508 time: 0.0916798
2026-05-11 06:46:52.027 9 INFO neutron.wsgi [None req-c57b46e2-00e0-4be9-acd2-31fc91b7baed 2f99b7a3665340a3b6f710d5f6fc8001 1f38cacf860a4a5b98f2a42b7a3fd17d - - default default] 10.0.0.246 "GET /v2.0/subnets HTTP/1.1" status: 200 len: 1460 time: 0.0595224
2026-05-11 06:46:52.100 9 INFO neutron.wsgi [None req-13a68843-7769-44ea-865a-3a93b9124e16 2f99b7a3665340a3b6f710d5f6fc8001 1f38cacf860a4a5b98f2a42b7a3fd17d - - default default] 10.0.0.246 "GET /v2.0/networks/2daa5393-fc8c-441b-9b54-b0c9bc854c6d HTTP/1.1" status: 200 len: 867 time: 0.0666368
2026-05-11 06:46:52.132 10 INFO neutron.wsgi [None req-ae29b060-754d-436e-a438-570bc50c737a f3cc674c1d2b407186280ba24459ec00 f21404ce8bf74adbadd278d1869b4a1f - - default default] 10.0.0.246 "DELETE /v2.0/floatingips/54e0e601-99ae-4100-92c4-c75abda3b181 HTTP/1.1" status: 204 len: 168 time: 0.3849173
2026-05-11 06:46:52.160 9 INFO neutron.wsgi [None req-83992921-72a3-401b-821e-ae86e9984baf 2f99b7a3665340a3b6f710d5f6fc8001 1f38cacf860a4a5b98f2a42b7a3fd17d - - default default] 10.0.0.246 "GET /v2.0/subnets/b1d514da-2ad5-4d74-ad18-2192104b6281 HTTP/1.1" status: 200 len: 843 time: 0.0480721
2026-05-11 06:46:52.189 9 INFO neutron.pecan_wsgi.hooks.translation [None req-b771082e-a976-41e5-9100-9f9792dffd31 2f99b7a3665340a3b6f710d5f6fc8001 1f38cacf860a4a5b98f2a42b7a3fd17d - - default default] DELETE failed (client error): The resource could not be found.
2026-05-11 06:46:52.191 9 INFO neutron.wsgi [None req-b771082e-a976-41e5-9100-9f9792dffd31 2f99b7a3665340a3b6f710d5f6fc8001 1f38cacf860a4a5b98f2a42b7a3fd17d - - default default] 10.0.0.246 "DELETE /v2.0/subnets/3c4f0f6a-36e2-4150-9d67-1a043aa4263b HTTP/1.1" status: 404 len: 337 time: 0.0256231
2026-05-11 06:46:52.214 9 INFO neutron.pecan_wsgi.hooks.translation [None req-b94229b2-fda5-4f27-8c08-cb52dfe4bdf8 2f99b7a3665340a3b6f710d5f6fc8001 1f38cacf860a4a5b98f2a42b7a3fd17d - - default default] DELETE failed (client error): The resource could not be found.
2026-05-11 06:46:52.216 9 INFO neutron.wsgi [None req-b94229b2-fda5-4f27-8c08-cb52dfe4bdf8 2f99b7a3665340a3b6f710d5f6fc8001 1f38cacf860a4a5b98f2a42b7a3fd17d - - default default] 10.0.0.246 "DELETE /v2.0/networks/a5da54ff-e899-4ea3-9e61-69b7badb68db HTTP/1.1" status: 404 len: 339 time: 0.0183601
2026-05-11 06:46:52.438 9 INFO neutron.wsgi [None req-f7889fe8-421c-4985-a211-2be63a16a982 2f99b7a3665340a3b6f710d5f6fc8001 1f38cacf860a4a5b98f2a42b7a3fd17d - - default default] 10.0.0.246 "DELETE /v2.0/subnets/b1d514da-2ad5-4d74-ad18-2192104b6281 HTTP/1.1" status: 204 len: 168 time: 0.2157974
2026-05-11 06:46:52.839 9 INFO neutron.wsgi [None req-4baba4b4-b1bd-416e-be13-a2d5c8e60495 2f99b7a3665340a3b6f710d5f6fc8001 1f38cacf860a4a5b98f2a42b7a3fd17d - - default default] 10.0.0.246 "DELETE /v2.0/networks/2daa5393-fc8c-441b-9b54-b0c9bc854c6d HTTP/1.1" status: 204 len: 168 time: 0.3943977
2026-05-11 06:46:53.173 10 INFO neutron.wsgi [None req-886b7c11-0474-48f0-90cf-f46d7c3c757c 8f11e13f652648618d8e2083f01bdc5a d561b5f6f80946029585bce87c82f0af - - default default] 10.0.0.246 "PUT /v2.0/routers/72aac89f-52b6-47b9-958b-1f59a58b128c/remove_router_interface HTTP/1.1" status: 200 len: 503 time: 1.0353684 /var/lib/openstack/lib/python3.10/site-packages/pycadf/identifier.py:71: UserWarning: Invalid uuid: neutron. To ensure interoperability, identifiers should be a valid uuid. warnings.warn(('Invalid uuid: %s. To ensure interoperability, '
2026-05-11 06:46:53.553 9 INFO neutron.services.segments.plugin [-] Segment 71e23d6b-6292-45f5-a07d-6acb4c3a1e31 resource provider aggregate not found
2026-05-11 06:46:53.558 9 INFO neutron.services.segments.plugin [-] Segment 71e23d6b-6292-45f5-a07d-6acb4c3a1e31 resource provider aggregate not found
2026-05-11 06:46:53.567 10 INFO neutron.wsgi [None req-84bf70f5-8b2e-4c0c-bab4-6ca97698d5ec 8f11e13f652648618d8e2083f01bdc5a d561b5f6f80946029585bce87c82f0af - - default default] 10.0.0.246 "GET /v2.0/security-groups?tenant_id=1f38cacf860a4a5b98f2a42b7a3fd17d&name=default HTTP/1.1" status: 200 len: 2996 time: 0.2160368
2026-05-11 06:46:53.577 9 INFO neutron.services.segments.plugin [-] Segment 71e23d6b-6292-45f5-a07d-6acb4c3a1e31 resource provider not found; error: Placement Client Error (4xx): {"errors": [{"status": 404, "title": "Not Found", "detail": "The resource could not be found.\n\n No resource provider with uuid 71e23d6b-6292-45f5-a07d-6acb4c3a1e31 found for delete ", "request_id": "req-a63badb2-2765-4307-8d91-c8d53adf54c2"}]}
2026-05-11 06:46:53.579 9 INFO neutron.services.segments.plugin [-] Segment 71e23d6b-6292-45f5-a07d-6acb4c3a1e31 resource provider not found; error: Placement Client Error (4xx): {"errors": [{"status": 404, "title": "Not Found", "detail": "The resource could not be found.\n\n No resource provider with uuid 71e23d6b-6292-45f5-a07d-6acb4c3a1e31 found for delete ", "request_id": "req-8f417783-0fc0-4966-8021-0b860d805808"}]}
2026-05-11 06:46:53.580 9 INFO neutron.wsgi [-] 10.0.0.246 "GET / HTTP/1.1" status: 200 len: 279 time: 0.0014150
2026-05-11 06:46:53.832 9 INFO neutron.wsgi [None req-a332d6ea-cd5a-4f5d-84b3-e566f7ea2735 8f11e13f652648618d8e2083f01bdc5a d561b5f6f80946029585bce87c82f0af - - default default] 10.0.0.246 "DELETE /v2.0/routers/72aac89f-52b6-47b9-958b-1f59a58b128c HTTP/1.1" status: 204 len: 168 time: 0.6531696
2026-05-11 06:46:53.894 10 INFO neutron.wsgi [None req-1e76b80a-b8f5-4ac8-ae7f-8599374815b5 c11a1b28590d498b90a28d709573ec2d 79b89c6df60941e982d99e790e8c5ff1 - - default default] 10.0.0.246 "GET /v2.0/ HTTP/1.1" status: 200 len: 826 time: 0.3079674
2026-05-11 06:46:54.064 10 INFO neutron.wsgi [None req-10d01163-3625-4370-a9cf-a6be37b41348 8f11e13f652648618d8e2083f01bdc5a d561b5f6f80946029585bce87c82f0af - - default default] 10.0.0.246 "DELETE /v2.0/security-groups/b8cb91f4-f5ef-4086-b14d-36b2ca694ec7 HTTP/1.1" status: 204 len: 168 time: 0.4914126
2026-05-11 06:46:54.070 9 INFO neutron.wsgi [None req-4717deca-a1e5-40d2-9cb0-5a6cdaa89374 8f11e13f652648618d8e2083f01bdc5a d561b5f6f80946029585bce87c82f0af - - default default] 10.0.0.246 "DELETE /v2.0/subnets/110bdf89-3cf7-4cf0-b15e-cf9fafa37ea5 HTTP/1.1" status: 204 len: 168 time: 0.2322602
2026-05-11 06:46:54.078 9 INFO neutron.wsgi [req-06f58f5f-0404-4568-b5a0-304ceb8f93c1 req-ec60d324-e1da-44b4-a31d-2578d954f97e d29e7a34e58540cbb7b828499223223a cb60ecfcc5a448d1a6a2654658028741 - - default default] 10.0.0.248 "GET /v2.0/ports?device_id=52478553-0c80-4219-b751-461b9afd86e4 HTTP/1.1" status: 200 len: 1170 time: 0.1085176
2026-05-11 06:46:54.163 9 INFO neutron.wsgi [req-9369bb5a-783a-4e88-b358-110605d2079e req-57e13206-39bc-4d90-8ddf-5bdaa6135dff d29e7a34e58540cbb7b828499223223a cb60ecfcc5a448d1a6a2654658028741 - - default default] 10.0.0.248 "GET /v2.0/ports/bde3261e-41e8-4fdb-870d-b8a35868e2bf HTTP/1.1" status: 200 len: 1167 time: 0.0359817
2026-05-11 06:46:54.361 9 INFO neutron.wsgi [req-61f271c8-2d96-4fea-961d-eedbf0c60e4c req-f3a078a5-b037-4bae-a7e0-48b372bdb2a1 d29e7a34e58540cbb7b828499223223a cb60ecfcc5a448d1a6a2654658028741 - - default default] 199.204.45.222 "GET /v2.0/subnets?network_id=be6bfded-a75b-425b-8084-ac541197b87b HTTP/1.1" status: 200 len: 859 time: 0.0546196
2026-05-11 06:46:54.421 9 INFO neutron.wsgi [req-61f271c8-2d96-4fea-961d-eedbf0c60e4c req-20ab9326-63ca-4270-898a-1f537b1efb28 d29e7a34e58540cbb7b828499223223a cb60ecfcc5a448d1a6a2654658028741 - - default default] 199.204.45.222 "GET /v2.0/ports?device_id=52478553-0c80-4219-b751-461b9afd86e4&device_owner=compute%3Anova&network_id=be6bfded-a75b-425b-8084-ac541197b87b HTTP/1.1" status: 200 len: 1170 time: 0.0538671
2026-05-11 06:46:54.502 10 INFO neutron.services.segments.plugin [-] Segment 1500f179-2e81-421d-bec4-b8b51bed8291 resource provider aggregate not found
2026-05-11 06:46:54.508 10 INFO neutron.services.segments.plugin [-] Segment 1500f179-2e81-421d-bec4-b8b51bed8291 resource provider aggregate not found
2026-05-11 06:46:54.524 10 INFO neutron.services.segments.plugin [-] Segment 1500f179-2e81-421d-bec4-b8b51bed8291 resource provider not found; error: Placement Client Error (4xx): {"errors": [{"status": 404, "title": "Not Found", "detail": "The resource could not be found.\n\n No resource provider with uuid 1500f179-2e81-421d-bec4-b8b51bed8291 found for delete ", "request_id": "req-6ec50d5d-c2a2-4a78-be3d-94399a21f3d6"}]}
2026-05-11 06:46:54.530 10 INFO neutron.services.segments.plugin [-] Segment 1500f179-2e81-421d-bec4-b8b51bed8291 resource provider not found; error: Placement Client Error (4xx): {"errors": [{"status": 404, "title": "Not Found", "detail": "The resource could not be found.\n\n No resource provider with uuid 1500f179-2e81-421d-bec4-b8b51bed8291 found for delete ", "request_id": "req-04a435c6-5cb3-4183-91ac-fd596e2fa5d8"}]}
2026-05-11 06:46:54.556 10 INFO neutron.wsgi [None req-8b0be1ce-7da0-439e-9642-32df733f531e 8f11e13f652648618d8e2083f01bdc5a d561b5f6f80946029585bce87c82f0af - - default default] 10.0.0.246 "DELETE /v2.0/networks/b573f269-3880-404d-9f13-63b21da661ae HTTP/1.1" status: 204 len: 168 time: 0.4794369
