2026-05-11 06:48:44.682 9 INFO neutron.db.ovn_revision_numbers_db [None req-c2e47169-864e-4df7-ad1d-09995c624dfd 3e182f286f134a488f261217eb9fce57 034c36bc807e4cf58c456e84ce72223b - - default default] Successfully bumped revision number for resource fce3fb09-e457-440f-8348-a34ed48b7cb3 (type: ports) to 1
2026-05-11 06:48:44.716 9 INFO neutron.wsgi [None req-c2e47169-864e-4df7-ad1d-09995c624dfd 3e182f286f134a488f261217eb9fce57 034c36bc807e4cf58c456e84ce72223b - - default default] 10.0.0.246 "POST /v2.0/networks HTTP/1.1" status: 201 len: 843 time: 1.3204839
2026-05-11 06:48:44.857 9 INFO neutron.db.ovn_revision_numbers_db [None req-1453b150-c348-460c-9a82-38c811276244 c9faf22e63f04e86bbcc0810919d0e56 150742a0ec04455f97eceba53ddd051e - - default default] Successfully bumped revision number for resource 3d197afe-08b1-4b47-97b6-4576499aea82 (type: ports) to 1
2026-05-11 06:48:45.183 10 WARNING neutron.scheduler.dhcp_agent_scheduler [None req-9b30c086-0053-468c-a86d-d5720c027c1e 3e182f286f134a488f261217eb9fce57 034c36bc807e4cf58c456e84ce72223b - - default default] No more DHCP agents
2026-05-11 06:48:45.186 10 WARNING neutron.api.rpc.agentnotifiers.dhcp_rpc_agent_api [None req-9b30c086-0053-468c-a86d-d5720c027c1e 3e182f286f134a488f261217eb9fce57 034c36bc807e4cf58c456e84ce72223b - - default default] Unable to schedule network 15d40ec8-a5a9-44f3-9415-42265e997b9a: no agents available; will retry on subsequent port and subnet creation events.
2026-05-11 06:48:45.324 9 INFO neutron.plugins.ml2.drivers.ovn.mech_driver.mech_driver [None req-a8ebba4a-593c-42b3-8ae9-66631b2f8142 - - - - - -] OVN reports status up for port: 3d197afe-08b1-4b47-97b6-4576499aea82
2026-05-11 06:48:45.341 9 INFO neutron.plugins.ml2.plugin [None req-a8ebba4a-593c-42b3-8ae9-66631b2f8142 - - - - - -] Attempt 1 to provision port 3d197afe-08b1-4b47-97b6-4576499aea82
2026-05-11 06:48:45.362 9 INFO neutron.db.ovn_revision_numbers_db [None req-1453b150-c348-460c-9a82-38c811276244 c9faf22e63f04e86bbcc0810919d0e56 150742a0ec04455f97eceba53ddd051e - - default default] Successfully bumped revision number for resource 3d197afe-08b1-4b47-97b6-4576499aea82 (type: router_ports) to 1
2026-05-11 06:48:45.567 9 INFO neutron.db.ovn_revision_numbers_db [None req-1453b150-c348-460c-9a82-38c811276244 c9faf22e63f04e86bbcc0810919d0e56 150742a0ec04455f97eceba53ddd051e - - default default] Successfully bumped revision number for resource 3d197afe-08b1-4b47-97b6-4576499aea82 (type: ports) to 1
2026-05-11 06:48:45.674 9 WARNING neutron.scheduler.dhcp_agent_scheduler [None req-1453b150-c348-460c-9a82-38c811276244 c9faf22e63f04e86bbcc0810919d0e56 150742a0ec04455f97eceba53ddd051e - - default default] No more DHCP agents
2026-05-11 06:48:45.678 9 WARNING neutron.api.rpc.agentnotifiers.dhcp_rpc_agent_api [None req-1453b150-c348-460c-9a82-38c811276244 c9faf22e63f04e86bbcc0810919d0e56 150742a0ec04455f97eceba53ddd051e - - default default] Unable to schedule network 00512710-7479-4df4-9a84-1f2a8c6a4002: no agents available; will retry on subsequent port and subnet creation events.
2026-05-11 06:48:45.724 9 INFO neutron.db.ovn_revision_numbers_db [None req-a8ebba4a-593c-42b3-8ae9-66631b2f8142 - - - - - -] Successfully bumped revision number for resource 3d197afe-08b1-4b47-97b6-4576499aea82 (type: ports) to 2
2026-05-11 06:48:45.771 10 INFO neutron.db.ovn_revision_numbers_db [None req-9b30c086-0053-468c-a86d-d5720c027c1e 3e182f286f134a488f261217eb9fce57 034c36bc807e4cf58c456e84ce72223b - - default default] Successfully bumped revision number for resource fce3fb09-e457-440f-8348-a34ed48b7cb3 (type: ports) to 2
2026-05-11 06:48:45.804 10 INFO neutron.db.ovn_revision_numbers_db [None req-9b30c086-0053-468c-a86d-d5720c027c1e 3e182f286f134a488f261217eb9fce57 034c36bc807e4cf58c456e84ce72223b - - default default] Successfully bumped revision number for resource 710dc98c-89bd-4968-9169-55d4a6b40b53 (type: subnets) to 0
2026-05-11 06:48:45.818 10 INFO neutron.wsgi [None req-9b30c086-0053-468c-a86d-d5720c027c1e 3e182f286f134a488f261217eb9fce57 034c36bc807e4cf58c456e84ce72223b - - default default] 10.0.0.246 "POST /v2.0/subnets HTTP/1.1" status: 201 len: 816 time: 0.9364550
2026-05-11 06:48:45.926 10 INFO neutron.db.segments_db [None req-418f257d-301b-4ba0-af44-0af163fce0d7 3e182f286f134a488f261217eb9fce57 034c36bc807e4cf58c456e84ce72223b - - default default] Added segment fdd63f53-b8ed-4ad3-8f04-221dc56bbd9d of type geneve for network 53ef5d5a-1aa7-4d44-ae5f-2d98a5415afd
2026-05-11 06:48:45.987 10 INFO neutron.db.ovn_revision_numbers_db [None req-80528aa1-7b63-4f0e-8083-a5712053e48e 6a1a6e58f25b4d1fbf8c01bd57c1f5c3 14f9be5183874d8e846f0c561071bbc4 - - default default] Successfully bumped revision number for resource 02332d54-8cf7-492a-9609-b85025ff8168 (type: security_groups) to 1
2026-05-11 06:48:46.018 10 INFO neutron.db.ovn_revision_numbers_db [None req-80528aa1-7b63-4f0e-8083-a5712053e48e 6a1a6e58f25b4d1fbf8c01bd57c1f5c3 14f9be5183874d8e846f0c561071bbc4 - - default default] Successfully bumped revision number for resource 118ffd99-014c-4c5c-908a-ba447a3bfd17 (type: security_group_rules) to 0
2026-05-11 06:48:46.038 10 INFO neutron.db.ovn_revision_numbers_db [None req-80528aa1-7b63-4f0e-8083-a5712053e48e 6a1a6e58f25b4d1fbf8c01bd57c1f5c3 14f9be5183874d8e846f0c561071bbc4 - - default default] Successfully bumped revision number for resource 2fb070d6-ee97-4415-a74b-8e7f80c82942 (type: security_group_rules) to 0
2026-05-11 06:48:46.084 10 INFO neutron.db.ovn_revision_numbers_db [None req-80528aa1-7b63-4f0e-8083-a5712053e48e 6a1a6e58f25b4d1fbf8c01bd57c1f5c3 14f9be5183874d8e846f0c561071bbc4 - - default default] Successfully bumped revision number for resource 3e01fc7c-1492-437a-92a7-582ca3e5866f (type: security_group_rules) to 0
2026-05-11 06:48:46.125 10 INFO neutron.db.ovn_revision_numbers_db [None req-80528aa1-7b63-4f0e-8083-a5712053e48e 6a1a6e58f25b4d1fbf8c01bd57c1f5c3 14f9be5183874d8e846f0c561071bbc4 - - default default] Successfully bumped revision number for resource c40fedb1-bd99-4825-b610-bfb7678e29a3 (type: security_group_rules) to 0
2026-05-11 06:48:46.131 10 INFO neutron.db.ovn_revision_numbers_db [None req-418f257d-301b-4ba0-af44-0af163fce0d7 3e182f286f134a488f261217eb9fce57 034c36bc807e4cf58c456e84ce72223b - - default default] Successfully bumped revision number for resource 53ef5d5a-1aa7-4d44-ae5f-2d98a5415afd (type: networks) to 1
2026-05-11 06:48:46.183 9 INFO neutron.db.ovn_revision_numbers_db [None req-a8ebba4a-593c-42b3-8ae9-66631b2f8142 - - - - - -] Successfully bumped revision number for resource 3d197afe-08b1-4b47-97b6-4576499aea82 (type: router_ports) to 2
2026-05-11 06:48:46.199 9 INFO neutron.db.ovn_revision_numbers_db [None req-1453b150-c348-460c-9a82-38c811276244 c9faf22e63f04e86bbcc0810919d0e56 150742a0ec04455f97eceba53ddd051e - - default default] Successfully bumped revision number for resource 3d197afe-08b1-4b47-97b6-4576499aea82 (type: router_ports) to 2
2026-05-11 06:48:46.201 9 INFO neutron.wsgi [None req-1453b150-c348-460c-9a82-38c811276244 c9faf22e63f04e86bbcc0810919d0e56 150742a0ec04455f97eceba53ddd051e - - default default] 10.0.0.246 "PUT /v2.0/routers/302c2cbe-e5c9-40c3-823f-18f820a9b1f8/add_router_interface HTTP/1.1" status: 200 len: 503 time: 2.2240584
2026-05-11 06:48:46.225 10 INFO neutron.db.segments_db [None req-80528aa1-7b63-4f0e-8083-a5712053e48e 6a1a6e58f25b4d1fbf8c01bd57c1f5c3 14f9be5183874d8e846f0c561071bbc4 - - default default] Added segment 730be253-b1e9-4e54-b8ba-17cf2289cbe6 of type geneve for network f250746d-f10d-4391-a916-5d5abbddfc12
2026-05-11 06:48:46.313 9 INFO neutron.wsgi [None req-90cc7fdc-674f-4703-91eb-35ec7457e7b9 c9faf22e63f04e86bbcc0810919d0e56 150742a0ec04455f97eceba53ddd051e - - default default] 10.0.0.246 "GET /v2.0/ports/3d197afe-08b1-4b47-97b6-4576499aea82 HTTP/1.1" status: 200 len: 1137 time: 0.1048312
2026-05-11 06:48:46.330 10 INFO neutron.db.ovn_revision_numbers_db [None req-372b50c8-b859-448c-b5e9-e2df9fb130b4 1d851ef6457a490bb4e872186c48fd9d 7f1d077eb7504d409b5404a2713be69f - - default default] Successfully bumped revision number for resource 081e6a97-d0eb-4704-a8a9-226abf2db155 (type: security_groups) to 1
2026-05-11 06:48:46.362 10 INFO neutron.db.ovn_revision_numbers_db [None req-372b50c8-b859-448c-b5e9-e2df9fb130b4 1d851ef6457a490bb4e872186c48fd9d 7f1d077eb7504d409b5404a2713be69f - - default default] Successfully bumped revision number for resource 17b01984-f495-4fb6-9211-aa82fd84bebe (type: security_group_rules) to 0
2026-05-11 06:48:46.368 9 INFO neutron.wsgi [None req-64086718-7162-4c7a-bc97-dcfe0d6e9f7e c9faf22e63f04e86bbcc0810919d0e56 150742a0ec04455f97eceba53ddd051e - - default default] 10.0.0.246 "GET /v2.0/ports/3d197afe-08b1-4b47-97b6-4576499aea82 HTTP/1.1" status: 200 len: 1137 time: 0.0482059
2026-05-11 06:48:46.426 10 INFO neutron.db.ovn_revision_numbers_db [None req-372b50c8-b859-448c-b5e9-e2df9fb130b4 1d851ef6457a490bb4e872186c48fd9d 7f1d077eb7504d409b5404a2713be69f - - default default] Successfully bumped revision number for resource 6fa4d239-900b-460f-a340-077784525451 (type: security_group_rules) to 0
2026-05-11 06:48:46.431 10 WARNING neutron.scheduler.dhcp_agent_scheduler [None req-418f257d-301b-4ba0-af44-0af163fce0d7 3e182f286f134a488f261217eb9fce57 034c36bc807e4cf58c456e84ce72223b - - default default] No more DHCP agents
2026-05-11 06:48:46.437 10 WARNING neutron.api.rpc.agentnotifiers.dhcp_rpc_agent_api [None req-418f257d-301b-4ba0-af44-0af163fce0d7 3e182f286f134a488f261217eb9fce57 034c36bc807e4cf58c456e84ce72223b - - default default] Unable to schedule network 53ef5d5a-1aa7-4d44-ae5f-2d98a5415afd: no agents available; will retry on subsequent port and subnet creation events.
2026-05-11 06:48:46.459 10 INFO neutron.db.ovn_revision_numbers_db [None req-372b50c8-b859-448c-b5e9-e2df9fb130b4 1d851ef6457a490bb4e872186c48fd9d 7f1d077eb7504d409b5404a2713be69f - - default default] Successfully bumped revision number for resource 92252050-f3a4-47a3-970e-495043156bb6 (type: security_group_rules) to 0
2026-05-11 06:48:46.468 10 INFO neutron.db.ovn_revision_numbers_db [None req-80528aa1-7b63-4f0e-8083-a5712053e48e 6a1a6e58f25b4d1fbf8c01bd57c1f5c3 14f9be5183874d8e846f0c561071bbc4 - - default default] Successfully bumped revision number for resource f250746d-f10d-4391-a916-5d5abbddfc12 (type: networks) to 1
2026-05-11 06:48:46.484 10 INFO neutron.db.ovn_revision_numbers_db [None req-372b50c8-b859-448c-b5e9-e2df9fb130b4 1d851ef6457a490bb4e872186c48fd9d 7f1d077eb7504d409b5404a2713be69f - - default default] Successfully bumped revision number for resource adf6a2d6-6bc7-45c4-a2b7-e44107470fc2 (type: security_group_rules) to 0
2026-05-11 06:48:46.569 10 INFO neutron.db.segments_db [None req-372b50c8-b859-448c-b5e9-e2df9fb130b4 1d851ef6457a490bb4e872186c48fd9d 7f1d077eb7504d409b5404a2713be69f - - default default] Added segment cc395774-1b94-4bc9-9f3e-1109442bbaa5 of type geneve for network a006bb81-c135-4f00-80be-d4203b348fb6
2026-05-11 06:48:46.606 10 INFO neutron.db.ovn_revision_numbers_db [None req-418f257d-301b-4ba0-af44-0af163fce0d7 3e182f286f134a488f261217eb9fce57 034c36bc807e4cf58c456e84ce72223b - - default default] Successfully bumped revision number for resource 56ab6bbd-ca44-407a-bb0a-bbf6fc25d839 (type: ports) to 1
2026-05-11 06:48:46.656 10 INFO neutron.wsgi [None req-418f257d-301b-4ba0-af44-0af163fce0d7 3e182f286f134a488f261217eb9fce57 034c36bc807e4cf58c456e84ce72223b - - default default] 10.0.0.246 "POST /v2.0/networks HTTP/1.1" status: 201 len: 843 time: 0.8293209
2026-05-11 06:48:46.775 10 WARNING neutron.scheduler.dhcp_agent_scheduler [None req-80528aa1-7b63-4f0e-8083-a5712053e48e 6a1a6e58f25b4d1fbf8c01bd57c1f5c3 14f9be5183874d8e846f0c561071bbc4 - - default default] No more DHCP agents
2026-05-11 06:48:46.777 10 WARNING neutron.api.rpc.agentnotifiers.dhcp_rpc_agent_api [None req-80528aa1-7b63-4f0e-8083-a5712053e48e 6a1a6e58f25b4d1fbf8c01bd57c1f5c3 14f9be5183874d8e846f0c561071bbc4 - - default default] Unable to schedule network f250746d-f10d-4391-a916-5d5abbddfc12: no agents available; will retry on subsequent port and subnet creation events.
2026-05-11 06:48:46.779 10 INFO neutron.db.ovn_revision_numbers_db [None req-372b50c8-b859-448c-b5e9-e2df9fb130b4 1d851ef6457a490bb4e872186c48fd9d 7f1d077eb7504d409b5404a2713be69f - - default default] Successfully bumped revision number for resource a006bb81-c135-4f00-80be-d4203b348fb6 (type: networks) to 1
2026-05-11 06:48:46.883 10 INFO neutron.db.ovn_revision_numbers_db [None req-80528aa1-7b63-4f0e-8083-a5712053e48e 6a1a6e58f25b4d1fbf8c01bd57c1f5c3 14f9be5183874d8e846f0c561071bbc4 - - default default] Successfully bumped revision number for resource d91f6358-14a5-4e36-88f3-f1d12c95a741 (type: ports) to 1
2026-05-11 06:48:46.917 10 INFO neutron.wsgi [None req-80528aa1-7b63-4f0e-8083-a5712053e48e 6a1a6e58f25b4d1fbf8c01bd57c1f5c3 14f9be5183874d8e846f0c561071bbc4 - - default default] 10.0.0.246 "POST /v2.0/networks HTTP/1.1" status: 201 len: 831 time: 1.2563481
2026-05-11 06:48:46.945 9 INFO neutron.db.ovn_revision_numbers_db [None req-caeb5a74-ed52-40ff-84d5-de642a17f027 3e182f286f134a488f261217eb9fce57 034c36bc807e4cf58c456e84ce72223b - - default default] Successfully bumped revision number for resource 53ef5d5a-1aa7-4d44-ae5f-2d98a5415afd (type: networks) to 2
2026-05-11 06:48:46.949 9 INFO neutron.wsgi [None req-caeb5a74-ed52-40ff-84d5-de642a17f027 3e182f286f134a488f261217eb9fce57 034c36bc807e4cf58c456e84ce72223b - - default default] 10.0.0.246 "PUT /v2.0/networks/53ef5d5a-1aa7-4d44-ae5f-2d98a5415afd HTTP/1.1" status: 200 len: 792 time: 0.2853262
2026-05-11 06:48:47.024 10 WARNING neutron.scheduler.dhcp_agent_scheduler [None req-372b50c8-b859-448c-b5e9-e2df9fb130b4 1d851ef6457a490bb4e872186c48fd9d 7f1d077eb7504d409b5404a2713be69f - - default default] No more DHCP agents
2026-05-11 06:48:47.030 10 WARNING neutron.api.rpc.agentnotifiers.dhcp_rpc_agent_api [None req-372b50c8-b859-448c-b5e9-e2df9fb130b4 1d851ef6457a490bb4e872186c48fd9d 7f1d077eb7504d409b5404a2713be69f - - default default] Unable to schedule network a006bb81-c135-4f00-80be-d4203b348fb6: no agents available; will retry on subsequent port and subnet creation events.
2026-05-11 06:48:47.159 10 INFO neutron.db.ovn_revision_numbers_db [None req-372b50c8-b859-448c-b5e9-e2df9fb130b4 1d851ef6457a490bb4e872186c48fd9d 7f1d077eb7504d409b5404a2713be69f - - default default] Successfully bumped revision number for resource 5a008996-57c2-4ae4-a484-2f082185976e (type: ports) to 1
2026-05-11 06:48:47.198 10 INFO neutron.wsgi [None req-372b50c8-b859-448c-b5e9-e2df9fb130b4 1d851ef6457a490bb4e872186c48fd9d 7f1d077eb7504d409b5404a2713be69f - - default default] 10.0.0.246 "POST /v2.0/networks HTTP/1.1" status: 201 len: 831 time: 1.2044539
2026-05-11 06:48:47.254 10 WARNING neutron.scheduler.dhcp_agent_scheduler [None req-75ed259f-cc0f-4bfc-a75f-8b9ff37c17d7 6a1a6e58f25b4d1fbf8c01bd57c1f5c3 14f9be5183874d8e846f0c561071bbc4 - - default default] No more DHCP agents
2026-05-11 06:48:47.257 10 WARNING neutron.api.rpc.agentnotifiers.dhcp_rpc_agent_api [None req-75ed259f-cc0f-4bfc-a75f-8b9ff37c17d7 6a1a6e58f25b4d1fbf8c01bd57c1f5c3 14f9be5183874d8e846f0c561071bbc4 - - default default] Unable to schedule network f250746d-f10d-4391-a916-5d5abbddfc12: no agents available; will retry on subsequent port and subnet creation events.
2026-05-11 06:48:47.347 10 INFO neutron.db.ovn_revision_numbers_db [None req-75ed259f-cc0f-4bfc-a75f-8b9ff37c17d7 6a1a6e58f25b4d1fbf8c01bd57c1f5c3 14f9be5183874d8e846f0c561071bbc4 - - default default] Successfully bumped revision number for resource b21e657d-f898-4b50-b3fa-6cedb4076b0e (type: ports) to 1
2026-05-11 06:48:47.372 10 INFO neutron.wsgi [None req-75ed259f-cc0f-4bfc-a75f-8b9ff37c17d7 6a1a6e58f25b4d1fbf8c01bd57c1f5c3 14f9be5183874d8e846f0c561071bbc4 - - default default] 10.0.0.246 "POST /v2.0/ports HTTP/1.1" status: 201 len: 942 time: 0.4505169
2026-05-11 06:48:47.373 9 INFO neutron.wsgi [None req-ac812909-475b-49da-9c95-49c2e21b9a2c c9faf22e63f04e86bbcc0810919d0e56 150742a0ec04455f97eceba53ddd051e - - default default] 10.0.0.246 "PUT /v2.0/routers/302c2cbe-e5c9-40c3-823f-18f820a9b1f8/remove_router_interface HTTP/1.1" status: 200 len: 503 time: 0.9985611 /var/lib/openstack/lib/python3.10/site-packages/pycadf/identifier.py:71: UserWarning: Invalid uuid: neutron. To ensure interoperability, identifiers should be a valid uuid. warnings.warn(('Invalid uuid: %s. To ensure interoperability, '
2026-05-11 06:48:47.386 9 WARNING neutron.scheduler.dhcp_agent_scheduler [None req-cf1fb275-b86b-43a6-89ed-1c87f488b13b 3e182f286f134a488f261217eb9fce57 034c36bc807e4cf58c456e84ce72223b - - default default] No more DHCP agents
2026-05-11 06:48:47.393 9 WARNING neutron.api.rpc.agentnotifiers.dhcp_rpc_agent_api [None req-cf1fb275-b86b-43a6-89ed-1c87f488b13b 3e182f286f134a488f261217eb9fce57 034c36bc807e4cf58c456e84ce72223b - - default default] Unable to schedule network 53ef5d5a-1aa7-4d44-ae5f-2d98a5415afd: no agents available; will retry on subsequent port and subnet creation events.
2026-05-11 06:48:47.438 10 INFO neutron.wsgi [None req-7467e235-dc1b-4ec4-8a2d-4d330ba3e4a2 6a1a6e58f25b4d1fbf8c01bd57c1f5c3 14f9be5183874d8e846f0c561071bbc4 - - default default] 10.0.0.246 "PUT /v2.0/ports/b21e657d-f898-4b50-b3fa-6cedb4076b0e/tags HTTP/1.1" status: 200 len: 218 time: 0.0576553 /var/lib/openstack/lib/python3.10/site-packages/pycadf/identifier.py:71: UserWarning: Invalid uuid: neutron. To ensure interoperability, identifiers should be a valid uuid. warnings.warn(('Invalid uuid: %s. To ensure interoperability, '
2026-05-11 06:48:47.477 10 INFO neutron.wsgi [None req-b8b8a463-757d-4694-83c2-059ef04f4df9 c9faf22e63f04e86bbcc0810919d0e56 150742a0ec04455f97eceba53ddd051e - - default default] 10.0.0.246 "GET /v2.0/ports/2b3992ee-9fb7-423d-bb0a-a1cb158e77ca HTTP/1.1" status: 200 len: 1137 time: 0.0975080
2026-05-11 06:48:47.507 9 INFO neutron.wsgi [None req-74fde0b7-3506-41a5-844d-21c05b7ccae8 6a1a6e58f25b4d1fbf8c01bd57c1f5c3 14f9be5183874d8e846f0c561071bbc4 - - default default] 10.0.0.246 "GET /v2.0/ports/b21e657d-f898-4b50-b3fa-6cedb4076b0e/tags HTTP/1.1" status: 200 len: 218 time: 0.0601628
2026-05-11 06:48:47.601 9 INFO neutron.wsgi [None req-9730e844-71d8-47ab-b01a-1c9a543ed6ef 6a1a6e58f25b4d1fbf8c01bd57c1f5c3 14f9be5183874d8e846f0c561071bbc4 - - default default] 10.0.0.246 "PUT /v2.0/ports/b21e657d-f898-4b50-b3fa-6cedb4076b0e/tags/green HTTP/1.1" status: 201 len: 201 time: 0.0838804 /var/lib/openstack/lib/python3.10/site-packages/pycadf/identifier.py:71: UserWarning: Invalid uuid: neutron. To ensure interoperability, identifiers should be a valid uuid. warnings.warn(('Invalid uuid: %s. To ensure interoperability, '
2026-05-11 06:48:47.667 9 INFO neutron.wsgi [None req-8e403c64-6605-4b18-ae83-d2be56240a4b 6a1a6e58f25b4d1fbf8c01bd57c1f5c3 14f9be5183874d8e846f0c561071bbc4 - - default default] 10.0.0.246 "GET /v2.0/ports/b21e657d-f898-4b50-b3fa-6cedb4076b0e/tags HTTP/1.1" status: 200 len: 227 time: 0.0607388
2026-05-11 06:48:47.673 9 WARNING neutron.scheduler.dhcp_agent_scheduler [None req-991a14d8-0296-482d-b0bf-0e17bdb5f969 1d851ef6457a490bb4e872186c48fd9d 7f1d077eb7504d409b5404a2713be69f - - default default] No more DHCP agents
2026-05-11 06:48:47.677 9 WARNING neutron.api.rpc.agentnotifiers.dhcp_rpc_agent_api [None req-991a14d8-0296-482d-b0bf-0e17bdb5f969 1d851ef6457a490bb4e872186c48fd9d 7f1d077eb7504d409b5404a2713be69f - - default default] Unable to schedule network a006bb81-c135-4f00-80be-d4203b348fb6: no agents available; will retry on subsequent port and subnet creation events.
2026-05-11 06:48:47.714 10 INFO neutron.wsgi [None req-b4a0e024-9828-4d52-93ff-9ed4aeee726e 6a1a6e58f25b4d1fbf8c01bd57c1f5c3 14f9be5183874d8e846f0c561071bbc4 - - default default] 10.0.0.246 "PUT /v2.0/ports/b21e657d-f898-4b50-b3fa-6cedb4076b0e/tags/red HTTP/1.1" status: 201 len: 201 time: 0.0364089
2026-05-11 06:48:47.767 10 INFO neutron.wsgi [None req-a64acb6d-1ec9-491a-b349-636b7fd7bab2 6a1a6e58f25b4d1fbf8c01bd57c1f5c3 14f9be5183874d8e846f0c561071bbc4 - - default default] 10.0.0.246 "GET /v2.0/ports/b21e657d-f898-4b50-b3fa-6cedb4076b0e/tags HTTP/1.1" status: 200 len: 227 time: 0.0477223 /var/lib/openstack/lib/python3.10/site-packages/pycadf/identifier.py:71: UserWarning: Invalid uuid: neutron. To ensure interoperability, identifiers should be a valid uuid. warnings.warn(('Invalid uuid: %s. To ensure interoperability, '
2026-05-11 06:48:47.840 9 INFO neutron.db.ovn_revision_numbers_db [None req-991a14d8-0296-482d-b0bf-0e17bdb5f969 1d851ef6457a490bb4e872186c48fd9d 7f1d077eb7504d409b5404a2713be69f - - default default] Successfully bumped revision number for resource 7f2c4479-106d-4e57-92b4-6db7b26fa938 (type: ports) to 1
2026-05-11 06:48:47.845 9 INFO neutron.wsgi [None req-1d56ba20-6f9d-4e99-bdfd-72f4ab61f28b 6a1a6e58f25b4d1fbf8c01bd57c1f5c3 14f9be5183874d8e846f0c561071bbc4 - - default default] 10.0.0.246 "PUT /v2.0/ports/b21e657d-f898-4b50-b3fa-6cedb4076b0e/tags/black.or.white HTTP/1.1" status: 201 len: 201 time: 0.0733187
2026-05-11 06:48:47.906 9 INFO neutron.wsgi [None req-991a14d8-0296-482d-b0bf-0e17bdb5f969 1d851ef6457a490bb4e872186c48fd9d 7f1d077eb7504d409b5404a2713be69f - - default default] 10.0.0.246 "POST /v2.0/ports HTTP/1.1" status: 201 len: 942 time: 0.7002609
2026-05-11 06:48:47.909 9 INFO neutron.wsgi [None req-cb8294d4-ae40-4391-a9f3-6099485c0b5e 6a1a6e58f25b4d1fbf8c01bd57c1f5c3 14f9be5183874d8e846f0c561071bbc4 - - default default] 10.0.0.246 "GET /v2.0/ports/b21e657d-f898-4b50-b3fa-6cedb4076b0e/tags HTTP/1.1" status: 200 len: 245 time: 0.0593867
2026-05-11 06:48:47.993 9 INFO neutron.wsgi [None req-9c9518ec-0700-4c56-8bbd-49b3ad0b7228 6a1a6e58f25b4d1fbf8c01bd57c1f5c3 14f9be5183874d8e846f0c561071bbc4 - - default default] 10.0.0.246 "PUT /v2.0/ports/b21e657d-f898-4b50-b3fa-6cedb4076b0e/tags HTTP/1.1" status: 200 len: 230 time: 0.0777912
2026-05-11 06:48:48.038 10 INFO neutron.db.segments_db [None req-e5ee29aa-b52a-418e-94fb-8643d63e6c3f 1d851ef6457a490bb4e872186c48fd9d 7f1d077eb7504d409b5404a2713be69f - - default default] Added segment dc41f377-d354-4f50-b1e4-5fc34aa560f0 of type geneve for network 85ef43e6-0032-4267-bfdb-6a121ed9077e
2026-05-11 06:48:48.041 10 INFO neutron.wsgi [None req-77332bde-2aa0-4fb8-b882-4a6057323fcd 6a1a6e58f25b4d1fbf8c01bd57c1f5c3 14f9be5183874d8e846f0c561071bbc4 - - default default] 10.0.0.246 "GET /v2.0/ports/b21e657d-f898-4b50-b3fa-6cedb4076b0e/tags HTTP/1.1" status: 200 len: 230 time: 0.0424836
2026-05-11 06:48:48.097 10 INFO neutron.wsgi [None req-1a339257-aa0a-4160-ae1a-76316888753c 6a1a6e58f25b4d1fbf8c01bd57c1f5c3 14f9be5183874d8e846f0c561071bbc4 - - default default] 10.0.0.246 "GET /v2.0/ports/b21e657d-f898-4b50-b3fa-6cedb4076b0e/tags/red HTTP/1.1" status: 204 len: 168 time: 0.0498583
2026-05-11 06:48:48.147 9 INFO neutron.api.v2.resource [None req-a63e4702-ac67-4c47-b05f-5c1f4dc9666d 6a1a6e58f25b4d1fbf8c01bd57c1f5c3 14f9be5183874d8e846f0c561071bbc4 - - default default] show failed (client error): The resource could not be found.
2026-05-11 06:48:48.149 9 INFO neutron.wsgi [None req-a63e4702-ac67-4c47-b05f-5c1f4dc9666d 6a1a6e58f25b4d1fbf8c01bd57c1f5c3 14f9be5183874d8e846f0c561071bbc4 - - default default] 10.0.0.246 "GET /v2.0/ports/b21e657d-f898-4b50-b3fa-6cedb4076b0e/tags/green HTTP/1.1" status: 404 len: 299 time: 0.0472577
2026-05-11 06:48:48.173 9 INFO neutron.db.ovn_revision_numbers_db [None req-cf1fb275-b86b-43a6-89ed-1c87f488b13b 3e182f286f134a488f261217eb9fce57 034c36bc807e4cf58c456e84ce72223b - - default default] Successfully bumped revision number for resource 56ab6bbd-ca44-407a-bb0a-bbf6fc25d839 (type: ports) to 2
2026-05-11 06:48:48.211 9 INFO neutron.wsgi [None req-b222e3c3-aa5b-4a8f-b10e-b4afd8782468 6a1a6e58f25b4d1fbf8c01bd57c1f5c3 14f9be5183874d8e846f0c561071bbc4 - - default default] 10.0.0.246 "DELETE /v2.0/ports/b21e657d-f898-4b50-b3fa-6cedb4076b0e/tags/red HTTP/1.1" status: 204 len: 168 time: 0.0573983
2026-05-11 06:48:48.218 9 INFO neutron.db.ovn_revision_numbers_db [None req-cf1fb275-b86b-43a6-89ed-1c87f488b13b 3e182f286f134a488f261217eb9fce57 034c36bc807e4cf58c456e84ce72223b - - default default] Successfully bumped revision number for resource b3d79964-ce65-4333-b3c5-5ac500707b14 (type: subnets) to 0
2026-05-11 06:48:48.244 9 INFO neutron.wsgi [None req-cf1fb275-b86b-43a6-89ed-1c87f488b13b 3e182f286f134a488f261217eb9fce57 034c36bc807e4cf58c456e84ce72223b - - default default] 10.0.0.246 "POST /v2.0/subnets HTTP/1.1" status: 201 len: 801 time: 1.2883871
2026-05-11 06:48:48.250 9 INFO neutron.wsgi [None req-09b8a3c0-ba6e-48dc-a299-03c158563ddb 6a1a6e58f25b4d1fbf8c01bd57c1f5c3 14f9be5183874d8e846f0c561071bbc4 - - default default] 10.0.0.246 "GET /v2.0/ports/b21e657d-f898-4b50-b3fa-6cedb4076b0e/tags HTTP/1.1" status: 200 len: 223 time: 0.0327802
2026-05-11 06:48:48.319 9 INFO neutron.api.v2.resource [None req-24062d18-805b-4006-9cf2-0b7bce057bf2 6a1a6e58f25b4d1fbf8c01bd57c1f5c3 14f9be5183874d8e846f0c561071bbc4 - - default default] delete failed (client error): The resource could not be found.
2026-05-11 06:48:48.321 9 INFO neutron.wsgi [None req-24062d18-805b-4006-9cf2-0b7bce057bf2 6a1a6e58f25b4d1fbf8c01bd57c1f5c3 14f9be5183874d8e846f0c561071bbc4 - - default default] 10.0.0.246 "DELETE /v2.0/ports/b21e657d-f898-4b50-b3fa-6cedb4076b0e/tags/green HTTP/1.1" status: 404 len: 299 time: 0.0639501
2026-05-11 06:48:48.322 10 INFO neutron.wsgi [None req-a6c3ea1c-a6f5-4ef3-ba27-c377c455ba35 c9faf22e63f04e86bbcc0810919d0e56 150742a0ec04455f97eceba53ddd051e - - default default] 10.0.0.246 "PUT /v2.0/routers/302c2cbe-e5c9-40c3-823f-18f820a9b1f8/remove_router_interface HTTP/1.1" status: 200 len: 503 time: 0.8379927
2026-05-11 06:48:48.324 10 INFO neutron.db.ovn_revision_numbers_db [None req-e5ee29aa-b52a-418e-94fb-8643d63e6c3f 1d851ef6457a490bb4e872186c48fd9d 7f1d077eb7504d409b5404a2713be69f - - default default] Successfully bumped revision number for resource 85ef43e6-0032-4267-bfdb-6a121ed9077e (type: networks) to 1
2026-05-11 06:48:48.349 9 INFO neutron.wsgi [None req-3b1328c2-ead7-4116-afff-91d874e37733 c9faf22e63f04e86bbcc0810919d0e56 150742a0ec04455f97eceba53ddd051e - - default default] 10.0.0.246 "GET /v2.0/ports?device_id=302c2cbe-e5c9-40c3-823f-18f820a9b1f8 HTTP/1.1" status: 200 len: 205 time: 0.0213938 /var/lib/openstack/lib/python3.10/site-packages/pycadf/identifier.py:71: UserWarning: Invalid uuid: neutron. To ensure interoperability, identifiers should be a valid uuid. warnings.warn(('Invalid uuid: %s. To ensure interoperability, '
2026-05-11 06:48:48.399 9 INFO neutron.wsgi [None req-b2cc0e58-9021-428e-8654-fee72db4ce71 6a1a6e58f25b4d1fbf8c01bd57c1f5c3 14f9be5183874d8e846f0c561071bbc4 - - default default] 10.0.0.246 "DELETE /v2.0/ports/b21e657d-f898-4b50-b3fa-6cedb4076b0e/tags HTTP/1.1" status: 204 len: 168 time: 0.0711582
2026-05-11 06:48:48.453 9 INFO neutron.wsgi [None req-323af7fc-d136-4bad-bae0-fdd5820cf5cc 6a1a6e58f25b4d1fbf8c01bd57c1f5c3 14f9be5183874d8e846f0c561071bbc4 - - default default] 10.0.0.246 "GET /v2.0/ports/b21e657d-f898-4b50-b3fa-6cedb4076b0e/tags HTTP/1.1" status: 200 len: 205 time: 0.0371649
2026-05-11 06:48:48.722 9 INFO neutron.db.ovn_revision_numbers_db [None req-e9183483-36b7-4d8b-b94b-24887d688698 3e182f286f134a488f261217eb9fce57 034c36bc807e4cf58c456e84ce72223b - - default default] Successfully bumped revision number for resource b3d79964-ce65-4333-b3c5-5ac500707b14 (type: subnets) to 1
2026-05-11 06:48:48.724 9 INFO neutron.wsgi [None req-e9183483-36b7-4d8b-b94b-24887d688698 3e182f286f134a488f261217eb9fce57 034c36bc807e4cf58c456e84ce72223b - - default default] 10.0.0.246 "PUT /v2.0/subnets/b3d79964-ce65-4333-b3c5-5ac500707b14 HTTP/1.1" status: 200 len: 806 time: 0.4736819
2026-05-11 06:48:48.811 9 INFO neutron.wsgi [None req-e6d54601-de7d-484f-8960-c9da9be28bf2 6a1a6e58f25b4d1fbf8c01bd57c1f5c3 14f9be5183874d8e846f0c561071bbc4 - - default default] 10.0.0.246 "DELETE /v2.0/ports/b21e657d-f898-4b50-b3fa-6cedb4076b0e HTTP/1.1" status: 204 len: 168 time: 0.3488193
2026-05-11 06:48:48.906 10 INFO neutron.wsgi [None req-5fd47ac5-580a-4f36-981c-adf6a61ba907 c9faf22e63f04e86bbcc0810919d0e56 150742a0ec04455f97eceba53ddd051e - - default default] 10.0.0.246 "DELETE /v2.0/routers/302c2cbe-e5c9-40c3-823f-18f820a9b1f8 HTTP/1.1" status: 204 len: 168 time: 0.5504262
2026-05-11 06:48:48.984 10 WARNING neutron.plugins.ml2.drivers.ovn.mech_driver.ovsdb.ovn_client [None req-dd688fe9-a96b-48d8-a36e-17e18e12d768 - - - - - -] No port found with ID 2b3992ee-9fb7-423d-bb0a-a1cb158e77ca: RuntimeError: No port found with ID 2b3992ee-9fb7-423d-bb0a-a1cb158e77ca
2026-05-11 06:48:48.991 10 WARNING neutron.scheduler.dhcp_agent_scheduler [None req-e5ee29aa-b52a-418e-94fb-8643d63e6c3f 1d851ef6457a490bb4e872186c48fd9d 7f1d077eb7504d409b5404a2713be69f - - default default] No more DHCP agents
2026-05-11 06:48:48.993 10 WARNING neutron.api.rpc.agentnotifiers.dhcp_rpc_agent_api [None req-e5ee29aa-b52a-418e-94fb-8643d63e6c3f 1d851ef6457a490bb4e872186c48fd9d 7f1d077eb7504d409b5404a2713be69f - - default default] Unable to schedule network 85ef43e6-0032-4267-bfdb-6a121ed9077e: no agents available; will retry on subsequent port and subnet creation events.
2026-05-11 06:48:49.077 10 INFO neutron.db.ovn_revision_numbers_db [None req-e5ee29aa-b52a-418e-94fb-8643d63e6c3f 1d851ef6457a490bb4e872186c48fd9d 7f1d077eb7504d409b5404a2713be69f - - default default] Successfully bumped revision number for resource 2885f112-44b1-4323-9c96-1c0a82e78a67 (type: ports) to 1
2026-05-11 06:48:49.114 10 INFO neutron.wsgi [None req-e5ee29aa-b52a-418e-94fb-8643d63e6c3f 1d851ef6457a490bb4e872186c48fd9d 7f1d077eb7504d409b5404a2713be69f - - default default] 10.0.0.246 "POST /v2.0/networks HTTP/1.1" status: 201 len: 830 time: 1.2008033
2026-05-11 06:48:49.401 10 WARNING neutron.scheduler.dhcp_agent_scheduler [None req-3ef1a7da-ea9e-48b6-be3c-25b7a13220e2 1d851ef6457a490bb4e872186c48fd9d 7f1d077eb7504d409b5404a2713be69f - - default default] No more DHCP agents
2026-05-11 06:48:49.402 10 WARNING neutron.api.rpc.agentnotifiers.dhcp_rpc_agent_api [None req-3ef1a7da-ea9e-48b6-be3c-25b7a13220e2 1d851ef6457a490bb4e872186c48fd9d 7f1d077eb7504d409b5404a2713be69f - - default default] Unable to schedule network 85ef43e6-0032-4267-bfdb-6a121ed9077e: no agents available; will retry on subsequent port and subnet creation events.
2026-05-11 06:48:49.508 10 INFO neutron.db.ovn_revision_numbers_db [None req-3ef1a7da-ea9e-48b6-be3c-25b7a13220e2 1d851ef6457a490bb4e872186c48fd9d 7f1d077eb7504d409b5404a2713be69f - - default default] Successfully bumped revision number for resource 669bf9ed-5337-494f-8762-823b51386401 (type: ports) to 1
2026-05-11 06:48:49.532 10 INFO neutron.wsgi [None req-3ef1a7da-ea9e-48b6-be3c-25b7a13220e2 1d851ef6457a490bb4e872186c48fd9d 7f1d077eb7504d409b5404a2713be69f - - default default] 10.0.0.246 "POST /v2.0/ports HTTP/1.1" status: 201 len: 942 time: 0.4115033 /var/lib/openstack/lib/python3.10/site-packages/pycadf/identifier.py:71: UserWarning: Invalid uuid: neutron. To ensure interoperability, identifiers should be a valid uuid. warnings.warn(('Invalid uuid: %s. To ensure interoperability, '
2026-05-11 06:48:49.622 9 INFO neutron.wsgi [None req-c0fd4f59-24c1-4084-8a74-485a36dadffa c9faf22e63f04e86bbcc0810919d0e56 150742a0ec04455f97eceba53ddd051e - - default default] 10.0.0.246 "DELETE /v2.0/subnets/92e7e664-f71d-437e-a17a-8b0e475bb5f8 HTTP/1.1" status: 204 len: 168 time: 0.7082963
2026-05-11 06:48:49.632 10 INFO neutron.db.segments_db [None req-35923538-2d52-4ec2-a18d-d1125da35f0d 1d851ef6457a490bb4e872186c48fd9d 7f1d077eb7504d409b5404a2713be69f - - default default] Added segment a496d2a8-5afd-448e-ad56-ab096905c4cb of type geneve for network 4ac6af53-34d8-4944-9718-bb7cc388c9f3
2026-05-11 06:48:49.736 9 INFO neutron.services.segments.plugin [-] Segment 730be253-b1e9-4e54-b8ba-17cf2289cbe6 resource provider aggregate not found
2026-05-11 06:48:49.740 9 INFO neutron.services.segments.plugin [-] Segment 730be253-b1e9-4e54-b8ba-17cf2289cbe6 resource provider aggregate not found
2026-05-11 06:48:49.768 9 INFO neutron.services.segments.plugin [-] Segment 730be253-b1e9-4e54-b8ba-17cf2289cbe6 resource provider not found; error: Placement Client Error (4xx): {"errors": [{"status": 404, "title": "Not Found", "detail": "The resource could not be found.\n\n No resource provider with uuid 730be253-b1e9-4e54-b8ba-17cf2289cbe6 found for delete ", "request_id": "req-7bc49c4c-9d53-48fd-8653-fee6756d0c4b"}]}
2026-05-11 06:48:49.770 9 INFO neutron.services.segments.plugin [-] Segment 730be253-b1e9-4e54-b8ba-17cf2289cbe6 resource provider not found; error: Placement Client Error (4xx): {"errors": [{"status": 404, "title": "Not Found", "detail": "The resource could not be found.\n\n No resource provider with uuid 730be253-b1e9-4e54-b8ba-17cf2289cbe6 found for delete ", "request_id": "req-a4e07f37-0c66-4bc5-94d0-0d71c07b2fda"}]}
2026-05-11 06:48:49.805 10 INFO neutron.db.ovn_revision_numbers_db [None req-35923538-2d52-4ec2-a18d-d1125da35f0d 1d851ef6457a490bb4e872186c48fd9d 7f1d077eb7504d409b5404a2713be69f - - default default] Successfully bumped revision number for resource 4ac6af53-34d8-4944-9718-bb7cc388c9f3 (type: networks) to 1
2026-05-11 06:48:49.816 9 INFO neutron.wsgi [None req-2f4b4da2-2449-41c5-a623-92a540cefdbf 6a1a6e58f25b4d1fbf8c01bd57c1f5c3 14f9be5183874d8e846f0c561071bbc4 - - default default] 10.0.0.246 "DELETE /v2.0/networks/f250746d-f10d-4391-a916-5d5abbddfc12 HTTP/1.1" status: 204 len: 168 time: 0.9996104
2026-05-11 06:48:49.977 9 INFO neutron.wsgi [None req-6d5b0196-c25f-4ddd-af32-cc60f99ef51e c9faf22e63f04e86bbcc0810919d0e56 150742a0ec04455f97eceba53ddd051e - - default default] 10.0.0.246 "DELETE /v2.0/subnets/1df605f0-2317-4588-8efd-c23519149f42 HTTP/1.1" status: 204 len: 168 time: 0.3474970
2026-05-11 06:48:50.022 9 INFO neutron.wsgi [None req-983ac092-6868-42d8-8996-bfec77bfa89f 3e182f286f134a488f261217eb9fce57 034c36bc807e4cf58c456e84ce72223b - - default default] 10.0.0.246 "DELETE /v2.0/networks/53ef5d5a-1aa7-4d44-ae5f-2d98a5415afd HTTP/1.1" status: 204 len: 168 time: 1.2896254
2026-05-11 06:48:50.048 10 INFO neutron.pecan_wsgi.hooks.translation [None req-7217e6eb-5854-4f73-bc75-bf3f91984d31 3e182f286f134a488f261217eb9fce57 034c36bc807e4cf58c456e84ce72223b - - default default] DELETE failed (client error): The resource could not be found.
2026-05-11 06:48:50.051 10 INFO neutron.wsgi [None req-7217e6eb-5854-4f73-bc75-bf3f91984d31 3e182f286f134a488f261217eb9fce57 034c36bc807e4cf58c456e84ce72223b - - default default] 10.0.0.246 "DELETE /v2.0/networks/53ef5d5a-1aa7-4d44-ae5f-2d98a5415afd HTTP/1.1" status: 404 len: 339 time: 0.0244224
2026-05-11 06:48:50.076 10 WARNING neutron.scheduler.dhcp_agent_scheduler [None req-35923538-2d52-4ec2-a18d-d1125da35f0d 1d851ef6457a490bb4e872186c48fd9d 7f1d077eb7504d409b5404a2713be69f - - default default] No more DHCP agents
2026-05-11 06:48:50.080 10 WARNING neutron.api.rpc.agentnotifiers.dhcp_rpc_agent_api [None req-35923538-2d52-4ec2-a18d-d1125da35f0d 1d851ef6457a490bb4e872186c48fd9d 7f1d077eb7504d409b5404a2713be69f - - default default] Unable to schedule network 4ac6af53-34d8-4944-9718-bb7cc388c9f3: no agents available; will retry on subsequent port and subnet creation events.
2026-05-11 06:48:50.179 10 INFO neutron.db.ovn_revision_numbers_db [None req-35923538-2d52-4ec2-a18d-d1125da35f0d 1d851ef6457a490bb4e872186c48fd9d 7f1d077eb7504d409b5404a2713be69f - - default default] Successfully bumped revision number for resource 43dafb88-0d3f-4a5e-a6cb-f3ec674fbd09 (type: ports) to 1
2026-05-11 06:48:50.196 9 INFO neutron.wsgi [None req-b33f3896-bf79-407f-bfa5-08c7bf0824f9 3e182f286f134a488f261217eb9fce57 034c36bc807e4cf58c456e84ce72223b - - default default] 10.0.0.246 "GET /v2.0/networks?router%3Aexternal=True HTTP/1.1" status: 200 len: 845 time: 0.1358628
2026-05-11 06:48:50.206 10 INFO neutron.wsgi [None req-35923538-2d52-4ec2-a18d-d1125da35f0d 1d851ef6457a490bb4e872186c48fd9d 7f1d077eb7504d409b5404a2713be69f - - default default] 10.0.0.246 "POST /v2.0/networks HTTP/1.1" status: 201 len: 831 time: 0.6688478
2026-05-11 06:48:50.266 9 INFO neutron.wsgi [None req-14f12dd0-937d-47ea-bbaa-5ea5bbba9511 3e182f286f134a488f261217eb9fce57 034c36bc807e4cf58c456e84ce72223b - - default default] 10.0.0.246 "GET /v2.0/subnets?network_id=1135f919-493e-418d-831d-9ad1dc8ea475 HTTP/1.1" status: 200 len: 820 time: 0.0653396
2026-05-11 06:48:50.283 10 INFO neutron.wsgi [None req-f724d760-e000-4de6-b273-d316c6298352 3e182f286f134a488f261217eb9fce57 034c36bc807e4cf58c456e84ce72223b - - default default] 10.0.0.246 "GET /v2.0/extensions HTTP/1.1" status: 200 len: 16520 time: 0.0104976
2026-05-11 06:48:50.401 10 INFO neutron.wsgi [None req-00ebe3c3-1af2-4109-85f2-4419d94e4c4a 3e182f286f134a488f261217eb9fce57 034c36bc807e4cf58c456e84ce72223b - - default default] 10.0.0.246 "GET /v2.0/networks HTTP/1.1" status: 200 len: 1504 time: 0.1080911
2026-05-11 06:48:50.464 10 INFO neutron.wsgi [None req-8b5ba2d8-5d37-4708-9993-88bd97b06c89 3e182f286f134a488f261217eb9fce57 034c36bc807e4cf58c456e84ce72223b - - default default] 10.0.0.246 "GET /v2.0/subnets HTTP/1.1" status: 200 len: 1428 time: 0.0542068
2026-05-11 06:48:50.564 9 INFO neutron.wsgi [None req-61a4f25e-c3e7-4ca6-86d1-6e3a75c7c37d c9faf22e63f04e86bbcc0810919d0e56 150742a0ec04455f97eceba53ddd051e - - default default] 10.0.0.246 "DELETE /v2.0/networks/00512710-7479-4df4-9a84-1f2a8c6a4002 HTTP/1.1" status: 204 len: 168 time: 0.5786235
2026-05-11 06:48:50.571 9 INFO neutron.wsgi [None req-99a3815e-e363-40c0-9658-ccf10a307baa 3e182f286f134a488f261217eb9fce57 034c36bc807e4cf58c456e84ce72223b - - default default] 10.0.0.246 "GET /v2.0/networks/15d40ec8-a5a9-44f3-9415-42265e997b9a HTTP/1.1" status: 200 len: 863 time: 0.0979388 /var/lib/openstack/lib/python3.10/site-packages/pycadf/identifier.py:71: UserWarning: Invalid uuid: neutron. To ensure interoperability, identifiers should be a valid uuid. warnings.warn(('Invalid uuid: %s. To ensure interoperability, '
2026-05-11 06:48:50.609 10 WARNING neutron.scheduler.dhcp_agent_scheduler [None req-eb606b18-8af1-4b78-9bdc-2d3b03136997 1d851ef6457a490bb4e872186c48fd9d 7f1d077eb7504d409b5404a2713be69f - - default default] No more DHCP agents
2026-05-11 06:48:50.614 10 WARNING neutron.api.rpc.agentnotifiers.dhcp_rpc_agent_api [None req-eb606b18-8af1-4b78-9bdc-2d3b03136997 1d851ef6457a490bb4e872186c48fd9d 7f1d077eb7504d409b5404a2713be69f - - default default] Unable to schedule network 4ac6af53-34d8-4944-9718-bb7cc388c9f3: no agents available; will retry on subsequent port and subnet creation events.
2026-05-11 06:48:50.639 9 INFO neutron.wsgi [None req-8a87a5df-2487-4f2c-b2c2-928263968936 3e182f286f134a488f261217eb9fce57 034c36bc807e4cf58c456e84ce72223b - - default default] 10.0.0.246 "GET /v2.0/subnets/710dc98c-89bd-4968-9169-55d4a6b40b53 HTTP/1.1" status: 200 len: 811 time: 0.0609941
2026-05-11 06:48:50.666 9 INFO neutron.pecan_wsgi.hooks.translation [None req-69c4a54a-fc50-4747-bfdf-2ce5714730c7 3e182f286f134a488f261217eb9fce57 034c36bc807e4cf58c456e84ce72223b - - default default] DELETE failed (client error): The resource could not be found.
2026-05-11 06:48:50.668 9 INFO neutron.wsgi [None req-69c4a54a-fc50-4747-bfdf-2ce5714730c7 3e182f286f134a488f261217eb9fce57 034c36bc807e4cf58c456e84ce72223b - - default default] 10.0.0.246 "DELETE /v2.0/subnets/b3d79964-ce65-4333-b3c5-5ac500707b14 HTTP/1.1" status: 404 len: 337 time: 0.0185111
2026-05-11 06:48:50.694 9 INFO neutron.pecan_wsgi.hooks.translation [None req-5ca14ffa-4f5f-4024-8fb3-1255925be0c7 3e182f286f134a488f261217eb9fce57 034c36bc807e4cf58c456e84ce72223b - - default default] DELETE failed (client error): The resource could not be found.
2026-05-11 06:48:50.697 9 INFO neutron.wsgi [None req-5ca14ffa-4f5f-4024-8fb3-1255925be0c7 3e182f286f134a488f261217eb9fce57 034c36bc807e4cf58c456e84ce72223b - - default default] 10.0.0.246 "DELETE /v2.0/networks/53ef5d5a-1aa7-4d44-ae5f-2d98a5415afd HTTP/1.1" status: 404 len: 339 time: 0.0239277 /var/lib/openstack/lib/python3.10/site-packages/pycadf/identifier.py:71: UserWarning: Invalid uuid: neutron. To ensure interoperability, identifiers should be a valid uuid. warnings.warn(('Invalid uuid: %s. To ensure interoperability, '
2026-05-11 06:48:50.752 10 INFO neutron.db.ovn_revision_numbers_db [None req-eb606b18-8af1-4b78-9bdc-2d3b03136997 1d851ef6457a490bb4e872186c48fd9d 7f1d077eb7504d409b5404a2713be69f - - default default] Successfully bumped revision number for resource 168b8259-c997-4fd0-a297-f1df660e890a (type: ports) to 1
2026-05-11 06:48:50.803 10 INFO neutron.wsgi [None req-eb606b18-8af1-4b78-9bdc-2d3b03136997 1d851ef6457a490bb4e872186c48fd9d 7f1d077eb7504d409b5404a2713be69f - - default default] 10.0.0.246 "POST /v2.0/ports HTTP/1.1" status: 201 len: 942 time: 0.5908229
2026-05-11 06:48:50.905 10 INFO neutron.db.ovn_revision_numbers_db [None req-dc93d4e5-c7a2-4b2b-9de9-8690e58ece2f 8f11e13f652648618d8e2083f01bdc5a d561b5f6f80946029585bce87c82f0af - - default default] Successfully bumped revision number for resource 7a856b30-9ba4-4fa6-bb3a-8b2a5cb304a8 (type: security_groups) to 1
2026-05-11 06:48:50.921 9 INFO neutron.db.segments_db [None req-29e2210c-6877-45ac-9a58-174dea6585c6 1d851ef6457a490bb4e872186c48fd9d 7f1d077eb7504d409b5404a2713be69f - - default default] Added segment 8b1079c6-cfae-479c-b93e-41e9258fa87a of type geneve for network 67b35639-c9cc-4e61-90fa-5f7b6e7b3e44
2026-05-11 06:48:50.923 10 INFO neutron.db.ovn_revision_numbers_db [None req-dc93d4e5-c7a2-4b2b-9de9-8690e58ece2f 8f11e13f652648618d8e2083f01bdc5a d561b5f6f80946029585bce87c82f0af - - default default] Successfully bumped revision number for resource 5ff07b7b-82a9-49bb-9d80-ee2f9c1d4d20 (type: security_group_rules) to 0
2026-05-11 06:48:50.934 9 INFO neutron.wsgi [None req-0bc77c0b-1aa5-45f1-ac05-5a32203c27fc 3e182f286f134a488f261217eb9fce57 034c36bc807e4cf58c456e84ce72223b - - default default] 10.0.0.246 "DELETE /v2.0/subnets/710dc98c-89bd-4968-9169-55d4a6b40b53 HTTP/1.1" status: 204 len: 168 time: 0.2313845
2026-05-11 06:48:50.948 10 INFO neutron.db.ovn_revision_numbers_db [None req-dc93d4e5-c7a2-4b2b-9de9-8690e58ece2f 8f11e13f652648618d8e2083f01bdc5a d561b5f6f80946029585bce87c82f0af - - default default] Successfully bumped revision number for resource 729afb7d-dfe6-488b-9fd3-aaa652d97e89 (type: security_group_rules) to 0
2026-05-11 06:48:50.984 10 INFO neutron.db.ovn_revision_numbers_db [None req-dc93d4e5-c7a2-4b2b-9de9-8690e58ece2f 8f11e13f652648618d8e2083f01bdc5a d561b5f6f80946029585bce87c82f0af - - default default] Successfully bumped revision number for resource 84a7f523-3cf8-4606-a818-ee08fe92e5b8 (type: security_group_rules) to 0
2026-05-11 06:48:51.015 10 INFO neutron.db.ovn_revision_numbers_db [None req-dc93d4e5-c7a2-4b2b-9de9-8690e58ece2f 8f11e13f652648618d8e2083f01bdc5a d561b5f6f80946029585bce87c82f0af - - default default] Successfully bumped revision number for resource e2d27d94-f212-4ca6-9381-6377f4f0b298 (type: security_group_rules) to 0
2026-05-11 06:48:51.046 10 INFO neutron.wsgi [None req-dc93d4e5-c7a2-4b2b-9de9-8690e58ece2f 8f11e13f652648618d8e2083f01bdc5a d561b5f6f80946029585bce87c82f0af - - default default] 10.0.0.246 "GET /v2.0/security-groups?tenant_id=c94e73300a2e4c31b350d1a60671f843&name=default HTTP/1.1" status: 200 len: 2996 time: 0.4706578
2026-05-11 06:48:51.071 10 INFO neutron.services.segments.plugin [-] Segment 42cb390f-3a58-49a8-bd54-6adfb36469c6 resource provider aggregate not found
2026-05-11 06:48:51.097 10 INFO neutron.services.segments.plugin [-] Segment 42cb390f-3a58-49a8-bd54-6adfb36469c6 resource provider aggregate not found
2026-05-11 06:48:51.110 10 INFO neutron.services.segments.plugin [-] Segment 42cb390f-3a58-49a8-bd54-6adfb36469c6 resource provider not found; error: Placement Client Error (4xx): {"errors": [{"status": 404, "title": "Not Found", "detail": "The resource could not be found.\n\n No resource provider with uuid 42cb390f-3a58-49a8-bd54-6adfb36469c6 found for delete ", "request_id": "req-60c69678-263f-47c8-b064-89b9281c1f82"}]}
2026-05-11 06:48:51.119 10 INFO neutron.services.segments.plugin [-] Segment 42cb390f-3a58-49a8-bd54-6adfb36469c6 resource provider not found; error: Placement Client Error (4xx): {"errors": [{"status": 404, "title": "Not Found", "detail": "The resource could not be found.\n\n No resource provider with uuid 42cb390f-3a58-49a8-bd54-6adfb36469c6 found for delete ", "request_id": "req-d28bd656-1df6-48e5-81f7-9cffded7ab29"}]}
2026-05-11 06:48:51.138 9 INFO neutron.db.ovn_revision_numbers_db [None req-29e2210c-6877-45ac-9a58-174dea6585c6 1d851ef6457a490bb4e872186c48fd9d 7f1d077eb7504d409b5404a2713be69f - - default default] Successfully bumped revision number for resource 67b35639-c9cc-4e61-90fa-5f7b6e7b3e44 (type: networks) to 1
2026-05-11 06:48:51.144 10 INFO neutron.wsgi [None req-860f6b58-251b-4ab6-8b4d-172ba0f3cc48 c9faf22e63f04e86bbcc0810919d0e56 150742a0ec04455f97eceba53ddd051e - - default default] 10.0.0.246 "DELETE /v2.0/networks/b99b119f-7f60-4f56-9c8b-d7c368d67725 HTTP/1.1" status: 204 len: 168 time: 0.5697746
2026-05-11 06:48:51.243 10 INFO neutron.db.segments_db [None req-b238b02b-853a-4df7-a311-219f2165be8b c9faf22e63f04e86bbcc0810919d0e56 150742a0ec04455f97eceba53ddd051e - - default default] Added segment 7ab55f53-de16-4059-a2db-27753c16fe60 of type geneve for network a24bbd50-01d8-4a55-a8e2-4ed75b8b2251
2026-05-11 06:48:51.401 10 INFO neutron.db.ovn_revision_numbers_db [None req-b238b02b-853a-4df7-a311-219f2165be8b c9faf22e63f04e86bbcc0810919d0e56 150742a0ec04455f97eceba53ddd051e - - default default] Successfully bumped revision number for resource a24bbd50-01d8-4a55-a8e2-4ed75b8b2251 (type: networks) to 1
2026-05-11 06:48:51.412 9 WARNING neutron.scheduler.dhcp_agent_scheduler [None req-29e2210c-6877-45ac-9a58-174dea6585c6 1d851ef6457a490bb4e872186c48fd9d 7f1d077eb7504d409b5404a2713be69f - - default default] No more DHCP agents
2026-05-11 06:48:51.424 9 WARNING neutron.plugins.ml2.drivers.ovn.mech_driver.ovsdb.ovn_client [None req-a8ebba4a-593c-42b3-8ae9-66631b2f8142 - - - - - -] No port found with ID 3d197afe-08b1-4b47-97b6-4576499aea82: RuntimeError: No port found with ID 3d197afe-08b1-4b47-97b6-4576499aea82
2026-05-11 06:48:51.427 9 WARNING neutron.api.rpc.agentnotifiers.dhcp_rpc_agent_api [None req-29e2210c-6877-45ac-9a58-174dea6585c6 1d851ef6457a490bb4e872186c48fd9d 7f1d077eb7504d409b5404a2713be69f - - default default] Unable to schedule network 67b35639-c9cc-4e61-90fa-5f7b6e7b3e44: no agents available; will retry on subsequent port and subnet creation events.
2026-05-11 06:48:51.498 9 INFO neutron.wsgi [None req-2aaba5e6-ae05-44c4-bd7d-dabc8ca6c019 8f11e13f652648618d8e2083f01bdc5a d561b5f6f80946029585bce87c82f0af - - default default] 10.0.0.246 "DELETE /v2.0/security-groups/7a856b30-9ba4-4fa6-bb3a-8b2a5cb304a8 HTTP/1.1" status: 204 len: 168 time: 0.4442561
2026-05-11 06:48:51.554 9 INFO neutron.db.ovn_revision_numbers_db [None req-29e2210c-6877-45ac-9a58-174dea6585c6 1d851ef6457a490bb4e872186c48fd9d 7f1d077eb7504d409b5404a2713be69f - - default default] Successfully bumped revision number for resource 2aa6c88b-efd9-45b4-9d5e-59ab2ff12ba5 (type: ports) to 1
2026-05-11 06:48:51.574 10 WARNING neutron.scheduler.dhcp_agent_scheduler [None req-b238b02b-853a-4df7-a311-219f2165be8b c9faf22e63f04e86bbcc0810919d0e56 150742a0ec04455f97eceba53ddd051e - - default default] No more DHCP agents
2026-05-11 06:48:51.579 9 INFO neutron.wsgi [None req-29e2210c-6877-45ac-9a58-174dea6585c6 1d851ef6457a490bb4e872186c48fd9d 7f1d077eb7504d409b5404a2713be69f - - default default] 10.0.0.246 "POST /v2.0/networks HTTP/1.1" status: 201 len: 831 time: 0.7670159
2026-05-11 06:48:51.580 10 WARNING neutron.api.rpc.agentnotifiers.dhcp_rpc_agent_api [None req-b238b02b-853a-4df7-a311-219f2165be8b c9faf22e63f04e86bbcc0810919d0e56 150742a0ec04455f97eceba53ddd051e - - default default] Unable to schedule network a24bbd50-01d8-4a55-a8e2-4ed75b8b2251: no agents available; will retry on subsequent port and subnet creation events.
2026-05-11 06:48:51.589 9 INFO neutron.wsgi [None req-fef75077-e2e0-4c63-b777-ffbf0e9ff807 3e182f286f134a488f261217eb9fce57 034c36bc807e4cf58c456e84ce72223b - - default default] 10.0.0.246 "DELETE /v2.0/networks/15d40ec8-a5a9-44f3-9415-42265e997b9a HTTP/1.1" status: 204 len: 168 time: 0.6476302
2026-05-11 06:48:51.641 9 INFO neutron.wsgi [None req-218fe1d3-a0ff-4230-bc22-9990ea5f01a8 8f11e13f652648618d8e2083f01bdc5a d561b5f6f80946029585bce87c82f0af - - default default] 10.0.0.246 "GET /v2.0/security-groups?tenant_id=14f9be5183874d8e846f0c561071bbc4&name=default HTTP/1.1" status: 200 len: 2996 time: 0.0368268
2026-05-11 06:48:51.688 10 INFO neutron.db.ovn_revision_numbers_db [None req-b238b02b-853a-4df7-a311-219f2165be8b c9faf22e63f04e86bbcc0810919d0e56 150742a0ec04455f97eceba53ddd051e - - default default] Successfully bumped revision number for resource 41d39c5e-7f46-4705-8c12-42f2881cf2f6 (type: ports) to 1
2026-05-11 06:48:51.718 10 INFO neutron.wsgi [None req-b238b02b-853a-4df7-a311-219f2165be8b c9faf22e63f04e86bbcc0810919d0e56 150742a0ec04455f97eceba53ddd051e - - default default] 10.0.0.246 "POST /v2.0/networks HTTP/1.1" status: 201 len: 829 time: 0.5622089
2026-05-11 06:48:51.796 9 INFO neutron.services.segments.plugin [-] Segment fdd63f53-b8ed-4ad3-8f04-221dc56bbd9d resource provider aggregate not found
2026-05-11 06:48:51.800 9 INFO neutron.services.segments.plugin [-] Segment fdd63f53-b8ed-4ad3-8f04-221dc56bbd9d resource provider aggregate not found
2026-05-11 06:48:51.816 9 INFO neutron.services.segments.plugin [-] Segment fdd63f53-b8ed-4ad3-8f04-221dc56bbd9d resource provider not found; error: Placement Client Error (4xx): {"errors": [{"status": 404, "title": "Not Found", "detail": "The resource could not be found.\n\n No resource provider with uuid fdd63f53-b8ed-4ad3-8f04-221dc56bbd9d found for delete ", "request_id": "req-5ee58bf0-c8a4-4299-9fe6-c8d415e5ac98"}]}
