2026-05-11 06:49:42.236 9 INFO neutron.db.ovn_revision_numbers_db [None req-23f9c97a-5b35-471a-9729-82a1ddeb7275 020a30ad39de4e92aac8eff4efbddd0b 02a63e19dae148b99d94bbfc006eccb6 - - default default] Successfully bumped revision number for resource 7c53bd69-4610-40df-9195-fdc63962f8ef (type: networks) to 1
2026-05-11 06:49:42.394 9 INFO neutron.wsgi [-] 10.0.0.247 "GET / HTTP/1.1" status: 200 len: 247 time: 0.0016603
2026-05-11 06:49:42.396 9 INFO neutron.wsgi [-] 10.0.0.247 "GET / HTTP/1.1" status: 200 len: 247 time: 0.0012631
2026-05-11 06:49:42.419 9 WARNING neutron.scheduler.dhcp_agent_scheduler [None req-23f9c97a-5b35-471a-9729-82a1ddeb7275 020a30ad39de4e92aac8eff4efbddd0b 02a63e19dae148b99d94bbfc006eccb6 - - default default] No more DHCP agents
2026-05-11 06:49:42.420 9 WARNING neutron.api.rpc.agentnotifiers.dhcp_rpc_agent_api [None req-23f9c97a-5b35-471a-9729-82a1ddeb7275 020a30ad39de4e92aac8eff4efbddd0b 02a63e19dae148b99d94bbfc006eccb6 - - default default] Unable to schedule network 7c53bd69-4610-40df-9195-fdc63962f8ef: no agents available; will retry on subsequent port and subnet creation events.
2026-05-11 06:49:42.442 10 INFO neutron.db.ovn_revision_numbers_db [req-fa6e14ad-4ee8-4377-96e7-85c5bc45a3ed req-6876da94-e6b8-40ab-8f68-f30c67d6846b dc0236e32fdd4858bcc32f250aaf05ce 79ce8942d243454cbf729108076aebf2 - - 78055b8278ed499887689ee8ce2879fc 78055b8278ed499887689ee8ce2879fc] Successfully bumped revision number for resource 7bce68d7-92f8-4168-961b-ab3843c9525d (type: ports) to 2
2026-05-11 06:49:42.472 10 INFO neutron.wsgi [None req-773eec26-7f87-454c-863c-7398286e343c 8f11e13f652648618d8e2083f01bdc5a d561b5f6f80946029585bce87c82f0af - - default default] 10.0.0.246 "DELETE /v2.0/security-groups/8ebbe30f-a1de-4d33-9f78-4c77d9962181 HTTP/1.1" status: 204 len: 168 time: 0.2873363
2026-05-11 06:49:42.486 9 INFO neutron.wsgi [req-121a1b04-b54f-41e6-88d1-479a0e7c743e req-50e7f008-229a-4c6a-ade6-f1619eeeae10 17a7ec6eb592409fa03ce35507112eb5 1dce23822f514d83a7f10201a16a7d2f - - default default] 10.0.0.248 "GET /v2.0/ports?device_id=fcd0672a-9097-4eb8-976c-24f6373c2138 HTTP/1.1" status: 200 len: 1172 time: 0.0520382
2026-05-11 06:49:42.546 9 INFO neutron.wsgi [req-121a1b04-b54f-41e6-88d1-479a0e7c743e req-261a5783-d796-4182-a518-c3dcd2b63311 17a7ec6eb592409fa03ce35507112eb5 1dce23822f514d83a7f10201a16a7d2f - - default default] 10.0.0.248 "GET /v2.0/security-groups?id=fae05ff5-786d-4900-b6f5-83913393aa81&fields=id&fields=name HTTP/1.1" status: 200 len: 312 time: 0.0523458
2026-05-11 06:49:42.552 9 INFO neutron.db.ovn_revision_numbers_db [None req-23f9c97a-5b35-471a-9729-82a1ddeb7275 020a30ad39de4e92aac8eff4efbddd0b 02a63e19dae148b99d94bbfc006eccb6 - - default default] Successfully bumped revision number for resource 27b7d5bc-168c-440c-a463-131209201e6c (type: ports) to 1
2026-05-11 06:49:42.574 9 INFO neutron.wsgi [None req-23f9c97a-5b35-471a-9729-82a1ddeb7275 020a30ad39de4e92aac8eff4efbddd0b 02a63e19dae148b99d94bbfc006eccb6 - - default default] 10.0.0.246 "POST /v2.0/networks HTTP/1.1" status: 201 len: 830 time: 0.5950930
2026-05-11 06:49:42.665 10 INFO neutron.db.ovn_revision_numbers_db [req-fa6e14ad-4ee8-4377-96e7-85c5bc45a3ed req-6876da94-e6b8-40ab-8f68-f30c67d6846b dc0236e32fdd4858bcc32f250aaf05ce 79ce8942d243454cbf729108076aebf2 - - 78055b8278ed499887689ee8ce2879fc 78055b8278ed499887689ee8ce2879fc] Successfully bumped revision number for resource 7bce68d7-92f8-4168-961b-ab3843c9525d (type: ports) to 2
2026-05-11 06:49:42.678 10 INFO neutron.wsgi [req-fa6e14ad-4ee8-4377-96e7-85c5bc45a3ed req-6876da94-e6b8-40ab-8f68-f30c67d6846b dc0236e32fdd4858bcc32f250aaf05ce 79ce8942d243454cbf729108076aebf2 - - 78055b8278ed499887689ee8ce2879fc 78055b8278ed499887689ee8ce2879fc] 199.204.45.222 "PUT /v2.0/ports/7bce68d7-92f8-4168-961b-ab3843c9525d HTTP/1.1" status: 200 len: 1380 time: 0.7102294 /var/lib/openstack/lib/python3.10/site-packages/pycadf/identifier.py:71: UserWarning: Invalid uuid: neutron. To ensure interoperability, identifiers should be a valid uuid. warnings.warn(('Invalid uuid: %s. To ensure interoperability, '
2026-05-11 06:49:42.731 10 INFO neutron.notifiers.nova [-] Nova event matching ['req-cb0bb4a4-004b-4bd8-bc2c-b6e26139a51a'] response: {'name': 'network-changed', 'server_uuid': 'fcd0672a-9097-4eb8-976c-24f6373c2138', 'tag': '7bce68d7-92f8-4168-961b-ab3843c9525d', 'status': 'completed', 'code': 200}
2026-05-11 06:49:42.755 10 INFO neutron.wsgi [req-fa6e14ad-4ee8-4377-96e7-85c5bc45a3ed req-85e61306-eb4d-478e-8ffd-274783f66565 dc0236e32fdd4858bcc32f250aaf05ce 79ce8942d243454cbf729108076aebf2 - - 78055b8278ed499887689ee8ce2879fc 78055b8278ed499887689ee8ce2879fc] 199.204.45.222 "GET /v2.0/ports?tenant_id=1dce23822f514d83a7f10201a16a7d2f&device_id=fcd0672a-9097-4eb8-976c-24f6373c2138 HTTP/1.1" status: 200 len: 1411 time: 0.0343776
2026-05-11 06:49:42.793 10 INFO neutron.wsgi [req-fa6e14ad-4ee8-4377-96e7-85c5bc45a3ed req-7c266ffe-c53a-48d8-b34b-2da2f0853189 dc0236e32fdd4858bcc32f250aaf05ce 79ce8942d243454cbf729108076aebf2 - - 78055b8278ed499887689ee8ce2879fc 78055b8278ed499887689ee8ce2879fc] 199.204.45.222 "GET /v2.0/floatingips?fixed_ip_address=10.100.0.12&port_id=7bce68d7-92f8-4168-961b-ab3843c9525d HTTP/1.1" status: 200 len: 217 time: 0.0277264
2026-05-11 06:49:42.845 10 INFO neutron.wsgi [req-fa6e14ad-4ee8-4377-96e7-85c5bc45a3ed req-c119b434-d1c3-4fb6-8b35-20e01cd1dca1 dc0236e32fdd4858bcc32f250aaf05ce 79ce8942d243454cbf729108076aebf2 - - 78055b8278ed499887689ee8ce2879fc 78055b8278ed499887689ee8ce2879fc] 199.204.45.222 "GET /v2.0/subnets?id=33916a8c-9327-4d00-a27a-59b2ecb8ef36 HTTP/1.1" status: 200 len: 852 time: 0.0431507
2026-05-11 06:49:42.853 9 WARNING neutron.scheduler.dhcp_agent_scheduler [None req-582265d5-0282-44a0-9929-56e9060b98bf 020a30ad39de4e92aac8eff4efbddd0b 02a63e19dae148b99d94bbfc006eccb6 - - default default] No more DHCP agents
2026-05-11 06:49:42.854 9 WARNING neutron.api.rpc.agentnotifiers.dhcp_rpc_agent_api [None req-582265d5-0282-44a0-9929-56e9060b98bf 020a30ad39de4e92aac8eff4efbddd0b 02a63e19dae148b99d94bbfc006eccb6 - - default default] Unable to schedule network 7c53bd69-4610-40df-9195-fdc63962f8ef: no agents available; will retry on subsequent port and subnet creation events.
2026-05-11 06:49:42.881 10 INFO neutron.wsgi [req-fa6e14ad-4ee8-4377-96e7-85c5bc45a3ed req-01cb25e2-fb05-4d4e-a91b-04cb9b035588 dc0236e32fdd4858bcc32f250aaf05ce 79ce8942d243454cbf729108076aebf2 - - 78055b8278ed499887689ee8ce2879fc 78055b8278ed499887689ee8ce2879fc] 199.204.45.222 "GET /v2.0/ports?network_id=3b2af10f-4796-4a46-8226-38234a7d4484&device_owner=network%3Adhcp HTTP/1.1" status: 200 len: 210 time: 0.0278516
2026-05-11 06:49:42.949 9 INFO neutron.db.ovn_revision_numbers_db [None req-582265d5-0282-44a0-9929-56e9060b98bf 020a30ad39de4e92aac8eff4efbddd0b 02a63e19dae148b99d94bbfc006eccb6 - - default default] Successfully bumped revision number for resource 2e092daf-5ba1-4e6e-a090-5b492687490b (type: ports) to 1
2026-05-11 06:49:42.955 10 INFO neutron.wsgi [req-fa6e14ad-4ee8-4377-96e7-85c5bc45a3ed req-f7a2b1e1-6ff7-463c-97a8-85f1c5d939b7 dc0236e32fdd4858bcc32f250aaf05ce 79ce8942d243454cbf729108076aebf2 - - 78055b8278ed499887689ee8ce2879fc 78055b8278ed499887689ee8ce2879fc] 199.204.45.222 "GET /v2.0/networks/3b2af10f-4796-4a46-8226-38234a7d4484?fields=segments HTTP/1.1" status: 200 len: 212 time: 0.0671740
2026-05-11 06:49:42.972 9 INFO neutron.wsgi [None req-582265d5-0282-44a0-9929-56e9060b98bf 020a30ad39de4e92aac8eff4efbddd0b 02a63e19dae148b99d94bbfc006eccb6 - - default default] 10.0.0.246 "POST /v2.0/ports HTTP/1.1" status: 201 len: 942 time: 0.3921480 /var/lib/openstack/lib/python3.10/site-packages/pycadf/identifier.py:71: UserWarning: Invalid uuid: neutron. To ensure interoperability, identifiers should be a valid uuid. warnings.warn(('Invalid uuid: %s. To ensure interoperability, '
2026-05-11 06:49:43.033 10 INFO neutron.wsgi [req-fa6e14ad-4ee8-4377-96e7-85c5bc45a3ed req-d9221736-e81d-490d-8c5e-23c5e7f0e7c9 dc0236e32fdd4858bcc32f250aaf05ce 79ce8942d243454cbf729108076aebf2 - - 78055b8278ed499887689ee8ce2879fc 78055b8278ed499887689ee8ce2879fc] 199.204.45.222 "GET /v2.0/networks/3b2af10f-4796-4a46-8226-38234a7d4484?fields=provider%3Aphysical_network&fields=provider%3Anetwork_type HTTP/1.1" status: 200 len: 277 time: 0.0727935
2026-05-11 06:49:43.116 10 INFO neutron.wsgi [req-69572180-cc23-41e0-baad-22df4a06b91e req-67b5022f-a023-428b-acb2-cb2dbb0a66ea dc0236e32fdd4858bcc32f250aaf05ce 79ce8942d243454cbf729108076aebf2 - - 78055b8278ed499887689ee8ce2879fc 78055b8278ed499887689ee8ce2879fc] 199.204.45.222 "GET /v2.0/ports?tenant_id=1dce23822f514d83a7f10201a16a7d2f&device_id=fcd0672a-9097-4eb8-976c-24f6373c2138 HTTP/1.1" status: 200 len: 1411 time: 0.0315499
2026-05-11 06:49:43.171 9 INFO neutron.wsgi [None req-49449c39-765f-44c1-acf6-330d41b3db50 020a30ad39de4e92aac8eff4efbddd0b 02a63e19dae148b99d94bbfc006eccb6 - - default default] 10.0.0.246 "POST /v2.0/trunks HTTP/1.1" status: 201 len: 608 time: 0.1920583
2026-05-11 06:49:43.197 10 INFO neutron.wsgi [req-69572180-cc23-41e0-baad-22df4a06b91e req-c5095524-42e3-4f72-89ba-d0e28c2581ac dc0236e32fdd4858bcc32f250aaf05ce 79ce8942d243454cbf729108076aebf2 - - 78055b8278ed499887689ee8ce2879fc 78055b8278ed499887689ee8ce2879fc] 199.204.45.222 "GET /v2.0/networks?id=3b2af10f-4796-4a46-8226-38234a7d4484 HTTP/1.1" status: 200 len: 958 time: 0.0709593
2026-05-11 06:49:43.249 10 INFO neutron.wsgi [req-69572180-cc23-41e0-baad-22df4a06b91e req-63267ee5-2c30-4515-b240-c42c0595d184 dc0236e32fdd4858bcc32f250aaf05ce 79ce8942d243454cbf729108076aebf2 - - 78055b8278ed499887689ee8ce2879fc 78055b8278ed499887689ee8ce2879fc] 199.204.45.222 "GET /v2.0/floatingips?fixed_ip_address=10.100.0.12&port_id=7bce68d7-92f8-4168-961b-ab3843c9525d HTTP/1.1" status: 200 len: 217 time: 0.0464635
2026-05-11 06:49:43.249 9 INFO neutron.plugins.ml2.drivers.ovn.mech_driver.mech_driver [None req-a8ebba4a-593c-42b3-8ae9-66631b2f8142 - - - - - -] OVN reports status up for port: 7bce68d7-92f8-4168-961b-ab3843c9525d
2026-05-11 06:49:43.261 9 INFO neutron.plugins.ml2.plugin [None req-a8ebba4a-593c-42b3-8ae9-66631b2f8142 - - - - - -] Attempt 1 to provision port 7bce68d7-92f8-4168-961b-ab3843c9525d
2026-05-11 06:49:43.300 10 INFO neutron.wsgi [req-69572180-cc23-41e0-baad-22df4a06b91e req-c05fbbbf-3da7-4330-9bf9-f3f92b46ad0f dc0236e32fdd4858bcc32f250aaf05ce 79ce8942d243454cbf729108076aebf2 - - 78055b8278ed499887689ee8ce2879fc 78055b8278ed499887689ee8ce2879fc] 199.204.45.222 "GET /v2.0/subnets?id=33916a8c-9327-4d00-a27a-59b2ecb8ef36 HTTP/1.1" status: 200 len: 852 time: 0.0378990
2026-05-11 06:49:43.323 9 INFO neutron.db.segments_db [None req-5bf0edf4-44b6-4c2d-b8d8-ff0d41f55269 020a30ad39de4e92aac8eff4efbddd0b 02a63e19dae148b99d94bbfc006eccb6 - - default default] Added segment 97a62dab-043b-4305-94e9-8f09c958ae45 of type geneve for network 88b9408c-0bac-4882-b4a9-0d9d803e047f
2026-05-11 06:49:43.347 10 INFO neutron.wsgi [req-69572180-cc23-41e0-baad-22df4a06b91e req-0e93e289-7706-4a67-8703-b84342642e3e dc0236e32fdd4858bcc32f250aaf05ce 79ce8942d243454cbf729108076aebf2 - - 78055b8278ed499887689ee8ce2879fc 78055b8278ed499887689ee8ce2879fc] 199.204.45.222 "GET /v2.0/ports?network_id=3b2af10f-4796-4a46-8226-38234a7d4484&device_owner=network%3Adhcp HTTP/1.1" status: 200 len: 210 time: 0.0391674
2026-05-11 06:49:43.424 9 INFO neutron.notifiers.nova [-] Nova event matching ['req-0f27cf86-3dce-4b9b-9ceb-e92a7d15ecd8'] response: {'server_uuid': 'fcd0672a-9097-4eb8-976c-24f6373c2138', 'name': 'network-vif-plugged', 'status': 'completed', 'tag': '7bce68d7-92f8-4168-961b-ab3843c9525d', 'code': 200}
2026-05-11 06:49:43.439 10 INFO neutron.wsgi [req-69572180-cc23-41e0-baad-22df4a06b91e req-70de9476-78cc-4fbf-9567-ffb20f875456 dc0236e32fdd4858bcc32f250aaf05ce 79ce8942d243454cbf729108076aebf2 - - 78055b8278ed499887689ee8ce2879fc 78055b8278ed499887689ee8ce2879fc] 199.204.45.222 "GET /v2.0/networks/3b2af10f-4796-4a46-8226-38234a7d4484?fields=segments HTTP/1.1" status: 200 len: 212 time: 0.0839887
2026-05-11 06:49:43.528 10 INFO neutron.wsgi [req-69572180-cc23-41e0-baad-22df4a06b91e req-6855ddc7-3aea-4054-bc78-7d0059bd92de dc0236e32fdd4858bcc32f250aaf05ce 79ce8942d243454cbf729108076aebf2 - - 78055b8278ed499887689ee8ce2879fc 78055b8278ed499887689ee8ce2879fc] 199.204.45.222 "GET /v2.0/networks/3b2af10f-4796-4a46-8226-38234a7d4484?fields=provider%3Aphysical_network&fields=provider%3Anetwork_type HTTP/1.1" status: 200 len: 277 time: 0.0831909
2026-05-11 06:49:43.549 9 INFO neutron.db.ovn_revision_numbers_db [None req-5bf0edf4-44b6-4c2d-b8d8-ff0d41f55269 020a30ad39de4e92aac8eff4efbddd0b 02a63e19dae148b99d94bbfc006eccb6 - - default default] Successfully bumped revision number for resource 88b9408c-0bac-4882-b4a9-0d9d803e047f (type: networks) to 1
2026-05-11 06:49:43.692 9 INFO neutron.wsgi [req-e228748a-5a7a-4f31-a2f7-cb7d203c084c req-b717e4d3-f28b-425a-887a-3360d5dc21c0 17a7ec6eb592409fa03ce35507112eb5 1dce23822f514d83a7f10201a16a7d2f - - default default] 10.0.0.248 "GET /v2.0/ports?device_id=fcd0672a-9097-4eb8-976c-24f6373c2138 HTTP/1.1" status: 200 len: 1174 time: 0.0654876
2026-05-11 06:49:43.708 9 INFO neutron.db.ovn_revision_numbers_db [None req-a8ebba4a-593c-42b3-8ae9-66631b2f8142 - - - - - -] Successfully bumped revision number for resource 7bce68d7-92f8-4168-961b-ab3843c9525d (type: ports) to 4
2026-05-11 06:49:43.795 9 INFO neutron.wsgi [req-e228748a-5a7a-4f31-a2f7-cb7d203c084c req-a62d1c79-eee8-43a1-b727-6759f4725f38 17a7ec6eb592409fa03ce35507112eb5 1dce23822f514d83a7f10201a16a7d2f - - default default] 10.0.0.248 "GET /v2.0/security-groups?id=fae05ff5-786d-4900-b6f5-83913393aa81&fields=id&fields=name HTTP/1.1" status: 200 len: 312 time: 0.0964630
2026-05-11 06:49:43.841 9 WARNING neutron.scheduler.dhcp_agent_scheduler [None req-5bf0edf4-44b6-4c2d-b8d8-ff0d41f55269 020a30ad39de4e92aac8eff4efbddd0b 02a63e19dae148b99d94bbfc006eccb6 - - default default] No more DHCP agents
2026-05-11 06:49:43.844 9 WARNING neutron.api.rpc.agentnotifiers.dhcp_rpc_agent_api [None req-5bf0edf4-44b6-4c2d-b8d8-ff0d41f55269 020a30ad39de4e92aac8eff4efbddd0b 02a63e19dae148b99d94bbfc006eccb6 - - default default] Unable to schedule network 88b9408c-0bac-4882-b4a9-0d9d803e047f: no agents available; will retry on subsequent port and subnet creation events.
2026-05-11 06:49:43.935 9 INFO neutron.db.ovn_revision_numbers_db [None req-5bf0edf4-44b6-4c2d-b8d8-ff0d41f55269 020a30ad39de4e92aac8eff4efbddd0b 02a63e19dae148b99d94bbfc006eccb6 - - default default] Successfully bumped revision number for resource 8226c4ec-707d-4063-b001-145ab63b3f68 (type: ports) to 1
2026-05-11 06:49:43.954 9 INFO neutron.wsgi [None req-5bf0edf4-44b6-4c2d-b8d8-ff0d41f55269 020a30ad39de4e92aac8eff4efbddd0b 02a63e19dae148b99d94bbfc006eccb6 - - default default] 10.0.0.246 "POST /v2.0/networks HTTP/1.1" status: 201 len: 829 time: 0.7731445 /var/lib/openstack/lib/python3.10/site-packages/pycadf/identifier.py:71: UserWarning: Invalid uuid: neutron. To ensure interoperability, identifiers should be a valid uuid. warnings.warn(('Invalid uuid: %s. To ensure interoperability, '
2026-05-11 06:49:44.223 9 WARNING neutron.scheduler.dhcp_agent_scheduler [None req-cab3ad71-85d3-4878-b241-53ab1451308e 020a30ad39de4e92aac8eff4efbddd0b 02a63e19dae148b99d94bbfc006eccb6 - - default default] No more DHCP agents
2026-05-11 06:49:44.229 9 WARNING neutron.api.rpc.agentnotifiers.dhcp_rpc_agent_api [None req-cab3ad71-85d3-4878-b241-53ab1451308e 020a30ad39de4e92aac8eff4efbddd0b 02a63e19dae148b99d94bbfc006eccb6 - - default default] Unable to schedule network 88b9408c-0bac-4882-b4a9-0d9d803e047f: no agents available; will retry on subsequent port and subnet creation events.
2026-05-11 06:49:44.316 9 INFO neutron.db.ovn_revision_numbers_db [None req-cab3ad71-85d3-4878-b241-53ab1451308e 020a30ad39de4e92aac8eff4efbddd0b 02a63e19dae148b99d94bbfc006eccb6 - - default default] Successfully bumped revision number for resource 0dd36db6-548d-41bc-9948-8735c43371f0 (type: ports) to 1
2026-05-11 06:49:44.342 9 INFO neutron.wsgi [None req-cab3ad71-85d3-4878-b241-53ab1451308e 020a30ad39de4e92aac8eff4efbddd0b 02a63e19dae148b99d94bbfc006eccb6 - - default default] 10.0.0.246 "POST /v2.0/ports HTTP/1.1" status: 201 len: 942 time: 0.3827300 /var/lib/openstack/lib/python3.10/site-packages/pycadf/identifier.py:71: UserWarning: Invalid uuid: neutron. To ensure interoperability, identifiers should be a valid uuid. warnings.warn(('Invalid uuid: %s. To ensure interoperability, '
2026-05-11 06:49:44.541 9 INFO neutron.wsgi [None req-bd58169a-ac54-448e-bff6-28e1b971631b 020a30ad39de4e92aac8eff4efbddd0b 02a63e19dae148b99d94bbfc006eccb6 - - default default] 10.0.0.246 "POST /v2.0/trunks HTTP/1.1" status: 201 len: 608 time: 0.1920953
2026-05-11 06:49:44.577 9 INFO neutron.wsgi [None req-edb58da6-98a3-4ab3-9479-5bf3bc4960bb 020a30ad39de4e92aac8eff4efbddd0b 02a63e19dae148b99d94bbfc006eccb6 - - default default] 10.0.0.246 "PUT /v2.0/trunks/8790fabb-51f0-4277-aad8-43f203fafac8/tags HTTP/1.1" status: 200 len: 210 time: 0.0318990
2026-05-11 06:49:44.605 9 INFO neutron.wsgi [None req-34df13b7-26ab-4998-8730-e63a7607c9fe 020a30ad39de4e92aac8eff4efbddd0b 02a63e19dae148b99d94bbfc006eccb6 - - default default] 10.0.0.246 "PUT /v2.0/trunks/647f6213-38aa-4ff1-b7c4-250ee682b6e9/tags HTTP/1.1" status: 200 len: 218 time: 0.0232584
2026-05-11 06:49:44.634 9 INFO neutron.wsgi [None req-5db39132-5f61-4902-9888-ade73ebe84d2 020a30ad39de4e92aac8eff4efbddd0b 02a63e19dae148b99d94bbfc006eccb6 - - default default] 10.0.0.246 "PUT /v2.0/trunks/ff9bba17-75bf-48ac-900a-b135dc396321/tags HTTP/1.1" status: 200 len: 227 time: 0.0247786
2026-05-11 06:49:44.667 9 INFO neutron.wsgi [None req-30f79506-6ba0-41e6-8cdb-ae2441379804 020a30ad39de4e92aac8eff4efbddd0b 02a63e19dae148b99d94bbfc006eccb6 - - default default] 10.0.0.246 "PUT /v2.0/trunks/bc97d71c-4576-4605-9c62-0eb26a677d65/tags HTTP/1.1" status: 200 len: 212 time: 0.0258532
2026-05-11 06:49:44.701 9 INFO neutron.wsgi [None req-b8cd83bf-6620-4c53-9508-b4cd3720ee00 020a30ad39de4e92aac8eff4efbddd0b 02a63e19dae148b99d94bbfc006eccb6 - - default default] 10.0.0.246 "GET /v2.0/trunks?tags=red HTTP/1.1" status: 200 len: 1447 time: 0.0269217
2026-05-11 06:49:44.745 10 INFO neutron.wsgi [None req-1a6feca0-f683-4540-86a0-5564dc1cb441 020a30ad39de4e92aac8eff4efbddd0b 02a63e19dae148b99d94bbfc006eccb6 - - default default] 10.0.0.246 "GET /v2.0/trunks?tags=red%2Cblue HTTP/1.1" status: 200 len: 1041 time: 0.0351095
2026-05-11 06:49:44.777 10 INFO neutron.wsgi [None req-cec7ca2d-f4db-4ca0-a213-1f126d5d022a 020a30ad39de4e92aac8eff4efbddd0b 02a63e19dae148b99d94bbfc006eccb6 - - default default] 10.0.0.246 "GET /v2.0/trunks?tags-any=blue HTTP/1.1" status: 200 len: 1041 time: 0.0251138
2026-05-11 06:49:44.805 9 INFO neutron.wsgi [None req-e601b0f2-4f39-47bf-8021-cc441c0db59e 020a30ad39de4e92aac8eff4efbddd0b 02a63e19dae148b99d94bbfc006eccb6 - - default default] 10.0.0.246 "GET /v2.0/trunks?tags-any=red%2Cblue HTTP/1.1" status: 200 len: 1447 time: 0.0235233
2026-05-11 06:49:44.839 9 INFO neutron.wsgi [None req-9478f5de-6cd1-4fe2-81fc-5c6068b72f69 020a30ad39de4e92aac8eff4efbddd0b 02a63e19dae148b99d94bbfc006eccb6 - - default default] 10.0.0.246 "GET /v2.0/trunks?not-tags=red HTTP/1.1" status: 200 len: 1013 time: 0.0274434
2026-05-11 06:49:44.873 9 INFO neutron.wsgi [None req-c8b5eaf1-89f1-4544-9516-e9ae170d7a54 020a30ad39de4e92aac8eff4efbddd0b 02a63e19dae148b99d94bbfc006eccb6 - - default default] 10.0.0.246 "GET /v2.0/trunks?not-tags=red%2Cblue HTTP/1.1" status: 200 len: 1419 time: 0.0221899
2026-05-11 06:49:44.913 9 INFO neutron.wsgi [None req-231588cc-acf7-47b9-9b0d-eb94d64402c3 020a30ad39de4e92aac8eff4efbddd0b 02a63e19dae148b99d94bbfc006eccb6 - - default default] 10.0.0.246 "GET /v2.0/trunks?not-tags-any=blue HTTP/1.1" status: 200 len: 1419 time: 0.0340745
2026-05-11 06:49:44.942 9 INFO neutron.wsgi [None req-62396b56-5c67-4721-a8a2-0c1c0cb3eb41 020a30ad39de4e92aac8eff4efbddd0b 02a63e19dae148b99d94bbfc006eccb6 - - default default] 10.0.0.246 "GET /v2.0/trunks?not-tags-any=red%2Cblue HTTP/1.1" status: 200 len: 1013 time: 0.0248013
2026-05-11 06:49:44.970 9 INFO neutron.wsgi [None req-13aa135f-ce2a-4859-9e63-868d6eda4a24 020a30ad39de4e92aac8eff4efbddd0b 02a63e19dae148b99d94bbfc006eccb6 - - default default] 10.0.0.246 "GET /v2.0/trunks/8790fabb-51f0-4277-aad8-43f203fafac8 HTTP/1.1" status: 200 len: 608 time: 0.0229025
2026-05-11 06:49:45.007 9 INFO neutron.wsgi [req-a00ac8eb-73f6-416b-a971-7e3b49962241 req-fe76ec3c-c919-49ca-8567-8ddef9987ae3 17a7ec6eb592409fa03ce35507112eb5 1dce23822f514d83a7f10201a16a7d2f - - default default] 10.0.0.248 "GET /v2.0/ports?device_id=fcd0672a-9097-4eb8-976c-24f6373c2138 HTTP/1.1" status: 200 len: 1174 time: 0.1236329
2026-05-11 06:49:45.088 9 INFO neutron.wsgi [req-a00ac8eb-73f6-416b-a971-7e3b49962241 req-254554a5-bbd2-48ca-859b-e67f6652bcbb 17a7ec6eb592409fa03ce35507112eb5 1dce23822f514d83a7f10201a16a7d2f - - default default] 10.0.0.248 "GET /v2.0/security-groups?id=fae05ff5-786d-4900-b6f5-83913393aa81&fields=id&fields=name HTTP/1.1" status: 200 len: 312 time: 0.0649612
2026-05-11 06:49:45.096 9 INFO neutron.wsgi [None req-3a3de18d-aaa0-4738-a4c0-2c7f683755dc 020a30ad39de4e92aac8eff4efbddd0b 02a63e19dae148b99d94bbfc006eccb6 - - default default] 10.0.0.246 "GET /v2.0/ports/1ecfb794-49fb-4680-82d1-d6fc54ced51c HTTP/1.1" status: 200 len: 1020 time: 0.1180491
2026-05-11 06:49:45.464 9 INFO neutron.wsgi [req-93b4feac-ca3b-4b48-86ae-1aa3fe1c35d3 req-b7720552-fc84-4485-a84f-6fe6f6ed39e6 17a7ec6eb592409fa03ce35507112eb5 1dce23822f514d83a7f10201a16a7d2f - - default default] 10.0.0.248 "GET /v2.0/ports?device_id=fcd0672a-9097-4eb8-976c-24f6373c2138 HTTP/1.1" status: 200 len: 1174 time: 0.2986398
2026-05-11 06:49:45.470 9 INFO neutron.notifiers.nova [-] Nova event matching ['req-b8cdb832-77be-4955-8461-eab9ef1e960e'] response: {'server_uuid': 'fcd0672a-9097-4eb8-976c-24f6373c2138', 'name': 'network-vif-plugged', 'status': 'completed', 'tag': '7bce68d7-92f8-4168-961b-ab3843c9525d', 'code': 200}
2026-05-11 06:49:45.483 9 INFO neutron.wsgi [None req-bf0670ac-2eeb-4a3f-88f2-93ee27b6746e 020a30ad39de4e92aac8eff4efbddd0b 02a63e19dae148b99d94bbfc006eccb6 - - default default] 10.0.0.246 "DELETE /v2.0/trunks/8790fabb-51f0-4277-aad8-43f203fafac8 HTTP/1.1" status: 204 len: 168 time: 0.3672810
2026-05-11 06:49:45.505 9 INFO neutron.wsgi [None req-f30c2423-62eb-4a18-a97f-6f78443ffd3c 020a30ad39de4e92aac8eff4efbddd0b 02a63e19dae148b99d94bbfc006eccb6 - - default default] 10.0.0.246 "GET /v2.0/trunks/647f6213-38aa-4ff1-b7c4-250ee682b6e9 HTTP/1.1" status: 200 len: 616 time: 0.0163713
2026-05-11 06:49:45.523 9 INFO neutron.wsgi [req-93b4feac-ca3b-4b48-86ae-1aa3fe1c35d3 req-30d91216-95f5-4c3f-8de3-450b12b1527c 17a7ec6eb592409fa03ce35507112eb5 1dce23822f514d83a7f10201a16a7d2f - - default default] 10.0.0.248 "GET /v2.0/security-groups?id=fae05ff5-786d-4900-b6f5-83913393aa81&fields=id&fields=name HTTP/1.1" status: 200 len: 312 time: 0.0545485
2026-05-11 06:49:45.580 9 INFO neutron.wsgi [None req-727cdfa7-2fb5-457e-9fd3-98573b205d9f 4971fe44c99e480198cafd7409ecb2ac b152054d28154caa8e15ee2455705cab - - default default] 10.0.0.246 "GET /v2.0/ports?device_id=fcd0672a-9097-4eb8-976c-24f6373c2138 HTTP/1.1" status: 200 len: 1408 time: 0.0306587
2026-05-11 06:49:45.631 10 INFO neutron.wsgi [None req-ba8d9a62-63fa-49e3-8950-9e3057b83c73 020a30ad39de4e92aac8eff4efbddd0b 02a63e19dae148b99d94bbfc006eccb6 - - default default] 10.0.0.246 "GET /v2.0/ports/beb4ee16-0f6e-4dd8-a3f6-5782cf71a017 HTTP/1.1" status: 200 len: 1020 time: 0.1201296
2026-05-11 06:49:45.739 10 INFO neutron.wsgi [None req-e9aeca2e-4def-4460-a368-9bba9fc2c577 020a30ad39de4e92aac8eff4efbddd0b 02a63e19dae148b99d94bbfc006eccb6 - - default default] 10.0.0.246 "DELETE /v2.0/trunks/647f6213-38aa-4ff1-b7c4-250ee682b6e9 HTTP/1.1" status: 204 len: 168 time: 0.1034491
2026-05-11 06:49:45.764 10 INFO neutron.wsgi [None req-cf6b3574-f3fb-40a1-bbe9-cb9455711213 020a30ad39de4e92aac8eff4efbddd0b 02a63e19dae148b99d94bbfc006eccb6 - - default default] 10.0.0.246 "GET /v2.0/trunks/ff9bba17-75bf-48ac-900a-b135dc396321 HTTP/1.1" status: 200 len: 625 time: 0.0194631
2026-05-11 06:49:45.781 9 INFO neutron.db.l3_db [None req-53c12a2f-29a7-4a9e-a75d-bebc339b460c 17a7ec6eb592409fa03ce35507112eb5 1dce23822f514d83a7f10201a16a7d2f - - default default] Floating IP 26d9e5a6-1209-440d-81e8-c497392432f5 associated. External IP: 10.96.250.204, port: 7bce68d7-92f8-4168-961b-ab3843c9525d.
2026-05-11 06:49:45.875 10 INFO neutron.wsgi [None req-680df9ae-5556-4441-bc83-72cbd7e4343e 020a30ad39de4e92aac8eff4efbddd0b 02a63e19dae148b99d94bbfc006eccb6 - - default default] 10.0.0.246 "GET /v2.0/ports/cf57b49e-ebb6-479c-adc8-fae479b03405 HTTP/1.1" status: 200 len: 1020 time: 0.1061075
2026-05-11 06:49:45.962 10 INFO neutron.wsgi [None req-8dcd7707-930d-4acd-ba2d-41708af284f6 020a30ad39de4e92aac8eff4efbddd0b 02a63e19dae148b99d94bbfc006eccb6 - - default default] 10.0.0.246 "DELETE /v2.0/trunks/ff9bba17-75bf-48ac-900a-b135dc396321 HTTP/1.1" status: 204 len: 168 time: 0.0814641
2026-05-11 06:49:46.005 10 INFO neutron.wsgi [None req-e2e61695-12f1-4f9b-b475-d0ed73c3583f 020a30ad39de4e92aac8eff4efbddd0b 02a63e19dae148b99d94bbfc006eccb6 - - default default] 10.0.0.246 "GET /v2.0/trunks/bc97d71c-4576-4605-9c62-0eb26a677d65 HTTP/1.1" status: 200 len: 610 time: 0.0368586
2026-05-11 06:49:46.025 9 INFO neutron.db.ovn_revision_numbers_db [None req-53c12a2f-29a7-4a9e-a75d-bebc339b460c 17a7ec6eb592409fa03ce35507112eb5 1dce23822f514d83a7f10201a16a7d2f - - default default] Successfully bumped revision number for resource 26d9e5a6-1209-440d-81e8-c497392432f5 (type: floatingips) to 4
2026-05-11 06:49:46.126 10 INFO neutron.wsgi [None req-550cc8ed-30e4-4d27-a303-d6b260062753 020a30ad39de4e92aac8eff4efbddd0b 02a63e19dae148b99d94bbfc006eccb6 - - default default] 10.0.0.246 "GET /v2.0/ports/2e092daf-5ba1-4e6e-a090-5b492687490b HTTP/1.1" status: 200 len: 1020 time: 0.1164663
2026-05-11 06:49:46.165 9 INFO neutron.db.ovn_revision_numbers_db [None req-53c12a2f-29a7-4a9e-a75d-bebc339b460c 17a7ec6eb592409fa03ce35507112eb5 1dce23822f514d83a7f10201a16a7d2f - - default default] Successfully bumped revision number for resource 26d9e5a6-1209-440d-81e8-c497392432f5 (type: floatingips) to 5
2026-05-11 06:49:46.198 9 INFO neutron.wsgi [None req-53c12a2f-29a7-4a9e-a75d-bebc339b460c 17a7ec6eb592409fa03ce35507112eb5 1dce23822f514d83a7f10201a16a7d2f - - default default] 10.0.0.246 "PUT /v2.0/floatingips/26d9e5a6-1209-440d-81e8-c497392432f5 HTTP/1.1" status: 200 len: 1050 time: 0.6124659
2026-05-11 06:49:46.271 10 INFO neutron.wsgi [None req-0f5346b8-0a3a-4569-8a2f-6c755fd046b6 020a30ad39de4e92aac8eff4efbddd0b 02a63e19dae148b99d94bbfc006eccb6 - - default default] 10.0.0.246 "DELETE /v2.0/trunks/bc97d71c-4576-4605-9c62-0eb26a677d65 HTTP/1.1" status: 204 len: 168 time: 0.1394362
2026-05-11 06:49:46.274 10 INFO neutron.wsgi [None req-fe286510-a0c7-4ffe-9711-ef227776a7fc 17a7ec6eb592409fa03ce35507112eb5 1dce23822f514d83a7f10201a16a7d2f - - default default] 10.0.0.246 "GET /v2.0/floatingips/26d9e5a6-1209-440d-81e8-c497392432f5 HTTP/1.1" status: 200 len: 1052 time: 0.0692003
2026-05-11 06:49:46.299 10 INFO neutron.wsgi [None req-7f55d50d-cca5-4c83-886d-24ff69f798f5 020a30ad39de4e92aac8eff4efbddd0b 02a63e19dae148b99d94bbfc006eccb6 - - default default] 10.0.0.246 "GET /v2.0/trunks/5a08d81d-e5e0-4a47-a064-8486b16bd40b HTTP/1.1" status: 200 len: 603 time: 0.0207686
2026-05-11 06:49:46.395 10 INFO neutron.wsgi [None req-e7dbc5e7-93bd-40a8-b3f7-fe30a9261751 020a30ad39de4e92aac8eff4efbddd0b 02a63e19dae148b99d94bbfc006eccb6 - - default default] 10.0.0.246 "GET /v2.0/ports/0dd36db6-548d-41bc-9948-8735c43371f0 HTTP/1.1" status: 200 len: 1020 time: 0.0907800
2026-05-11 06:49:46.520 10 INFO neutron.wsgi [None req-0e83c15a-4253-46cf-93ae-b1a61a2a372f 020a30ad39de4e92aac8eff4efbddd0b 02a63e19dae148b99d94bbfc006eccb6 - - default default] 10.0.0.246 "DELETE /v2.0/trunks/5a08d81d-e5e0-4a47-a064-8486b16bd40b HTTP/1.1" status: 204 len: 168 time: 0.1193223
2026-05-11 06:49:46.776 10 INFO neutron.wsgi [None req-db4ad0fa-a3c6-43fd-8cfe-0d4dc98036f9 020a30ad39de4e92aac8eff4efbddd0b 02a63e19dae148b99d94bbfc006eccb6 - - default default] 10.0.0.246 "DELETE /v2.0/ports/1ecfb794-49fb-4680-82d1-d6fc54ced51c HTTP/1.1" status: 204 len: 168 time: 0.2514007
2026-05-11 06:49:47.090 10 INFO neutron.wsgi [None req-8baa3af2-e5ca-4893-b728-fd6141977d30 020a30ad39de4e92aac8eff4efbddd0b 02a63e19dae148b99d94bbfc006eccb6 - - default default] 10.0.0.246 "DELETE /v2.0/ports/beb4ee16-0f6e-4dd8-a3f6-5782cf71a017 HTTP/1.1" status: 204 len: 168 time: 0.3072288
2026-05-11 06:49:47.360 10 INFO neutron.wsgi [None req-e78e1a00-eae5-47da-bcad-bdbb20205bdf 020a30ad39de4e92aac8eff4efbddd0b 02a63e19dae148b99d94bbfc006eccb6 - - default default] 10.0.0.246 "DELETE /v2.0/ports/cf57b49e-ebb6-479c-adc8-fae479b03405 HTTP/1.1" status: 204 len: 168 time: 0.2632272 /var/lib/openstack/lib/python3.10/site-packages/pycadf/identifier.py:71: UserWarning: Invalid uuid: neutron. To ensure interoperability, identifiers should be a valid uuid. warnings.warn(('Invalid uuid: %s. To ensure interoperability, '
2026-05-11 06:49:47.533 9 INFO neutron.notifiers.nova [-] Nova event matching ['req-df1f8f54-ab1c-4b5d-9085-2020e8a414f3'] response: {'name': 'network-changed', 'server_uuid': 'fcd0672a-9097-4eb8-976c-24f6373c2138', 'tag': '7bce68d7-92f8-4168-961b-ab3843c9525d', 'status': 'completed', 'code': 200}
2026-05-11 06:49:47.591 10 INFO neutron.wsgi [req-53a066ee-05db-496b-9f93-44ebbbe91951 req-05cc6471-fde6-4416-9599-aa4f2c7732d8 dc0236e32fdd4858bcc32f250aaf05ce 79ce8942d243454cbf729108076aebf2 - - 78055b8278ed499887689ee8ce2879fc 78055b8278ed499887689ee8ce2879fc] 199.204.45.222 "GET /v2.0/ports?tenant_id=1dce23822f514d83a7f10201a16a7d2f&device_id=fcd0672a-9097-4eb8-976c-24f6373c2138 HTTP/1.1" status: 200 len: 1413 time: 0.0369165
2026-05-11 06:49:47.629 9 INFO neutron.wsgi [None req-e95d6be6-6fba-4f9e-b033-864873968a6d 020a30ad39de4e92aac8eff4efbddd0b 02a63e19dae148b99d94bbfc006eccb6 - - default default] 10.0.0.246 "DELETE /v2.0/ports/2e092daf-5ba1-4e6e-a090-5b492687490b HTTP/1.1" status: 204 len: 168 time: 0.2543430
2026-05-11 06:49:47.695 10 INFO neutron.wsgi [req-53a066ee-05db-496b-9f93-44ebbbe91951 req-5a35ad75-5bfb-4d03-8fd2-b252fc06e95b dc0236e32fdd4858bcc32f250aaf05ce 79ce8942d243454cbf729108076aebf2 - - 78055b8278ed499887689ee8ce2879fc 78055b8278ed499887689ee8ce2879fc] 199.204.45.222 "GET /v2.0/networks?id=3b2af10f-4796-4a46-8226-38234a7d4484 HTTP/1.1" status: 200 len: 958 time: 0.0952947
2026-05-11 06:49:47.751 10 INFO neutron.wsgi [req-53a066ee-05db-496b-9f93-44ebbbe91951 req-ee2fa5e8-5458-40e6-9cc3-cf427f9e02a5 dc0236e32fdd4858bcc32f250aaf05ce 79ce8942d243454cbf729108076aebf2 - - 78055b8278ed499887689ee8ce2879fc 78055b8278ed499887689ee8ce2879fc] 199.204.45.222 "GET /v2.0/floatingips?fixed_ip_address=10.100.0.12&port_id=7bce68d7-92f8-4168-961b-ab3843c9525d HTTP/1.1" status: 200 len: 1060 time: 0.0475335
2026-05-11 06:49:47.832 10 INFO neutron.wsgi [req-53a066ee-05db-496b-9f93-44ebbbe91951 req-274cc231-18ae-45fe-9c13-9085cd3c3fa9 dc0236e32fdd4858bcc32f250aaf05ce 79ce8942d243454cbf729108076aebf2 - - 78055b8278ed499887689ee8ce2879fc 78055b8278ed499887689ee8ce2879fc] 199.204.45.222 "GET /v2.0/subnets?id=33916a8c-9327-4d00-a27a-59b2ecb8ef36 HTTP/1.1" status: 200 len: 852 time: 0.0643497
2026-05-11 06:49:47.871 10 INFO neutron.wsgi [req-53a066ee-05db-496b-9f93-44ebbbe91951 req-49178d44-72ce-4ea3-a49c-1912d4ca57de dc0236e32fdd4858bcc32f250aaf05ce 79ce8942d243454cbf729108076aebf2 - - 78055b8278ed499887689ee8ce2879fc 78055b8278ed499887689ee8ce2879fc] 199.204.45.222 "GET /v2.0/ports?network_id=3b2af10f-4796-4a46-8226-38234a7d4484&device_owner=network%3Adhcp HTTP/1.1" status: 200 len: 210 time: 0.0325637
2026-05-11 06:49:47.960 10 INFO neutron.wsgi [req-53a066ee-05db-496b-9f93-44ebbbe91951 req-5789b3db-36da-47eb-8f78-4348f6966cfe dc0236e32fdd4858bcc32f250aaf05ce 79ce8942d243454cbf729108076aebf2 - - 78055b8278ed499887689ee8ce2879fc 78055b8278ed499887689ee8ce2879fc] 199.204.45.222 "GET /v2.0/networks/3b2af10f-4796-4a46-8226-38234a7d4484?fields=segments HTTP/1.1" status: 200 len: 212 time: 0.0823164
2026-05-11 06:49:48.019 10 INFO neutron.wsgi [None req-10edcb08-293f-4d2d-bd1b-ec5adfc5612f 020a30ad39de4e92aac8eff4efbddd0b 02a63e19dae148b99d94bbfc006eccb6 - - default default] 10.0.0.246 "DELETE /v2.0/ports/0dd36db6-548d-41bc-9948-8735c43371f0 HTTP/1.1" status: 204 len: 168 time: 0.3830748
2026-05-11 06:49:48.060 10 INFO neutron.wsgi [req-53a066ee-05db-496b-9f93-44ebbbe91951 req-ef322b53-39f3-43d9-b3d8-bb423558e424 dc0236e32fdd4858bcc32f250aaf05ce 79ce8942d243454cbf729108076aebf2 - - 78055b8278ed499887689ee8ce2879fc 78055b8278ed499887689ee8ce2879fc] 199.204.45.222 "GET /v2.0/networks/3b2af10f-4796-4a46-8226-38234a7d4484?fields=provider%3Aphysical_network&fields=provider%3Anetwork_type HTTP/1.1" status: 200 len: 277 time: 0.0887666
2026-05-11 06:49:48.469 9 INFO neutron.services.segments.plugin [-] Segment 15a071e4-ad80-4038-a685-51e9250fccdb resource provider aggregate not found
2026-05-11 06:49:48.485 9 INFO neutron.services.segments.plugin [-] Segment 15a071e4-ad80-4038-a685-51e9250fccdb resource provider aggregate not found
2026-05-11 06:49:48.491 9 INFO neutron.services.segments.plugin [-] Segment 15a071e4-ad80-4038-a685-51e9250fccdb resource provider not found; error: Placement Client Error (4xx): {"errors": [{"status": 404, "title": "Not Found", "detail": "The resource could not be found.\n\n No resource provider with uuid 15a071e4-ad80-4038-a685-51e9250fccdb found for delete ", "request_id": "req-43a3df0c-cf48-420a-a802-6780f881a304"}]}
2026-05-11 06:49:48.516 9 INFO neutron.services.segments.plugin [-] Segment 15a071e4-ad80-4038-a685-51e9250fccdb resource provider not found; error: Placement Client Error (4xx): {"errors": [{"status": 404, "title": "Not Found", "detail": "The resource could not be found.\n\n No resource provider with uuid 15a071e4-ad80-4038-a685-51e9250fccdb found for delete ", "request_id": "req-418640d5-2d50-460e-8560-2fb58cbf572b"}]}
2026-05-11 06:49:48.530 9 INFO neutron.wsgi [None req-68dcaaf3-5a54-47ef-9629-1ea470f7b260 020a30ad39de4e92aac8eff4efbddd0b 02a63e19dae148b99d94bbfc006eccb6 - - default default] 10.0.0.246 "DELETE /v2.0/networks/500a86b3-ed33-4399-8c0d-e72e55534da7 HTTP/1.1" status: 204 len: 168 time: 0.5051591
2026-05-11 06:49:48.985 9 INFO neutron.wsgi [None req-941d6a43-8bc5-4d80-89aa-8cd5ecfdf26c 020a30ad39de4e92aac8eff4efbddd0b 02a63e19dae148b99d94bbfc006eccb6 - - default default] 10.0.0.246 "DELETE /v2.0/networks/b9b99f55-4a59-4cbf-ab79-549db6a339f5 HTTP/1.1" status: 204 len: 168 time: 0.4475472
2026-05-11 06:49:49.378 10 INFO neutron.services.segments.plugin [-] Segment 2c450a12-6652-44e7-a4da-c824f77cb463 resource provider aggregate not found
2026-05-11 06:49:49.389 10 INFO neutron.services.segments.plugin [-] Segment 2c450a12-6652-44e7-a4da-c824f77cb463 resource provider aggregate not found
2026-05-11 06:49:49.412 10 INFO neutron.services.segments.plugin [-] Segment 2c450a12-6652-44e7-a4da-c824f77cb463 resource provider not found; error: Placement Client Error (4xx): {"errors": [{"status": 404, "title": "Not Found", "detail": "The resource could not be found.\n\n No resource provider with uuid 2c450a12-6652-44e7-a4da-c824f77cb463 found for delete ", "request_id": "req-735bdf6a-ae49-4a62-9142-94573d6f7740"}]}
2026-05-11 06:49:49.414 10 INFO neutron.services.segments.plugin [-] Segment 2c450a12-6652-44e7-a4da-c824f77cb463 resource provider not found; error: Placement Client Error (4xx): {"errors": [{"status": 404, "title": "Not Found", "detail": "The resource could not be found.\n\n No resource provider with uuid 2c450a12-6652-44e7-a4da-c824f77cb463 found for delete ", "request_id": "req-c73280ec-9eee-4d50-9b14-a1be900cf502"}]}
2026-05-11 06:49:49.433 10 INFO neutron.wsgi [None req-61e64a55-5809-4735-a761-bb5677d32066 020a30ad39de4e92aac8eff4efbddd0b 02a63e19dae148b99d94bbfc006eccb6 - - default default] 10.0.0.246 "DELETE /v2.0/networks/45417c59-2f5b-412d-87d2-802d3d470768 HTTP/1.1" status: 204 len: 168 time: 0.4428544
2026-05-11 06:49:50.140 10 INFO neutron.wsgi [None req-93431dde-861c-49c3-93f6-37e163315e3d 020a30ad39de4e92aac8eff4efbddd0b 02a63e19dae148b99d94bbfc006eccb6 - - default default] 10.0.0.246 "DELETE /v2.0/networks/7c53bd69-4610-40df-9195-fdc63962f8ef HTTP/1.1" status: 204 len: 168 time: 0.6996534
2026-05-11 06:49:50.511 9 INFO neutron.services.segments.plugin [-] Segment a15ad6ce-028a-4cd4-8f48-f75e54de6f39 resource provider aggregate not found
2026-05-11 06:49:50.528 9 INFO neutron.services.segments.plugin [-] Segment a15ad6ce-028a-4cd4-8f48-f75e54de6f39 resource provider not found; error: Placement Client Error (4xx): {"errors": [{"status": 404, "title": "Not Found", "detail": "The resource could not be found.\n\n No resource provider with uuid a15ad6ce-028a-4cd4-8f48-f75e54de6f39 found for delete ", "request_id": "req-5c034deb-3794-4d1b-9792-d1a0659b4b26"}]}
2026-05-11 06:49:50.541 9 INFO neutron.services.segments.plugin [-] Segment a15ad6ce-028a-4cd4-8f48-f75e54de6f39 resource provider aggregate not found
2026-05-11 06:49:50.561 9 INFO neutron.services.segments.plugin [-] Segment a15ad6ce-028a-4cd4-8f48-f75e54de6f39 resource provider not found; error: Placement Client Error (4xx): {"errors": [{"status": 404, "title": "Not Found", "detail": "The resource could not be found.\n\n No resource provider with uuid a15ad6ce-028a-4cd4-8f48-f75e54de6f39 found for delete ", "request_id": "req-2ed96a93-1a87-4d74-a70c-52b65318092f"}]}
2026-05-11 06:49:50.599 9 INFO neutron.wsgi [None req-6dd980fb-e0e5-4210-a46d-5c81a1370579 020a30ad39de4e92aac8eff4efbddd0b 02a63e19dae148b99d94bbfc006eccb6 - - default default] 10.0.0.246 "DELETE /v2.0/networks/88b9408c-0bac-4882-b4a9-0d9d803e047f HTTP/1.1" status: 204 len: 168 time: 0.4519029
2026-05-11 06:49:51.432 10 INFO neutron.services.segments.plugin [-] Segment 230f05ee-2914-439e-bfe8-9d365ec6040d resource provider aggregate not found
2026-05-11 06:49:51.443 10 INFO neutron.services.segments.plugin [-] Segment 230f05ee-2914-439e-bfe8-9d365ec6040d resource provider aggregate not found
2026-05-11 06:49:51.452 10 INFO neutron.services.segments.plugin [-] Segment 230f05ee-2914-439e-bfe8-9d365ec6040d resource provider not found; error: Placement Client Error (4xx): {"errors": [{"status": 404, "title": "Not Found", "detail": "The resource could not be found.\n\n No resource provider with uuid 230f05ee-2914-439e-bfe8-9d365ec6040d found for delete ", "request_id": "req-2fc4d68c-f0cd-4d10-bde1-b268a7791001"}]}
2026-05-11 06:49:51.460 10 INFO neutron.services.segments.plugin [-] Segment 230f05ee-2914-439e-bfe8-9d365ec6040d resource provider not found; error: Placement Client Error (4xx): {"errors": [{"status": 404, "title": "Not Found", "detail": "The resource could not be found.\n\n No resource provider with uuid 230f05ee-2914-439e-bfe8-9d365ec6040d found for delete ", "request_id": "req-56136952-2a47-410b-bb72-e5d004b65787"}]}
2026-05-11 06:49:51.891 10 INFO neutron.wsgi [None req-102a5b01-1b2e-4b21-ae2d-e66f5ef9343e 8f11e13f652648618d8e2083f01bdc5a d561b5f6f80946029585bce87c82f0af - - default default] 10.0.0.246 "GET /v2.0/security-groups?tenant_id=02a63e19dae148b99d94bbfc006eccb6&name=default HTTP/1.1" status: 200 len: 2996 time: 0.3057084
2026-05-11 06:49:52.104 10 INFO neutron.wsgi [None req-a07f8a98-ecbf-4b64-a595-b29358de1519 8f11e13f652648618d8e2083f01bdc5a d561b5f6f80946029585bce87c82f0af - - default default] 10.0.0.246 "DELETE /v2.0/security-groups/e19020e6-b171-4c91-a2bf-d64824e659ea HTTP/1.1" status: 204 len: 168 time: 0.2082171
2026-05-11 06:49:52.350 10 INFO neutron.db.ovn_revision_numbers_db [None req-0d6573de-8d1d-47a0-88b7-2f4be0697c93 8f11e13f652648618d8e2083f01bdc5a d561b5f6f80946029585bce87c82f0af - - default default] Successfully bumped revision number for resource fcf4b2b5-a760-4728-97e0-2575d93fca6c (type: security_groups) to 1
2026-05-11 06:49:52.373 10 INFO neutron.db.ovn_revision_numbers_db [None req-0d6573de-8d1d-47a0-88b7-2f4be0697c93 8f11e13f652648618d8e2083f01bdc5a d561b5f6f80946029585bce87c82f0af - - default default] Successfully bumped revision number for resource 7d7f35c6-6abf-4cf6-a1e3-94bff4b197a7 (type: security_group_rules) to 0
2026-05-11 06:49:52.392 10 INFO neutron.db.ovn_revision_numbers_db [None req-0d6573de-8d1d-47a0-88b7-2f4be0697c93 8f11e13f652648618d8e2083f01bdc5a d561b5f6f80946029585bce87c82f0af - - default default] Successfully bumped revision number for resource cae8edd3-611b-4109-9ce1-6cc27613bed2 (type: security_group_rules) to 0
2026-05-11 06:49:52.407 10 INFO neutron.db.ovn_revision_numbers_db [None req-0d6573de-8d1d-47a0-88b7-2f4be0697c93 8f11e13f652648618d8e2083f01bdc5a d561b5f6f80946029585bce87c82f0af - - default default] Successfully bumped revision number for resource cc7553bb-0c0a-49df-909c-2b5d9cab7ba5 (type: security_group_rules) to 0
2026-05-11 06:49:52.422 10 INFO neutron.db.ovn_revision_numbers_db [None req-0d6573de-8d1d-47a0-88b7-2f4be0697c93 8f11e13f652648618d8e2083f01bdc5a d561b5f6f80946029585bce87c82f0af - - default default] Successfully bumped revision number for resource d1c65122-e8b2-48e5-a10d-835fb3339ead (type: security_group_rules) to 0
2026-05-11 06:49:52.448 10 INFO neutron.wsgi [None req-0d6573de-8d1d-47a0-88b7-2f4be0697c93 8f11e13f652648618d8e2083f01bdc5a d561b5f6f80946029585bce87c82f0af - - default default] 10.0.0.246 "GET /v2.0/security-groups?tenant_id=4f57b8139363442a9c5330c057af829b&name=default HTTP/1.1" status: 200 len: 2996 time: 0.2449355
2026-05-11 06:49:52.551 9 INFO neutron.services.segments.plugin [-] Segment 97a62dab-043b-4305-94e9-8f09c958ae45 resource provider aggregate not found
2026-05-11 06:49:52.573 9 INFO neutron.services.segments.plugin [-] Segment 97a62dab-043b-4305-94e9-8f09c958ae45 resource provider not found; error: Placement Client Error (4xx): {"errors": [{"status": 404, "title": "Not Found", "detail": "The resource could not be found.\n\n No resource provider with uuid 97a62dab-043b-4305-94e9-8f09c958ae45 found for delete ", "request_id": "req-ed014333-be4d-4a88-b9d3-78638fd97f68"}]}
2026-05-11 06:49:52.578 9 INFO neutron.services.segments.plugin [-] Segment 97a62dab-043b-4305-94e9-8f09c958ae45 resource provider aggregate not found
2026-05-11 06:49:52.593 9 INFO neutron.services.segments.plugin [-] Segment 97a62dab-043b-4305-94e9-8f09c958ae45 resource provider not found; error: Placement Client Error (4xx): {"errors": [{"status": 404, "title": "Not Found", "detail": "The resource could not be found.\n\n No resource provider with uuid 97a62dab-043b-4305-94e9-8f09c958ae45 found for delete ", "request_id": "req-76ff1b74-52f8-4bfa-8357-c826df242ce2"}]}
2026-05-11 06:49:52.663 10 INFO neutron.wsgi [None req-be02cadd-bf6d-453d-a5f6-998b1a45fcb2 8f11e13f652648618d8e2083f01bdc5a d561b5f6f80946029585bce87c82f0af - - default default] 10.0.0.246 "DELETE /v2.0/security-groups/fcf4b2b5-a760-4728-97e0-2575d93fca6c HTTP/1.1" status: 204 len: 168 time: 0.2098577
2026-05-11 06:49:52.848 9 INFO neutron.db.ovn_revision_numbers_db [None req-7d790a84-3f24-46b2-a2a3-ef2ef2cf2047 26fe551495e348f594bc974560f23e7e 5e7bbc46f3c74301beae88e9a6da1c92 - - default default] Successfully bumped revision number for resource ecede929-0ab7-4784-8ebb-c85a3c7cbe4c (type: security_groups) to 1
2026-05-11 06:49:52.865 9 INFO neutron.db.ovn_revision_numbers_db [None req-7d790a84-3f24-46b2-a2a3-ef2ef2cf2047 26fe551495e348f594bc974560f23e7e 5e7bbc46f3c74301beae88e9a6da1c92 - - default default] Successfully bumped revision number for resource 5376bcd8-ded7-4822-9f77-39411b43c0b7 (type: security_group_rules) to 0
2026-05-11 06:49:52.881 9 INFO neutron.db.ovn_revision_numbers_db [None req-7d790a84-3f24-46b2-a2a3-ef2ef2cf2047 26fe551495e348f594bc974560f23e7e 5e7bbc46f3c74301beae88e9a6da1c92 - - default default] Successfully bumped revision number for resource 53b6be4b-7193-4825-aba7-6e89f9d76740 (type: security_group_rules) to 0
2026-05-11 06:49:52.895 9 INFO neutron.db.ovn_revision_numbers_db [None req-7d790a84-3f24-46b2-a2a3-ef2ef2cf2047 26fe551495e348f594bc974560f23e7e 5e7bbc46f3c74301beae88e9a6da1c92 - - default default] Successfully bumped revision number for resource 8ce53b0a-f1fc-46a4-a530-dfb4156092ab (type: security_group_rules) to 0
2026-05-11 06:49:52.914 9 INFO neutron.db.ovn_revision_numbers_db [None req-7d790a84-3f24-46b2-a2a3-ef2ef2cf2047 26fe551495e348f594bc974560f23e7e 5e7bbc46f3c74301beae88e9a6da1c92 - - default default] Successfully bumped revision number for resource 949aaf1a-a379-4985-85c9-488c9d4c2cdd (type: security_group_rules) to 0
2026-05-11 06:49:52.954 9 INFO neutron.db.ovn_revision_numbers_db [None req-eb370492-340b-425f-9515-17db41096066 8f11e13f652648618d8e2083f01bdc5a d561b5f6f80946029585bce87c82f0af - - default default] Successfully bumped revision number for resource e07d13db-85d2-4b2c-9a23-893551b10ce5 (type: security_groups) to 1
2026-05-11 06:49:52.971 9 INFO neutron.db.ovn_revision_numbers_db [None req-eb370492-340b-425f-9515-17db41096066 8f11e13f652648618d8e2083f01bdc5a d561b5f6f80946029585bce87c82f0af - - default default] Successfully bumped revision number for resource 0e8ab370-e3a4-4dda-acee-ab9153bd25b8 (type: security_group_rules) to 0
2026-05-11 06:49:52.978 9 INFO neutron.db.segments_db [None req-7d790a84-3f24-46b2-a2a3-ef2ef2cf2047 26fe551495e348f594bc974560f23e7e 5e7bbc46f3c74301beae88e9a6da1c92 - - default default] Added segment 27bea108-0a10-421f-9819-b359459595d4 of type geneve for network d7bb7c3e-23a1-4b12-a2d1-e5d3303490b4
2026-05-11 06:49:52.991 9 INFO neutron.db.ovn_revision_numbers_db [None req-eb370492-340b-425f-9515-17db41096066 8f11e13f652648618d8e2083f01bdc5a d561b5f6f80946029585bce87c82f0af - - default default] Successfully bumped revision number for resource 5ad8311f-4b35-4cdb-b330-59e5807c338f (type: security_group_rules) to 0
2026-05-11 06:49:53.019 9 INFO neutron.db.ovn_revision_numbers_db [None req-eb370492-340b-425f-9515-17db41096066 8f11e13f652648618d8e2083f01bdc5a d561b5f6f80946029585bce87c82f0af - - default default] Successfully bumped revision number for resource b7be9441-7187-4435-b4da-d549fb7ef6e2 (type: security_group_rules) to 0
2026-05-11 06:49:53.050 9 INFO neutron.db.ovn_revision_numbers_db [None req-eb370492-340b-425f-9515-17db41096066 8f11e13f652648618d8e2083f01bdc5a d561b5f6f80946029585bce87c82f0af - - default default] Successfully bumped revision number for resource d45058b3-422d-496f-9d8d-7e9270f15214 (type: security_group_rules) to 0
2026-05-11 06:49:53.079 9 INFO neutron.wsgi [None req-eb370492-340b-425f-9515-17db41096066 8f11e13f652648618d8e2083f01bdc5a d561b5f6f80946029585bce87c82f0af - - default default] 10.0.0.246 "GET /v2.0/security-groups?tenant_id=d3a215d09b3d454eb8fd292513af723a&name=default HTTP/1.1" status: 200 len: 3000 time: 0.2388179
2026-05-11 06:49:53.165 9 INFO neutron.db.ovn_revision_numbers_db [None req-7d790a84-3f24-46b2-a2a3-ef2ef2cf2047 26fe551495e348f594bc974560f23e7e 5e7bbc46f3c74301beae88e9a6da1c92 - - default default] Successfully bumped revision number for resource d7bb7c3e-23a1-4b12-a2d1-e5d3303490b4 (type: networks) to 1
2026-05-11 06:49:53.316 10 INFO neutron.wsgi [None req-d6c1cb16-f32e-4132-853c-72efc2de4825 8f11e13f652648618d8e2083f01bdc5a d561b5f6f80946029585bce87c82f0af - - default default] 10.0.0.246 "DELETE /v2.0/security-groups/e07d13db-85d2-4b2c-9a23-893551b10ce5 HTTP/1.1" status: 204 len: 168 time: 0.2316437
2026-05-11 06:49:53.400 9 WARNING neutron.scheduler.dhcp_agent_scheduler [None req-7d790a84-3f24-46b2-a2a3-ef2ef2cf2047 26fe551495e348f594bc974560f23e7e 5e7bbc46f3c74301beae88e9a6da1c92 - - default default] No more DHCP agents
2026-05-11 06:49:53.405 9 WARNING neutron.api.rpc.agentnotifiers.dhcp_rpc_agent_api [None req-7d790a84-3f24-46b2-a2a3-ef2ef2cf2047 26fe551495e348f594bc974560f23e7e 5e7bbc46f3c74301beae88e9a6da1c92 - - default default] Unable to schedule network d7bb7c3e-23a1-4b12-a2d1-e5d3303490b4: no agents available; will retry on subsequent port and subnet creation events.
2026-05-11 06:49:53.506 9 INFO neutron.db.ovn_revision_numbers_db [None req-7d790a84-3f24-46b2-a2a3-ef2ef2cf2047 26fe551495e348f594bc974560f23e7e 5e7bbc46f3c74301beae88e9a6da1c92 - - default default] Successfully bumped revision number for resource aa8f694d-3019-4499-afee-100f4d36efb8 (type: ports) to 1
2026-05-11 06:49:53.530 9 INFO neutron.wsgi [None req-7d790a84-3f24-46b2-a2a3-ef2ef2cf2047 26fe551495e348f594bc974560f23e7e 5e7bbc46f3c74301beae88e9a6da1c92 - - default default] 10.0.0.246 "POST /v2.0/networks HTTP/1.1" status: 201 len: 839 time: 1.0264854
2026-05-11 06:49:53.824 10 WARNING neutron.scheduler.dhcp_agent_scheduler [None req-c4d006ed-b5cb-4bb2-b96b-eeb442965af3 26fe551495e348f594bc974560f23e7e 5e7bbc46f3c74301beae88e9a6da1c92 - - default default] No more DHCP agents
2026-05-11 06:49:53.826 10 WARNING neutron.api.rpc.agentnotifiers.dhcp_rpc_agent_api [None req-c4d006ed-b5cb-4bb2-b96b-eeb442965af3 26fe551495e348f594bc974560f23e7e 5e7bbc46f3c74301beae88e9a6da1c92 - - default default] Unable to schedule network d7bb7c3e-23a1-4b12-a2d1-e5d3303490b4: no agents available; will retry on subsequent port and subnet creation events.
2026-05-11 06:49:54.371 10 INFO neutron.db.ovn_revision_numbers_db [None req-c4d006ed-b5cb-4bb2-b96b-eeb442965af3 26fe551495e348f594bc974560f23e7e 5e7bbc46f3c74301beae88e9a6da1c92 - - default default] Successfully bumped revision number for resource aa8f694d-3019-4499-afee-100f4d36efb8 (type: ports) to 2
2026-05-11 06:49:54.445 10 INFO neutron.db.ovn_revision_numbers_db [None req-c4d006ed-b5cb-4bb2-b96b-eeb442965af3 26fe551495e348f594bc974560f23e7e 5e7bbc46f3c74301beae88e9a6da1c92 - - default default] Successfully bumped revision number for resource 0d6952f9-57ad-43a6-aa64-1dc07f693d0c (type: subnets) to 0
