2026-05-11 06:28:42.396 10 INFO neutron.wsgi [-] 10.0.0.247 "GET / HTTP/1.1" status: 200 len: 247 time: 0.0027213
2026-05-11 06:28:42.399 10 INFO neutron.wsgi [-] 10.0.0.247 "GET / HTTP/1.1" status: 200 len: 247 time: 0.0019059
2026-05-11 06:28:57.396 10 INFO neutron.wsgi [-] 10.0.0.247 "GET / HTTP/1.1" status: 200 len: 247 time: 0.0024095
2026-05-11 06:28:57.397 9 INFO neutron.wsgi [-] 10.0.0.247 "GET / HTTP/1.1" status: 200 len: 247 time: 0.0041516
2026-05-11 06:29:12.394 10 INFO neutron.wsgi [-] 10.0.0.247 "GET / HTTP/1.1" status: 200 len: 247 time: 0.0015070
2026-05-11 06:29:12.396 9 INFO neutron.wsgi [-] 10.0.0.247 "GET / HTTP/1.1" status: 200 len: 247 time: 0.0026052
2026-05-11 06:29:27.395 10 INFO neutron.wsgi [-] 10.0.0.247 "GET / HTTP/1.1" status: 200 len: 247 time: 0.0026028
2026-05-11 06:29:27.396 9 INFO neutron.wsgi [-] 10.0.0.247 "GET / HTTP/1.1" status: 200 len: 247 time: 0.0027986
2026-05-11 06:29:42.397 10 INFO neutron.wsgi [-] 10.0.0.247 "GET / HTTP/1.1" status: 200 len: 247 time: 0.0023792
2026-05-11 06:29:42.399 10 INFO neutron.wsgi [-] 10.0.0.247 "GET / HTTP/1.1" status: 200 len: 247 time: 0.0012252 /var/lib/openstack/lib/python3.10/site-packages/pycadf/identifier.py:71: UserWarning: Invalid uuid: neutron. To ensure interoperability, identifiers should be a valid uuid. warnings.warn(('Invalid uuid: %s. To ensure interoperability, '
2026-05-11 06:29:49.622 9 INFO neutron.wsgi [None req-b9d43a0a-e856-424f-a21a-cab0b34415cd f5948fffc386407e8459561d50ca7e7f 79ce8942d243454cbf729108076aebf2 - - 78055b8278ed499887689ee8ce2879fc 78055b8278ed499887689ee8ce2879fc] 199.204.45.222 "GET /v2.0/networks?tenant_id=79ce8942d243454cbf729108076aebf2&shared=False HTTP/1.1" status: 200 len: 213 time: 0.1488495
2026-05-11 06:29:49.723 9 INFO neutron.db.segments_db [None req-ce04ed30-bea5-469f-a9d7-2185030e3727 f5948fffc386407e8459561d50ca7e7f 79ce8942d243454cbf729108076aebf2 - - 78055b8278ed499887689ee8ce2879fc 78055b8278ed499887689ee8ce2879fc] Added segment 64203d03-147b-4f6f-bf55-d7257ad9faa0 of type geneve for network 995db523-5f4a-4a3c-ae01-fdb485fe2fce
2026-05-11 06:29:49.887 9 INFO neutron.db.ovn_revision_numbers_db [None req-ce04ed30-bea5-469f-a9d7-2185030e3727 f5948fffc386407e8459561d50ca7e7f 79ce8942d243454cbf729108076aebf2 - - 78055b8278ed499887689ee8ce2879fc 78055b8278ed499887689ee8ce2879fc] Successfully bumped revision number for resource 995db523-5f4a-4a3c-ae01-fdb485fe2fce (type: networks) to 1
2026-05-11 06:29:50.034 9 WARNING neutron.scheduler.dhcp_agent_scheduler [None req-ce04ed30-bea5-469f-a9d7-2185030e3727 f5948fffc386407e8459561d50ca7e7f 79ce8942d243454cbf729108076aebf2 - - 78055b8278ed499887689ee8ce2879fc 78055b8278ed499887689ee8ce2879fc] No more DHCP agents
2026-05-11 06:29:50.039 9 WARNING neutron.api.rpc.agentnotifiers.dhcp_rpc_agent_api [None req-ce04ed30-bea5-469f-a9d7-2185030e3727 f5948fffc386407e8459561d50ca7e7f 79ce8942d243454cbf729108076aebf2 - - 78055b8278ed499887689ee8ce2879fc 78055b8278ed499887689ee8ce2879fc] Unable to schedule network 995db523-5f4a-4a3c-ae01-fdb485fe2fce: no agents available; will retry on subsequent port and subnet creation events.
2026-05-11 06:29:50.146 9 INFO neutron.db.ovn_revision_numbers_db [None req-ce04ed30-bea5-469f-a9d7-2185030e3727 f5948fffc386407e8459561d50ca7e7f 79ce8942d243454cbf729108076aebf2 - - 78055b8278ed499887689ee8ce2879fc 78055b8278ed499887689ee8ce2879fc] Successfully bumped revision number for resource d22176e6-5504-4113-b56f-62aaf9a1ccb5 (type: ports) to 1
2026-05-11 06:29:50.166 9 INFO neutron.wsgi [None req-ce04ed30-bea5-469f-a9d7-2185030e3727 f5948fffc386407e8459561d50ca7e7f 79ce8942d243454cbf729108076aebf2 - - 78055b8278ed499887689ee8ce2879fc 78055b8278ed499887689ee8ce2879fc] 199.204.45.222 "POST /v2.0/networks HTTP/1.1" status: 201 len: 925 time: 0.5349295
2026-05-11 06:29:50.213 9 INFO neutron.wsgi [None req-d7a3dfcb-f819-4fe3-8cfb-eeb6607fbd9c f5948fffc386407e8459561d50ca7e7f 79ce8942d243454cbf729108076aebf2 - - 78055b8278ed499887689ee8ce2879fc 78055b8278ed499887689ee8ce2879fc] 199.204.45.222 "GET /v2.0/ports?device_id=manila-share&binding%3Ahost_id=instance HTTP/1.1" status: 200 len: 210 time: 0.0402284
2026-05-11 06:29:50.230 9 INFO neutron.wsgi [None req-e991f5d8-85c9-488c-9a55-9d6a4ed0444c f5948fffc386407e8459561d50ca7e7f 79ce8942d243454cbf729108076aebf2 - - 78055b8278ed499887689ee8ce2879fc 78055b8278ed499887689ee8ce2879fc] 199.204.45.222 "GET /v2.0/extensions HTTP/1.1" status: 200 len: 16525 time: 0.0094142
2026-05-11 06:29:50.424 9 WARNING neutron.scheduler.dhcp_agent_scheduler [None req-42b70110-976f-43ab-83ad-3c05e890ac9e f5948fffc386407e8459561d50ca7e7f 79ce8942d243454cbf729108076aebf2 - - 78055b8278ed499887689ee8ce2879fc 78055b8278ed499887689ee8ce2879fc] No more DHCP agents
2026-05-11 06:29:50.426 9 WARNING neutron.api.rpc.agentnotifiers.dhcp_rpc_agent_api [None req-42b70110-976f-43ab-83ad-3c05e890ac9e f5948fffc386407e8459561d50ca7e7f 79ce8942d243454cbf729108076aebf2 - - 78055b8278ed499887689ee8ce2879fc 78055b8278ed499887689ee8ce2879fc] Unable to schedule network 995db523-5f4a-4a3c-ae01-fdb485fe2fce: no agents available; will retry on subsequent port and subnet creation events.
2026-05-11 06:29:50.511 9 INFO neutron.db.ovn_revision_numbers_db [None req-42b70110-976f-43ab-83ad-3c05e890ac9e f5948fffc386407e8459561d50ca7e7f 79ce8942d243454cbf729108076aebf2 - - 78055b8278ed499887689ee8ce2879fc 78055b8278ed499887689ee8ce2879fc] Successfully bumped revision number for resource 1ad4a4ef-f0b6-4081-a6d9-3f364041f318 (type: ports) to 1
2026-05-11 06:29:50.750 9 INFO neutron.db.ovn_revision_numbers_db [None req-42b70110-976f-43ab-83ad-3c05e890ac9e f5948fffc386407e8459561d50ca7e7f 79ce8942d243454cbf729108076aebf2 - - 78055b8278ed499887689ee8ce2879fc 78055b8278ed499887689ee8ce2879fc] Successfully bumped revision number for resource 1ad4a4ef-f0b6-4081-a6d9-3f364041f318 (type: ports) to 1
2026-05-11 06:29:50.772 9 INFO neutron.wsgi [None req-42b70110-976f-43ab-83ad-3c05e890ac9e f5948fffc386407e8459561d50ca7e7f 79ce8942d243454cbf729108076aebf2 - - 78055b8278ed499887689ee8ce2879fc 78055b8278ed499887689ee8ce2879fc] 199.204.45.222 "POST /v2.0/ports HTTP/1.1" status: 201 len: 1144 time: 0.5358572
2026-05-11 06:29:50.818 9 INFO neutron.wsgi [None req-1cc2d8f4-c3a2-4f5a-853f-21ea4b23480e f5948fffc386407e8459561d50ca7e7f 79ce8942d243454cbf729108076aebf2 - - 78055b8278ed499887689ee8ce2879fc 78055b8278ed499887689ee8ce2879fc] 199.204.45.222 "GET /v2.0/networks/995db523-5f4a-4a3c-ae01-fdb485fe2fce HTTP/1.1" status: 200 len: 907 time: 0.0366323
2026-05-11 06:29:51.620 10 INFO neutron.plugins.ml2.drivers.ovn.mech_driver.mech_driver [-] OVN reports status up for port: 1ad4a4ef-f0b6-4081-a6d9-3f364041f318
2026-05-11 06:29:51.635 10 INFO neutron.plugins.ml2.plugin [None req-dd688fe9-a96b-48d8-a36e-17e18e12d768 - - - - - -] Attempt 1 to provision port 1ad4a4ef-f0b6-4081-a6d9-3f364041f318
2026-05-11 06:29:51.892 10 INFO neutron.db.ovn_revision_numbers_db [None req-dd688fe9-a96b-48d8-a36e-17e18e12d768 - - - - - -] Successfully bumped revision number for resource 1ad4a4ef-f0b6-4081-a6d9-3f364041f318 (type: ports) to 3
2026-05-11 06:29:53.290 9 INFO neutron.wsgi [None req-3192e7f6-9b6d-4afd-80de-a949eaacaeb3 f5948fffc386407e8459561d50ca7e7f 79ce8942d243454cbf729108076aebf2 - - 78055b8278ed499887689ee8ce2879fc 78055b8278ed499887689ee8ce2879fc] 199.204.45.222 "GET /v2.0/ports?device_id=manila-share&binding%3Ahost_id=instance HTTP/1.1" status: 200 len: 1172 time: 0.0439296
2026-05-11 06:29:53.339 9 INFO neutron.wsgi [None req-53330e5a-994f-4477-b369-54f2d8fc875a f5948fffc386407e8459561d50ca7e7f 79ce8942d243454cbf729108076aebf2 - - 78055b8278ed499887689ee8ce2879fc 78055b8278ed499887689ee8ce2879fc] 199.204.45.222 "GET /v2.0/networks/995db523-5f4a-4a3c-ae01-fdb485fe2fce HTTP/1.1" status: 200 len: 907 time: 0.0440750
2026-05-11 06:29:57.050 15 INFO neutron.db.ovn_revision_numbers_db [None req-bad756f2-99d8-4700-9750-7755b2fcc035 - - - - - -] Successfully bumped revision number for resource d406ae82-b7c1-4773-993e-d4fec1bcacdc (type: security_groups) to 5
2026-05-11 06:29:57.051 15 INFO neutron.plugins.ml2.drivers.ovn.mech_driver.ovsdb.maintenance [None req-bad756f2-99d8-4700-9750-7755b2fcc035 - - - - - -] Maintenance task: Synchronization finished (took 0.05 seconds)
2026-05-11 06:29:57.397 9 INFO neutron.wsgi [-] 10.0.0.247 "GET / HTTP/1.1" status: 200 len: 247 time: 0.0031290
2026-05-11 06:29:57.397 10 INFO neutron.wsgi [-] 10.0.0.247 "GET / HTTP/1.1" status: 200 len: 247 time: 0.0033717
2026-05-11 06:30:09.945 9 INFO neutron.wsgi [None req-f58dce85-afcc-4e15-b7c6-c4ba4298d68f 8f11e13f652648618d8e2083f01bdc5a d561b5f6f80946029585bce87c82f0af - - default default] 199.204.45.222,10.0.0.247 "GET /v2.0/quotas/79ce8942d243454cbf729108076aebf2 HTTP/1.1" status: 200 len: 362 time: 0.0336287 /var/lib/openstack/lib/python3.10/site-packages/neutron/extensions/quotasv2.py:140: UserWarning: Neutron quota engine will require "--force" parameter to set a quota limit without checking the resource usage. warnings.warn('Neutron quota engine will require "--force" '
2026-05-11 06:30:10.375 9 INFO neutron.wsgi [None req-1079bef6-c8e3-4ae1-a5e0-553a5c38ee0f 8f11e13f652648618d8e2083f01bdc5a d561b5f6f80946029585bce87c82f0af - - default default] 199.204.45.222,10.0.0.247 "PUT /v2.0/quotas/79ce8942d243454cbf729108076aebf2 HTTP/1.1" status: 200 len: 361 time: 0.0327847
2026-05-11 06:30:10.706 9 INFO neutron.wsgi [None req-85dc0426-c9a8-4fcf-ac92-c36f65b1475a 8f11e13f652648618d8e2083f01bdc5a d561b5f6f80946029585bce87c82f0af - - default default] 199.204.45.222,10.0.0.247 "GET /v2.0/quotas/79ce8942d243454cbf729108076aebf2 HTTP/1.1" status: 200 len: 361 time: 0.0115006
2026-05-11 06:30:12.395 10 INFO neutron.wsgi [-] 10.0.0.247 "GET / HTTP/1.1" status: 200 len: 247 time: 0.0027320
2026-05-11 06:30:12.396 9 INFO neutron.wsgi [-] 10.0.0.247 "GET / HTTP/1.1" status: 200 len: 247 time: 0.0028334
2026-05-11 06:30:27.396 10 INFO neutron.wsgi [-] 10.0.0.247 "GET / HTTP/1.1" status: 200 len: 247 time: 0.0032897
2026-05-11 06:30:27.396 9 INFO neutron.wsgi [-] 10.0.0.247 "GET / HTTP/1.1" status: 200 len: 247 time: 0.0026875
2026-05-11 06:30:42.396 9 INFO neutron.wsgi [-] 10.0.0.247 "GET / HTTP/1.1" status: 200 len: 247 time: 0.0032239
2026-05-11 06:30:42.399 9 INFO neutron.wsgi [-] 10.0.0.247 "GET / HTTP/1.1" status: 200 len: 247 time: 0.0012491
2026-05-11 06:30:57.395 9 INFO neutron.wsgi [-] 10.0.0.247 "GET / HTTP/1.1" status: 200 len: 247 time: 0.0015862
2026-05-11 06:30:57.395 10 INFO neutron.wsgi [-] 10.0.0.247 "GET / HTTP/1.1" status: 200 len: 247 time: 0.0017791
2026-05-11 06:31:12.395 9 INFO neutron.wsgi [-] 10.0.0.247 "GET / HTTP/1.1" status: 200 len: 247 time: 0.0017669
2026-05-11 06:31:12.397 9 INFO neutron.wsgi [-] 10.0.0.247 "GET / HTTP/1.1" status: 200 len: 247 time: 0.0018229
2026-05-11 06:31:20.347 9 INFO neutron.wsgi [None req-b1c123cb-8164-462c-a20a-eb2bef7e7a2d 8f11e13f652648618d8e2083f01bdc5a d561b5f6f80946029585bce87c82f0af - - default default] 10.0.0.239 "GET /v2.0/agents HTTP/1.1" status: 200 len: 997 time: 0.1495159
2026-05-11 06:31:20.389 9 INFO neutron.wsgi [None req-2ec1a243-90d8-4ee1-9234-34128135fdbf 8f11e13f652648618d8e2083f01bdc5a d561b5f6f80946029585bce87c82f0af - - default default] 10.0.0.239 "GET /v2.0/floatingips HTTP/1.1" status: 200 len: 193 time: 0.0385613
2026-05-11 06:31:20.453 9 INFO neutron.wsgi [None req-7346f6e1-4eef-44c5-989e-d62c9076b9fa 8f11e13f652648618d8e2083f01bdc5a d561b5f6f80946029585bce87c82f0af - - default default] 10.0.0.239 "GET /v2.0/security-groups HTTP/1.1" status: 200 len: 16803 time: 0.0622745
2026-05-11 06:31:20.501 9 INFO neutron.wsgi [None req-98ee4ac8-be7d-4286-a381-d1727c094705 8f11e13f652648618d8e2083f01bdc5a d561b5f6f80946029585bce87c82f0af - - default default] 10.0.0.239 "GET /v2.0/ports HTTP/1.1" status: 200 len: 5351 time: 0.0401757
2026-05-11 06:31:20.538 9 INFO neutron.wsgi [None req-6791a07f-486f-4ba6-b5a4-b8790f99fd16 8f11e13f652648618d8e2083f01bdc5a d561b5f6f80946029585bce87c82f0af - - default default] 10.0.0.239 "GET /v2.0/routers HTTP/1.1" status: 200 len: 189 time: 0.0327291
2026-05-11 06:31:20.550 9 INFO neutron.wsgi [None req-af720e66-fc79-450a-8421-e31ae77add0d 8f11e13f652648618d8e2083f01bdc5a d561b5f6f80946029585bce87c82f0af - - default default] 10.0.0.239 "GET /v2.0/agents?binary=ovn-controller HTTP/1.1" status: 200 len: 591 time: 0.0113523
2026-05-11 06:31:20.597 9 INFO neutron.wsgi [None req-cc8b60ad-f8a5-4749-9fd3-5bfde0923561 8f11e13f652648618d8e2083f01bdc5a d561b5f6f80946029585bce87c82f0af - - default default] 10.0.0.239 "GET /v2.0/subnets HTTP/1.1" status: 200 len: 1437 time: 0.0460260
2026-05-11 06:31:20.608 9 INFO neutron.wsgi [None req-ac5d1f57-f7bb-4f5d-8a84-4b6c7d9e9b66 8f11e13f652648618d8e2083f01bdc5a d561b5f6f80946029585bce87c82f0af - - default default] 10.0.0.239 "GET /v2.0/subnetpools HTTP/1.1" status: 200 len: 193 time: 0.0090530
2026-05-11 06:31:20.627 9 INFO neutron.wsgi [None req-4387fba5-1bcc-493e-ac12-503078b5073c 8f11e13f652648618d8e2083f01bdc5a d561b5f6f80946029585bce87c82f0af - - default default] 10.0.0.239 "GET /v2.0/network-ip-availabilities HTTP/1.1" status: 200 len: 1280 time: 0.0176375
2026-05-11 06:31:20.687 9 INFO neutron.wsgi [None req-322cec95-97d7-4d1d-b42e-9f354ab02a6e 8f11e13f652648618d8e2083f01bdc5a d561b5f6f80946029585bce87c82f0af - - default default] 10.0.0.239 "GET /v2.0/networks HTTP/1.1" status: 200 len: 2350 time: 0.0590470
2026-05-11 06:31:20.718 9 INFO neutron.wsgi [None req-754af1c6-87cc-46a3-90b9-d64563040923 8f11e13f652648618d8e2083f01bdc5a d561b5f6f80946029585bce87c82f0af - - default default] 10.0.0.239 "GET /v2.0/subnets HTTP/1.1" status: 200 len: 1437 time: 0.0287502
2026-05-11 06:31:27.396 9 INFO neutron.wsgi [-] 10.0.0.247 "GET / HTTP/1.1" status: 200 len: 247 time: 0.0031106
2026-05-11 06:31:27.397 10 INFO neutron.wsgi [-] 10.0.0.247 "GET / HTTP/1.1" status: 200 len: 247 time: 0.0033281
2026-05-11 06:31:42.397 10 INFO neutron.wsgi [-] 10.0.0.247 "GET / HTTP/1.1" status: 200 len: 247 time: 0.0039794
2026-05-11 06:31:42.399 10 INFO neutron.wsgi [-] 10.0.0.247 "GET / HTTP/1.1" status: 200 len: 247 time: 0.0013294
2026-05-11 06:31:57.397 9 INFO neutron.wsgi [-] 10.0.0.247 "GET / HTTP/1.1" status: 200 len: 247 time: 0.0030427
2026-05-11 06:31:57.399 9 INFO neutron.wsgi [-] 10.0.0.247 "GET / HTTP/1.1" status: 200 len: 247 time: 0.0012898
2026-05-11 06:32:12.397 10 INFO neutron.wsgi [-] 10.0.0.247 "GET / HTTP/1.1" status: 200 len: 247 time: 0.0036702
2026-05-11 06:32:12.398 9 INFO neutron.wsgi [-] 10.0.0.247 "GET / HTTP/1.1" status: 200 len: 247 time: 0.0041835
2026-05-11 06:32:20.264 9 INFO neutron.wsgi [None req-6ed3f41e-a541-4e8a-885b-81beaca8ad57 8f11e13f652648618d8e2083f01bdc5a d561b5f6f80946029585bce87c82f0af - - default default] 10.0.0.239 "GET /v2.0/subnets HTTP/1.1" status: 200 len: 1437 time: 0.0961001
2026-05-11 06:32:20.300 9 INFO neutron.wsgi [None req-271c388c-2ee8-4b81-8b65-143e62901d38 8f11e13f652648618d8e2083f01bdc5a d561b5f6f80946029585bce87c82f0af - - default default] 10.0.0.239 "GET /v2.0/ports HTTP/1.1" status: 200 len: 5351 time: 0.0349033
2026-05-11 06:32:20.319 9 INFO neutron.wsgi [None req-f593d7ae-be0a-4a22-981f-23961a799157 8f11e13f652648618d8e2083f01bdc5a d561b5f6f80946029585bce87c82f0af - - default default] 10.0.0.239 "GET /v2.0/network-ip-availabilities HTTP/1.1" status: 200 len: 1280 time: 0.0107706
2026-05-11 06:32:20.342 9 INFO neutron.wsgi [None req-1cf2fd72-fcc8-47ed-885a-e6cacff0fde0 8f11e13f652648618d8e2083f01bdc5a d561b5f6f80946029585bce87c82f0af - - default default] 10.0.0.239 "GET /v2.0/floatingips HTTP/1.1" status: 200 len: 193 time: 0.0216696
2026-05-11 06:32:20.363 9 INFO neutron.wsgi [None req-af41b332-4ff8-408c-8bba-5e5b8f55b5a7 8f11e13f652648618d8e2083f01bdc5a d561b5f6f80946029585bce87c82f0af - - default default] 10.0.0.239 "GET /v2.0/routers HTTP/1.1" status: 200 len: 189 time: 0.0203824
2026-05-11 06:32:20.394 9 INFO neutron.wsgi [None req-4952de59-fbcb-4e88-a5d8-d4eda742ab02 8f11e13f652648618d8e2083f01bdc5a d561b5f6f80946029585bce87c82f0af - - default default] 10.0.0.239 "GET /v2.0/agents?binary=ovn-controller HTTP/1.1" status: 200 len: 591 time: 0.0299482
2026-05-11 06:32:20.406 9 INFO neutron.wsgi [None req-178233cd-8f02-47ae-a292-b52621a6d0ee 8f11e13f652648618d8e2083f01bdc5a d561b5f6f80946029585bce87c82f0af - - default default] 10.0.0.239 "GET /v2.0/agents HTTP/1.1" status: 200 len: 997 time: 0.0090818
2026-05-11 06:32:20.469 9 INFO neutron.wsgi [None req-e86e9a3a-4db4-4d6d-8b92-c5f025547714 8f11e13f652648618d8e2083f01bdc5a d561b5f6f80946029585bce87c82f0af - - default default] 10.0.0.239 "GET /v2.0/networks HTTP/1.1" status: 200 len: 2350 time: 0.0625737
2026-05-11 06:32:20.520 9 INFO neutron.wsgi [None req-1ac9339f-e7c1-4c8a-8b4b-a30fec39feeb 8f11e13f652648618d8e2083f01bdc5a d561b5f6f80946029585bce87c82f0af - - default default] 10.0.0.239 "GET /v2.0/security-groups HTTP/1.1" status: 200 len: 16803 time: 0.0488551
2026-05-11 06:32:20.567 9 INFO neutron.wsgi [None req-39b53729-d84e-4608-b8a2-e9a0bacdb922 8f11e13f652648618d8e2083f01bdc5a d561b5f6f80946029585bce87c82f0af - - default default] 10.0.0.239 "GET /v2.0/subnets HTTP/1.1" status: 200 len: 1437 time: 0.0371680
2026-05-11 06:32:20.577 9 INFO neutron.wsgi [None req-883ef891-ff4e-485f-8378-9a96433c0b99 8f11e13f652648618d8e2083f01bdc5a d561b5f6f80946029585bce87c82f0af - - default default] 10.0.0.239 "GET /v2.0/subnetpools HTTP/1.1" status: 200 len: 193 time: 0.0092084
2026-05-11 06:32:27.394 10 INFO neutron.wsgi [-] 10.0.0.247 "GET / HTTP/1.1" status: 200 len: 247 time: 0.0018916
2026-05-11 06:32:27.397 10 INFO neutron.wsgi [-] 10.0.0.247 "GET / HTTP/1.1" status: 200 len: 247 time: 0.0012918
2026-05-11 06:32:42.396 9 INFO neutron.wsgi [-] 10.0.0.247 "GET / HTTP/1.1" status: 200 len: 247 time: 0.0028298
2026-05-11 06:32:42.397 10 INFO neutron.wsgi [-] 10.0.0.247 "GET / HTTP/1.1" status: 200 len: 247 time: 0.0034761
2026-05-11 06:32:57.395 9 INFO neutron.wsgi [-] 10.0.0.247 "GET / HTTP/1.1" status: 200 len: 247 time: 0.0026999
2026-05-11 06:32:57.397 9 INFO neutron.wsgi [-] 10.0.0.247 "GET / HTTP/1.1" status: 200 len: 247 time: 0.0012400
2026-05-11 06:33:12.396 10 INFO neutron.wsgi [-] 10.0.0.247 "GET / HTTP/1.1" status: 200 len: 247 time: 0.0033720
2026-05-11 06:33:12.397 9 INFO neutron.wsgi [-] 10.0.0.247 "GET / HTTP/1.1" status: 200 len: 247 time: 0.0037460
2026-05-11 06:33:20.263 9 INFO neutron.wsgi [None req-7a66be9f-c678-4292-a4de-09c66e3c931b 8f11e13f652648618d8e2083f01bdc5a d561b5f6f80946029585bce87c82f0af - - default default] 10.0.0.239 "GET /v2.0/routers HTTP/1.1" status: 200 len: 189 time: 0.0963740
2026-05-11 06:33:20.301 9 INFO neutron.wsgi [None req-9a0b3204-b7cf-4f85-931d-3492932cf1b2 8f11e13f652648618d8e2083f01bdc5a d561b5f6f80946029585bce87c82f0af - - default default] 10.0.0.239 "GET /v2.0/agents?binary=ovn-controller HTTP/1.1" status: 200 len: 591 time: 0.0374491
2026-05-11 06:33:20.344 9 INFO neutron.wsgi [None req-9bcfeb76-5757-47c9-a4e4-dd638b3209c9 8f11e13f652648618d8e2083f01bdc5a d561b5f6f80946029585bce87c82f0af - - default default] 10.0.0.239 "GET /v2.0/ports HTTP/1.1" status: 200 len: 5351 time: 0.0414891
2026-05-11 06:33:20.366 9 INFO neutron.wsgi [None req-3b8417a1-2abf-4168-9b63-1dc5806de802 8f11e13f652648618d8e2083f01bdc5a d561b5f6f80946029585bce87c82f0af - - default default] 10.0.0.239 "GET /v2.0/agents HTTP/1.1" status: 200 len: 997 time: 0.0130634
2026-05-11 06:33:20.377 9 INFO neutron.wsgi [None req-bbfc7e31-0872-4a3b-a9ec-61aea994b361 8f11e13f652648618d8e2083f01bdc5a d561b5f6f80946029585bce87c82f0af - - default default] 10.0.0.239 "GET /v2.0/network-ip-availabilities HTTP/1.1" status: 200 len: 1280 time: 0.0099699
2026-05-11 06:33:20.437 9 INFO neutron.wsgi [None req-65d11772-ef41-4a6e-ae7d-eae603f3c886 8f11e13f652648618d8e2083f01bdc5a d561b5f6f80946029585bce87c82f0af - - default default] 10.0.0.239 "GET /v2.0/networks HTTP/1.1" status: 200 len: 2350 time: 0.0586355
2026-05-11 06:33:20.469 9 INFO neutron.wsgi [None req-4f900f4e-3329-44a0-ba3a-87f6337be9a8 8f11e13f652648618d8e2083f01bdc5a d561b5f6f80946029585bce87c82f0af - - default default] 10.0.0.239 "GET /v2.0/subnets HTTP/1.1" status: 200 len: 1437 time: 0.0292649
2026-05-11 06:33:20.481 9 INFO neutron.wsgi [None req-81f3883f-8b47-4c5e-9337-83786ac8a26f 8f11e13f652648618d8e2083f01bdc5a d561b5f6f80946029585bce87c82f0af - - default default] 10.0.0.239 "GET /v2.0/subnetpools HTTP/1.1" status: 200 len: 193 time: 0.0114198
2026-05-11 06:33:20.509 9 INFO neutron.wsgi [None req-bcdff60d-9ea9-4c01-85fa-ea62b9391ca4 8f11e13f652648618d8e2083f01bdc5a d561b5f6f80946029585bce87c82f0af - - default default] 10.0.0.239 "GET /v2.0/floatingips HTTP/1.1" status: 200 len: 193 time: 0.0273976
2026-05-11 06:33:20.555 9 INFO neutron.wsgi [None req-8fc0ea70-0308-4988-8636-64fa0fa0eef2 8f11e13f652648618d8e2083f01bdc5a d561b5f6f80946029585bce87c82f0af - - default default] 10.0.0.239 "GET /v2.0/security-groups HTTP/1.1" status: 200 len: 16803 time: 0.0445487
2026-05-11 06:33:20.603 9 INFO neutron.wsgi [None req-72252caa-bf70-4e46-b6db-e9b40144d47f 8f11e13f652648618d8e2083f01bdc5a d561b5f6f80946029585bce87c82f0af - - default default] 10.0.0.239 "GET /v2.0/subnets HTTP/1.1" status: 200 len: 1437 time: 0.0395248
2026-05-11 06:33:27.396 10 INFO neutron.wsgi [-] 10.0.0.247 "GET / HTTP/1.1" status: 200 len: 247 time: 0.0029244
2026-05-11 06:33:27.396 9 INFO neutron.wsgi [-] 10.0.0.247 "GET / HTTP/1.1" status: 200 len: 247 time: 0.0026059
2026-05-11 06:33:42.395 10 INFO neutron.wsgi [-] 10.0.0.247 "GET / HTTP/1.1" status: 200 len: 247 time: 0.0019135
2026-05-11 06:33:42.400 9 INFO neutron.wsgi [-] 10.0.0.247 "GET / HTTP/1.1" status: 200 len: 247 time: 0.0064301
2026-05-11 06:33:57.396 9 INFO neutron.wsgi [-] 10.0.0.247 "GET / HTTP/1.1" status: 200 len: 247 time: 0.0028286
2026-05-11 06:33:57.398 10 INFO neutron.wsgi [-] 10.0.0.247 "GET / HTTP/1.1" status: 200 len: 247 time: 0.0051472
2026-05-11 06:34:12.397 10 INFO neutron.wsgi [-] 10.0.0.247 "GET / HTTP/1.1" status: 200 len: 247 time: 0.0029016
2026-05-11 06:34:12.397 9 INFO neutron.wsgi [-] 10.0.0.247 "GET / HTTP/1.1" status: 200 len: 247 time: 0.0032074
2026-05-11 06:34:20.268 9 INFO neutron.wsgi [None req-988ed7d1-1ad6-4314-82f2-eefd08490346 8f11e13f652648618d8e2083f01bdc5a d561b5f6f80946029585bce87c82f0af - - default default] 10.0.0.239 "GET /v2.0/ports HTTP/1.1" status: 200 len: 5351 time: 0.0967281
2026-05-11 06:34:20.302 9 INFO neutron.wsgi [None req-606bf565-31ca-4845-8289-90dddba312f0 8f11e13f652648618d8e2083f01bdc5a d561b5f6f80946029585bce87c82f0af - - default default] 10.0.0.239 "GET /v2.0/routers HTTP/1.1" status: 200 len: 189 time: 0.0267644
2026-05-11 06:34:20.352 9 INFO neutron.wsgi [None req-694fc4f7-f565-48ab-ade2-a57aa818a694 8f11e13f652648618d8e2083f01bdc5a d561b5f6f80946029585bce87c82f0af - - default default] 10.0.0.239 "GET /v2.0/agents?binary=ovn-controller HTTP/1.1" status: 200 len: 591 time: 0.0491867
2026-05-11 06:34:20.392 9 INFO neutron.wsgi [None req-acd6f8f2-5139-4973-b4f0-497db0a28c8e 8f11e13f652648618d8e2083f01bdc5a d561b5f6f80946029585bce87c82f0af - - default default] 10.0.0.239 "GET /v2.0/subnets HTTP/1.1" status: 200 len: 1437 time: 0.0387723
2026-05-11 06:34:20.409 9 INFO neutron.wsgi [None req-7c2e0c59-69bd-44ff-ab1f-4b5cd675323f 8f11e13f652648618d8e2083f01bdc5a d561b5f6f80946029585bce87c82f0af - - default default] 10.0.0.239 "GET /v2.0/agents HTTP/1.1" status: 200 len: 997 time: 0.0131662
2026-05-11 06:34:20.425 9 INFO neutron.wsgi [None req-8b91daca-e8e4-465e-8880-e2e9d19025fe 8f11e13f652648618d8e2083f01bdc5a d561b5f6f80946029585bce87c82f0af - - default default] 10.0.0.239 "GET /v2.0/network-ip-availabilities HTTP/1.1" status: 200 len: 1280 time: 0.0145869
2026-05-11 06:34:20.453 9 INFO neutron.wsgi [None req-94311303-e57c-44b9-b0c1-9b35a13acd00 8f11e13f652648618d8e2083f01bdc5a d561b5f6f80946029585bce87c82f0af - - default default] 10.0.0.239 "GET /v2.0/floatingips HTTP/1.1" status: 200 len: 193 time: 0.0268226
2026-05-11 06:34:20.558 9 INFO neutron.wsgi [None req-5f1c0427-fddf-484a-bc85-7bbdc2ab0a12 8f11e13f652648618d8e2083f01bdc5a d561b5f6f80946029585bce87c82f0af - - default default] 10.0.0.239 "GET /v2.0/security-groups HTTP/1.1" status: 200 len: 16803 time: 0.1037521
2026-05-11 06:34:20.609 9 INFO neutron.wsgi [None req-76e27559-ba41-484a-80e6-f40e42011345 8f11e13f652648618d8e2083f01bdc5a d561b5f6f80946029585bce87c82f0af - - default default] 10.0.0.239 "GET /v2.0/subnets HTTP/1.1" status: 200 len: 1437 time: 0.0449030
2026-05-11 06:34:20.624 9 INFO neutron.wsgi [None req-ad6524a4-b970-4fc5-bd96-7ec76ad708b4 8f11e13f652648618d8e2083f01bdc5a d561b5f6f80946029585bce87c82f0af - - default default] 10.0.0.239 "GET /v2.0/subnetpools HTTP/1.1" status: 200 len: 193 time: 0.0139132
2026-05-11 06:34:20.706 9 INFO neutron.wsgi [None req-dc16bd14-c18b-41e2-a78b-35aa31642c2c 8f11e13f652648618d8e2083f01bdc5a d561b5f6f80946029585bce87c82f0af - - default default] 10.0.0.239 "GET /v2.0/networks HTTP/1.1" status: 200 len: 2350 time: 0.0795801
2026-05-11 06:34:27.395 9 INFO neutron.wsgi [-] 10.0.0.247 "GET / HTTP/1.1" status: 200 len: 247 time: 0.0017765
2026-05-11 06:34:27.395 10 INFO neutron.wsgi [-] 10.0.0.247 "GET / HTTP/1.1" status: 200 len: 247 time: 0.0020690
2026-05-11 06:34:42.402 10 INFO neutron.wsgi [-] 10.0.0.247 "GET / HTTP/1.1" status: 200 len: 247 time: 0.0086181
2026-05-11 06:34:42.405 10 INFO neutron.wsgi [-] 10.0.0.247 "GET / HTTP/1.1" status: 200 len: 247 time: 0.0010283
2026-05-11 06:34:57.395 9 INFO neutron.wsgi [-] 10.0.0.247 "GET / HTTP/1.1" status: 200 len: 247 time: 0.0028780
2026-05-11 06:34:57.396 10 INFO neutron.wsgi [-] 10.0.0.247 "GET / HTTP/1.1" status: 200 len: 247 time: 0.0028694
2026-05-11 06:35:12.395 10 INFO neutron.wsgi [-] 10.0.0.247 "GET / HTTP/1.1" status: 200 len: 247 time: 0.0025263
2026-05-11 06:35:12.399 9 INFO neutron.wsgi [-] 10.0.0.247 "GET / HTTP/1.1" status: 200 len: 247 time: 0.0045397
2026-05-11 06:35:20.270 9 INFO neutron.wsgi [None req-1a11f35b-e8fc-494b-8dac-39965cb057bd 8f11e13f652648618d8e2083f01bdc5a d561b5f6f80946029585bce87c82f0af - - default default] 10.0.0.239 "GET /v2.0/ports HTTP/1.1" status: 200 len: 5351 time: 0.0899293
2026-05-11 06:35:20.296 9 INFO neutron.wsgi [None req-8c0b1e36-4614-4f63-a415-d617859f0279 8f11e13f652648618d8e2083f01bdc5a d561b5f6f80946029585bce87c82f0af - - default default] 10.0.0.239 "GET /v2.0/routers HTTP/1.1" status: 200 len: 189 time: 0.0199981
2026-05-11 06:35:20.325 9 INFO neutron.wsgi [None req-bd3ca0d2-a0e9-4903-b3e0-35468f4f4760 8f11e13f652648618d8e2083f01bdc5a d561b5f6f80946029585bce87c82f0af - - default default] 10.0.0.239 "GET /v2.0/agents?binary=ovn-controller HTTP/1.1" status: 200 len: 591 time: 0.0288780
2026-05-11 06:35:20.336 9 INFO neutron.wsgi [None req-52d6af3e-6533-4a1f-8e12-5222fd6b2068 8f11e13f652648618d8e2083f01bdc5a d561b5f6f80946029585bce87c82f0af - - default default] 10.0.0.239 "GET /v2.0/agents HTTP/1.1" status: 200 len: 997 time: 0.0094707
2026-05-11 06:35:20.346 9 INFO neutron.wsgi [None req-3203bec1-a710-4cfa-a964-ecf64e877189 8f11e13f652648618d8e2083f01bdc5a d561b5f6f80946029585bce87c82f0af - - default default] 10.0.0.239 "GET /v2.0/network-ip-availabilities HTTP/1.1" status: 200 len: 1280 time: 0.0093837
2026-05-11 06:35:20.380 9 INFO neutron.wsgi [None req-bb30776c-1e49-453d-ae66-1054c2c8c544 8f11e13f652648618d8e2083f01bdc5a d561b5f6f80946029585bce87c82f0af - - default default] 10.0.0.239 "GET /v2.0/subnets HTTP/1.1" status: 200 len: 1437 time: 0.0334918
2026-05-11 06:35:20.391 9 INFO neutron.wsgi [None req-269a177e-5af2-4bb5-bab0-e624f7376c8b 8f11e13f652648618d8e2083f01bdc5a d561b5f6f80946029585bce87c82f0af - - default default] 10.0.0.239 "GET /v2.0/subnetpools HTTP/1.1" status: 200 len: 193 time: 0.0088789
2026-05-11 06:35:20.460 9 INFO neutron.wsgi [None req-43c02f9b-2313-4ecb-bbb9-9ccd15b7c08f 8f11e13f652648618d8e2083f01bdc5a d561b5f6f80946029585bce87c82f0af - - default default] 10.0.0.239 "GET /v2.0/networks HTTP/1.1" status: 200 len: 2350 time: 0.0678794
2026-05-11 06:35:20.510 9 INFO neutron.wsgi [None req-702b6b7d-d26b-4b5e-bf58-bf0888b0665e 8f11e13f652648618d8e2083f01bdc5a d561b5f6f80946029585bce87c82f0af - - default default] 10.0.0.239 "GET /v2.0/subnets HTTP/1.1" status: 200 len: 1437 time: 0.0481899
2026-05-11 06:35:20.571 9 INFO neutron.wsgi [None req-7ce06748-054b-4d9c-9fad-064676cd6166 8f11e13f652648618d8e2083f01bdc5a d561b5f6f80946029585bce87c82f0af - - default default] 10.0.0.239 "GET /v2.0/security-groups HTTP/1.1" status: 200 len: 16803 time: 0.0592573
2026-05-11 06:35:20.596 9 INFO neutron.wsgi [None req-f2741d34-88bf-407b-a1f3-2adccf48d7f7 8f11e13f652648618d8e2083f01bdc5a d561b5f6f80946029585bce87c82f0af - - default default] 10.0.0.239 "GET /v2.0/floatingips HTTP/1.1" status: 200 len: 193 time: 0.0199845
2026-05-11 06:35:27.395 10 INFO neutron.wsgi [-] 10.0.0.247 "GET / HTTP/1.1" status: 200 len: 247 time: 0.0027199
2026-05-11 06:35:27.396 9 INFO neutron.wsgi [-] 10.0.0.247 "GET / HTTP/1.1" status: 200 len: 247 time: 0.0026884
2026-05-11 06:35:42.395 9 INFO neutron.wsgi [-] 10.0.0.247 "GET / HTTP/1.1" status: 200 len: 247 time: 0.0019586
2026-05-11 06:35:42.395 10 INFO neutron.wsgi [-] 10.0.0.247 "GET / HTTP/1.1" status: 200 len: 247 time: 0.0020072
2026-05-11 06:35:57.396 10 INFO neutron.wsgi [-] 10.0.0.247 "GET / HTTP/1.1" status: 200 len: 247 time: 0.0025139
2026-05-11 06:35:57.399 10 INFO neutron.wsgi [-] 10.0.0.247 "GET / HTTP/1.1" status: 200 len: 247 time: 0.0018682
2026-05-11 06:36:12.397 9 INFO neutron.wsgi [-] 10.0.0.247 "GET / HTTP/1.1" status: 200 len: 247 time: 0.0036621
2026-05-11 06:36:12.399 9 INFO neutron.wsgi [-] 10.0.0.247 "GET / HTTP/1.1" status: 200 len: 247 time: 0.0011513
2026-05-11 06:36:20.236 9 INFO neutron.wsgi [None req-d56cd098-86fc-426f-aa88-b03954b4ee66 8f11e13f652648618d8e2083f01bdc5a d561b5f6f80946029585bce87c82f0af - - default default] 10.0.0.239 "GET /v2.0/routers HTTP/1.1" status: 200 len: 189 time: 0.0731184
2026-05-11 06:36:20.279 9 INFO neutron.wsgi [None req-f0711c57-4542-4ff3-b816-5a20eedbb4bf 8f11e13f652648618d8e2083f01bdc5a d561b5f6f80946029585bce87c82f0af - - default default] 10.0.0.239 "GET /v2.0/agents?binary=ovn-controller HTTP/1.1" status: 200 len: 591 time: 0.0419579
2026-05-11 06:36:20.290 9 INFO neutron.wsgi [None req-9310c664-f485-4f1c-84f1-18f0728ae208 8f11e13f652648618d8e2083f01bdc5a d561b5f6f80946029585bce87c82f0af - - default default] 10.0.0.239 "GET /v2.0/agents HTTP/1.1" status: 200 len: 997 time: 0.0100324
2026-05-11 06:36:20.455 9 INFO neutron.wsgi [None req-0a208d12-84f5-4bbb-ad61-126a2f4b1529 8f11e13f652648618d8e2083f01bdc5a d561b5f6f80946029585bce87c82f0af - - default default] 10.0.0.239 "GET /v2.0/subnets HTTP/1.1" status: 200 len: 1437 time: 0.1643407
2026-05-11 06:36:20.467 9 INFO neutron.wsgi [None req-659e78fb-fce8-4262-bf07-3b128eb7c02b 8f11e13f652648618d8e2083f01bdc5a d561b5f6f80946029585bce87c82f0af - - default default] 10.0.0.239 "GET /v2.0/subnetpools HTTP/1.1" status: 200 len: 193 time: 0.0107369
2026-05-11 06:36:20.492 9 INFO neutron.wsgi [None req-bcc0a11b-ca28-43c0-b305-8f183d634e57 8f11e13f652648618d8e2083f01bdc5a d561b5f6f80946029585bce87c82f0af - - default default] 10.0.0.239 "GET /v2.0/floatingips HTTP/1.1" status: 200 len: 193 time: 0.0236156
2026-05-11 06:36:20.543 9 INFO neutron.wsgi [None req-3bfe1926-25a9-4db9-8686-3cff4f59de6a 8f11e13f652648618d8e2083f01bdc5a d561b5f6f80946029585bce87c82f0af - - default default] 10.0.0.239 "GET /v2.0/security-groups HTTP/1.1" status: 200 len: 16803 time: 0.0505586
2026-05-11 06:36:20.583 9 INFO neutron.wsgi [None req-52a1dea1-92c2-4a5e-ad7e-932b306b44b6 8f11e13f652648618d8e2083f01bdc5a d561b5f6f80946029585bce87c82f0af - - default default] 10.0.0.239 "GET /v2.0/subnets HTTP/1.1" status: 200 len: 1437 time: 0.0344846
2026-05-11 06:36:20.642 9 INFO neutron.wsgi [None req-270c6af3-60ee-48c3-8ff0-4673dcfc6179 8f11e13f652648618d8e2083f01bdc5a d561b5f6f80946029585bce87c82f0af - - default default] 10.0.0.239 "GET /v2.0/ports HTTP/1.1" status: 200 len: 5351 time: 0.0572853
2026-05-11 06:36:20.660 9 INFO neutron.wsgi [None req-b5a6d906-6009-4b0a-a336-33b0d3e00b3d 8f11e13f652648618d8e2083f01bdc5a d561b5f6f80946029585bce87c82f0af - - default default] 10.0.0.239 "GET /v2.0/network-ip-availabilities HTTP/1.1" status: 200 len: 1280 time: 0.0134861
2026-05-11 06:36:20.723 9 INFO neutron.wsgi [None req-2f00e29b-1206-46d0-a8e1-3390eaf14377 8f11e13f652648618d8e2083f01bdc5a d561b5f6f80946029585bce87c82f0af - - default default] 10.0.0.239 "GET /v2.0/networks HTTP/1.1" status: 200 len: 2350 time: 0.0613391
2026-05-11 06:36:27.395 9 INFO neutron.wsgi [-] 10.0.0.247 "GET / HTTP/1.1" status: 200 len: 247 time: 0.0022154
2026-05-11 06:36:27.397 10 INFO neutron.wsgi [-] 10.0.0.247 "GET / HTTP/1.1" status: 200 len: 247 time: 0.0029674
2026-05-11 06:36:42.396 10 INFO neutron.wsgi [-] 10.0.0.247 "GET / HTTP/1.1" status: 200 len: 247 time: 0.0025103
2026-05-11 06:36:42.396 9 INFO neutron.wsgi [-] 10.0.0.247 "GET / HTTP/1.1" status: 200 len: 247 time: 0.0027916
2026-05-11 06:36:57.396 10 INFO neutron.wsgi [-] 10.0.0.247 "GET / HTTP/1.1" status: 200 len: 247 time: 0.0032635
2026-05-11 06:36:57.397 9 INFO neutron.wsgi [-] 10.0.0.247 "GET / HTTP/1.1" status: 200 len: 247 time: 0.0040410
2026-05-11 06:37:12.394 9 INFO neutron.wsgi [-] 10.0.0.247 "GET / HTTP/1.1" status: 200 len: 247 time: 0.0015440
2026-05-11 06:37:12.395 10 INFO neutron.wsgi [-] 10.0.0.247 "GET / HTTP/1.1" status: 200 len: 247 time: 0.0026808
2026-05-11 06:37:20.253 9 INFO neutron.wsgi [None req-26a1aebe-d011-41c3-a6d6-682c74be0aad 8f11e13f652648618d8e2083f01bdc5a d561b5f6f80946029585bce87c82f0af - - default default] 10.0.0.239 "GET /v2.0/floatingips HTTP/1.1" status: 200 len: 193 time: 0.0743327
2026-05-11 06:37:20.276 9 INFO neutron.wsgi [None req-d1c3a16c-29dd-483e-b445-e142fbf75db8 8f11e13f652648618d8e2083f01bdc5a d561b5f6f80946029585bce87c82f0af - - default default] 10.0.0.239 "GET /v2.0/routers HTTP/1.1" status: 200 len: 189 time: 0.0224688
2026-05-11 06:37:20.312 9 INFO neutron.wsgi [None req-6149e357-97a3-4b39-b2bd-e67004252ce2 8f11e13f652648618d8e2083f01bdc5a d561b5f6f80946029585bce87c82f0af - - default default] 10.0.0.239 "GET /v2.0/agents?binary=ovn-controller HTTP/1.1" status: 200 len: 591 time: 0.0358138
2026-05-11 06:37:20.329 9 INFO neutron.wsgi [None req-84d7865b-4c11-4dd1-aa6a-6a51bf27e8f1 8f11e13f652648618d8e2083f01bdc5a d561b5f6f80946029585bce87c82f0af - - default default] 10.0.0.239 "GET /v2.0/agents HTTP/1.1" status: 200 len: 997 time: 0.0152762
2026-05-11 06:37:20.366 9 INFO neutron.wsgi [None req-5526b0c4-c2eb-4144-9c37-25d90e98ddb4 8f11e13f652648618d8e2083f01bdc5a d561b5f6f80946029585bce87c82f0af - - default default] 10.0.0.239 "GET /v2.0/subnets HTTP/1.1" status: 200 len: 1437 time: 0.0367739
2026-05-11 06:37:20.411 9 INFO neutron.wsgi [None req-9872e759-e2e6-4237-8f25-02244d278204 8f11e13f652648618d8e2083f01bdc5a d561b5f6f80946029585bce87c82f0af - - default default] 10.0.0.239 "GET /v2.0/ports HTTP/1.1" status: 200 len: 5351 time: 0.0395234
2026-05-11 06:37:20.452 9 INFO neutron.wsgi [None req-b046d78a-cb89-4070-9bad-ee8f8f88dd2e 8f11e13f652648618d8e2083f01bdc5a d561b5f6f80946029585bce87c82f0af - - default default] 10.0.0.239 "GET /v2.0/subnets HTTP/1.1" status: 200 len: 1437 time: 0.0351942
2026-05-11 06:37:20.465 9 INFO neutron.wsgi [None req-879465cf-c5da-48e3-9caf-05f1a97f56a2 8f11e13f652648618d8e2083f01bdc5a d561b5f6f80946029585bce87c82f0af - - default default] 10.0.0.239 "GET /v2.0/subnetpools HTTP/1.1" status: 200 len: 193 time: 0.0118680
2026-05-11 06:37:20.526 9 INFO neutron.wsgi [None req-d707e342-6698-4646-be94-98b8117d6026 8f11e13f652648618d8e2083f01bdc5a d561b5f6f80946029585bce87c82f0af - - default default] 10.0.0.239 "GET /v2.0/networks HTTP/1.1" status: 200 len: 2350 time: 0.0606151
2026-05-11 06:37:20.569 9 INFO neutron.wsgi [None req-501877ba-b7f5-44bf-9023-a6d9459d4442 8f11e13f652648618d8e2083f01bdc5a d561b5f6f80946029585bce87c82f0af - - default default] 10.0.0.239 "GET /v2.0/security-groups HTTP/1.1" status: 200 len: 16803 time: 0.0413914
2026-05-11 06:37:20.592 9 INFO neutron.wsgi [None req-38475419-6c47-4f36-ad99-11b2a82f2ce0 8f11e13f652648618d8e2083f01bdc5a d561b5f6f80946029585bce87c82f0af - - default default] 10.0.0.239 "GET /v2.0/network-ip-availabilities HTTP/1.1" status: 200 len: 1280 time: 0.0117402
2026-05-11 06:37:27.396 10 INFO neutron.wsgi [-] 10.0.0.247 "GET / HTTP/1.1" status: 200 len: 247 time: 0.0024245
2026-05-11 06:37:27.396 9 INFO neutron.wsgi [-] 10.0.0.247 "GET / HTTP/1.1" status: 200 len: 247 time: 0.0027354
2026-05-11 06:37:42.394 9 INFO neutron.wsgi [-] 10.0.0.247 "GET / HTTP/1.1" status: 200 len: 247 time: 0.0019228
2026-05-11 06:37:42.397 9 INFO neutron.wsgi [-] 10.0.0.247 "GET / HTTP/1.1" status: 200 len: 247 time: 0.0021229
2026-05-11 06:37:57.396 9 INFO neutron.wsgi [-] 10.0.0.247 "GET / HTTP/1.1" status: 200 len: 247 time: 0.0027571
2026-05-11 06:37:57.397 10 INFO neutron.wsgi [-] 10.0.0.247 "GET / HTTP/1.1" status: 200 len: 247 time: 0.0042143
2026-05-11 06:38:12.394 9 INFO neutron.wsgi [-] 10.0.0.247 "GET / HTTP/1.1" status: 200 len: 247 time: 0.0019491
2026-05-11 06:38:12.396 10 INFO neutron.wsgi [-] 10.0.0.247 "GET / HTTP/1.1" status: 200 len: 247 time: 0.0029199
2026-05-11 06:38:20.257 9 INFO neutron.wsgi [None req-b62e1104-3690-4621-980d-dba72ba6aded 8f11e13f652648618d8e2083f01bdc5a d561b5f6f80946029585bce87c82f0af - - default default] 10.0.0.239 "GET /v2.0/networks HTTP/1.1" status: 200 len: 2350 time: 0.1072304
2026-05-11 06:38:20.321 9 INFO neutron.wsgi [None req-2568dc42-f173-4017-bb93-887eb42d3e83 8f11e13f652648618d8e2083f01bdc5a d561b5f6f80946029585bce87c82f0af - - default default] 10.0.0.239 "GET /v2.0/subnets HTTP/1.1" status: 200 len: 1437 time: 0.0587866
2026-05-11 06:38:20.366 9 INFO neutron.wsgi [None req-38202a29-c4ba-42a6-9109-b57bd943c459 8f11e13f652648618d8e2083f01bdc5a d561b5f6f80946029585bce87c82f0af - - default default] 10.0.0.239 "GET /v2.0/agents HTTP/1.1" status: 200 len: 997 time: 0.0439630
2026-05-11 06:38:20.389 9 INFO neutron.wsgi [None req-ecbb1679-25b0-413a-b89f-885a11cd3a0a 8f11e13f652648618d8e2083f01bdc5a d561b5f6f80946029585bce87c82f0af - - default default] 10.0.0.239 "GET /v2.0/network-ip-availabilities HTTP/1.1" status: 200 len: 1280 time: 0.0218773
2026-05-11 06:38:20.429 9 INFO neutron.wsgi [None req-6d9fa648-928b-45ed-b036-82ba52105023 8f11e13f652648618d8e2083f01bdc5a d561b5f6f80946029585bce87c82f0af - - default default] 10.0.0.239 "GET /v2.0/subnets HTTP/1.1" status: 200 len: 1437 time: 0.0389345
2026-05-11 06:38:20.438 9 INFO neutron.wsgi [None req-60f357c2-c8ef-4f4f-9965-cc5c78da7ac6 8f11e13f652648618d8e2083f01bdc5a d561b5f6f80946029585bce87c82f0af - - default default] 10.0.0.239 "GET /v2.0/subnetpools HTTP/1.1" status: 200 len: 193 time: 0.0090818
2026-05-11 06:38:20.462 9 INFO neutron.wsgi [None req-1931cd08-1e52-4c24-9ad9-a03e7d0cb1c6 8f11e13f652648618d8e2083f01bdc5a d561b5f6f80946029585bce87c82f0af - - default default] 10.0.0.239 "GET /v2.0/floatingips HTTP/1.1" status: 200 len: 193 time: 0.0228803
2026-05-11 06:38:20.499 9 INFO neutron.wsgi [None req-adb3985e-edee-4c02-8c35-012829d905a5 8f11e13f652648618d8e2083f01bdc5a d561b5f6f80946029585bce87c82f0af - - default default] 10.0.0.239 "GET /v2.0/ports HTTP/1.1" status: 200 len: 5351 time: 0.0362680
2026-05-11 06:38:20.552 9 INFO neutron.wsgi [None req-5ad4e022-cd0a-4a3e-b69a-99c653482116 8f11e13f652648618d8e2083f01bdc5a d561b5f6f80946029585bce87c82f0af - - default default] 10.0.0.239 "GET /v2.0/security-groups HTTP/1.1" status: 200 len: 16803 time: 0.0493562
2026-05-11 06:38:20.583 9 INFO neutron.wsgi [None req-32c4b8c7-c209-45b8-af30-66e4129f6e40 8f11e13f652648618d8e2083f01bdc5a d561b5f6f80946029585bce87c82f0af - - default default] 10.0.0.239 "GET /v2.0/routers HTTP/1.1" status: 200 len: 189 time: 0.0225523
2026-05-11 06:38:20.593 9 INFO neutron.wsgi [None req-f635641c-45a0-4a14-9a02-afd7099d62f3 8f11e13f652648618d8e2083f01bdc5a d561b5f6f80946029585bce87c82f0af - - default default] 10.0.0.239 "GET /v2.0/agents?binary=ovn-controller HTTP/1.1" status: 200 len: 591 time: 0.0089912
2026-05-11 06:38:27.395 10 INFO neutron.wsgi [-] 10.0.0.247 "GET / HTTP/1.1" status: 200 len: 247 time: 0.0016768
2026-05-11 06:38:27.406 10 INFO neutron.wsgi [-] 10.0.0.247 "GET / HTTP/1.1" status: 200 len: 247 time: 0.0102875
2026-05-11 06:38:42.395 10 INFO neutron.wsgi [-] 10.0.0.247 "GET / HTTP/1.1" status: 200 len: 247 time: 0.0015967
2026-05-11 06:38:42.396 9 INFO neutron.wsgi [-] 10.0.0.247 "GET / HTTP/1.1" status: 200 len: 247 time: 0.0028121
2026-05-11 06:38:57.396 10 INFO neutron.wsgi [-] 10.0.0.247 "GET / HTTP/1.1" status: 200 len: 247 time: 0.0029051
2026-05-11 06:38:57.396 9 INFO neutron.wsgi [-] 10.0.0.247 "GET / HTTP/1.1" status: 200 len: 247 time: 0.0029337
2026-05-11 06:39:12.396 10 INFO neutron.wsgi [-] 10.0.0.247 "GET / HTTP/1.1" status: 200 len: 247 time: 0.0029519
2026-05-11 06:39:12.397 9 INFO neutron.wsgi [-] 10.0.0.247 "GET / HTTP/1.1" status: 200 len: 247 time: 0.0036700
2026-05-11 06:39:20.285 9 INFO neutron.wsgi [None req-4900d5a8-9298-4ad8-9130-8bdaca260372 8f11e13f652648618d8e2083f01bdc5a d561b5f6f80946029585bce87c82f0af - - default default] 10.0.0.239 "GET /v2.0/subnets HTTP/1.1" status: 200 len: 1437 time: 0.1043012
2026-05-11 06:39:20.329 9 INFO neutron.wsgi [None req-6f855698-a1af-4545-91f3-327202f44630 8f11e13f652648618d8e2083f01bdc5a d561b5f6f80946029585bce87c82f0af - - default default] 10.0.0.239 "GET /v2.0/ports HTTP/1.1" status: 200 len: 5351 time: 0.0431850
2026-05-11 06:39:20.365 9 INFO neutron.wsgi [None req-36473266-edab-45cd-a2cd-51d763660099 8f11e13f652648618d8e2083f01bdc5a d561b5f6f80946029585bce87c82f0af - - default default] 10.0.0.239 "GET /v2.0/agents HTTP/1.1" status: 200 len: 997 time: 0.0332699
2026-05-11 06:39:20.376 9 INFO neutron.wsgi [None req-56e4c6c5-d584-4d18-b394-433ee1810454 8f11e13f652648618d8e2083f01bdc5a d561b5f6f80946029585bce87c82f0af - - default default] 10.0.0.239 "GET /v2.0/network-ip-availabilities HTTP/1.1" status: 200 len: 1280 time: 0.0103815
2026-05-11 06:39:20.431 9 INFO neutron.wsgi [None req-4893fde2-3711-49fb-abb5-bdb15d5a7e85 8f11e13f652648618d8e2083f01bdc5a d561b5f6f80946029585bce87c82f0af - - default default] 10.0.0.239 "GET /v2.0/networks HTTP/1.1" status: 200 len: 2350 time: 0.0540469
2026-05-11 06:39:20.483 9 INFO neutron.wsgi [None req-b6c39bab-23fc-459e-b0cb-3d7b209dd05f 8f11e13f652648618d8e2083f01bdc5a d561b5f6f80946029585bce87c82f0af - - default default] 10.0.0.239 "GET /v2.0/security-groups HTTP/1.1" status: 200 len: 16803 time: 0.0496056
2026-05-11 06:39:20.511 9 INFO neutron.wsgi [None req-198b5fd9-9839-4413-84cc-fa84b368484e 8f11e13f652648618d8e2083f01bdc5a d561b5f6f80946029585bce87c82f0af - - default default] 10.0.0.239 "GET /v2.0/floatingips HTTP/1.1" status: 200 len: 193 time: 0.0243089
2026-05-11 06:39:20.532 9 INFO neutron.wsgi [None req-f1771ff1-97e0-4bef-b126-8e405d7c308a 8f11e13f652648618d8e2083f01bdc5a d561b5f6f80946029585bce87c82f0af - - default default] 10.0.0.239 "GET /v2.0/routers HTTP/1.1" status: 200 len: 189 time: 0.0200579
2026-05-11 06:39:20.568 9 INFO neutron.wsgi [None req-373108b5-36b7-4c38-86f9-9ebfbbc955b7 8f11e13f652648618d8e2083f01bdc5a d561b5f6f80946029585bce87c82f0af - - default default] 10.0.0.239 "GET /v2.0/agents?binary=ovn-controller HTTP/1.1" status: 200 len: 591 time: 0.0353158
2026-05-11 06:39:20.608 9 INFO neutron.wsgi [None req-95adce61-e99c-42d1-aa08-7868c9ca7a9f 8f11e13f652648618d8e2083f01bdc5a d561b5f6f80946029585bce87c82f0af - - default default] 10.0.0.239 "GET /v2.0/subnets HTTP/1.1" status: 200 len: 1437 time: 0.0385351
2026-05-11 06:39:20.618 9 INFO neutron.wsgi [None req-1934802e-ff81-4a39-b407-93bbba13d353 8f11e13f652648618d8e2083f01bdc5a d561b5f6f80946029585bce87c82f0af - - default default] 10.0.0.239 "GET /v2.0/subnetpools HTTP/1.1" status: 200 len: 193 time: 0.0088656
2026-05-11 06:39:27.396 9 INFO neutron.wsgi [-] 10.0.0.247 "GET / HTTP/1.1" status: 200 len: 247 time: 0.0026660
2026-05-11 06:39:27.397 10 INFO neutron.wsgi [-] 10.0.0.247 "GET / HTTP/1.1" status: 200 len: 247 time: 0.0044637
2026-05-11 06:39:42.395 10 INFO neutron.wsgi [-] 10.0.0.247 "GET / HTTP/1.1" status: 200 len: 247 time: 0.0021155
2026-05-11 06:39:42.397 9 INFO neutron.wsgi [-] 10.0.0.247 "GET / HTTP/1.1" status: 200 len: 247 time: 0.0037875
2026-05-11 06:39:57.395 9 INFO neutron.wsgi [-] 10.0.0.247 "GET / HTTP/1.1" status: 200 len: 247 time: 0.0019372
2026-05-11 06:39:57.396 10 INFO neutron.wsgi [-] 10.0.0.247 "GET / HTTP/1.1" status: 200 len: 247 time: 0.0035729
2026-05-11 06:40:12.395 10 INFO neutron.wsgi [-] 10.0.0.247 "GET / HTTP/1.1" status: 200 len: 247 time: 0.0025313
2026-05-11 06:40:12.396 9 INFO neutron.wsgi [-] 10.0.0.247 "GET / HTTP/1.1" status: 200 len: 247 time: 0.0029709
2026-05-11 06:40:20.364 9 INFO neutron.wsgi [None req-119d3ba9-0197-477d-b809-848e3285965d 8f11e13f652648618d8e2083f01bdc5a d561b5f6f80946029585bce87c82f0af - - default default] 10.0.0.239 "GET /v2.0/routers HTTP/1.1" status: 200 len: 189 time: 0.1951079
2026-05-11 06:40:20.391 9 INFO neutron.wsgi [None req-47082886-f8bb-482f-824c-6690e4fa3d38 8f11e13f652648618d8e2083f01bdc5a d561b5f6f80946029585bce87c82f0af - - default default] 10.0.0.239 "GET /v2.0/agents?binary=ovn-controller HTTP/1.1" status: 200 len: 591 time: 0.0271802
2026-05-11 06:40:20.422 9 INFO neutron.wsgi [None req-2c2611d1-595e-432e-b4b0-ba6378057736 8f11e13f652648618d8e2083f01bdc5a d561b5f6f80946029585bce87c82f0af - - default default] 10.0.0.239 "GET /v2.0/subnets HTTP/1.1" status: 200 len: 1437 time: 0.0291462
2026-05-11 06:40:20.431 9 INFO neutron.wsgi [None req-0ddb6848-bc93-40dd-9816-198bd58de669 8f11e13f652648618d8e2083f01bdc5a d561b5f6f80946029585bce87c82f0af - - default default] 10.0.0.239 "GET /v2.0/subnetpools HTTP/1.1" status: 200 len: 193 time: 0.0076549
2026-05-11 06:40:20.457 9 INFO neutron.wsgi [None req-956b2cb4-0c42-4180-a7cf-7c424108750f 8f11e13f652648618d8e2083f01bdc5a d561b5f6f80946029585bce87c82f0af - - default default] 10.0.0.239 "GET /v2.0/subnets HTTP/1.1" status: 200 len: 1437 time: 0.0248652
2026-05-11 06:40:20.466 9 INFO neutron.wsgi [None req-3010473d-bae2-44b3-957d-e108c60d329f 8f11e13f652648618d8e2083f01bdc5a d561b5f6f80946029585bce87c82f0af - - default default] 10.0.0.239 "GET /v2.0/agents HTTP/1.1" status: 200 len: 997 time: 0.0081694
2026-05-11 06:40:20.484 9 INFO neutron.wsgi [None req-330d3f42-d977-46d1-ba80-3fda673d6dd7 8f11e13f652648618d8e2083f01bdc5a d561b5f6f80946029585bce87c82f0af - - default default] 10.0.0.239 "GET /v2.0/floatingips HTTP/1.1" status: 200 len: 193 time: 0.0175755
2026-05-11 06:40:20.535 9 INFO neutron.wsgi [None req-924b565d-0b0d-4bde-9171-9c2c4e0ad8fc 8f11e13f652648618d8e2083f01bdc5a d561b5f6f80946029585bce87c82f0af - - default default] 10.0.0.239 "GET /v2.0/security-groups HTTP/1.1" status: 200 len: 16803 time: 0.0500991
2026-05-11 06:40:20.614 9 INFO neutron.wsgi [None req-4a9f81d5-6c37-481d-a10c-c30dd93aaad7 8f11e13f652648618d8e2083f01bdc5a d561b5f6f80946029585bce87c82f0af - - default default] 10.0.0.239 "GET /v2.0/networks HTTP/1.1" status: 200 len: 2350 time: 0.0697248
2026-05-11 06:40:20.663 9 INFO neutron.wsgi [None req-548dc949-60c5-4f72-8180-bcf2471625c9 8f11e13f652648618d8e2083f01bdc5a d561b5f6f80946029585bce87c82f0af - - default default] 10.0.0.239 "GET /v2.0/ports HTTP/1.1" status: 200 len: 5351 time: 0.0460184
2026-05-11 06:40:20.683 9 INFO neutron.wsgi [None req-8e152d43-1bd1-402e-b69c-3f32027e8a9a 8f11e13f652648618d8e2083f01bdc5a d561b5f6f80946029585bce87c82f0af - - default default] 10.0.0.239 "GET /v2.0/network-ip-availabilities HTTP/1.1" status: 200 len: 1280 time: 0.0149550
2026-05-11 06:40:27.396 10 INFO neutron.wsgi [-] 10.0.0.247 "GET / HTTP/1.1" status: 200 len: 247 time: 0.0029640
2026-05-11 06:40:27.400 10 INFO neutron.wsgi [-] 10.0.0.247 "GET / HTTP/1.1" status: 200 len: 247 time: 0.0026109
2026-05-11 06:40:42.395 10 INFO neutron.wsgi [-] 10.0.0.247 "GET / HTTP/1.1" status: 200 len: 247 time: 0.0025318
2026-05-11 06:40:42.396 9 INFO neutron.wsgi [-] 10.0.0.247 "GET / HTTP/1.1" status: 200 len: 247 time: 0.0029275
2026-05-11 06:40:57.397 10 INFO neutron.wsgi [-] 10.0.0.247 "GET / HTTP/1.1" status: 200 len: 247 time: 0.0032115
2026-05-11 06:40:57.397 9 INFO neutron.wsgi [-] 10.0.0.247 "GET / HTTP/1.1" status: 200 len: 247 time: 0.0033386
2026-05-11 06:41:12.394 9 INFO neutron.wsgi [-] 10.0.0.247 "GET / HTTP/1.1" status: 200 len: 247 time: 0.0015295
2026-05-11 06:41:12.396 10 INFO neutron.wsgi [-] 10.0.0.247 "GET / HTTP/1.1" status: 200 len: 247 time: 0.0027192
2026-05-11 06:41:20.288 9 INFO neutron.wsgi [None req-4c29dda3-95de-461c-83d5-bbf8525b7f5c 8f11e13f652648618d8e2083f01bdc5a d561b5f6f80946029585bce87c82f0af - - default default] 10.0.0.239 "GET /v2.0/routers HTTP/1.1" status: 200 len: 189 time: 0.0986476
2026-05-11 06:41:20.320 9 INFO neutron.wsgi [None req-ff6b396a-2b57-4a0a-99d9-431a23ffdc0d 8f11e13f652648618d8e2083f01bdc5a d561b5f6f80946029585bce87c82f0af - - default default] 10.0.0.239 "GET /v2.0/agents?binary=ovn-controller HTTP/1.1" status: 200 len: 591 time: 0.0313833
2026-05-11 06:41:20.349 9 INFO neutron.wsgi [None req-06600a2d-da88-40d2-9513-a44df84f8440 8f11e13f652648618d8e2083f01bdc5a d561b5f6f80946029585bce87c82f0af - - default default] 10.0.0.239 "GET /v2.0/subnets HTTP/1.1" status: 200 len: 1437 time: 0.0280719
2026-05-11 06:41:20.369 9 INFO neutron.wsgi [None req-bd364c2c-56a2-4920-bb4d-34de3d068dec 8f11e13f652648618d8e2083f01bdc5a d561b5f6f80946029585bce87c82f0af - - default default] 10.0.0.239 "GET /v2.0/subnetpools HTTP/1.1" status: 200 len: 193 time: 0.0146303
2026-05-11 06:41:20.389 9 INFO neutron.wsgi [None req-13b7597c-8252-4a85-9d94-f54ca11b8ad3 8f11e13f652648618d8e2083f01bdc5a d561b5f6f80946029585bce87c82f0af - - default default] 10.0.0.239 "GET /v2.0/floatingips HTTP/1.1" status: 200 len: 193 time: 0.0191674
