Aug 31 12:40:02.405227 np0000191609 systemd[1]: Starting devstack@n-api-meta.service - Devstack devstack@n-api-meta.service...
Aug 31 12:40:02.417740 np0000191609 devstack@n-api-meta.service[106703]: [uWSGI] getting INI configuration from /etc/nova/nova-metadata-uwsgi.ini
Aug 31 12:40:02.425673 np0000191609 devstack@n-api-meta.service[106703]: *** Starting uWSGI 2.0.24-debian (64bit) on [Mon Aug 31 12:40:02 2026] ***
Aug 31 12:40:02.425673 np0000191609 devstack@n-api-meta.service[106703]: compiled with version: 13.2.0 on 17 April 2024 16:23:48
Aug 31 12:40:02.425673 np0000191609 devstack@n-api-meta.service[106703]: os: Linux-6.8.0-138-generic #138-Ubuntu SMP PREEMPT_DYNAMIC Fri Jul 31 22:41:49 UTC 2026
Aug 31 12:40:02.425673 np0000191609 devstack@n-api-meta.service[106703]: nodename: np0000191609
Aug 31 12:40:02.425673 np0000191609 devstack@n-api-meta.service[106703]: machine: x86_64
Aug 31 12:40:02.425673 np0000191609 devstack@n-api-meta.service[106703]: clock source: unix
Aug 31 12:40:02.425673 np0000191609 devstack@n-api-meta.service[106703]: pcre jit disabled
Aug 31 12:40:02.425673 np0000191609 devstack@n-api-meta.service[106703]: detected number of CPU cores: 16
Aug 31 12:40:02.425673 np0000191609 devstack@n-api-meta.service[106703]: current working directory: /
Aug 31 12:40:02.425673 np0000191609 devstack@n-api-meta.service[106703]: detected binary path: /usr/bin/uwsgi-core
Aug 31 12:40:02.425673 np0000191609 devstack@n-api-meta.service[106703]: your processes number limit is 256916
Aug 31 12:40:02.425673 np0000191609 devstack@n-api-meta.service[106703]: your memory page size is 4096 bytes
Aug 31 12:40:02.425673 np0000191609 devstack@n-api-meta.service[106703]: detected max file descriptor number: 2048
Aug 31 12:40:02.425673 np0000191609 devstack@n-api-meta.service[106703]: lock engine: pthread robust mutexes
Aug 31 12:40:02.425673 np0000191609 devstack@n-api-meta.service[106703]: thunder lock: enabled
Aug 31 12:40:02.425673 np0000191609 devstack@n-api-meta.service[106703]: uWSGI http bound on 0.0.0.0:8775 fd 5
Aug 31 12:40:02.425673 np0000191609 devstack@n-api-meta.service[106703]: uwsgi socket 0 bound to TCP address 127.0.0.1:33309 (port auto-assigned) fd 4
Aug 31 12:40:02.425673 np0000191609 devstack@n-api-meta.service[106703]: Python version: 3.12.3 (main, Jul 15 2026, 23:46:41) [GCC 13.3.0]
Aug 31 12:40:02.425673 np0000191609 devstack@n-api-meta.service[106703]: PEP 405 virtualenv detected: /opt/stack/data/venv
Aug 31 12:40:02.425673 np0000191609 devstack@n-api-meta.service[106703]: Set PythonHome to /opt/stack/data/venv
Aug 31 12:40:02.483180 np0000191609 devstack@n-api-meta.service[106703]: Python main interpreter initialized at 0x7b493cca4668
Aug 31 12:40:02.483221 np0000191609 devstack@n-api-meta.service[106703]: python threads support enabled
Aug 31 12:40:02.483221 np0000191609 devstack@n-api-meta.service[106703]: your server socket listen backlog is limited to 100 connections
Aug 31 12:40:02.483221 np0000191609 devstack@n-api-meta.service[106703]: your mercy for graceful operations on workers is 80 seconds
Aug 31 12:40:02.483715 np0000191609 devstack@n-api-meta.service[106703]: mapped 671795 bytes (656 KB) for 4 cores
Aug 31 12:40:02.483858 np0000191609 devstack@n-api-meta.service[106703]: *** Operational MODE: preforking ***
Aug 31 12:40:02.484029 np0000191609 devstack@n-api-meta.service[106703]: *** uWSGI is running in multiple interpreter mode ***
Aug 31 12:40:02.484029 np0000191609 devstack@n-api-meta.service[106703]: spawned uWSGI master process (pid: 106703)
Aug 31 12:40:02.484225 np0000191609 systemd[1]: Started devstack@n-api-meta.service - Devstack devstack@n-api-meta.service.
Aug 31 12:40:02.485650 np0000191609 devstack@n-api-meta.service[106703]: spawned uWSGI worker 1 (pid: 106705, cores: 1)
Aug 31 12:40:02.485650 np0000191609 devstack@n-api-meta.service[106703]: spawned uWSGI worker 2 (pid: 106706, cores: 1)
Aug 31 12:40:02.486075 np0000191609 devstack@n-api-meta.service[106703]: spawned uWSGI worker 3 (pid: 106707, cores: 1)
Aug 31 12:40:02.486521 np0000191609 devstack@n-api-meta.service[106703]: spawned uWSGI worker 4 (pid: 106708, cores: 1)
Aug 31 12:40:02.487047 np0000191609 devstack@n-api-meta.service[106703]: spawned uWSGI http 1 (pid: 106709)
Aug 31 12:40:02.487099 np0000191609 devstack@n-api-meta.service[106703]: running "unix_signal:15 gracefully_kill_them_all" (master-start)...
Aug 31 12:40:04.098791 np0000191609 devstack@n-api-meta.service[106705]: INFO dbcounter [None req-d48691a6-8a72-42b0-92ef-df9a3889f3b6 None None] Registered counter for database nova_api
Aug 31 12:40:04.099989 np0000191609 devstack@n-api-meta.service[106707]: INFO dbcounter [None req-6d54b94f-761e-4e9a-a1d0-db6bc3bb9565 None None] Registered counter for database nova_api
Aug 31 12:40:04.147370 np0000191609 devstack@n-api-meta.service[106705]: DEBUG oslo_db.sqlalchemy.engines [None req-d48691a6-8a72-42b0-92ef-df9a3889f3b6 None None] MySQL server mode set to STRICT_TRANS_TABLES,STRICT_ALL_TABLES,NO_ZERO_IN_DATE,NO_ZERO_DATE,ERROR_FOR_DIVISION_BY_ZERO,TRADITIONAL,NO_ENGINE_SUBSTITUTION {{(pid=106705) _check_effective_sql_mode /opt/stack/data/venv/lib/python3.12/site-packages/oslo_db/sqlalchemy/engines.py:325}}
Aug 31 12:40:04.153549 np0000191609 devstack@n-api-meta.service[106707]: DEBUG oslo_db.sqlalchemy.engines [None req-6d54b94f-761e-4e9a-a1d0-db6bc3bb9565 None None] MySQL server mode set to STRICT_TRANS_TABLES,STRICT_ALL_TABLES,NO_ZERO_IN_DATE,NO_ZERO_DATE,ERROR_FOR_DIVISION_BY_ZERO,TRADITIONAL,NO_ENGINE_SUBSTITUTION {{(pid=106707) _check_effective_sql_mode /opt/stack/data/venv/lib/python3.12/site-packages/oslo_db/sqlalchemy/engines.py:325}}
Aug 31 12:40:04.169442 np0000191609 devstack@n-api-meta.service[106706]: INFO dbcounter [None req-aed284cd-1927-4e7c-a7ce-5f65a77c3d90 None None] Registered counter for database nova_api
Aug 31 12:40:04.176765 np0000191609 devstack@n-api-meta.service[106705]: DEBUG dbcounter [-] [106705] Writer thread running {{(pid=106705) stat_writer /opt/stack/data/venv/lib/python3.12/site-packages/dbcounter.py:102}}
Aug 31 12:40:04.179131 np0000191609 devstack@n-api-meta.service[106705]: DEBUG nova.context [None req-d48691a6-8a72-42b0-92ef-df9a3889f3b6 None None] Found 2 cells: 00000000-0000-0000-0000-000000000000(cell0),5078bd4a-1697-4375-960f-53a406410955(cell1) {{(pid=106705) load_cells /opt/stack/nova/nova/context.py:532}}
Aug 31 12:40:04.180985 np0000191609 devstack@n-api-meta.service[106705]: DEBUG oslo_concurrency.lockutils [None req-d48691a6-8a72-42b0-92ef-df9a3889f3b6 None None] Acquiring lock "00000000-0000-0000-0000-000000000000" by "nova.context.set_target_cell..get_or_set_cached_cell_and_set_connections" {{(pid=106705) inner /opt/stack/data/venv/lib/python3.12/site-packages/oslo_concurrency/lockutils.py:512}}
Aug 31 12:40:04.181221 np0000191609 devstack@n-api-meta.service[106705]: DEBUG oslo_concurrency.lockutils [None req-d48691a6-8a72-42b0-92ef-df9a3889f3b6 None None] Lock "00000000-0000-0000-0000-000000000000" acquired by "nova.context.set_target_cell..get_or_set_cached_cell_and_set_connections" :: waited 0.000s {{(pid=106705) inner /opt/stack/data/venv/lib/python3.12/site-packages/oslo_concurrency/lockutils.py:525}}
Aug 31 12:40:04.181628 np0000191609 devstack@n-api-meta.service[106705]: DEBUG oslo_concurrency.lockutils [None req-d48691a6-8a72-42b0-92ef-df9a3889f3b6 None None] Lock "00000000-0000-0000-0000-000000000000" "released" by "nova.context.set_target_cell..get_or_set_cached_cell_and_set_connections" :: held 0.000s {{(pid=106705) inner /opt/stack/data/venv/lib/python3.12/site-packages/oslo_concurrency/lockutils.py:544}}
Aug 31 12:40:04.181826 np0000191609 devstack@n-api-meta.service[106707]: DEBUG dbcounter [-] [106707] Writer thread running {{(pid=106707) stat_writer /opt/stack/data/venv/lib/python3.12/site-packages/dbcounter.py:102}}
Aug 31 12:40:04.181907 np0000191609 devstack@n-api-meta.service[106705]: INFO nova.thread_pool_factory [None req-d48691a6-8a72-42b0-92ef-df9a3889f3b6 None None] The cell_worker thread pool MainProcess.cell_worker is initialized
Aug 31 12:40:04.182504 np0000191609 devstack@n-api-meta.service[106705]: DEBUG oslo_concurrency.lockutils [None req-d48691a6-8a72-42b0-92ef-df9a3889f3b6 None None] Acquiring lock "5078bd4a-1697-4375-960f-53a406410955" by "nova.context.set_target_cell..get_or_set_cached_cell_and_set_connections" {{(pid=106705) inner /opt/stack/data/venv/lib/python3.12/site-packages/oslo_concurrency/lockutils.py:512}}
Aug 31 12:40:04.182654 np0000191609 devstack@n-api-meta.service[106705]: DEBUG oslo_concurrency.lockutils [None req-d48691a6-8a72-42b0-92ef-df9a3889f3b6 None None] Lock "5078bd4a-1697-4375-960f-53a406410955" acquired by "nova.context.set_target_cell..get_or_set_cached_cell_and_set_connections" :: waited 0.000s {{(pid=106705) inner /opt/stack/data/venv/lib/python3.12/site-packages/oslo_concurrency/lockutils.py:525}}
Aug 31 12:40:04.183464 np0000191609 devstack@n-api-meta.service[106705]: DEBUG oslo_concurrency.lockutils [None req-d48691a6-8a72-42b0-92ef-df9a3889f3b6 None None] Lock "5078bd4a-1697-4375-960f-53a406410955" "released" by "nova.context.set_target_cell..get_or_set_cached_cell_and_set_connections" :: held 0.001s {{(pid=106705) inner /opt/stack/data/venv/lib/python3.12/site-packages/oslo_concurrency/lockutils.py:544}}
Aug 31 12:40:04.184129 np0000191609 devstack@n-api-meta.service[106707]: DEBUG nova.context [None req-6d54b94f-761e-4e9a-a1d0-db6bc3bb9565 None None] Found 2 cells: 00000000-0000-0000-0000-000000000000(cell0),5078bd4a-1697-4375-960f-53a406410955(cell1) {{(pid=106707) load_cells /opt/stack/nova/nova/context.py:532}}
Aug 31 12:40:04.185764 np0000191609 devstack@n-api-meta.service[106707]: DEBUG oslo_concurrency.lockutils [None req-6d54b94f-761e-4e9a-a1d0-db6bc3bb9565 None None] Acquiring lock "00000000-0000-0000-0000-000000000000" by "nova.context.set_target_cell..get_or_set_cached_cell_and_set_connections" {{(pid=106707) inner /opt/stack/data/venv/lib/python3.12/site-packages/oslo_concurrency/lockutils.py:512}}
Aug 31 12:40:04.185931 np0000191609 devstack@n-api-meta.service[106707]: DEBUG oslo_concurrency.lockutils [None req-6d54b94f-761e-4e9a-a1d0-db6bc3bb9565 None None] Lock "00000000-0000-0000-0000-000000000000" acquired by "nova.context.set_target_cell..get_or_set_cached_cell_and_set_connections" :: waited 0.000s {{(pid=106707) inner /opt/stack/data/venv/lib/python3.12/site-packages/oslo_concurrency/lockutils.py:525}}
Aug 31 12:40:04.186260 np0000191609 devstack@n-api-meta.service[106707]: DEBUG oslo_concurrency.lockutils [None req-6d54b94f-761e-4e9a-a1d0-db6bc3bb9565 None None] Lock "00000000-0000-0000-0000-000000000000" "released" by "nova.context.set_target_cell..get_or_set_cached_cell_and_set_connections" :: held 0.000s {{(pid=106707) inner /opt/stack/data/venv/lib/python3.12/site-packages/oslo_concurrency/lockutils.py:544}}
Aug 31 12:40:04.186439 np0000191609 devstack@n-api-meta.service[106705]: INFO dbcounter [None req-d48691a6-8a72-42b0-92ef-df9a3889f3b6 None None] Registered counter for database nova_cell0
Aug 31 12:40:04.186503 np0000191609 devstack@n-api-meta.service[106707]: INFO nova.thread_pool_factory [None req-6d54b94f-761e-4e9a-a1d0-db6bc3bb9565 None None] The cell_worker thread pool MainProcess.cell_worker is initialized
Aug 31 12:40:04.187178 np0000191609 devstack@n-api-meta.service[106707]: DEBUG oslo_concurrency.lockutils [None req-6d54b94f-761e-4e9a-a1d0-db6bc3bb9565 None None] Acquiring lock "5078bd4a-1697-4375-960f-53a406410955" by "nova.context.set_target_cell..get_or_set_cached_cell_and_set_connections" {{(pid=106707) inner /opt/stack/data/venv/lib/python3.12/site-packages/oslo_concurrency/lockutils.py:512}}
Aug 31 12:40:04.187284 np0000191609 devstack@n-api-meta.service[106707]: DEBUG oslo_concurrency.lockutils [None req-6d54b94f-761e-4e9a-a1d0-db6bc3bb9565 None None] Lock "5078bd4a-1697-4375-960f-53a406410955" acquired by "nova.context.set_target_cell..get_or_set_cached_cell_and_set_connections" :: waited 0.000s {{(pid=106707) inner /opt/stack/data/venv/lib/python3.12/site-packages/oslo_concurrency/lockutils.py:525}}
Aug 31 12:40:04.188097 np0000191609 devstack@n-api-meta.service[106707]: DEBUG oslo_concurrency.lockutils [None req-6d54b94f-761e-4e9a-a1d0-db6bc3bb9565 None None] Lock "5078bd4a-1697-4375-960f-53a406410955" "released" by "nova.context.set_target_cell..get_or_set_cached_cell_and_set_connections" :: held 0.001s {{(pid=106707) inner /opt/stack/data/venv/lib/python3.12/site-packages/oslo_concurrency/lockutils.py:544}}
Aug 31 12:40:04.191025 np0000191609 devstack@n-api-meta.service[106707]: INFO dbcounter [None req-6d54b94f-761e-4e9a-a1d0-db6bc3bb9565 None None] Registered counter for database nova_cell0
Aug 31 12:40:04.191113 np0000191609 devstack@n-api-meta.service[106705]: INFO dbcounter [None req-d48691a6-8a72-42b0-92ef-df9a3889f3b6 None None] Registered counter for database nova_cell1
Aug 31 12:40:04.195830 np0000191609 devstack@n-api-meta.service[106707]: INFO dbcounter [None req-6d54b94f-761e-4e9a-a1d0-db6bc3bb9565 None None] Registered counter for database nova_cell1
Aug 31 12:40:04.214086 np0000191609 devstack@n-api-meta.service[106708]: INFO dbcounter [None req-737a24e2-df51-4d61-a8e8-d1ab4513fc3d None None] Registered counter for database nova_api
Aug 31 12:40:04.226993 np0000191609 devstack@n-api-meta.service[106706]: DEBUG oslo_db.sqlalchemy.engines [None req-aed284cd-1927-4e7c-a7ce-5f65a77c3d90 None None] MySQL server mode set to STRICT_TRANS_TABLES,STRICT_ALL_TABLES,NO_ZERO_IN_DATE,NO_ZERO_DATE,ERROR_FOR_DIVISION_BY_ZERO,TRADITIONAL,NO_ENGINE_SUBSTITUTION {{(pid=106706) _check_effective_sql_mode /opt/stack/data/venv/lib/python3.12/site-packages/oslo_db/sqlalchemy/engines.py:325}}
Aug 31 12:40:04.259963 np0000191609 devstack@n-api-meta.service[106708]: DEBUG oslo_db.sqlalchemy.engines [None req-737a24e2-df51-4d61-a8e8-d1ab4513fc3d None None] MySQL server mode set to STRICT_TRANS_TABLES,STRICT_ALL_TABLES,NO_ZERO_IN_DATE,NO_ZERO_DATE,ERROR_FOR_DIVISION_BY_ZERO,TRADITIONAL,NO_ENGINE_SUBSTITUTION {{(pid=106708) _check_effective_sql_mode /opt/stack/data/venv/lib/python3.12/site-packages/oslo_db/sqlalchemy/engines.py:325}}
Aug 31 12:40:04.260723 np0000191609 devstack@n-api-meta.service[106706]: DEBUG dbcounter [-] [106706] Writer thread running {{(pid=106706) stat_writer /opt/stack/data/venv/lib/python3.12/site-packages/dbcounter.py:102}}
Aug 31 12:40:04.265294 np0000191609 devstack@n-api-meta.service[106706]: DEBUG nova.context [None req-aed284cd-1927-4e7c-a7ce-5f65a77c3d90 None None] Found 2 cells: 00000000-0000-0000-0000-000000000000(cell0),5078bd4a-1697-4375-960f-53a406410955(cell1) {{(pid=106706) load_cells /opt/stack/nova/nova/context.py:532}}
Aug 31 12:40:04.266587 np0000191609 devstack@n-api-meta.service[106705]: DEBUG oslo_db.sqlalchemy.engines [None req-d48691a6-8a72-42b0-92ef-df9a3889f3b6 None None] MySQL server mode set to STRICT_TRANS_TABLES,STRICT_ALL_TABLES,NO_ZERO_IN_DATE,NO_ZERO_DATE,ERROR_FOR_DIVISION_BY_ZERO,TRADITIONAL,NO_ENGINE_SUBSTITUTION {{(pid=106705) _check_effective_sql_mode /opt/stack/data/venv/lib/python3.12/site-packages/oslo_db/sqlalchemy/engines.py:325}}
Aug 31 12:40:04.267516 np0000191609 devstack@n-api-meta.service[106706]: DEBUG oslo_concurrency.lockutils [None req-aed284cd-1927-4e7c-a7ce-5f65a77c3d90 None None] Acquiring lock "00000000-0000-0000-0000-000000000000" by "nova.context.set_target_cell..get_or_set_cached_cell_and_set_connections" {{(pid=106706) inner /opt/stack/data/venv/lib/python3.12/site-packages/oslo_concurrency/lockutils.py:512}}
Aug 31 12:40:04.267746 np0000191609 devstack@n-api-meta.service[106706]: DEBUG oslo_concurrency.lockutils [None req-aed284cd-1927-4e7c-a7ce-5f65a77c3d90 None None] Lock "00000000-0000-0000-0000-000000000000" acquired by "nova.context.set_target_cell..get_or_set_cached_cell_and_set_connections" :: waited 0.000s {{(pid=106706) inner /opt/stack/data/venv/lib/python3.12/site-packages/oslo_concurrency/lockutils.py:525}}
Aug 31 12:40:04.268182 np0000191609 devstack@n-api-meta.service[106706]: DEBUG oslo_concurrency.lockutils [None req-aed284cd-1927-4e7c-a7ce-5f65a77c3d90 None None] Lock "00000000-0000-0000-0000-000000000000" "released" by "nova.context.set_target_cell..get_or_set_cached_cell_and_set_connections" :: held 0.000s {{(pid=106706) inner /opt/stack/data/venv/lib/python3.12/site-packages/oslo_concurrency/lockutils.py:544}}
Aug 31 12:40:04.268437 np0000191609 devstack@n-api-meta.service[106706]: INFO nova.thread_pool_factory [None req-aed284cd-1927-4e7c-a7ce-5f65a77c3d90 None None] The cell_worker thread pool MainProcess.cell_worker is initialized
Aug 31 12:40:04.269381 np0000191609 devstack@n-api-meta.service[106706]: DEBUG oslo_concurrency.lockutils [None req-aed284cd-1927-4e7c-a7ce-5f65a77c3d90 None None] Acquiring lock "5078bd4a-1697-4375-960f-53a406410955" by "nova.context.set_target_cell..get_or_set_cached_cell_and_set_connections" {{(pid=106706) inner /opt/stack/data/venv/lib/python3.12/site-packages/oslo_concurrency/lockutils.py:512}}
Aug 31 12:40:04.269533 np0000191609 devstack@n-api-meta.service[106706]: DEBUG oslo_concurrency.lockutils [None req-aed284cd-1927-4e7c-a7ce-5f65a77c3d90 None None] Lock "5078bd4a-1697-4375-960f-53a406410955" acquired by "nova.context.set_target_cell..get_or_set_cached_cell_and_set_connections" :: waited 0.000s {{(pid=106706) inner /opt/stack/data/venv/lib/python3.12/site-packages/oslo_concurrency/lockutils.py:525}}
Aug 31 12:40:04.270401 np0000191609 devstack@n-api-meta.service[106706]: DEBUG oslo_concurrency.lockutils [None req-aed284cd-1927-4e7c-a7ce-5f65a77c3d90 None None] Lock "5078bd4a-1697-4375-960f-53a406410955" "released" by "nova.context.set_target_cell..get_or_set_cached_cell_and_set_connections" :: held 0.001s {{(pid=106706) inner /opt/stack/data/venv/lib/python3.12/site-packages/oslo_concurrency/lockutils.py:544}}
Aug 31 12:40:04.274356 np0000191609 devstack@n-api-meta.service[106706]: INFO dbcounter [None req-aed284cd-1927-4e7c-a7ce-5f65a77c3d90 None None] Registered counter for database nova_cell0
Aug 31 12:40:04.274479 np0000191609 devstack@n-api-meta.service[106705]: DEBUG oslo_db.sqlalchemy.engines [None req-d48691a6-8a72-42b0-92ef-df9a3889f3b6 None None] MySQL server mode set to STRICT_TRANS_TABLES,STRICT_ALL_TABLES,NO_ZERO_IN_DATE,NO_ZERO_DATE,ERROR_FOR_DIVISION_BY_ZERO,TRADITIONAL,NO_ENGINE_SUBSTITUTION {{(pid=106705) _check_effective_sql_mode /opt/stack/data/venv/lib/python3.12/site-packages/oslo_db/sqlalchemy/engines.py:325}}
Aug 31 12:40:04.276914 np0000191609 devstack@n-api-meta.service[106707]: DEBUG oslo_db.sqlalchemy.engines [None req-6d54b94f-761e-4e9a-a1d0-db6bc3bb9565 None None] MySQL server mode set to STRICT_TRANS_TABLES,STRICT_ALL_TABLES,NO_ZERO_IN_DATE,NO_ZERO_DATE,ERROR_FOR_DIVISION_BY_ZERO,TRADITIONAL,NO_ENGINE_SUBSTITUTION {{(pid=106707) _check_effective_sql_mode /opt/stack/data/venv/lib/python3.12/site-packages/oslo_db/sqlalchemy/engines.py:325}}
Aug 31 12:40:04.280649 np0000191609 devstack@n-api-meta.service[106706]: INFO dbcounter [None req-aed284cd-1927-4e7c-a7ce-5f65a77c3d90 None None] Registered counter for database nova_cell1
Aug 31 12:40:04.283239 np0000191609 devstack@n-api-meta.service[106707]: DEBUG oslo_db.sqlalchemy.engines [None req-6d54b94f-761e-4e9a-a1d0-db6bc3bb9565 None None] MySQL server mode set to STRICT_TRANS_TABLES,STRICT_ALL_TABLES,NO_ZERO_IN_DATE,NO_ZERO_DATE,ERROR_FOR_DIVISION_BY_ZERO,TRADITIONAL,NO_ENGINE_SUBSTITUTION {{(pid=106707) _check_effective_sql_mode /opt/stack/data/venv/lib/python3.12/site-packages/oslo_db/sqlalchemy/engines.py:325}}
Aug 31 12:40:04.290716 np0000191609 devstack@n-api-meta.service[106708]: DEBUG dbcounter [-] [106708] Writer thread running {{(pid=106708) stat_writer /opt/stack/data/venv/lib/python3.12/site-packages/dbcounter.py:102}}
Aug 31 12:40:04.293189 np0000191609 devstack@n-api-meta.service[106708]: DEBUG nova.context [None req-737a24e2-df51-4d61-a8e8-d1ab4513fc3d None None] Found 2 cells: 00000000-0000-0000-0000-000000000000(cell0),5078bd4a-1697-4375-960f-53a406410955(cell1) {{(pid=106708) load_cells /opt/stack/nova/nova/context.py:532}}
Aug 31 12:40:04.294927 np0000191609 devstack@n-api-meta.service[106708]: DEBUG oslo_concurrency.lockutils [None req-737a24e2-df51-4d61-a8e8-d1ab4513fc3d None None] Acquiring lock "00000000-0000-0000-0000-000000000000" by "nova.context.set_target_cell..get_or_set_cached_cell_and_set_connections" {{(pid=106708) inner /opt/stack/data/venv/lib/python3.12/site-packages/oslo_concurrency/lockutils.py:512}}
Aug 31 12:40:04.295081 np0000191609 devstack@n-api-meta.service[106708]: DEBUG oslo_concurrency.lockutils [None req-737a24e2-df51-4d61-a8e8-d1ab4513fc3d None None] Lock "00000000-0000-0000-0000-000000000000" acquired by "nova.context.set_target_cell..get_or_set_cached_cell_and_set_connections" :: waited 0.000s {{(pid=106708) inner /opt/stack/data/venv/lib/python3.12/site-packages/oslo_concurrency/lockutils.py:525}}
Aug 31 12:40:04.295440 np0000191609 devstack@n-api-meta.service[106708]: DEBUG oslo_concurrency.lockutils [None req-737a24e2-df51-4d61-a8e8-d1ab4513fc3d None None] Lock "00000000-0000-0000-0000-000000000000" "released" by "nova.context.set_target_cell..get_or_set_cached_cell_and_set_connections" :: held 0.000s {{(pid=106708) inner /opt/stack/data/venv/lib/python3.12/site-packages/oslo_concurrency/lockutils.py:544}}
Aug 31 12:40:04.295663 np0000191609 devstack@n-api-meta.service[106708]: INFO nova.thread_pool_factory [None req-737a24e2-df51-4d61-a8e8-d1ab4513fc3d None None] The cell_worker thread pool MainProcess.cell_worker is initialized
Aug 31 12:40:04.296425 np0000191609 devstack@n-api-meta.service[106708]: DEBUG oslo_concurrency.lockutils [None req-737a24e2-df51-4d61-a8e8-d1ab4513fc3d None None] Acquiring lock "5078bd4a-1697-4375-960f-53a406410955" by "nova.context.set_target_cell..get_or_set_cached_cell_and_set_connections" {{(pid=106708) inner /opt/stack/data/venv/lib/python3.12/site-packages/oslo_concurrency/lockutils.py:512}}
Aug 31 12:40:04.296583 np0000191609 devstack@n-api-meta.service[106708]: DEBUG oslo_concurrency.lockutils [None req-737a24e2-df51-4d61-a8e8-d1ab4513fc3d None None] Lock "5078bd4a-1697-4375-960f-53a406410955" acquired by "nova.context.set_target_cell..get_or_set_cached_cell_and_set_connections" :: waited 0.000s {{(pid=106708) inner /opt/stack/data/venv/lib/python3.12/site-packages/oslo_concurrency/lockutils.py:525}}
Aug 31 12:40:04.297649 np0000191609 devstack@n-api-meta.service[106708]: DEBUG oslo_concurrency.lockutils [None req-737a24e2-df51-4d61-a8e8-d1ab4513fc3d None None] Lock "5078bd4a-1697-4375-960f-53a406410955" "released" by "nova.context.set_target_cell..get_or_set_cached_cell_and_set_connections" :: held 0.001s {{(pid=106708) inner /opt/stack/data/venv/lib/python3.12/site-packages/oslo_concurrency/lockutils.py:544}}
Aug 31 12:40:04.301965 np0000191609 devstack@n-api-meta.service[106708]: INFO dbcounter [None req-737a24e2-df51-4d61-a8e8-d1ab4513fc3d None None] Registered counter for database nova_cell0
Aug 31 12:40:04.307837 np0000191609 devstack@n-api-meta.service[106708]: INFO dbcounter [None req-737a24e2-df51-4d61-a8e8-d1ab4513fc3d None None] Registered counter for database nova_cell1
Aug 31 12:40:04.370012 np0000191609 devstack@n-api-meta.service[106706]: DEBUG oslo_db.sqlalchemy.engines [None req-aed284cd-1927-4e7c-a7ce-5f65a77c3d90 None None] MySQL server mode set to STRICT_TRANS_TABLES,STRICT_ALL_TABLES,NO_ZERO_IN_DATE,NO_ZERO_DATE,ERROR_FOR_DIVISION_BY_ZERO,TRADITIONAL,NO_ENGINE_SUBSTITUTION {{(pid=106706) _check_effective_sql_mode /opt/stack/data/venv/lib/python3.12/site-packages/oslo_db/sqlalchemy/engines.py:325}}
Aug 31 12:40:04.375270 np0000191609 devstack@n-api-meta.service[106705]: DEBUG dbcounter [-] [106705] Writer thread running {{(pid=106705) stat_writer /opt/stack/data/venv/lib/python3.12/site-packages/dbcounter.py:102}}
Aug 31 12:40:04.378645 np0000191609 devstack@n-api-meta.service[106707]: DEBUG dbcounter [-] [106707] Writer thread running {{(pid=106707) stat_writer /opt/stack/data/venv/lib/python3.12/site-packages/dbcounter.py:102}}
Aug 31 12:40:04.380937 np0000191609 devstack@n-api-meta.service[106705]: DEBUG dbcounter [-] [106705] Writer thread running {{(pid=106705) stat_writer /opt/stack/data/venv/lib/python3.12/site-packages/dbcounter.py:102}}
Aug 31 12:40:04.382561 np0000191609 devstack@n-api-meta.service[106706]: DEBUG oslo_db.sqlalchemy.engines [None req-aed284cd-1927-4e7c-a7ce-5f65a77c3d90 None None] MySQL server mode set to STRICT_TRANS_TABLES,STRICT_ALL_TABLES,NO_ZERO_IN_DATE,NO_ZERO_DATE,ERROR_FOR_DIVISION_BY_ZERO,TRADITIONAL,NO_ENGINE_SUBSTITUTION {{(pid=106706) _check_effective_sql_mode /opt/stack/data/venv/lib/python3.12/site-packages/oslo_db/sqlalchemy/engines.py:325}}
Aug 31 12:40:04.383346 np0000191609 devstack@n-api-meta.service[106708]: DEBUG oslo_db.sqlalchemy.engines [None req-737a24e2-df51-4d61-a8e8-d1ab4513fc3d None None] MySQL server mode set to STRICT_TRANS_TABLES,STRICT_ALL_TABLES,NO_ZERO_IN_DATE,NO_ZERO_DATE,ERROR_FOR_DIVISION_BY_ZERO,TRADITIONAL,NO_ENGINE_SUBSTITUTION {{(pid=106708) _check_effective_sql_mode /opt/stack/data/venv/lib/python3.12/site-packages/oslo_db/sqlalchemy/engines.py:325}}
Aug 31 12:40:04.385131 np0000191609 devstack@n-api-meta.service[106705]: INFO dbcounter [None req-d48691a6-8a72-42b0-92ef-df9a3889f3b6 None None] Registered counter for database nova_cell0
Aug 31 12:40:04.385527 np0000191609 devstack@n-api-meta.service[106707]: DEBUG dbcounter [-] [106707] Writer thread running {{(pid=106707) stat_writer /opt/stack/data/venv/lib/python3.12/site-packages/dbcounter.py:102}}
Aug 31 12:40:04.390124 np0000191609 devstack@n-api-meta.service[106707]: INFO dbcounter [None req-6d54b94f-761e-4e9a-a1d0-db6bc3bb9565 None None] Registered counter for database nova_cell0
Aug 31 12:40:04.399431 np0000191609 devstack@n-api-meta.service[106708]: DEBUG oslo_db.sqlalchemy.engines [None req-737a24e2-df51-4d61-a8e8-d1ab4513fc3d None None] MySQL server mode set to STRICT_TRANS_TABLES,STRICT_ALL_TABLES,NO_ZERO_IN_DATE,NO_ZERO_DATE,ERROR_FOR_DIVISION_BY_ZERO,TRADITIONAL,NO_ENGINE_SUBSTITUTION {{(pid=106708) _check_effective_sql_mode /opt/stack/data/venv/lib/python3.12/site-packages/oslo_db/sqlalchemy/engines.py:325}}
Aug 31 12:40:04.446970 np0000191609 devstack@n-api-meta.service[106707]: DEBUG oslo_db.sqlalchemy.engines [None req-6d54b94f-761e-4e9a-a1d0-db6bc3bb9565 None None] MySQL server mode set to STRICT_TRANS_TABLES,STRICT_ALL_TABLES,NO_ZERO_IN_DATE,NO_ZERO_DATE,ERROR_FOR_DIVISION_BY_ZERO,TRADITIONAL,NO_ENGINE_SUBSTITUTION {{(pid=106707) _check_effective_sql_mode /opt/stack/data/venv/lib/python3.12/site-packages/oslo_db/sqlalchemy/engines.py:325}}
Aug 31 12:40:04.455213 np0000191609 devstack@n-api-meta.service[106707]: DEBUG dbcounter [-] [106707] Writer thread running {{(pid=106707) stat_writer /opt/stack/data/venv/lib/python3.12/site-packages/dbcounter.py:102}}
Aug 31 12:40:04.456151 np0000191609 devstack@n-api-meta.service[106706]: DEBUG dbcounter [-] [106706] Writer thread running {{(pid=106706) stat_writer /opt/stack/data/venv/lib/python3.12/site-packages/dbcounter.py:102}}
Aug 31 12:40:04.456450 np0000191609 devstack@n-api-meta.service[106705]: DEBUG oslo_db.sqlalchemy.engines [None req-d48691a6-8a72-42b0-92ef-df9a3889f3b6 None None] MySQL server mode set to STRICT_TRANS_TABLES,STRICT_ALL_TABLES,NO_ZERO_IN_DATE,NO_ZERO_DATE,ERROR_FOR_DIVISION_BY_ZERO,TRADITIONAL,NO_ENGINE_SUBSTITUTION {{(pid=106705) _check_effective_sql_mode /opt/stack/data/venv/lib/python3.12/site-packages/oslo_db/sqlalchemy/engines.py:325}}
Aug 31 12:40:04.464482 np0000191609 devstack@n-api-meta.service[106706]: DEBUG dbcounter [-] [106706] Writer thread running {{(pid=106706) stat_writer /opt/stack/data/venv/lib/python3.12/site-packages/dbcounter.py:102}}
Aug 31 12:40:04.465956 np0000191609 devstack@n-api-meta.service[106705]: DEBUG dbcounter [-] [106705] Writer thread running {{(pid=106705) stat_writer /opt/stack/data/venv/lib/python3.12/site-packages/dbcounter.py:102}}
Aug 31 12:40:04.469796 np0000191609 devstack@n-api-meta.service[106706]: INFO dbcounter [None req-aed284cd-1927-4e7c-a7ce-5f65a77c3d90 None None] Registered counter for database nova_cell0
Aug 31 12:40:04.505347 np0000191609 devstack@n-api-meta.service[106708]: DEBUG dbcounter [-] [106708] Writer thread running {{(pid=106708) stat_writer /opt/stack/data/venv/lib/python3.12/site-packages/dbcounter.py:102}}
Aug 31 12:40:04.511916 np0000191609 devstack@n-api-meta.service[106708]: DEBUG dbcounter [-] [106708] Writer thread running {{(pid=106708) stat_writer /opt/stack/data/venv/lib/python3.12/site-packages/dbcounter.py:102}}
Aug 31 12:40:04.513590 np0000191609 devstack@n-api-meta.service[106707]: WARNING nova.api.metadata.handler [None req-6d54b94f-761e-4e9a-a1d0-db6bc3bb9565 None None] metadata_proxy_shared_secret is not configured, the metadata information returned by the proxy cannot be trusted
Aug 31 12:40:04.515809 np0000191609 devstack@n-api-meta.service[106707]: DEBUG nova.api.openstack.wsgi_app [None req-6d54b94f-761e-4e9a-a1d0-db6bc3bb9565 None None] ******************************************************************************** {{(pid=106707) log_opt_values /opt/stack/data/venv/lib/python3.12/site-packages/oslo_config/cfg.py:3533}}
Aug 31 12:40:04.515948 np0000191609 devstack@n-api-meta.service[106707]: DEBUG nova.api.openstack.wsgi_app [None req-6d54b94f-761e-4e9a-a1d0-db6bc3bb9565 None None] Configuration options gathered from: {{(pid=106707) log_opt_values /opt/stack/data/venv/lib/python3.12/site-packages/oslo_config/cfg.py:3534}}
Aug 31 12:40:04.516054 np0000191609 devstack@n-api-meta.service[106707]: DEBUG nova.api.openstack.wsgi_app [None req-6d54b94f-761e-4e9a-a1d0-db6bc3bb9565 None None] command line args: [] {{(pid=106707) log_opt_values /opt/stack/data/venv/lib/python3.12/site-packages/oslo_config/cfg.py:3535}}
Aug 31 12:40:04.516196 np0000191609 devstack@n-api-meta.service[106707]: DEBUG nova.api.openstack.wsgi_app [None req-6d54b94f-761e-4e9a-a1d0-db6bc3bb9565 None None] config files: ['/etc/nova/api-paste.ini', '/etc/nova/nova.conf'] {{(pid=106707) log_opt_values /opt/stack/data/venv/lib/python3.12/site-packages/oslo_config/cfg.py:3536}}
Aug 31 12:40:04.516267 np0000191609 devstack@n-api-meta.service[106707]: DEBUG nova.api.openstack.wsgi_app [None req-6d54b94f-761e-4e9a-a1d0-db6bc3bb9565 None None] ================================================================================ {{(pid=106707) log_opt_values /opt/stack/data/venv/lib/python3.12/site-packages/oslo_config/cfg.py:3541}}
Aug 31 12:40:04.516453 np0000191609 devstack@n-api-meta.service[106707]: DEBUG nova.api.openstack.wsgi_app [None req-6d54b94f-761e-4e9a-a1d0-db6bc3bb9565 None None] allow_resize_to_same_host = True {{(pid=106707) log_opt_values /opt/stack/data/venv/lib/python3.12/site-packages/oslo_config/cfg.py:3549}}
Aug 31 12:40:04.516570 np0000191609 devstack@n-api-meta.service[106707]: DEBUG nova.api.openstack.wsgi_app [None req-6d54b94f-761e-4e9a-a1d0-db6bc3bb9565 None None] arq_binding_timeout = 300 {{(pid=106707) log_opt_values /opt/stack/data/venv/lib/python3.12/site-packages/oslo_config/cfg.py:3549}}
Aug 31 12:40:04.516714 np0000191609 devstack@n-api-meta.service[106707]: DEBUG nova.api.openstack.wsgi_app [None req-6d54b94f-761e-4e9a-a1d0-db6bc3bb9565 None None] block_device_allocate_retries = 60 {{(pid=106707) log_opt_values /opt/stack/data/venv/lib/python3.12/site-packages/oslo_config/cfg.py:3549}}
Aug 31 12:40:04.516836 np0000191609 devstack@n-api-meta.service[106707]: DEBUG nova.api.openstack.wsgi_app [None req-6d54b94f-761e-4e9a-a1d0-db6bc3bb9565 None None] block_device_allocate_retries_interval = 3 {{(pid=106707) log_opt_values /opt/stack/data/venv/lib/python3.12/site-packages/oslo_config/cfg.py:3549}}
Aug 31 12:40:04.517024 np0000191609 devstack@n-api-meta.service[106707]: DEBUG nova.api.openstack.wsgi_app [None req-6d54b94f-761e-4e9a-a1d0-db6bc3bb9565 None None] cell_worker_thread_pool_size = 5 {{(pid=106707) log_opt_values /opt/stack/data/venv/lib/python3.12/site-packages/oslo_config/cfg.py:3549}}
Aug 31 12:40:04.517141 np0000191609 devstack@n-api-meta.service[106707]: DEBUG nova.api.openstack.wsgi_app [None req-6d54b94f-761e-4e9a-a1d0-db6bc3bb9565 None None] cert = self.pem {{(pid=106707) log_opt_values /opt/stack/data/venv/lib/python3.12/site-packages/oslo_config/cfg.py:3549}}
Aug 31 12:40:04.517205 np0000191609 devstack@n-api-meta.service[106708]: INFO dbcounter [None req-737a24e2-df51-4d61-a8e8-d1ab4513fc3d None None] Registered counter for database nova_cell0
Aug 31 12:40:04.517263 np0000191609 devstack@n-api-meta.service[106707]: DEBUG nova.api.openstack.wsgi_app [None req-6d54b94f-761e-4e9a-a1d0-db6bc3bb9565 None None] compute_driver = libvirt.LibvirtDriver {{(pid=106707) log_opt_values /opt/stack/data/venv/lib/python3.12/site-packages/oslo_config/cfg.py:3549}}
Aug 31 12:40:04.517412 np0000191609 devstack@n-api-meta.service[106707]: DEBUG nova.api.openstack.wsgi_app [None req-6d54b94f-761e-4e9a-a1d0-db6bc3bb9565 None None] compute_monitors = [] {{(pid=106707) log_opt_values /opt/stack/data/venv/lib/python3.12/site-packages/oslo_config/cfg.py:3549}}
Aug 31 12:40:04.517571 np0000191609 devstack@n-api-meta.service[106707]: DEBUG nova.api.openstack.wsgi_app [None req-6d54b94f-761e-4e9a-a1d0-db6bc3bb9565 None None] concurrency_backend = auto {{(pid=106707) log_opt_values /opt/stack/data/venv/lib/python3.12/site-packages/oslo_config/cfg.py:3549}}
Aug 31 12:40:04.517712 np0000191609 devstack@n-api-meta.service[106707]: DEBUG nova.api.openstack.wsgi_app [None req-6d54b94f-761e-4e9a-a1d0-db6bc3bb9565 None None] config_dir = [] {{(pid=106707) log_opt_values /opt/stack/data/venv/lib/python3.12/site-packages/oslo_config/cfg.py:3549}}
Aug 31 12:40:04.517838 np0000191609 devstack@n-api-meta.service[106707]: DEBUG nova.api.openstack.wsgi_app [None req-6d54b94f-761e-4e9a-a1d0-db6bc3bb9565 None None] config_drive_format = iso9660 {{(pid=106707) log_opt_values /opt/stack/data/venv/lib/python3.12/site-packages/oslo_config/cfg.py:3549}}
Aug 31 12:40:04.517938 np0000191609 devstack@n-api-meta.service[106707]: DEBUG nova.api.openstack.wsgi_app [None req-6d54b94f-761e-4e9a-a1d0-db6bc3bb9565 None None] config_file = ['/etc/nova/api-paste.ini', '/etc/nova/nova.conf'] {{(pid=106707) log_opt_values /opt/stack/data/venv/lib/python3.12/site-packages/oslo_config/cfg.py:3549}}
Aug 31 12:40:04.518072 np0000191609 devstack@n-api-meta.service[106707]: DEBUG nova.api.openstack.wsgi_app [None req-6d54b94f-761e-4e9a-a1d0-db6bc3bb9565 None None] config_source = [] {{(pid=106707) log_opt_values /opt/stack/data/venv/lib/python3.12/site-packages/oslo_config/cfg.py:3549}}
Aug 31 12:40:04.518203 np0000191609 devstack@n-api-meta.service[106707]: DEBUG nova.api.openstack.wsgi_app [None req-6d54b94f-761e-4e9a-a1d0-db6bc3bb9565 None None] console_host = np0000191609 {{(pid=106707) log_opt_values /opt/stack/data/venv/lib/python3.12/site-packages/oslo_config/cfg.py:3549}}
Aug 31 12:40:04.518328 np0000191609 devstack@n-api-meta.service[106707]: DEBUG nova.api.openstack.wsgi_app [None req-6d54b94f-761e-4e9a-a1d0-db6bc3bb9565 None None] control_exchange = nova {{(pid=106707) log_opt_values /opt/stack/data/venv/lib/python3.12/site-packages/oslo_config/cfg.py:3549}}
Aug 31 12:40:04.518445 np0000191609 devstack@n-api-meta.service[106707]: DEBUG nova.api.openstack.wsgi_app [None req-6d54b94f-761e-4e9a-a1d0-db6bc3bb9565 None None] cpu_allocation_ratio = None {{(pid=106707) log_opt_values /opt/stack/data/venv/lib/python3.12/site-packages/oslo_config/cfg.py:3549}}
Aug 31 12:40:04.518563 np0000191609 devstack@n-api-meta.service[106707]: DEBUG nova.api.openstack.wsgi_app [None req-6d54b94f-761e-4e9a-a1d0-db6bc3bb9565 None None] daemon = False {{(pid=106707) log_opt_values /opt/stack/data/venv/lib/python3.12/site-packages/oslo_config/cfg.py:3549}}
Aug 31 12:40:04.518700 np0000191609 devstack@n-api-meta.service[106707]: DEBUG nova.api.openstack.wsgi_app [None req-6d54b94f-761e-4e9a-a1d0-db6bc3bb9565 None None] debug = True {{(pid=106707) log_opt_values /opt/stack/data/venv/lib/python3.12/site-packages/oslo_config/cfg.py:3549}}
Aug 31 12:40:04.518818 np0000191609 devstack@n-api-meta.service[106707]: DEBUG nova.api.openstack.wsgi_app [None req-6d54b94f-761e-4e9a-a1d0-db6bc3bb9565 None None] default_access_ip_network_name = None {{(pid=106707) log_opt_values /opt/stack/data/venv/lib/python3.12/site-packages/oslo_config/cfg.py:3549}}
Aug 31 12:40:04.518956 np0000191609 devstack@n-api-meta.service[106707]: DEBUG nova.api.openstack.wsgi_app [None req-6d54b94f-761e-4e9a-a1d0-db6bc3bb9565 None None] default_availability_zone = nova {{(pid=106707) log_opt_values /opt/stack/data/venv/lib/python3.12/site-packages/oslo_config/cfg.py:3549}}
Aug 31 12:40:04.519079 np0000191609 devstack@n-api-meta.service[106707]: DEBUG nova.api.openstack.wsgi_app [None req-6d54b94f-761e-4e9a-a1d0-db6bc3bb9565 None None] default_ephemeral_format = ext4 {{(pid=106707) log_opt_values /opt/stack/data/venv/lib/python3.12/site-packages/oslo_config/cfg.py:3549}}
Aug 31 12:40:04.519199 np0000191609 devstack@n-api-meta.service[106707]: DEBUG nova.api.openstack.wsgi_app [None req-6d54b94f-761e-4e9a-a1d0-db6bc3bb9565 None None] default_green_pool_size = 1000 {{(pid=106707) log_opt_values /opt/stack/data/venv/lib/python3.12/site-packages/oslo_config/cfg.py:3549}}
Aug 31 12:40:04.519419 np0000191609 devstack@n-api-meta.service[106707]: DEBUG nova.api.openstack.wsgi_app [None req-6d54b94f-761e-4e9a-a1d0-db6bc3bb9565 None None] default_log_levels = ['amqp=WARN', 'boto=WARN', 'sqlalchemy=WARN', 'suds=INFO', 'oslo.messaging=INFO', 'oslo_messaging=INFO', 'iso8601=WARN', 'requests.packages.urllib3.connectionpool=WARN', 'urllib3.connectionpool=WARN', 'websocket=WARN', 'requests.packages.urllib3.util.retry=WARN', 'urllib3.util.retry=WARN', 'keystonemiddleware=WARN', 'routes.middleware=WARN', 'stevedore=WARN', 'taskflow=WARN', 'keystoneauth=WARN', 'oslo.cache=INFO', 'oslo_policy=INFO', 'dogpile.core.dogpile=INFO', 'glanceclient=WARN', 'oslo.privsep.daemon=INFO'] {{(pid=106707) log_opt_values /opt/stack/data/venv/lib/python3.12/site-packages/oslo_config/cfg.py:3549}}
Aug 31 12:40:04.519557 np0000191609 devstack@n-api-meta.service[106707]: DEBUG nova.api.openstack.wsgi_app [None req-6d54b94f-761e-4e9a-a1d0-db6bc3bb9565 None None] default_schedule_zone = None {{(pid=106707) log_opt_values /opt/stack/data/venv/lib/python3.12/site-packages/oslo_config/cfg.py:3549}}
Aug 31 12:40:04.519660 np0000191609 devstack@n-api-meta.service[106707]: DEBUG nova.api.openstack.wsgi_app [None req-6d54b94f-761e-4e9a-a1d0-db6bc3bb9565 None None] default_thread_pool_size = 10 {{(pid=106707) log_opt_values /opt/stack/data/venv/lib/python3.12/site-packages/oslo_config/cfg.py:3549}}
Aug 31 12:40:04.519766 np0000191609 devstack@n-api-meta.service[106707]: DEBUG nova.api.openstack.wsgi_app [None req-6d54b94f-761e-4e9a-a1d0-db6bc3bb9565 None None] disk_allocation_ratio = None {{(pid=106707) log_opt_values /opt/stack/data/venv/lib/python3.12/site-packages/oslo_config/cfg.py:3549}}
Aug 31 12:40:04.519896 np0000191609 devstack@n-api-meta.service[106707]: DEBUG nova.api.openstack.wsgi_app [None req-6d54b94f-761e-4e9a-a1d0-db6bc3bb9565 None None] enable_new_services = True {{(pid=106707) log_opt_values /opt/stack/data/venv/lib/python3.12/site-packages/oslo_config/cfg.py:3549}}
Aug 31 12:40:04.520016 np0000191609 devstack@n-api-meta.service[106707]: DEBUG nova.api.openstack.wsgi_app [None req-6d54b94f-761e-4e9a-a1d0-db6bc3bb9565 None None] flat_injected = False {{(pid=106707) log_opt_values /opt/stack/data/venv/lib/python3.12/site-packages/oslo_config/cfg.py:3549}}
Aug 31 12:40:04.520133 np0000191609 devstack@n-api-meta.service[106707]: DEBUG nova.api.openstack.wsgi_app [None req-6d54b94f-761e-4e9a-a1d0-db6bc3bb9565 None None] force_config_drive = False {{(pid=106707) log_opt_values /opt/stack/data/venv/lib/python3.12/site-packages/oslo_config/cfg.py:3549}}
Aug 31 12:40:04.520249 np0000191609 devstack@n-api-meta.service[106707]: DEBUG nova.api.openstack.wsgi_app [None req-6d54b94f-761e-4e9a-a1d0-db6bc3bb9565 None None] force_raw_images = True {{(pid=106707) log_opt_values /opt/stack/data/venv/lib/python3.12/site-packages/oslo_config/cfg.py:3549}}
Aug 31 12:40:04.520379 np0000191609 devstack@n-api-meta.service[106707]: DEBUG nova.api.openstack.wsgi_app [None req-6d54b94f-761e-4e9a-a1d0-db6bc3bb9565 None None] graceful_shutdown_timeout = 5 {{(pid=106707) log_opt_values /opt/stack/data/venv/lib/python3.12/site-packages/oslo_config/cfg.py:3549}}
Aug 31 12:40:04.520500 np0000191609 devstack@n-api-meta.service[106707]: DEBUG nova.api.openstack.wsgi_app [None req-6d54b94f-761e-4e9a-a1d0-db6bc3bb9565 None None] heal_instance_info_cache_interval = -1 {{(pid=106707) log_opt_values /opt/stack/data/venv/lib/python3.12/site-packages/oslo_config/cfg.py:3549}}
Aug 31 12:40:04.520671 np0000191609 devstack@n-api-meta.service[106707]: DEBUG nova.api.openstack.wsgi_app [None req-6d54b94f-761e-4e9a-a1d0-db6bc3bb9565 None None] host = np0000191609 {{(pid=106707) log_opt_values /opt/stack/data/venv/lib/python3.12/site-packages/oslo_config/cfg.py:3549}}
Aug 31 12:40:04.520797 np0000191609 devstack@n-api-meta.service[106707]: DEBUG nova.api.openstack.wsgi_app [None req-6d54b94f-761e-4e9a-a1d0-db6bc3bb9565 None None] initial_cpu_allocation_ratio = 4.0 {{(pid=106707) log_opt_values /opt/stack/data/venv/lib/python3.12/site-packages/oslo_config/cfg.py:3549}}
Aug 31 12:40:04.520952 np0000191609 devstack@n-api-meta.service[106707]: DEBUG nova.api.openstack.wsgi_app [None req-6d54b94f-761e-4e9a-a1d0-db6bc3bb9565 None None] initial_disk_allocation_ratio = 1.0 {{(pid=106707) log_opt_values /opt/stack/data/venv/lib/python3.12/site-packages/oslo_config/cfg.py:3549}}
Aug 31 12:40:04.521072 np0000191609 devstack@n-api-meta.service[106707]: DEBUG nova.api.openstack.wsgi_app [None req-6d54b94f-761e-4e9a-a1d0-db6bc3bb9565 None None] initial_ram_allocation_ratio = 1.0 {{(pid=106707) log_opt_values /opt/stack/data/venv/lib/python3.12/site-packages/oslo_config/cfg.py:3549}}
Aug 31 12:40:04.521238 np0000191609 devstack@n-api-meta.service[106707]: DEBUG nova.api.openstack.wsgi_app [None req-6d54b94f-761e-4e9a-a1d0-db6bc3bb9565 None None] injected_network_template = /opt/stack/nova/nova/virt/interfaces.template {{(pid=106707) log_opt_values /opt/stack/data/venv/lib/python3.12/site-packages/oslo_config/cfg.py:3549}}
Aug 31 12:40:04.521362 np0000191609 devstack@n-api-meta.service[106707]: DEBUG nova.api.openstack.wsgi_app [None req-6d54b94f-761e-4e9a-a1d0-db6bc3bb9565 None None] instance_build_timeout = 0 {{(pid=106707) log_opt_values /opt/stack/data/venv/lib/python3.12/site-packages/oslo_config/cfg.py:3549}}
Aug 31 12:40:04.521481 np0000191609 devstack@n-api-meta.service[106707]: DEBUG nova.api.openstack.wsgi_app [None req-6d54b94f-761e-4e9a-a1d0-db6bc3bb9565 None None] instance_delete_interval = 300 {{(pid=106707) log_opt_values /opt/stack/data/venv/lib/python3.12/site-packages/oslo_config/cfg.py:3549}}
Aug 31 12:40:04.521652 np0000191609 devstack@n-api-meta.service[106707]: DEBUG nova.api.openstack.wsgi_app [None req-6d54b94f-761e-4e9a-a1d0-db6bc3bb9565 None None] instance_format = [instance: %(uuid)s] {{(pid=106707) log_opt_values /opt/stack/data/venv/lib/python3.12/site-packages/oslo_config/cfg.py:3549}}
Aug 31 12:40:04.521795 np0000191609 devstack@n-api-meta.service[106707]: DEBUG nova.api.openstack.wsgi_app [None req-6d54b94f-761e-4e9a-a1d0-db6bc3bb9565 None None] instance_name_template = instance-%08x {{(pid=106707) log_opt_values /opt/stack/data/venv/lib/python3.12/site-packages/oslo_config/cfg.py:3549}}
Aug 31 12:40:04.521936 np0000191609 devstack@n-api-meta.service[106707]: DEBUG nova.api.openstack.wsgi_app [None req-6d54b94f-761e-4e9a-a1d0-db6bc3bb9565 None None] instance_usage_audit = False {{(pid=106707) log_opt_values /opt/stack/data/venv/lib/python3.12/site-packages/oslo_config/cfg.py:3549}}
Aug 31 12:40:04.522062 np0000191609 devstack@n-api-meta.service[106707]: DEBUG nova.api.openstack.wsgi_app [None req-6d54b94f-761e-4e9a-a1d0-db6bc3bb9565 None None] instance_usage_audit_period = month {{(pid=106707) log_opt_values /opt/stack/data/venv/lib/python3.12/site-packages/oslo_config/cfg.py:3549}}
Aug 31 12:40:04.522185 np0000191609 devstack@n-api-meta.service[106707]: DEBUG nova.api.openstack.wsgi_app [None req-6d54b94f-761e-4e9a-a1d0-db6bc3bb9565 None None] instance_uuid_format = [instance: %(uuid)s] {{(pid=106707) log_opt_values /opt/stack/data/venv/lib/python3.12/site-packages/oslo_config/cfg.py:3549}}
Aug 31 12:40:04.522307 np0000191609 devstack@n-api-meta.service[106707]: DEBUG nova.api.openstack.wsgi_app [None req-6d54b94f-761e-4e9a-a1d0-db6bc3bb9565 None None] instances_path = /opt/stack/data/nova/instances {{(pid=106707) log_opt_values /opt/stack/data/venv/lib/python3.12/site-packages/oslo_config/cfg.py:3549}}
Aug 31 12:40:04.522431 np0000191609 devstack@n-api-meta.service[106707]: DEBUG nova.api.openstack.wsgi_app [None req-6d54b94f-761e-4e9a-a1d0-db6bc3bb9565 None None] internal_service_availability_zone = internal {{(pid=106707) log_opt_values /opt/stack/data/venv/lib/python3.12/site-packages/oslo_config/cfg.py:3549}}
Aug 31 12:40:04.522547 np0000191609 devstack@n-api-meta.service[106707]: DEBUG nova.api.openstack.wsgi_app [None req-6d54b94f-761e-4e9a-a1d0-db6bc3bb9565 None None] key = None {{(pid=106707) log_opt_values /opt/stack/data/venv/lib/python3.12/site-packages/oslo_config/cfg.py:3549}}
Aug 31 12:40:04.522680 np0000191609 devstack@n-api-meta.service[106707]: DEBUG nova.api.openstack.wsgi_app [None req-6d54b94f-761e-4e9a-a1d0-db6bc3bb9565 None None] live_migration_retry_count = 30 {{(pid=106707) log_opt_values /opt/stack/data/venv/lib/python3.12/site-packages/oslo_config/cfg.py:3549}}
Aug 31 12:40:04.522807 np0000191609 devstack@n-api-meta.service[106707]: DEBUG nova.api.openstack.wsgi_app [None req-6d54b94f-761e-4e9a-a1d0-db6bc3bb9565 None None] log_color = False {{(pid=106707) log_opt_values /opt/stack/data/venv/lib/python3.12/site-packages/oslo_config/cfg.py:3549}}
Aug 31 12:40:04.522953 np0000191609 devstack@n-api-meta.service[106707]: DEBUG nova.api.openstack.wsgi_app [None req-6d54b94f-761e-4e9a-a1d0-db6bc3bb9565 None None] log_config_append = None {{(pid=106707) log_opt_values /opt/stack/data/venv/lib/python3.12/site-packages/oslo_config/cfg.py:3549}}
Aug 31 12:40:04.523092 np0000191609 devstack@n-api-meta.service[106707]: DEBUG nova.api.openstack.wsgi_app [None req-6d54b94f-761e-4e9a-a1d0-db6bc3bb9565 None None] log_date_format = %Y-%m-%d %H:%M:%S {{(pid=106707) log_opt_values /opt/stack/data/venv/lib/python3.12/site-packages/oslo_config/cfg.py:3549}}
Aug 31 12:40:04.523211 np0000191609 devstack@n-api-meta.service[106707]: DEBUG nova.api.openstack.wsgi_app [None req-6d54b94f-761e-4e9a-a1d0-db6bc3bb9565 None None] log_dir = None {{(pid=106707) log_opt_values /opt/stack/data/venv/lib/python3.12/site-packages/oslo_config/cfg.py:3549}}
Aug 31 12:40:04.523329 np0000191609 devstack@n-api-meta.service[106707]: DEBUG nova.api.openstack.wsgi_app [None req-6d54b94f-761e-4e9a-a1d0-db6bc3bb9565 None None] log_file = None {{(pid=106707) log_opt_values /opt/stack/data/venv/lib/python3.12/site-packages/oslo_config/cfg.py:3549}}
Aug 31 12:40:04.523431 np0000191609 devstack@n-api-meta.service[106707]: DEBUG nova.api.openstack.wsgi_app [None req-6d54b94f-761e-4e9a-a1d0-db6bc3bb9565 None None] log_options = True {{(pid=106707) log_opt_values /opt/stack/data/venv/lib/python3.12/site-packages/oslo_config/cfg.py:3549}}
Aug 31 12:40:04.523552 np0000191609 devstack@n-api-meta.service[106707]: DEBUG nova.api.openstack.wsgi_app [None req-6d54b94f-761e-4e9a-a1d0-db6bc3bb9565 None None] log_rotate_interval = 1 {{(pid=106707) log_opt_values /opt/stack/data/venv/lib/python3.12/site-packages/oslo_config/cfg.py:3549}}
Aug 31 12:40:04.523692 np0000191609 devstack@n-api-meta.service[106707]: DEBUG nova.api.openstack.wsgi_app [None req-6d54b94f-761e-4e9a-a1d0-db6bc3bb9565 None None] log_rotate_interval_type = days {{(pid=106707) log_opt_values /opt/stack/data/venv/lib/python3.12/site-packages/oslo_config/cfg.py:3549}}
Aug 31 12:40:04.523818 np0000191609 devstack@n-api-meta.service[106707]: DEBUG nova.api.openstack.wsgi_app [None req-6d54b94f-761e-4e9a-a1d0-db6bc3bb9565 None None] log_rotation_type = none {{(pid=106707) log_opt_values /opt/stack/data/venv/lib/python3.12/site-packages/oslo_config/cfg.py:3549}}
Aug 31 12:40:04.523930 np0000191609 devstack@n-api-meta.service[106707]: DEBUG nova.api.openstack.wsgi_app [None req-6d54b94f-761e-4e9a-a1d0-db6bc3bb9565 None None] logging_context_format_string = %(color)s%(levelname)s %(name)s [%(global_request_id)s %(request_id)s %(project_name)s %(user_name)s%(color)s] %(instance)s%(color)s%(message)s {{(pid=106707) log_opt_values /opt/stack/data/venv/lib/python3.12/site-packages/oslo_config/cfg.py:3549}}
Aug 31 12:40:04.524018 np0000191609 devstack@n-api-meta.service[106707]: DEBUG nova.api.openstack.wsgi_app [None req-6d54b94f-761e-4e9a-a1d0-db6bc3bb9565 None None] logging_debug_format_suffix = {{(pid=%(process)d) %(funcName)s %(pathname)s:%(lineno)d}} {{(pid=106707) log_opt_values /opt/stack/data/venv/lib/python3.12/site-packages/oslo_config/cfg.py:3549}}
Aug 31 12:40:04.524162 np0000191609 devstack@n-api-meta.service[106707]: DEBUG nova.api.openstack.wsgi_app [None req-6d54b94f-761e-4e9a-a1d0-db6bc3bb9565 None None] logging_default_format_string = %(color)s%(levelname)s %(name)s [-%(color)s] %(instance)s%(color)s%(message)s {{(pid=106707) log_opt_values /opt/stack/data/venv/lib/python3.12/site-packages/oslo_config/cfg.py:3549}}
Aug 31 12:40:04.524286 np0000191609 devstack@n-api-meta.service[106707]: DEBUG nova.api.openstack.wsgi_app [None req-6d54b94f-761e-4e9a-a1d0-db6bc3bb9565 None None] logging_exception_prefix = ERROR %(name)s %(instance)s {{(pid=106707) log_opt_values /opt/stack/data/venv/lib/python3.12/site-packages/oslo_config/cfg.py:3549}}
