+ COMMAND=start + start + for KEYSTONE_WSGI_SCRIPT in keystone-wsgi-public ++ type -p keystone-wsgi-public + cp -a /var/lib/openstack/bin/keystone-wsgi-public /var/www/cgi-bin/keystone/ + '[' -f /etc/apache2/envvars ']' + source /etc/apache2/envvars ++ unset HOME ++ '[' '' '!=' '' ']' ++ SUFFIX= ++ export APACHE_RUN_USER=www-data ++ APACHE_RUN_USER=www-data ++ export APACHE_RUN_GROUP=www-data ++ APACHE_RUN_GROUP=www-data ++ export APACHE_PID_FILE=/var/run/apache2/apache2.pid ++ APACHE_PID_FILE=/var/run/apache2/apache2.pid ++ export APACHE_RUN_DIR=/var/run/apache2 ++ APACHE_RUN_DIR=/var/run/apache2 ++ export APACHE_LOCK_DIR=/var/lock/apache2 ++ APACHE_LOCK_DIR=/var/lock/apache2 ++ export APACHE_LOG_DIR=/var/log/apache2 ++ APACHE_LOG_DIR=/var/log/apache2 ++ export LANG=C ++ LANG=C ++ export LANG + '[' -f /var/run/apache2/apache2.pid ']' + exec apache2 -DFOREGROUND AH00558: apache2: Could not reliably determine the server's fully qualified domain name, using 10.0.0.217. Set the 'ServerName' directive globally to suppress this message AH00558: apache2: Could not reliably determine the server's fully qualified domain name, using 10.0.0.217. Set the 'ServerName' directive globally to suppress this message
[Fri Apr 24 21:06:31.505809 2026] [mpm_event:notice] [pid 1:tid 139963423184768] AH00489: Apache/2.4.58 (Ubuntu) mod_wsgi/5.0.0 Python/3.12 configured -- resuming normal operations
[Fri Apr 24 21:06:31.506037 2026] [core:notice] [pid 1:tid 139963423184768] AH00094: Command line: 'apache2 -D FOREGROUND'
[Fri Apr 24 21:07:30.433831 2026] [wsgi:error] [pid 11:tid 139962786412224] /var/lib/openstack/lib/python3.12/site-packages/oslo_utils/importutils.py:77: EventletDeprecationWarning:
[Fri Apr 24 21:07:30.433881 2026] [wsgi:error] [pid 11:tid 139962786412224] Eventlet is deprecated. It is currently being maintained in bugfix mode, and
[Fri Apr 24 21:07:30.433883 2026] [wsgi:error] [pid 11:tid 139962786412224] we strongly recommend against using it for new projects.
[Fri Apr 24 21:07:30.433884 2026] [wsgi:error] [pid 11:tid 139962786412224]
[Fri Apr 24 21:07:30.433885 2026] [wsgi:error] [pid 11:tid 139962786412224] If you are already using Eventlet, we recommend migrating to a different
[Fri Apr 24 21:07:30.433886 2026] [wsgi:error] [pid 11:tid 139962786412224] framework. For more detail see
[Fri Apr 24 21:07:30.433888 2026] [wsgi:error] [pid 11:tid 139962786412224] https://eventlet.readthedocs.io/en/latest/asyncio/migration.html
[Fri Apr 24 21:07:30.433889 2026] [wsgi:error] [pid 11:tid 139962786412224]
[Fri Apr 24 21:07:30.433890 2026] [wsgi:error] [pid 11:tid 139962786412224] __import__(import_str)
[Fri Apr 24 21:07:30.452825 2026] [wsgi:error] [pid 9:tid 139962786412224] /var/lib/openstack/lib/python3.12/site-packages/oslo_utils/importutils.py:77: EventletDeprecationWarning:
[Fri Apr 24 21:07:30.452868 2026] [wsgi:error] [pid 9:tid 139962786412224] Eventlet is deprecated. It is currently being maintained in bugfix mode, and
[Fri Apr 24 21:07:30.452870 2026] [wsgi:error] [pid 9:tid 139962786412224] we strongly recommend against using it for new projects.
[Fri Apr 24 21:07:30.452871 2026] [wsgi:error] [pid 9:tid 139962786412224]
[Fri Apr 24 21:07:30.452872 2026] [wsgi:error] [pid 9:tid 139962786412224] If you are already using Eventlet, we recommend migrating to a different
[Fri Apr 24 21:07:30.452873 2026] [wsgi:error] [pid 9:tid 139962786412224] framework. For more detail see
[Fri Apr 24 21:07:30.452875 2026] [wsgi:error] [pid 9:tid 139962786412224] https://eventlet.readthedocs.io/en/latest/asyncio/migration.html
[Fri Apr 24 21:07:30.452876 2026] [wsgi:error] [pid 9:tid 139962786412224]
[Fri Apr 24 21:07:30.452877 2026] [wsgi:error] [pid 9:tid 139962786412224] __import__(import_str) 10.0.0.18 - - [24/Apr/2026:21:07:29 +0000] "GET /v3/ HTTP/1.1" 200 250 10.0.0.18 - - [24/Apr/2026:21:07:29 +0000] "GET /v3/ HTTP/1.1" 200 250
[Fri Apr 24 21:07:42.333895 2026] [wsgi:error] [pid 10:tid 139962786412224] /var/lib/openstack/lib/python3.12/site-packages/oslo_utils/importutils.py:77: EventletDeprecationWarning:
[Fri Apr 24 21:07:42.333947 2026] [wsgi:error] [pid 10:tid 139962786412224] Eventlet is deprecated. It is currently being maintained in bugfix mode, and
[Fri Apr 24 21:07:42.333949 2026] [wsgi:error] [pid 10:tid 139962786412224] we strongly recommend against using it for new projects.
[Fri Apr 24 21:07:42.333950 2026] [wsgi:error] [pid 10:tid 139962786412224]
[Fri Apr 24 21:07:42.333951 2026] [wsgi:error] [pid 10:tid 139962786412224] If you are already using Eventlet, we recommend migrating to a different
[Fri Apr 24 21:07:42.333952 2026] [wsgi:error] [pid 10:tid 139962786412224] framework. For more detail see
[Fri Apr 24 21:07:42.333954 2026] [wsgi:error] [pid 10:tid 139962786412224] https://eventlet.readthedocs.io/en/latest/asyncio/migration.html
[Fri Apr 24 21:07:42.333955 2026] [wsgi:error] [pid 10:tid 139962786412224]
[Fri Apr 24 21:07:42.333956 2026] [wsgi:error] [pid 10:tid 139962786412224] __import__(import_str) 10.0.0.39 - - [24/Apr/2026:21:07:41 +0000] "GET / HTTP/1.1" 300 295
[Fri Apr 24 21:07:47.833308 2026] [wsgi:error] [pid 12:tid 139962786412224] /var/lib/openstack/lib/python3.12/site-packages/oslo_utils/importutils.py:77: EventletDeprecationWarning:
[Fri Apr 24 21:07:47.833435 2026] [wsgi:error] [pid 12:tid 139962786412224] Eventlet is deprecated. It is currently being maintained in bugfix mode, and
[Fri Apr 24 21:07:47.833448 2026] [wsgi:error] [pid 12:tid 139962786412224] we strongly recommend against using it for new projects.
[Fri Apr 24 21:07:47.833459 2026] [wsgi:error] [pid 12:tid 139962786412224]
[Fri Apr 24 21:07:47.833469 2026] [wsgi:error] [pid 12:tid 139962786412224] If you are already using Eventlet, we recommend migrating to a different
[Fri Apr 24 21:07:47.833480 2026] [wsgi:error] [pid 12:tid 139962786412224] framework. For more detail see
[Fri Apr 24 21:07:47.833491 2026] [wsgi:error] [pid 12:tid 139962786412224] https://eventlet.readthedocs.io/en/latest/asyncio/migration.html
[Fri Apr 24 21:07:47.833504 2026] [wsgi:error] [pid 12:tid 139962786412224]
[Fri Apr 24 21:07:47.833515 2026] [wsgi:error] [pid 12:tid 139962786412224] __import__(import_str)
[Fri Apr 24 21:07:52.558811 2026] [wsgi:error] [pid 12:tid 139962786412224] [remote 10.0.0.39:55882] 2026-04-24 21:07:52.555 12 WARNING keystone.identity.core [None req-576f2586-a92b-45f5-8e66-385700db8165 - - - - - -] Invalid domain name (atmosphere) found in config file name: keystone.exception.DomainNotFound: Could not find domain: atmosphere.
[Fri Apr 24 21:07:52.619112 2026] [wsgi:error] [pid 12:tid 139962786412224] [remote 10.0.0.39:55882] 2026-04-24 21:07:52.618 12 WARNING keystone.common.password_hashing [None req-576f2586-a92b-45f5-8e66-385700db8165 - - - - - -] Truncating password to algorithm specific maximum length 72 characters.
[Fri Apr 24 21:07:52.901900 2026] [wsgi:error] [pid 12:tid 139962786412224] [remote 10.0.0.39:55882] 2026-04-24 21:07:52.901 12 WARNING keystone.common.fernet_utils [None req-576f2586-a92b-45f5-8e66-385700db8165 - - - - - -] key_repository is world readable: /etc/keystone/fernet-keys/ 10.0.0.39 - - [24/Apr/2026:21:07:46 +0000] "POST /v3/auth/tokens HTTP/1.1" 201 1360
[Fri Apr 24 21:07:53.247571 2026] [wsgi:error] [pid 11:tid 139962786412224] [remote 10.0.0.39:55882] 2026-04-24 21:07:53.244 11 WARNING keystone.identity.core [None req-fef59bc4-49ea-4747-b9de-63ff7614e0ad - - - - - -] Invalid domain name (atmosphere) found in config file name: keystone.exception.DomainNotFound: Could not find domain: atmosphere. 10.0.0.39 - - [24/Apr/2026:21:07:53 +0000] "POST /v3/domains HTTP/1.1" 201 261 10.0.0.89 - - [24/Apr/2026:21:08:05 +0000] "GET / HTTP/1.1" 300 295
[Fri Apr 24 21:08:05.939347 2026] [wsgi:error] [pid 9:tid 139962786412224] [remote 10.0.0.89:42414] 2026-04-24 21:08:05.938 9 WARNING keystone.common.password_hashing [None req-28efd411-7d9b-404e-a480-e2136ba9f8fb - - - - - -] Truncating password to algorithm specific maximum length 72 characters.
[Fri Apr 24 21:08:06.217713 2026] [wsgi:error] [pid 9:tid 139962786412224] [remote 10.0.0.89:42414] 2026-04-24 21:08:06.217 9 WARNING keystone.common.fernet_utils [None req-28efd411-7d9b-404e-a480-e2136ba9f8fb - - - - - -] key_repository is world readable: /etc/keystone/fernet-keys/ 10.0.0.89 - - [24/Apr/2026:21:08:05 +0000] "POST /v3/auth/tokens HTTP/1.1" 201 1360 10.0.0.89 - - [24/Apr/2026:21:08:06 +0000] "GET /v3/roles/admin HTTP/1.1" 404 83
[Fri Apr 24 21:08:06.890066 2026] [wsgi:error] [pid 12:tid 139962786412224] [remote 10.0.0.89:42414] 2026-04-24 21:08:06.889 12 WARNING keystone.common.rbac_enforcer.enforcer [None req-bf78cffb-ea40-463b-8191-46387ada5266 8f95df7fda964090a9248df0d0d345c8 8e89b386de5e4e22ac7c834bb33c2da3 - - default default] Deprecated policy rules found. Use oslopolicy-policy-generator and oslopolicy-policy-upgrade to detect and resolve deprecated policies in your configuration. 10.0.0.89 - - [24/Apr/2026:21:08:06 +0000] "GET /v3/roles?name=admin HTTP/1.1" 200 389
[Fri Apr 24 21:08:07.049998 2026] [wsgi:error] [pid 11:tid 139962786412224] [remote 10.0.0.89:42414] 2026-04-24 21:08:07.049 11 WARNING keystone.common.rbac_enforcer.enforcer [None req-33739200-5a8c-4b8a-89dc-462334c8e1bc 8f95df7fda964090a9248df0d0d345c8 8e89b386de5e4e22ac7c834bb33c2da3 - - default default] Deprecated policy rules found. Use oslopolicy-policy-generator and oslopolicy-policy-upgrade to detect and resolve deprecated policies in your configuration. 10.0.0.89 - - [24/Apr/2026:21:08:06 +0000] "GET /v3/users/admin-RegionOne HTTP/1.1" 404 93
[Fri Apr 24 21:08:07.318366 2026] [wsgi:error] [pid 9:tid 139962786412224] [remote 10.0.0.89:42414] 2026-04-24 21:08:07.318 9 WARNING keystone.common.rbac_enforcer.enforcer [None req-df379c7b-b2df-40dd-ae12-854e330d70c6 8f95df7fda964090a9248df0d0d345c8 8e89b386de5e4e22ac7c834bb33c2da3 - - default default] Deprecated policy rules found. Use oslopolicy-policy-generator and oslopolicy-policy-upgrade to detect and resolve deprecated policies in your configuration. 10.0.0.89 - - [24/Apr/2026:21:08:07 +0000] "GET /v3/users?name=admin-RegionOne HTTP/1.1" 200 422
[Fri Apr 24 21:08:07.383451 2026] [wsgi:error] [pid 10:tid 139962786412224] [remote 10.0.0.89:42414] 2026-04-24 21:08:07.383 10 WARNING keystone.common.rbac_enforcer.enforcer [None req-d8a5b908-8a19-4f10-bbfd-32cab082626d 8f95df7fda964090a9248df0d0d345c8 8e89b386de5e4e22ac7c834bb33c2da3 - - default default] Deprecated policy rules found. Use oslopolicy-policy-generator and oslopolicy-policy-upgrade to detect and resolve deprecated policies in your configuration. 10.0.0.89 - - [24/Apr/2026:21:08:07 +0000] "GET /v3/domains/default HTTP/1.1" 200 224 10.0.0.89 - - [24/Apr/2026:21:08:07 +0000] "PUT /v3/domains/default/users/8f95df7fda964090a9248df0d0d345c8/roles/0990cac68d354ee997832ce2a1c6f929 HTTP/1.1" 204 - 10.0.0.18 - - [24/Apr/2026:21:08:16 +0000] "GET / HTTP/1.1" 300 281 10.0.0.18 - - [24/Apr/2026:21:08:17 +0000] "GET /v3 HTTP/1.1" 200 266
[Fri Apr 24 21:08:17.871624 2026] [wsgi:error] [pid 10:tid 139962786412224] [remote 10.0.0.18:47750] 2026-04-24 21:08:17.871 10 WARNING keystone.common.password_hashing [None req-fb267983-8e85-498c-a507-fd8f4c3fb74a - - - - - -] Truncating password to algorithm specific maximum length 72 characters.
[Fri Apr 24 21:08:18.149691 2026] [wsgi:error] [pid 10:tid 139962786412224] [remote 10.0.0.18:47750] 2026-04-24 21:08:18.149 10 WARNING keystone.common.fernet_utils [None req-fb267983-8e85-498c-a507-fd8f4c3fb74a - - - - - -] key_repository is world readable: /etc/keystone/fernet-keys/ 10.0.0.18 - - [24/Apr/2026:21:08:17 +0000] "POST /v3/auth/tokens HTTP/1.1" 201 1360 10.0.0.18 - - [24/Apr/2026:21:08:18 +0000] "GET / HTTP/1.1" 300 281 10.0.0.18 - - [24/Apr/2026:21:08:18 +0000] "GET /v3/domains/atmosphere HTTP/1.1" 404 90 10.0.0.18 - - [24/Apr/2026:21:08:18 +0000] "GET /v3/domains?name=atmosphere HTTP/1.1" 200 370 10.0.0.18 - - [24/Apr/2026:21:08:18 +0000] "GET /v3/domains/6d885ec7d1f945ff911dd256d7fe73da HTTP/1.1" 200 247 10.0.0.18 - - [24/Apr/2026:21:08:19 +0000] "GET /v3 HTTP/1.1" 200 266
[Fri Apr 24 21:08:19.234269 2026] [wsgi:error] [pid 11:tid 139962786412224] [remote 10.0.0.18:47744] 2026-04-24 21:08:19.233 11 WARNING keystone.common.password_hashing [None req-99bf30df-b2f8-4f90-8cad-77c3a61e366a - - - - - -] Truncating password to algorithm specific maximum length 72 characters.
[Fri Apr 24 21:08:19.515502 2026] [wsgi:error] [pid 11:tid 139962786412224] [remote 10.0.0.18:47744] 2026-04-24 21:08:19.515 11 WARNING keystone.common.fernet_utils [None req-99bf30df-b2f8-4f90-8cad-77c3a61e366a - - - - - -] key_repository is world readable: /etc/keystone/fernet-keys/ 10.0.0.18 - - [24/Apr/2026:21:08:19 +0000] "POST /v3/auth/tokens HTTP/1.1" 201 1360 10.0.0.18 - - [24/Apr/2026:21:08:19 +0000] "GET / HTTP/1.1" 300 281 10.0.0.18 - - [24/Apr/2026:21:08:19 +0000] "GET /v3/OS-FEDERATION/identity_providers/atmosphere HTTP/1.1" 404 101 10.0.0.18 - - [24/Apr/2026:21:08:19 +0000] "GET /v3/OS-FEDERATION/identity_providers HTTP/1.1" 200 156 10.0.0.18 - - [24/Apr/2026:21:08:19 +0000] "PUT /v3/OS-FEDERATION/identity_providers/atmosphere HTTP/1.1" 201 342 10.0.0.18 - - [24/Apr/2026:21:08:20 +0000] "GET /v3 HTTP/1.1" 200 266
[Fri Apr 24 21:08:20.429685 2026] [wsgi:error] [pid 10:tid 139962786412224] [remote 10.0.0.18:47744] 2026-04-24 21:08:20.429 10 WARNING keystone.common.password_hashing [None req-e7a7d3c7-4c78-41bc-8b1d-52f3cff7c58d - - - - - -] Truncating password to algorithm specific maximum length 72 characters.
[Fri Apr 24 21:08:20.715580 2026] [wsgi:error] [pid 10:tid 139962786412224] [remote 10.0.0.18:47744] 2026-04-24 21:08:20.715 10 WARNING keystone.common.fernet_utils [None req-e7a7d3c7-4c78-41bc-8b1d-52f3cff7c58d - - - - - -] key_repository is world readable: /etc/keystone/fernet-keys/ 10.0.0.18 - - [24/Apr/2026:21:08:20 +0000] "POST /v3/auth/tokens HTTP/1.1" 201 1360 10.0.0.18 - - [24/Apr/2026:21:08:20 +0000] "GET / HTTP/1.1" 300 281 10.0.0.18 - - [24/Apr/2026:21:08:20 +0000] "GET /v3/OS-FEDERATION/mappings/atmosphere-openid HTTP/1.1" 404 98 10.0.0.18 - - [24/Apr/2026:21:08:20 +0000] "GET /v3/OS-FEDERATION/mappings HTTP/1.1" 200 136 10.0.0.18 - - [24/Apr/2026:21:08:20 +0000] "PUT /v3/OS-FEDERATION/mappings/atmosphere-openid HTTP/1.1" 201 357 10.0.0.18 - - [24/Apr/2026:21:08:21 +0000] "GET /v3 HTTP/1.1" 200 266
[Fri Apr 24 21:08:21.754656 2026] [wsgi:error] [pid 11:tid 139962786412224] [remote 10.0.0.18:47744] 2026-04-24 21:08:21.754 11 WARNING keystone.common.password_hashing [None req-55d72d63-99e1-469a-97db-ebf12373f80d - - - - - -] Truncating password to algorithm specific maximum length 72 characters.
[Fri Apr 24 21:08:22.028709 2026] [wsgi:error] [pid 11:tid 139962786412224] [remote 10.0.0.18:47744] 2026-04-24 21:08:22.028 11 WARNING keystone.common.fernet_utils [None req-55d72d63-99e1-469a-97db-ebf12373f80d - - - - - -] key_repository is world readable: /etc/keystone/fernet-keys/ 10.0.0.18 - - [24/Apr/2026:21:08:21 +0000] "POST /v3/auth/tokens HTTP/1.1" 201 1360 10.0.0.18 - - [24/Apr/2026:21:08:22 +0000] "GET / HTTP/1.1" 300 281 10.0.0.18 - - [24/Apr/2026:21:08:22 +0000] "GET /v3/OS-FEDERATION/identity_providers/atmosphere/protocols/openid?idp_id=atmosphere HTTP/1.1" 404 131 10.0.0.18 - - [24/Apr/2026:21:08:22 +0000] "GET /v3/OS-FEDERATION/identity_providers/atmosphere/protocols HTTP/1.1" 200 168 10.0.0.18 - - [24/Apr/2026:21:08:22 +0000] "PUT /v3/OS-FEDERATION/identity_providers/atmosphere/protocols/openid HTTP/1.1" 201 224 10.0.0.18 - - [24/Apr/2026:21:08:29 +0000] "GET /v3/ HTTP/1.1" 200 250 10.0.0.18 - - [24/Apr/2026:21:08:29 +0000] "GET /v3/ HTTP/1.1" 200 250 10.0.0.18 - - [24/Apr/2026:21:09:29 +0000] "GET /v3/ HTTP/1.1" 200 250 10.0.0.18 - - [24/Apr/2026:21:09:29 +0000] "GET /v3/ HTTP/1.1" 200 250 10.0.0.173 - - [24/Apr/2026:21:09:45 +0000] "GET / HTTP/1.1" 300 295
[Fri Apr 24 21:09:45.621088 2026] [wsgi:error] [pid 10:tid 139962786412224] [remote 10.0.0.173:50728] 2026-04-24 21:09:45.620 10 WARNING keystone.common.password_hashing [None req-89ac4171-07c6-4496-82c1-e344b63f31a4 - - - - - -] Truncating password to algorithm specific maximum length 72 characters.
[Fri Apr 24 21:09:45.911402 2026] [wsgi:error] [pid 10:tid 139962786412224] [remote 10.0.0.173:50728] 2026-04-24 21:09:45.911 10 WARNING keystone.common.fernet_utils [None req-89ac4171-07c6-4496-82c1-e344b63f31a4 - - - - - -] key_repository is world readable: /etc/keystone/fernet-keys/ 10.0.0.173 - - [24/Apr/2026:21:09:45 +0000] "POST /v3/auth/tokens HTTP/1.1" 201 1360 10.0.0.173 - - [24/Apr/2026:21:09:46 +0000] "GET /v3/services HTTP/1.1" 200 355 10.0.0.173 - - [24/Apr/2026:21:09:49 +0000] "GET / HTTP/1.1" 300 295
[Fri Apr 24 21:09:49.495696 2026] [wsgi:error] [pid 9:tid 139962786412224] [remote 10.0.0.173:55696] 2026-04-24 21:09:49.495 9 WARNING keystone.common.password_hashing [None req-52706ea6-0d36-4bc3-9b43-1793aa1f0145 - - - - - -] Truncating password to algorithm specific maximum length 72 characters.
[Fri Apr 24 21:09:49.798338 2026] [wsgi:error] [pid 9:tid 139962786412224] [remote 10.0.0.173:55696] 2026-04-24 21:09:49.798 9 WARNING keystone.common.fernet_utils [None req-52706ea6-0d36-4bc3-9b43-1793aa1f0145 - - - - - -] key_repository is world readable: /etc/keystone/fernet-keys/ 10.0.0.173 - - [24/Apr/2026:21:09:49 +0000] "POST /v3/auth/tokens HTTP/1.1" 201 1360 10.0.0.173 - - [24/Apr/2026:21:09:49 +0000] "GET /v3/services HTTP/1.1" 200 355 10.0.0.173 - - [24/Apr/2026:21:09:53 +0000] "GET / HTTP/1.1" 300 295
[Fri Apr 24 21:09:53.324006 2026] [wsgi:error] [pid 12:tid 139962786412224] [remote 10.0.0.173:55712] 2026-04-24 21:09:53.323 12 WARNING keystone.common.password_hashing [None req-e473ee80-70fc-4f3f-916c-37adc0a8027e - - - - - -] Truncating password to algorithm specific maximum length 72 characters.
[Fri Apr 24 21:09:53.619127 2026] [wsgi:error] [pid 12:tid 139962786412224] [remote 10.0.0.173:55712] 2026-04-24 21:09:53.618 12 WARNING keystone.common.fernet_utils [None req-e473ee80-70fc-4f3f-916c-37adc0a8027e - - - - - -] key_repository is world readable: /etc/keystone/fernet-keys/ 10.0.0.173 - - [24/Apr/2026:21:09:53 +0000] "POST /v3/auth/tokens HTTP/1.1" 201 1360 10.0.0.173 - - [24/Apr/2026:21:09:53 +0000] "GET /v3/services HTTP/1.1" 200 355 10.0.0.173 - - [24/Apr/2026:21:09:57 +0000] "GET / HTTP/1.1" 300 295
[Fri Apr 24 21:09:57.248062 2026] [wsgi:error] [pid 11:tid 139962786412224] [remote 10.0.0.173:37522] 2026-04-24 21:09:57.247 11 WARNING keystone.common.password_hashing [None req-7d62c479-e60f-4e22-923c-2eccf35b91ad - - - - - -] Truncating password to algorithm specific maximum length 72 characters.
[Fri Apr 24 21:09:57.526406 2026] [wsgi:error] [pid 11:tid 139962786412224] [remote 10.0.0.173:37522] 2026-04-24 21:09:57.526 11 WARNING keystone.common.fernet_utils [None req-7d62c479-e60f-4e22-923c-2eccf35b91ad - - - - - -] key_repository is world readable: /etc/keystone/fernet-keys/ 10.0.0.173 - - [24/Apr/2026:21:09:57 +0000] "POST /v3/auth/tokens HTTP/1.1" 201 1360 10.0.0.173 - - [24/Apr/2026:21:09:57 +0000] "POST /v3/services HTTP/1.1" 201 296 10.0.0.149 - - [24/Apr/2026:21:10:08 +0000] "GET / HTTP/1.1" 300 295
[Fri Apr 24 21:10:08.765252 2026] [wsgi:error] [pid 10:tid 139962786412224] [remote 10.0.0.149:51066] 2026-04-24 21:10:08.765 10 WARNING keystone.common.password_hashing [None req-b40bacfa-fc2e-442a-bfd5-0d2f3f1bab56 - - - - - -] Truncating password to algorithm specific maximum length 72 characters. 10.0.0.149 - - [24/Apr/2026:21:10:08 +0000] "GET / HTTP/1.1" 300 295
[Fri Apr 24 21:10:08.982399 2026] [wsgi:error] [pid 12:tid 139962786412224] [remote 10.0.0.149:51068] 2026-04-24 21:10:08.982 12 WARNING keystone.common.password_hashing [None req-f3a74b6c-61b1-4460-941c-9207cbd6e338 - - - - - -] Truncating password to algorithm specific maximum length 72 characters.
[Fri Apr 24 21:10:09.052774 2026] [wsgi:error] [pid 10:tid 139962786412224] [remote 10.0.0.149:51066] 2026-04-24 21:10:09.052 10 WARNING keystone.common.fernet_utils [None req-b40bacfa-fc2e-442a-bfd5-0d2f3f1bab56 - - - - - -] key_repository is world readable: /etc/keystone/fernet-keys/ 10.0.0.149 - - [24/Apr/2026:21:10:08 +0000] "POST /v3/auth/tokens HTTP/1.1" 201 1464 10.0.0.149 - - [24/Apr/2026:21:10:09 +0000] "GET / HTTP/1.1" 300 295
[Fri Apr 24 21:10:09.166267 2026] [wsgi:error] [pid 11:tid 139962786412224] [remote 10.0.0.149:51084] 2026-04-24 21:10:09.165 11 WARNING keystone.common.password_hashing [None req-b1910e1e-6015-440f-8ca2-d969e1e08beb - - - - - -] Truncating password to algorithm specific maximum length 72 characters. 10.0.0.149 - - [24/Apr/2026:21:10:09 +0000] "GET /v3/services HTTP/1.1" 200 639
[Fri Apr 24 21:10:09.257507 2026] [wsgi:error] [pid 12:tid 139962786412224] [remote 10.0.0.149:51068] 2026-04-24 21:10:09.257 12 WARNING keystone.common.fernet_utils [None req-f3a74b6c-61b1-4460-941c-9207cbd6e338 - - - - - -] key_repository is world readable: /etc/keystone/fernet-keys/ 10.0.0.149 - - [24/Apr/2026:21:10:08 +0000] "POST /v3/auth/tokens HTTP/1.1" 201 1464 10.0.0.149 - - [24/Apr/2026:21:10:09 +0000] "GET /v3/services HTTP/1.1" 200 639
[Fri Apr 24 21:10:09.454519 2026] [wsgi:error] [pid 11:tid 139962786412224] [remote 10.0.0.149:51084] 2026-04-24 21:10:09.454 11 WARNING keystone.common.fernet_utils [None req-b1910e1e-6015-440f-8ca2-d969e1e08beb - - - - - -] key_repository is world readable: /etc/keystone/fernet-keys/ 10.0.0.149 - - [24/Apr/2026:21:10:09 +0000] "POST /v3/auth/tokens HTTP/1.1" 201 1464 10.0.0.149 - - [24/Apr/2026:21:10:09 +0000] "GET /v3/services HTTP/1.1" 200 639 10.0.0.149 - - [24/Apr/2026:21:10:10 +0000] "GET / HTTP/1.1" 300 295
[Fri Apr 24 21:10:10.549482 2026] [wsgi:error] [pid 9:tid 139962786412224] [remote 10.0.0.149:51092] 2026-04-24 21:10:10.549 9 WARNING keystone.common.password_hashing [None req-364ea6e7-b69e-4312-993e-d5021784c84e - - - - - -] Truncating password to algorithm specific maximum length 72 characters. 10.0.0.149 - - [24/Apr/2026:21:10:10 +0000] "GET / HTTP/1.1" 300 295
[Fri Apr 24 21:10:10.717242 2026] [wsgi:error] [pid 10:tid 139962786412224] [remote 10.0.0.149:51094] 2026-04-24 21:10:10.717 10 WARNING keystone.common.password_hashing [None req-9a093056-3630-4562-86b2-b136526836b0 - - - - - -] Truncating password to algorithm specific maximum length 72 characters.
[Fri Apr 24 21:10:10.838634 2026] [wsgi:error] [pid 9:tid 139962786412224] [remote 10.0.0.149:51092] 2026-04-24 21:10:10.838 9 WARNING keystone.common.fernet_utils [None req-364ea6e7-b69e-4312-993e-d5021784c84e - - - - - -] key_repository is world readable: /etc/keystone/fernet-keys/ 10.0.0.149 - - [24/Apr/2026:21:10:10 +0000] "POST /v3/auth/tokens HTTP/1.1" 201 1464 10.0.0.149 - - [24/Apr/2026:21:10:10 +0000] "GET /v3/endpoints HTTP/1.1" 200 1227 10.0.0.149 - - [24/Apr/2026:21:10:10 +0000] "GET /v3/services/8db22eb6aa984ebab420789bc476e063 HTTP/1.1" 200 233
[Fri Apr 24 21:10:10.998609 2026] [wsgi:error] [pid 10:tid 139962786412224] [remote 10.0.0.149:51094] 2026-04-24 21:10:10.998 10 WARNING keystone.common.fernet_utils [None req-9a093056-3630-4562-86b2-b136526836b0 - - - - - -] key_repository is world readable: /etc/keystone/fernet-keys/ 10.0.0.149 - - [24/Apr/2026:21:10:10 +0000] "GET /v3/services/8db22eb6aa984ebab420789bc476e063 HTTP/1.1" 200 233 10.0.0.149 - - [24/Apr/2026:21:10:10 +0000] "POST /v3/auth/tokens HTTP/1.1" 201 1464 10.0.0.149 - - [24/Apr/2026:21:10:11 +0000] "GET /v3/services/8db22eb6aa984ebab420789bc476e063 HTTP/1.1" 200 233 10.0.0.149 - - [24/Apr/2026:21:10:11 +0000] "GET / HTTP/1.1" 300 295
[Fri Apr 24 21:10:11.131628 2026] [wsgi:error] [pid 10:tid 139962786412224] [remote 10.0.0.149:51110] 2026-04-24 21:10:11.131 10 WARNING keystone.common.password_hashing [None req-eac0c7f5-ab1c-4dde-826f-d44ba0df138e - - - - - -] Truncating password to algorithm specific maximum length 72 characters. 10.0.0.149 - - [24/Apr/2026:21:10:11 +0000] "GET /v3/endpoints HTTP/1.1" 200 1227 10.0.0.149 - - [24/Apr/2026:21:10:11 +0000] "GET /v3/services/8db22eb6aa984ebab420789bc476e063 HTTP/1.1" 200 233 10.0.0.149 - - [24/Apr/2026:21:10:11 +0000] "GET /v3/services/8db22eb6aa984ebab420789bc476e063 HTTP/1.1" 200 233 10.0.0.149 - - [24/Apr/2026:21:10:11 +0000] "GET /v3/services/8db22eb6aa984ebab420789bc476e063 HTTP/1.1" 200 233
[Fri Apr 24 21:10:11.410033 2026] [wsgi:error] [pid 10:tid 139962786412224] [remote 10.0.0.149:51110] 2026-04-24 21:10:11.409 10 WARNING keystone.common.fernet_utils [None req-eac0c7f5-ab1c-4dde-826f-d44ba0df138e - - - - - -] key_repository is world readable: /etc/keystone/fernet-keys/ 10.0.0.149 - - [24/Apr/2026:21:10:11 +0000] "POST /v3/auth/tokens HTTP/1.1" 201 1464 10.0.0.149 - - [24/Apr/2026:21:10:11 +0000] "GET /v3/endpoints HTTP/1.1" 200 1227 10.0.0.149 - - [24/Apr/2026:21:10:11 +0000] "GET /v3/services/8db22eb6aa984ebab420789bc476e063 HTTP/1.1" 200 233 10.0.0.149 - - [24/Apr/2026:21:10:11 +0000] "GET /v3/services/8db22eb6aa984ebab420789bc476e063 HTTP/1.1" 200 233 10.0.0.149 - - [24/Apr/2026:21:10:11 +0000] "GET /v3/services/8db22eb6aa984ebab420789bc476e063 HTTP/1.1" 200 233 10.0.0.149 - - [24/Apr/2026:21:10:12 +0000] "GET / HTTP/1.1" 300 295
[Fri Apr 24 21:10:12.425490 2026] [wsgi:error] [pid 11:tid 139962786412224] [remote 10.0.0.149:51122] 2026-04-24 21:10:12.425 11 WARNING keystone.common.password_hashing [None req-571ec94f-e870-4964-85b1-0ae59fd71256 - - - - - -] Truncating password to algorithm specific maximum length 72 characters. 10.0.0.149 - - [24/Apr/2026:21:10:12 +0000] "GET / HTTP/1.1" 300 295
[Fri Apr 24 21:10:12.507633 2026] [wsgi:error] [pid 10:tid 139962786412224] [remote 10.0.0.149:51126] 2026-04-24 21:10:12.507 10 WARNING keystone.common.password_hashing [None req-9468ce25-9335-4353-8040-a5be88365617 - - - - - -] Truncating password to algorithm specific maximum length 72 characters.
[Fri Apr 24 21:10:12.708310 2026] [wsgi:error] [pid 11:tid 139962786412224] [remote 10.0.0.149:51122] 2026-04-24 21:10:12.708 11 WARNING keystone.common.fernet_utils [None req-571ec94f-e870-4964-85b1-0ae59fd71256 - - - - - -] key_repository is world readable: /etc/keystone/fernet-keys/ 10.0.0.149 - - [24/Apr/2026:21:10:12 +0000] "POST /v3/auth/tokens HTTP/1.1" 201 1464
[Fri Apr 24 21:10:12.790558 2026] [wsgi:error] [pid 10:tid 139962786412224] [remote 10.0.0.149:51126] 2026-04-24 21:10:12.790 10 WARNING keystone.common.fernet_utils [None req-9468ce25-9335-4353-8040-a5be88365617 - - - - - -] key_repository is world readable: /etc/keystone/fernet-keys/ 10.0.0.149 - - [24/Apr/2026:21:10:12 +0000] "POST /v3/auth/tokens HTTP/1.1" 201 1464 10.0.0.149 - - [24/Apr/2026:21:10:12 +0000] "GET /v3/services/69f07f945d594ef4a23ec6ab0678ee90 HTTP/1.1" 200 296 10.0.0.149 - - [24/Apr/2026:21:10:12 +0000] "GET /v3/regions/RegionOne HTTP/1.1" 200 173 10.0.0.149 - - [24/Apr/2026:21:10:12 +0000] "POST /v3/endpoints HTTP/1.1" 201 380 10.0.0.149 - - [24/Apr/2026:21:10:12 +0000] "GET /v3/services/69f07f945d594ef4a23ec6ab0678ee90 HTTP/1.1" 200 296 10.0.0.149 - - [24/Apr/2026:21:10:12 +0000] "GET /v3/regions/RegionOne HTTP/1.1" 200 173 10.0.0.149 - - [24/Apr/2026:21:10:12 +0000] "POST /v3/endpoints HTTP/1.1" 201 383 10.0.0.149 - - [24/Apr/2026:21:10:13 +0000] "GET / HTTP/1.1" 300 295
[Fri Apr 24 21:10:13.223500 2026] [wsgi:error] [pid 10:tid 139962786412224] [remote 10.0.0.149:51132] 2026-04-24 21:10:13.223 10 WARNING keystone.common.password_hashing [None req-3c49d1e7-af03-418c-bd9e-acae1588c6a2 - - - - - -] Truncating password to algorithm specific maximum length 72 characters.
[Fri Apr 24 21:10:13.506052 2026] [wsgi:error] [pid 10:tid 139962786412224] [remote 10.0.0.149:51132] 2026-04-24 21:10:13.505 10 WARNING keystone.common.fernet_utils [None req-3c49d1e7-af03-418c-bd9e-acae1588c6a2 - - - - - -] key_repository is world readable: /etc/keystone/fernet-keys/ 10.0.0.149 - - [24/Apr/2026:21:10:13 +0000] "POST /v3/auth/tokens HTTP/1.1" 201 1823 10.0.0.149 - - [24/Apr/2026:21:10:13 +0000] "GET /v3/services/69f07f945d594ef4a23ec6ab0678ee90 HTTP/1.1" 200 296 10.0.0.149 - - [24/Apr/2026:21:10:13 +0000] "GET /v3/regions/RegionOne HTTP/1.1" 200 173 10.0.0.149 - - [24/Apr/2026:21:10:13 +0000] "POST /v3/endpoints HTTP/1.1" 201 370 10.0.0.149 - - [24/Apr/2026:21:10:14 +0000] "GET / HTTP/1.1" 300 295
[Fri Apr 24 21:10:14.302833 2026] [wsgi:error] [pid 12:tid 139962786412224] [remote 10.0.0.149:51146] 2026-04-24 21:10:14.302 12 WARNING keystone.common.password_hashing [None req-3cc5227e-c8dd-4954-a5f3-8d1cb7bb58ad - - - - - -] Truncating password to algorithm specific maximum length 72 characters. 10.0.0.149 - - [24/Apr/2026:21:10:14 +0000] "GET / HTTP/1.1" 300 295
[Fri Apr 24 21:10:14.433172 2026] [wsgi:error] [pid 11:tid 139962786412224] [remote 10.0.0.149:51152] 2026-04-24 21:10:14.432 11 WARNING keystone.common.password_hashing [None req-8b403658-3dea-423a-84d3-b35cfa14abea - - - - - -] Truncating password to algorithm specific maximum length 72 characters.
[Fri Apr 24 21:10:14.580788 2026] [wsgi:error] [pid 12:tid 139962786412224] [remote 10.0.0.149:51146] 2026-04-24 21:10:14.580 12 WARNING keystone.common.fernet_utils [None req-3cc5227e-c8dd-4954-a5f3-8d1cb7bb58ad - - - - - -] key_repository is world readable: /etc/keystone/fernet-keys/ 10.0.0.149 - - [24/Apr/2026:21:10:14 +0000] "POST /v3/auth/tokens HTTP/1.1" 201 1992
[Fri Apr 24 21:10:14.713484 2026] [wsgi:error] [pid 11:tid 139962786412224] [remote 10.0.0.149:51152] 2026-04-24 21:10:14.713 11 WARNING keystone.common.fernet_utils [None req-8b403658-3dea-423a-84d3-b35cfa14abea - - - - - -] key_repository is world readable: /etc/keystone/fernet-keys/ 10.0.0.149 - - [24/Apr/2026:21:10:14 +0000] "POST /v3/auth/tokens HTTP/1.1" 201 1992 10.0.0.149 - - [24/Apr/2026:21:10:14 +0000] "GET /v3/endpoints/7a10154d15024c59929bc459f7fac1a8 HTTP/1.1" 200 380 10.0.0.149 - - [24/Apr/2026:21:10:14 +0000] "GET /v3/services/69f07f945d594ef4a23ec6ab0678ee90 HTTP/1.1" 200 296 10.0.0.149 - - [24/Apr/2026:21:10:14 +0000] "GET /v3/endpoints/2d8a83e5fc6c4173823d670eafa21c89 HTTP/1.1" 200 383 10.0.0.149 - - [24/Apr/2026:21:10:14 +0000] "GET /v3/services/69f07f945d594ef4a23ec6ab0678ee90 HTTP/1.1" 200 296 10.0.0.149 - - [24/Apr/2026:21:10:15 +0000] "GET / HTTP/1.1" 300 295
[Fri Apr 24 21:10:15.218555 2026] [wsgi:error] [pid 9:tid 139962786412224] [remote 10.0.0.149:51168] 2026-04-24 21:10:15.218 9 WARNING keystone.common.password_hashing [None req-cee5a0ff-a4d3-40d3-81e2-07c83425bb99 - - - - - -] Truncating password to algorithm specific maximum length 72 characters.
[Fri Apr 24 21:10:15.510058 2026] [wsgi:error] [pid 9:tid 139962786412224] [remote 10.0.0.149:51168] 2026-04-24 21:10:15.509 9 WARNING keystone.common.fernet_utils [None req-cee5a0ff-a4d3-40d3-81e2-07c83425bb99 - - - - - -] key_repository is world readable: /etc/keystone/fernet-keys/ 10.0.0.149 - - [24/Apr/2026:21:10:15 +0000] "POST /v3/auth/tokens HTTP/1.1" 201 1992 10.0.0.149 - - [24/Apr/2026:21:10:15 +0000] "GET /v3/endpoints/4227c598292a48b3b5ce0fb218448100 HTTP/1.1" 200 370 10.0.0.149 - - [24/Apr/2026:21:10:15 +0000] "GET /v3/services/69f07f945d594ef4a23ec6ab0678ee90 HTTP/1.1" 200 296 10.0.0.239 - - [24/Apr/2026:21:10:26 +0000] "GET / HTTP/1.1" 300 295
[Fri Apr 24 21:10:26.948764 2026] [wsgi:error] [pid 9:tid 139962786412224] [remote 10.0.0.239:36578] 2026-04-24 21:10:26.948 9 WARNING keystone.common.password_hashing [None req-10550a4d-5a34-4d57-9cf4-e6bbe81f3d80 - - - - - -] Truncating password to algorithm specific maximum length 72 characters.
[Fri Apr 24 21:10:27.238286 2026] [wsgi:error] [pid 9:tid 139962786412224] [remote 10.0.0.239:36578] 2026-04-24 21:10:27.238 9 WARNING keystone.common.fernet_utils [None req-10550a4d-5a34-4d57-9cf4-e6bbe81f3d80 - - - - - -] key_repository is world readable: /etc/keystone/fernet-keys/ 10.0.0.239 - - [24/Apr/2026:21:10:26 +0000] "POST /v3/auth/tokens HTTP/1.1" 201 1992 10.0.0.239 - - [24/Apr/2026:21:10:27 +0000] "POST /v3/domains HTTP/1.1" 201 284 10.0.0.239 - - [24/Apr/2026:21:10:28 +0000] "GET / HTTP/1.1" 300 295
[Fri Apr 24 21:10:28.793061 2026] [wsgi:error] [pid 10:tid 139962786412224] [remote 10.0.0.239:36588] 2026-04-24 21:10:28.792 10 WARNING keystone.common.password_hashing [None req-3a730922-c0a4-4f6c-afe1-59f007169e47 - - - - - -] Truncating password to algorithm specific maximum length 72 characters.
[Fri Apr 24 21:10:29.081147 2026] [wsgi:error] [pid 10:tid 139962786412224] [remote 10.0.0.239:36588] 2026-04-24 21:10:29.080 10 WARNING keystone.common.fernet_utils [None req-3a730922-c0a4-4f6c-afe1-59f007169e47 - - - - - -] key_repository is world readable: /etc/keystone/fernet-keys/ 10.0.0.239 - - [24/Apr/2026:21:10:28 +0000] "POST /v3/auth/tokens HTTP/1.1" 201 1992
[Fri Apr 24 21:10:29.272471 2026] [wsgi:error] [pid 9:tid 139962786412224] [remote 10.0.0.239:36588] 2026-04-24 21:10:29.258 9 ERROR keystone.server.flask.application [None req-b7a78633-30f4-4da4-b686-f9f7fe03d0e6 8f95df7fda964090a9248df0d0d345c8 8e89b386de5e4e22ac7c834bb33c2da3 - - default default] Conflict occurred attempting to store project - it is not permitted to have two projects acting as domains with the same name: service.: keystone.exception.Conflict: Conflict occurred attempting to store project - it is not permitted to have two projects acting as domains with the same name: service.
[Fri Apr 24 21:10:29.272501 2026] [wsgi:error] [pid 9:tid 139962786412224] [remote 10.0.0.239:36588] 2026-04-24 21:10:29.258 9 ERROR keystone.server.flask.application
Traceback (most recent call last):
[Fri Apr 24 21:10:29.272503 2026] [wsgi:error] [pid 9:tid 139962786412224] [remote 10.0.0.239:36588] 2026-04-24 21:10:29.258 9 ERROR keystone.server.flask.application
File "/var/lib/openstack/lib/python3.12/site-packages/sqlalchemy/engine/base.py", line 1967, in _exec_single_context
[Fri Apr 24 21:10:29.272505 2026] [wsgi:error] [pid 9:tid 139962786412224] [remote 10.0.0.239:36588] 2026-04-24 21:10:29.258 9 ERROR keystone.server.flask.application self.dialect.do_execute(
[Fri Apr 24 21:10:29.272506 2026] [wsgi:error] [pid 9:tid 139962786412224] [remote 10.0.0.239:36588] 2026-04-24 21:10:29.258 9 ERROR keystone.server.flask.application
File "/var/lib/openstack/lib/python3.12/site-packages/sqlalchemy/engine/default.py", line 952, in do_execute
[Fri Apr 24 21:10:29.272508 2026] [wsgi:error] [pid 9:tid 139962786412224] [remote 10.0.0.239:36588] 2026-04-24 21:10:29.258 9 ERROR keystone.server.flask.application cursor.execute(statement, parameters)
[Fri Apr 24 21:10:29.272510 2026] [wsgi:error] [pid 9:tid 139962786412224] [remote 10.0.0.239:36588] 2026-04-24 21:10:29.258 9 ERROR keystone.server.flask.application
File "/var/lib/openstack/lib/python3.12/site-packages/pymysql/cursors.py", line 153, in execute
[Fri Apr 24 21:10:29.272511 2026] [wsgi:error] [pid 9:tid 139962786412224] [remote 10.0.0.239:36588] 2026-04-24 21:10:29.258 9 ERROR keystone.server.flask.application result = self._query(query)
[Fri Apr 24 21:10:29.272513 2026] [wsgi:error] [pid 9:tid 139962786412224] [remote 10.0.0.239:36588] 2026-04-24 21:10:29.258 9 ERROR keystone.server.flask.application ^^^^^^^^^^^^^^^^^^
[Fri Apr 24 21:10:29.272514 2026] [wsgi:error] [pid 9:tid 139962786412224] [remote 10.0.0.239:36588] 2026-04-24 21:10:29.258 9 ERROR keystone.server.flask.application
File "/var/lib/openstack/lib/python3.12/site-packages/pymysql/cursors.py", line 322, in _query
[Fri Apr 24 21:10:29.272516 2026] [wsgi:error] [pid 9:tid 139962786412224] [remote 10.0.0.239:36588] 2026-04-24 21:10:29.258 9 ERROR keystone.server.flask.application conn.query(q)
[Fri Apr 24 21:10:29.272517 2026] [wsgi:error] [pid 9:tid 139962786412224] [remote 10.0.0.239:36588] 2026-04-24 21:10:29.258 9 ERROR keystone.server.flask.application
File "/var/lib/openstack/lib/python3.12/site-packages/pymysql/connections.py", line 575, in query
[Fri Apr 24 21:10:29.272518 2026] [wsgi:error] [pid 9:tid 139962786412224] [remote 10.0.0.239:36588] 2026-04-24 21:10:29.258 9 ERROR keystone.server.flask.application self._affected_rows = self._read_query_result(unbuffered=unbuffered)
[Fri Apr 24 21:10:29.272520 2026] [wsgi:error] [pid 9:tid 139962786412224] [remote 10.0.0.239:36588] 2026-04-24 21:10:29.258 9 ERROR keystone.server.flask.application ^^^^^^^^^^^^^^^^^^^^^^^^^^^^^^^^^^^^^^^^^^^^^^
[Fri Apr 24 21:10:29.272521 2026] [wsgi:error] [pid 9:tid 139962786412224] [remote 10.0.0.239:36588] 2026-04-24 21:10:29.258 9 ERROR keystone.server.flask.application
File "/var/lib/openstack/lib/python3.12/site-packages/pymysql/connections.py", line 826, in _read_query_result
[Fri Apr 24 21:10:29.272523 2026] [wsgi:error] [pid 9:tid 139962786412224] [remote 10.0.0.239:36588] 2026-04-24 21:10:29.258 9 ERROR keystone.server.flask.application result.read()
[Fri Apr 24 21:10:29.272527 2026] [wsgi:error] [pid 9:tid 139962786412224] [remote 10.0.0.239:36588] 2026-04-24 21:10:29.258 9 ERROR keystone.server.flask.application
File "/var/lib/openstack/lib/python3.12/site-packages/pymysql/connections.py", line 1203, in read
[Fri Apr 24 21:10:29.272528 2026] [wsgi:error] [pid 9:tid 139962786412224] [remote 10.0.0.239:36588] 2026-04-24 21:10:29.258 9 ERROR keystone.server.flask.application first_packet = self.connection._read_packet()
[Fri Apr 24 21:10:29.272529 2026] [wsgi:error] [pid 9:tid 139962786412224] [remote 10.0.0.239:36588] 2026-04-24 21:10:29.258 9 ERROR keystone.server.flask.application ^^^^^^^^^^^^^^^^^^^^^^^^^^^^^^
[Fri Apr 24 21:10:29.272531 2026] [wsgi:error] [pid 9:tid 139962786412224] [remote 10.0.0.239:36588] 2026-04-24 21:10:29.258 9 ERROR keystone.server.flask.application
File "/var/lib/openstack/lib/python3.12/site-packages/pymysql/connections.py", line 782, in _read_packet
[Fri Apr 24 21:10:29.272532 2026] [wsgi:error] [pid 9:tid 139962786412224] [remote 10.0.0.239:36588] 2026-04-24 21:10:29.258 9 ERROR keystone.server.flask.application packet.raise_for_error()
[Fri Apr 24 21:10:29.272534 2026] [wsgi:error] [pid 9:tid 139962786412224] [remote 10.0.0.239:36588] 2026-04-24 21:10:29.258 9 ERROR keystone.server.flask.application
File "/var/lib/openstack/lib/python3.12/site-packages/pymysql/protocol.py", line 219, in raise_for_error
[Fri Apr 24 21:10:29.272535 2026] [wsgi:error] [pid 9:tid 139962786412224] [remote 10.0.0.239:36588] 2026-04-24 21:10:29.258 9 ERROR keystone.server.flask.application err.raise_mysql_exception(self._data)
[Fri Apr 24 21:10:29.272536 2026] [wsgi:error] [pid 9:tid 139962786412224] [remote 10.0.0.239:36588] 2026-04-24 21:10:29.258 9 ERROR keystone.server.flask.application
File "/var/lib/openstack/lib/python3.12/site-packages/pymysql/err.py", line 150, in raise_mysql_exception
[Fri Apr 24 21:10:29.272538 2026] [wsgi:error] [pid 9:tid 139962786412224] [remote 10.0.0.239:36588] 2026-04-24 21:10:29.258 9 ERROR keystone.server.flask.application raise errorclass(errno, errval)
[Fri Apr 24 21:10:29.272539 2026] [wsgi:error] [pid 9:tid 139962786412224] [remote 10.0.0.239:36588] 2026-04-24 21:10:29.258 9 ERROR keystone.server.flask.application pymysql.err.IntegrityError: (1062, "Duplicate entry '<>-service' for key 'project.ixu_project_name_domain_id'")
[Fri Apr 24 21:10:29.272541 2026] [wsgi:error] [pid 9:tid 139962786412224] [remote 10.0.0.239:36588] 2026-04-24 21:10:29.258 9 ERROR keystone.server.flask.application
[Fri Apr 24 21:10:29.272542 2026] [wsgi:error] [pid 9:tid 139962786412224] [remote 10.0.0.239:36588] 2026-04-24 21:10:29.258 9 ERROR keystone.server.flask.application The above exception was the direct cause of the following exception:
[Fri Apr 24 21:10:29.272544 2026] [wsgi:error] [pid 9:tid 139962786412224] [remote 10.0.0.239:36588] 2026-04-24 21:10:29.258 9 ERROR keystone.server.flask.application
[Fri Apr 24 21:10:29.272545 2026] [wsgi:error] [pid 9:tid 139962786412224] [remote 10.0.0.239:36588] 2026-04-24 21:10:29.258 9 ERROR keystone.server.flask.application
Traceback (most recent call last):
[Fri Apr 24 21:10:29.272546 2026] [wsgi:error] [pid 9:tid 139962786412224] [remote 10.0.0.239:36588] 2026-04-24 21:10:29.258 9 ERROR keystone.server.flask.application
File "/var/lib/openstack/lib/python3.12/site-packages/keystone/common/sql/core.py", line 575, in wrapper
[Fri Apr 24 21:10:29.272548 2026] [wsgi:error] [pid 9:tid 139962786412224] [remote 10.0.0.239:36588] 2026-04-24 21:10:29.258 9 ERROR keystone.server.flask.application return method(*args, **kwargs)
[Fri Apr 24 21:10:29.272549 2026] [wsgi:error] [pid 9:tid 139962786412224] [remote 10.0.0.239:36588] 2026-04-24 21:10:29.258 9 ERROR keystone.server.flask.application ^^^^^^^^^^^^^^^^^^^^^^^
[Fri Apr 24 21:10:29.272550 2026] [wsgi:error] [pid 9:tid 139962786412224] [remote 10.0.0.239:36588] 2026-04-24 21:10:29.258 9 ERROR keystone.server.flask.application
File "/var/lib/openstack/lib/python3.12/site-packages/keystone/resource/backends/sql.py", line 278, in create_project
[Fri Apr 24 21:10:29.272553 2026] [wsgi:error] [pid 9:tid 139962786412224] [remote 10.0.0.239:36588] 2026-04-24 21:10:29.258 9 ERROR keystone.server.flask.application with sql.session_for_write() as session:
[Fri Apr 24 21:10:29.272554 2026] [wsgi:error] [pid 9:tid 139962786412224] [remote 10.0.0.239:36588] 2026-04-24 21:10:29.258 9 ERROR keystone.server.flask.application
File "/usr/lib/python3.12/contextlib.py", line 144, in __exit__
[Fri Apr 24 21:10:29.272567 2026] [wsgi:error] [pid 9:tid 139962786412224] [remote 10.0.0.239:36588] 2026-04-24 21:10:29.258 9 ERROR keystone.server.flask.application next(self.gen)
[Fri Apr 24 21:10:29.272568 2026] [wsgi:error] [pid 9:tid 139962786412224] [remote 10.0.0.239:36588] 2026-04-24 21:10:29.258 9 ERROR keystone.server.flask.application
File "/var/lib/openstack/lib/python3.12/site-packages/oslo_db/sqlalchemy/enginefacade.py", line 1175, in _transaction_scope
[Fri Apr 24 21:10:29.272570 2026] [wsgi:error] [pid 9:tid 139962786412224] [remote 10.0.0.239:36588] 2026-04-24 21:10:29.258 9 ERROR keystone.server.flask.application with current._produce_block(
[Fri Apr 24 21:10:29.272571 2026] [wsgi:error] [pid 9:tid 139962786412224] [remote 10.0.0.239:36588] 2026-04-24 21:10:29.258 9 ERROR keystone.server.flask.application
File "/usr/lib/python3.12/contextlib.py", line 144, in __exit__
[Fri Apr 24 21:10:29.272573 2026] [wsgi:error] [pid 9:tid 139962786412224] [remote 10.0.0.239:36588] 2026-04-24 21:10:29.258 9 ERROR keystone.server.flask.application next(self.gen)
[Fri Apr 24 21:10:29.272574 2026] [wsgi:error] [pid 9:tid 139962786412224] [remote 10.0.0.239:36588] 2026-04-24 21:10:29.258 9 ERROR keystone.server.flask.application
File "/var/lib/openstack/lib/python3.12/site-packages/oslo_db/sqlalchemy/enginefacade.py", line 837, in _session
[Fri Apr 24 21:10:29.272576 2026] [wsgi:error] [pid 9:tid 139962786412224] [remote 10.0.0.239:36588] 2026-04-24 21:10:29.258 9 ERROR keystone.server.flask.application with excutils.save_and_reraise_exception():
[Fri Apr 24 21:10:29.272578 2026] [wsgi:error] [pid 9:tid 139962786412224] [remote 10.0.0.239:36588] 2026-04-24 21:10:29.258 9 ERROR keystone.server.flask.application
File "/var/lib/openstack/lib/python3.12/site-packages/oslo_utils/excutils.py", line 271, in __exit__
[Fri Apr 24 21:10:29.272579 2026] [wsgi:error] [pid 9:tid 139962786412224] [remote 10.0.0.239:36588] 2026-04-24 21:10:29.258 9 ERROR keystone.server.flask.application self.force_reraise()
[Fri Apr 24 21:10:29.272581 2026] [wsgi:error] [pid 9:tid 139962786412224] [remote 10.0.0.239:36588] 2026-04-24 21:10:29.258 9 ERROR keystone.server.flask.application
File "/var/lib/openstack/lib/python3.12/site-packages/oslo_utils/excutils.py", line 233, in force_reraise
[Fri Apr 24 21:10:29.272582 2026] [wsgi:error] [pid 9:tid 139962786412224] [remote 10.0.0.239:36588] 2026-04-24 21:10:29.258 9 ERROR keystone.server.flask.application raise self.value
[Fri Apr 24 21:10:29.272584 2026] [wsgi:error] [pid 9:tid 139962786412224] [remote 10.0.0.239:36588] 2026-04-24 21:10:29.258 9 ERROR keystone.server.flask.application
File "/var/lib/openstack/lib/python3.12/site-packages/oslo_db/sqlalchemy/enginefacade.py", line 835, in _session
[Fri Apr 24 21:10:29.272585 2026] [wsgi:error] [pid 9:tid 139962786412224] [remote 10.0.0.239:36588] 2026-04-24 21:10:29.258 9 ERROR keystone.server.flask.application self._end_session_transaction(self.session)
[Fri Apr 24 21:10:29.272587 2026] [wsgi:error] [pid 9:tid 139962786412224] [remote 10.0.0.239:36588] 2026-04-24 21:10:29.258 9 ERROR keystone.server.flask.application
File "/var/lib/openstack/lib/python3.12/site-packages/oslo_db/sqlalchemy/enginefacade.py", line 748, in _end_session_transaction
[Fri Apr 24 21:10:29.272588 2026] [wsgi:error] [pid 9:tid 139962786412224] [remote 10.0.0.239:36588] 2026-04-24 21:10:29.258 9 ERROR keystone.server.flask.application session.commit()
[Fri Apr 24 21:10:29.272590 2026] [wsgi:error] [pid 9:tid 139962786412224] [remote 10.0.0.239:36588] 2026-04-24 21:10:29.258 9 ERROR keystone.server.flask.application
File "/var/lib/openstack/lib/python3.12/site-packages/sqlalchemy/orm/session.py", line 2030, in commit
[Fri Apr 24 21:10:29.272592 2026] [wsgi:error] [pid 9:tid 139962786412224] [remote 10.0.0.239:36588] 2026-04-24 21:10:29.258 9 ERROR keystone.server.flask.application trans.commit(_to_root=True)
[Fri Apr 24 21:10:29.272594 2026] [wsgi:error] [pid 9:tid 139962786412224] [remote 10.0.0.239:36588] 2026-04-24 21:10:29.258 9 ERROR keystone.server.flask.application File "", line 2, in commit
[Fri Apr 24 21:10:29.272599 2026] [wsgi:error] [pid 9:tid 139962786412224] [remote 10.0.0.239:36588] 2026-04-24 21:10:29.258 9 ERROR keystone.server.flask.application
File "/var/lib/openstack/lib/python3.12/site-packages/sqlalchemy/orm/state_changes.py", line 137, in _go
[Fri Apr 24 21:10:29.272601 2026] [wsgi:error] [pid 9:tid 139962786412224] [remote 10.0.0.239:36588] 2026-04-24 21:10:29.258 9 ERROR keystone.server.flask.application ret_value = fn(self, *arg, **kw)
[Fri Apr 24 21:10:29.272603 2026] [wsgi:error] [pid 9:tid 139962786412224] [remote 10.0.0.239:36588] 2026-04-24 21:10:29.258 9 ERROR keystone.server.flask.application ^^^^^^^^^^^^^^^^^^^^
[Fri Apr 24 21:10:29.272605 2026] [wsgi:error] [pid 9:tid 139962786412224] [remote 10.0.0.239:36588] 2026-04-24 21:10:29.258 9 ERROR keystone.server.flask.application
File "/var/lib/openstack/lib/python3.12/site-packages/sqlalchemy/orm/session.py", line 1311, in commit
[Fri Apr 24 21:10:29.272607 2026] [wsgi:error] [pid 9:tid 139962786412224] [remote 10.0.0.239:36588] 2026-04-24 21:10:29.258 9 ERROR keystone.server.flask.application self._prepare_impl()
[Fri Apr 24 21:10:29.272609 2026] [wsgi:error] [pid 9:tid 139962786412224] [remote 10.0.0.239:36588] 2026-04-24 21:10:29.258 9 ERROR keystone.server.flask.application File "", line 2, in _prepare_impl
[Fri Apr 24 21:10:29.272611 2026] [wsgi:error] [pid 9:tid 139962786412224] [remote 10.0.0.239:36588] 2026-04-24 21:10:29.258 9 ERROR keystone.server.flask.application
File "/var/lib/openstack/lib/python3.12/site-packages/sqlalchemy/orm/state_changes.py", line 137, in _go
[Fri Apr 24 21:10:29.272613 2026] [wsgi:error] [pid 9:tid 139962786412224] [remote 10.0.0.239:36588] 2026-04-24 21:10:29.258 9 ERROR keystone.server.flask.application ret_value = fn(self, *arg, **kw)
[Fri Apr 24 21:10:29.272616 2026] [wsgi:error] [pid 9:tid 139962786412224] [remote 10.0.0.239:36588] 2026-04-24 21:10:29.258 9 ERROR keystone.server.flask.application ^^^^^^^^^^^^^^^^^^^^
[Fri Apr 24 21:10:29.272618 2026] [wsgi:error] [pid 9:tid 139962786412224] [remote 10.0.0.239:36588] 2026-04-24 21:10:29.258 9 ERROR keystone.server.flask.application
File "/var/lib/openstack/lib/python3.12/site-packages/sqlalchemy/orm/session.py", line 1286, in _prepare_impl
[Fri Apr 24 21:10:29.272621 2026] [wsgi:error] [pid 9:tid 139962786412224] [remote 10.0.0.239:36588] 2026-04-24 21:10:29.258 9 ERROR keystone.server.flask.application self.session.flush()
[Fri Apr 24 21:10:29.272623 2026] [wsgi:error] [pid 9:tid 139962786412224] [remote 10.0.0.239:36588] 2026-04-24 21:10:29.258 9 ERROR keystone.server.flask.application
File "/var/lib/openstack/lib/python3.12/site-packages/sqlalchemy/orm/session.py", line 4331, in flush
[Fri Apr 24 21:10:29.272625 2026] [wsgi:error] [pid 9:tid 139962786412224] [remote 10.0.0.239:36588] 2026-04-24 21:10:29.258 9 ERROR keystone.server.flask.application self._flush(objects)
[Fri Apr 24 21:10:29.272627 2026] [wsgi:error] [pid 9:tid 139962786412224] [remote 10.0.0.239:36588] 2026-04-24 21:10:29.258 9 ERROR keystone.server.flask.application
File "/var/lib/openstack/lib/python3.12/site-packages/sqlalchemy/orm/session.py", line 4466, in _flush
[Fri Apr 24 21:10:29.272629 2026] [wsgi:error] [pid 9:tid 139962786412224] [remote 10.0.0.239:36588] 2026-04-24 21:10:29.258 9 ERROR keystone.server.flask.application with util.safe_reraise():
[Fri Apr 24 21:10:29.272631 2026] [wsgi:error] [pid 9:tid 139962786412224] [remote 10.0.0.239:36588] 2026-04-24 21:10:29.258 9 ERROR keystone.server.flask.application
File "/var/lib/openstack/lib/python3.12/site-packages/sqlalchemy/util/langhelpers.py", line 121, in __exit__
[Fri Apr 24 21:10:29.272634 2026] [wsgi:error] [pid 9:tid 139962786412224] [remote 10.0.0.239:36588] 2026-04-24 21:10:29.258 9 ERROR keystone.server.flask.application raise exc_value.with_traceback(exc_tb)
[Fri Apr 24 21:10:29.272636 2026] [wsgi:error] [pid 9:tid 139962786412224] [remote 10.0.0.239:36588] 2026-04-24 21:10:29.258 9 ERROR keystone.server.flask.application
File "/var/lib/openstack/lib/python3.12/site-packages/sqlalchemy/orm/session.py", line 4427, in _flush
[Fri Apr 24 21:10:29.272638 2026] [wsgi:error] [pid 9:tid 139962786412224] [remote 10.0.0.239:36588] 2026-04-24 21:10:29.258 9 ERROR keystone.server.flask.application flush_context.execute()
[Fri Apr 24 21:10:29.272640 2026] [wsgi:error] [pid 9:tid 139962786412224] [remote 10.0.0.239:36588] 2026-04-24 21:10:29.258 9 ERROR keystone.server.flask.application
File "/var/lib/openstack/lib/python3.12/site-packages/sqlalchemy/orm/unitofwork.py", line 466, in execute
[Fri Apr 24 21:10:29.272642 2026] [wsgi:error] [pid 9:tid 139962786412224] [remote 10.0.0.239:36588] 2026-04-24 21:10:29.258 9 ERROR keystone.server.flask.application rec.execute(self)
