Feb 17 20:34:28.420855 np0000156156 systemd[1]: Starting devstack@n-api.service - Devstack devstack@n-api.service...
Feb 17 20:34:28.427795 np0000156156 devstack@n-api.service[99946]: [uWSGI] getting INI configuration from /etc/nova/nova-api-uwsgi.ini
Feb 17 20:34:28.428465 np0000156156 devstack@n-api.service[99946]: open("./http_plugin.so"): No such file or directory [core/utils.c line 3709]
Feb 17 20:34:28.428465 np0000156156 devstack@n-api.service[99946]: !!! UNABLE to load uWSGI plugin: ./http_plugin.so: cannot open shared object file: No such file or directory !!!
Feb 17 20:34:28.428465 np0000156156 devstack@n-api.service[99946]: open("./python3_plugin.so"): No such file or directory [core/utils.c line 3709]
Feb 17 20:34:28.428465 np0000156156 devstack@n-api.service[99946]: !!! UNABLE to load uWSGI plugin: ./python3_plugin.so: cannot open shared object file: No such file or directory !!!
Feb 17 20:34:28.428465 np0000156156 devstack@n-api.service[99946]: *** Starting uWSGI 2.0.31 (64bit) on [Tue Feb 17 20:34:28 2026] ***
Feb 17 20:34:28.428465 np0000156156 devstack@n-api.service[99946]: compiled with version: 13.3.0 on 17 February 2026 20:25:31
Feb 17 20:34:28.428465 np0000156156 devstack@n-api.service[99946]: os: Linux-6.8.0-100-generic #100-Ubuntu SMP PREEMPT_DYNAMIC Tue Jan 13 16:40:06 UTC 2026
Feb 17 20:34:28.428465 np0000156156 devstack@n-api.service[99946]: nodename: np0000156156
Feb 17 20:34:28.428465 np0000156156 devstack@n-api.service[99946]: machine: x86_64
Feb 17 20:34:28.428465 np0000156156 devstack@n-api.service[99946]: clock source: unix
Feb 17 20:34:28.428465 np0000156156 devstack@n-api.service[99946]: pcre jit disabled
Feb 17 20:34:28.428465 np0000156156 devstack@n-api.service[99946]: detected number of CPU cores: 16
Feb 17 20:34:28.428465 np0000156156 devstack@n-api.service[99946]: current working directory: /
Feb 17 20:34:28.428465 np0000156156 devstack@n-api.service[99946]: detected binary path: /opt/stack/data/venv/bin/uwsgi
Feb 17 20:34:28.428465 np0000156156 devstack@n-api.service[99946]: your processes number limit is 256923
Feb 17 20:34:28.428465 np0000156156 devstack@n-api.service[99946]: your memory page size is 4096 bytes
Feb 17 20:34:28.428465 np0000156156 devstack@n-api.service[99946]: detected max file descriptor number: 2048
Feb 17 20:34:28.428465 np0000156156 devstack@n-api.service[99946]: lock engine: pthread robust mutexes
Feb 17 20:34:28.428465 np0000156156 devstack@n-api.service[99946]: thunder lock: enabled
Feb 17 20:34:28.428465 np0000156156 devstack@n-api.service[99946]: uwsgi socket 0 bound to UNIX address /var/run/uwsgi/nova-api.socket fd 4
Feb 17 20:34:28.428465 np0000156156 devstack@n-api.service[99946]: Python version: 3.12.3 (main, Jan 22 2026, 20:57:42) [GCC 13.3.0]
Feb 17 20:34:28.428465 np0000156156 devstack@n-api.service[99946]: PEP 405 virtualenv detected: /opt/stack/data/venv
Feb 17 20:34:28.428465 np0000156156 devstack@n-api.service[99946]: Set PythonHome to /opt/stack/data/venv
Feb 17 20:34:28.462320 np0000156156 devstack@n-api.service[99946]: Python main interpreter initialized at 0x7d3af98a3668
Feb 17 20:34:28.462320 np0000156156 devstack@n-api.service[99946]: python threads support enabled
Feb 17 20:34:28.462320 np0000156156 devstack@n-api.service[99946]: your server socket listen backlog is limited to 100 connections
Feb 17 20:34:28.462320 np0000156156 devstack@n-api.service[99946]: your mercy for graceful operations on workers is 80 seconds
Feb 17 20:34:28.462849 np0000156156 devstack@n-api.service[99946]: mapped 671795 bytes (656 KB) for 4 cores
Feb 17 20:34:28.462990 np0000156156 devstack@n-api.service[99946]: *** Operational MODE: preforking ***
Feb 17 20:34:28.463204 np0000156156 devstack@n-api.service[99946]: *** uWSGI is running in multiple interpreter mode ***
Feb 17 20:34:28.463204 np0000156156 devstack@n-api.service[99946]: spawned uWSGI master process (pid: 99946)
Feb 17 20:34:28.463398 np0000156156 systemd[1]: Started devstack@n-api.service - Devstack devstack@n-api.service.
Feb 17 20:34:28.463957 np0000156156 devstack@n-api.service[99946]: spawned uWSGI worker 1 (pid: 99947, cores: 1)
Feb 17 20:34:28.464523 np0000156156 devstack@n-api.service[99946]: spawned uWSGI worker 2 (pid: 99948, cores: 1)
Feb 17 20:34:28.464986 np0000156156 devstack@n-api.service[99946]: spawned uWSGI worker 3 (pid: 99949, cores: 1)
Feb 17 20:34:28.465426 np0000156156 devstack@n-api.service[99946]: spawned uWSGI worker 4 (pid: 99950, cores: 1)
Feb 17 20:34:28.465500 np0000156156 devstack@n-api.service[99946]: running "unix_signal:15 gracefully_kill_them_all" (master-start)...
Feb 17 20:34:28.791151 np0000156156 devstack@n-api.service[99947]: Service is starting with native threading. This is currently experimental. Do not use it in production without first testing it in pre-production.
Feb 17 20:34:28.799361 np0000156156 devstack@n-api.service[99949]: Service is starting with native threading. This is currently experimental. Do not use it in production without first testing it in pre-production.
Feb 17 20:34:28.799866 np0000156156 devstack@n-api.service[99950]: Service is starting with native threading. This is currently experimental. Do not use it in production without first testing it in pre-production.
Feb 17 20:34:28.816052 np0000156156 devstack@n-api.service[99948]: Service is starting with native threading. This is currently experimental. Do not use it in production without first testing it in pre-production.
Feb 17 20:34:30.751577 np0000156156 devstack@n-api.service[99947]: INFO dbcounter [None req-1c0e0a86-baff-47e1-8f5d-fcd478281266 None None] Registered counter for database nova_api
Feb 17 20:34:30.764970 np0000156156 devstack@n-api.service[99949]: INFO dbcounter [None req-6c462b37-518e-4086-bea6-aff5384869dd None None] Registered counter for database nova_api
Feb 17 20:34:30.768475 np0000156156 devstack@n-api.service[99947]: DEBUG oslo_db.sqlalchemy.engines [None req-1c0e0a86-baff-47e1-8f5d-fcd478281266 None None] MySQL server mode set to STRICT_TRANS_TABLES,STRICT_ALL_TABLES,NO_ZERO_IN_DATE,NO_ZERO_DATE,ERROR_FOR_DIVISION_BY_ZERO,TRADITIONAL,NO_ENGINE_SUBSTITUTION {{(pid=99947) _check_effective_sql_mode /opt/stack/data/venv/lib/python3.12/site-packages/oslo_db/sqlalchemy/engines.py:325}}
Feb 17 20:34:30.770764 np0000156156 devstack@n-api.service[99950]: INFO dbcounter [None req-0e75296c-fb2c-443a-8ba5-b47548df1295 None None] Registered counter for database nova_api
Feb 17 20:34:30.775355 np0000156156 devstack@n-api.service[99949]: DEBUG oslo_db.sqlalchemy.engines [None req-6c462b37-518e-4086-bea6-aff5384869dd None None] MySQL server mode set to STRICT_TRANS_TABLES,STRICT_ALL_TABLES,NO_ZERO_IN_DATE,NO_ZERO_DATE,ERROR_FOR_DIVISION_BY_ZERO,TRADITIONAL,NO_ENGINE_SUBSTITUTION {{(pid=99949) _check_effective_sql_mode /opt/stack/data/venv/lib/python3.12/site-packages/oslo_db/sqlalchemy/engines.py:325}}
Feb 17 20:34:30.782569 np0000156156 devstack@n-api.service[99950]: DEBUG oslo_db.sqlalchemy.engines [None req-0e75296c-fb2c-443a-8ba5-b47548df1295 None None] MySQL server mode set to STRICT_TRANS_TABLES,STRICT_ALL_TABLES,NO_ZERO_IN_DATE,NO_ZERO_DATE,ERROR_FOR_DIVISION_BY_ZERO,TRADITIONAL,NO_ENGINE_SUBSTITUTION {{(pid=99950) _check_effective_sql_mode /opt/stack/data/venv/lib/python3.12/site-packages/oslo_db/sqlalchemy/engines.py:325}}
Feb 17 20:34:30.802000 np0000156156 devstack@n-api.service[99947]: DEBUG dbcounter [-] [99947] Writer thread running {{(pid=99947) stat_writer /opt/stack/data/venv/lib/python3.12/site-packages/dbcounter.py:102}}
Feb 17 20:34:30.804911 np0000156156 devstack@n-api.service[99949]: DEBUG dbcounter [-] [99949] Writer thread running {{(pid=99949) stat_writer /opt/stack/data/venv/lib/python3.12/site-packages/dbcounter.py:102}}
Feb 17 20:34:30.805037 np0000156156 devstack@n-api.service[99947]: DEBUG nova.context [None req-1c0e0a86-baff-47e1-8f5d-fcd478281266 None None] Found 2 cells: 00000000-0000-0000-0000-000000000000(cell0),f6995b53-e151-4463-8b96-f22007e970bc(cell1) {{(pid=99947) load_cells /opt/stack/nova/nova/context.py:509}}
Feb 17 20:34:30.805317 np0000156156 devstack@n-api.service[99947]: INFO nova.utils [None req-1c0e0a86-baff-47e1-8f5d-fcd478281266 None None] The cell worker thread pool MainProcess.cell_worker is initialized
Feb 17 20:34:30.806515 np0000156156 devstack@n-api.service[99949]: DEBUG nova.context [None req-6c462b37-518e-4086-bea6-aff5384869dd None None] Found 2 cells: 00000000-0000-0000-0000-000000000000(cell0),f6995b53-e151-4463-8b96-f22007e970bc(cell1) {{(pid=99949) load_cells /opt/stack/nova/nova/context.py:509}}
Feb 17 20:34:30.806729 np0000156156 devstack@n-api.service[99949]: INFO nova.utils [None req-6c462b37-518e-4086-bea6-aff5384869dd None None] The cell worker thread pool MainProcess.cell_worker is initialized
Feb 17 20:34:30.806892 np0000156156 devstack@n-api.service[99947]: DEBUG oslo_concurrency.lockutils [None req-1c0e0a86-baff-47e1-8f5d-fcd478281266 None None] Acquiring lock "00000000-0000-0000-0000-000000000000" by "nova.context.set_target_cell..get_or_set_cached_cell_and_set_connections" {{(pid=99947) inner /opt/stack/data/venv/lib/python3.12/site-packages/oslo_concurrency/lockutils.py:506}}
Feb 17 20:34:30.807057 np0000156156 devstack@n-api.service[99947]: DEBUG oslo_concurrency.lockutils [None req-1c0e0a86-baff-47e1-8f5d-fcd478281266 None None] Lock "00000000-0000-0000-0000-000000000000" acquired by "nova.context.set_target_cell..get_or_set_cached_cell_and_set_connections" :: waited 0.000s {{(pid=99947) inner /opt/stack/data/venv/lib/python3.12/site-packages/oslo_concurrency/lockutils.py:519}}
Feb 17 20:34:30.807409 np0000156156 devstack@n-api.service[99947]: DEBUG oslo_concurrency.lockutils [None req-1c0e0a86-baff-47e1-8f5d-fcd478281266 None None] Lock "00000000-0000-0000-0000-000000000000" "released" by "nova.context.set_target_cell..get_or_set_cached_cell_and_set_connections" :: held 0.000s {{(pid=99947) inner /opt/stack/data/venv/lib/python3.12/site-packages/oslo_concurrency/lockutils.py:538}}
Feb 17 20:34:30.808317 np0000156156 devstack@n-api.service[99947]: DEBUG oslo_concurrency.lockutils [None req-1c0e0a86-baff-47e1-8f5d-fcd478281266 None None] Acquiring lock "f6995b53-e151-4463-8b96-f22007e970bc" by "nova.context.set_target_cell..get_or_set_cached_cell_and_set_connections" {{(pid=99947) inner /opt/stack/data/venv/lib/python3.12/site-packages/oslo_concurrency/lockutils.py:506}}
Feb 17 20:34:30.808382 np0000156156 devstack@n-api.service[99949]: DEBUG oslo_concurrency.lockutils [None req-6c462b37-518e-4086-bea6-aff5384869dd None None] Acquiring lock "00000000-0000-0000-0000-000000000000" by "nova.context.set_target_cell..get_or_set_cached_cell_and_set_connections" {{(pid=99949) inner /opt/stack/data/venv/lib/python3.12/site-packages/oslo_concurrency/lockutils.py:506}}
Feb 17 20:34:30.808496 np0000156156 devstack@n-api.service[99947]: DEBUG oslo_concurrency.lockutils [None req-1c0e0a86-baff-47e1-8f5d-fcd478281266 None None] Lock "f6995b53-e151-4463-8b96-f22007e970bc" acquired by "nova.context.set_target_cell..get_or_set_cached_cell_and_set_connections" :: waited 0.000s {{(pid=99947) inner /opt/stack/data/venv/lib/python3.12/site-packages/oslo_concurrency/lockutils.py:519}}
Feb 17 20:34:30.808566 np0000156156 devstack@n-api.service[99949]: DEBUG oslo_concurrency.lockutils [None req-6c462b37-518e-4086-bea6-aff5384869dd None None] Lock "00000000-0000-0000-0000-000000000000" acquired by "nova.context.set_target_cell..get_or_set_cached_cell_and_set_connections" :: waited 0.000s {{(pid=99949) inner /opt/stack/data/venv/lib/python3.12/site-packages/oslo_concurrency/lockutils.py:519}}
Feb 17 20:34:30.808929 np0000156156 devstack@n-api.service[99949]: DEBUG oslo_concurrency.lockutils [None req-6c462b37-518e-4086-bea6-aff5384869dd None None] Lock "00000000-0000-0000-0000-000000000000" "released" by "nova.context.set_target_cell..get_or_set_cached_cell_and_set_connections" :: held 0.000s {{(pid=99949) inner /opt/stack/data/venv/lib/python3.12/site-packages/oslo_concurrency/lockutils.py:538}}
Feb 17 20:34:30.809548 np0000156156 devstack@n-api.service[99947]: DEBUG oslo_concurrency.lockutils [None req-1c0e0a86-baff-47e1-8f5d-fcd478281266 None None] Lock "f6995b53-e151-4463-8b96-f22007e970bc" "released" by "nova.context.set_target_cell..get_or_set_cached_cell_and_set_connections" :: held 0.001s {{(pid=99947) inner /opt/stack/data/venv/lib/python3.12/site-packages/oslo_concurrency/lockutils.py:538}}
Feb 17 20:34:30.809613 np0000156156 devstack@n-api.service[99949]: DEBUG oslo_concurrency.lockutils [None req-6c462b37-518e-4086-bea6-aff5384869dd None None] Acquiring lock "f6995b53-e151-4463-8b96-f22007e970bc" by "nova.context.set_target_cell..get_or_set_cached_cell_and_set_connections" {{(pid=99949) inner /opt/stack/data/venv/lib/python3.12/site-packages/oslo_concurrency/lockutils.py:506}}
Feb 17 20:34:30.809747 np0000156156 devstack@n-api.service[99949]: DEBUG oslo_concurrency.lockutils [None req-6c462b37-518e-4086-bea6-aff5384869dd None None] Lock "f6995b53-e151-4463-8b96-f22007e970bc" acquired by "nova.context.set_target_cell..get_or_set_cached_cell_and_set_connections" :: waited 0.000s {{(pid=99949) inner /opt/stack/data/venv/lib/python3.12/site-packages/oslo_concurrency/lockutils.py:519}}
Feb 17 20:34:30.810558 np0000156156 devstack@n-api.service[99949]: DEBUG oslo_concurrency.lockutils [None req-6c462b37-518e-4086-bea6-aff5384869dd None None] Lock "f6995b53-e151-4463-8b96-f22007e970bc" "released" by "nova.context.set_target_cell..get_or_set_cached_cell_and_set_connections" :: held 0.001s {{(pid=99949) inner /opt/stack/data/venv/lib/python3.12/site-packages/oslo_concurrency/lockutils.py:538}}
Feb 17 20:34:30.813356 np0000156156 devstack@n-api.service[99949]: INFO dbcounter [None req-6c462b37-518e-4086-bea6-aff5384869dd None None] Registered counter for database nova_cell0
Feb 17 20:34:30.813878 np0000156156 devstack@n-api.service[99947]: INFO dbcounter [None req-1c0e0a86-baff-47e1-8f5d-fcd478281266 None None] Registered counter for database nova_cell0
Feb 17 20:34:30.817108 np0000156156 devstack@n-api.service[99950]: DEBUG dbcounter [-] [99950] Writer thread running {{(pid=99950) stat_writer /opt/stack/data/venv/lib/python3.12/site-packages/dbcounter.py:102}}
Feb 17 20:34:30.819663 np0000156156 devstack@n-api.service[99950]: DEBUG nova.context [None req-0e75296c-fb2c-443a-8ba5-b47548df1295 None None] Found 2 cells: 00000000-0000-0000-0000-000000000000(cell0),f6995b53-e151-4463-8b96-f22007e970bc(cell1) {{(pid=99950) load_cells /opt/stack/nova/nova/context.py:509}}
Feb 17 20:34:30.819878 np0000156156 devstack@n-api.service[99950]: INFO nova.utils [None req-0e75296c-fb2c-443a-8ba5-b47548df1295 None None] The cell worker thread pool MainProcess.cell_worker is initialized
Feb 17 20:34:30.819993 np0000156156 devstack@n-api.service[99949]: INFO dbcounter [None req-6c462b37-518e-4086-bea6-aff5384869dd None None] Registered counter for database nova_cell1
Feb 17 20:34:30.821394 np0000156156 devstack@n-api.service[99947]: INFO dbcounter [None req-1c0e0a86-baff-47e1-8f5d-fcd478281266 None None] Registered counter for database nova_cell1
Feb 17 20:34:30.821673 np0000156156 devstack@n-api.service[99950]: DEBUG oslo_concurrency.lockutils [None req-0e75296c-fb2c-443a-8ba5-b47548df1295 None None] Acquiring lock "00000000-0000-0000-0000-000000000000" by "nova.context.set_target_cell..get_or_set_cached_cell_and_set_connections" {{(pid=99950) inner /opt/stack/data/venv/lib/python3.12/site-packages/oslo_concurrency/lockutils.py:506}}
Feb 17 20:34:30.821844 np0000156156 devstack@n-api.service[99950]: DEBUG oslo_concurrency.lockutils [None req-0e75296c-fb2c-443a-8ba5-b47548df1295 None None] Lock "00000000-0000-0000-0000-000000000000" acquired by "nova.context.set_target_cell..get_or_set_cached_cell_and_set_connections" :: waited 0.000s {{(pid=99950) inner /opt/stack/data/venv/lib/python3.12/site-packages/oslo_concurrency/lockutils.py:519}}
Feb 17 20:34:30.822278 np0000156156 devstack@n-api.service[99950]: DEBUG oslo_concurrency.lockutils [None req-0e75296c-fb2c-443a-8ba5-b47548df1295 None None] Lock "00000000-0000-0000-0000-000000000000" "released" by "nova.context.set_target_cell..get_or_set_cached_cell_and_set_connections" :: held 0.000s {{(pid=99950) inner /opt/stack/data/venv/lib/python3.12/site-packages/oslo_concurrency/lockutils.py:538}}
Feb 17 20:34:30.823424 np0000156156 devstack@n-api.service[99950]: DEBUG oslo_concurrency.lockutils [None req-0e75296c-fb2c-443a-8ba5-b47548df1295 None None] Acquiring lock "f6995b53-e151-4463-8b96-f22007e970bc" by "nova.context.set_target_cell..get_or_set_cached_cell_and_set_connections" {{(pid=99950) inner /opt/stack/data/venv/lib/python3.12/site-packages/oslo_concurrency/lockutils.py:506}}
Feb 17 20:34:30.823627 np0000156156 devstack@n-api.service[99950]: DEBUG oslo_concurrency.lockutils [None req-0e75296c-fb2c-443a-8ba5-b47548df1295 None None] Lock "f6995b53-e151-4463-8b96-f22007e970bc" acquired by "nova.context.set_target_cell..get_or_set_cached_cell_and_set_connections" :: waited 0.000s {{(pid=99950) inner /opt/stack/data/venv/lib/python3.12/site-packages/oslo_concurrency/lockutils.py:519}}
Feb 17 20:34:30.824525 np0000156156 devstack@n-api.service[99950]: DEBUG oslo_concurrency.lockutils [None req-0e75296c-fb2c-443a-8ba5-b47548df1295 None None] Lock "f6995b53-e151-4463-8b96-f22007e970bc" "released" by "nova.context.set_target_cell..get_or_set_cached_cell_and_set_connections" :: held 0.001s {{(pid=99950) inner /opt/stack/data/venv/lib/python3.12/site-packages/oslo_concurrency/lockutils.py:538}}
Feb 17 20:34:30.827359 np0000156156 devstack@n-api.service[99948]: INFO dbcounter [None req-c91fe138-3d65-46b6-bc54-badff59920e0 None None] Registered counter for database nova_api
Feb 17 20:34:30.828719 np0000156156 devstack@n-api.service[99950]: INFO dbcounter [None req-0e75296c-fb2c-443a-8ba5-b47548df1295 None None] Registered counter for database nova_cell0
Feb 17 20:34:30.833875 np0000156156 devstack@n-api.service[99949]: DEBUG oslo_db.sqlalchemy.engines [None req-6c462b37-518e-4086-bea6-aff5384869dd None None] MySQL server mode set to STRICT_TRANS_TABLES,STRICT_ALL_TABLES,NO_ZERO_IN_DATE,NO_ZERO_DATE,ERROR_FOR_DIVISION_BY_ZERO,TRADITIONAL,NO_ENGINE_SUBSTITUTION {{(pid=99949) _check_effective_sql_mode /opt/stack/data/venv/lib/python3.12/site-packages/oslo_db/sqlalchemy/engines.py:325}}
Feb 17 20:34:30.836678 np0000156156 devstack@n-api.service[99949]: DEBUG oslo_db.sqlalchemy.engines [None req-6c462b37-518e-4086-bea6-aff5384869dd None None] MySQL server mode set to STRICT_TRANS_TABLES,STRICT_ALL_TABLES,NO_ZERO_IN_DATE,NO_ZERO_DATE,ERROR_FOR_DIVISION_BY_ZERO,TRADITIONAL,NO_ENGINE_SUBSTITUTION {{(pid=99949) _check_effective_sql_mode /opt/stack/data/venv/lib/python3.12/site-packages/oslo_db/sqlalchemy/engines.py:325}}
Feb 17 20:34:30.837289 np0000156156 devstack@n-api.service[99950]: INFO dbcounter [None req-0e75296c-fb2c-443a-8ba5-b47548df1295 None None] Registered counter for database nova_cell1
Feb 17 20:34:30.841524 np0000156156 devstack@n-api.service[99947]: DEBUG oslo_db.sqlalchemy.engines [None req-1c0e0a86-baff-47e1-8f5d-fcd478281266 None None] MySQL server mode set to STRICT_TRANS_TABLES,STRICT_ALL_TABLES,NO_ZERO_IN_DATE,NO_ZERO_DATE,ERROR_FOR_DIVISION_BY_ZERO,TRADITIONAL,NO_ENGINE_SUBSTITUTION {{(pid=99947) _check_effective_sql_mode /opt/stack/data/venv/lib/python3.12/site-packages/oslo_db/sqlalchemy/engines.py:325}}
Feb 17 20:34:30.850379 np0000156156 devstack@n-api.service[99948]: DEBUG oslo_db.sqlalchemy.engines [None req-c91fe138-3d65-46b6-bc54-badff59920e0 None None] MySQL server mode set to STRICT_TRANS_TABLES,STRICT_ALL_TABLES,NO_ZERO_IN_DATE,NO_ZERO_DATE,ERROR_FOR_DIVISION_BY_ZERO,TRADITIONAL,NO_ENGINE_SUBSTITUTION {{(pid=99948) _check_effective_sql_mode /opt/stack/data/venv/lib/python3.12/site-packages/oslo_db/sqlalchemy/engines.py:325}}
Feb 17 20:34:30.852171 np0000156156 devstack@n-api.service[99947]: DEBUG oslo_db.sqlalchemy.engines [None req-1c0e0a86-baff-47e1-8f5d-fcd478281266 None None] MySQL server mode set to STRICT_TRANS_TABLES,STRICT_ALL_TABLES,NO_ZERO_IN_DATE,NO_ZERO_DATE,ERROR_FOR_DIVISION_BY_ZERO,TRADITIONAL,NO_ENGINE_SUBSTITUTION {{(pid=99947) _check_effective_sql_mode /opt/stack/data/venv/lib/python3.12/site-packages/oslo_db/sqlalchemy/engines.py:325}}
Feb 17 20:34:30.856996 np0000156156 devstack@n-api.service[99950]: DEBUG oslo_db.sqlalchemy.engines [None req-0e75296c-fb2c-443a-8ba5-b47548df1295 None None] MySQL server mode set to STRICT_TRANS_TABLES,STRICT_ALL_TABLES,NO_ZERO_IN_DATE,NO_ZERO_DATE,ERROR_FOR_DIVISION_BY_ZERO,TRADITIONAL,NO_ENGINE_SUBSTITUTION {{(pid=99950) _check_effective_sql_mode /opt/stack/data/venv/lib/python3.12/site-packages/oslo_db/sqlalchemy/engines.py:325}}
Feb 17 20:34:30.869543 np0000156156 devstack@n-api.service[99950]: DEBUG oslo_db.sqlalchemy.engines [None req-0e75296c-fb2c-443a-8ba5-b47548df1295 None None] MySQL server mode set to STRICT_TRANS_TABLES,STRICT_ALL_TABLES,NO_ZERO_IN_DATE,NO_ZERO_DATE,ERROR_FOR_DIVISION_BY_ZERO,TRADITIONAL,NO_ENGINE_SUBSTITUTION {{(pid=99950) _check_effective_sql_mode /opt/stack/data/venv/lib/python3.12/site-packages/oslo_db/sqlalchemy/engines.py:325}}
Feb 17 20:34:30.886017 np0000156156 devstack@n-api.service[99948]: DEBUG dbcounter [-] [99948] Writer thread running {{(pid=99948) stat_writer /opt/stack/data/venv/lib/python3.12/site-packages/dbcounter.py:102}}
Feb 17 20:34:30.888617 np0000156156 devstack@n-api.service[99948]: DEBUG nova.context [None req-c91fe138-3d65-46b6-bc54-badff59920e0 None None] Found 2 cells: 00000000-0000-0000-0000-000000000000(cell0),f6995b53-e151-4463-8b96-f22007e970bc(cell1) {{(pid=99948) load_cells /opt/stack/nova/nova/context.py:509}}
Feb 17 20:34:30.889156 np0000156156 devstack@n-api.service[99948]: INFO nova.utils [None req-c91fe138-3d65-46b6-bc54-badff59920e0 None None] The cell worker thread pool MainProcess.cell_worker is initialized
Feb 17 20:34:30.890628 np0000156156 devstack@n-api.service[99948]: DEBUG oslo_concurrency.lockutils [None req-c91fe138-3d65-46b6-bc54-badff59920e0 None None] Acquiring lock "00000000-0000-0000-0000-000000000000" by "nova.context.set_target_cell..get_or_set_cached_cell_and_set_connections" {{(pid=99948) inner /opt/stack/data/venv/lib/python3.12/site-packages/oslo_concurrency/lockutils.py:506}}
Feb 17 20:34:30.890840 np0000156156 devstack@n-api.service[99948]: DEBUG oslo_concurrency.lockutils [None req-c91fe138-3d65-46b6-bc54-badff59920e0 None None] Lock "00000000-0000-0000-0000-000000000000" acquired by "nova.context.set_target_cell..get_or_set_cached_cell_and_set_connections" :: waited 0.000s {{(pid=99948) inner /opt/stack/data/venv/lib/python3.12/site-packages/oslo_concurrency/lockutils.py:519}}
Feb 17 20:34:30.891152 np0000156156 devstack@n-api.service[99948]: DEBUG oslo_concurrency.lockutils [None req-c91fe138-3d65-46b6-bc54-badff59920e0 None None] Lock "00000000-0000-0000-0000-000000000000" "released" by "nova.context.set_target_cell..get_or_set_cached_cell_and_set_connections" :: held 0.000s {{(pid=99948) inner /opt/stack/data/venv/lib/python3.12/site-packages/oslo_concurrency/lockutils.py:538}}
Feb 17 20:34:30.891873 np0000156156 devstack@n-api.service[99948]: DEBUG oslo_concurrency.lockutils [None req-c91fe138-3d65-46b6-bc54-badff59920e0 None None] Acquiring lock "f6995b53-e151-4463-8b96-f22007e970bc" by "nova.context.set_target_cell..get_or_set_cached_cell_and_set_connections" {{(pid=99948) inner /opt/stack/data/venv/lib/python3.12/site-packages/oslo_concurrency/lockutils.py:506}}
Feb 17 20:34:30.892021 np0000156156 devstack@n-api.service[99948]: DEBUG oslo_concurrency.lockutils [None req-c91fe138-3d65-46b6-bc54-badff59920e0 None None] Lock "f6995b53-e151-4463-8b96-f22007e970bc" acquired by "nova.context.set_target_cell..get_or_set_cached_cell_and_set_connections" :: waited 0.000s {{(pid=99948) inner /opt/stack/data/venv/lib/python3.12/site-packages/oslo_concurrency/lockutils.py:519}}
Feb 17 20:34:30.892921 np0000156156 devstack@n-api.service[99948]: DEBUG oslo_concurrency.lockutils [None req-c91fe138-3d65-46b6-bc54-badff59920e0 None None] Lock "f6995b53-e151-4463-8b96-f22007e970bc" "released" by "nova.context.set_target_cell..get_or_set_cached_cell_and_set_connections" :: held 0.001s {{(pid=99948) inner /opt/stack/data/venv/lib/python3.12/site-packages/oslo_concurrency/lockutils.py:538}}
Feb 17 20:34:30.896372 np0000156156 devstack@n-api.service[99948]: INFO dbcounter [None req-c91fe138-3d65-46b6-bc54-badff59920e0 None None] Registered counter for database nova_cell0
Feb 17 20:34:30.902197 np0000156156 devstack@n-api.service[99948]: INFO dbcounter [None req-c91fe138-3d65-46b6-bc54-badff59920e0 None None] Registered counter for database nova_cell1
Feb 17 20:34:30.911930 np0000156156 devstack@n-api.service[99948]: DEBUG oslo_db.sqlalchemy.engines [None req-c91fe138-3d65-46b6-bc54-badff59920e0 None None] MySQL server mode set to STRICT_TRANS_TABLES,STRICT_ALL_TABLES,NO_ZERO_IN_DATE,NO_ZERO_DATE,ERROR_FOR_DIVISION_BY_ZERO,TRADITIONAL,NO_ENGINE_SUBSTITUTION {{(pid=99948) _check_effective_sql_mode /opt/stack/data/venv/lib/python3.12/site-packages/oslo_db/sqlalchemy/engines.py:325}}
Feb 17 20:34:30.918927 np0000156156 devstack@n-api.service[99948]: DEBUG oslo_db.sqlalchemy.engines [None req-c91fe138-3d65-46b6-bc54-badff59920e0 None None] MySQL server mode set to STRICT_TRANS_TABLES,STRICT_ALL_TABLES,NO_ZERO_IN_DATE,NO_ZERO_DATE,ERROR_FOR_DIVISION_BY_ZERO,TRADITIONAL,NO_ENGINE_SUBSTITUTION {{(pid=99948) _check_effective_sql_mode /opt/stack/data/venv/lib/python3.12/site-packages/oslo_db/sqlalchemy/engines.py:325}}
Feb 17 20:34:30.926591 np0000156156 devstack@n-api.service[99947]: DEBUG dbcounter [-] [99947] Writer thread running {{(pid=99947) stat_writer /opt/stack/data/venv/lib/python3.12/site-packages/dbcounter.py:102}}
Feb 17 20:34:30.934006 np0000156156 devstack@n-api.service[99947]: DEBUG dbcounter [-] [99947] Writer thread running {{(pid=99947) stat_writer /opt/stack/data/venv/lib/python3.12/site-packages/dbcounter.py:102}}
Feb 17 20:34:30.936827 np0000156156 devstack@n-api.service[99949]: DEBUG dbcounter [-] [99949] Writer thread running {{(pid=99949) stat_writer /opt/stack/data/venv/lib/python3.12/site-packages/dbcounter.py:102}}
Feb 17 20:34:30.937514 np0000156156 devstack@n-api.service[99949]: DEBUG dbcounter [-] [99949] Writer thread running {{(pid=99949) stat_writer /opt/stack/data/venv/lib/python3.12/site-packages/dbcounter.py:102}}
Feb 17 20:34:30.940251 np0000156156 devstack@n-api.service[99947]: INFO dbcounter [None req-1c0e0a86-baff-47e1-8f5d-fcd478281266 None None] Registered counter for database nova_cell0
Feb 17 20:34:30.943043 np0000156156 devstack@n-api.service[99949]: INFO dbcounter [None req-6c462b37-518e-4086-bea6-aff5384869dd None None] Registered counter for database nova_cell0
Feb 17 20:34:30.949878 np0000156156 devstack@n-api.service[99950]: DEBUG dbcounter [-] [99950] Writer thread running {{(pid=99950) stat_writer /opt/stack/data/venv/lib/python3.12/site-packages/dbcounter.py:102}}
Feb 17 20:34:30.955026 np0000156156 devstack@n-api.service[99949]: DEBUG oslo_db.sqlalchemy.engines [None req-6c462b37-518e-4086-bea6-aff5384869dd None None] MySQL server mode set to STRICT_TRANS_TABLES,STRICT_ALL_TABLES,NO_ZERO_IN_DATE,NO_ZERO_DATE,ERROR_FOR_DIVISION_BY_ZERO,TRADITIONAL,NO_ENGINE_SUBSTITUTION {{(pid=99949) _check_effective_sql_mode /opt/stack/data/venv/lib/python3.12/site-packages/oslo_db/sqlalchemy/engines.py:325}}
Feb 17 20:34:30.956631 np0000156156 devstack@n-api.service[99950]: DEBUG dbcounter [-] [99950] Writer thread running {{(pid=99950) stat_writer /opt/stack/data/venv/lib/python3.12/site-packages/dbcounter.py:102}}
Feb 17 20:34:30.960498 np0000156156 devstack@n-api.service[99947]: DEBUG oslo_db.sqlalchemy.engines [None req-1c0e0a86-baff-47e1-8f5d-fcd478281266 None None] MySQL server mode set to STRICT_TRANS_TABLES,STRICT_ALL_TABLES,NO_ZERO_IN_DATE,NO_ZERO_DATE,ERROR_FOR_DIVISION_BY_ZERO,TRADITIONAL,NO_ENGINE_SUBSTITUTION {{(pid=99947) _check_effective_sql_mode /opt/stack/data/venv/lib/python3.12/site-packages/oslo_db/sqlalchemy/engines.py:325}}
Feb 17 20:34:30.967410 np0000156156 devstack@n-api.service[99949]: DEBUG dbcounter [-] [99949] Writer thread running {{(pid=99949) stat_writer /opt/stack/data/venv/lib/python3.12/site-packages/dbcounter.py:102}}
Feb 17 20:34:30.967962 np0000156156 devstack@n-api.service[99947]: DEBUG dbcounter [-] [99947] Writer thread running {{(pid=99947) stat_writer /opt/stack/data/venv/lib/python3.12/site-packages/dbcounter.py:102}}
Feb 17 20:34:31.008913 np0000156156 devstack@n-api.service[99950]: INFO dbcounter [None req-0e75296c-fb2c-443a-8ba5-b47548df1295 None None] Registered counter for database nova_cell0
Feb 17 20:34:31.020635 np0000156156 devstack@n-api.service[99950]: DEBUG oslo_db.sqlalchemy.engines [None req-0e75296c-fb2c-443a-8ba5-b47548df1295 None None] MySQL server mode set to STRICT_TRANS_TABLES,STRICT_ALL_TABLES,NO_ZERO_IN_DATE,NO_ZERO_DATE,ERROR_FOR_DIVISION_BY_ZERO,TRADITIONAL,NO_ENGINE_SUBSTITUTION {{(pid=99950) _check_effective_sql_mode /opt/stack/data/venv/lib/python3.12/site-packages/oslo_db/sqlalchemy/engines.py:325}}
Feb 17 20:34:31.024688 np0000156156 devstack@n-api.service[99948]: DEBUG dbcounter [-] [99948] Writer thread running {{(pid=99948) stat_writer /opt/stack/data/venv/lib/python3.12/site-packages/dbcounter.py:102}}
Feb 17 20:34:31.025693 np0000156156 devstack@n-api.service[99948]: DEBUG dbcounter [-] [99948] Writer thread running {{(pid=99948) stat_writer /opt/stack/data/venv/lib/python3.12/site-packages/dbcounter.py:102}}
Feb 17 20:34:31.031027 np0000156156 devstack@n-api.service[99948]: INFO dbcounter [None req-c91fe138-3d65-46b6-bc54-badff59920e0 None None] Registered counter for database nova_cell0
Feb 17 20:34:31.033120 np0000156156 devstack@n-api.service[99950]: DEBUG dbcounter [-] [99950] Writer thread running {{(pid=99950) stat_writer /opt/stack/data/venv/lib/python3.12/site-packages/dbcounter.py:102}}
Feb 17 20:34:31.042141 np0000156156 devstack@n-api.service[99948]: DEBUG oslo_db.sqlalchemy.engines [None req-c91fe138-3d65-46b6-bc54-badff59920e0 None None] MySQL server mode set to STRICT_TRANS_TABLES,STRICT_ALL_TABLES,NO_ZERO_IN_DATE,NO_ZERO_DATE,ERROR_FOR_DIVISION_BY_ZERO,TRADITIONAL,NO_ENGINE_SUBSTITUTION {{(pid=99948) _check_effective_sql_mode /opt/stack/data/venv/lib/python3.12/site-packages/oslo_db/sqlalchemy/engines.py:325}}
Feb 17 20:34:31.053131 np0000156156 devstack@n-api.service[99948]: DEBUG dbcounter [-] [99948] Writer thread running {{(pid=99948) stat_writer /opt/stack/data/venv/lib/python3.12/site-packages/dbcounter.py:102}}
Feb 17 20:34:31.385764 np0000156156 devstack@n-api.service[99950]: DEBUG oslo_concurrency.processutils [None req-0e75296c-fb2c-443a-8ba5-b47548df1295 None None] Running cmd (subprocess): grep -F node.session.scan /sbin/iscsiadm {{(pid=99950) execute /opt/stack/data/venv/lib/python3.12/site-packages/oslo_concurrency/processutils.py:368}}
Feb 17 20:34:31.404190 np0000156156 devstack@n-api.service[99948]: DEBUG oslo_concurrency.processutils [None req-c91fe138-3d65-46b6-bc54-badff59920e0 None None] Running cmd (subprocess): grep -F node.session.scan /sbin/iscsiadm {{(pid=99948) execute /opt/stack/data/venv/lib/python3.12/site-packages/oslo_concurrency/processutils.py:368}}
Feb 17 20:34:31.408251 np0000156156 devstack@n-api.service[99950]: DEBUG oslo_concurrency.processutils [None req-0e75296c-fb2c-443a-8ba5-b47548df1295 None None] CMD "grep -F node.session.scan /sbin/iscsiadm" returned: 0 in 0.022s {{(pid=99950) execute /opt/stack/data/venv/lib/python3.12/site-packages/oslo_concurrency/processutils.py:396}}
Feb 17 20:34:31.424622 np0000156156 devstack@n-api.service[99948]: DEBUG oslo_concurrency.processutils [None req-c91fe138-3d65-46b6-bc54-badff59920e0 None None] CMD "grep -F node.session.scan /sbin/iscsiadm" returned: 0 in 0.020s {{(pid=99948) execute /opt/stack/data/venv/lib/python3.12/site-packages/oslo_concurrency/processutils.py:396}}
Feb 17 20:34:31.470611 np0000156156 devstack@n-api.service[99949]: DEBUG oslo_concurrency.processutils [None req-6c462b37-518e-4086-bea6-aff5384869dd None None] Running cmd (subprocess): grep -F node.session.scan /sbin/iscsiadm {{(pid=99949) execute /opt/stack/data/venv/lib/python3.12/site-packages/oslo_concurrency/processutils.py:368}}
Feb 17 20:34:31.490423 np0000156156 devstack@n-api.service[99947]: DEBUG oslo_concurrency.processutils [None req-1c0e0a86-baff-47e1-8f5d-fcd478281266 None None] Running cmd (subprocess): grep -F node.session.scan /sbin/iscsiadm {{(pid=99947) execute /opt/stack/data/venv/lib/python3.12/site-packages/oslo_concurrency/processutils.py:368}}
Feb 17 20:34:31.492683 np0000156156 devstack@n-api.service[99949]: DEBUG oslo_concurrency.processutils [None req-6c462b37-518e-4086-bea6-aff5384869dd None None] CMD "grep -F node.session.scan /sbin/iscsiadm" returned: 0 in 0.022s {{(pid=99949) execute /opt/stack/data/venv/lib/python3.12/site-packages/oslo_concurrency/processutils.py:396}}
Feb 17 20:34:31.511447 np0000156156 devstack@n-api.service[99947]: DEBUG oslo_concurrency.processutils [None req-1c0e0a86-baff-47e1-8f5d-fcd478281266 None None] CMD "grep -F node.session.scan /sbin/iscsiadm" returned: 0 in 0.021s {{(pid=99947) execute /opt/stack/data/venv/lib/python3.12/site-packages/oslo_concurrency/processutils.py:396}}
Feb 17 20:34:31.877137 np0000156156 devstack@n-api.service[99950]: WARNING keystonemiddleware.auth_token [None req-0e75296c-fb2c-443a-8ba5-b47548df1295 None None] AuthToken middleware is set with keystone_authtoken.service_token_roles_required set to False. This is backwards compatible but deprecated behaviour. Please set this to True.
Feb 17 20:34:31.877729 np0000156156 devstack@n-api.service[99947]: WARNING keystonemiddleware.auth_token [None req-1c0e0a86-baff-47e1-8f5d-fcd478281266 None None] AuthToken middleware is set with keystone_authtoken.service_token_roles_required set to False. This is backwards compatible but deprecated behaviour. Please set this to True.
Feb 17 20:34:31.880872 np0000156156 devstack@n-api.service[99950]: WARNING keystonemiddleware.auth_token [None req-0e75296c-fb2c-443a-8ba5-b47548df1295 None None] Configuring www_authenticate_uri to point to the public identity endpoint is required; clients may not be able to authenticate against an admin endpoint
Feb 17 20:34:31.881762 np0000156156 devstack@n-api.service[99947]: WARNING keystonemiddleware.auth_token [None req-1c0e0a86-baff-47e1-8f5d-fcd478281266 None None] Configuring www_authenticate_uri to point to the public identity endpoint is required; clients may not be able to authenticate against an admin endpoint
Feb 17 20:34:31.883788 np0000156156 devstack@n-api.service[99949]: WARNING keystonemiddleware.auth_token [None req-6c462b37-518e-4086-bea6-aff5384869dd None None] AuthToken middleware is set with keystone_authtoken.service_token_roles_required set to False. This is backwards compatible but deprecated behaviour. Please set this to True.
Feb 17 20:34:31.885231 np0000156156 devstack@n-api.service[99948]: WARNING keystonemiddleware.auth_token [None req-c91fe138-3d65-46b6-bc54-badff59920e0 None None] AuthToken middleware is set with keystone_authtoken.service_token_roles_required set to False. This is backwards compatible but deprecated behaviour. Please set this to True.
Feb 17 20:34:31.888328 np0000156156 devstack@n-api.service[99949]: WARNING keystonemiddleware.auth_token [None req-6c462b37-518e-4086-bea6-aff5384869dd None None] Configuring www_authenticate_uri to point to the public identity endpoint is required; clients may not be able to authenticate against an admin endpoint
Feb 17 20:34:31.889151 np0000156156 devstack@n-api.service[99948]: WARNING keystonemiddleware.auth_token [None req-c91fe138-3d65-46b6-bc54-badff59920e0 None None] Configuring www_authenticate_uri to point to the public identity endpoint is required; clients may not be able to authenticate against an admin endpoint
Feb 17 20:34:32.077794 np0000156156 devstack@n-api.service[99950]: WARNING keystonemiddleware.auth_token [None req-0e75296c-fb2c-443a-8ba5-b47548df1295 None None] AuthToken middleware is set with keystone_authtoken.service_token_roles_required set to False. This is backwards compatible but deprecated behaviour. Please set this to True.
Feb 17 20:34:32.080761 np0000156156 devstack@n-api.service[99950]: WARNING keystonemiddleware.auth_token [None req-0e75296c-fb2c-443a-8ba5-b47548df1295 None None] Configuring www_authenticate_uri to point to the public identity endpoint is required; clients may not be able to authenticate against an admin endpoint
Feb 17 20:34:32.083197 np0000156156 devstack@n-api.service[99950]: DEBUG nova.api.openstack.wsgi_app [None req-0e75296c-fb2c-443a-8ba5-b47548df1295 None None] ******************************************************************************** {{(pid=99950) log_opt_values /opt/stack/data/venv/lib/python3.12/site-packages/oslo_config/cfg.py:2804}}
Feb 17 20:34:32.083395 np0000156156 devstack@n-api.service[99950]: DEBUG nova.api.openstack.wsgi_app [None req-0e75296c-fb2c-443a-8ba5-b47548df1295 None None] Configuration options gathered from: {{(pid=99950) log_opt_values /opt/stack/data/venv/lib/python3.12/site-packages/oslo_config/cfg.py:2805}}
Feb 17 20:34:32.083646 np0000156156 devstack@n-api.service[99950]: DEBUG nova.api.openstack.wsgi_app [None req-0e75296c-fb2c-443a-8ba5-b47548df1295 None None] command line args: [] {{(pid=99950) log_opt_values /opt/stack/data/venv/lib/python3.12/site-packages/oslo_config/cfg.py:2806}}
Feb 17 20:34:32.083793 np0000156156 devstack@n-api.service[99950]: DEBUG nova.api.openstack.wsgi_app [None req-0e75296c-fb2c-443a-8ba5-b47548df1295 None None] config files: ['/etc/nova/api-paste.ini', '/etc/nova/nova.conf'] {{(pid=99950) log_opt_values /opt/stack/data/venv/lib/python3.12/site-packages/oslo_config/cfg.py:2807}}
Feb 17 20:34:32.083923 np0000156156 devstack@n-api.service[99950]: DEBUG nova.api.openstack.wsgi_app [None req-0e75296c-fb2c-443a-8ba5-b47548df1295 None None] ================================================================================ {{(pid=99950) log_opt_values /opt/stack/data/venv/lib/python3.12/site-packages/oslo_config/cfg.py:2809}}
Feb 17 20:34:32.084039 np0000156156 devstack@n-api.service[99950]: DEBUG nova.api.openstack.wsgi_app [None req-0e75296c-fb2c-443a-8ba5-b47548df1295 None None] allow_resize_to_same_host = True {{(pid=99950) log_opt_values /opt/stack/data/venv/lib/python3.12/site-packages/oslo_config/cfg.py:2817}}
Feb 17 20:34:32.084103 np0000156156 devstack@n-api.service[99947]: WARNING keystonemiddleware.auth_token [None req-1c0e0a86-baff-47e1-8f5d-fcd478281266 None None] AuthToken middleware is set with keystone_authtoken.service_token_roles_required set to False. This is backwards compatible but deprecated behaviour. Please set this to True.
Feb 17 20:34:32.084160 np0000156156 devstack@n-api.service[99950]: DEBUG nova.api.openstack.wsgi_app [None req-0e75296c-fb2c-443a-8ba5-b47548df1295 None None] arq_binding_timeout = 300 {{(pid=99950) log_opt_values /opt/stack/data/venv/lib/python3.12/site-packages/oslo_config/cfg.py:2817}}
Feb 17 20:34:32.084309 np0000156156 devstack@n-api.service[99950]: DEBUG nova.api.openstack.wsgi_app [None req-0e75296c-fb2c-443a-8ba5-b47548df1295 None None] block_device_allocate_retries = 60 {{(pid=99950) log_opt_values /opt/stack/data/venv/lib/python3.12/site-packages/oslo_config/cfg.py:2817}}
Feb 17 20:34:32.084506 np0000156156 devstack@n-api.service[99950]: DEBUG nova.api.openstack.wsgi_app [None req-0e75296c-fb2c-443a-8ba5-b47548df1295 None None] block_device_allocate_retries_interval = 3 {{(pid=99950) log_opt_values /opt/stack/data/venv/lib/python3.12/site-packages/oslo_config/cfg.py:2817}}
Feb 17 20:34:32.084630 np0000156156 devstack@n-api.service[99950]: DEBUG nova.api.openstack.wsgi_app [None req-0e75296c-fb2c-443a-8ba5-b47548df1295 None None] cell_worker_thread_pool_size = 5 {{(pid=99950) log_opt_values /opt/stack/data/venv/lib/python3.12/site-packages/oslo_config/cfg.py:2817}}
Feb 17 20:34:32.084741 np0000156156 devstack@n-api.service[99950]: DEBUG nova.api.openstack.wsgi_app [None req-0e75296c-fb2c-443a-8ba5-b47548df1295 None None] cert = self.pem {{(pid=99950) log_opt_values /opt/stack/data/venv/lib/python3.12/site-packages/oslo_config/cfg.py:2817}}
Feb 17 20:34:32.084807 np0000156156 devstack@n-api.service[99950]: DEBUG nova.api.openstack.wsgi_app [None req-0e75296c-fb2c-443a-8ba5-b47548df1295 None None] compute_driver = libvirt.LibvirtDriver {{(pid=99950) log_opt_values /opt/stack/data/venv/lib/python3.12/site-packages/oslo_config/cfg.py:2817}}
Feb 17 20:34:32.084944 np0000156156 devstack@n-api.service[99950]: DEBUG nova.api.openstack.wsgi_app [None req-0e75296c-fb2c-443a-8ba5-b47548df1295 None None] compute_monitors = [] {{(pid=99950) log_opt_values /opt/stack/data/venv/lib/python3.12/site-packages/oslo_config/cfg.py:2817}}
Feb 17 20:34:32.085053 np0000156156 devstack@n-api.service[99950]: DEBUG nova.api.openstack.wsgi_app [None req-0e75296c-fb2c-443a-8ba5-b47548df1295 None None] config_dir = [] {{(pid=99950) log_opt_values /opt/stack/data/venv/lib/python3.12/site-packages/oslo_config/cfg.py:2817}}
Feb 17 20:34:32.085193 np0000156156 devstack@n-api.service[99950]: DEBUG nova.api.openstack.wsgi_app [None req-0e75296c-fb2c-443a-8ba5-b47548df1295 None None] config_drive_format = iso9660 {{(pid=99950) log_opt_values /opt/stack/data/venv/lib/python3.12/site-packages/oslo_config/cfg.py:2817}}
Feb 17 20:34:32.085310 np0000156156 devstack@n-api.service[99950]: DEBUG nova.api.openstack.wsgi_app [None req-0e75296c-fb2c-443a-8ba5-b47548df1295 None None] config_file = ['/etc/nova/api-paste.ini', '/etc/nova/nova.conf'] {{(pid=99950) log_opt_values /opt/stack/data/venv/lib/python3.12/site-packages/oslo_config/cfg.py:2817}}
Feb 17 20:34:32.085428 np0000156156 devstack@n-api.service[99950]: DEBUG nova.api.openstack.wsgi_app [None req-0e75296c-fb2c-443a-8ba5-b47548df1295 None None] config_source = [] {{(pid=99950) log_opt_values /opt/stack/data/venv/lib/python3.12/site-packages/oslo_config/cfg.py:2817}}
Feb 17 20:34:32.085561 np0000156156 devstack@n-api.service[99950]: DEBUG nova.api.openstack.wsgi_app [None req-0e75296c-fb2c-443a-8ba5-b47548df1295 None None] console_host = np0000156156 {{(pid=99950) log_opt_values /opt/stack/data/venv/lib/python3.12/site-packages/oslo_config/cfg.py:2817}}
Feb 17 20:34:32.085774 np0000156156 devstack@n-api.service[99950]: DEBUG nova.api.openstack.wsgi_app [None req-0e75296c-fb2c-443a-8ba5-b47548df1295 None None] control_exchange = nova {{(pid=99950) log_opt_values /opt/stack/data/venv/lib/python3.12/site-packages/oslo_config/cfg.py:2817}}
Feb 17 20:34:32.085837 np0000156156 devstack@n-api.service[99950]: DEBUG nova.api.openstack.wsgi_app [None req-0e75296c-fb2c-443a-8ba5-b47548df1295 None None] cpu_allocation_ratio = None {{(pid=99950) log_opt_values /opt/stack/data/venv/lib/python3.12/site-packages/oslo_config/cfg.py:2817}}
Feb 17 20:34:32.085894 np0000156156 devstack@n-api.service[99948]: WARNING keystonemiddleware.auth_token [None req-c91fe138-3d65-46b6-bc54-badff59920e0 None None] AuthToken middleware is set with keystone_authtoken.service_token_roles_required set to False. This is backwards compatible but deprecated behaviour. Please set this to True.
Feb 17 20:34:32.085948 np0000156156 devstack@n-api.service[99950]: DEBUG nova.api.openstack.wsgi_app [None req-0e75296c-fb2c-443a-8ba5-b47548df1295 None None] daemon = False {{(pid=99950) log_opt_values /opt/stack/data/venv/lib/python3.12/site-packages/oslo_config/cfg.py:2817}}
Feb 17 20:34:32.086135 np0000156156 devstack@n-api.service[99950]: DEBUG nova.api.openstack.wsgi_app [None req-0e75296c-fb2c-443a-8ba5-b47548df1295 None None] debug = True {{(pid=99950) log_opt_values /opt/stack/data/venv/lib/python3.12/site-packages/oslo_config/cfg.py:2817}}
Feb 17 20:34:32.086254 np0000156156 devstack@n-api.service[99950]: DEBUG nova.api.openstack.wsgi_app [None req-0e75296c-fb2c-443a-8ba5-b47548df1295 None None] default_access_ip_network_name = None {{(pid=99950) log_opt_values /opt/stack/data/venv/lib/python3.12/site-packages/oslo_config/cfg.py:2817}}
Feb 17 20:34:32.086392 np0000156156 devstack@n-api.service[99950]: DEBUG nova.api.openstack.wsgi_app [None req-0e75296c-fb2c-443a-8ba5-b47548df1295 None None] default_availability_zone = nova {{(pid=99950) log_opt_values /opt/stack/data/venv/lib/python3.12/site-packages/oslo_config/cfg.py:2817}}
Feb 17 20:34:32.086514 np0000156156 devstack@n-api.service[99950]: DEBUG nova.api.openstack.wsgi_app [None req-0e75296c-fb2c-443a-8ba5-b47548df1295 None None] default_ephemeral_format = ext4 {{(pid=99950) log_opt_values /opt/stack/data/venv/lib/python3.12/site-packages/oslo_config/cfg.py:2817}}
Feb 17 20:34:32.086656 np0000156156 devstack@n-api.service[99950]: DEBUG nova.api.openstack.wsgi_app [None req-0e75296c-fb2c-443a-8ba5-b47548df1295 None None] default_green_pool_size = 1000 {{(pid=99950) log_opt_values /opt/stack/data/venv/lib/python3.12/site-packages/oslo_config/cfg.py:2817}}
Feb 17 20:34:32.086829 np0000156156 devstack@n-api.service[99950]: DEBUG nova.api.openstack.wsgi_app [None req-0e75296c-fb2c-443a-8ba5-b47548df1295 None None] default_log_levels = ['amqp=WARN', 'boto=WARN', 'sqlalchemy=WARN', 'suds=INFO', 'oslo.messaging=INFO', 'oslo_messaging=INFO', 'iso8601=WARN', 'requests.packages.urllib3.connectionpool=WARN', 'urllib3.connectionpool=WARN', 'websocket=WARN', 'requests.packages.urllib3.util.retry=WARN', 'urllib3.util.retry=WARN', 'keystonemiddleware=WARN', 'routes.middleware=WARN', 'stevedore=WARN', 'taskflow=WARN', 'keystoneauth=WARN', 'oslo.cache=INFO', 'oslo_policy=INFO', 'dogpile.core.dogpile=INFO', 'glanceclient=WARN', 'oslo.privsep.daemon=INFO'] {{(pid=99950) log_opt_values /opt/stack/data/venv/lib/python3.12/site-packages/oslo_config/cfg.py:2817}}
Feb 17 20:34:32.087045 np0000156156 devstack@n-api.service[99950]: DEBUG nova.api.openstack.wsgi_app [None req-0e75296c-fb2c-443a-8ba5-b47548df1295 None None] default_schedule_zone = None {{(pid=99950) log_opt_values /opt/stack/data/venv/lib/python3.12/site-packages/oslo_config/cfg.py:2817}}
Feb 17 20:34:32.087045 np0000156156 devstack@n-api.service[99950]: DEBUG nova.api.openstack.wsgi_app [None req-0e75296c-fb2c-443a-8ba5-b47548df1295 None None] default_thread_pool_size = 10 {{(pid=99950) log_opt_values /opt/stack/data/venv/lib/python3.12/site-packages/oslo_config/cfg.py:2817}}
Feb 17 20:34:32.087289 np0000156156 devstack@n-api.service[99947]: WARNING keystonemiddleware.auth_token [None req-1c0e0a86-baff-47e1-8f5d-fcd478281266 None None] Configuring www_authenticate_uri to point to the public identity endpoint is required; clients may not be able to authenticate against an admin endpoint
Feb 17 20:34:32.087377 np0000156156 devstack@n-api.service[99950]: DEBUG nova.api.openstack.wsgi_app [None req-0e75296c-fb2c-443a-8ba5-b47548df1295 None None] disk_allocation_ratio = None {{(pid=99950) log_opt_values /opt/stack/data/venv/lib/python3.12/site-packages/oslo_config/cfg.py:2817}}
Feb 17 20:34:32.087377 np0000156156 devstack@n-api.service[99950]: DEBUG nova.api.openstack.wsgi_app [None req-0e75296c-fb2c-443a-8ba5-b47548df1295 None None] enable_new_services = True {{(pid=99950) log_opt_values /opt/stack/data/venv/lib/python3.12/site-packages/oslo_config/cfg.py:2817}}
Feb 17 20:34:32.087377 np0000156156 devstack@n-api.service[99950]: DEBUG nova.api.openstack.wsgi_app [None req-0e75296c-fb2c-443a-8ba5-b47548df1295 None None] flat_injected = False {{(pid=99950) log_opt_values /opt/stack/data/venv/lib/python3.12/site-packages/oslo_config/cfg.py:2817}}
Feb 17 20:34:32.087548 np0000156156 devstack@n-api.service[99950]: DEBUG nova.api.openstack.wsgi_app [None req-0e75296c-fb2c-443a-8ba5-b47548df1295 None None] force_config_drive = False {{(pid=99950) log_opt_values /opt/stack/data/venv/lib/python3.12/site-packages/oslo_config/cfg.py:2817}}
Feb 17 20:34:32.087749 np0000156156 devstack@n-api.service[99950]: DEBUG nova.api.openstack.wsgi_app [None req-0e75296c-fb2c-443a-8ba5-b47548df1295 None None] force_raw_images = True {{(pid=99950) log_opt_values /opt/stack/data/venv/lib/python3.12/site-packages/oslo_config/cfg.py:2817}}
Feb 17 20:34:32.087749 np0000156156 devstack@n-api.service[99950]: DEBUG nova.api.openstack.wsgi_app [None req-0e75296c-fb2c-443a-8ba5-b47548df1295 None None] graceful_shutdown_timeout = 5 {{(pid=99950) log_opt_values /opt/stack/data/venv/lib/python3.12/site-packages/oslo_config/cfg.py:2817}}
Feb 17 20:34:32.087970 np0000156156 devstack@n-api.service[99950]: DEBUG nova.api.openstack.wsgi_app [None req-0e75296c-fb2c-443a-8ba5-b47548df1295 None None] heal_instance_info_cache_interval = -1 {{(pid=99950) log_opt_values /opt/stack/data/venv/lib/python3.12/site-packages/oslo_config/cfg.py:2817}}
Feb 17 20:34:32.088083 np0000156156 devstack@n-api.service[99950]: DEBUG nova.api.openstack.wsgi_app [None req-0e75296c-fb2c-443a-8ba5-b47548df1295 None None] host = np0000156156 {{(pid=99950) log_opt_values /opt/stack/data/venv/lib/python3.12/site-packages/oslo_config/cfg.py:2817}}
Feb 17 20:34:32.088185 np0000156156 devstack@n-api.service[99950]: DEBUG nova.api.openstack.wsgi_app [None req-0e75296c-fb2c-443a-8ba5-b47548df1295 None None] initial_cpu_allocation_ratio = 4.0 {{(pid=99950) log_opt_values /opt/stack/data/venv/lib/python3.12/site-packages/oslo_config/cfg.py:2817}}
Feb 17 20:34:32.088298 np0000156156 devstack@n-api.service[99950]: DEBUG nova.api.openstack.wsgi_app [None req-0e75296c-fb2c-443a-8ba5-b47548df1295 None None] initial_disk_allocation_ratio = 1.0 {{(pid=99950) log_opt_values /opt/stack/data/venv/lib/python3.12/site-packages/oslo_config/cfg.py:2817}}
Feb 17 20:34:32.088454 np0000156156 devstack@n-api.service[99950]: DEBUG nova.api.openstack.wsgi_app [None req-0e75296c-fb2c-443a-8ba5-b47548df1295 None None] initial_ram_allocation_ratio = 1.0 {{(pid=99950) log_opt_values /opt/stack/data/venv/lib/python3.12/site-packages/oslo_config/cfg.py:2817}}
