Feb 17 20:34:56.837176 np0000156156 devstack@neutron-api.service[103225]: INFO neutron.api.extensions [None req-005589a4-81b7-428f-94d8-99c2082573ef None None] Extension dvr not supported by any of loaded plugins
Feb 17 20:34:56.837282 np0000156156 devstack@neutron-api.service[103224]: DEBUG neutron_lib.callbacks.manager [None req-aa893d88-f441-4cd8-819f-a458d72d317d None None] Subscribe: > floatingip after_update 55550000, False {{(pid=103224) subscribe /opt/stack/data/venv/lib/python3.12/site-packages/neutron_lib/callbacks/manager.py:52}}
Feb 17 20:34:56.837322 np0000156156 devstack@neutron-api.service[103225]: DEBUG neutron.api.extensions [None req-005589a4-81b7-428f-94d8-99c2082573ef None None] Loading extension file: ecmp_routes.py {{(pid=103225) _load_all_extensions_from_path /opt/stack/neutron/neutron/api/extensions.py:449}}
Feb 17 20:34:56.837421 np0000156156 devstack@neutron-api.service[103224]: DEBUG neutron_lib.callbacks.manager [None req-aa893d88-f441-4cd8-819f-a458d72d317d None None] Subscribe: > port_forwarding after_create 55550000, False {{(pid=103224) subscribe /opt/stack/data/venv/lib/python3.12/site-packages/neutron_lib/callbacks/manager.py:52}}
Feb 17 20:34:56.837421 np0000156156 devstack@neutron-api.service[103224]: DEBUG neutron_lib.callbacks.manager [None req-aa893d88-f441-4cd8-819f-a458d72d317d None None] Subscribe: > router_interface after_delete 55550000, False {{(pid=103224) subscribe /opt/stack/data/venv/lib/python3.12/site-packages/neutron_lib/callbacks/manager.py:52}}
Feb 17 20:34:56.837580 np0000156156 devstack@neutron-api.service[103225]: DEBUG neutron.api.extensions [None req-005589a4-81b7-428f-94d8-99c2082573ef None None] Ext name="Equal Cost Multipath Routing" alias="ecmp_routes" description="Allows traffic to reach thesame destination via multiple different links " updated="2020-11-26T18:00:00-00:00" {{(pid=103225) _check_extension /opt/stack/neutron/neutron/api/extensions.py:415}}
Feb 17 20:34:56.837657 np0000156156 devstack@neutron-api.service[103224]: DEBUG neutron_lib.callbacks.manager [None req-aa893d88-f441-4cd8-819f-a458d72d317d None None] Subscribe: > router after_create 55550000, False {{(pid=103224) subscribe /opt/stack/data/venv/lib/python3.12/site-packages/neutron_lib/callbacks/manager.py:52}}
Feb 17 20:34:56.837743 np0000156156 devstack@neutron-api.service[103225]: INFO neutron.api.extensions [None req-005589a4-81b7-428f-94d8-99c2082573ef None None] Extension ecmp_routes not supported by any of loaded plugins
Feb 17 20:34:56.837823 np0000156156 devstack@neutron-api.service[103224]: DEBUG neutron_lib.callbacks.manager [None req-aa893d88-f441-4cd8-819f-a458d72d317d None None] Subscribe: > router precommit_create 55550000, False {{(pid=103224) subscribe /opt/stack/data/venv/lib/python3.12/site-packages/neutron_lib/callbacks/manager.py:52}}
Feb 17 20:34:56.837899 np0000156156 devstack@neutron-api.service[103225]: DEBUG neutron.api.extensions [None req-005589a4-81b7-428f-94d8-99c2082573ef None None] Loading extension file: empty_string_filtering.py {{(pid=103225) _load_all_extensions_from_path /opt/stack/neutron/neutron/api/extensions.py:449}}
Feb 17 20:34:56.837986 np0000156156 devstack@neutron-api.service[103224]: DEBUG neutron_lib.callbacks.manager [None req-aa893d88-f441-4cd8-819f-a458d72d317d None None] Subscribe: > router after_delete 55550000, False {{(pid=103224) subscribe /opt/stack/data/venv/lib/python3.12/site-packages/neutron_lib/callbacks/manager.py:52}}
Feb 17 20:34:56.837986 np0000156156 devstack@neutron-api.service[103224]: DEBUG neutron_lib.callbacks.manager [None req-aa893d88-f441-4cd8-819f-a458d72d317d None None] Subscribe: > router after_update 55550000, False {{(pid=103224) subscribe /opt/stack/data/venv/lib/python3.12/site-packages/neutron_lib/callbacks/manager.py:52}}
Feb 17 20:34:56.838135 np0000156156 devstack@neutron-api.service[103225]: DEBUG neutron.api.extensions [None req-005589a4-81b7-428f-94d8-99c2082573ef None None] Ext name="Empty String Filtering Extension" alias="empty-string-filtering" description="Allow filtering by attributes with empty string value" updated="2018-05-01T10:00:00-00:00" {{(pid=103225) _check_extension /opt/stack/neutron/neutron/api/extensions.py:415}}
Feb 17 20:34:56.838213 np0000156156 devstack@neutron-api.service[103224]: DEBUG neutron.services.service_base [None req-aa893d88-f441-4cd8-819f-a458d72d317d None None] Loaded 'neutron.services.ovn_l3.service_providers.ovn.OvnDriver' provider for service L3_ROUTER_NAT {{(pid=103224) load_drivers /opt/stack/neutron/neutron/services/service_base.py:49}}
Feb 17 20:34:56.838213 np0000156156 devstack@neutron-api.service[103224]: DEBUG neutron_lib.callbacks.manager [None req-aa893d88-f441-4cd8-819f-a458d72d317d None None] Subscribe: > process after_init 55550001, True {{(pid=103224) subscribe /opt/stack/data/venv/lib/python3.12/site-packages/neutron_lib/callbacks/manager.py:52}}
Feb 17 20:34:56.838381 np0000156156 devstack@neutron-api.service[103225]: INFO neutron.api.extensions [None req-005589a4-81b7-428f-94d8-99c2082573ef None None] Loaded extension: empty-string-filtering
Feb 17 20:34:56.838381 np0000156156 devstack@neutron-api.service[103225]: DEBUG neutron.api.extensions [None req-005589a4-81b7-428f-94d8-99c2082573ef None None] Loading extension file: expose_l3_conntrack_helper.py {{(pid=103225) _load_all_extensions_from_path /opt/stack/neutron/neutron/api/extensions.py:449}}
Feb 17 20:34:56.838487 np0000156156 devstack@neutron-api.service[103224]: DEBUG neutron.manager [None req-aa893d88-f441-4cd8-819f-a458d72d317d None None] Successfully loaded L3_ROUTER_NAT plugin. Description: L3 Router Service Plugin for basic L3 forwarding using OVN {{(pid=103224) _create_and_add_service_plugin /opt/stack/neutron/neutron/manager.py:229}}
Feb 17 20:34:56.838487 np0000156156 devstack@neutron-api.service[103224]: INFO neutron.manager [None req-aa893d88-f441-4cd8-819f-a458d72d317d None None] Loading Plugin: auto_allocate
Feb 17 20:34:56.838566 np0000156156 devstack@neutron-api.service[103225]: DEBUG neutron.api.extensions [None req-005589a4-81b7-428f-94d8-99c2082573ef None None] Ext name="Expose CT target rules for conntrack helper" alias="expose-l3-conntrack-helper" description="Expose allow adding CT target rules for conntrack helper" updated="2019-04-04T10:00:00-00:00" {{(pid=103225) _check_extension /opt/stack/neutron/neutron/api/extensions.py:415}}
Feb 17 20:34:56.838566 np0000156156 devstack@neutron-api.service[103225]: INFO neutron.api.extensions [None req-005589a4-81b7-428f-94d8-99c2082573ef None None] Extension expose-l3-conntrack-helper not supported by any of loaded plugins
Feb 17 20:34:56.838566 np0000156156 devstack@neutron-api.service[103225]: DEBUG neutron.api.extensions [None req-005589a4-81b7-428f-94d8-99c2082573ef None None] Loading extension file: expose_port_forwarding_in_fip.py {{(pid=103225) _load_all_extensions_from_path /opt/stack/neutron/neutron/api/extensions.py:449}}
Feb 17 20:34:56.838764 np0000156156 devstack@neutron-api.service[103226]: INFO neutron.plugins.ml2.drivers.type_vlan [None req-8d9d3243-ae9e-4232-bac2-0c0fb374d785 None None] VlanTypeDriver initialization complete
Feb 17 20:34:56.839204 np0000156156 devstack@neutron-api.service[103225]: DEBUG neutron.api.extensions [None req-005589a4-81b7-428f-94d8-99c2082573ef None None] Ext name="Expose Floating IP port forwardings" alias="expose-port-forwarding-in-fip" description="Expose port forwarding fields in floating IP response" updated="2018-06-28T16:00:00-00:00" {{(pid=103225) _check_extension /opt/stack/neutron/neutron/api/extensions.py:415}}
Feb 17 20:34:56.839374 np0000156156 devstack@neutron-api.service[103226]: INFO neutron.plugins.ml2.managers [None req-8d9d3243-ae9e-4232-bac2-0c0fb374d785 None None] Initializing extension driver 'port_security'
Feb 17 20:34:56.839453 np0000156156 devstack@neutron-api.service[103225]: INFO neutron.api.extensions [None req-005589a4-81b7-428f-94d8-99c2082573ef None None] Extension expose-port-forwarding-in-fip not supported by any of loaded plugins
Feb 17 20:34:56.839453 np0000156156 devstack@neutron-api.service[103225]: DEBUG neutron.api.extensions [None req-005589a4-81b7-428f-94d8-99c2082573ef None None] Loading extension file: external_net.py {{(pid=103225) _load_all_extensions_from_path /opt/stack/neutron/neutron/api/extensions.py:449}}
Feb 17 20:34:56.839665 np0000156156 devstack@neutron-api.service[103226]: INFO neutron.plugins.ml2.extensions.port_security [None req-8d9d3243-ae9e-4232-bac2-0c0fb374d785 None None] PortSecurityExtensionDriver initialization complete
Feb 17 20:34:56.839745 np0000156156 devstack@neutron-api.service[103224]: DEBUG neutron_lib.callbacks.manager [None req-aa893d88-f441-4cd8-819f-a458d72d317d None None] Subscribe: network precommit_update 55550000, False {{(pid=103224) subscribe /opt/stack/data/venv/lib/python3.12/site-packages/neutron_lib/callbacks/manager.py:52}}
Feb 17 20:34:56.839745 np0000156156 devstack@neutron-api.service[103224]: DEBUG neutron_lib.callbacks.manager [None req-aa893d88-f441-4cd8-819f-a458d72d317d None None] Subscribe: network precommit_create 55550000, False {{(pid=103224) subscribe /opt/stack/data/venv/lib/python3.12/site-packages/neutron_lib/callbacks/manager.py:52}}
Feb 17 20:34:56.839900 np0000156156 devstack@neutron-api.service[103225]: DEBUG neutron.api.extensions [None req-005589a4-81b7-428f-94d8-99c2082573ef None None] Ext name="Neutron external network" alias="external-net" description="Adds external network attribute to network resource." updated="2013-01-14T10:00:00-00:00" {{(pid=103225) _check_extension /opt/stack/neutron/neutron/api/extensions.py:415}}
Feb 17 20:34:56.839982 np0000156156 devstack@neutron-api.service[103226]: INFO neutron.plugins.ml2.managers [None req-8d9d3243-ae9e-4232-bac2-0c0fb374d785 None None] Initializing extension driver 'qos'
Feb 17 20:34:56.840055 np0000156156 devstack@neutron-api.service[103225]: INFO neutron.api.extensions [None req-005589a4-81b7-428f-94d8-99c2082573ef None None] Loaded extension: external-net
Feb 17 20:34:56.840132 np0000156156 devstack@neutron-api.service[103224]: DEBUG neutron.manager [None req-aa893d88-f441-4cd8-819f-a458d72d317d None None] Successfully loaded auto-allocated-topology plugin. Description: Auto Allocated Topology - aka get me a network. {{(pid=103224) _create_and_add_service_plugin /opt/stack/neutron/neutron/manager.py:229}}
Feb 17 20:34:56.840218 np0000156156 devstack@neutron-api.service[103225]: DEBUG neutron.api.extensions [None req-005589a4-81b7-428f-94d8-99c2082573ef None None] Loading extension file: extra_dhcp_opt.py {{(pid=103225) _load_all_extensions_from_path /opt/stack/neutron/neutron/api/extensions.py:449}}
Feb 17 20:34:56.840294 np0000156156 devstack@neutron-api.service[103224]: INFO neutron.manager [None req-aa893d88-f441-4cd8-819f-a458d72d317d None None] Loading Plugin: tag
Feb 17 20:34:56.840386 np0000156156 devstack@neutron-api.service[103226]: DEBUG neutron.plugins.ml2.extensions.qos [None req-8d9d3243-ae9e-4232-bac2-0c0fb374d785 None None] QosExtensionDriver initialization complete {{(pid=103226) initialize /opt/stack/neutron/neutron/plugins/ml2/extensions/qos.py:31}}
Feb 17 20:34:56.840446 np0000156156 devstack@neutron-api.service[103225]: DEBUG neutron.api.extensions [None req-005589a4-81b7-428f-94d8-99c2082573ef None None] Ext name="Neutron Extra DHCP options" alias="extra_dhcp_opt" description="Extra options configuration for DHCP. For example PXE boot options to DHCP clients can be specified (e.g. tftp-server, server-ip-address, bootfile-name)" updated="2013-03-17T12:00:00-00:00" {{(pid=103225) _check_extension /opt/stack/neutron/neutron/api/extensions.py:415}}
Feb 17 20:34:56.840516 np0000156156 devstack@neutron-api.service[103226]: INFO neutron.plugins.ml2.managers [None req-8d9d3243-ae9e-4232-bac2-0c0fb374d785 None None] Initializing mechanism driver 'ovn'
Feb 17 20:34:56.840572 np0000156156 devstack@neutron-api.service[103225]: INFO neutron.api.extensions [None req-005589a4-81b7-428f-94d8-99c2082573ef None None] Loaded extension: extra_dhcp_opt
Feb 17 20:34:56.840572 np0000156156 devstack@neutron-api.service[103225]: DEBUG neutron.api.extensions [None req-005589a4-81b7-428f-94d8-99c2082573ef None None] Loading extension file: extraroute.py {{(pid=103225) _load_all_extensions_from_path /opt/stack/neutron/neutron/api/extensions.py:449}}
Feb 17 20:34:56.840627 np0000156156 devstack@neutron-api.service[103226]: INFO neutron.plugins.ml2.drivers.ovn.mech_driver.mech_driver [None req-8d9d3243-ae9e-4232-bac2-0c0fb374d785 None None] Starting OVNMechanismDriver
Feb 17 20:34:56.840682 np0000156156 devstack@neutron-api.service[103225]: DEBUG neutron.api.extensions [None req-005589a4-81b7-428f-94d8-99c2082573ef None None] Ext name="Neutron Extra Route" alias="extraroute" description="Extra routes configuration for L3 router" updated="2013-02-01T10:00:00-00:00" {{(pid=103225) _check_extension /opt/stack/neutron/neutron/api/extensions.py:415}}
Feb 17 20:34:56.840682 np0000156156 devstack@neutron-api.service[103225]: INFO neutron.api.extensions [None req-005589a4-81b7-428f-94d8-99c2082573ef None None] Loaded extension: extraroute
Feb 17 20:34:56.840682 np0000156156 devstack@neutron-api.service[103225]: DEBUG neutron.api.extensions [None req-005589a4-81b7-428f-94d8-99c2082573ef None None] Loading extension file: extraroute_atomic.py {{(pid=103225) _load_all_extensions_from_path /opt/stack/neutron/neutron/api/extensions.py:449}}
Feb 17 20:34:56.840682 np0000156156 devstack@neutron-api.service[103225]: DEBUG neutron.api.extensions [None req-005589a4-81b7-428f-94d8-99c2082573ef None None] Ext name="Atomically add/remove extra routes" alias="extraroute-atomic" description="Edit extra routes of a router on server side by atomically adding/removing extra routes" updated="2019-07-10T00:00:00+00:00" {{(pid=103225) _check_extension /opt/stack/neutron/neutron/api/extensions.py:415}}
Feb 17 20:34:56.840867 np0000156156 devstack@neutron-api.service[103225]: INFO neutron.api.extensions [None req-005589a4-81b7-428f-94d8-99c2082573ef None None] Loaded extension: extraroute-atomic
Feb 17 20:34:56.840894 np0000156156 devstack@neutron-api.service[103225]: DEBUG neutron.api.extensions [None req-005589a4-81b7-428f-94d8-99c2082573ef None None] Loading extension file: filter_validation.py {{(pid=103225) _load_all_extensions_from_path /opt/stack/neutron/neutron/api/extensions.py:449}}
Feb 17 20:34:56.841124 np0000156156 devstack@neutron-api.service[103225]: DEBUG neutron.api.extensions [None req-005589a4-81b7-428f-94d8-99c2082573ef None None] Ext name="Filter parameters validation" alias="filter-validation" description="Provides validation on filter parameters." updated="2018-07-04T10:00:00-00:00" {{(pid=103225) _check_extension /opt/stack/neutron/neutron/api/extensions.py:415}}
Feb 17 20:34:56.841289 np0000156156 devstack@neutron-api.service[103225]: INFO neutron.api.extensions [None req-005589a4-81b7-428f-94d8-99c2082573ef None None] Loaded extension: filter-validation
Feb 17 20:34:56.841393 np0000156156 devstack@neutron-api.service[103225]: DEBUG neutron.api.extensions [None req-005589a4-81b7-428f-94d8-99c2082573ef None None] Loading extension file: fip_pf_description.py {{(pid=103225) _load_all_extensions_from_path /opt/stack/neutron/neutron/api/extensions.py:449}}
Feb 17 20:34:56.841614 np0000156156 devstack@neutron-api.service[103225]: DEBUG neutron.api.extensions [None req-005589a4-81b7-428f-94d8-99c2082573ef None None] Ext name="Floating IP Port Forwarding new attribute description" alias="floating-ip-port-forwarding-description" description="Add a description field to Port Forwarding rules" updated="2019-11-01T10:00:00-00:00" {{(pid=103225) _check_extension /opt/stack/neutron/neutron/api/extensions.py:415}}
Feb 17 20:34:56.841778 np0000156156 devstack@neutron-api.service[103225]: INFO neutron.api.extensions [None req-005589a4-81b7-428f-94d8-99c2082573ef None None] Extension floating-ip-port-forwarding-description not supported by any of loaded plugins
Feb 17 20:34:56.841864 np0000156156 devstack@neutron-api.service[103225]: DEBUG neutron.api.extensions [None req-005589a4-81b7-428f-94d8-99c2082573ef None None] Loading extension file: fip_pf_detail.py {{(pid=103225) _load_all_extensions_from_path /opt/stack/neutron/neutron/api/extensions.py:449}}
Feb 17 20:34:56.842077 np0000156156 devstack@neutron-api.service[103225]: DEBUG neutron.api.extensions [None req-005589a4-81b7-428f-94d8-99c2082573ef None None] Ext name="Floating IP port forwarding detail" alias="floating-ip-port-forwarding-detail" description="Allow list floating ip return more port forwarding data, include'id' and 'internal_port_id'" updated="2022-05-06T10:00:00-00:00" {{(pid=103225) _check_extension /opt/stack/neutron/neutron/api/extensions.py:415}}
Feb 17 20:34:56.842248 np0000156156 devstack@neutron-api.service[103225]: INFO neutron.api.extensions [None req-005589a4-81b7-428f-94d8-99c2082573ef None None] Loaded extension: floating-ip-port-forwarding-detail
Feb 17 20:34:56.842277 np0000156156 devstack@neutron-api.service[103224]: DEBUG neutron.manager [None req-aa893d88-f441-4cd8-819f-a458d72d317d None None] Successfully loaded TAG plugin. Description: Tag support {{(pid=103224) _create_and_add_service_plugin /opt/stack/neutron/neutron/manager.py:229}}
Feb 17 20:34:56.842344 np0000156156 devstack@neutron-api.service[103225]: DEBUG neutron.api.extensions [None req-005589a4-81b7-428f-94d8-99c2082573ef None None] Loading extension file: fip_pf_port_range.py {{(pid=103225) _load_all_extensions_from_path /opt/stack/neutron/neutron/api/extensions.py:449}}
Feb 17 20:34:56.842381 np0000156156 devstack@neutron-api.service[103224]: INFO neutron.manager [None req-aa893d88-f441-4cd8-819f-a458d72d317d None None] Loading Plugin: timestamp
Feb 17 20:34:56.842572 np0000156156 devstack@neutron-api.service[103225]: DEBUG neutron.api.extensions [None req-005589a4-81b7-428f-94d8-99c2082573ef None None] Ext name="Floating IP Port Forwarding support port ranges" alias="floating-ip-port-forwarding-port-ranges" description="Add support to port ranges" updated="2020-07-01T10:00:00-00:00" {{(pid=103225) _check_extension /opt/stack/neutron/neutron/api/extensions.py:415}}
Feb 17 20:34:56.842731 np0000156156 devstack@neutron-api.service[103225]: INFO neutron.api.extensions [None req-005589a4-81b7-428f-94d8-99c2082573ef None None] Extension floating-ip-port-forwarding-port-ranges not supported by any of loaded plugins
Feb 17 20:34:56.842818 np0000156156 devstack@neutron-api.service[103225]: DEBUG neutron.api.extensions [None req-005589a4-81b7-428f-94d8-99c2082573ef None None] Loading extension file: fip_port_details.py {{(pid=103225) _load_all_extensions_from_path /opt/stack/neutron/neutron/api/extensions.py:449}}
Feb 17 20:34:56.842848 np0000156156 devstack@neutron-api.service[103226]: DEBUG neutron_lib.callbacks.manager [None req-8d9d3243-ae9e-4232-bac2-0c0fb374d785 None None] Subscribe: > process before_spawn 55550000, False {{(pid=103226) subscribe /opt/stack/data/venv/lib/python3.12/site-packages/neutron_lib/callbacks/manager.py:52}}
Feb 17 20:34:56.843125 np0000156156 devstack@neutron-api.service[103226]: DEBUG neutron_lib.callbacks.manager [None req-8d9d3243-ae9e-4232-bac2-0c0fb374d785 None None] Subscribe: > process after_init 55550000, True {{(pid=103226) subscribe /opt/stack/data/venv/lib/python3.12/site-packages/neutron_lib/callbacks/manager.py:52}}
Feb 17 20:34:56.843155 np0000156156 devstack@neutron-api.service[103225]: DEBUG neutron.api.extensions [None req-005589a4-81b7-428f-94d8-99c2082573ef None None] Ext name="Floating IP Port Details Extension" alias="fip-port-details" description="Add port_details attribute to Floating IP resource" updated="2018-04-09T10:00:00-00:00" {{(pid=103225) _check_extension /opt/stack/neutron/neutron/api/extensions.py:415}}
Feb 17 20:34:56.843313 np0000156156 devstack@neutron-api.service[103225]: INFO neutron.api.extensions [None req-005589a4-81b7-428f-94d8-99c2082573ef None None] Loaded extension: fip-port-details
Feb 17 20:34:56.843399 np0000156156 devstack@neutron-api.service[103226]: DEBUG neutron_lib.callbacks.manager [None req-8d9d3243-ae9e-4232-bac2-0c0fb374d785 None None] Subscribe: > segment after_create 55550000, False {{(pid=103226) subscribe /opt/stack/data/venv/lib/python3.12/site-packages/neutron_lib/callbacks/manager.py:52}}
Feb 17 20:34:56.843429 np0000156156 devstack@neutron-api.service[103225]: DEBUG neutron.api.extensions [None req-005589a4-81b7-428f-94d8-99c2082573ef None None] Loading extension file: flavors.py {{(pid=103225) _load_all_extensions_from_path /opt/stack/neutron/neutron/api/extensions.py:449}}
Feb 17 20:34:56.843691 np0000156156 devstack@neutron-api.service[103225]: DEBUG neutron.api.extensions [None req-005589a4-81b7-428f-94d8-99c2082573ef None None] Ext name="Neutron Service Flavors" alias="flavors" description="Flavor specification for Neutron advanced services." updated="2015-09-17T10:00:00-00:00" {{(pid=103225) _check_extension /opt/stack/neutron/neutron/api/extensions.py:415}}
Feb 17 20:34:56.843758 np0000156156 devstack@neutron-api.service[103224]: DEBUG neutron.manager [None req-aa893d88-f441-4cd8-819f-a458d72d317d None None] Successfully loaded timestamp plugin. Description: Adds timestamps to Neutron resources with standard attributes {{(pid=103224) _create_and_add_service_plugin /opt/stack/neutron/neutron/manager.py:229}}
Feb 17 20:34:56.843787 np0000156156 devstack@neutron-api.service[103226]: DEBUG neutron_lib.callbacks.manager [None req-8d9d3243-ae9e-4232-bac2-0c0fb374d785 None None] Subscribe: > segment after_create 55550000, False {{(pid=103226) subscribe /opt/stack/data/venv/lib/python3.12/site-packages/neutron_lib/callbacks/manager.py:52}}
Feb 17 20:34:56.843844 np0000156156 devstack@neutron-api.service[103224]: INFO neutron.manager [None req-aa893d88-f441-4cd8-819f-a458d72d317d None None] Loading Plugin: network_ip_availability
Feb 17 20:34:56.843901 np0000156156 devstack@neutron-api.service[103225]: INFO neutron.api.extensions [None req-005589a4-81b7-428f-94d8-99c2082573ef None None] Loaded extension: flavors
Feb 17 20:34:56.844059 np0000156156 devstack@neutron-api.service[103225]: DEBUG neutron.api.extensions [None req-005589a4-81b7-428f-94d8-99c2082573ef None None] Loading extension file: floating_ip_port_forwarding.py {{(pid=103225) _load_all_extensions_from_path /opt/stack/neutron/neutron/api/extensions.py:449}}
Feb 17 20:34:56.844187 np0000156156 devstack@neutron-api.service[103226]: DEBUG neutron_lib.callbacks.manager [None req-8d9d3243-ae9e-4232-bac2-0c0fb374d785 None None] Subscribe: > segment after_delete 55550000, False {{(pid=103226) subscribe /opt/stack/data/venv/lib/python3.12/site-packages/neutron_lib/callbacks/manager.py:52}}
Feb 17 20:34:56.844237 np0000156156 devstack@neutron-api.service[103226]: DEBUG neutron_lib.callbacks.manager [None req-8d9d3243-ae9e-4232-bac2-0c0fb374d785 None None] Subscribe: > allowed_address_pair before_create 55550000, False {{(pid=103226) subscribe /opt/stack/data/venv/lib/python3.12/site-packages/neutron_lib/callbacks/manager.py:52}}
Feb 17 20:34:56.844343 np0000156156 devstack@neutron-api.service[103225]: DEBUG neutron.api.extensions [None req-005589a4-81b7-428f-94d8-99c2082573ef None None] Ext name="Floating IP Port Forwarding" alias="floating-ip-port-forwarding" description="Allow port forwarding from floating IP port to an internal port" updated="2018-01-19T10:00:00-00:00" {{(pid=103225) _check_extension /opt/stack/neutron/neutron/api/extensions.py:415}}
Feb 17 20:34:56.844466 np0000156156 devstack@neutron-api.service[103226]: DEBUG neutron_lib.callbacks.manager [None req-8d9d3243-ae9e-4232-bac2-0c0fb374d785 None None] Subscribe: > security_group precommit_create 55550000, False {{(pid=103226) subscribe /opt/stack/data/venv/lib/python3.12/site-packages/neutron_lib/callbacks/manager.py:52}}
Feb 17 20:34:56.844531 np0000156156 devstack@neutron-api.service[103225]: INFO neutron.api.extensions [None req-005589a4-81b7-428f-94d8-99c2082573ef None None] Extension floating-ip-port-forwarding not supported by any of loaded plugins
Feb 17 20:34:56.844559 np0000156156 devstack@neutron-api.service[103225]: DEBUG neutron.api.extensions [None req-005589a4-81b7-428f-94d8-99c2082573ef None None] Loading extension file: floatingip_pools.py {{(pid=103225) _load_all_extensions_from_path /opt/stack/neutron/neutron/api/extensions.py:449}}
Feb 17 20:34:56.844654 np0000156156 devstack@neutron-api.service[103226]: DEBUG neutron_lib.callbacks.manager [None req-8d9d3243-ae9e-4232-bac2-0c0fb374d785 None None] Subscribe: > security_group after_update 55550000, False {{(pid=103226) subscribe /opt/stack/data/venv/lib/python3.12/site-packages/neutron_lib/callbacks/manager.py:52}}
Feb 17 20:34:56.844820 np0000156156 devstack@neutron-api.service[103225]: DEBUG neutron.api.extensions [None req-005589a4-81b7-428f-94d8-99c2082573ef None None] Ext name="Floating IP Pools Extension" alias="floatingip-pools" description="Provides a floating IP pools API." updated="2018-03-21T10:00:00-00:00" {{(pid=103225) _check_extension /opt/stack/neutron/neutron/api/extensions.py:415}}
Feb 17 20:34:56.844851 np0000156156 devstack@neutron-api.service[103226]: DEBUG neutron_lib.callbacks.manager [None req-8d9d3243-ae9e-4232-bac2-0c0fb374d785 None None] Subscribe: > security_group after_create 55550000, False {{(pid=103226) subscribe /opt/stack/data/venv/lib/python3.12/site-packages/neutron_lib/callbacks/manager.py:52}}
Feb 17 20:34:56.844976 np0000156156 devstack@neutron-api.service[103226]: DEBUG neutron_lib.callbacks.manager [None req-8d9d3243-ae9e-4232-bac2-0c0fb374d785 None None] Subscribe: > security_group precommit_delete 55550000, False {{(pid=103226) subscribe /opt/stack/data/venv/lib/python3.12/site-packages/neutron_lib/callbacks/manager.py:52}}
Feb 17 20:34:56.845006 np0000156156 devstack@neutron-api.service[103225]: INFO neutron.api.extensions [None req-005589a4-81b7-428f-94d8-99c2082573ef None None] Loaded extension: floatingip-pools
Feb 17 20:34:56.845067 np0000156156 devstack@neutron-api.service[103225]: DEBUG neutron.api.extensions [None req-005589a4-81b7-428f-94d8-99c2082573ef None None] Loading extension file: ip_allocation.py {{(pid=103225) _load_all_extensions_from_path /opt/stack/neutron/neutron/api/extensions.py:449}}
Feb 17 20:34:56.845125 np0000156156 devstack@neutron-api.service[103226]: DEBUG neutron_lib.callbacks.manager [None req-8d9d3243-ae9e-4232-bac2-0c0fb374d785 None None] Subscribe: > security_group after_delete 55550000, False {{(pid=103226) subscribe /opt/stack/data/venv/lib/python3.12/site-packages/neutron_lib/callbacks/manager.py:52}}
Feb 17 20:34:56.845296 np0000156156 devstack@neutron-api.service[103225]: DEBUG neutron.api.extensions [None req-005589a4-81b7-428f-94d8-99c2082573ef None None] Ext name="IP Allocation" alias="ip_allocation" description="IP allocation extension." updated="2016-06-10T23:00:00-00:00" {{(pid=103225) _check_extension /opt/stack/neutron/neutron/api/extensions.py:415}}
Feb 17 20:34:56.845325 np0000156156 devstack@neutron-api.service[103226]: DEBUG neutron_lib.callbacks.manager [None req-8d9d3243-ae9e-4232-bac2-0c0fb374d785 None None] Subscribe: > security_group_rule precommit_create 55550000, False {{(pid=103226) subscribe /opt/stack/data/venv/lib/python3.12/site-packages/neutron_lib/callbacks/manager.py:52}}
Feb 17 20:34:56.845481 np0000156156 devstack@neutron-api.service[103225]: INFO neutron.api.extensions [None req-005589a4-81b7-428f-94d8-99c2082573ef None None] Extension ip_allocation not supported by any of loaded plugins
Feb 17 20:34:56.845510 np0000156156 devstack@neutron-api.service[103226]: DEBUG neutron_lib.callbacks.manager [None req-8d9d3243-ae9e-4232-bac2-0c0fb374d785 None None] Subscribe: > security_group_rule after_create 55550000, False {{(pid=103226) subscribe /opt/stack/data/venv/lib/python3.12/site-packages/neutron_lib/callbacks/manager.py:52}}
Feb 17 20:34:56.845543 np0000156156 devstack@neutron-api.service[103225]: DEBUG neutron.api.extensions [None req-005589a4-81b7-428f-94d8-99c2082573ef None None] Loading extension file: ip_substring_port_filtering.py {{(pid=103225) _load_all_extensions_from_path /opt/stack/neutron/neutron/api/extensions.py:449}}
Feb 17 20:34:56.845646 np0000156156 devstack@neutron-api.service[103226]: DEBUG neutron_lib.callbacks.manager [None req-8d9d3243-ae9e-4232-bac2-0c0fb374d785 None None] Subscribe: > security_group_rule before_delete 55550000, False {{(pid=103226) subscribe /opt/stack/data/venv/lib/python3.12/site-packages/neutron_lib/callbacks/manager.py:52}}
Feb 17 20:34:56.845747 np0000156156 devstack@neutron-api.service[103226]: DEBUG neutron_lib.callbacks.manager [None req-8d9d3243-ae9e-4232-bac2-0c0fb374d785 None None] Subscribe: > address_group after_create 55550000, False {{(pid=103226) subscribe /opt/stack/data/venv/lib/python3.12/site-packages/neutron_lib/callbacks/manager.py:52}}
Feb 17 20:34:56.845778 np0000156156 devstack@neutron-api.service[103225]: DEBUG neutron.api.extensions [None req-005589a4-81b7-428f-94d8-99c2082573ef None None] Ext name="IP address substring filtering" alias="ip-substring-filtering" description="Provides IP address substring filtering when listing ports" updated="2017-11-28T09:00:00-00:00" {{(pid=103225) _check_extension /opt/stack/neutron/neutron/api/extensions.py:415}}
Feb 17 20:34:56.845874 np0000156156 devstack@neutron-api.service[103224]: DEBUG neutron_lib.callbacks.manager [None req-aa893d88-f441-4cd8-819f-a458d72d317d None None] Subscribe: > rbac-policy before_create 55550000, False {{(pid=103224) subscribe /opt/stack/data/venv/lib/python3.12/site-packages/neutron_lib/callbacks/manager.py:52}}
Feb 17 20:34:56.845918 np0000156156 devstack@neutron-api.service[103226]: DEBUG neutron_lib.callbacks.manager [None req-8d9d3243-ae9e-4232-bac2-0c0fb374d785 None None] Subscribe: > address_group after_update 55550000, False {{(pid=103226) subscribe /opt/stack/data/venv/lib/python3.12/site-packages/neutron_lib/callbacks/manager.py:52}}
Feb 17 20:34:56.845977 np0000156156 devstack@neutron-api.service[103225]: INFO neutron.api.extensions [None req-005589a4-81b7-428f-94d8-99c2082573ef None None] Extension ip-substring-filtering not supported by any of loaded plugins
Feb 17 20:34:56.846004 np0000156156 devstack@neutron-api.service[103224]: DEBUG neutron_lib.callbacks.manager [None req-aa893d88-f441-4cd8-819f-a458d72d317d None None] Subscribe: > rbac-policy before_update 55550000, False {{(pid=103224) subscribe /opt/stack/data/venv/lib/python3.12/site-packages/neutron_lib/callbacks/manager.py:52}}
Feb 17 20:34:56.846067 np0000156156 devstack@neutron-api.service[103225]: DEBUG neutron.api.extensions [None req-005589a4-81b7-428f-94d8-99c2082573ef None None] Loading extension file: l2_adjacency.py {{(pid=103225) _load_all_extensions_from_path /opt/stack/neutron/neutron/api/extensions.py:449}}
Feb 17 20:34:56.846122 np0000156156 devstack@neutron-api.service[103226]: DEBUG neutron_lib.callbacks.manager [None req-8d9d3243-ae9e-4232-bac2-0c0fb374d785 None None] Subscribe: > address_group after_delete 55550000, False {{(pid=103226) subscribe /opt/stack/data/venv/lib/python3.12/site-packages/neutron_lib/callbacks/manager.py:52}}
Feb 17 20:34:56.846150 np0000156156 devstack@neutron-api.service[103224]: DEBUG neutron_lib.callbacks.manager [None req-aa893d88-f441-4cd8-819f-a458d72d317d None None] Subscribe: > rbac-policy before_delete 55550000, False {{(pid=103224) subscribe /opt/stack/data/venv/lib/python3.12/site-packages/neutron_lib/callbacks/manager.py:52}}
Feb 17 20:34:56.846244 np0000156156 devstack@neutron-api.service[103225]: DEBUG neutron.api.extensions [None req-005589a4-81b7-428f-94d8-99c2082573ef None None] Ext name="L2 Adjacency" alias="l2_adjacency" description="Display L2 Adjacency for Neutron Networks." updated="2016-04-12T16:00:00-00:00" {{(pid=103225) _check_extension /opt/stack/neutron/neutron/api/extensions.py:415}}
Feb 17 20:34:56.846274 np0000156156 devstack@neutron-api.service[103226]: DEBUG neutron_lib.callbacks.manager [None req-8d9d3243-ae9e-4232-bac2-0c0fb374d785 None None] Subscribe: > qos_plugin after_init 55550000, False {{(pid=103226) subscribe /opt/stack/data/venv/lib/python3.12/site-packages/neutron_lib/callbacks/manager.py:52}}
Feb 17 20:34:56.846381 np0000156156 devstack@neutron-api.service[103225]: INFO neutron.api.extensions [None req-005589a4-81b7-428f-94d8-99c2082573ef None None] Extension l2_adjacency not supported by any of loaded plugins
Feb 17 20:34:56.846475 np0000156156 devstack@neutron-api.service[103224]: DEBUG neutron.manager [None req-aa893d88-f441-4cd8-819f-a458d72d317d None None] Successfully loaded network-ip-availability plugin. Description: Provides IP availability data for each network and subnet. {{(pid=103224) _create_and_add_service_plugin /opt/stack/neutron/neutron/manager.py:229}}
Feb 17 20:34:56.846533 np0000156156 devstack@neutron-api.service[103225]: DEBUG neutron.api.extensions [None req-005589a4-81b7-428f-94d8-99c2082573ef None None] Loading extension file: l3.py {{(pid=103225) _load_all_extensions_from_path /opt/stack/neutron/neutron/api/extensions.py:449}}
Feb 17 20:34:56.846839 np0000156156 devstack@neutron-api.service[103224]: INFO neutron.manager [None req-aa893d88-f441-4cd8-819f-a458d72d317d None None] Loading Plugin: flavors
Feb 17 20:34:56.846932 np0000156156 devstack@neutron-api.service[103226]: DEBUG neutron_lib.callbacks.manager [None req-8d9d3243-ae9e-4232-bac2-0c0fb374d785 None None] Subscribe: > trunk_plugin after_init 55550000, False {{(pid=103226) subscribe /opt/stack/data/venv/lib/python3.12/site-packages/neutron_lib/callbacks/manager.py:52}}
Feb 17 20:34:56.847026 np0000156156 devstack@neutron-api.service[103225]: DEBUG neutron.api.extensions [None req-005589a4-81b7-428f-94d8-99c2082573ef None None] Ext name="Neutron L3 Router" alias="router" description="Router abstraction for basic L3 forwarding between L2 Neutron networks and access to external networks via a NAT gateway." updated="2012-07-20T10:00:00-00:00" {{(pid=103225) _check_extension /opt/stack/neutron/neutron/api/extensions.py:415}}
Feb 17 20:34:56.847061 np0000156156 devstack@neutron-api.service[103226]: DEBUG neutron_lib.callbacks.manager [None req-8d9d3243-ae9e-4232-bac2-0c0fb374d785 None None] Subscribe: > logging-plugin after_init 55550000, False {{(pid=103226) subscribe /opt/stack/data/venv/lib/python3.12/site-packages/neutron_lib/callbacks/manager.py:52}}
Feb 17 20:34:56.847117 np0000156156 devstack@neutron-api.service[103225]: INFO neutron.api.extensions [None req-005589a4-81b7-428f-94d8-99c2082573ef None None] Loaded extension: router
Feb 17 20:34:56.847117 np0000156156 devstack@neutron-api.service[103225]: DEBUG neutron.api.extensions [None req-005589a4-81b7-428f-94d8-99c2082573ef None None] Loading extension file: l3_conntrack_helper.py {{(pid=103225) _load_all_extensions_from_path /opt/stack/neutron/neutron/api/extensions.py:449}}
Feb 17 20:34:56.847431 np0000156156 devstack@neutron-api.service[103224]: DEBUG neutron.manager [None req-aa893d88-f441-4cd8-819f-a458d72d317d None None] Successfully loaded FLAVORS plugin. Description: Neutron Flavors and Service Profiles manager plugin {{(pid=103224) _create_and_add_service_plugin /opt/stack/neutron/neutron/manager.py:229}}
Feb 17 20:34:56.847522 np0000156156 devstack@neutron-api.service[103226]: INFO neutron.services.logapi.drivers.ovn.driver [None req-8d9d3243-ae9e-4232-bac2-0c0fb374d785 None None] OVN logging driver registered
Feb 17 20:34:56.847549 np0000156156 devstack@neutron-api.service[103224]: INFO neutron.manager [None req-aa893d88-f441-4cd8-819f-a458d72d317d None None] Loading Plugin: revisions
Feb 17 20:34:56.847689 np0000156156 devstack@neutron-api.service[103225]: DEBUG neutron.api.extensions [None req-005589a4-81b7-428f-94d8-99c2082573ef None None] Ext name="L3 Conntrack helper" alias="l3-conntrack-helper" description="Allow adding CT target rules for conntrack helper" updated="2019-04-04T10:00:00-00:00" {{(pid=103225) _check_extension /opt/stack/neutron/neutron/api/extensions.py:415}}
Feb 17 20:34:56.847857 np0000156156 devstack@neutron-api.service[103225]: INFO neutron.api.extensions [None req-005589a4-81b7-428f-94d8-99c2082573ef None None] Extension l3-conntrack-helper not supported by any of loaded plugins
Feb 17 20:34:56.847936 np0000156156 devstack@neutron-api.service[103225]: DEBUG neutron.api.extensions [None req-005589a4-81b7-428f-94d8-99c2082573ef None None] Loading extension file: l3_enable_default_route_bfd.py {{(pid=103225) _load_all_extensions_from_path /opt/stack/neutron/neutron/api/extensions.py:449}}
Feb 17 20:34:56.848177 np0000156156 devstack@neutron-api.service[103225]: DEBUG neutron.api.extensions [None req-005589a4-81b7-428f-94d8-99c2082573ef None None] Ext name="Enable Default Route BFD" alias="enable-default-route-bfd" description="Enables configurable BFD behavior for default routes" updated="2023-02-27T00:00:00-00:00" {{(pid=103225) _check_extension /opt/stack/neutron/neutron/api/extensions.py:415}}
Feb 17 20:34:56.848366 np0000156156 devstack@neutron-api.service[103225]: INFO neutron.api.extensions [None req-005589a4-81b7-428f-94d8-99c2082573ef None None] Loaded extension: enable-default-route-bfd
Feb 17 20:34:56.848450 np0000156156 devstack@neutron-api.service[103225]: DEBUG neutron.api.extensions [None req-005589a4-81b7-428f-94d8-99c2082573ef None None] Loading extension file: l3_enable_default_route_ecmp.py {{(pid=103225) _load_all_extensions_from_path /opt/stack/neutron/neutron/api/extensions.py:449}}
Feb 17 20:34:56.848567 np0000156156 devstack@neutron-api.service[103224]: DEBUG neutron.manager [None req-aa893d88-f441-4cd8-819f-a458d72d317d None None] Successfully loaded revision_plugin plugin. Description: Adds revision numbers to resources. {{(pid=103224) _create_and_add_service_plugin /opt/stack/neutron/neutron/manager.py:229}}
Feb 17 20:34:56.848657 np0000156156 devstack@neutron-api.service[103225]: DEBUG neutron.api.extensions [None req-005589a4-81b7-428f-94d8-99c2082573ef None None] Ext name="Enable Default Route ECMP" alias="enable-default-route-ecmp" description="Enables configurable ECMP behavior for default routes" updated="2023-02-27T00:00:00-00:00" {{(pid=103225) _check_extension /opt/stack/neutron/neutron/api/extensions.py:415}}
Feb 17 20:34:56.848725 np0000156156 devstack@neutron-api.service[103224]: DEBUG oslo_concurrency.lockutils [None req-aa893d88-f441-4cd8-819f-a458d72d317d None None] Lock "manager" "released" by "neutron.manager.NeutronManager._create_instance" :: held 4.342s {{(pid=103224) inner /opt/stack/data/venv/lib/python3.12/site-packages/oslo_concurrency/lockutils.py:538}}
Feb 17 20:34:56.848849 np0000156156 devstack@neutron-api.service[103225]: INFO neutron.api.extensions [None req-005589a4-81b7-428f-94d8-99c2082573ef None None] Loaded extension: enable-default-route-ecmp
Feb 17 20:34:56.848926 np0000156156 devstack@neutron-api.service[103224]: DEBUG neutron.api.extensions [None req-aa893d88-f441-4cd8-819f-a458d72d317d None None] get_extension_paths = OrderedDict({'/opt/stack/neutron/neutron/extensions': 1}) {{(pid=103224) get_extensions_path /opt/stack/neutron/neutron/api/extensions.py:640}}
Feb 17 20:34:56.848953 np0000156156 devstack@neutron-api.service[103225]: DEBUG neutron.api.extensions [None req-005589a4-81b7-428f-94d8-99c2082573ef None None] Loading extension file: l3_ext_gw_mode.py {{(pid=103225) _load_all_extensions_from_path /opt/stack/neutron/neutron/api/extensions.py:449}}
Feb 17 20:34:56.849011 np0000156156 devstack@neutron-api.service[103224]: INFO neutron.api.extensions [None req-aa893d88-f441-4cd8-819f-a458d72d317d None None] Initializing extension manager.
Feb 17 20:34:56.849123 np0000156156 devstack@neutron-api.service[103225]: DEBUG neutron.api.extensions [None req-005589a4-81b7-428f-94d8-99c2082573ef None None] Ext name="Neutron L3 Configurable external gateway mode" alias="ext-gw-mode" description="Extension of the router abstraction for specifying whether SNAT should occur on the external gateway" updated="2013-03-28T10:00:00-00:00" {{(pid=103225) _check_extension /opt/stack/neutron/neutron/api/extensions.py:415}}
Feb 17 20:34:56.849248 np0000156156 devstack@neutron-api.service[103224]: DEBUG neutron.api.extensions [None req-aa893d88-f441-4cd8-819f-a458d72d317d None None] Loading extension file: __init__.py {{(pid=103224) _load_all_extensions_from_path /opt/stack/neutron/neutron/api/extensions.py:449}}
Feb 17 20:34:56.849284 np0000156156 devstack@neutron-api.service[103225]: INFO neutron.api.extensions [None req-005589a4-81b7-428f-94d8-99c2082573ef None None] Loaded extension: ext-gw-mode
Feb 17 20:34:56.849357 np0000156156 devstack@neutron-api.service[103224]: DEBUG neutron.api.extensions [None req-aa893d88-f441-4cd8-819f-a458d72d317d None None] Loading extension file: __pycache__ {{(pid=103224) _load_all_extensions_from_path /opt/stack/neutron/neutron/api/extensions.py:449}}
Feb 17 20:34:56.849392 np0000156156 devstack@neutron-api.service[103225]: DEBUG neutron.api.extensions [None req-005589a4-81b7-428f-94d8-99c2082573ef None None] Loading extension file: l3_ext_ha_mode.py {{(pid=103225) _load_all_extensions_from_path /opt/stack/neutron/neutron/api/extensions.py:449}}
Feb 17 20:34:56.849557 np0000156156 devstack@neutron-api.service[103224]: DEBUG neutron.api.extensions [None req-aa893d88-f441-4cd8-819f-a458d72d317d None None] Loading extension file: address_group.py {{(pid=103224) _load_all_extensions_from_path /opt/stack/neutron/neutron/api/extensions.py:449}}
Feb 17 20:34:56.849615 np0000156156 devstack@neutron-api.service[103226]: DEBUG neutron.plugins.ml2.plugin [None req-8d9d3243-ae9e-4232-bac2-0c0fb374d785 None None] neutron.plugins.ml2.plugin.Ml2Plugin method _start_rpc_notifiers called with arguments () {} {{(pid=103226) wrapper /opt/stack/data/venv/lib/python3.12/site-packages/oslo_log/helpers.py:77}}
Feb 17 20:34:56.849643 np0000156156 devstack@neutron-api.service[103225]: DEBUG neutron.api.extensions [None req-005589a4-81b7-428f-94d8-99c2082573ef None None] Ext name="HA Router extension" alias="l3-ha" description="Adds HA capability to routers." updated="2014-04-26T00:00:00-00:00" {{(pid=103225) _check_extension /opt/stack/neutron/neutron/api/extensions.py:415}}
Feb 17 20:34:56.849769 np0000156156 devstack@neutron-api.service[103225]: INFO neutron.api.extensions [None req-005589a4-81b7-428f-94d8-99c2082573ef None None] Loaded extension: l3-ha
Feb 17 20:34:56.849804 np0000156156 devstack@neutron-api.service[103224]: DEBUG neutron.api.extensions [None req-aa893d88-f441-4cd8-819f-a458d72d317d None None] Ext name="Address group" alias="address-group" description="Support address group" updated="2020-07-15T10:00:00-00:00" {{(pid=103224) _check_extension /opt/stack/neutron/neutron/api/extensions.py:415}}
Feb 17 20:34:56.849867 np0000156156 devstack@neutron-api.service[103226]: DEBUG neutron_lib.callbacks.manager [None req-8d9d3243-ae9e-4232-bac2-0c0fb374d785 None None] Subscribe: > port after_create 55550000, False {{(pid=103226) subscribe /opt/stack/data/venv/lib/python3.12/site-packages/neutron_lib/callbacks/manager.py:52}}
Feb 17 20:34:56.849924 np0000156156 devstack@neutron-api.service[103225]: DEBUG neutron.api.extensions [None req-005589a4-81b7-428f-94d8-99c2082573ef None None] Loading extension file: l3_ext_ndp_proxy.py {{(pid=103225) _load_all_extensions_from_path /opt/stack/neutron/neutron/api/extensions.py:449}}
Feb 17 20:34:56.849988 np0000156156 devstack@neutron-api.service[103226]: DEBUG neutron_lib.callbacks.manager [None req-8d9d3243-ae9e-4232-bac2-0c0fb374d785 None None] Subscribe: > port after_update 55550000, False {{(pid=103226) subscribe /opt/stack/data/venv/lib/python3.12/site-packages/neutron_lib/callbacks/manager.py:52}}
Feb 17 20:34:56.850051 np0000156156 devstack@neutron-api.service[103224]: INFO neutron.api.extensions [None req-aa893d88-f441-4cd8-819f-a458d72d317d None None] Loaded extension: address-group
Feb 17 20:34:56.850079 np0000156156 devstack@neutron-api.service[103225]: DEBUG neutron.api.extensions [None req-005589a4-81b7-428f-94d8-99c2082573ef None None] Ext name="Router support to enable NDP proxy" alias="l3-ext-ndp-proxy" description="Router extension to enable ndp proxy" updated="2020-08-25T00:00:00-00:00" {{(pid=103225) _check_extension /opt/stack/neutron/neutron/api/extensions.py:415}}
Feb 17 20:34:56.850135 np0000156156 devstack@neutron-api.service[103226]: DEBUG neutron_lib.callbacks.manager [None req-8d9d3243-ae9e-4232-bac2-0c0fb374d785 None None] Subscribe: > port after_delete 55550000, False {{(pid=103226) subscribe /opt/stack/data/venv/lib/python3.12/site-packages/neutron_lib/callbacks/manager.py:52}}
Feb 17 20:34:56.850169 np0000156156 devstack@neutron-api.service[103224]: DEBUG neutron.api.extensions [None req-aa893d88-f441-4cd8-819f-a458d72d317d None None] Loading extension file: address_scope.py {{(pid=103224) _load_all_extensions_from_path /opt/stack/neutron/neutron/api/extensions.py:449}}
Feb 17 20:34:56.850259 np0000156156 devstack@neutron-api.service[103225]: INFO neutron.api.extensions [None req-005589a4-81b7-428f-94d8-99c2082573ef None None] Extension l3-ext-ndp-proxy not supported by any of loaded plugins
Feb 17 20:34:56.850292 np0000156156 devstack@neutron-api.service[103226]: DEBUG neutron_lib.callbacks.manager [None req-8d9d3243-ae9e-4232-bac2-0c0fb374d785 None None] Subscribe: > subnet after_create 55550000, False {{(pid=103226) subscribe /opt/stack/data/venv/lib/python3.12/site-packages/neutron_lib/callbacks/manager.py:52}}
Feb 17 20:34:56.850323 np0000156156 devstack@neutron-api.service[103225]: DEBUG neutron.api.extensions [None req-005589a4-81b7-428f-94d8-99c2082573ef None None] Loading extension file: l3_extra_gws.py {{(pid=103225) _load_all_extensions_from_path /opt/stack/neutron/neutron/api/extensions.py:449}}
Feb 17 20:34:56.850436 np0000156156 devstack@neutron-api.service[103226]: DEBUG neutron_lib.callbacks.manager [None req-8d9d3243-ae9e-4232-bac2-0c0fb374d785 None None] Subscribe: > subnet after_update 55550000, False {{(pid=103226) subscribe /opt/stack/data/venv/lib/python3.12/site-packages/neutron_lib/callbacks/manager.py:52}}
Feb 17 20:34:56.850465 np0000156156 devstack@neutron-api.service[103224]: DEBUG neutron.api.extensions [None req-aa893d88-f441-4cd8-819f-a458d72d317d None None] Ext name="Address scope" alias="address-scope" description="Address scopes extension." updated="2015-07-26T10:00:00-00:00" {{(pid=103224) _check_extension /opt/stack/neutron/neutron/api/extensions.py:415}}
Feb 17 20:34:56.850537 np0000156156 devstack@neutron-api.service[103225]: DEBUG neutron.api.extensions [None req-005589a4-81b7-428f-94d8-99c2082573ef None None] Ext name="Neutron L3 External Gateway Multihoming" alias="external-gateway-multihoming" description="Allow multiple external gateway ports per router" updated="2023-01-18T00:00:00-00:00" {{(pid=103225) _check_extension /opt/stack/neutron/neutron/api/extensions.py:415}}
Feb 17 20:34:56.850571 np0000156156 devstack@neutron-api.service[103226]: DEBUG neutron_lib.callbacks.manager [None req-8d9d3243-ae9e-4232-bac2-0c0fb374d785 None None] Subscribe: > subnet after_delete 55550000, False {{(pid=103226) subscribe /opt/stack/data/venv/lib/python3.12/site-packages/neutron_lib/callbacks/manager.py:52}}
Feb 17 20:34:56.850629 np0000156156 devstack@neutron-api.service[103224]: INFO neutron.api.extensions [None req-aa893d88-f441-4cd8-819f-a458d72d317d None None] Loaded extension: address-scope
Feb 17 20:34:56.850699 np0000156156 devstack@neutron-api.service[103225]: INFO neutron.api.extensions [None req-005589a4-81b7-428f-94d8-99c2082573ef None None] Loaded extension: external-gateway-multihoming
Feb 17 20:34:56.850734 np0000156156 devstack@neutron-api.service[103226]: DEBUG neutron_lib.callbacks.manager [None req-8d9d3243-ae9e-4232-bac2-0c0fb374d785 None None] Subscribe: > network after_create 55550000, False {{(pid=103226) subscribe /opt/stack/data/venv/lib/python3.12/site-packages/neutron_lib/callbacks/manager.py:52}}
Feb 17 20:34:56.850807 np0000156156 devstack@neutron-api.service[103224]: DEBUG neutron.api.extensions [None req-aa893d88-f441-4cd8-819f-a458d72d317d None None] Loading extension file: admin_state_down_before_update.py {{(pid=103224) _load_all_extensions_from_path /opt/stack/neutron/neutron/api/extensions.py:449}}
Feb 17 20:34:56.850866 np0000156156 devstack@neutron-api.service[103225]: DEBUG neutron.api.extensions [None req-005589a4-81b7-428f-94d8-99c2082573ef None None] Loading extension file: l3_flavors.py {{(pid=103225) _load_all_extensions_from_path /opt/stack/neutron/neutron/api/extensions.py:449}}
Feb 17 20:34:56.850921 np0000156156 devstack@neutron-api.service[103226]: DEBUG neutron_lib.callbacks.manager [None req-8d9d3243-ae9e-4232-bac2-0c0fb374d785 None None] Subscribe: > network after_update 55550000, False {{(pid=103226) subscribe /opt/stack/data/venv/lib/python3.12/site-packages/neutron_lib/callbacks/manager.py:52}}
Feb 17 20:34:56.850955 np0000156156 devstack@neutron-api.service[103224]: DEBUG neutron.api.extensions [None req-aa893d88-f441-4cd8-819f-a458d72d317d None None] Ext name="Enforce Router's Admin State Down Before Update Extension" alias="router-admin-state-down-before-update" description="Ensure that the admin state of a router is DOWN (admin_state_up=False) before updating the distributed attribute" updated="2019-07-02T15:56:00" {{(pid=103224) _check_extension /opt/stack/neutron/neutron/api/extensions.py:415}}
Feb 17 20:34:56.851018 np0000156156 devstack@neutron-api.service[103226]: DEBUG neutron_lib.callbacks.manager [None req-8d9d3243-ae9e-4232-bac2-0c0fb374d785 None None] Subscribe: > network after_delete 55550000, False {{(pid=103226) subscribe /opt/stack/data/venv/lib/python3.12/site-packages/neutron_lib/callbacks/manager.py:52}}
