172.18.0.2 - - [17/Feb/2026:02:26:50 +0000] "GET /networking/v2.0/security-groups?name=k8s-cluster-magnum-system-kube-sns9k-secgroup-controlplane HTTP/1.1" 200 7754 "-" "cluster-api-provider-openstack/v0.12.4 gophercloud/v2.7.0"
199.204.45.235 - - [17/Feb/2026:02:26:50 +0000] "GET /identity HTTP/1.1" 300 3232 "-" "openstacksdk/4.9.0 keystoneauth1/5.13.0 python-requests/2.32.5 CPython/3.12.3"
172.18.0.2 - - [17/Feb/2026:02:26:50 +0000] "GET /networking/v2.0/floatingips?floating_ip_address=172.24.5.15 HTTP/1.1" 200 3756 "-" "cluster-api-provider-openstack/v0.12.4 gophercloud/v2.7.0"
199.204.45.235 - - [17/Feb/2026:02:26:50 +0000] "POST /identity/v3/auth/tokens HTTP/1.1" 201 8343 "-" "openstacksdk/4.9.0 keystoneauth1/5.13.0 python-requests/2.32.5 CPython/3.12.3"
172.18.0.2 - - [17/Feb/2026:02:26:50 +0000] "GET /compute/v2.1/ HTTP/1.1" 200 3432 "-" "cluster-api-provider-openstack/v0.12.4 gophercloud/v2.7.0"
172.18.0.2 - - [17/Feb/2026:02:26:50 +0000] "GET /compute/v2.1/os-availability-zone HTTP/1.1" 200 3137 "-" "cluster-api-provider-openstack/v0.12.4 gophercloud/v2.7.0"
172.18.0.2 - - [17/Feb/2026:02:26:50 +0000] "POST /networking/v2.0/ports HTTP/1.1" 201 3632 "-" "cluster-api-provider-openstack/v0.12.4 gophercloud/v2.7.0"
172.18.0.2 - - [17/Feb/2026:02:26:50 +0000] "GET /compute/v2.1/ HTTP/1.1" 200 3432 "-" "cluster-api-provider-openstack/v0.12.4 gophercloud/v2.7.0"
199.204.45.235 - - [17/Feb/2026:02:26:50 +0000] "GET /identity/v3/auth/tokens HTTP/1.1" 200 8338 "-" "python-keystoneclient"
199.204.45.235 - - [17/Feb/2026:02:26:50 +0000] "POST /identity/v3/auth/tokens HTTP/1.1" 201 7728 "-" "uwsgi keystoneauth1/5.13.0 python-requests/2.32.5 CPython/3.12.3"
199.204.45.235 - - [17/Feb/2026:02:26:50 +0000] "POST /identity/v3/auth/tokens HTTP/1.1" 201 7728 "-" "uwsgi keystoneauth1/5.13.0 python-requests/2.32.5 CPython/3.12.3"
172.18.0.2 - - [17/Feb/2026:02:26:50 +0000] "GET /compute/v2.1/servers/detail?name=%5Ekube-sns9k-vpd2z-dkxpt%24 HTTP/1.1" 200 3055 "-" "cluster-api-provider-openstack/v0.12.4 gophercloud/v2.7.0"
172.18.0.2 - - [17/Feb/2026:02:26:50 +0000] "GET /compute/v2.1/ HTTP/1.1" 200 3432 "-" "cluster-api-provider-openstack/v0.12.4 gophercloud/v2.7.0"
199.204.45.235 - - [17/Feb/2026:02:26:50 +0000] "POST /identity/v3/auth/tokens HTTP/1.1" 201 7728 "-" "uwsgi keystoneauth1/5.13.0 python-requests/2.32.5 CPython/3.12.3"
199.204.45.235 - - [17/Feb/2026:02:26:50 +0000] "GET /container-infra/v1/clusters/k8s-cluster HTTP/1.1" 200 4674 "-" "python-urllib3/1.26.20"
199.204.45.235 - - [17/Feb/2026:02:26:51 +0000] "GET /image HTTP/1.1" 300 4285 "-" "uwsgi keystoneauth1/5.13.0 python-requests/2.32.5 CPython/3.12.3"
199.204.45.235 - - [17/Feb/2026:02:26:51 +0000] "GET /identity HTTP/1.1" 300 3232 "-" "nova/32.1.0.dev233 keystonemiddleware.auth_token/11.0.0 keystoneauth1/5.13.0 python-requests/2.32.5 CPython/3.12.3"
199.204.45.235 - - [17/Feb/2026:02:26:51 +0000] "POST /identity/v3/auth/tokens HTTP/1.1" 201 8390 "-" "nova/32.1.0.dev233 keystonemiddleware.auth_token/11.0.0 keystoneauth1/5.13.0 python-requests/2.32.5 CPython/3.12.3"
199.204.45.235 - - [17/Feb/2026:02:26:51 +0000] "GET /identity HTTP/1.1" 300 3232 "-" "uwsgi keystoneauth1/5.13.0 python-requests/2.32.5 CPython/3.12.3"
199.204.45.235 - - [17/Feb/2026:02:26:51 +0000] "POST /identity/v3/auth/tokens HTTP/1.1" 201 8390 "-" "uwsgi keystoneauth1/5.13.0 python-requests/2.32.5 CPython/3.12.3"
199.204.45.235 - - [17/Feb/2026:02:26:51 +0000] "GET /identity HTTP/1.1" 300 3232 "-" "glance/32.0.0.0b3.dev42 keystonemiddleware.auth_token/11.0.0 keystoneauth1/5.13.0 python-requests/2.32.5 CPython/3.12.3"
199.204.45.235 - - [17/Feb/2026:02:26:51 +0000] "POST /identity/v3/auth/tokens HTTP/1.1" 201 8392 "-" "glance/32.0.0.0b3.dev42 keystonemiddleware.auth_token/11.0.0 keystoneauth1/5.13.0 python-requests/2.32.5 CPython/3.12.3"
199.204.45.235 - - [17/Feb/2026:02:26:51 +0000] "GET /identity/v3/auth/tokens HTTP/1.1" 200 8385 "-" "python-keystoneclient"
199.204.45.235 - - [17/Feb/2026:02:26:51 +0000] "GET /image/v2/images/cd549efa-6f54-4b61-acf4-0b7843aa0b89 HTTP/1.1" 200 3870 "-" "python-glanceclient"
199.204.45.235 - - [17/Feb/2026:02:26:51 +0000] "GET /image/v2/schemas/image HTTP/1.1" 200 8961 "-" "python-glanceclient"
199.204.45.235 - - [17/Feb/2026:02:26:51 +0000] "GET /networking/v2.0/ports/d02965ce-0aec-4915-a902-c700c38cacb7 HTTP/1.1" 200 3658 "-" "python-neutronclient"
199.204.45.235 - - [17/Feb/2026:02:26:51 +0000] "GET /identity HTTP/1.1" 300 3232 "-" "uwsgi keystoneauth1/5.13.0 python-requests/2.32.5 CPython/3.12.3"
199.204.45.235 - - [17/Feb/2026:02:26:51 +0000] "POST /identity/v3/auth/tokens HTTP/1.1" 201 8390 "-" "uwsgi keystoneauth1/5.13.0 python-requests/2.32.5 CPython/3.12.3"
199.204.45.235 - - [17/Feb/2026:02:26:51 +0000] "GET /identity/v3/auth/tokens?allow_expired=1 HTTP/1.1" 200 8385 "-" "python-keystoneclient"
199.204.45.235 - - [17/Feb/2026:02:26:51 +0000] "GET /networking/v2.0/extensions HTTP/1.1" 200 18131 "-" "python-neutronclient"
199.204.45.235 - - [17/Feb/2026:02:26:51 +0000] "GET /networking/v2.0/ports/d02965ce-0aec-4915-a902-c700c38cacb7?fields=binding%3Avnic_type&fields=binding%3Aprofile&fields=network_id&fields=resource_request&fields=numa_affinity_policy&fields=device_profile HTTP/1.1" 200 2989 "-" "python-neutronclient"
199.204.45.235 - - [17/Feb/2026:02:26:51 +0000] "GET /networking/v2.0/networks/355eb137-0766-48ba-ae7e-134051df488e?fields=segments HTTP/1.1" 200 2890 "-" "python-neutronclient"
199.204.45.235 - - [17/Feb/2026:02:26:51 +0000] "GET /networking/v2.0/networks/355eb137-0766-48ba-ae7e-134051df488e?fields=provider%3Aphysical_network&fields=provider%3Anetwork_type HTTP/1.1" 200 2955 "-" "python-neutronclient"
199.204.45.235 - - [17/Feb/2026:02:26:52 +0000] "GET /networking/v2.0/ports/d02965ce-0aec-4915-a902-c700c38cacb7 HTTP/1.1" 200 3658 "-" "python-neutronclient"
172.18.0.2 - - [17/Feb/2026:02:26:50 +0000] "POST /compute/v2.1/servers HTTP/1.1" 202 3527 "-" "cluster-api-provider-openstack/v0.12.4 gophercloud/v2.7.0"
172.18.0.2 - - [17/Feb/2026:02:26:52 +0000] "GET /networking/v2.0/ports?id=d02965ce-0aec-4915-a902-c700c38cacb7&name=kube-sns9k-vpd2z-dkxpt-0&network_id=355eb137-0766-48ba-ae7e-134051df488e HTTP/1.1" 200 3630 "-" "cluster-api-provider-openstack/v0.12.4 gophercloud/v2.7.0"
172.18.0.2 - - [17/Feb/2026:02:26:52 +0000] "GET /compute/v2.1/ HTTP/1.1" 200 3432 "-" "cluster-api-provider-openstack/v0.12.4 gophercloud/v2.7.0"
199.204.45.235 - - [17/Feb/2026:02:26:52 +0000] "GET /identity HTTP/1.1" 300 3232 "-" "nova-scheduler keystoneauth1/5.13.0 python-requests/2.32.5 CPython/3.12.3"
199.204.45.235 - - [17/Feb/2026:02:26:52 +0000] "GET /identity HTTP/1.1" 300 3232 "-" "uwsgi keystoneauth1/5.13.0 python-requests/2.32.5 CPython/3.12.3"
199.204.45.235 - - [17/Feb/2026:02:26:52 +0000] "POST /identity/v3/auth/tokens HTTP/1.1" 201 8390 "-" "nova-scheduler keystoneauth1/5.13.0 python-requests/2.32.5 CPython/3.12.3"
199.204.45.235 - - [17/Feb/2026:02:26:52 +0000] "POST /identity/v3/auth/tokens HTTP/1.1" 201 8390 "-" "uwsgi keystoneauth1/5.13.0 python-requests/2.32.5 CPython/3.12.3"
199.204.45.235 - - [17/Feb/2026:02:26:52 +0000] "GET /identity/v3/auth/tokens HTTP/1.1" 200 8385 "-" "python-keystoneclient"
199.204.45.235 - - [17/Feb/2026:02:26:52 +0000] "GET /identity/v3/auth/tokens HTTP/1.1" 200 8385 "-" "python-keystoneclient"
199.204.45.235 - - [17/Feb/2026:02:26:52 +0000] "GET /networking/v2.0/ports/d02965ce-0aec-4915-a902-c700c38cacb7 HTTP/1.1" 200 3658 "-" "python-neutronclient"
199.204.45.235 - - [17/Feb/2026:02:26:52 +0000] "GET /networking/v2.0/ports?device_id=1d3ae46c-1ca4-4e8c-9915-6dd0df0eb724 HTTP/1.1" 200 2888 "-" "python-neutronclient"
172.18.0.2 - - [17/Feb/2026:02:26:52 +0000] "GET /compute/v2.1/servers/1d3ae46c-1ca4-4e8c-9915-6dd0df0eb724 HTTP/1.1" 200 4298 "-" "cluster-api-provider-openstack/v0.12.4 gophercloud/v2.7.0"
199.204.45.235 - - [17/Feb/2026:02:26:52 +0000] "GET /identity HTTP/1.1" 300 3232 "-" "placement/unknown keystonemiddleware.auth_token/11.0.0 keystoneauth1/5.13.0 python-requests/2.32.5 CPython/3.12.3"
172.18.0.2 - - [17/Feb/2026:02:26:52 +0000] "GET /networking/v2.0/ports?id=d02965ce-0aec-4915-a902-c700c38cacb7&name=kube-sns9k-vpd2z-dkxpt-0&network_id=355eb137-0766-48ba-ae7e-134051df488e HTTP/1.1" 200 3630 "-" "cluster-api-provider-openstack/v0.12.4 gophercloud/v2.7.0"
172.18.0.2 - - [17/Feb/2026:02:26:52 +0000] "GET /compute/v2.1/ HTTP/1.1" 200 3432 "-" "cluster-api-provider-openstack/v0.12.4 gophercloud/v2.7.0"
199.204.45.235 - - [17/Feb/2026:02:26:52 +0000] "POST /identity/v3/auth/tokens HTTP/1.1" 201 8395 "-" "placement/unknown keystonemiddleware.auth_token/11.0.0 keystoneauth1/5.13.0 python-requests/2.32.5 CPython/3.12.3"
199.204.45.235 - - [17/Feb/2026:02:26:52 +0000] "GET /identity/v3/auth/tokens HTTP/1.1" 200 8385 "-" "python-keystoneclient"
199.204.45.235 - - [17/Feb/2026:02:26:52 +0000] "GET /networking/v2.0/ports?device_id=1d3ae46c-1ca4-4e8c-9915-6dd0df0eb724 HTTP/1.1" 200 2888 "-" "python-neutronclient"
172.18.0.2 - - [17/Feb/2026:02:26:52 +0000] "GET /compute/v2.1/servers/1d3ae46c-1ca4-4e8c-9915-6dd0df0eb724 HTTP/1.1" 200 4298 "-" "cluster-api-provider-openstack/v0.12.4 gophercloud/v2.7.0"
199.204.45.235 - - [17/Feb/2026:02:26:52 +0000] "GET /placement/allocation_candidates?resources=DISK_GB%3A80%2CMEMORY_MB%3A8192%2CVCPU%3A4&root_required=%21COMPUTE_STATUS_DISABLED HTTP/1.1" 200 5547 "-" "nova-scheduler keystoneauth1/5.13.0 python-requests/2.32.5 CPython/3.12.3"
199.204.45.235 - - [17/Feb/2026:02:26:53 +0000] "GET /placement/allocations/1d3ae46c-1ca4-4e8c-9915-6dd0df0eb724 HTTP/1.1" 200 3034 "-" "nova-scheduler keystoneauth1/5.13.0 python-requests/2.32.5 CPython/3.12.3"
199.204.45.235 - - [17/Feb/2026:02:26:53 +0000] "PUT /placement/allocations/1d3ae46c-1ca4-4e8c-9915-6dd0df0eb724 HTTP/1.1" 204 2900 "-" "nova-scheduler keystoneauth1/5.13.0 python-requests/2.32.5 CPython/3.12.3"
199.204.45.235 - - [17/Feb/2026:02:26:54 +0000] "GET /placement/allocations/1d3ae46c-1ca4-4e8c-9915-6dd0df0eb724 HTTP/1.1" 200 3275 "-" "nova-compute keystoneauth1/5.13.0 python-requests/2.32.5 CPython/3.12.3"
199.204.45.235 - - [17/Feb/2026:02:26:55 +0000] "GET /placement/resource_providers/57befd1d-b1c7-456e-8951-5cc670f72ef9/allocations HTTP/1.1" 200 3098 "-" "nova-compute keystoneauth1/5.13.0 python-requests/2.32.5 CPython/3.12.3"
199.204.45.235 - - [17/Feb/2026:02:26:55 +0000] "GET /placement/allocations/1d3ae46c-1ca4-4e8c-9915-6dd0df0eb724 HTTP/1.1" 200 3275 "-" "nova-compute keystoneauth1/5.13.0 python-requests/2.32.5 CPython/3.12.3"
199.204.45.235 - - [17/Feb/2026:02:26:57 +0000] "GET /identity HTTP/1.1" 300 3232 "-" "openstacksdk/4.9.0 keystoneauth1/5.13.0 python-requests/2.32.5 CPython/3.12.3"
199.204.45.235 - - [17/Feb/2026:02:26:57 +0000] "POST /identity/v3/auth/tokens HTTP/1.1" 201 8343 "-" "openstacksdk/4.9.0 keystoneauth1/5.13.0 python-requests/2.32.5 CPython/3.12.3"
199.204.45.235 - - [17/Feb/2026:02:26:57 +0000] "GET /identity/v3/auth/tokens HTTP/1.1" 200 8338 "-" "python-keystoneclient"
199.204.45.235 - - [17/Feb/2026:02:26:57 +0000] "POST /identity/v3/auth/tokens HTTP/1.1" 201 7728 "-" "uwsgi keystoneauth1/5.13.0 python-requests/2.32.5 CPython/3.12.3"
199.204.45.235 - - [17/Feb/2026:02:26:57 +0000] "POST /identity/v3/auth/tokens HTTP/1.1" 201 7728 "-" "uwsgi keystoneauth1/5.13.0 python-requests/2.32.5 CPython/3.12.3"
199.204.45.235 - - [17/Feb/2026:02:26:57 +0000] "POST /identity/v3/auth/tokens HTTP/1.1" 201 7728 "-" "uwsgi keystoneauth1/5.13.0 python-requests/2.32.5 CPython/3.12.3"
199.204.45.235 - - [17/Feb/2026:02:26:57 +0000] "GET /container-infra/v1/clusters/k8s-cluster HTTP/1.1" 200 4666 "-" "python-urllib3/1.26.20"
199.204.45.235 - - [17/Feb/2026:02:26:57 +0000] "GET /identity HTTP/1.1" 300 3232 "-" "nova-compute keystoneauth1/5.13.0 python-requests/2.32.5 CPython/3.12.3"
199.204.45.235 - - [17/Feb/2026:02:26:57 +0000] "POST /identity/v3/auth/tokens HTTP/1.1" 201 8390 "-" "nova-compute keystoneauth1/5.13.0 python-requests/2.32.5 CPython/3.12.3"
199.204.45.235 - - [17/Feb/2026:02:26:57 +0000] "POST /identity/v3/auth/tokens HTTP/1.1" 201 8390 "-" "nova-compute keystoneauth1/5.13.0 python-requests/2.32.5 CPython/3.12.3"
199.204.45.235 - - [17/Feb/2026:02:26:58 +0000] "GET /identity/v3/auth/tokens HTTP/1.1" 200 8385 "-" "python-keystoneclient"
199.204.45.235 - - [17/Feb/2026:02:26:58 +0000] "GET /identity/v3/auth/tokens?allow_expired=1 HTTP/1.1" 200 8385 "-" "python-keystoneclient"
199.204.45.235 - - [17/Feb/2026:02:26:58 +0000] "GET /networking/v2.0/ports/d02965ce-0aec-4915-a902-c700c38cacb7 HTTP/1.1" 200 3754 "-" "python-neutronclient"
199.204.45.235 - - [17/Feb/2026:02:26:58 +0000] "GET /networking/v2.0/networks?id=355eb137-0766-48ba-ae7e-134051df488e HTTP/1.1" 200 3521 "-" "python-neutronclient"
199.204.45.235 - - [17/Feb/2026:02:26:58 +0000] "GET /networking/v2.0/extensions HTTP/1.1" 200 18131 "-" "python-neutronclient"
199.204.45.235 - - [17/Feb/2026:02:26:58 +0000] "PUT /networking/v2.0/ports/d02965ce-0aec-4915-a902-c700c38cacb7 HTTP/1.1" 200 3948 "-" "python-neutronclient"
199.204.45.235 - - [17/Feb/2026:02:26:58 +0000] "GET /identity HTTP/1.1" 300 3232 "-" "uwsgi keystoneauth1/5.13.0 python-requests/2.32.5 CPython/3.12.3"
199.204.45.235 - - [17/Feb/2026:02:26:58 +0000] "POST /identity/v3/auth/tokens HTTP/1.1" 201 8390 "-" "uwsgi keystoneauth1/5.13.0 python-requests/2.32.5 CPython/3.12.3"
199.204.45.235 - - [17/Feb/2026:02:26:58 +0000] "GET /identity HTTP/1.1" 300 3232 "-" "nova/32.1.0.dev233 keystonemiddleware.auth_token/11.0.0 keystoneauth1/5.13.0 python-requests/2.32.5 CPython/3.12.3"
199.204.45.235 - - [17/Feb/2026:02:26:58 +0000] "POST /identity/v3/auth/tokens HTTP/1.1" 201 8390 "-" "nova/32.1.0.dev233 keystonemiddleware.auth_token/11.0.0 keystoneauth1/5.13.0 python-requests/2.32.5 CPython/3.12.3"
199.204.45.235 - - [17/Feb/2026:02:26:59 +0000] "GET /identity/v3/auth/tokens HTTP/1.1" 200 8385 "-" "python-keystoneclient"
199.204.45.235 - - [17/Feb/2026:02:26:58 +0000] "POST /compute/v2.1/os-server-external-events HTTP/1.1" 200 3249 "-" "python-novaclient"
199.204.45.235 - - [17/Feb/2026:02:26:59 +0000] "GET /networking/v2.0/ports?tenant_id=c832a043ddbc43ec9e22145d6e267fd4&device_id=1d3ae46c-1ca4-4e8c-9915-6dd0df0eb724 HTTP/1.1" 200 3951 "-" "python-neutronclient"
199.204.45.235 - - [17/Feb/2026:02:26:59 +0000] "GET /networking/v2.0/networks?tenant_id=c832a043ddbc43ec9e22145d6e267fd4&shared=False HTTP/1.1" 200 3620 "-" "python-neutronclient"
199.204.45.235 - - [17/Feb/2026:02:26:59 +0000] "GET /networking/v2.0/networks?shared=True HTTP/1.1" 200 2891 "-" "python-neutronclient"
199.204.45.235 - - [17/Feb/2026:02:26:59 +0000] "GET /image/v2/images/cd549efa-6f54-4b61-acf4-0b7843aa0b89 HTTP/1.1" 200 3870 "-" "python-glanceclient"
172.18.0.2 - - [17/Feb/2026:02:27:02 +0000] "GET /networking/v2.0/ports?id=d02965ce-0aec-4915-a902-c700c38cacb7&name=kube-sns9k-vpd2z-dkxpt-0&network_id=355eb137-0766-48ba-ae7e-134051df488e HTTP/1.1" 200 3678 "-" "cluster-api-provider-openstack/v0.12.4 gophercloud/v2.7.0"
172.18.0.2 - - [17/Feb/2026:02:27:02 +0000] "GET /compute/v2.1/ HTTP/1.1" 200 3432 "-" "cluster-api-provider-openstack/v0.12.4 gophercloud/v2.7.0"
199.204.45.235 - - [17/Feb/2026:02:27:02 +0000] "GET /identity HTTP/1.1" 300 3232 "-" "nova/32.1.0.dev233 keystonemiddleware.auth_token/11.0.0 keystoneauth1/5.13.0 python-requests/2.32.5 CPython/3.12.3"
199.204.45.235 - - [17/Feb/2026:02:27:02 +0000] "POST /identity/v3/auth/tokens HTTP/1.1" 201 8390 "-" "nova/32.1.0.dev233 keystonemiddleware.auth_token/11.0.0 keystoneauth1/5.13.0 python-requests/2.32.5 CPython/3.12.3"
199.204.45.235 - - [17/Feb/2026:02:27:02 +0000] "GET /identity HTTP/1.1" 300 3232 "-" "uwsgi keystoneauth1/5.13.0 python-requests/2.32.5 CPython/3.12.3"
199.204.45.235 - - [17/Feb/2026:02:27:02 +0000] "POST /identity/v3/auth/tokens HTTP/1.1" 201 8390 "-" "uwsgi keystoneauth1/5.13.0 python-requests/2.32.5 CPython/3.12.3"
199.204.45.235 - - [17/Feb/2026:02:27:02 +0000] "GET /identity/v3/auth/tokens HTTP/1.1" 200 8385 "-" "python-keystoneclient"
199.204.45.235 - - [17/Feb/2026:02:27:02 +0000] "GET /networking/v2.0/ports?device_id=1d3ae46c-1ca4-4e8c-9915-6dd0df0eb724 HTTP/1.1" 200 3709 "-" "python-neutronclient"
199.204.45.235 - - [17/Feb/2026:02:27:02 +0000] "GET /networking/v2.0/security-groups?id=505bc2b3-aafd-4171-a095-927fb98cd0ce&fields=id&fields=name HTTP/1.1" 200 3016 "-" "python-neutronclient"
172.18.0.2 - - [17/Feb/2026:02:27:02 +0000] "GET /compute/v2.1/servers/1d3ae46c-1ca4-4e8c-9915-6dd0df0eb724 HTTP/1.1" 200 4445 "-" "cluster-api-provider-openstack/v0.12.4 gophercloud/v2.7.0"
199.204.45.235 - - [17/Feb/2026:02:27:03 +0000] "GET /identity HTTP/1.1" 300 3232 "-" "openstacksdk/4.9.0 keystoneauth1/5.13.0 python-requests/2.32.5 CPython/3.12.3"
199.204.45.235 - - [17/Feb/2026:02:27:03 +0000] "POST /identity/v3/auth/tokens HTTP/1.1" 201 8343 "-" "openstacksdk/4.9.0 keystoneauth1/5.13.0 python-requests/2.32.5 CPython/3.12.3"
199.204.45.235 - - [17/Feb/2026:02:27:04 +0000] "GET /identity/v3/auth/tokens HTTP/1.1" 200 8338 "-" "python-keystoneclient"
199.204.45.235 - - [17/Feb/2026:02:27:04 +0000] "POST /identity/v3/auth/tokens HTTP/1.1" 201 7728 "-" "uwsgi keystoneauth1/5.13.0 python-requests/2.32.5 CPython/3.12.3"
199.204.45.235 - - [17/Feb/2026:02:27:04 +0000] "POST /identity/v3/auth/tokens HTTP/1.1" 201 7728 "-" "uwsgi keystoneauth1/5.13.0 python-requests/2.32.5 CPython/3.12.3"
199.204.45.235 - - [17/Feb/2026:02:27:04 +0000] "POST /identity/v3/auth/tokens HTTP/1.1" 201 7728 "-" "uwsgi keystoneauth1/5.13.0 python-requests/2.32.5 CPython/3.12.3"
199.204.45.235 - - [17/Feb/2026:02:27:04 +0000] "GET /container-infra/v1/clusters/k8s-cluster HTTP/1.1" 200 4666 "-" "python-urllib3/1.26.20"
199.204.45.235 - - [17/Feb/2026:02:27:00 +0000] "GET /image/v2/images/cd549efa-6f54-4b61-acf4-0b7843aa0b89/file HTTP/1.1" 200 862404555 "-" "python-glanceclient"
172.18.0.2 - - [17/Feb/2026:02:27:06 +0000] "GET /networking/v2.0/ports?id=d02965ce-0aec-4915-a902-c700c38cacb7&name=kube-sns9k-vpd2z-dkxpt-0&network_id=355eb137-0766-48ba-ae7e-134051df488e HTTP/1.1" 200 3678 "-" "cluster-api-provider-openstack/v0.12.4 gophercloud/v2.7.0"
172.18.0.2 - - [17/Feb/2026:02:27:06 +0000] "GET /compute/v2.1/ HTTP/1.1" 200 3432 "-" "cluster-api-provider-openstack/v0.12.4 gophercloud/v2.7.0"
199.204.45.235 - - [17/Feb/2026:02:27:06 +0000] "GET /identity HTTP/1.1" 300 3232 "-" "uwsgi keystoneauth1/5.13.0 python-requests/2.32.5 CPython/3.12.3"
199.204.45.235 - - [17/Feb/2026:02:27:07 +0000] "POST /identity/v3/auth/tokens HTTP/1.1" 201 8390 "-" "uwsgi keystoneauth1/5.13.0 python-requests/2.32.5 CPython/3.12.3"
199.204.45.235 - - [17/Feb/2026:02:27:07 +0000] "GET /identity/v3/auth/tokens HTTP/1.1" 200 8385 "-" "python-keystoneclient"
199.204.45.235 - - [17/Feb/2026:02:27:07 +0000] "GET /networking/v2.0/ports?device_id=1d3ae46c-1ca4-4e8c-9915-6dd0df0eb724 HTTP/1.1" 200 3709 "-" "python-neutronclient"
199.204.45.235 - - [17/Feb/2026:02:27:07 +0000] "GET /networking/v2.0/security-groups?id=505bc2b3-aafd-4171-a095-927fb98cd0ce&fields=id&fields=name HTTP/1.1" 200 3016 "-" "python-neutronclient"
172.18.0.2 - - [17/Feb/2026:02:27:06 +0000] "GET /compute/v2.1/servers/1d3ae46c-1ca4-4e8c-9915-6dd0df0eb724 HTTP/1.1" 200 4445 "-" "cluster-api-provider-openstack/v0.12.4 gophercloud/v2.7.0"
199.204.45.235 - - [17/Feb/2026:02:27:07 +0000] "GET /image/v2/images/cd549efa-6f54-4b61-acf4-0b7843aa0b89 HTTP/1.1" 200 3870 "-" "python-glanceclient"
199.204.45.235 - - [17/Feb/2026:02:27:07 +0000] "GET /networking/v2.0/ports?tenant_id=c832a043ddbc43ec9e22145d6e267fd4&device_id=1d3ae46c-1ca4-4e8c-9915-6dd0df0eb724 HTTP/1.1" 200 3951 "-" "python-neutronclient"
199.204.45.235 - - [17/Feb/2026:02:27:07 +0000] "GET /image/v2/schemas/image HTTP/1.1" 200 8961 "-" "python-glanceclient"
199.204.45.235 - - [17/Feb/2026:02:27:07 +0000] "GET /networking/v2.0/floatingips?fixed_ip_address=192.168.24.145&port_id=d02965ce-0aec-4915-a902-c700c38cacb7 HTTP/1.1" 200 2895 "-" "python-neutronclient"
199.204.45.235 - - [17/Feb/2026:02:27:07 +0000] "GET /networking/v2.0/subnets?id=d28897c2-bb26-4847-85d4-5cdc0945ae7f HTTP/1.1" 200 3645 "-" "python-neutronclient"
199.204.45.235 - - [17/Feb/2026:02:27:07 +0000] "GET /networking/v2.0/ports?network_id=355eb137-0766-48ba-ae7e-134051df488e&device_owner=network%3Adhcp HTTP/1.1" 200 2888 "-" "python-neutronclient"
199.204.45.235 - - [17/Feb/2026:02:27:07 +0000] "GET /networking/v2.0/networks/355eb137-0766-48ba-ae7e-134051df488e?fields=segments HTTP/1.1" 200 2890 "-" "python-neutronclient"
199.204.45.235 - - [17/Feb/2026:02:27:07 +0000] "GET /networking/v2.0/networks/355eb137-0766-48ba-ae7e-134051df488e?fields=provider%3Aphysical_network&fields=provider%3Anetwork_type HTTP/1.1" 200 2955 "-" "python-neutronclient"
199.204.45.235 - - [17/Feb/2026:02:27:10 +0000] "GET /identity HTTP/1.1" 300 3232 "-" "openstacksdk/4.9.0 keystoneauth1/5.13.0 python-requests/2.32.5 CPython/3.12.3"
199.204.45.235 - - [17/Feb/2026:02:27:10 +0000] "POST /identity/v3/auth/tokens HTTP/1.1" 201 8343 "-" "openstacksdk/4.9.0 keystoneauth1/5.13.0 python-requests/2.32.5 CPython/3.12.3"
199.204.45.235 - - [17/Feb/2026:02:27:10 +0000] "GET /identity/v3/auth/tokens HTTP/1.1" 200 8338 "-" "python-keystoneclient"
199.204.45.235 - - [17/Feb/2026:02:27:10 +0000] "POST /identity/v3/auth/tokens HTTP/1.1" 201 7728 "-" "uwsgi keystoneauth1/5.13.0 python-requests/2.32.5 CPython/3.12.3"
199.204.45.235 - - [17/Feb/2026:02:27:11 +0000] "POST /identity/v3/auth/tokens HTTP/1.1" 201 7728 "-" "uwsgi keystoneauth1/5.13.0 python-requests/2.32.5 CPython/3.12.3"
199.204.45.235 - - [17/Feb/2026:02:27:11 +0000] "POST /identity/v3/auth/tokens HTTP/1.1" 201 7728 "-" "uwsgi keystoneauth1/5.13.0 python-requests/2.32.5 CPython/3.12.3"
199.204.45.235 - - [17/Feb/2026:02:27:10 +0000] "GET /container-infra/v1/clusters/k8s-cluster HTTP/1.1" 200 4666 "-" "python-urllib3/1.26.20"
199.204.45.235 - - [17/Feb/2026:02:27:11 +0000] "GET /placement/resource_providers/57befd1d-b1c7-456e-8951-5cc670f72ef9/allocations HTTP/1.1" 200 3098 "-" "nova-compute keystoneauth1/5.13.0 python-requests/2.32.5 CPython/3.12.3"
199.204.45.235 - - [17/Feb/2026:02:27:11 +0000] "GET /placement/resource_providers/57befd1d-b1c7-456e-8951-5cc670f72ef9/allocations HTTP/1.1" 200 3098 "-" "nova-compute keystoneauth1/5.13.0 python-requests/2.32.5 CPython/3.12.3"
199.204.45.235 - - [17/Feb/2026:02:27:11 +0000] "GET /placement/allocations/1d3ae46c-1ca4-4e8c-9915-6dd0df0eb724 HTTP/1.1" 200 3275 "-" "nova-compute keystoneauth1/5.13.0 python-requests/2.32.5 CPython/3.12.3"
172.18.0.2 - - [17/Feb/2026:02:27:13 +0000] "GET /networking/v2.0/ports?id=d02965ce-0aec-4915-a902-c700c38cacb7&name=kube-sns9k-vpd2z-dkxpt-0&network_id=355eb137-0766-48ba-ae7e-134051df488e HTTP/1.1" 200 3678 "-" "cluster-api-provider-openstack/v0.12.4 gophercloud/v2.7.0"
172.18.0.2 - - [17/Feb/2026:02:27:13 +0000] "GET /compute/v2.1/ HTTP/1.1" 200 3432 "-" "cluster-api-provider-openstack/v0.12.4 gophercloud/v2.7.0"
199.204.45.235 - - [17/Feb/2026:02:27:13 +0000] "GET /networking/v2.0/ports?device_id=1d3ae46c-1ca4-4e8c-9915-6dd0df0eb724 HTTP/1.1" 200 3709 "-" "python-neutronclient"
199.204.45.235 - - [17/Feb/2026:02:27:13 +0000] "GET /networking/v2.0/security-groups?id=505bc2b3-aafd-4171-a095-927fb98cd0ce&fields=id&fields=name HTTP/1.1" 200 3016 "-" "python-neutronclient"
172.18.0.2 - - [17/Feb/2026:02:27:13 +0000] "GET /compute/v2.1/servers/1d3ae46c-1ca4-4e8c-9915-6dd0df0eb724 HTTP/1.1" 200 4445 "-" "cluster-api-provider-openstack/v0.12.4 gophercloud/v2.7.0"
199.204.45.235 - - [17/Feb/2026:02:27:17 +0000] "GET /identity HTTP/1.1" 300 3232 "-" "openstacksdk/4.9.0 keystoneauth1/5.13.0 python-requests/2.32.5 CPython/3.12.3"
199.204.45.235 - - [17/Feb/2026:02:27:17 +0000] "POST /identity/v3/auth/tokens HTTP/1.1" 201 8343 "-" "openstacksdk/4.9.0 keystoneauth1/5.13.0 python-requests/2.32.5 CPython/3.12.3"
199.204.45.235 - - [17/Feb/2026:02:27:17 +0000] "GET /identity/v3/auth/tokens HTTP/1.1" 200 8338 "-" "python-keystoneclient"
199.204.45.235 - - [17/Feb/2026:02:27:17 +0000] "POST /identity/v3/auth/tokens HTTP/1.1" 201 7728 "-" "uwsgi keystoneauth1/5.13.0 python-requests/2.32.5 CPython/3.12.3"
199.204.45.235 - - [17/Feb/2026:02:27:17 +0000] "POST /identity/v3/auth/tokens HTTP/1.1" 201 7728 "-" "uwsgi keystoneauth1/5.13.0 python-requests/2.32.5 CPython/3.12.3"
199.204.45.235 - - [17/Feb/2026:02:27:17 +0000] "POST /identity/v3/auth/tokens HTTP/1.1" 201 7728 "-" "uwsgi keystoneauth1/5.13.0 python-requests/2.32.5 CPython/3.12.3"
199.204.45.235 - - [17/Feb/2026:02:27:17 +0000] "GET /container-infra/v1/clusters/k8s-cluster HTTP/1.1" 200 4666 "-" "python-urllib3/1.26.20"
172.18.0.2 - - [17/Feb/2026:02:27:23 +0000] "GET /networking/v2.0/ports?id=d02965ce-0aec-4915-a902-c700c38cacb7&name=kube-sns9k-vpd2z-dkxpt-0&network_id=355eb137-0766-48ba-ae7e-134051df488e HTTP/1.1" 200 3678 "-" "cluster-api-provider-openstack/v0.12.4 gophercloud/v2.7.0"
172.18.0.2 - - [17/Feb/2026:02:27:23 +0000] "GET /compute/v2.1/ HTTP/1.1" 200 3432 "-" "cluster-api-provider-openstack/v0.12.4 gophercloud/v2.7.0"
199.204.45.235 - - [17/Feb/2026:02:27:23 +0000] "GET /networking/v2.0/ports?device_id=1d3ae46c-1ca4-4e8c-9915-6dd0df0eb724 HTTP/1.1" 200 3709 "-" "python-neutronclient"
199.204.45.235 - - [17/Feb/2026:02:27:23 +0000] "GET /networking/v2.0/security-groups?id=505bc2b3-aafd-4171-a095-927fb98cd0ce&fields=id&fields=name HTTP/1.1" 200 3016 "-" "python-neutronclient"
172.18.0.2 - - [17/Feb/2026:02:27:23 +0000] "GET /compute/v2.1/servers/1d3ae46c-1ca4-4e8c-9915-6dd0df0eb724 HTTP/1.1" 200 4445 "-" "cluster-api-provider-openstack/v0.12.4 gophercloud/v2.7.0"
199.204.45.235 - - [17/Feb/2026:02:27:24 +0000] "GET /identity HTTP/1.1" 300 3232 "-" "openstacksdk/4.9.0 keystoneauth1/5.13.0 python-requests/2.32.5 CPython/3.12.3"
199.204.45.235 - - [17/Feb/2026:02:27:24 +0000] "POST /identity/v3/auth/tokens HTTP/1.1" 201 8343 "-" "openstacksdk/4.9.0 keystoneauth1/5.13.0 python-requests/2.32.5 CPython/3.12.3"
199.204.45.235 - - [17/Feb/2026:02:27:24 +0000] "GET /identity/v3/auth/tokens HTTP/1.1" 200 8338 "-" "python-keystoneclient"
199.204.45.235 - - [17/Feb/2026:02:27:24 +0000] "POST /identity/v3/auth/tokens HTTP/1.1" 201 7728 "-" "uwsgi keystoneauth1/5.13.0 python-requests/2.32.5 CPython/3.12.3"
199.204.45.235 - - [17/Feb/2026:02:27:24 +0000] "POST /identity/v3/auth/tokens HTTP/1.1" 201 7728 "-" "uwsgi keystoneauth1/5.13.0 python-requests/2.32.5 CPython/3.12.3"
199.204.45.235 - - [17/Feb/2026:02:27:24 +0000] "POST /identity/v3/auth/tokens HTTP/1.1" 201 7728 "-" "uwsgi keystoneauth1/5.13.0 python-requests/2.32.5 CPython/3.12.3"
199.204.45.235 - - [17/Feb/2026:02:27:24 +0000] "GET /container-infra/v1/clusters/k8s-cluster HTTP/1.1" 200 4666 "-" "python-urllib3/1.26.20"
199.204.45.235 - - [17/Feb/2026:02:27:31 +0000] "GET /identity HTTP/1.1" 300 3232 "-" "openstacksdk/4.9.0 keystoneauth1/5.13.0 python-requests/2.32.5 CPython/3.12.3"
199.204.45.235 - - [17/Feb/2026:02:27:31 +0000] "POST /identity/v3/auth/tokens HTTP/1.1" 201 8343 "-" "openstacksdk/4.9.0 keystoneauth1/5.13.0 python-requests/2.32.5 CPython/3.12.3"
199.204.45.235 - - [17/Feb/2026:02:27:31 +0000] "GET /identity/v3/auth/tokens HTTP/1.1" 200 8338 "-" "python-keystoneclient"
199.204.45.235 - - [17/Feb/2026:02:27:31 +0000] "POST /identity/v3/auth/tokens HTTP/1.1" 201 7728 "-" "uwsgi keystoneauth1/5.13.0 python-requests/2.32.5 CPython/3.12.3"
199.204.45.235 - - [17/Feb/2026:02:27:31 +0000] "POST /identity/v3/auth/tokens HTTP/1.1" 201 7728 "-" "uwsgi keystoneauth1/5.13.0 python-requests/2.32.5 CPython/3.12.3"
199.204.45.235 - - [17/Feb/2026:02:27:31 +0000] "POST /identity/v3/auth/tokens HTTP/1.1" 201 7728 "-" "uwsgi keystoneauth1/5.13.0 python-requests/2.32.5 CPython/3.12.3"
199.204.45.235 - - [17/Feb/2026:02:27:31 +0000] "GET /container-infra/v1/clusters/k8s-cluster HTTP/1.1" 200 4666 "-" "python-urllib3/1.26.20"
199.204.45.235 - - [17/Feb/2026:02:27:33 +0000] "GET /identity HTTP/1.1" 300 3232 "-" "uwsgi keystoneauth1/5.13.0 python-requests/2.32.5 CPython/3.12.3"
199.204.45.235 - - [17/Feb/2026:02:27:33 +0000] "POST /identity/v3/auth/tokens HTTP/1.1" 201 8390 "-" "uwsgi keystoneauth1/5.13.0 python-requests/2.32.5 CPython/3.12.3"
199.204.45.235 - - [17/Feb/2026:02:27:33 +0000] "GET /identity/v3/auth/tokens HTTP/1.1" 200 8385 "-" "python-keystoneclient"
199.204.45.235 - - [17/Feb/2026:02:27:33 +0000] "POST /compute/v2.1/os-server-external-events HTTP/1.1" 200 3253 "-" "python-novaclient"
172.18.0.2 - - [17/Feb/2026:02:27:33 +0000] "GET /networking/v2.0/ports?id=d02965ce-0aec-4915-a902-c700c38cacb7&name=kube-sns9k-vpd2z-dkxpt-0&network_id=355eb137-0766-48ba-ae7e-134051df488e HTTP/1.1" 200 3680 "-" "cluster-api-provider-openstack/v0.12.4 gophercloud/v2.7.0"
172.18.0.2 - - [17/Feb/2026:02:27:33 +0000] "GET /compute/v2.1/ HTTP/1.1" 200 3432 "-" "cluster-api-provider-openstack/v0.12.4 gophercloud/v2.7.0"
199.204.45.235 - - [17/Feb/2026:02:27:34 +0000] "GET /networking/v2.0/ports?device_id=1d3ae46c-1ca4-4e8c-9915-6dd0df0eb724 HTTP/1.1" 200 3711 "-" "python-neutronclient"
199.204.45.235 - - [17/Feb/2026:02:27:34 +0000] "GET /networking/v2.0/security-groups?id=505bc2b3-aafd-4171-a095-927fb98cd0ce&fields=id&fields=name HTTP/1.1" 200 3016 "-" "python-neutronclient"
172.18.0.2 - - [17/Feb/2026:02:27:33 +0000] "GET /compute/v2.1/servers/1d3ae46c-1ca4-4e8c-9915-6dd0df0eb724 HTTP/1.1" 200 4445 "-" "cluster-api-provider-openstack/v0.12.4 gophercloud/v2.7.0"
199.204.45.235 - - [17/Feb/2026:02:27:35 +0000] "POST /compute/v2.1/os-server-external-events HTTP/1.1" 200 3253 "-" "python-novaclient"
199.204.45.235 - - [17/Feb/2026:02:27:37 +0000] "GET /identity HTTP/1.1" 300 3232 "-" "openstacksdk/4.9.0 keystoneauth1/5.13.0 python-requests/2.32.5 CPython/3.12.3"
199.204.45.235 - - [17/Feb/2026:02:27:37 +0000] "POST /identity/v3/auth/tokens HTTP/1.1" 201 8343 "-" "openstacksdk/4.9.0 keystoneauth1/5.13.0 python-requests/2.32.5 CPython/3.12.3"
199.204.45.235 - - [17/Feb/2026:02:27:38 +0000] "GET /identity/v3/auth/tokens HTTP/1.1" 200 8338 "-" "python-keystoneclient"
199.204.45.235 - - [17/Feb/2026:02:27:38 +0000] "POST /identity/v3/auth/tokens HTTP/1.1" 201 7728 "-" "uwsgi keystoneauth1/5.13.0 python-requests/2.32.5 CPython/3.12.3"
199.204.45.235 - - [17/Feb/2026:02:27:38 +0000] "POST /identity/v3/auth/tokens HTTP/1.1" 201 7728 "-" "uwsgi keystoneauth1/5.13.0 python-requests/2.32.5 CPython/3.12.3"
199.204.45.235 - - [17/Feb/2026:02:27:38 +0000] "POST /identity/v3/auth/tokens HTTP/1.1" 201 7728 "-" "uwsgi keystoneauth1/5.13.0 python-requests/2.32.5 CPython/3.12.3"
199.204.45.235 - - [17/Feb/2026:02:27:38 +0000] "GET /container-infra/v1/clusters/k8s-cluster HTTP/1.1" 200 4831 "-" "python-urllib3/1.26.20"
172.18.0.2 - - [17/Feb/2026:02:27:44 +0000] "GET /networking/v2.0/ports?id=d02965ce-0aec-4915-a902-c700c38cacb7&name=kube-sns9k-vpd2z-dkxpt-0&network_id=355eb137-0766-48ba-ae7e-134051df488e HTTP/1.1" 200 3680 "-" "cluster-api-provider-openstack/v0.12.4 gophercloud/v2.7.0"
172.18.0.2 - - [17/Feb/2026:02:27:44 +0000] "GET /compute/v2.1/ HTTP/1.1" 200 3432 "-" "cluster-api-provider-openstack/v0.12.4 gophercloud/v2.7.0"
199.204.45.235 - - [17/Feb/2026:02:27:44 +0000] "GET /networking/v2.0/ports?device_id=1d3ae46c-1ca4-4e8c-9915-6dd0df0eb724 HTTP/1.1" 200 3711 "-" "python-neutronclient"
199.204.45.235 - - [17/Feb/2026:02:27:44 +0000] "GET /identity HTTP/1.1" 300 3232 "-" "openstacksdk/4.9.0 keystoneauth1/5.13.0 python-requests/2.32.5 CPython/3.12.3"
199.204.45.235 - - [17/Feb/2026:02:27:44 +0000] "POST /identity/v3/auth/tokens HTTP/1.1" 201 8343 "-" "openstacksdk/4.9.0 keystoneauth1/5.13.0 python-requests/2.32.5 CPython/3.12.3"
199.204.45.235 - - [17/Feb/2026:02:27:44 +0000] "GET /networking/v2.0/security-groups?id=505bc2b3-aafd-4171-a095-927fb98cd0ce&fields=id&fields=name HTTP/1.1" 200 3016 "-" "python-neutronclient"
172.18.0.2 - - [17/Feb/2026:02:27:44 +0000] "GET /compute/v2.1/servers/1d3ae46c-1ca4-4e8c-9915-6dd0df0eb724 HTTP/1.1" 200 4631 "-" "cluster-api-provider-openstack/v0.12.4 gophercloud/v2.7.0"
172.18.0.2 - - [17/Feb/2026:02:27:44 +0000] "GET /compute/v2.1/ HTTP/1.1" 200 3432 "-" "cluster-api-provider-openstack/v0.12.4 gophercloud/v2.7.0"
172.18.0.2 - - [17/Feb/2026:02:27:44 +0000] "GET /networking/v2.0/ports?id=d02965ce-0aec-4915-a902-c700c38cacb7&name=kube-sns9k-vpd2z-dkxpt-0&network_id=355eb137-0766-48ba-ae7e-134051df488e HTTP/1.1" 200 3680 "-" "cluster-api-provider-openstack/v0.12.4 gophercloud/v2.7.0"
172.18.0.2 - - [17/Feb/2026:02:27:44 +0000] "GET /compute/v2.1/ HTTP/1.1" 200 3432 "-" "cluster-api-provider-openstack/v0.12.4 gophercloud/v2.7.0"
199.204.45.235 - - [17/Feb/2026:02:27:44 +0000] "GET /networking/v2.0/ports?device_id=1d3ae46c-1ca4-4e8c-9915-6dd0df0eb724 HTTP/1.1" 200 3711 "-" "python-neutronclient"
199.204.45.235 - - [17/Feb/2026:02:27:44 +0000] "GET /networking/v2.0/security-groups?id=505bc2b3-aafd-4171-a095-927fb98cd0ce&fields=id&fields=name HTTP/1.1" 200 3016 "-" "python-neutronclient"
172.18.0.2 - - [17/Feb/2026:02:27:44 +0000] "GET /compute/v2.1/servers/1d3ae46c-1ca4-4e8c-9915-6dd0df0eb724 HTTP/1.1" 200 4631 "-" "cluster-api-provider-openstack/v0.12.4 gophercloud/v2.7.0"
199.204.45.235 - - [17/Feb/2026:02:27:44 +0000] "GET /identity/v3/auth/tokens HTTP/1.1" 200 8338 "-" "python-keystoneclient"
199.204.45.235 - - [17/Feb/2026:02:27:44 +0000] "GET /networking/v2.0/ports?device_id=1d3ae46c-1ca4-4e8c-9915-6dd0df0eb724 HTTP/1.1" 200 3711 "-" "python-neutronclient"
199.204.45.235 - - [17/Feb/2026:02:27:44 +0000] "POST /identity/v3/auth/tokens HTTP/1.1" 201 7728 "-" "uwsgi keystoneauth1/5.13.0 python-requests/2.32.5 CPython/3.12.3"
199.204.45.235 - - [17/Feb/2026:02:27:44 +0000] "GET /networking/v2.0/security-groups?id=505bc2b3-aafd-4171-a095-927fb98cd0ce&fields=id&fields=name HTTP/1.1" 200 3016 "-" "python-neutronclient"
172.18.0.2 - - [17/Feb/2026:02:27:44 +0000] "GET /compute/v2.1/servers/1d3ae46c-1ca4-4e8c-9915-6dd0df0eb724 HTTP/1.1" 200 4631 "-" "cluster-api-provider-openstack/v0.12.4 gophercloud/v2.7.0"
199.204.45.235 - - [17/Feb/2026:02:27:44 +0000] "POST /identity/v3/auth/tokens HTTP/1.1" 201 7728 "-" "uwsgi keystoneauth1/5.13.0 python-requests/2.32.5 CPython/3.12.3"
172.18.0.2 - - [17/Feb/2026:02:27:44 +0000] "GET /networking/v2.0/ports?id=d02965ce-0aec-4915-a902-c700c38cacb7&name=kube-sns9k-vpd2z-dkxpt-0&network_id=355eb137-0766-48ba-ae7e-134051df488e HTTP/1.1" 200 3680 "-" "cluster-api-provider-openstack/v0.12.4 gophercloud/v2.7.0"
199.204.45.235 - - [17/Feb/2026:02:27:45 +0000] "POST /identity/v3/auth/tokens HTTP/1.1" 201 7728 "-" "uwsgi keystoneauth1/5.13.0 python-requests/2.32.5 CPython/3.12.3"
199.204.45.235 - - [17/Feb/2026:02:27:44 +0000] "GET /container-infra/v1/clusters/k8s-cluster HTTP/1.1" 200 4831 "-" "python-urllib3/1.26.20"
172.18.0.2 - - [17/Feb/2026:02:27:45 +0000] "GET /compute/v2.1/ HTTP/1.1" 200 3432 "-" "cluster-api-provider-openstack/v0.12.4 gophercloud/v2.7.0"
199.204.45.235 - - [17/Feb/2026:02:27:45 +0000] "GET /networking/v2.0/ports?device_id=1d3ae46c-1ca4-4e8c-9915-6dd0df0eb724 HTTP/1.1" 200 3711 "-" "python-neutronclient"
199.204.45.235 - - [17/Feb/2026:02:27:45 +0000] "GET /networking/v2.0/security-groups?id=505bc2b3-aafd-4171-a095-927fb98cd0ce&fields=id&fields=name HTTP/1.1" 200 3016 "-" "python-neutronclient"
172.18.0.2 - - [17/Feb/2026:02:27:45 +0000] "GET /compute/v2.1/servers/1d3ae46c-1ca4-4e8c-9915-6dd0df0eb724 HTTP/1.1" 200 4631 "-" "cluster-api-provider-openstack/v0.12.4 gophercloud/v2.7.0"
199.204.45.235 - - [17/Feb/2026:02:27:45 +0000] "GET /identity HTTP/1.1" 300 3232 "-" "uwsgi keystoneauth1/5.13.0 python-requests/2.32.5 CPython/3.12.3"
199.204.45.235 - - [17/Feb/2026:02:27:45 +0000] "POST /identity/v3/auth/tokens HTTP/1.1" 201 8326 "-" "uwsgi keystoneauth1/5.13.0 python-requests/2.32.5 CPython/3.12.3"
199.204.45.235 - - [17/Feb/2026:02:27:45 +0000] "GET /identity/v3/auth/tokens HTTP/1.1" 200 8321 "-" "python-keystoneclient"
199.204.45.235 - - [17/Feb/2026:02:27:45 +0000] "GET /networking/v2.0/subnets/d28897c2-bb26-4847-85d4-5cdc0945ae7f HTTP/1.1" 200 3642 "-" "uwsgi keystoneauth1/5.13.0 python-requests/2.32.5 CPython/3.12.3"
199.204.45.235 - - [17/Feb/2026:02:27:45 +0000] "GET /networking/v2.0/subnets/d28897c2-bb26-4847-85d4-5cdc0945ae7f HTTP/1.1" 200 3642 "-" "uwsgi keystoneauth1/5.13.0 python-requests/2.32.5 CPython/3.12.3"
199.204.45.235 - - [17/Feb/2026:02:27:45 +0000] "GET /networking/v2.0/subnets/d28897c2-bb26-4847-85d4-5cdc0945ae7f HTTP/1.1" 200 3642 "-" "uwsgi keystoneauth1/5.13.0 python-requests/2.32.5 CPython/3.12.3"
199.204.45.235 - - [17/Feb/2026:02:27:45 +0000] "GET /networking/v2.0/subnets/d28897c2-bb26-4847-85d4-5cdc0945ae7f HTTP/1.1" 200 3642 "-" "uwsgi keystoneauth1/5.13.0 python-requests/2.32.5 CPython/3.12.3"
199.204.45.235 - - [17/Feb/2026:02:27:45 +0000] "GET /networking/v2.0/ports/ovn-lb-hm-d28897c2-bb26-4847-85d4-5cdc0945ae7f?network_id=355eb137-0766-48ba-ae7e-134051df488e HTTP/1.1" 404 3026 "-" "uwsgi keystoneauth1/5.13.0 python-requests/2.32.5 CPython/3.12.3"
199.204.45.235 - - [17/Feb/2026:02:27:45 +0000] "GET /networking/v2.0/ports?name=ovn-lb-hm-d28897c2-bb26-4847-85d4-5cdc0945ae7f&network_id=355eb137-0766-48ba-ae7e-134051df488e HTTP/1.1" 200 2888 "-" "uwsgi keystoneauth1/5.13.0 python-requests/2.32.5 CPython/3.12.3"
199.204.45.235 - - [17/Feb/2026:02:27:45 +0000] "POST /networking/v2.0/ports HTTP/1.1" 201 3751 "-" "uwsgi keystoneauth1/5.13.0 python-requests/2.32.5 CPython/3.12.3"
199.204.45.235 - - [17/Feb/2026:02:27:46 +0000] "GET /networking/v2.0/subnets/d28897c2-bb26-4847-85d4-5cdc0945ae7f HTTP/1.1" 200 3642 "-" "uwsgi keystoneauth1/5.13.0 python-requests/2.32.5 CPython/3.12.3"
172.18.0.2 - - [17/Feb/2026:02:27:47 +0000] "GET /compute/v2.1/ HTTP/1.1" 200 3432 "-" "cluster-api-provider-openstack/v0.12.4 gophercloud/v2.7.0"
199.204.45.235 - - [17/Feb/2026:02:27:47 +0000] "GET /networking/v2.0/ports?device_id=1d3ae46c-1ca4-4e8c-9915-6dd0df0eb724 HTTP/1.1" 200 3711 "-" "python-neutronclient"
199.204.45.235 - - [17/Feb/2026:02:27:47 +0000] "GET /networking/v2.0/security-groups?id=505bc2b3-aafd-4171-a095-927fb98cd0ce&fields=id&fields=name HTTP/1.1" 200 3016 "-" "python-neutronclient"
172.18.0.2 - - [17/Feb/2026:02:27:47 +0000] "GET /compute/v2.1/servers/1d3ae46c-1ca4-4e8c-9915-6dd0df0eb724 HTTP/1.1" 200 4631 "-" "cluster-api-provider-openstack/v0.12.4 gophercloud/v2.7.0"
172.18.0.2 - - [17/Feb/2026:02:27:47 +0000] "GET /compute/v2.1/ HTTP/1.1" 200 3432 "-" "cluster-api-provider-openstack/v0.12.4 gophercloud/v2.7.0"
199.204.45.235 - - [17/Feb/2026:02:27:47 +0000] "GET /networking/v2.0/ports?device_id=1d3ae46c-1ca4-4e8c-9915-6dd0df0eb724 HTTP/1.1" 200 3711 "-" "python-neutronclient"
199.204.45.235 - - [17/Feb/2026:02:27:47 +0000] "GET /networking/v2.0/security-groups?id=505bc2b3-aafd-4171-a095-927fb98cd0ce&fields=id&fields=name HTTP/1.1" 200 3016 "-" "python-neutronclient"
172.18.0.2 - - [17/Feb/2026:02:27:47 +0000] "GET /compute/v2.1/servers/1d3ae46c-1ca4-4e8c-9915-6dd0df0eb724 HTTP/1.1" 200 4631 "-" "cluster-api-provider-openstack/v0.12.4 gophercloud/v2.7.0"
199.204.45.235 - - [17/Feb/2026:02:27:51 +0000] "GET /identity HTTP/1.1" 300 3232 "-" "openstacksdk/4.9.0 keystoneauth1/5.13.0 python-requests/2.32.5 CPython/3.12.3"
199.204.45.235 - - [17/Feb/2026:02:27:51 +0000] "POST /identity/v3/auth/tokens HTTP/1.1" 201 8343 "-" "openstacksdk/4.9.0 keystoneauth1/5.13.0 python-requests/2.32.5 CPython/3.12.3"
199.204.45.235 - - [17/Feb/2026:02:27:51 +0000] "GET /identity/v3/auth/tokens HTTP/1.1" 200 8338 "-" "python-keystoneclient"
199.204.45.235 - - [17/Feb/2026:02:27:51 +0000] "POST /identity/v3/auth/tokens HTTP/1.1" 201 7728 "-" "uwsgi keystoneauth1/5.13.0 python-requests/2.32.5 CPython/3.12.3"
199.204.45.235 - - [17/Feb/2026:02:27:51 +0000] "POST /identity/v3/auth/tokens HTTP/1.1" 201 7728 "-" "uwsgi keystoneauth1/5.13.0 python-requests/2.32.5 CPython/3.12.3"
199.204.45.235 - - [17/Feb/2026:02:27:51 +0000] "POST /identity/v3/auth/tokens HTTP/1.1" 201 7728 "-" "uwsgi keystoneauth1/5.13.0 python-requests/2.32.5 CPython/3.12.3"
199.204.45.235 - - [17/Feb/2026:02:27:51 +0000] "GET /container-infra/v1/clusters/k8s-cluster HTTP/1.1" 200 4831 "-" "python-urllib3/1.26.20"
199.204.45.235 - - [17/Feb/2026:02:27:52 +0000] "GET /identity HTTP/1.1" 300 3232 "-" "uwsgi keystoneauth1/5.13.0 python-requests/2.32.5 CPython/3.12.3"
199.204.45.235 - - [17/Feb/2026:02:27:52 +0000] "POST /identity/v3/auth/tokens HTTP/1.1" 201 8390 "-" "uwsgi keystoneauth1/5.13.0 python-requests/2.32.5 CPython/3.12.3"
199.204.45.235 - - [17/Feb/2026:02:27:52 +0000] "POST /identity/v3/auth/tokens HTTP/1.1" 201 8390 "-" "uwsgi keystoneauth1/5.13.0 python-requests/2.32.5 CPython/3.12.3"
199.204.45.235 - - [17/Feb/2026:02:27:53 +0000] "GET /identity/v3/auth/tokens HTTP/1.1" 200 8385 "-" "python-keystoneclient"
199.204.45.235 - - [17/Feb/2026:02:27:53 +0000] "GET /identity/v3/auth/tokens?allow_expired=1 HTTP/1.1" 200 8385 "-" "python-keystoneclient"
199.204.45.235 - - [17/Feb/2026:02:27:53 +0000] "GET /networking/v2.0/ports?device_id=1d3ae46c-1ca4-4e8c-9915-6dd0df0eb724 HTTP/1.1" 200 3953 "-" "python-neutronclient"
199.204.45.235 - - [17/Feb/2026:02:27:53 +0000] "GET /networking/v2.0/security-groups?id=505bc2b3-aafd-4171-a095-927fb98cd0ce&fields=id&fields=name HTTP/1.1" 200 3016 "-" "python-neutronclient"
199.204.45.235 - - [17/Feb/2026:02:27:57 +0000] "GET /identity HTTP/1.1" 300 3232 "-" "openstacksdk/4.9.0 keystoneauth1/5.13.0 python-requests/2.32.5 CPython/3.12.3"
199.204.45.235 - - [17/Feb/2026:02:27:58 +0000] "POST /identity/v3/auth/tokens HTTP/1.1" 201 8343 "-" "openstacksdk/4.9.0 keystoneauth1/5.13.0 python-requests/2.32.5 CPython/3.12.3"
199.204.45.235 - - [17/Feb/2026:02:27:58 +0000] "GET /identity/v3/auth/tokens HTTP/1.1" 200 8338 "-" "python-keystoneclient"
199.204.45.235 - - [17/Feb/2026:02:27:58 +0000] "POST /identity/v3/auth/tokens HTTP/1.1" 201 7728 "-" "uwsgi keystoneauth1/5.13.0 python-requests/2.32.5 CPython/3.12.3"
199.204.45.235 - - [17/Feb/2026:02:27:58 +0000] "POST /identity/v3/auth/tokens HTTP/1.1" 201 7728 "-" "uwsgi keystoneauth1/5.13.0 python-requests/2.32.5 CPython/3.12.3"
199.204.45.235 - - [17/Feb/2026:02:27:58 +0000] "POST /identity/v3/auth/tokens HTTP/1.1" 201 7728 "-" "uwsgi keystoneauth1/5.13.0 python-requests/2.32.5 CPython/3.12.3"
199.204.45.235 - - [17/Feb/2026:02:27:58 +0000] "GET /container-infra/v1/clusters/k8s-cluster HTTP/1.1" 200 4831 "-" "python-urllib3/1.26.20"
199.204.45.235 - - [17/Feb/2026:02:28:04 +0000] "GET /identity HTTP/1.1" 300 3232 "-" "openstacksdk/4.9.0 keystoneauth1/5.13.0 python-requests/2.32.5 CPython/3.12.3"
199.204.45.235 - - [17/Feb/2026:02:28:04 +0000] "POST /identity/v3/auth/tokens HTTP/1.1" 201 8343 "-" "openstacksdk/4.9.0 keystoneauth1/5.13.0 python-requests/2.32.5 CPython/3.12.3"
199.204.45.235 - - [17/Feb/2026:02:28:05 +0000] "GET /identity/v3/auth/tokens HTTP/1.1" 200 8338 "-" "python-keystoneclient"
199.204.45.235 - - [17/Feb/2026:02:28:05 +0000] "POST /identity/v3/auth/tokens HTTP/1.1" 201 7728 "-" "uwsgi keystoneauth1/5.13.0 python-requests/2.32.5 CPython/3.12.3"
199.204.45.235 - - [17/Feb/2026:02:28:05 +0000] "POST /identity/v3/auth/tokens HTTP/1.1" 201 7728 "-" "uwsgi keystoneauth1/5.13.0 python-requests/2.32.5 CPython/3.12.3"
199.204.45.235 - - [17/Feb/2026:02:28:05 +0000] "POST /identity/v3/auth/tokens HTTP/1.1" 201 7728 "-" "uwsgi keystoneauth1/5.13.0 python-requests/2.32.5 CPython/3.12.3"
199.204.45.235 - - [17/Feb/2026:02:28:05 +0000] "GET /container-infra/v1/clusters/k8s-cluster HTTP/1.1" 200 4831 "-" "python-urllib3/1.26.20"
199.204.45.235 - - [17/Feb/2026:02:28:11 +0000] "GET /identity HTTP/1.1" 300 3232 "-" "openstacksdk/4.9.0 keystoneauth1/5.13.0 python-requests/2.32.5 CPython/3.12.3"
199.204.45.235 - - [17/Feb/2026:02:28:11 +0000] "POST /identity/v3/auth/tokens HTTP/1.1" 201 8343 "-" "openstacksdk/4.9.0 keystoneauth1/5.13.0 python-requests/2.32.5 CPython/3.12.3"
199.204.45.235 - - [17/Feb/2026:02:28:11 +0000] "GET /identity/v3/auth/tokens HTTP/1.1" 200 8338 "-" "python-keystoneclient"
199.204.45.235 - - [17/Feb/2026:02:28:11 +0000] "POST /identity/v3/auth/tokens HTTP/1.1" 201 7728 "-" "uwsgi keystoneauth1/5.13.0 python-requests/2.32.5 CPython/3.12.3"
199.204.45.235 - - [17/Feb/2026:02:28:11 +0000] "POST /identity/v3/auth/tokens HTTP/1.1" 201 7728 "-" "uwsgi keystoneauth1/5.13.0 python-requests/2.32.5 CPython/3.12.3"
199.204.45.235 - - [17/Feb/2026:02:28:11 +0000] "POST /identity/v3/auth/tokens HTTP/1.1" 201 7728 "-" "uwsgi keystoneauth1/5.13.0 python-requests/2.32.5 CPython/3.12.3"
199.204.45.235 - - [17/Feb/2026:02:28:11 +0000] "GET /container-infra/v1/clusters/k8s-cluster HTTP/1.1" 200 4831 "-" "python-urllib3/1.26.20"
199.204.45.235 - - [17/Feb/2026:02:28:13 +0000] "GET /identity/v3/auth/tokens HTTP/1.1" 200 8385 "-" "python-keystoneclient"
199.204.45.235 - - [17/Feb/2026:02:28:13 +0000] "GET /placement/resource_providers/57befd1d-b1c7-456e-8951-5cc670f72ef9/allocations HTTP/1.1" 200 3098 "-" "nova-compute keystoneauth1/5.13.0 python-requests/2.32.5 CPython/3.12.3"
199.204.45.235 - - [17/Feb/2026:02:28:13 +0000] "GET /placement/resource_providers?in_tree=57befd1d-b1c7-456e-8951-5cc670f72ef9 HTTP/1.1" 200 3816 "-" "nova-compute keystoneauth1/5.13.0 python-requests/2.32.5 CPython/3.12.3"
199.204.45.235 - - [17/Feb/2026:02:28:13 +0000] "GET /placement/resource_providers/57befd1d-b1c7-456e-8951-5cc670f72ef9/inventories HTTP/1.1" 200 3344 "-" "nova-compute keystoneauth1/5.13.0 python-requests/2.32.5 CPython/3.12.3"
199.204.45.235 - - [17/Feb/2026:02:28:13 +0000] "GET /placement/resource_providers/57befd1d-b1c7-456e-8951-5cc670f72ef9/aggregates HTTP/1.1" 200 3068 "-" "nova-compute keystoneauth1/5.13.0 python-requests/2.32.5 CPython/3.12.3"
199.204.45.235 - - [17/Feb/2026:02:28:13 +0000] "GET /placement/resource_providers/57befd1d-b1c7-456e-8951-5cc670f72ef9/traits HTTP/1.1" 200 5008 "-" "nova-compute keystoneauth1/5.13.0 python-requests/2.32.5 CPython/3.12.3"
199.204.45.235 - - [17/Feb/2026:02:28:13 +0000] "GET /placement/resource_providers/57befd1d-b1c7-456e-8951-5cc670f72ef9/allocations HTTP/1.1" 200 3098 "-" "nova-compute keystoneauth1/5.13.0 python-requests/2.32.5 CPython/3.12.3"
199.204.45.235 - - [17/Feb/2026:02:28:13 +0000] "GET /placement/allocations/1d3ae46c-1ca4-4e8c-9915-6dd0df0eb724 HTTP/1.1" 200 3275 "-" "nova-compute keystoneauth1/5.13.0 python-requests/2.32.5 CPython/3.12.3"
172.18.0.2 - - [17/Feb/2026:02:28:17 +0000] "GET /networking/v2.0/networks/92c97039-b221-4d05-ac5b-04293d374b60 HTTP/1.1" 200 3502 "-" "cluster-api-provider-openstack/v0.12.4 gophercloud/v2.7.0"
172.18.0.2 - - [17/Feb/2026:02:28:17 +0000] "GET /networking/v2.0/networks?name=k8s-clusterapi-cluster-magnum-system-kube-sns9k HTTP/1.1" 200 3490 "-" "cluster-api-provider-openstack/v0.12.4 gophercloud/v2.7.0"
172.18.0.2 - - [17/Feb/2026:02:28:17 +0000] "GET /networking/v2.0/subnets?cidr=192.168.24.0%2F24&network_id=355eb137-0766-48ba-ae7e-134051df488e HTTP/1.1" 200 3614 "-" "cluster-api-provider-openstack/v0.12.4 gophercloud/v2.7.0"
172.18.0.2 - - [17/Feb/2026:02:28:17 +0000] "GET /networking/v2.0/routers/2bbd79ba-b041-4a63-9ac0-7b19b9525fd4 HTTP/1.1" 200 4063 "-" "cluster-api-provider-openstack/v0.12.4 gophercloud/v2.7.0"
172.18.0.2 - - [17/Feb/2026:02:28:17 +0000] "GET /networking/v2.0/ports?device_id=2bbd79ba-b041-4a63-9ac0-7b19b9525fd4 HTTP/1.1" 200 3569 "-" "cluster-api-provider-openstack/v0.12.4 gophercloud/v2.7.0"
172.18.0.2 - - [17/Feb/2026:02:28:17 +0000] "GET /networking/v2.0/security-groups?name=k8s-cluster-magnum-system-kube-sns9k-secgroup-bastion HTTP/1.1" 200 2868 "-" "cluster-api-provider-openstack/v0.12.4 gophercloud/v2.7.0"
172.18.0.2 - - [17/Feb/2026:02:28:17 +0000] "GET /networking/v2.0/security-groups?name=k8s-cluster-magnum-system-kube-sns9k-secgroup-controlplane HTTP/1.1" 200 7754 "-" "cluster-api-provider-openstack/v0.12.4 gophercloud/v2.7.0"
172.18.0.2 - - [17/Feb/2026:02:28:17 +0000] "GET /networking/v2.0/security-groups?name=k8s-cluster-magnum-system-kube-sns9k-secgroup-worker HTTP/1.1" 200 11151 "-" "cluster-api-provider-openstack/v0.12.4 gophercloud/v2.7.0"
172.18.0.2 - - [17/Feb/2026:02:28:17 +0000] "GET /networking/v2.0/floatingips?floating_ip_address=172.24.5.15 HTTP/1.1" 200 3756 "-" "cluster-api-provider-openstack/v0.12.4 gophercloud/v2.7.0"
172.18.0.2 - - [17/Feb/2026:02:28:17 +0000] "GET /compute/v2.1/ HTTP/1.1" 200 3432 "-" "cluster-api-provider-openstack/v0.12.4 gophercloud/v2.7.0"
172.18.0.2 - - [17/Feb/2026:02:28:17 +0000] "GET /compute/v2.1/os-availability-zone HTTP/1.1" 200 3137 "-" "cluster-api-provider-openstack/v0.12.4 gophercloud/v2.7.0"
199.204.45.235 - - [17/Feb/2026:02:28:18 +0000] "GET /identity HTTP/1.1" 300 3232 "-" "openstacksdk/4.9.0 keystoneauth1/5.13.0 python-requests/2.32.5 CPython/3.12.3"
199.204.45.235 - - [17/Feb/2026:02:28:18 +0000] "POST /identity/v3/auth/tokens HTTP/1.1" 201 8343 "-" "openstacksdk/4.9.0 keystoneauth1/5.13.0 python-requests/2.32.5 CPython/3.12.3"
199.204.45.235 - - [17/Feb/2026:02:28:18 +0000] "GET /identity/v3/auth/tokens HTTP/1.1" 200 8338 "-" "python-keystoneclient"
199.204.45.235 - - [17/Feb/2026:02:28:18 +0000] "POST /identity/v3/auth/tokens HTTP/1.1" 201 7728 "-" "uwsgi keystoneauth1/5.13.0 python-requests/2.32.5 CPython/3.12.3"
199.204.45.235 - - [17/Feb/2026:02:28:18 +0000] "POST /identity/v3/auth/tokens HTTP/1.1" 201 7728 "-" "uwsgi keystoneauth1/5.13.0 python-requests/2.32.5 CPython/3.12.3"
199.204.45.235 - - [17/Feb/2026:02:28:18 +0000] "POST /identity/v3/auth/tokens HTTP/1.1" 201 7728 "-" "uwsgi keystoneauth1/5.13.0 python-requests/2.32.5 CPython/3.12.3"
199.204.45.235 - - [17/Feb/2026:02:28:18 +0000] "GET /container-infra/v1/clusters/k8s-cluster HTTP/1.1" 200 4831 "-" "python-urllib3/1.26.20"
199.204.45.235 - - [17/Feb/2026:02:28:24 +0000] "GET /identity HTTP/1.1" 300 3232 "-" "openstacksdk/4.9.0 keystoneauth1/5.13.0 python-requests/2.32.5 CPython/3.12.3"
199.204.45.235 - - [17/Feb/2026:02:28:24 +0000] "POST /identity/v3/auth/tokens HTTP/1.1" 201 8343 "-" "openstacksdk/4.9.0 keystoneauth1/5.13.0 python-requests/2.32.5 CPython/3.12.3"
