199.204.45.235 - - [17/Feb/2026:02:28:25 +0000] "GET /identity/v3/auth/tokens HTTP/1.1" 200 8338 "-" "python-keystoneclient"
199.204.45.235 - - [17/Feb/2026:02:28:25 +0000] "POST /identity/v3/auth/tokens HTTP/1.1" 201 7728 "-" "uwsgi keystoneauth1/5.13.0 python-requests/2.32.5 CPython/3.12.3"
199.204.45.235 - - [17/Feb/2026:02:28:25 +0000] "POST /identity/v3/auth/tokens HTTP/1.1" 201 7728 "-" "uwsgi keystoneauth1/5.13.0 python-requests/2.32.5 CPython/3.12.3"
199.204.45.235 - - [17/Feb/2026:02:28:25 +0000] "POST /identity/v3/auth/tokens HTTP/1.1" 201 7728 "-" "uwsgi keystoneauth1/5.13.0 python-requests/2.32.5 CPython/3.12.3"
199.204.45.235 - - [17/Feb/2026:02:28:25 +0000] "GET /container-infra/v1/clusters/k8s-cluster HTTP/1.1" 200 4831 "-" "python-urllib3/1.26.20"
199.204.45.235 - - [17/Feb/2026:02:28:31 +0000] "GET /identity HTTP/1.1" 300 3232 "-" "openstacksdk/4.9.0 keystoneauth1/5.13.0 python-requests/2.32.5 CPython/3.12.3"
199.204.45.235 - - [17/Feb/2026:02:28:31 +0000] "POST /identity/v3/auth/tokens HTTP/1.1" 201 8343 "-" "openstacksdk/4.9.0 keystoneauth1/5.13.0 python-requests/2.32.5 CPython/3.12.3"
199.204.45.235 - - [17/Feb/2026:02:28:31 +0000] "GET /identity/v3/auth/tokens HTTP/1.1" 200 8338 "-" "python-keystoneclient"
199.204.45.235 - - [17/Feb/2026:02:28:31 +0000] "POST /identity/v3/auth/tokens HTTP/1.1" 201 7728 "-" "uwsgi keystoneauth1/5.13.0 python-requests/2.32.5 CPython/3.12.3"
199.204.45.235 - - [17/Feb/2026:02:28:31 +0000] "POST /identity/v3/auth/tokens HTTP/1.1" 201 7728 "-" "uwsgi keystoneauth1/5.13.0 python-requests/2.32.5 CPython/3.12.3"
199.204.45.235 - - [17/Feb/2026:02:28:32 +0000] "POST /identity/v3/auth/tokens HTTP/1.1" 201 7728 "-" "uwsgi keystoneauth1/5.13.0 python-requests/2.32.5 CPython/3.12.3"
199.204.45.235 - - [17/Feb/2026:02:28:31 +0000] "GET /container-infra/v1/clusters/k8s-cluster HTTP/1.1" 200 4831 "-" "python-urllib3/1.26.20"
199.204.45.235 - - [17/Feb/2026:02:28:38 +0000] "GET /identity HTTP/1.1" 300 3232 "-" "openstacksdk/4.9.0 keystoneauth1/5.13.0 python-requests/2.32.5 CPython/3.12.3"
199.204.45.235 - - [17/Feb/2026:02:28:38 +0000] "POST /identity/v3/auth/tokens HTTP/1.1" 201 8343 "-" "openstacksdk/4.9.0 keystoneauth1/5.13.0 python-requests/2.32.5 CPython/3.12.3"
199.204.45.235 - - [17/Feb/2026:02:28:38 +0000] "GET /identity/v3/auth/tokens HTTP/1.1" 200 8338 "-" "python-keystoneclient"
199.204.45.235 - - [17/Feb/2026:02:28:38 +0000] "POST /identity/v3/auth/tokens HTTP/1.1" 201 7728 "-" "uwsgi keystoneauth1/5.13.0 python-requests/2.32.5 CPython/3.12.3"
199.204.45.235 - - [17/Feb/2026:02:28:38 +0000] "POST /identity/v3/auth/tokens HTTP/1.1" 201 7728 "-" "uwsgi keystoneauth1/5.13.0 python-requests/2.32.5 CPython/3.12.3"
199.204.45.235 - - [17/Feb/2026:02:28:38 +0000] "POST /identity/v3/auth/tokens HTTP/1.1" 201 7728 "-" "uwsgi keystoneauth1/5.13.0 python-requests/2.32.5 CPython/3.12.3"
199.204.45.235 - - [17/Feb/2026:02:28:38 +0000] "GET /container-infra/v1/clusters/k8s-cluster HTTP/1.1" 200 4831 "-" "python-urllib3/1.26.20"
199.204.45.235 - - [17/Feb/2026:02:28:44 +0000] "GET /identity HTTP/1.1" 300 3232 "-" "openstacksdk/4.9.0 keystoneauth1/5.13.0 python-requests/2.32.5 CPython/3.12.3"
199.204.45.235 - - [17/Feb/2026:02:28:44 +0000] "POST /identity/v3/auth/tokens HTTP/1.1" 201 8343 "-" "openstacksdk/4.9.0 keystoneauth1/5.13.0 python-requests/2.32.5 CPython/3.12.3"
199.204.45.235 - - [17/Feb/2026:02:28:45 +0000] "GET /identity/v3/auth/tokens HTTP/1.1" 200 8338 "-" "python-keystoneclient"
199.204.45.235 - - [17/Feb/2026:02:28:45 +0000] "POST /identity/v3/auth/tokens HTTP/1.1" 201 7728 "-" "uwsgi keystoneauth1/5.13.0 python-requests/2.32.5 CPython/3.12.3"
199.204.45.235 - - [17/Feb/2026:02:28:45 +0000] "POST /identity/v3/auth/tokens HTTP/1.1" 201 7728 "-" "uwsgi keystoneauth1/5.13.0 python-requests/2.32.5 CPython/3.12.3"
199.204.45.235 - - [17/Feb/2026:02:28:45 +0000] "POST /identity/v3/auth/tokens HTTP/1.1" 201 7728 "-" "uwsgi keystoneauth1/5.13.0 python-requests/2.32.5 CPython/3.12.3"
199.204.45.235 - - [17/Feb/2026:02:28:45 +0000] "GET /container-infra/v1/clusters/k8s-cluster HTTP/1.1" 200 4831 "-" "python-urllib3/1.26.20"
199.204.45.235 - - [17/Feb/2026:02:28:51 +0000] "GET /identity HTTP/1.1" 300 3232 "-" "openstacksdk/4.9.0 keystoneauth1/5.13.0 python-requests/2.32.5 CPython/3.12.3"
199.204.45.235 - - [17/Feb/2026:02:28:51 +0000] "POST /identity/v3/auth/tokens HTTP/1.1" 201 8343 "-" "openstacksdk/4.9.0 keystoneauth1/5.13.0 python-requests/2.32.5 CPython/3.12.3"
199.204.45.235 - - [17/Feb/2026:02:28:51 +0000] "GET /identity/v3/auth/tokens HTTP/1.1" 200 8338 "-" "python-keystoneclient"
199.204.45.235 - - [17/Feb/2026:02:28:51 +0000] "POST /identity/v3/auth/tokens HTTP/1.1" 201 7728 "-" "uwsgi keystoneauth1/5.13.0 python-requests/2.32.5 CPython/3.12.3"
199.204.45.235 - - [17/Feb/2026:02:28:52 +0000] "POST /identity/v3/auth/tokens HTTP/1.1" 201 7728 "-" "uwsgi keystoneauth1/5.13.0 python-requests/2.32.5 CPython/3.12.3"
199.204.45.235 - - [17/Feb/2026:02:28:52 +0000] "POST /identity/v3/auth/tokens HTTP/1.1" 201 7728 "-" "uwsgi keystoneauth1/5.13.0 python-requests/2.32.5 CPython/3.12.3"
199.204.45.235 - - [17/Feb/2026:02:28:51 +0000] "GET /container-infra/v1/clusters/k8s-cluster HTTP/1.1" 200 4831 "-" "python-urllib3/1.26.20"
199.204.45.235 - - [17/Feb/2026:02:28:58 +0000] "GET /identity HTTP/1.1" 300 3232 "-" "openstacksdk/4.9.0 keystoneauth1/5.13.0 python-requests/2.32.5 CPython/3.12.3"
199.204.45.235 - - [17/Feb/2026:02:28:58 +0000] "POST /identity/v3/auth/tokens HTTP/1.1" 201 8343 "-" "openstacksdk/4.9.0 keystoneauth1/5.13.0 python-requests/2.32.5 CPython/3.12.3"
199.204.45.235 - - [17/Feb/2026:02:28:58 +0000] "GET /identity/v3/auth/tokens HTTP/1.1" 200 8338 "-" "python-keystoneclient"
199.204.45.235 - - [17/Feb/2026:02:28:58 +0000] "POST /identity/v3/auth/tokens HTTP/1.1" 201 7728 "-" "uwsgi keystoneauth1/5.13.0 python-requests/2.32.5 CPython/3.12.3"
199.204.45.235 - - [17/Feb/2026:02:28:58 +0000] "POST /identity/v3/auth/tokens HTTP/1.1" 201 7728 "-" "uwsgi keystoneauth1/5.13.0 python-requests/2.32.5 CPython/3.12.3"
199.204.45.235 - - [17/Feb/2026:02:28:58 +0000] "POST /identity/v3/auth/tokens HTTP/1.1" 201 7728 "-" "uwsgi keystoneauth1/5.13.0 python-requests/2.32.5 CPython/3.12.3"
199.204.45.235 - - [17/Feb/2026:02:28:58 +0000] "GET /container-infra/v1/clusters/k8s-cluster HTTP/1.1" 200 4831 "-" "python-urllib3/1.26.20"
199.204.45.235 - - [17/Feb/2026:02:29:04 +0000] "GET /identity HTTP/1.1" 300 3232 "-" "openstacksdk/4.9.0 keystoneauth1/5.13.0 python-requests/2.32.5 CPython/3.12.3"
199.204.45.235 - - [17/Feb/2026:02:29:04 +0000] "POST /identity/v3/auth/tokens HTTP/1.1" 201 8343 "-" "openstacksdk/4.9.0 keystoneauth1/5.13.0 python-requests/2.32.5 CPython/3.12.3"
199.204.45.235 - - [17/Feb/2026:02:29:05 +0000] "GET /identity/v3/auth/tokens HTTP/1.1" 200 8338 "-" "python-keystoneclient"
199.204.45.235 - - [17/Feb/2026:02:29:05 +0000] "POST /identity/v3/auth/tokens HTTP/1.1" 201 7728 "-" "uwsgi keystoneauth1/5.13.0 python-requests/2.32.5 CPython/3.12.3"
199.204.45.235 - - [17/Feb/2026:02:29:05 +0000] "POST /identity/v3/auth/tokens HTTP/1.1" 201 7728 "-" "uwsgi keystoneauth1/5.13.0 python-requests/2.32.5 CPython/3.12.3"
199.204.45.235 - - [17/Feb/2026:02:29:05 +0000] "POST /identity/v3/auth/tokens HTTP/1.1" 201 7728 "-" "uwsgi keystoneauth1/5.13.0 python-requests/2.32.5 CPython/3.12.3"
199.204.45.235 - - [17/Feb/2026:02:29:05 +0000] "GET /container-infra/v1/clusters/k8s-cluster HTTP/1.1" 200 4831 "-" "python-urllib3/1.26.20"
199.204.45.235 - - [17/Feb/2026:02:29:11 +0000] "GET /identity HTTP/1.1" 300 3232 "-" "openstacksdk/4.9.0 keystoneauth1/5.13.0 python-requests/2.32.5 CPython/3.12.3"
199.204.45.235 - - [17/Feb/2026:02:29:11 +0000] "POST /identity/v3/auth/tokens HTTP/1.1" 201 8343 "-" "openstacksdk/4.9.0 keystoneauth1/5.13.0 python-requests/2.32.5 CPython/3.12.3"
199.204.45.235 - - [17/Feb/2026:02:29:12 +0000] "GET /identity/v3/auth/tokens HTTP/1.1" 200 8338 "-" "python-keystoneclient"
199.204.45.235 - - [17/Feb/2026:02:29:12 +0000] "POST /identity/v3/auth/tokens HTTP/1.1" 201 7728 "-" "uwsgi keystoneauth1/5.13.0 python-requests/2.32.5 CPython/3.12.3"
199.204.45.235 - - [17/Feb/2026:02:29:12 +0000] "POST /identity/v3/auth/tokens HTTP/1.1" 201 7728 "-" "uwsgi keystoneauth1/5.13.0 python-requests/2.32.5 CPython/3.12.3"
199.204.45.235 - - [17/Feb/2026:02:29:12 +0000] "POST /identity/v3/auth/tokens HTTP/1.1" 201 7728 "-" "uwsgi keystoneauth1/5.13.0 python-requests/2.32.5 CPython/3.12.3"
199.204.45.235 - - [17/Feb/2026:02:29:12 +0000] "GET /container-infra/v1/clusters/k8s-cluster HTTP/1.1" 200 4831 "-" "python-urllib3/1.26.20"
199.204.45.235 - - [17/Feb/2026:02:29:15 +0000] "GET /placement/resource_providers/57befd1d-b1c7-456e-8951-5cc670f72ef9/allocations HTTP/1.1" 200 3098 "-" "nova-compute keystoneauth1/5.13.0 python-requests/2.32.5 CPython/3.12.3"
199.204.45.235 - - [17/Feb/2026:02:29:15 +0000] "GET /placement/resource_providers/57befd1d-b1c7-456e-8951-5cc670f72ef9/allocations HTTP/1.1" 200 3098 "-" "nova-compute keystoneauth1/5.13.0 python-requests/2.32.5 CPython/3.12.3"
199.204.45.235 - - [17/Feb/2026:02:29:15 +0000] "GET /placement/allocations/1d3ae46c-1ca4-4e8c-9915-6dd0df0eb724 HTTP/1.1" 200 3275 "-" "nova-compute keystoneauth1/5.13.0 python-requests/2.32.5 CPython/3.12.3"
199.204.45.235 - - [17/Feb/2026:02:29:18 +0000] "GET /identity HTTP/1.1" 300 3232 "-" "openstacksdk/4.9.0 keystoneauth1/5.13.0 python-requests/2.32.5 CPython/3.12.3"
199.204.45.235 - - [17/Feb/2026:02:29:18 +0000] "POST /identity/v3/auth/tokens HTTP/1.1" 201 8343 "-" "openstacksdk/4.9.0 keystoneauth1/5.13.0 python-requests/2.32.5 CPython/3.12.3"
199.204.45.235 - - [17/Feb/2026:02:29:18 +0000] "GET /identity/v3/auth/tokens HTTP/1.1" 200 8338 "-" "python-keystoneclient"
199.204.45.235 - - [17/Feb/2026:02:29:18 +0000] "POST /identity/v3/auth/tokens HTTP/1.1" 201 7728 "-" "uwsgi keystoneauth1/5.13.0 python-requests/2.32.5 CPython/3.12.3"
199.204.45.235 - - [17/Feb/2026:02:29:18 +0000] "POST /identity/v3/auth/tokens HTTP/1.1" 201 7728 "-" "uwsgi keystoneauth1/5.13.0 python-requests/2.32.5 CPython/3.12.3"
199.204.45.235 - - [17/Feb/2026:02:29:18 +0000] "POST /identity/v3/auth/tokens HTTP/1.1" 201 7728 "-" "uwsgi keystoneauth1/5.13.0 python-requests/2.32.5 CPython/3.12.3"
199.204.45.235 - - [17/Feb/2026:02:29:18 +0000] "GET /container-infra/v1/clusters/k8s-cluster HTTP/1.1" 200 4831 "-" "python-urllib3/1.26.20"
199.204.45.235 - - [17/Feb/2026:02:29:25 +0000] "GET /identity HTTP/1.1" 300 3232 "-" "openstacksdk/4.9.0 keystoneauth1/5.13.0 python-requests/2.32.5 CPython/3.12.3"
199.204.45.235 - - [17/Feb/2026:02:29:25 +0000] "POST /identity/v3/auth/tokens HTTP/1.1" 201 8343 "-" "openstacksdk/4.9.0 keystoneauth1/5.13.0 python-requests/2.32.5 CPython/3.12.3"
199.204.45.235 - - [17/Feb/2026:02:29:25 +0000] "GET /identity/v3/auth/tokens HTTP/1.1" 200 8338 "-" "python-keystoneclient"
199.204.45.235 - - [17/Feb/2026:02:29:25 +0000] "POST /identity/v3/auth/tokens HTTP/1.1" 201 7728 "-" "uwsgi keystoneauth1/5.13.0 python-requests/2.32.5 CPython/3.12.3"
199.204.45.235 - - [17/Feb/2026:02:29:25 +0000] "POST /identity/v3/auth/tokens HTTP/1.1" 201 7728 "-" "uwsgi keystoneauth1/5.13.0 python-requests/2.32.5 CPython/3.12.3"
199.204.45.235 - - [17/Feb/2026:02:29:25 +0000] "POST /identity/v3/auth/tokens HTTP/1.1" 201 7728 "-" "uwsgi keystoneauth1/5.13.0 python-requests/2.32.5 CPython/3.12.3"
199.204.45.235 - - [17/Feb/2026:02:29:25 +0000] "GET /container-infra/v1/clusters/k8s-cluster HTTP/1.1" 200 4831 "-" "python-urllib3/1.26.20"
199.204.45.235 - - [17/Feb/2026:02:29:31 +0000] "GET /identity HTTP/1.1" 300 3232 "-" "openstacksdk/4.9.0 keystoneauth1/5.13.0 python-requests/2.32.5 CPython/3.12.3"
199.204.45.235 - - [17/Feb/2026:02:29:31 +0000] "POST /identity/v3/auth/tokens HTTP/1.1" 201 8343 "-" "openstacksdk/4.9.0 keystoneauth1/5.13.0 python-requests/2.32.5 CPython/3.12.3"
199.204.45.235 - - [17/Feb/2026:02:29:32 +0000] "GET /identity/v3/auth/tokens HTTP/1.1" 200 8338 "-" "python-keystoneclient"
199.204.45.235 - - [17/Feb/2026:02:29:32 +0000] "POST /identity/v3/auth/tokens HTTP/1.1" 201 7728 "-" "uwsgi keystoneauth1/5.13.0 python-requests/2.32.5 CPython/3.12.3"
199.204.45.235 - - [17/Feb/2026:02:29:32 +0000] "POST /identity/v3/auth/tokens HTTP/1.1" 201 7728 "-" "uwsgi keystoneauth1/5.13.0 python-requests/2.32.5 CPython/3.12.3"
199.204.45.235 - - [17/Feb/2026:02:29:32 +0000] "POST /identity/v3/auth/tokens HTTP/1.1" 201 7728 "-" "uwsgi keystoneauth1/5.13.0 python-requests/2.32.5 CPython/3.12.3"
199.204.45.235 - - [17/Feb/2026:02:29:32 +0000] "GET /container-infra/v1/clusters/k8s-cluster HTTP/1.1" 200 4831 "-" "python-urllib3/1.26.20"
199.204.45.235 - - [17/Feb/2026:02:29:38 +0000] "GET /identity HTTP/1.1" 300 3232 "-" "openstacksdk/4.9.0 keystoneauth1/5.13.0 python-requests/2.32.5 CPython/3.12.3"
199.204.45.235 - - [17/Feb/2026:02:29:38 +0000] "POST /identity/v3/auth/tokens HTTP/1.1" 201 8343 "-" "openstacksdk/4.9.0 keystoneauth1/5.13.0 python-requests/2.32.5 CPython/3.12.3"
199.204.45.235 - - [17/Feb/2026:02:29:38 +0000] "GET /identity/v3/auth/tokens HTTP/1.1" 200 8338 "-" "python-keystoneclient"
199.204.45.235 - - [17/Feb/2026:02:29:38 +0000] "POST /identity/v3/auth/tokens HTTP/1.1" 201 7728 "-" "uwsgi keystoneauth1/5.13.0 python-requests/2.32.5 CPython/3.12.3"
199.204.45.235 - - [17/Feb/2026:02:29:38 +0000] "POST /identity/v3/auth/tokens HTTP/1.1" 201 7728 "-" "uwsgi keystoneauth1/5.13.0 python-requests/2.32.5 CPython/3.12.3"
199.204.45.235 - - [17/Feb/2026:02:29:38 +0000] "POST /identity/v3/auth/tokens HTTP/1.1" 201 7728 "-" "uwsgi keystoneauth1/5.13.0 python-requests/2.32.5 CPython/3.12.3"
199.204.45.235 - - [17/Feb/2026:02:29:38 +0000] "GET /container-infra/v1/clusters/k8s-cluster HTTP/1.1" 200 4831 "-" "python-urllib3/1.26.20"
199.204.45.235 - - [17/Feb/2026:02:29:45 +0000] "GET /identity HTTP/1.1" 300 3232 "-" "openstacksdk/4.9.0 keystoneauth1/5.13.0 python-requests/2.32.5 CPython/3.12.3"
199.204.45.235 - - [17/Feb/2026:02:29:45 +0000] "POST /identity/v3/auth/tokens HTTP/1.1" 201 8343 "-" "openstacksdk/4.9.0 keystoneauth1/5.13.0 python-requests/2.32.5 CPython/3.12.3"
199.204.45.235 - - [17/Feb/2026:02:29:45 +0000] "GET /identity/v3/auth/tokens HTTP/1.1" 200 8338 "-" "python-keystoneclient"
199.204.45.235 - - [17/Feb/2026:02:29:45 +0000] "POST /identity/v3/auth/tokens HTTP/1.1" 201 7728 "-" "uwsgi keystoneauth1/5.13.0 python-requests/2.32.5 CPython/3.12.3"
199.204.45.235 - - [17/Feb/2026:02:29:45 +0000] "POST /identity/v3/auth/tokens HTTP/1.1" 201 7728 "-" "uwsgi keystoneauth1/5.13.0 python-requests/2.32.5 CPython/3.12.3"
199.204.45.235 - - [17/Feb/2026:02:29:45 +0000] "POST /identity/v3/auth/tokens HTTP/1.1" 201 7728 "-" "uwsgi keystoneauth1/5.13.0 python-requests/2.32.5 CPython/3.12.3"
199.204.45.235 - - [17/Feb/2026:02:29:45 +0000] "GET /container-infra/v1/clusters/k8s-cluster HTTP/1.1" 200 4831 "-" "python-urllib3/1.26.20"
199.204.45.235 - - [17/Feb/2026:02:29:51 +0000] "GET /identity HTTP/1.1" 300 3232 "-" "openstacksdk/4.9.0 keystoneauth1/5.13.0 python-requests/2.32.5 CPython/3.12.3"
199.204.45.235 - - [17/Feb/2026:02:29:51 +0000] "POST /identity/v3/auth/tokens HTTP/1.1" 201 8343 "-" "openstacksdk/4.9.0 keystoneauth1/5.13.0 python-requests/2.32.5 CPython/3.12.3"
199.204.45.235 - - [17/Feb/2026:02:29:52 +0000] "GET /identity/v3/auth/tokens HTTP/1.1" 200 8338 "-" "python-keystoneclient"
199.204.45.235 - - [17/Feb/2026:02:29:52 +0000] "POST /identity/v3/auth/tokens HTTP/1.1" 201 7728 "-" "uwsgi keystoneauth1/5.13.0 python-requests/2.32.5 CPython/3.12.3"
199.204.45.235 - - [17/Feb/2026:02:29:52 +0000] "POST /identity/v3/auth/tokens HTTP/1.1" 201 7728 "-" "uwsgi keystoneauth1/5.13.0 python-requests/2.32.5 CPython/3.12.3"
199.204.45.235 - - [17/Feb/2026:02:29:52 +0000] "POST /identity/v3/auth/tokens HTTP/1.1" 201 7728 "-" "uwsgi keystoneauth1/5.13.0 python-requests/2.32.5 CPython/3.12.3"
199.204.45.235 - - [17/Feb/2026:02:29:52 +0000] "GET /container-infra/v1/clusters/k8s-cluster HTTP/1.1" 200 4831 "-" "python-urllib3/1.26.20"
199.204.45.235 - - [17/Feb/2026:02:29:58 +0000] "GET /identity HTTP/1.1" 300 3232 "-" "openstacksdk/4.9.0 keystoneauth1/5.13.0 python-requests/2.32.5 CPython/3.12.3"
199.204.45.235 - - [17/Feb/2026:02:29:58 +0000] "POST /identity/v3/auth/tokens HTTP/1.1" 201 8343 "-" "openstacksdk/4.9.0 keystoneauth1/5.13.0 python-requests/2.32.5 CPython/3.12.3"
199.204.45.235 - - [17/Feb/2026:02:29:58 +0000] "GET /identity/v3/auth/tokens HTTP/1.1" 200 8338 "-" "python-keystoneclient"
199.204.45.235 - - [17/Feb/2026:02:29:58 +0000] "POST /identity/v3/auth/tokens HTTP/1.1" 201 7728 "-" "uwsgi keystoneauth1/5.13.0 python-requests/2.32.5 CPython/3.12.3"
199.204.45.235 - - [17/Feb/2026:02:29:59 +0000] "POST /identity/v3/auth/tokens HTTP/1.1" 201 7728 "-" "uwsgi keystoneauth1/5.13.0 python-requests/2.32.5 CPython/3.12.3"
199.204.45.235 - - [17/Feb/2026:02:29:59 +0000] "POST /identity/v3/auth/tokens HTTP/1.1" 201 7728 "-" "uwsgi keystoneauth1/5.13.0 python-requests/2.32.5 CPython/3.12.3"
199.204.45.235 - - [17/Feb/2026:02:29:58 +0000] "GET /container-infra/v1/clusters/k8s-cluster HTTP/1.1" 200 4831 "-" "python-urllib3/1.26.20"
199.204.45.235 - - [17/Feb/2026:02:30:05 +0000] "GET /identity HTTP/1.1" 300 3232 "-" "openstacksdk/4.9.0 keystoneauth1/5.13.0 python-requests/2.32.5 CPython/3.12.3"
199.204.45.235 - - [17/Feb/2026:02:30:05 +0000] "POST /identity/v3/auth/tokens HTTP/1.1" 201 8343 "-" "openstacksdk/4.9.0 keystoneauth1/5.13.0 python-requests/2.32.5 CPython/3.12.3"
199.204.45.235 - - [17/Feb/2026:02:30:05 +0000] "GET /identity/v3/auth/tokens HTTP/1.1" 200 8338 "-" "python-keystoneclient"
199.204.45.235 - - [17/Feb/2026:02:30:05 +0000] "POST /identity/v3/auth/tokens HTTP/1.1" 201 7728 "-" "uwsgi keystoneauth1/5.13.0 python-requests/2.32.5 CPython/3.12.3"
199.204.45.235 - - [17/Feb/2026:02:30:05 +0000] "POST /identity/v3/auth/tokens HTTP/1.1" 201 7728 "-" "uwsgi keystoneauth1/5.13.0 python-requests/2.32.5 CPython/3.12.3"
199.204.45.235 - - [17/Feb/2026:02:30:05 +0000] "POST /identity/v3/auth/tokens HTTP/1.1" 201 7728 "-" "uwsgi keystoneauth1/5.13.0 python-requests/2.32.5 CPython/3.12.3"
199.204.45.235 - - [17/Feb/2026:02:30:05 +0000] "GET /container-infra/v1/clusters/k8s-cluster HTTP/1.1" 200 4831 "-" "python-urllib3/1.26.20"
172.18.0.2 - - [17/Feb/2026:02:30:09 +0000] "GET /compute/v2.1/ HTTP/1.1" 200 3432 "-" "cluster-api-provider-openstack/v0.12.4 gophercloud/v2.7.0"
199.204.45.235 - - [17/Feb/2026:02:30:09 +0000] "GET /networking/v2.0/ports?device_id=1d3ae46c-1ca4-4e8c-9915-6dd0df0eb724 HTTP/1.1" 200 3711 "-" "python-neutronclient"
172.18.0.2 - - [17/Feb/2026:02:30:10 +0000] "GET /compute/v2.1/ HTTP/1.1" 200 3432 "-" "cluster-api-provider-openstack/v0.12.4 gophercloud/v2.7.0"
172.18.0.2 - - [17/Feb/2026:02:30:10 +0000] "GET /compute/v2.1/ HTTP/1.1" 200 3432 "-" "cluster-api-provider-openstack/v0.12.4 gophercloud/v2.7.0"
172.18.0.2 - - [17/Feb/2026:02:30:10 +0000] "GET /compute/v2.1/flavors/detail HTTP/1.1" 200 7064 "-" "cluster-api-provider-openstack/v0.12.4 gophercloud/v2.7.0"
172.18.0.2 - - [17/Feb/2026:02:30:10 +0000] "GET /compute/v2.1/flavors/detail HTTP/1.1" 200 7064 "-" "cluster-api-provider-openstack/v0.12.4 gophercloud/v2.7.0"
172.18.0.2 - - [17/Feb/2026:02:30:10 +0000] "GET /compute/v2.1/ HTTP/1.1" 200 3432 "-" "cluster-api-provider-openstack/v0.12.4 gophercloud/v2.7.0"
172.18.0.2 - - [17/Feb/2026:02:30:10 +0000] "GET /compute/v2.1/ HTTP/1.1" 200 3432 "-" "cluster-api-provider-openstack/v0.12.4 gophercloud/v2.7.0"
172.18.0.2 - - [17/Feb/2026:02:30:10 +0000] "GET /compute/v2.1/flavors/detail HTTP/1.1" 200 7064 "-" "cluster-api-provider-openstack/v0.12.4 gophercloud/v2.7.0"
172.18.0.2 - - [17/Feb/2026:02:30:10 +0000] "GET /compute/v2.1/flavors/detail HTTP/1.1" 200 7064 "-" "cluster-api-provider-openstack/v0.12.4 gophercloud/v2.7.0"
172.18.0.2 - - [17/Feb/2026:02:30:10 +0000] "GET /networking/v2.0/ports?name=kube-sns9k-default-worker-5h8sl-trfvr-6t5bw-0&network_id=355eb137-0766-48ba-ae7e-134051df488e HTTP/1.1" 200 2857 "-" "cluster-api-provider-openstack/v0.12.4 gophercloud/v2.7.0"
199.204.45.235 - - [17/Feb/2026:02:30:10 +0000] "GET /networking/v2.0/security-groups?id=505bc2b3-aafd-4171-a095-927fb98cd0ce&fields=id&fields=name HTTP/1.1" 200 3016 "-" "python-neutronclient"
172.18.0.2 - - [17/Feb/2026:02:30:09 +0000] "GET /compute/v2.1/servers/1d3ae46c-1ca4-4e8c-9915-6dd0df0eb724 HTTP/1.1" 200 4631 "-" "cluster-api-provider-openstack/v0.12.4 gophercloud/v2.7.0"
172.18.0.2 - - [17/Feb/2026:02:30:10 +0000] "GET /networking/v2.0/ports?name=kube-sns9k-default-worker-5h8sl-trfvr-6t5bw-0&network_id=355eb137-0766-48ba-ae7e-134051df488e HTTP/1.1" 200 2857 "-" "cluster-api-provider-openstack/v0.12.4 gophercloud/v2.7.0"
172.18.0.2 - - [17/Feb/2026:02:30:10 +0000] "GET /networking/v2.0/ports?name=kube-sns9k-default-worker-5h8sl-trfvr-6q4jq-0&network_id=355eb137-0766-48ba-ae7e-134051df488e HTTP/1.1" 200 2857 "-" "cluster-api-provider-openstack/v0.12.4 gophercloud/v2.7.0"
172.18.0.2 - - [17/Feb/2026:02:30:10 +0000] "GET /networking/v2.0/ports?name=kube-sns9k-default-worker-5h8sl-trfvr-6q4jq-0&network_id=355eb137-0766-48ba-ae7e-134051df488e HTTP/1.1" 200 2857 "-" "cluster-api-provider-openstack/v0.12.4 gophercloud/v2.7.0"
172.18.0.2 - - [17/Feb/2026:02:30:10 +0000] "GET /compute/v2.1/ HTTP/1.1" 200 3432 "-" "cluster-api-provider-openstack/v0.12.4 gophercloud/v2.7.0"
199.204.45.235 - - [17/Feb/2026:02:30:10 +0000] "GET /networking/v2.0/ports?device_id=1d3ae46c-1ca4-4e8c-9915-6dd0df0eb724 HTTP/1.1" 200 3711 "-" "python-neutronclient"
172.18.0.2 - - [17/Feb/2026:02:30:10 +0000] "POST /networking/v2.0/ports HTTP/1.1" 201 3652 "-" "cluster-api-provider-openstack/v0.12.4 gophercloud/v2.7.0"
172.18.0.2 - - [17/Feb/2026:02:30:10 +0000] "GET /compute/v2.1/ HTTP/1.1" 200 3432 "-" "cluster-api-provider-openstack/v0.12.4 gophercloud/v2.7.0"
199.204.45.235 - - [17/Feb/2026:02:30:10 +0000] "GET /networking/v2.0/security-groups?id=505bc2b3-aafd-4171-a095-927fb98cd0ce&fields=id&fields=name HTTP/1.1" 200 3016 "-" "python-neutronclient"
172.18.0.2 - - [17/Feb/2026:02:30:10 +0000] "GET /compute/v2.1/servers/1d3ae46c-1ca4-4e8c-9915-6dd0df0eb724 HTTP/1.1" 200 4631 "-" "cluster-api-provider-openstack/v0.12.4 gophercloud/v2.7.0"
172.18.0.2 - - [17/Feb/2026:02:30:10 +0000] "GET /compute/v2.1/servers/detail?name=%5Ekube-sns9k-default-worker-5h8sl-trfvr-6t5bw%24 HTTP/1.1" 200 3055 "-" "cluster-api-provider-openstack/v0.12.4 gophercloud/v2.7.0"
172.18.0.2 - - [17/Feb/2026:02:30:10 +0000] "GET /compute/v2.1/ HTTP/1.1" 200 3432 "-" "cluster-api-provider-openstack/v0.12.4 gophercloud/v2.7.0"
172.18.0.2 - - [17/Feb/2026:02:30:10 +0000] "POST /networking/v2.0/ports HTTP/1.1" 201 3652 "-" "cluster-api-provider-openstack/v0.12.4 gophercloud/v2.7.0"
172.18.0.2 - - [17/Feb/2026:02:30:10 +0000] "GET /compute/v2.1/ HTTP/1.1" 200 3432 "-" "cluster-api-provider-openstack/v0.12.4 gophercloud/v2.7.0"
199.204.45.235 - - [17/Feb/2026:02:30:10 +0000] "GET /image/v2/images/cd549efa-6f54-4b61-acf4-0b7843aa0b89 HTTP/1.1" 200 3870 "-" "python-glanceclient"
172.18.0.2 - - [17/Feb/2026:02:30:10 +0000] "GET /compute/v2.1/servers/detail?name=%5Ekube-sns9k-default-worker-5h8sl-trfvr-6q4jq%24 HTTP/1.1" 200 3055 "-" "cluster-api-provider-openstack/v0.12.4 gophercloud/v2.7.0"
172.18.0.2 - - [17/Feb/2026:02:30:11 +0000] "GET /compute/v2.1/ HTTP/1.1" 200 3432 "-" "cluster-api-provider-openstack/v0.12.4 gophercloud/v2.7.0"
199.204.45.235 - - [17/Feb/2026:02:30:11 +0000] "GET /image/v2/schemas/image HTTP/1.1" 200 8961 "-" "python-glanceclient"
199.204.45.235 - - [17/Feb/2026:02:30:11 +0000] "GET /image HTTP/1.1" 300 4285 "-" "uwsgi keystoneauth1/5.13.0 python-requests/2.32.5 CPython/3.12.3"
199.204.45.235 - - [17/Feb/2026:02:30:11 +0000] "GET /networking/v2.0/ports/d3108e16-1821-4dbc-a988-9495c0586788 HTTP/1.1" 200 3678 "-" "python-neutronclient"
199.204.45.235 - - [17/Feb/2026:02:30:11 +0000] "GET /image/v2/images/cd549efa-6f54-4b61-acf4-0b7843aa0b89 HTTP/1.1" 200 3870 "-" "python-glanceclient"
199.204.45.235 - - [17/Feb/2026:02:30:11 +0000] "GET /image/v2/schemas/image HTTP/1.1" 200 8961 "-" "python-glanceclient"
199.204.45.235 - - [17/Feb/2026:02:30:11 +0000] "GET /networking/v2.0/ports/cdf37c16-ac99-405f-a1fc-9b00c10441cb HTTP/1.1" 200 3678 "-" "python-neutronclient"
199.204.45.235 - - [17/Feb/2026:02:30:11 +0000] "POST /identity/v3/auth/tokens HTTP/1.1" 201 8390 "-" "uwsgi keystoneauth1/5.13.0 python-requests/2.32.5 CPython/3.12.3"
199.204.45.235 - - [17/Feb/2026:02:30:11 +0000] "GET /networking/v2.0/ports/d3108e16-1821-4dbc-a988-9495c0586788?fields=binding%3Avnic_type&fields=binding%3Aprofile&fields=network_id&fields=resource_request&fields=numa_affinity_policy&fields=device_profile HTTP/1.1" 200 2989 "-" "python-neutronclient"
199.204.45.235 - - [17/Feb/2026:02:30:11 +0000] "GET /identity/v3/auth/tokens?allow_expired=1 HTTP/1.1" 200 8385 "-" "python-keystoneclient"
199.204.45.235 - - [17/Feb/2026:02:30:11 +0000] "GET /networking/v2.0/extensions HTTP/1.1" 200 18131 "-" "python-neutronclient"
199.204.45.235 - - [17/Feb/2026:02:30:11 +0000] "GET /networking/v2.0/networks/355eb137-0766-48ba-ae7e-134051df488e?fields=segments HTTP/1.1" 200 2890 "-" "python-neutronclient"
199.204.45.235 - - [17/Feb/2026:02:30:11 +0000] "GET /networking/v2.0/ports/cdf37c16-ac99-405f-a1fc-9b00c10441cb?fields=binding%3Avnic_type&fields=binding%3Aprofile&fields=network_id&fields=resource_request&fields=numa_affinity_policy&fields=device_profile HTTP/1.1" 200 2989 "-" "python-neutronclient"
199.204.45.235 - - [17/Feb/2026:02:30:11 +0000] "GET /networking/v2.0/networks/355eb137-0766-48ba-ae7e-134051df488e?fields=provider%3Aphysical_network&fields=provider%3Anetwork_type HTTP/1.1" 200 2955 "-" "python-neutronclient"
199.204.45.235 - - [17/Feb/2026:02:30:11 +0000] "GET /networking/v2.0/networks/355eb137-0766-48ba-ae7e-134051df488e?fields=segments HTTP/1.1" 200 2890 "-" "python-neutronclient"
199.204.45.235 - - [17/Feb/2026:02:30:11 +0000] "GET /networking/v2.0/ports/d3108e16-1821-4dbc-a988-9495c0586788 HTTP/1.1" 200 3678 "-" "python-neutronclient"
199.204.45.235 - - [17/Feb/2026:02:30:11 +0000] "GET /networking/v2.0/networks/355eb137-0766-48ba-ae7e-134051df488e?fields=provider%3Aphysical_network&fields=provider%3Anetwork_type HTTP/1.1" 200 2955 "-" "python-neutronclient"
199.204.45.235 - - [17/Feb/2026:02:30:11 +0000] "GET /networking/v2.0/ports/cdf37c16-ac99-405f-a1fc-9b00c10441cb HTTP/1.1" 200 3678 "-" "python-neutronclient"
199.204.45.235 - - [17/Feb/2026:02:30:12 +0000] "GET /identity HTTP/1.1" 300 3232 "-" "openstacksdk/4.9.0 keystoneauth1/5.13.0 python-requests/2.32.5 CPython/3.12.3"
172.18.0.2 - - [17/Feb/2026:02:30:10 +0000] "POST /compute/v2.1/servers HTTP/1.1" 202 3527 "-" "cluster-api-provider-openstack/v0.12.4 gophercloud/v2.7.0"
199.204.45.235 - - [17/Feb/2026:02:30:12 +0000] "POST /identity/v3/auth/tokens HTTP/1.1" 201 8343 "-" "openstacksdk/4.9.0 keystoneauth1/5.13.0 python-requests/2.32.5 CPython/3.12.3"
172.18.0.2 - - [17/Feb/2026:02:30:12 +0000] "GET /networking/v2.0/ports?id=d3108e16-1821-4dbc-a988-9495c0586788&name=kube-sns9k-default-worker-5h8sl-trfvr-6t5bw-0&network_id=355eb137-0766-48ba-ae7e-134051df488e HTTP/1.1" 200 3650 "-" "cluster-api-provider-openstack/v0.12.4 gophercloud/v2.7.0"
172.18.0.2 - - [17/Feb/2026:02:30:12 +0000] "GET /compute/v2.1/ HTTP/1.1" 200 3432 "-" "cluster-api-provider-openstack/v0.12.4 gophercloud/v2.7.0"
199.204.45.235 - - [17/Feb/2026:02:30:12 +0000] "GET /identity HTTP/1.1" 300 3232 "-" "nova-scheduler keystoneauth1/5.13.0 python-requests/2.32.5 CPython/3.12.3"
172.18.0.2 - - [17/Feb/2026:02:30:11 +0000] "POST /compute/v2.1/servers HTTP/1.1" 202 3527 "-" "cluster-api-provider-openstack/v0.12.4 gophercloud/v2.7.0"
199.204.45.235 - - [17/Feb/2026:02:30:12 +0000] "GET /networking/v2.0/ports?device_id=4fb282fd-3e62-4a40-ac4b-86342f38ce2f HTTP/1.1" 200 2888 "-" "python-neutronclient"
199.204.45.235 - - [17/Feb/2026:02:30:12 +0000] "POST /identity/v3/auth/tokens HTTP/1.1" 201 8390 "-" "nova-scheduler keystoneauth1/5.13.0 python-requests/2.32.5 CPython/3.12.3"
172.18.0.2 - - [17/Feb/2026:02:30:12 +0000] "GET /compute/v2.1/servers/4fb282fd-3e62-4a40-ac4b-86342f38ce2f HTTP/1.1" 200 4315 "-" "cluster-api-provider-openstack/v0.12.4 gophercloud/v2.7.0"
172.18.0.2 - - [17/Feb/2026:02:30:12 +0000] "GET /networking/v2.0/ports?id=cdf37c16-ac99-405f-a1fc-9b00c10441cb&name=kube-sns9k-default-worker-5h8sl-trfvr-6q4jq-0&network_id=355eb137-0766-48ba-ae7e-134051df488e HTTP/1.1" 200 3650 "-" "cluster-api-provider-openstack/v0.12.4 gophercloud/v2.7.0"
199.204.45.235 - - [17/Feb/2026:02:30:12 +0000] "GET /identity/v3/auth/tokens HTTP/1.1" 200 8385 "-" "python-keystoneclient"
172.18.0.2 - - [17/Feb/2026:02:30:12 +0000] "GET /networking/v2.0/ports?id=d3108e16-1821-4dbc-a988-9495c0586788&name=kube-sns9k-default-worker-5h8sl-trfvr-6t5bw-0&network_id=355eb137-0766-48ba-ae7e-134051df488e HTTP/1.1" 200 3650 "-" "cluster-api-provider-openstack/v0.12.4 gophercloud/v2.7.0"
172.18.0.2 - - [17/Feb/2026:02:30:12 +0000] "GET /compute/v2.1/ HTTP/1.1" 200 3432 "-" "cluster-api-provider-openstack/v0.12.4 gophercloud/v2.7.0"
172.18.0.2 - - [17/Feb/2026:02:30:12 +0000] "GET /compute/v2.1/ HTTP/1.1" 200 3432 "-" "cluster-api-provider-openstack/v0.12.4 gophercloud/v2.7.0"
199.204.45.235 - - [17/Feb/2026:02:30:12 +0000] "GET /identity HTTP/1.1" 300 3232 "-" "nova-scheduler keystoneauth1/5.13.0 python-requests/2.32.5 CPython/3.12.3"
199.204.45.235 - - [17/Feb/2026:02:30:12 +0000] "GET /networking/v2.0/ports/d3108e16-1821-4dbc-a988-9495c0586788 HTTP/1.1" 200 3678 "-" "python-neutronclient"
199.204.45.235 - - [17/Feb/2026:02:30:12 +0000] "GET /identity/v3/auth/tokens HTTP/1.1" 200 8338 "-" "python-keystoneclient"
199.204.45.235 - - [17/Feb/2026:02:30:12 +0000] "GET /networking/v2.0/ports?device_id=6358c959-c78b-4383-b4d0-7d3305eb7ba4 HTTP/1.1" 200 2888 "-" "python-neutronclient"
199.204.45.235 - - [17/Feb/2026:02:30:12 +0000] "GET /networking/v2.0/ports?device_id=4fb282fd-3e62-4a40-ac4b-86342f38ce2f HTTP/1.1" 200 2888 "-" "python-neutronclient"
172.18.0.2 - - [17/Feb/2026:02:30:12 +0000] "GET /compute/v2.1/servers/6358c959-c78b-4383-b4d0-7d3305eb7ba4 HTTP/1.1" 200 4315 "-" "cluster-api-provider-openstack/v0.12.4 gophercloud/v2.7.0"
199.204.45.235 - - [17/Feb/2026:02:30:12 +0000] "POST /identity/v3/auth/tokens HTTP/1.1" 201 7728 "-" "uwsgi keystoneauth1/5.13.0 python-requests/2.32.5 CPython/3.12.3"
172.18.0.2 - - [17/Feb/2026:02:30:12 +0000] "GET /compute/v2.1/servers/4fb282fd-3e62-4a40-ac4b-86342f38ce2f HTTP/1.1" 200 4315 "-" "cluster-api-provider-openstack/v0.12.4 gophercloud/v2.7.0"
199.204.45.235 - - [17/Feb/2026:02:30:12 +0000] "POST /identity/v3/auth/tokens HTTP/1.1" 201 8390 "-" "nova-scheduler keystoneauth1/5.13.0 python-requests/2.32.5 CPython/3.12.3"
199.204.45.235 - - [17/Feb/2026:02:30:12 +0000] "GET /placement/allocation_candidates?resources=DISK_GB%3A80%2CMEMORY_MB%3A8192%2CVCPU%3A4&root_required=%21COMPUTE_STATUS_DISABLED HTTP/1.1" 200 5551 "-" "nova-scheduler keystoneauth1/5.13.0 python-requests/2.32.5 CPython/3.12.3"
199.204.45.235 - - [17/Feb/2026:02:30:12 +0000] "POST /identity/v3/auth/tokens HTTP/1.1" 201 7728 "-" "uwsgi keystoneauth1/5.13.0 python-requests/2.32.5 CPython/3.12.3"
172.18.0.2 - - [17/Feb/2026:02:30:12 +0000] "GET /networking/v2.0/ports?id=cdf37c16-ac99-405f-a1fc-9b00c10441cb&name=kube-sns9k-default-worker-5h8sl-trfvr-6q4jq-0&network_id=355eb137-0766-48ba-ae7e-134051df488e HTTP/1.1" 200 3650 "-" "cluster-api-provider-openstack/v0.12.4 gophercloud/v2.7.0"
199.204.45.235 - - [17/Feb/2026:02:30:12 +0000] "GET /identity/v3/auth/tokens HTTP/1.1" 200 8385 "-" "python-keystoneclient"
172.18.0.2 - - [17/Feb/2026:02:30:12 +0000] "GET /compute/v2.1/ HTTP/1.1" 200 3432 "-" "cluster-api-provider-openstack/v0.12.4 gophercloud/v2.7.0"
199.204.45.235 - - [17/Feb/2026:02:30:12 +0000] "POST /identity/v3/auth/tokens HTTP/1.1" 201 7728 "-" "uwsgi keystoneauth1/5.13.0 python-requests/2.32.5 CPython/3.12.3"
199.204.45.235 - - [17/Feb/2026:02:30:12 +0000] "GET /networking/v2.0/ports/cdf37c16-ac99-405f-a1fc-9b00c10441cb HTTP/1.1" 200 3678 "-" "python-neutronclient"
199.204.45.235 - - [17/Feb/2026:02:30:12 +0000] "GET /container-infra/v1/clusters/k8s-cluster HTTP/1.1" 200 4831 "-" "python-urllib3/1.26.20"
199.204.45.235 - - [17/Feb/2026:02:30:12 +0000] "GET /networking/v2.0/ports?device_id=6358c959-c78b-4383-b4d0-7d3305eb7ba4 HTTP/1.1" 200 2888 "-" "python-neutronclient"
199.204.45.235 - - [17/Feb/2026:02:30:12 +0000] "GET /placement/allocations/4fb282fd-3e62-4a40-ac4b-86342f38ce2f HTTP/1.1" 200 3034 "-" "nova-scheduler keystoneauth1/5.13.0 python-requests/2.32.5 CPython/3.12.3"
172.18.0.2 - - [17/Feb/2026:02:30:12 +0000] "GET /compute/v2.1/servers/6358c959-c78b-4383-b4d0-7d3305eb7ba4 HTTP/1.1" 200 4315 "-" "cluster-api-provider-openstack/v0.12.4 gophercloud/v2.7.0"
199.204.45.235 - - [17/Feb/2026:02:30:12 +0000] "GET /placement/allocation_candidates?resources=DISK_GB%3A80%2CMEMORY_MB%3A8192%2CVCPU%3A4&root_required=%21COMPUTE_STATUS_DISABLED HTTP/1.1" 200 5551 "-" "nova-scheduler keystoneauth1/5.13.0 python-requests/2.32.5 CPython/3.12.3"
199.204.45.235 - - [17/Feb/2026:02:30:12 +0000] "PUT /placement/allocations/4fb282fd-3e62-4a40-ac4b-86342f38ce2f HTTP/1.1" 204 2900 "-" "nova-scheduler keystoneauth1/5.13.0 python-requests/2.32.5 CPython/3.12.3"
199.204.45.235 - - [17/Feb/2026:02:30:12 +0000] "GET /placement/allocations/6358c959-c78b-4383-b4d0-7d3305eb7ba4 HTTP/1.1" 200 3034 "-" "nova-scheduler keystoneauth1/5.13.0 python-requests/2.32.5 CPython/3.12.3"
199.204.45.235 - - [17/Feb/2026:02:30:12 +0000] "PUT /placement/allocations/6358c959-c78b-4383-b4d0-7d3305eb7ba4 HTTP/1.1" 204 2900 "-" "nova-scheduler keystoneauth1/5.13.0 python-requests/2.32.5 CPython/3.12.3"
199.204.45.235 - - [17/Feb/2026:02:30:14 +0000] "GET /placement/allocations/4fb282fd-3e62-4a40-ac4b-86342f38ce2f HTTP/1.1" 200 3275 "-" "nova-compute keystoneauth1/5.13.0 python-requests/2.32.5 CPython/3.12.3"
199.204.45.235 - - [17/Feb/2026:02:30:14 +0000] "GET /placement/allocations/6358c959-c78b-4383-b4d0-7d3305eb7ba4 HTTP/1.1" 200 3275 "-" "nova-compute keystoneauth1/5.13.0 python-requests/2.32.5 CPython/3.12.3"
199.204.45.235 - - [17/Feb/2026:02:30:15 +0000] "GET /placement/resource_providers/57befd1d-b1c7-456e-8951-5cc670f72ef9/allocations HTTP/1.1" 200 3302 "-" "nova-compute keystoneauth1/5.13.0 python-requests/2.32.5 CPython/3.12.3"
199.204.45.235 - - [17/Feb/2026:02:30:15 +0000] "GET /placement/allocations/1d3ae46c-1ca4-4e8c-9915-6dd0df0eb724 HTTP/1.1" 200 3275 "-" "nova-compute keystoneauth1/5.13.0 python-requests/2.32.5 CPython/3.12.3"
199.204.45.235 - - [17/Feb/2026:02:30:15 +0000] "GET /placement/allocations/4fb282fd-3e62-4a40-ac4b-86342f38ce2f HTTP/1.1" 200 3275 "-" "nova-compute keystoneauth1/5.13.0 python-requests/2.32.5 CPython/3.12.3"
199.204.45.235 - - [17/Feb/2026:02:30:15 +0000] "GET /placement/allocations/6358c959-c78b-4383-b4d0-7d3305eb7ba4 HTTP/1.1" 200 3275 "-" "nova-compute keystoneauth1/5.13.0 python-requests/2.32.5 CPython/3.12.3"
199.204.45.235 - - [17/Feb/2026:02:30:17 +0000] "GET /networking/v2.0/ports/d3108e16-1821-4dbc-a988-9495c0586788 HTTP/1.1" 200 3774 "-" "python-neutronclient"
199.204.45.235 - - [17/Feb/2026:02:30:17 +0000] "GET /placement/resource_providers/57befd1d-b1c7-456e-8951-5cc670f72ef9/allocations HTTP/1.1" 200 3302 "-" "nova-compute keystoneauth1/5.13.0 python-requests/2.32.5 CPython/3.12.3"
199.204.45.235 - - [17/Feb/2026:02:30:17 +0000] "GET /placement/allocations/1d3ae46c-1ca4-4e8c-9915-6dd0df0eb724 HTTP/1.1" 200 3275 "-" "nova-compute keystoneauth1/5.13.0 python-requests/2.32.5 CPython/3.12.3"
199.204.45.235 - - [17/Feb/2026:02:30:17 +0000] "GET /networking/v2.0/networks?id=355eb137-0766-48ba-ae7e-134051df488e HTTP/1.1" 200 3521 "-" "python-neutronclient"
199.204.45.235 - - [17/Feb/2026:02:30:17 +0000] "GET /placement/allocations/4fb282fd-3e62-4a40-ac4b-86342f38ce2f HTTP/1.1" 200 3275 "-" "nova-compute keystoneauth1/5.13.0 python-requests/2.32.5 CPython/3.12.3"
199.204.45.235 - - [17/Feb/2026:02:30:17 +0000] "GET /placement/allocations/6358c959-c78b-4383-b4d0-7d3305eb7ba4 HTTP/1.1" 200 3275 "-" "nova-compute keystoneauth1/5.13.0 python-requests/2.32.5 CPython/3.12.3"
199.204.45.235 - - [17/Feb/2026:02:30:17 +0000] "PUT /networking/v2.0/ports/d3108e16-1821-4dbc-a988-9495c0586788 HTTP/1.1" 200 3968 "-" "python-neutronclient"
199.204.45.235 - - [17/Feb/2026:02:30:17 +0000] "GET /identity HTTP/1.1" 300 3232 "-" "uwsgi keystoneauth1/5.13.0 python-requests/2.32.5 CPython/3.12.3"
199.204.45.235 - - [17/Feb/2026:02:30:17 +0000] "POST /identity/v3/auth/tokens HTTP/1.1" 201 8390 "-" "uwsgi keystoneauth1/5.13.0 python-requests/2.32.5 CPython/3.12.3"
199.204.45.235 - - [17/Feb/2026:02:30:18 +0000] "GET /identity/v3/auth/tokens HTTP/1.1" 200 8385 "-" "python-keystoneclient"
199.204.45.235 - - [17/Feb/2026:02:30:18 +0000] "POST /compute/v2.1/os-server-external-events HTTP/1.1" 200 3249 "-" "python-novaclient"
199.204.45.235 - - [17/Feb/2026:02:30:18 +0000] "GET /networking/v2.0/ports?tenant_id=c832a043ddbc43ec9e22145d6e267fd4&device_id=4fb282fd-3e62-4a40-ac4b-86342f38ce2f HTTP/1.1" 200 3971 "-" "python-neutronclient"
199.204.45.235 - - [17/Feb/2026:02:30:18 +0000] "GET /identity HTTP/1.1" 300 3232 "-" "openstacksdk/4.9.0 keystoneauth1/5.13.0 python-requests/2.32.5 CPython/3.12.3"
199.204.45.235 - - [17/Feb/2026:02:30:18 +0000] "POST /identity/v3/auth/tokens HTTP/1.1" 201 8343 "-" "openstacksdk/4.9.0 keystoneauth1/5.13.0 python-requests/2.32.5 CPython/3.12.3"
199.204.45.235 - - [17/Feb/2026:02:30:18 +0000] "GET /networking/v2.0/networks?tenant_id=c832a043ddbc43ec9e22145d6e267fd4&shared=False HTTP/1.1" 200 3620 "-" "python-neutronclient"
199.204.45.235 - - [17/Feb/2026:02:30:18 +0000] "GET /networking/v2.0/networks?shared=True HTTP/1.1" 200 2891 "-" "python-neutronclient"
199.204.45.235 - - [17/Feb/2026:02:30:18 +0000] "GET /networking/v2.0/ports/cdf37c16-ac99-405f-a1fc-9b00c10441cb HTTP/1.1" 200 3774 "-" "python-neutronclient"
199.204.45.235 - - [17/Feb/2026:02:30:19 +0000] "GET /identity/v3/auth/tokens HTTP/1.1" 200 8338 "-" "python-keystoneclient"
199.204.45.235 - - [17/Feb/2026:02:30:19 +0000] "GET /networking/v2.0/networks?id=355eb137-0766-48ba-ae7e-134051df488e HTTP/1.1" 200 3521 "-" "python-neutronclient"
199.204.45.235 - - [17/Feb/2026:02:30:19 +0000] "POST /identity/v3/auth/tokens HTTP/1.1" 201 7728 "-" "uwsgi keystoneauth1/5.13.0 python-requests/2.32.5 CPython/3.12.3"
199.204.45.235 - - [17/Feb/2026:02:30:19 +0000] "POST /identity/v3/auth/tokens HTTP/1.1" 201 7728 "-" "uwsgi keystoneauth1/5.13.0 python-requests/2.32.5 CPython/3.12.3"
199.204.45.235 - - [17/Feb/2026:02:30:19 +0000] "POST /identity/v3/auth/tokens HTTP/1.1" 201 7728 "-" "uwsgi keystoneauth1/5.13.0 python-requests/2.32.5 CPython/3.12.3"
199.204.45.235 - - [17/Feb/2026:02:30:19 +0000] "GET /container-infra/v1/clusters/k8s-cluster HTTP/1.1" 200 4831 "-" "python-urllib3/1.26.20"
199.204.45.235 - - [17/Feb/2026:02:30:19 +0000] "GET /placement/resource_providers/57befd1d-b1c7-456e-8951-5cc670f72ef9/allocations HTTP/1.1" 200 3302 "-" "nova-compute keystoneauth1/5.13.0 python-requests/2.32.5 CPython/3.12.3"
199.204.45.235 - - [17/Feb/2026:02:30:19 +0000] "GET /placement/resource_providers/57befd1d-b1c7-456e-8951-5cc670f72ef9/allocations HTTP/1.1" 200 3302 "-" "nova-compute keystoneauth1/5.13.0 python-requests/2.32.5 CPython/3.12.3"
199.204.45.235 - - [17/Feb/2026:02:30:19 +0000] "PUT /networking/v2.0/ports/cdf37c16-ac99-405f-a1fc-9b00c10441cb HTTP/1.1" 200 3968 "-" "python-neutronclient"
199.204.45.235 - - [17/Feb/2026:02:30:19 +0000] "GET /placement/allocations/1d3ae46c-1ca4-4e8c-9915-6dd0df0eb724 HTTP/1.1" 200 3275 "-" "nova-compute keystoneauth1/5.13.0 python-requests/2.32.5 CPython/3.12.3"
199.204.45.235 - - [17/Feb/2026:02:30:19 +0000] "POST /compute/v2.1/os-server-external-events HTTP/1.1" 200 3249 "-" "python-novaclient"
199.204.45.235 - - [17/Feb/2026:02:30:19 +0000] "GET /placement/allocations/4fb282fd-3e62-4a40-ac4b-86342f38ce2f HTTP/1.1" 200 3275 "-" "nova-compute keystoneauth1/5.13.0 python-requests/2.32.5 CPython/3.12.3"
199.204.45.235 - - [17/Feb/2026:02:30:19 +0000] "GET /placement/allocations/6358c959-c78b-4383-b4d0-7d3305eb7ba4 HTTP/1.1" 200 3275 "-" "nova-compute keystoneauth1/5.13.0 python-requests/2.32.5 CPython/3.12.3"
199.204.45.235 - - [17/Feb/2026:02:30:19 +0000] "GET /networking/v2.0/ports?tenant_id=c832a043ddbc43ec9e22145d6e267fd4&device_id=4fb282fd-3e62-4a40-ac4b-86342f38ce2f HTTP/1.1" 200 3971 "-" "python-neutronclient"
199.204.45.235 - - [17/Feb/2026:02:30:19 +0000] "GET /networking/v2.0/floatingips?fixed_ip_address=192.168.24.79&port_id=d3108e16-1821-4dbc-a988-9495c0586788 HTTP/1.1" 200 2895 "-" "python-neutronclient"
199.204.45.235 - - [17/Feb/2026:02:30:20 +0000] "GET /networking/v2.0/subnets?id=d28897c2-bb26-4847-85d4-5cdc0945ae7f HTTP/1.1" 200 3645 "-" "python-neutronclient"
199.204.45.235 - - [17/Feb/2026:02:30:20 +0000] "GET /networking/v2.0/ports?network_id=355eb137-0766-48ba-ae7e-134051df488e&device_owner=network%3Adhcp HTTP/1.1" 200 2888 "-" "python-neutronclient"
199.204.45.235 - - [17/Feb/2026:02:30:20 +0000] "GET /networking/v2.0/networks/355eb137-0766-48ba-ae7e-134051df488e?fields=segments HTTP/1.1" 200 2890 "-" "python-neutronclient"
199.204.45.235 - - [17/Feb/2026:02:30:20 +0000] "GET /networking/v2.0/ports?tenant_id=c832a043ddbc43ec9e22145d6e267fd4&device_id=6358c959-c78b-4383-b4d0-7d3305eb7ba4 HTTP/1.1" 200 3971 "-" "python-neutronclient"
199.204.45.235 - - [17/Feb/2026:02:30:20 +0000] "GET /networking/v2.0/networks/355eb137-0766-48ba-ae7e-134051df488e?fields=provider%3Aphysical_network&fields=provider%3Anetwork_type HTTP/1.1" 200 2955 "-" "python-neutronclient"
199.204.45.235 - - [17/Feb/2026:02:30:20 +0000] "GET /networking/v2.0/networks?tenant_id=c832a043ddbc43ec9e22145d6e267fd4&shared=False HTTP/1.1" 200 3620 "-" "python-neutronclient"
199.204.45.235 - - [17/Feb/2026:02:30:20 +0000] "GET /networking/v2.0/networks?shared=True HTTP/1.1" 200 2891 "-" "python-neutronclient"
199.204.45.235 - - [17/Feb/2026:02:30:21 +0000] "GET /networking/v2.0/ports?tenant_id=c832a043ddbc43ec9e22145d6e267fd4&device_id=6358c959-c78b-4383-b4d0-7d3305eb7ba4 HTTP/1.1" 200 3971 "-" "python-neutronclient"
199.204.45.235 - - [17/Feb/2026:02:30:21 +0000] "GET /networking/v2.0/floatingips?fixed_ip_address=192.168.24.41&port_id=cdf37c16-ac99-405f-a1fc-9b00c10441cb HTTP/1.1" 200 2895 "-" "python-neutronclient"
199.204.45.235 - - [17/Feb/2026:02:30:21 +0000] "GET /networking/v2.0/subnets?id=d28897c2-bb26-4847-85d4-5cdc0945ae7f HTTP/1.1" 200 3645 "-" "python-neutronclient"
199.204.45.235 - - [17/Feb/2026:02:30:21 +0000] "GET /networking/v2.0/ports?network_id=355eb137-0766-48ba-ae7e-134051df488e&device_owner=network%3Adhcp HTTP/1.1" 200 2888 "-" "python-neutronclient"
199.204.45.235 - - [17/Feb/2026:02:30:21 +0000] "GET /networking/v2.0/networks/355eb137-0766-48ba-ae7e-134051df488e?fields=segments HTTP/1.1" 200 2890 "-" "python-neutronclient"
199.204.45.235 - - [17/Feb/2026:02:30:21 +0000] "GET /networking/v2.0/networks/355eb137-0766-48ba-ae7e-134051df488e?fields=provider%3Aphysical_network&fields=provider%3Anetwork_type HTTP/1.1" 200 2955 "-" "python-neutronclient"
172.18.0.2 - - [17/Feb/2026:02:30:22 +0000] "GET /networking/v2.0/ports?id=d3108e16-1821-4dbc-a988-9495c0586788&name=kube-sns9k-default-worker-5h8sl-trfvr-6t5bw-0&network_id=355eb137-0766-48ba-ae7e-134051df488e HTTP/1.1" 200 3698 "-" "cluster-api-provider-openstack/v0.12.4 gophercloud/v2.7.0"
172.18.0.2 - - [17/Feb/2026:02:30:22 +0000] "GET /compute/v2.1/ HTTP/1.1" 200 3432 "-" "cluster-api-provider-openstack/v0.12.4 gophercloud/v2.7.0"
199.204.45.235 - - [17/Feb/2026:02:30:22 +0000] "GET /networking/v2.0/ports?device_id=4fb282fd-3e62-4a40-ac4b-86342f38ce2f HTTP/1.1" 200 3729 "-" "python-neutronclient"
172.18.0.2 - - [17/Feb/2026:02:30:22 +0000] "GET /networking/v2.0/ports?id=cdf37c16-ac99-405f-a1fc-9b00c10441cb&name=kube-sns9k-default-worker-5h8sl-trfvr-6q4jq-0&network_id=355eb137-0766-48ba-ae7e-134051df488e HTTP/1.1" 200 3698 "-" "cluster-api-provider-openstack/v0.12.4 gophercloud/v2.7.0"
172.18.0.2 - - [17/Feb/2026:02:30:22 +0000] "GET /compute/v2.1/ HTTP/1.1" 200 3432 "-" "cluster-api-provider-openstack/v0.12.4 gophercloud/v2.7.0"
199.204.45.235 - - [17/Feb/2026:02:30:22 +0000] "GET /networking/v2.0/security-groups?id=7fbbaede-16f0-4208-be9f-6b6e3794af94&fields=id&fields=name HTTP/1.1" 200 3010 "-" "python-neutronclient"
172.18.0.2 - - [17/Feb/2026:02:30:22 +0000] "GET /compute/v2.1/servers/4fb282fd-3e62-4a40-ac4b-86342f38ce2f HTTP/1.1" 200 4460 "-" "cluster-api-provider-openstack/v0.12.4 gophercloud/v2.7.0"
199.204.45.235 - - [17/Feb/2026:02:30:22 +0000] "GET /networking/v2.0/ports?device_id=6358c959-c78b-4383-b4d0-7d3305eb7ba4 HTTP/1.1" 200 3729 "-" "python-neutronclient"
199.204.45.235 - - [17/Feb/2026:02:30:22 +0000] "GET /networking/v2.0/security-groups?id=7fbbaede-16f0-4208-be9f-6b6e3794af94&fields=id&fields=name HTTP/1.1" 200 3010 "-" "python-neutronclient"
172.18.0.2 - - [17/Feb/2026:02:30:22 +0000] "GET /compute/v2.1/servers/6358c959-c78b-4383-b4d0-7d3305eb7ba4 HTTP/1.1" 200 4460 "-" "cluster-api-provider-openstack/v0.12.4 gophercloud/v2.7.0"
199.204.45.235 - - [17/Feb/2026:02:30:23 +0000] "POST /compute/v2.1/os-server-external-events HTTP/1.1" 200 3253 "-" "python-novaclient"
199.204.45.235 - - [17/Feb/2026:02:30:25 +0000] "GET /identity HTTP/1.1" 300 3232 "-" "uwsgi keystoneauth1/5.13.0 python-requests/2.32.5 CPython/3.12.3"
199.204.45.235 - - [17/Feb/2026:02:30:25 +0000] "POST /identity/v3/auth/tokens HTTP/1.1" 201 8390 "-" "uwsgi keystoneauth1/5.13.0 python-requests/2.32.5 CPython/3.12.3"
199.204.45.235 - - [17/Feb/2026:02:30:25 +0000] "GET /identity/v3/auth/tokens HTTP/1.1" 200 8385 "-" "python-keystoneclient"
199.204.45.235 - - [17/Feb/2026:02:30:25 +0000] "POST /compute/v2.1/os-server-external-events HTTP/1.1" 200 3253 "-" "python-novaclient"
199.204.45.235 - - [17/Feb/2026:02:30:25 +0000] "POST /compute/v2.1/os-server-external-events HTTP/1.1" 200 3253 "-" "python-novaclient"
199.204.45.235 - - [17/Feb/2026:02:30:25 +0000] "GET /identity HTTP/1.1" 300 3232 "-" "openstacksdk/4.9.0 keystoneauth1/5.13.0 python-requests/2.32.5 CPython/3.12.3"
199.204.45.235 - - [17/Feb/2026:02:30:25 +0000] "POST /identity/v3/auth/tokens HTTP/1.1" 201 8343 "-" "openstacksdk/4.9.0 keystoneauth1/5.13.0 python-requests/2.32.5 CPython/3.12.3"
199.204.45.235 - - [17/Feb/2026:02:30:25 +0000] "GET /identity/v3/auth/tokens HTTP/1.1" 200 8338 "-" "python-keystoneclient"
199.204.45.235 - - [17/Feb/2026:02:30:25 +0000] "POST /identity/v3/auth/tokens HTTP/1.1" 201 7728 "-" "uwsgi keystoneauth1/5.13.0 python-requests/2.32.5 CPython/3.12.3"
199.204.45.235 - - [17/Feb/2026:02:30:25 +0000] "POST /identity/v3/auth/tokens HTTP/1.1" 201 7728 "-" "uwsgi keystoneauth1/5.13.0 python-requests/2.32.5 CPython/3.12.3"
199.204.45.235 - - [17/Feb/2026:02:30:26 +0000] "POST /identity/v3/auth/tokens HTTP/1.1" 201 7728 "-" "uwsgi keystoneauth1/5.13.0 python-requests/2.32.5 CPython/3.12.3"
199.204.45.235 - - [17/Feb/2026:02:30:25 +0000] "GET /container-infra/v1/clusters/k8s-cluster HTTP/1.1" 200 4831 "-" "python-urllib3/1.26.20"
199.204.45.235 - - [17/Feb/2026:02:30:27 +0000] "POST /compute/v2.1/os-server-external-events HTTP/1.1" 200 3253 "-" "python-novaclient"
199.204.45.235 - - [17/Feb/2026:02:30:32 +0000] "GET /identity HTTP/1.1" 300 3232 "-" "openstacksdk/4.9.0 keystoneauth1/5.13.0 python-requests/2.32.5 CPython/3.12.3"
199.204.45.235 - - [17/Feb/2026:02:30:32 +0000] "POST /identity/v3/auth/tokens HTTP/1.1" 201 8343 "-" "openstacksdk/4.9.0 keystoneauth1/5.13.0 python-requests/2.32.5 CPython/3.12.3"
172.18.0.2 - - [17/Feb/2026:02:30:32 +0000] "GET /networking/v2.0/ports?id=d3108e16-1821-4dbc-a988-9495c0586788&name=kube-sns9k-default-worker-5h8sl-trfvr-6t5bw-0&network_id=355eb137-0766-48ba-ae7e-134051df488e HTTP/1.1" 200 3700 "-" "cluster-api-provider-openstack/v0.12.4 gophercloud/v2.7.0"
172.18.0.2 - - [17/Feb/2026:02:30:32 +0000] "GET /compute/v2.1/ HTTP/1.1" 200 3432 "-" "cluster-api-provider-openstack/v0.12.4 gophercloud/v2.7.0"
172.18.0.2 - - [17/Feb/2026:02:30:32 +0000] "GET /networking/v2.0/ports?id=cdf37c16-ac99-405f-a1fc-9b00c10441cb&name=kube-sns9k-default-worker-5h8sl-trfvr-6q4jq-0&network_id=355eb137-0766-48ba-ae7e-134051df488e HTTP/1.1" 200 3700 "-" "cluster-api-provider-openstack/v0.12.4 gophercloud/v2.7.0"
172.18.0.2 - - [17/Feb/2026:02:30:32 +0000] "GET /compute/v2.1/ HTTP/1.1" 200 3432 "-" "cluster-api-provider-openstack/v0.12.4 gophercloud/v2.7.0"
199.204.45.235 - - [17/Feb/2026:02:30:32 +0000] "GET /identity/v3/auth/tokens HTTP/1.1" 200 8338 "-" "python-keystoneclient"
199.204.45.235 - - [17/Feb/2026:02:30:32 +0000] "GET /networking/v2.0/ports?device_id=4fb282fd-3e62-4a40-ac4b-86342f38ce2f HTTP/1.1" 200 3731 "-" "python-neutronclient"
199.204.45.235 - - [17/Feb/2026:02:30:32 +0000] "POST /identity/v3/auth/tokens HTTP/1.1" 201 7728 "-" "uwsgi keystoneauth1/5.13.0 python-requests/2.32.5 CPython/3.12.3"
199.204.45.235 - - [17/Feb/2026:02:30:32 +0000] "POST /identity/v3/auth/tokens HTTP/1.1" 201 7728 "-" "uwsgi keystoneauth1/5.13.0 python-requests/2.32.5 CPython/3.12.3"
199.204.45.235 - - [17/Feb/2026:02:30:32 +0000] "GET /networking/v2.0/security-groups?id=7fbbaede-16f0-4208-be9f-6b6e3794af94&fields=id&fields=name HTTP/1.1" 200 3010 "-" "python-neutronclient"
199.204.45.235 - - [17/Feb/2026:02:30:32 +0000] "GET /networking/v2.0/ports?device_id=6358c959-c78b-4383-b4d0-7d3305eb7ba4 HTTP/1.1" 200 3731 "-" "python-neutronclient"
172.18.0.2 - - [17/Feb/2026:02:30:32 +0000] "GET /compute/v2.1/servers/4fb282fd-3e62-4a40-ac4b-86342f38ce2f HTTP/1.1" 200 4645 "-" "cluster-api-provider-openstack/v0.12.4 gophercloud/v2.7.0"
199.204.45.235 - - [17/Feb/2026:02:30:32 +0000] "POST /identity/v3/auth/tokens HTTP/1.1" 201 7728 "-" "uwsgi keystoneauth1/5.13.0 python-requests/2.32.5 CPython/3.12.3"
