Mar 20 01:27:57.896324 np0000160207 devstack@neutron-api.service[102424]: DEBUG ovsdbapp.backend.ovs_idl [None req-4f74e3cc-6e4e-4f8e-a21c-f77c8700ffe5 None None] Created schema index Chassis_Template_Var.chassis {{(pid=102424) autocreate_indices /opt/stack/data/venv/lib/python3.12/site-packages/ovsdbapp/backend/ovs_idl/__init__.py:106}}
Mar 20 01:27:57.896526 np0000160207 devstack@neutron-api.service[102424]: DEBUG ovsdbapp.backend.ovs_idl [None req-4f74e3cc-6e4e-4f8e-a21c-f77c8700ffe5 None None] Created schema index Logical_Router_Port.name {{(pid=102424) autocreate_indices /opt/stack/data/venv/lib/python3.12/site-packages/ovsdbapp/backend/ovs_idl/__init__.py:106}}
Mar 20 01:27:57.896526 np0000160207 devstack@neutron-api.service[102424]: DEBUG ovsdbapp.backend.ovs_idl [None req-4f74e3cc-6e4e-4f8e-a21c-f77c8700ffe5 None None] Created schema index Port_Group.name {{(pid=102424) autocreate_indices /opt/stack/data/venv/lib/python3.12/site-packages/ovsdbapp/backend/ovs_idl/__init__.py:106}}
Mar 20 01:27:57.896526 np0000160207 devstack@neutron-api.service[102424]: DEBUG ovsdbapp.backend.ovs_idl [None req-4f74e3cc-6e4e-4f8e-a21c-f77c8700ffe5 None None] Created schema index Logical_Switch_Port.name {{(pid=102424) autocreate_indices /opt/stack/data/venv/lib/python3.12/site-packages/ovsdbapp/backend/ovs_idl/__init__.py:106}}
Mar 20 01:27:57.898875 np0000160207 devstack@neutron-api.service[102424]: INFO ovsdbapp.backend.ovs_idl.vlog [None req-4f74e3cc-6e4e-4f8e-a21c-f77c8700ffe5 None None] ssl:162.253.55.209:6641: connecting...
Mar 20 01:27:57.899642 np0000160207 devstack@neutron-api.service[102425]: INFO ovsdbapp.backend.ovs_idl.vlog [None req-e3d4a9ca-78bc-44b8-903c-78a29bd39ce8 None None] ssl:162.253.55.209:6641: connected
Mar 20 01:27:57.908811 np0000160207 devstack@neutron-api.service[102424]: INFO ovsdbapp.backend.ovs_idl.vlog [None req-4f74e3cc-6e4e-4f8e-a21c-f77c8700ffe5 None None] ssl:162.253.55.209:6641: connected
Mar 20 01:27:57.932281 np0000160207 devstack@neutron-api.service[102423]: DEBUG neutron.common.ovn.hash_ring_manager [None req-50db1fdd-8c4f-4908-8387-8bd726adb79e None None] Allow caching, nodes 4>=4 {{(pid=102423) _wait_startup_before_caching /opt/stack/neutron/neutron/common/ovn/hash_ring_manager.py:65}}
Mar 20 01:27:57.935602 np0000160207 devstack@neutron-api.service[102425]: DEBUG neutron.common.ovn.hash_ring_manager [None req-e3d4a9ca-78bc-44b8-903c-78a29bd39ce8 None None] Allow caching, nodes 4>=4 {{(pid=102425) _wait_startup_before_caching /opt/stack/neutron/neutron/common/ovn/hash_ring_manager.py:65}}
Mar 20 01:27:57.935676 np0000160207 devstack@neutron-api.service[102424]: DEBUG neutron.common.ovn.hash_ring_manager [None req-4f74e3cc-6e4e-4f8e-a21c-f77c8700ffe5 None None] Allow caching, nodes 4>=4 {{(pid=102424) _wait_startup_before_caching /opt/stack/neutron/neutron/common/ovn/hash_ring_manager.py:65}}
Mar 20 01:27:57.938340 np0000160207 devstack@neutron-api.service[102423]: DEBUG neutron.common.ovn.hash_ring_manager [None req-50db1fdd-8c4f-4908-8387-8bd726adb79e None None] Hash Ring loaded. 4 active nodes. 0 offline nodes {{(pid=102423) _load_hash_ring /opt/stack/neutron/neutron/common/ovn/hash_ring_manager.py:102}}
Mar 20 01:27:57.938958 np0000160207 devstack@neutron-api.service[102425]: DEBUG neutron.common.ovn.hash_ring_manager [None req-e3d4a9ca-78bc-44b8-903c-78a29bd39ce8 None None] Hash Ring loaded. 4 active nodes. 0 offline nodes {{(pid=102425) _load_hash_ring /opt/stack/neutron/neutron/common/ovn/hash_ring_manager.py:102}}
Mar 20 01:27:57.939145 np0000160207 devstack@neutron-api.service[102425]: DEBUG neutron.plugins.ml2.drivers.ovn.mech_driver.ovsdb.ovsdb_monitor [None req-e3d4a9ca-78bc-44b8-903c-78a29bd39ce8 None None] Hash Ring: Node 2e7f1a8e9bef5547a5efef6e91d57aa5 (host: np0000160207) handling event "create" for row 6e32b9cd-d741-4357-a07c-ff6101a7b838 (table: ACL) {{(pid=102425) notify /opt/stack/neutron/neutron/plugins/ml2/drivers/ovn/mech_driver/ovsdb/ovsdb_monitor.py:906}}
Mar 20 01:27:57.939356 np0000160207 devstack@neutron-api.service[102425]: DEBUG neutron.plugins.ml2.drivers.ovn.mech_driver.ovsdb.ovsdb_monitor [None req-e3d4a9ca-78bc-44b8-903c-78a29bd39ce8 None None] Hash Ring: Node 2e7f1a8e9bef5547a5efef6e91d57aa5 (host: np0000160207) handling event "create" for row 2773c95f-c7cf-431e-a703-f9b2abb00c2a (table: Connection) {{(pid=102425) notify /opt/stack/neutron/neutron/plugins/ml2/drivers/ovn/mech_driver/ovsdb/ovsdb_monitor.py:906}}
Mar 20 01:27:57.939497 np0000160207 devstack@neutron-api.service[102425]: DEBUG neutron.plugins.ml2.drivers.ovn.mech_driver.ovsdb.ovsdb_monitor [None req-e3d4a9ca-78bc-44b8-903c-78a29bd39ce8 None None] Hash Ring: Node 2e7f1a8e9bef5547a5efef6e91d57aa5 (host: np0000160207) handling event "create" for row f6957fb4-77f0-43f8-a0f5-93158eede82c (table: NB_Global) {{(pid=102425) notify /opt/stack/neutron/neutron/plugins/ml2/drivers/ovn/mech_driver/ovsdb/ovsdb_monitor.py:906}}
Mar 20 01:27:57.939571 np0000160207 devstack@neutron-api.service[102423]: INFO neutron.plugins.ml2.drivers.ovn.mech_driver.ovsdb.impl_idl_ovn [None req-50db1fdd-8c4f-4908-8387-8bd726adb79e None None] Getting OvsdbSbOvnIdl for WorkerService with retry
Mar 20 01:27:57.939692 np0000160207 devstack@neutron-api.service[102425]: DEBUG neutron.plugins.ml2.drivers.ovn.mech_driver.ovsdb.ovsdb_monitor [None req-e3d4a9ca-78bc-44b8-903c-78a29bd39ce8 None None] Hash Ring: Node 2e7f1a8e9bef5547a5efef6e91d57aa5 (host: np0000160207) handling event "create" for row 374585b8-8bd8-48a3-9446-db3f047853d0 (table: SSL) {{(pid=102425) notify /opt/stack/neutron/neutron/plugins/ml2/drivers/ovn/mech_driver/ovsdb/ovsdb_monitor.py:906}}
Mar 20 01:27:57.940332 np0000160207 devstack@neutron-api.service[102424]: DEBUG neutron.common.ovn.hash_ring_manager [None req-4f74e3cc-6e4e-4f8e-a21c-f77c8700ffe5 None None] Hash Ring loaded. 4 active nodes. 0 offline nodes {{(pid=102424) _load_hash_ring /opt/stack/neutron/neutron/common/ovn/hash_ring_manager.py:102}}
Mar 20 01:27:57.940332 np0000160207 devstack@neutron-api.service[102424]: DEBUG neutron.plugins.ml2.drivers.ovn.mech_driver.ovsdb.ovsdb_monitor [None req-4f74e3cc-6e4e-4f8e-a21c-f77c8700ffe5 None None] Hash Ring: Node f9cec2991de8527eb963f643240b5f01 (host: np0000160207) handling event "create" for row ddc13775-43d7-45cc-ad92-2dd9785aed24 (table: ACL) {{(pid=102424) notify /opt/stack/neutron/neutron/plugins/ml2/drivers/ovn/mech_driver/ovsdb/ovsdb_monitor.py:906}}
Mar 20 01:27:57.940510 np0000160207 devstack@neutron-api.service[102424]: DEBUG neutron.plugins.ml2.drivers.ovn.mech_driver.ovsdb.ovsdb_monitor [None req-4f74e3cc-6e4e-4f8e-a21c-f77c8700ffe5 None None] Hash Ring: Node f9cec2991de8527eb963f643240b5f01 (host: np0000160207) handling event "create" for row 8d2241a5-542c-4ef4-9211-0293a9429b68 (table: Port_Group) {{(pid=102424) notify /opt/stack/neutron/neutron/plugins/ml2/drivers/ovn/mech_driver/ovsdb/ovsdb_monitor.py:906}}
Mar 20 01:27:57.940587 np0000160207 devstack@neutron-api.service[102425]: INFO neutron.plugins.ml2.drivers.ovn.mech_driver.ovsdb.impl_idl_ovn [None req-e3d4a9ca-78bc-44b8-903c-78a29bd39ce8 None None] Getting OvsdbSbOvnIdl for WorkerService with retry
Mar 20 01:27:57.941337 np0000160207 devstack@neutron-api.service[102424]: INFO neutron.plugins.ml2.drivers.ovn.mech_driver.ovsdb.impl_idl_ovn [None req-4f74e3cc-6e4e-4f8e-a21c-f77c8700ffe5 None None] Getting OvsdbSbOvnIdl for WorkerService with retry
Mar 20 01:27:57.974259 np0000160207 devstack@neutron-api.service[102423]: DEBUG ovsdbapp.backend.ovs_idl [None req-50db1fdd-8c4f-4908-8387-8bd726adb79e None None] Created lookup_table index Chassis.name {{(pid=102423) autocreate_indices /opt/stack/data/venv/lib/python3.12/site-packages/ovsdbapp/backend/ovs_idl/__init__.py:87}}
Mar 20 01:27:57.974362 np0000160207 devstack@neutron-api.service[102423]: DEBUG ovsdbapp.backend.ovs_idl [None req-50db1fdd-8c4f-4908-8387-8bd726adb79e None None] Created lookup_table index Port_Binding.logical_port {{(pid=102423) autocreate_indices /opt/stack/data/venv/lib/python3.12/site-packages/ovsdbapp/backend/ovs_idl/__init__.py:87}}
Mar 20 01:27:57.974463 np0000160207 devstack@neutron-api.service[102423]: DEBUG ovsdbapp.backend.ovs_idl [None req-50db1fdd-8c4f-4908-8387-8bd726adb79e None None] Created schema index Chassis_Private.name {{(pid=102423) autocreate_indices /opt/stack/data/venv/lib/python3.12/site-packages/ovsdbapp/backend/ovs_idl/__init__.py:106}}
Mar 20 01:27:57.974558 np0000160207 devstack@neutron-api.service[102423]: DEBUG ovsdbapp.backend.ovs_idl [None req-50db1fdd-8c4f-4908-8387-8bd726adb79e None None] Created schema index Datapath_Binding.tunnel_key {{(pid=102423) autocreate_indices /opt/stack/data/venv/lib/python3.12/site-packages/ovsdbapp/backend/ovs_idl/__init__.py:106}}
Mar 20 01:27:57.976838 np0000160207 devstack@neutron-api.service[102423]: INFO ovsdbapp.backend.ovs_idl.vlog [None req-50db1fdd-8c4f-4908-8387-8bd726adb79e None None] ssl:162.253.55.209:6642: connecting...
Mar 20 01:27:57.978481 np0000160207 devstack@neutron-api.service[102425]: DEBUG ovsdbapp.backend.ovs_idl [None req-e3d4a9ca-78bc-44b8-903c-78a29bd39ce8 None None] Created lookup_table index Chassis.name {{(pid=102425) autocreate_indices /opt/stack/data/venv/lib/python3.12/site-packages/ovsdbapp/backend/ovs_idl/__init__.py:87}}
Mar 20 01:27:57.978481 np0000160207 devstack@neutron-api.service[102425]: DEBUG ovsdbapp.backend.ovs_idl [None req-e3d4a9ca-78bc-44b8-903c-78a29bd39ce8 None None] Created lookup_table index Port_Binding.logical_port {{(pid=102425) autocreate_indices /opt/stack/data/venv/lib/python3.12/site-packages/ovsdbapp/backend/ovs_idl/__init__.py:87}}
Mar 20 01:27:57.978675 np0000160207 devstack@neutron-api.service[102424]: DEBUG ovsdbapp.backend.ovs_idl [None req-4f74e3cc-6e4e-4f8e-a21c-f77c8700ffe5 None None] Created lookup_table index Chassis.name {{(pid=102424) autocreate_indices /opt/stack/data/venv/lib/python3.12/site-packages/ovsdbapp/backend/ovs_idl/__init__.py:87}}
Mar 20 01:27:57.978823 np0000160207 devstack@neutron-api.service[102425]: DEBUG ovsdbapp.backend.ovs_idl [None req-e3d4a9ca-78bc-44b8-903c-78a29bd39ce8 None None] Created schema index Chassis_Private.name {{(pid=102425) autocreate_indices /opt/stack/data/venv/lib/python3.12/site-packages/ovsdbapp/backend/ovs_idl/__init__.py:106}}
Mar 20 01:27:57.978953 np0000160207 devstack@neutron-api.service[102424]: DEBUG ovsdbapp.backend.ovs_idl [None req-4f74e3cc-6e4e-4f8e-a21c-f77c8700ffe5 None None] Created lookup_table index Port_Binding.logical_port {{(pid=102424) autocreate_indices /opt/stack/data/venv/lib/python3.12/site-packages/ovsdbapp/backend/ovs_idl/__init__.py:87}}
Mar 20 01:27:57.979109 np0000160207 devstack@neutron-api.service[102425]: DEBUG ovsdbapp.backend.ovs_idl [None req-e3d4a9ca-78bc-44b8-903c-78a29bd39ce8 None None] Created schema index Datapath_Binding.tunnel_key {{(pid=102425) autocreate_indices /opt/stack/data/venv/lib/python3.12/site-packages/ovsdbapp/backend/ovs_idl/__init__.py:106}}
Mar 20 01:27:57.979240 np0000160207 devstack@neutron-api.service[102424]: DEBUG ovsdbapp.backend.ovs_idl [None req-4f74e3cc-6e4e-4f8e-a21c-f77c8700ffe5 None None] Created schema index Chassis_Private.name {{(pid=102424) autocreate_indices /opt/stack/data/venv/lib/python3.12/site-packages/ovsdbapp/backend/ovs_idl/__init__.py:106}}
Mar 20 01:27:57.979240 np0000160207 devstack@neutron-api.service[102424]: DEBUG ovsdbapp.backend.ovs_idl [None req-4f74e3cc-6e4e-4f8e-a21c-f77c8700ffe5 None None] Created schema index Datapath_Binding.tunnel_key {{(pid=102424) autocreate_indices /opt/stack/data/venv/lib/python3.12/site-packages/ovsdbapp/backend/ovs_idl/__init__.py:106}}
Mar 20 01:27:57.981008 np0000160207 devstack@neutron-api.service[102425]: INFO ovsdbapp.backend.ovs_idl.vlog [None req-e3d4a9ca-78bc-44b8-903c-78a29bd39ce8 None None] ssl:162.253.55.209:6642: connecting...
Mar 20 01:27:57.981167 np0000160207 devstack@neutron-api.service[102424]: INFO ovsdbapp.backend.ovs_idl.vlog [None req-4f74e3cc-6e4e-4f8e-a21c-f77c8700ffe5 None None] ssl:162.253.55.209:6642: connecting...
Mar 20 01:27:57.981377 np0000160207 devstack@neutron-api.service[102423]: INFO ovsdbapp.backend.ovs_idl.vlog [None req-50db1fdd-8c4f-4908-8387-8bd726adb79e None None] ssl:162.253.55.209:6642: connected
Mar 20 01:27:57.987662 np0000160207 devstack@neutron-api.service[102425]: INFO ovsdbapp.backend.ovs_idl.vlog [None req-e3d4a9ca-78bc-44b8-903c-78a29bd39ce8 None None] ssl:162.253.55.209:6642: connected
Mar 20 01:27:57.990469 np0000160207 devstack@neutron-api.service[102424]: INFO ovsdbapp.backend.ovs_idl.vlog [None req-4f74e3cc-6e4e-4f8e-a21c-f77c8700ffe5 None None] ssl:162.253.55.209:6642: connected
Mar 20 01:27:58.016316 np0000160207 devstack@neutron-api.service[102424]: DEBUG neutron.common.ovn.hash_ring_manager [None req-4f74e3cc-6e4e-4f8e-a21c-f77c8700ffe5 None None] Allow caching, nodes 4>=4 {{(pid=102424) _wait_startup_before_caching /opt/stack/neutron/neutron/common/ovn/hash_ring_manager.py:65}}
Mar 20 01:27:58.016607 np0000160207 devstack@neutron-api.service[102425]: DEBUG neutron.common.ovn.hash_ring_manager [None req-e3d4a9ca-78bc-44b8-903c-78a29bd39ce8 None None] Allow caching, nodes 4>=4 {{(pid=102425) _wait_startup_before_caching /opt/stack/neutron/neutron/common/ovn/hash_ring_manager.py:65}}
Mar 20 01:27:58.019829 np0000160207 devstack@neutron-api.service[102424]: DEBUG neutron.common.ovn.hash_ring_manager [None req-4f74e3cc-6e4e-4f8e-a21c-f77c8700ffe5 None None] Hash Ring loaded. 4 active nodes. 0 offline nodes {{(pid=102424) _load_hash_ring /opt/stack/neutron/neutron/common/ovn/hash_ring_manager.py:102}}
Mar 20 01:27:58.019921 np0000160207 devstack@neutron-api.service[102423]: DEBUG neutron.common.ovn.hash_ring_manager [None req-50db1fdd-8c4f-4908-8387-8bd726adb79e None None] Allow caching, nodes 4>=4 {{(pid=102423) _wait_startup_before_caching /opt/stack/neutron/neutron/common/ovn/hash_ring_manager.py:65}}
Mar 20 01:27:58.020057 np0000160207 devstack@neutron-api.service[102424]: DEBUG neutron.plugins.ml2.drivers.ovn.mech_driver.ovsdb.ovsdb_monitor [None req-4f74e3cc-6e4e-4f8e-a21c-f77c8700ffe5 None None] ChassisOVNAgentWriteEvent : Matched Chassis_Private, create, None None {{(pid=102424) matches /opt/stack/neutron/neutron/plugins/ml2/drivers/ovn/mech_driver/ovsdb/ovsdb_monitor.py:64}}
Mar 20 01:27:58.020169 np0000160207 devstack@neutron-api.service[102424]: DEBUG neutron.plugins.ml2.drivers.ovn.mech_driver.ovsdb.ovsdb_monitor [None req-4f74e3cc-6e4e-4f8e-a21c-f77c8700ffe5 None None] ChassisAgentWriteEvent : Matched Chassis_Private, create, None None {{(pid=102424) matches /opt/stack/neutron/neutron/plugins/ml2/drivers/ovn/mech_driver/ovsdb/ovsdb_monitor.py:64}}
Mar 20 01:27:58.020576 np0000160207 devstack@neutron-api.service[102425]: DEBUG neutron.common.ovn.hash_ring_manager [None req-e3d4a9ca-78bc-44b8-903c-78a29bd39ce8 None None] Hash Ring loaded. 4 active nodes. 0 offline nodes {{(pid=102425) _load_hash_ring /opt/stack/neutron/neutron/common/ovn/hash_ring_manager.py:102}}
Mar 20 01:27:58.020785 np0000160207 devstack@neutron-api.service[102425]: DEBUG neutron.plugins.ml2.drivers.ovn.mech_driver.ovsdb.ovsdb_monitor [None req-e3d4a9ca-78bc-44b8-903c-78a29bd39ce8 None None] Hash Ring: Node 2e7f1a8e9bef5547a5efef6e91d57aa5 (host: np0000160207) handling event "create" for row 1f2fba3c-71e9-42a4-ab88-5a85dc58ce18 (table: Chassis) {{(pid=102425) notify /opt/stack/neutron/neutron/plugins/ml2/drivers/ovn/mech_driver/ovsdb/ovsdb_monitor.py:906}}
Mar 20 01:27:58.021828 np0000160207 devstack@neutron-api.service[102425]: DEBUG ovsdbapp.backend.ovs_idl.event [None req-e3d4a9ca-78bc-44b8-903c-78a29bd39ce8 None None] Matched CREATE: ChassisBandwidthConfigEvent(events=('create', 'update'), table='Chassis', conditions=None, old_conditions=None), priority=20 to row=Chassis(uuid=1f2fba3c-71e9-42a4-ab88-5a85dc58ce18, encaps=[d37ee3d5-9c2e-4071-96c5-d4688f55c317], external_ids={}, hostname='np0000160207', name='f45b193f-54e2-49d6-a35a-223af5e193ce', nb_cfg=0, other_config={'ct-commit-nat-v2': 'true', 'ct-commit-to-zone': 'true', 'ct-next-zone': 'true', 'ct-no-masked-label': 'true', 'ct-state-save': 'true', 'datapath-type': 'system', 'fdb-timestamp': 'true', 'iface-types': 'afxdp,afxdp-nonpmd,bareudp,erspan,geneve,gre,gtpu,internal,ip6erspan,ip6gre,lisp,patch,srv6,stt,system,tap,vxlan', 'is-interconn': 'false', 'ls-dpg-column': 'true', 'mac-binding-timestamp': 'true', 'ovn-bridge-mappings': 'public:br-ex', 'ovn-chassis-mac-mappings': '', 'ovn-cms-options': 'enable-chassis-as-gw', 'ovn-ct-lb-related': 'true', 'ovn-enable-lflow-cache': 'true', 'ovn-limit-lflow-cache': '', 'ovn-memlimit-lflow-cache-kb': '', 'ovn-monitor-all': 'false', 'ovn-trim-limit-lflow-cache': '', 'ovn-trim-timeout-ms': '', 'ovn-trim-wmark-perc-lflow-cache': '', 'port-up-notif': 'true'}, transport_zones=[], vtep_logical_switches=[]) old= {{(pid=102425) matches /opt/stack/data/venv/lib/python3.12/site-packages/ovsdbapp/backend/ovs_idl/event.py:55}}
Mar 20 01:27:58.022270 np0000160207 devstack@neutron-api.service[102424]: INFO neutron.plugins.ml2.drivers.ovn.mech_driver.mech_driver [None req-4f74e3cc-6e4e-4f8e-a21c-f77c8700ffe5 None None] WorkerService process has finished the post initialization
Mar 20 01:27:58.022503 np0000160207 devstack@neutron-api.service[102425]: DEBUG neutron.plugins.ml2.drivers.ovn.mech_driver.ovsdb.ovsdb_monitor [None req-e3d4a9ca-78bc-44b8-903c-78a29bd39ce8 None None] ChassisOVNAgentWriteEvent : Matched Chassis_Private, create, None None {{(pid=102425) matches /opt/stack/neutron/neutron/plugins/ml2/drivers/ovn/mech_driver/ovsdb/ovsdb_monitor.py:64}}
Mar 20 01:27:58.022613 np0000160207 devstack@neutron-api.service[102425]: DEBUG neutron.plugins.ml2.drivers.ovn.mech_driver.ovsdb.ovsdb_monitor [None req-e3d4a9ca-78bc-44b8-903c-78a29bd39ce8 None None] ChassisAgentWriteEvent : Matched Chassis_Private, create, None None {{(pid=102425) matches /opt/stack/neutron/neutron/plugins/ml2/drivers/ovn/mech_driver/ovsdb/ovsdb_monitor.py:64}}
Mar 20 01:27:58.023754 np0000160207 devstack@neutron-api.service[102425]: INFO neutron.plugins.ml2.drivers.ovn.mech_driver.mech_driver [None req-e3d4a9ca-78bc-44b8-903c-78a29bd39ce8 None None] WorkerService process has finished the post initialization
Mar 20 01:27:58.023831 np0000160207 devstack@neutron-api.service[102424]: WSGI app 0 (mountpoint='') ready in 8 seconds on interpreter 0x798f888a3668 pid: 102424 (default app)
Mar 20 01:27:58.024679 np0000160207 devstack@neutron-api.service[102425]: INFO neutron.plugins.ml2.drivers.ovn.mech_driver.ovsdb.extensions.qos [-] Starting OVNClientQosExtension
Mar 20 01:27:58.024926 np0000160207 devstack@neutron-api.service[102425]: INFO neutron.plugins.ml2.drivers.ovn.mech_driver.ovsdb.extensions.placement [-] Starting OVNClientPlacementExtension
Mar 20 01:27:58.025090 np0000160207 devstack@neutron-api.service[102423]: DEBUG neutron.common.ovn.hash_ring_manager [None req-50db1fdd-8c4f-4908-8387-8bd726adb79e None None] Hash Ring loaded. 4 active nodes. 0 offline nodes {{(pid=102423) _load_hash_ring /opt/stack/neutron/neutron/common/ovn/hash_ring_manager.py:102}}
Mar 20 01:27:58.025725 np0000160207 devstack@neutron-api.service[102423]: DEBUG neutron.plugins.ml2.drivers.ovn.mech_driver.ovsdb.ovsdb_monitor [None req-50db1fdd-8c4f-4908-8387-8bd726adb79e None None] ChassisOVNAgentWriteEvent : Matched Chassis_Private, create, None None {{(pid=102423) matches /opt/stack/neutron/neutron/plugins/ml2/drivers/ovn/mech_driver/ovsdb/ovsdb_monitor.py:64}}
Mar 20 01:27:58.025725 np0000160207 devstack@neutron-api.service[102423]: DEBUG neutron.plugins.ml2.drivers.ovn.mech_driver.ovsdb.ovsdb_monitor [None req-50db1fdd-8c4f-4908-8387-8bd726adb79e None None] ChassisAgentWriteEvent : Matched Chassis_Private, create, None None {{(pid=102423) matches /opt/stack/neutron/neutron/plugins/ml2/drivers/ovn/mech_driver/ovsdb/ovsdb_monitor.py:64}}
Mar 20 01:27:58.025874 np0000160207 devstack@neutron-api.service[102425]: WSGI app 0 (mountpoint='') ready in 8 seconds on interpreter 0x798f888a3668 pid: 102425 (default app)
Mar 20 01:27:58.026531 np0000160207 devstack@neutron-api.service[102423]: DEBUG neutron.plugins.ml2.drivers.ovn.mech_driver.ovsdb.ovsdb_monitor [None req-50db1fdd-8c4f-4908-8387-8bd726adb79e None None] Hash Ring: Node e13461d098e65224899b928f671aaa29 (host: np0000160207) handling event "create" for row d37ee3d5-9c2e-4071-96c5-d4688f55c317 (table: Encap) {{(pid=102423) notify /opt/stack/neutron/neutron/plugins/ml2/drivers/ovn/mech_driver/ovsdb/ovsdb_monitor.py:906}}
Mar 20 01:27:58.028693 np0000160207 devstack@neutron-api.service[102423]: INFO neutron.plugins.ml2.drivers.ovn.mech_driver.mech_driver [None req-50db1fdd-8c4f-4908-8387-8bd726adb79e None None] WorkerService process has finished the post initialization
Mar 20 01:27:58.030770 np0000160207 devstack@neutron-api.service[102423]: WSGI app 0 (mountpoint='') ready in 8 seconds on interpreter 0x798f888a3668 pid: 102423 (default app)
Mar 20 01:27:59.966286 np0000160207 devstack@neutron-api.service[102425]: DEBUG neutron.plugins.ml2.drivers.ovn.mech_driver.ovsdb.ovsdb_monitor [-] Hash Ring: Node 2e7f1a8e9bef5547a5efef6e91d57aa5 (host: np0000160207) handling event "update" for row 2773c95f-c7cf-431e-a703-f9b2abb00c2a (table: Connection) {{(pid=102425) notify /opt/stack/neutron/neutron/plugins/ml2/drivers/ovn/mech_driver/ovsdb/ovsdb_monitor.py:906}}
Mar 20 01:27:59.974391 np0000160207 devstack@neutron-api.service[102422]: DEBUG neutron.common.ovn.hash_ring_manager [-] Allow caching, nodes 4>=4 {{(pid=102422) _wait_startup_before_caching /opt/stack/neutron/neutron/common/ovn/hash_ring_manager.py:65}}
Mar 20 01:27:59.974391 np0000160207 devstack@neutron-api.service[102422]: DEBUG neutron.plugins.ml2.drivers.ovn.mech_driver.ovsdb.ovsdb_monitor [-] Hash Ring: Node d87f6e9e15885a53b96997291b06e1be (host: np0000160207) handling event "update" for row 2773c95f-c7cf-431e-a703-f9b2abb00c2a (table: Connection) {{(pid=102422) notify /opt/stack/neutron/neutron/plugins/ml2/drivers/ovn/mech_driver/ovsdb/ovsdb_monitor.py:906}}
Mar 20 01:28:03.439118 np0000160207 devstack@neutron-api.service[102422]: DEBUG neutron.api.wsgi [None req-af1daf16-07ed-4a68-947b-3e23da232a71 admin admin] Missing Content-Type {{(pid=102422) get_content_type /opt/stack/neutron/neutron/api/wsgi.py:85}}
Mar 20 01:28:03.439882 np0000160207 devstack@neutron-api.service[102422]: DEBUG neutron.api.wsgi [None req-af1daf16-07ed-4a68-947b-3e23da232a71 admin admin] https://162.253.55.209/networking/v2.0/extensions returned with HTTP 200 {{(pid=102422) __call__ /opt/stack/neutron/neutron/api/wsgi.py:545}}
Mar 20 01:28:03.439882 np0000160207 devstack@neutron-api.service[102422]: [pid: 102422|app: 0|req: 2/2] 162.253.55.209 () {64 vars in 1323 bytes} [Fri Mar 20 01:28:03 2026] GET /networking/v2.0/extensions => generated 15208 bytes in 256 msecs (HTTP/1.1 200) 4 headers in 159 bytes (1 switches on core 0)
Mar 20 01:28:03.825981 np0000160207 devstack@neutron-api.service[102424]: DEBUG neutron.api.v2.base [None req-4380e05c-ba5f-461c-8877-db8cd7bee207 admin admin] Request body: {'subnetpool': {'name': 'shared-default-subnetpool-v4', 'is_default': True, 'prefixes': ['10.1.0.0/20'], 'default_prefixlen': 26, 'shared': True}} {{(pid=102424) prepare_request_body /opt/stack/neutron/neutron/api/v2/base.py:729}}
Mar 20 01:28:04.024513 np0000160207 devstack@neutron-api.service[102424]: DEBUG neutron.policy [None req-4380e05c-ba5f-461c-8877-db8cd7bee207 admin admin] Loaded default policies from ['neutron'] under neutron.policies entry points {{(pid=102424) register_rules /opt/stack/neutron/neutron/policy.py:65}}
Mar 20 01:28:04.167348 np0000160207 devstack@neutron-api.service[102424]: DEBUG neutron_lib.callbacks.manager [None req-4380e05c-ba5f-461c-8877-db8cd7bee207 admin admin] Publish callbacks ['neutron.objects.securitygroup.RbacNeutronDbObjectMixin.validate_rbac_policy_change-2320577615578', 'neutron.objects.address_group.RbacNeutronDbObjectMixin.validate_rbac_policy_change-2320577832989', 'neutron.objects.network.RbacNeutronDbObjectMixin.validate_rbac_policy_change-2320577847621', 'neutron.objects.qos.policy.RbacNeutronDbObjectMixin.validate_rbac_policy_change-2320577853035', 'neutron.objects.subnetpool.RbacNeutronDbObjectMixin.validate_rbac_policy_change-2320577801475', 'neutron.objects.address_scope.RbacNeutronDbObjectMixin.validate_rbac_policy_change-2320577816103', 'neutron.plugins.ml2.plugin.External_net_db_mixin._process_ext_policy_create-3270358', 'neutron.plugins.ml2.plugin.NeutronDbPluginV2.validate_network_rbac_policy_change-3253880', 'neutron.services.network_ip_availability.plugin.NeutronDbPluginV2.validate_network_rbac_policy_change-1974616', 'neutron.services.network_ip_availability.plugin.NeutronDbPluginV2.validate_network_rbac_policy_change-266877054'] for rbac-policy (None), before_create {{(pid=102424) _notify_loop /opt/stack/data/venv/lib/python3.12/site-packages/neutron_lib/callbacks/manager.py:184}}
Mar 20 01:28:04.213263 np0000160207 devstack@neutron-api.service[102424]: DEBUG neutron_lib.callbacks.manager [None req-4380e05c-ba5f-461c-8877-db8cd7bee207 admin admin] Publish callbacks [] for subnetpool (None), before_response {{(pid=102424) _notify_loop /opt/stack/data/venv/lib/python3.12/site-packages/neutron_lib/callbacks/manager.py:184}}
Mar 20 01:28:04.213861 np0000160207 devstack@neutron-api.service[102424]: [pid: 102424|app: 0|req: 1/3] 162.253.55.209 () {68 vars in 1367 bytes} [Fri Mar 20 01:28:03 2026] POST /networking/v2.0/subnetpools => generated 533 bytes in 489 msecs (HTTP/1.1 201) 4 headers in 162 bytes (1 switches on core 0)
Mar 20 01:28:04.526746 np0000160207 devstack@neutron-api.service[102425]: DEBUG neutron.api.v2.base [None req-21fa13ab-06d8-4655-981e-217b0ecb0a13 admin admin] Request body: {'subnetpool': {'name': 'shared-default-subnetpool-v6', 'is_default': True, 'prefixes': ['fd5b:cd35:d4cf::/56'], 'default_prefixlen': 64, 'shared': True}} {{(pid=102425) prepare_request_body /opt/stack/neutron/neutron/api/v2/base.py:729}}
Mar 20 01:28:04.704371 np0000160207 devstack@neutron-api.service[102425]: DEBUG neutron.policy [None req-21fa13ab-06d8-4655-981e-217b0ecb0a13 admin admin] Loaded default policies from ['neutron'] under neutron.policies entry points {{(pid=102425) register_rules /opt/stack/neutron/neutron/policy.py:65}}
Mar 20 01:28:04.844071 np0000160207 devstack@neutron-api.service[102425]: DEBUG neutron_lib.callbacks.manager [None req-21fa13ab-06d8-4655-981e-217b0ecb0a13 admin admin] Publish callbacks ['neutron.objects.securitygroup.RbacNeutronDbObjectMixin.validate_rbac_policy_change-2320577609835', 'neutron.objects.address_group.RbacNeutronDbObjectMixin.validate_rbac_policy_change-2320577837627', 'neutron.objects.network.RbacNeutronDbObjectMixin.validate_rbac_policy_change-2320577854481', 'neutron.objects.qos.policy.RbacNeutronDbObjectMixin.validate_rbac_policy_change-2320577848968', 'neutron.objects.subnetpool.RbacNeutronDbObjectMixin.validate_rbac_policy_change-2320577804656', 'neutron.objects.address_scope.RbacNeutronDbObjectMixin.validate_rbac_policy_change-2320577809841', 'neutron.plugins.ml2.plugin.External_net_db_mixin._process_ext_policy_create-3258768', 'neutron.plugins.ml2.plugin.NeutronDbPluginV2.validate_network_rbac_policy_change-3255556', 'neutron.services.network_ip_availability.plugin.NeutronDbPluginV2.validate_network_rbac_policy_change-1082022', 'neutron.services.network_ip_availability.plugin.NeutronDbPluginV2.validate_network_rbac_policy_change-266874481'] for rbac-policy (None), before_create {{(pid=102425) _notify_loop /opt/stack/data/venv/lib/python3.12/site-packages/neutron_lib/callbacks/manager.py:184}}
Mar 20 01:28:04.889632 np0000160207 devstack@neutron-api.service[102425]: DEBUG neutron_lib.callbacks.manager [None req-21fa13ab-06d8-4655-981e-217b0ecb0a13 admin admin] Publish callbacks [] for subnetpool (None), before_response {{(pid=102425) _notify_loop /opt/stack/data/venv/lib/python3.12/site-packages/neutron_lib/callbacks/manager.py:184}}
Mar 20 01:28:04.890267 np0000160207 devstack@neutron-api.service[102425]: [pid: 102425|app: 0|req: 1/4] 162.253.55.209 () {68 vars in 1367 bytes} [Fri Mar 20 01:28:04 2026] POST /networking/v2.0/subnetpools => generated 543 bytes in 465 msecs (HTTP/1.1 201) 4 headers in 162 bytes (1 switches on core 0)
Mar 20 01:28:05.289750 np0000160207 devstack@neutron-api.service[102423]: DEBUG neutron.api.v2.base [None req-2e5df28c-5627-4168-9de7-418bc4d744e2 admin admin] Request body: {'network': {'name': 'private', 'admin_state_up': True}} {{(pid=102423) prepare_request_body /opt/stack/neutron/neutron/api/v2/base.py:729}}
Mar 20 01:28:05.313701 np0000160207 devstack@neutron-api.service[102423]: DEBUG neutron.pecan_wsgi.hooks.quota_enforcement [None req-2e5df28c-5627-4168-9de7-418bc4d744e2 admin admin] Made reservation on behalf of e39c350f5e8247139063648c9ee8dd90 for: {'network': 1} {{(pid=102423) before /opt/stack/neutron/neutron/pecan_wsgi/hooks/quota_enforcement.py:66}}
Mar 20 01:28:05.497864 np0000160207 devstack@neutron-api.service[102423]: DEBUG neutron.policy [None req-2e5df28c-5627-4168-9de7-418bc4d744e2 admin admin] Loaded default policies from ['neutron'] under neutron.policies entry points {{(pid=102423) register_rules /opt/stack/neutron/neutron/policy.py:65}}
Mar 20 01:28:05.596230 np0000160207 devstack@neutron-api.service[102423]: DEBUG neutron_lib.callbacks.manager [None req-2e5df28c-5627-4168-9de7-418bc4d744e2 admin admin] Publish callbacks ['neutron.plugins.ml2.plugin.SecurityGroupDbMixin._ensure_default_security_group_handler-60797'] for network (None), before_create {{(pid=102423) _notify_loop /opt/stack/data/venv/lib/python3.12/site-packages/neutron_lib/callbacks/manager.py:184}}
Mar 20 01:28:05.616373 np0000160207 devstack@neutron-api.service[102423]: DEBUG neutron_lib.callbacks.manager [None req-2e5df28c-5627-4168-9de7-418bc4d744e2 admin admin] Publish callbacks [] for security_group (None), before_create {{(pid=102423) _notify_loop /opt/stack/data/venv/lib/python3.12/site-packages/neutron_lib/callbacks/manager.py:184}}
Mar 20 01:28:05.708694 np0000160207 devstack@neutron-api.service[102423]: DEBUG neutron_lib.callbacks.manager [None req-2e5df28c-5627-4168-9de7-418bc4d744e2 admin admin] Publish callbacks ['neutron.plugins.ml2.drivers.ovn.mech_driver.mech_driver.OVNMechanismDriver._create_security_group_precommit-246897'] for security_group (008cc74a-f283-4051-96f0-c0fa567c8410), precommit_create {{(pid=102423) _notify_loop /opt/stack/data/venv/lib/python3.12/site-packages/neutron_lib/callbacks/manager.py:184}}
Mar 20 01:28:05.708932 np0000160207 devstack@neutron-api.service[102423]: DEBUG neutron.db.ovn_revision_numbers_db [None req-2e5df28c-5627-4168-9de7-418bc4d744e2 admin admin] create_initial_revision uuid=008cc74a-f283-4051-96f0-c0fa567c8410, type=security_groups, rev=-1 {{(pid=102423) create_initial_revision /opt/stack/neutron/neutron/db/ovn_revision_numbers_db.py:98}}
Mar 20 01:28:05.711122 np0000160207 devstack@neutron-api.service[102423]: DEBUG neutron.db.ovn_revision_numbers_db [None req-2e5df28c-5627-4168-9de7-418bc4d744e2 admin admin] create_initial_revision uuid=1a645842-3dd7-46c9-b016-265f48d7c329, type=security_group_rules, rev=-1 {{(pid=102423) create_initial_revision /opt/stack/neutron/neutron/db/ovn_revision_numbers_db.py:98}}
Mar 20 01:28:05.712398 np0000160207 devstack@neutron-api.service[102423]: DEBUG neutron.db.ovn_revision_numbers_db [None req-2e5df28c-5627-4168-9de7-418bc4d744e2 admin admin] create_initial_revision uuid=7f34a18c-152a-4145-a1eb-a66eb8901767, type=security_group_rules, rev=-1 {{(pid=102423) create_initial_revision /opt/stack/neutron/neutron/db/ovn_revision_numbers_db.py:98}}
Mar 20 01:28:05.713406 np0000160207 devstack@neutron-api.service[102423]: DEBUG neutron.db.ovn_revision_numbers_db [None req-2e5df28c-5627-4168-9de7-418bc4d744e2 admin admin] create_initial_revision uuid=c14488f2-059a-4b5e-8100-313e49f81e82, type=security_group_rules, rev=-1 {{(pid=102423) create_initial_revision /opt/stack/neutron/neutron/db/ovn_revision_numbers_db.py:98}}
Mar 20 01:28:05.714412 np0000160207 devstack@neutron-api.service[102423]: DEBUG neutron.db.ovn_revision_numbers_db [None req-2e5df28c-5627-4168-9de7-418bc4d744e2 admin admin] create_initial_revision uuid=c6a8551d-1780-4622-b6b7-7ce9ff4e0413, type=security_group_rules, rev=-1 {{(pid=102423) create_initial_revision /opt/stack/neutron/neutron/db/ovn_revision_numbers_db.py:98}}
Mar 20 01:28:05.723757 np0000160207 devstack@neutron-api.service[102423]: DEBUG neutron_lib.callbacks.manager [None req-2e5df28c-5627-4168-9de7-418bc4d744e2 admin admin] Publish callbacks ['neutron.plugins.ml2.drivers.ovn.mech_driver.mech_driver.OVNMechanismDriver._create_security_group-246907', 'neutron.plugins.ml2.ovo_rpc._ObjectChangeHandler.handle_event-1937744'] for security_group (008cc74a-f283-4051-96f0-c0fa567c8410), after_create {{(pid=102423) _notify_loop /opt/stack/data/venv/lib/python3.12/site-packages/neutron_lib/callbacks/manager.py:184}}
Mar 20 01:28:05.723926 np0000160207 devstack@neutron-api.service[102423]: INFO neutron.plugins.ml2.drivers.ovn.mech_driver.ovsdb.extensions.qos [None req-2e5df28c-5627-4168-9de7-418bc4d744e2 admin admin] Starting OVNClientQosExtension
Mar 20 01:28:05.724181 np0000160207 devstack@neutron-api.service[102423]: INFO neutron.plugins.ml2.drivers.ovn.mech_driver.ovsdb.extensions.placement [None req-2e5df28c-5627-4168-9de7-418bc4d744e2 admin admin] Starting OVNClientPlacementExtension
Mar 20 01:28:05.726116 np0000160207 devstack@neutron-api.service[102423]: DEBUG ovsdbapp.backend.ovs_idl.transaction [-] Running txn n=1 command(idx=0): PgAddCommand(_result=None, name=pg_008cc74a_f283_4051_96f0_c0fa567c8410, may_exist=False, columns={'acls': [], 'external_ids': {'neutron:security_group_id': '008cc74a-f283-4051-96f0-c0fa567c8410'}}) {{(pid=102423) do_commit /opt/stack/data/venv/lib/python3.12/site-packages/ovsdbapp/backend/ovs_idl/transaction.py:89}}
Mar 20 01:28:05.727624 np0000160207 devstack@neutron-api.service[102423]: DEBUG ovsdbapp.backend.ovs_idl.transaction [-] Running txn n=1 command(idx=1): PgAclAddCommand(_result=None, entity=pg_008cc74a_f283_4051_96f0_c0fa567c8410, direction=from-lport, priority=1002, match=inport == @pg_008cc74a_f283_4051_96f0_c0fa567c8410 && ip4, action=allow-related, log=False, may_exist=True, severity=[], name=[], meter=[], external_ids={'neutron:security_group_rule_id': '1a645842-3dd7-46c9-b016-265f48d7c329'}) {{(pid=102423) do_commit /opt/stack/data/venv/lib/python3.12/site-packages/ovsdbapp/backend/ovs_idl/transaction.py:89}}
Mar 20 01:28:05.728222 np0000160207 devstack@neutron-api.service[102423]: DEBUG ovsdbapp.backend.ovs_idl.transaction [-] Running txn n=1 command(idx=2): PgAclAddCommand(_result=None, entity=pg_008cc74a_f283_4051_96f0_c0fa567c8410, direction=to-lport, priority=1002, match=outport == @pg_008cc74a_f283_4051_96f0_c0fa567c8410 && ip6 && ip6.src == $pg_008cc74a_f283_4051_96f0_c0fa567c8410_ip6, action=allow-related, log=False, may_exist=True, severity=[], name=[], meter=[], external_ids={'neutron:security_group_rule_id': '7f34a18c-152a-4145-a1eb-a66eb8901767'}) {{(pid=102423) do_commit /opt/stack/data/venv/lib/python3.12/site-packages/ovsdbapp/backend/ovs_idl/transaction.py:89}}
Mar 20 01:28:05.728714 np0000160207 devstack@neutron-api.service[102423]: DEBUG ovsdbapp.backend.ovs_idl.transaction [-] Running txn n=1 command(idx=3): PgAclAddCommand(_result=None, entity=pg_008cc74a_f283_4051_96f0_c0fa567c8410, direction=from-lport, priority=1002, match=inport == @pg_008cc74a_f283_4051_96f0_c0fa567c8410 && ip6, action=allow-related, log=False, may_exist=True, severity=[], name=[], meter=[], external_ids={'neutron:security_group_rule_id': 'c14488f2-059a-4b5e-8100-313e49f81e82'}) {{(pid=102423) do_commit /opt/stack/data/venv/lib/python3.12/site-packages/ovsdbapp/backend/ovs_idl/transaction.py:89}}
Mar 20 01:28:05.729192 np0000160207 devstack@neutron-api.service[102423]: DEBUG ovsdbapp.backend.ovs_idl.transaction [-] Running txn n=1 command(idx=4): PgAclAddCommand(_result=None, entity=pg_008cc74a_f283_4051_96f0_c0fa567c8410, direction=to-lport, priority=1002, match=outport == @pg_008cc74a_f283_4051_96f0_c0fa567c8410 && ip4 && ip4.src == $pg_008cc74a_f283_4051_96f0_c0fa567c8410_ip4, action=allow-related, log=False, may_exist=True, severity=[], name=[], meter=[], external_ids={'neutron:security_group_rule_id': 'c6a8551d-1780-4622-b6b7-7ce9ff4e0413'}) {{(pid=102423) do_commit /opt/stack/data/venv/lib/python3.12/site-packages/ovsdbapp/backend/ovs_idl/transaction.py:89}}
Mar 20 01:28:05.794770 np0000160207 devstack@neutron-api.service[102422]: DEBUG neutron.plugins.ml2.drivers.ovn.mech_driver.ovsdb.ovsdb_monitor [-] Hash Ring: Node d87f6e9e15885a53b96997291b06e1be (host: np0000160207) handling event "create" for row 5954e5f1-5796-4bf9-9b1a-69307288c130 (table: ACL) {{(pid=102422) notify /opt/stack/neutron/neutron/plugins/ml2/drivers/ovn/mech_driver/ovsdb/ovsdb_monitor.py:906}}
Mar 20 01:28:05.795609 np0000160207 devstack@neutron-api.service[102422]: DEBUG neutron.plugins.ml2.drivers.ovn.mech_driver.ovsdb.ovsdb_monitor [-] Hash Ring: Node d87f6e9e15885a53b96997291b06e1be (host: np0000160207) handling event "create" for row 7d3b1532-3b3a-42d1-a6c8-cac5c5535291 (table: ACL) {{(pid=102422) notify /opt/stack/neutron/neutron/plugins/ml2/drivers/ovn/mech_driver/ovsdb/ovsdb_monitor.py:906}}
Mar 20 01:28:05.795609 np0000160207 devstack@neutron-api.service[102422]: DEBUG neutron.plugins.ml2.drivers.ovn.mech_driver.ovsdb.ovsdb_monitor [-] Hash Ring: Node d87f6e9e15885a53b96997291b06e1be (host: np0000160207) handling event "create" for row 84325afb-9b4e-4f3e-9cac-51962eb3ae72 (table: ACL) {{(pid=102422) notify /opt/stack/neutron/neutron/plugins/ml2/drivers/ovn/mech_driver/ovsdb/ovsdb_monitor.py:906}}
Mar 20 01:28:05.795609 np0000160207 devstack@neutron-api.service[102422]: DEBUG neutron.plugins.ml2.drivers.ovn.mech_driver.ovsdb.ovsdb_monitor [-] Hash Ring: Node d87f6e9e15885a53b96997291b06e1be (host: np0000160207) handling event "create" for row a48b38b3-1276-473a-bbe5-cb1903900fb9 (table: ACL) {{(pid=102422) notify /opt/stack/neutron/neutron/plugins/ml2/drivers/ovn/mech_driver/ovsdb/ovsdb_monitor.py:906}}
Mar 20 01:28:05.795609 np0000160207 devstack@neutron-api.service[102422]: DEBUG neutron.plugins.ml2.drivers.ovn.mech_driver.ovsdb.ovsdb_monitor [-] Hash Ring: Node d87f6e9e15885a53b96997291b06e1be (host: np0000160207) handling event "create" for row 23044be6-8728-4da0-a951-cf61491091d3 (table: Port_Group) {{(pid=102422) notify /opt/stack/neutron/neutron/plugins/ml2/drivers/ovn/mech_driver/ovsdb/ovsdb_monitor.py:906}}
Mar 20 01:28:05.796098 np0000160207 devstack@neutron-api.service[102423]: DEBUG neutron.plugins.ml2.drivers.ovn.mech_driver.ovsdb.ovsdb_monitor [-] Hash Ring: Node e13461d098e65224899b928f671aaa29 (host: np0000160207) handling event "create" for row 5954e5f1-5796-4bf9-9b1a-69307288c130 (table: ACL) {{(pid=102423) notify /opt/stack/neutron/neutron/plugins/ml2/drivers/ovn/mech_driver/ovsdb/ovsdb_monitor.py:906}}
Mar 20 01:28:05.796750 np0000160207 devstack@neutron-api.service[102425]: DEBUG neutron.plugins.ml2.drivers.ovn.mech_driver.ovsdb.ovsdb_monitor [-] Hash Ring: Node 2e7f1a8e9bef5547a5efef6e91d57aa5 (host: np0000160207) handling event "create" for row 7d3b1532-3b3a-42d1-a6c8-cac5c5535291 (table: ACL) {{(pid=102425) notify /opt/stack/neutron/neutron/plugins/ml2/drivers/ovn/mech_driver/ovsdb/ovsdb_monitor.py:906}}
Mar 20 01:28:05.797295 np0000160207 devstack@neutron-api.service[102425]: DEBUG neutron.plugins.ml2.drivers.ovn.mech_driver.ovsdb.ovsdb_monitor [-] Hash Ring: Node 2e7f1a8e9bef5547a5efef6e91d57aa5 (host: np0000160207) handling event "create" for row 84325afb-9b4e-4f3e-9cac-51962eb3ae72 (table: ACL) {{(pid=102425) notify /opt/stack/neutron/neutron/plugins/ml2/drivers/ovn/mech_driver/ovsdb/ovsdb_monitor.py:906}}
Mar 20 01:28:05.821776 np0000160207 devstack@neutron-api.service[102423]: INFO neutron.db.ovn_revision_numbers_db [None req-2e5df28c-5627-4168-9de7-418bc4d744e2 admin admin] Successfully bumped revision number for resource 008cc74a-f283-4051-96f0-c0fa567c8410 (type: security_groups) to 1
Mar 20 01:28:05.837137 np0000160207 devstack@neutron-api.service[102423]: INFO neutron.db.ovn_revision_numbers_db [None req-2e5df28c-5627-4168-9de7-418bc4d744e2 admin admin] Successfully bumped revision number for resource 1a645842-3dd7-46c9-b016-265f48d7c329 (type: security_group_rules) to 0
Mar 20 01:28:05.850822 np0000160207 devstack@neutron-api.service[102423]: INFO neutron.db.ovn_revision_numbers_db [None req-2e5df28c-5627-4168-9de7-418bc4d744e2 admin admin] Successfully bumped revision number for resource 7f34a18c-152a-4145-a1eb-a66eb8901767 (type: security_group_rules) to 0
Mar 20 01:28:05.863471 np0000160207 devstack@neutron-api.service[102423]: INFO neutron.db.ovn_revision_numbers_db [None req-2e5df28c-5627-4168-9de7-418bc4d744e2 admin admin] Successfully bumped revision number for resource c14488f2-059a-4b5e-8100-313e49f81e82 (type: security_group_rules) to 0
Mar 20 01:28:05.875652 np0000160207 devstack@neutron-api.service[102423]: INFO neutron.db.ovn_revision_numbers_db [None req-2e5df28c-5627-4168-9de7-418bc4d744e2 admin admin] Successfully bumped revision number for resource c6a8551d-1780-4622-b6b7-7ce9ff4e0413 (type: security_group_rules) to 0
Mar 20 01:28:05.905306 np0000160207 devstack@neutron-api.service[102423]: DEBUG neutron.api.rpc.handlers.resources_rpc [None req-2e5df28c-5627-4168-9de7-418bc4d744e2 admin admin] Pushing event updated for resources: {'SecurityGroup': ['ID=008cc74a-f283-4051-96f0-c0fa567c8410,revision_number=1']} {{(pid=102423) push /opt/stack/neutron/neutron/api/rpc/handlers/resources_rpc.py:237}}
Mar 20 01:28:05.912028 np0000160207 devstack@neutron-api.service[102423]: DEBUG ovsdbapp.backend.ovs_idl.transaction [-] Running txn n=1 command(idx=0): CheckLivenessCommand(_result=None) {{(pid=102423) do_commit /opt/stack/data/venv/lib/python3.12/site-packages/ovsdbapp/backend/ovs_idl/transaction.py:89}}
Mar 20 01:28:05.915337 np0000160207 devstack@neutron-api.service[102425]: DEBUG neutron.plugins.ml2.drivers.ovn.mech_driver.ovsdb.ovsdb_monitor [-] Hash Ring: Node 2e7f1a8e9bef5547a5efef6e91d57aa5 (host: np0000160207) handling event "update" for row f6957fb4-77f0-43f8-a0f5-93158eede82c (table: NB_Global) {{(pid=102425) notify /opt/stack/neutron/neutron/plugins/ml2/drivers/ovn/mech_driver/ovsdb/ovsdb_monitor.py:906}}
Mar 20 01:28:05.915704 np0000160207 devstack@neutron-api.service[102422]: DEBUG neutron.plugins.ml2.drivers.ovn.mech_driver.ovsdb.ovsdb_monitor [-] Hash Ring: Node d87f6e9e15885a53b96997291b06e1be (host: np0000160207) handling event "update" for row f6957fb4-77f0-43f8-a0f5-93158eede82c (table: NB_Global) {{(pid=102422) notify /opt/stack/neutron/neutron/plugins/ml2/drivers/ovn/mech_driver/ovsdb/ovsdb_monitor.py:906}}
Mar 20 01:28:05.916796 np0000160207 devstack@neutron-api.service[102422]: DEBUG neutron.plugins.ml2.drivers.ovn.mech_driver.ovsdb.ovsdb_monitor [-] Hash Ring: Node d87f6e9e15885a53b96997291b06e1be (host: np0000160207) handling event "update" for row f6957fb4-77f0-43f8-a0f5-93158eede82c (table: NB_Global) {{(pid=102422) notify /opt/stack/neutron/neutron/plugins/ml2/drivers/ovn/mech_driver/ovsdb/ovsdb_monitor.py:906}}
Mar 20 01:28:05.917903 np0000160207 devstack@neutron-api.service[102422]: DEBUG neutron.plugins.ml2.drivers.ovn.mech_driver.ovsdb.ovsdb_monitor [-] Hash Ring: Node d87f6e9e15885a53b96997291b06e1be (host: np0000160207) handling event "update" for row f6957fb4-77f0-43f8-a0f5-93158eede82c (table: NB_Global) {{(pid=102422) notify /opt/stack/neutron/neutron/plugins/ml2/drivers/ovn/mech_driver/ovsdb/ovsdb_monitor.py:906}}
Mar 20 01:28:05.918911 np0000160207 devstack@neutron-api.service[102425]: DEBUG neutron.plugins.ml2.drivers.ovn.mech_driver.ovsdb.ovsdb_monitor [-] Hash Ring: Node 2e7f1a8e9bef5547a5efef6e91d57aa5 (host: np0000160207) handling event "update" for row f6957fb4-77f0-43f8-a0f5-93158eede82c (table: NB_Global) {{(pid=102425) notify /opt/stack/neutron/neutron/plugins/ml2/drivers/ovn/mech_driver/ovsdb/ovsdb_monitor.py:906}}
Mar 20 01:28:05.919814 np0000160207 devstack@neutron-api.service[102422]: DEBUG neutron.plugins.ml2.drivers.ovn.mech_driver.ovsdb.ovsdb_monitor [-] ChassisAgentWriteEvent : Matched Chassis_Private, update, None None {{(pid=102422) matches /opt/stack/neutron/neutron/plugins/ml2/drivers/ovn/mech_driver/ovsdb/ovsdb_monitor.py:64}}
Mar 20 01:28:05.919898 np0000160207 devstack@neutron-api.service[102425]: DEBUG neutron.plugins.ml2.drivers.ovn.mech_driver.ovsdb.ovsdb_monitor [-] Hash Ring: Node 2e7f1a8e9bef5547a5efef6e91d57aa5 (host: np0000160207) handling event "update" for row f6957fb4-77f0-43f8-a0f5-93158eede82c (table: NB_Global) {{(pid=102425) notify /opt/stack/neutron/neutron/plugins/ml2/drivers/ovn/mech_driver/ovsdb/ovsdb_monitor.py:906}}
Mar 20 01:28:05.920025 np0000160207 devstack@neutron-api.service[102424]: DEBUG neutron.plugins.ml2.drivers.ovn.mech_driver.ovsdb.ovsdb_monitor [-] ChassisAgentWriteEvent : Matched Chassis_Private, update, None None {{(pid=102424) matches /opt/stack/neutron/neutron/plugins/ml2/drivers/ovn/mech_driver/ovsdb/ovsdb_monitor.py:64}}
Mar 20 01:28:05.920319 np0000160207 devstack@neutron-api.service[102423]: DEBUG neutron.plugins.ml2.drivers.ovn.mech_driver.ovsdb.ovsdb_monitor [-] ChassisAgentWriteEvent : Matched Chassis_Private, update, None None {{(pid=102423) matches /opt/stack/neutron/neutron/plugins/ml2/drivers/ovn/mech_driver/ovsdb/ovsdb_monitor.py:64}}
Mar 20 01:28:05.921821 np0000160207 devstack@neutron-api.service[102425]: DEBUG neutron.plugins.ml2.drivers.ovn.mech_driver.ovsdb.ovsdb_monitor [-] ChassisAgentWriteEvent : Matched Chassis_Private, update, None None {{(pid=102425) matches /opt/stack/neutron/neutron/plugins/ml2/drivers/ovn/mech_driver/ovsdb/ovsdb_monitor.py:64}}
Mar 20 01:28:05.923969 np0000160207 devstack@neutron-api.service[102425]: DEBUG neutron.plugins.ml2.drivers.ovn.mech_driver.ovsdb.ovsdb_monitor [-] Hash Ring: Node 2e7f1a8e9bef5547a5efef6e91d57aa5 (host: np0000160207) handling event "update" for row f6957fb4-77f0-43f8-a0f5-93158eede82c (table: NB_Global) {{(pid=102425) notify /opt/stack/neutron/neutron/plugins/ml2/drivers/ovn/mech_driver/ovsdb/ovsdb_monitor.py:906}}
Mar 20 01:28:05.924657 np0000160207 devstack@neutron-api.service[102422]: DEBUG neutron.plugins.ml2.drivers.ovn.mech_driver.ovsdb.ovsdb_monitor [-] Hash Ring: Node d87f6e9e15885a53b96997291b06e1be (host: np0000160207) handling event "update" for row f6957fb4-77f0-43f8-a0f5-93158eede82c (table: NB_Global) {{(pid=102422) notify /opt/stack/neutron/neutron/plugins/ml2/drivers/ovn/mech_driver/ovsdb/ovsdb_monitor.py:906}}
Mar 20 01:28:05.925073 np0000160207 devstack@neutron-api.service[102423]: DEBUG neutron.api.rpc.callbacks.version_manager [None req-2e5df28c-5627-4168-9de7-418bc4d744e2 admin admin] Tracked resource versions report:
Mar 20 01:28:05.925073 np0000160207 devstack@neutron-api.service[102423]: pushed versions:
Mar 20 01:28:05.925073 np0000160207 devstack@neutron-api.service[102423]: { 'AddressGroup': {'1.2'},
Mar 20 01:28:05.925073 np0000160207 devstack@neutron-api.service[102423]: 'Agent': {'1.1'},
Mar 20 01:28:05.925073 np0000160207 devstack@neutron-api.service[102423]: 'ConntrackHelper': {'1.0'},
Mar 20 01:28:05.925073 np0000160207 devstack@neutron-api.service[102423]: 'LocalIPAssociation': {'1.0'},
Mar 20 01:28:05.925073 np0000160207 devstack@neutron-api.service[102423]: 'Log': {'1.0'},
Mar 20 01:28:05.925073 np0000160207 devstack@neutron-api.service[102423]: 'NDPProxy': {'1.0'},
Mar 20 01:28:05.925073 np0000160207 devstack@neutron-api.service[102423]: 'Network': {'1.2'},
Mar 20 01:28:05.925073 np0000160207 devstack@neutron-api.service[102423]: 'Port': {'1.10'},
Mar 20 01:28:05.925073 np0000160207 devstack@neutron-api.service[102423]: 'PortForwarding': {'1.3'},
Mar 20 01:28:05.925073 np0000160207 devstack@neutron-api.service[102423]: 'QosPolicy': {'1.10'},
Mar 20 01:28:05.925073 np0000160207 devstack@neutron-api.service[102423]: 'SecurityGroup': {'1.6'},
Mar 20 01:28:05.925073 np0000160207 devstack@neutron-api.service[102423]: 'SecurityGroupRule': {'1.3'},
Mar 20 01:28:05.925073 np0000160207 devstack@neutron-api.service[102423]: 'SubPort': {'1.0'},
Mar 20 01:28:05.925073 np0000160207 devstack@neutron-api.service[102423]: 'Subnet': {'1.2'},
Mar 20 01:28:05.925073 np0000160207 devstack@neutron-api.service[102423]: 'Trunk': {'1.1'}}
Mar 20 01:28:05.925073 np0000160207 devstack@neutron-api.service[102423]: consumer versions:
Mar 20 01:28:05.925073 np0000160207 devstack@neutron-api.service[102423]: {}
Mar 20 01:28:05.925073 np0000160207 devstack@neutron-api.service[102423]: {{(pid=102423) report /opt/stack/neutron/neutron/api/rpc/callbacks/version_manager.py:183}}
Mar 20 01:28:05.925817 np0000160207 devstack@neutron-api.service[102422]: DEBUG neutron.common.ovn.hash_ring_manager [-] Allow caching, nodes 4>=4 {{(pid=102422) _wait_startup_before_caching /opt/stack/neutron/neutron/common/ovn/hash_ring_manager.py:65}}
Mar 20 01:28:05.925922 np0000160207 devstack@neutron-api.service[102425]: DEBUG neutron.plugins.ml2.drivers.ovn.mech_driver.ovsdb.ovsdb_monitor [-] ChassisOVNAgentWriteEvent : Matched Chassis_Private, update, None None {{(pid=102425) matches /opt/stack/neutron/neutron/plugins/ml2/drivers/ovn/mech_driver/ovsdb/ovsdb_monitor.py:64}}
Mar 20 01:28:05.926029 np0000160207 devstack@neutron-api.service[102422]: DEBUG neutron.plugins.ml2.drivers.ovn.mech_driver.ovsdb.ovsdb_monitor [-] Hash Ring: Node d87f6e9e15885a53b96997291b06e1be (host: np0000160207) handling event "update" for row cd8dbd8d-d023-4669-b132-2a0e712393ff (table: Chassis_Private) {{(pid=102422) notify /opt/stack/neutron/neutron/plugins/ml2/drivers/ovn/mech_driver/ovsdb/ovsdb_monitor.py:906}}
