Jun 08 04:04:02.937042 np0000178749 devstack@neutron-api.service[103153]: DEBUG ovsdbapp.backend.ovs_idl [None req-02bdce3d-e104-4ead-9f12-8b5027ac2080 None None] Created schema index Copp.name {{(pid=103153) autocreate_indices /opt/stack/data/venv/lib/python3.12/site-packages/ovsdbapp/backend/ovs_idl/__init__.py:106}}
Jun 08 04:04:02.937042 np0000178749 devstack@neutron-api.service[103153]: DEBUG ovsdbapp.backend.ovs_idl [None req-02bdce3d-e104-4ead-9f12-8b5027ac2080 None None] Created schema index Meter.name {{(pid=103153) autocreate_indices /opt/stack/data/venv/lib/python3.12/site-packages/ovsdbapp/backend/ovs_idl/__init__.py:106}}
Jun 08 04:04:02.937312 np0000178749 devstack@neutron-api.service[103153]: DEBUG ovsdbapp.backend.ovs_idl [None req-02bdce3d-e104-4ead-9f12-8b5027ac2080 None None] Created schema index Load_Balancer_Group.name {{(pid=103153) autocreate_indices /opt/stack/data/venv/lib/python3.12/site-packages/ovsdbapp/backend/ovs_idl/__init__.py:106}}
Jun 08 04:04:02.937312 np0000178749 devstack@neutron-api.service[103153]: DEBUG ovsdbapp.backend.ovs_idl [None req-02bdce3d-e104-4ead-9f12-8b5027ac2080 None None] Created schema index HA_Chassis_Group.name {{(pid=103153) autocreate_indices /opt/stack/data/venv/lib/python3.12/site-packages/ovsdbapp/backend/ovs_idl/__init__.py:106}}
Jun 08 04:04:02.937479 np0000178749 devstack@neutron-api.service[103153]: DEBUG ovsdbapp.backend.ovs_idl [None req-02bdce3d-e104-4ead-9f12-8b5027ac2080 None None] Created schema index Address_Set.name {{(pid=103153) autocreate_indices /opt/stack/data/venv/lib/python3.12/site-packages/ovsdbapp/backend/ovs_idl/__init__.py:106}}
Jun 08 04:04:02.937564 np0000178749 devstack@neutron-api.service[103153]: DEBUG ovsdbapp.backend.ovs_idl [None req-02bdce3d-e104-4ead-9f12-8b5027ac2080 None None] Created schema index Connection.target {{(pid=103153) autocreate_indices /opt/stack/data/venv/lib/python3.12/site-packages/ovsdbapp/backend/ovs_idl/__init__.py:106}}
Jun 08 04:04:02.937720 np0000178749 devstack@neutron-api.service[103153]: DEBUG ovsdbapp.backend.ovs_idl [None req-02bdce3d-e104-4ead-9f12-8b5027ac2080 None None] Created schema index Gateway_Chassis.name {{(pid=103153) autocreate_indices /opt/stack/data/venv/lib/python3.12/site-packages/ovsdbapp/backend/ovs_idl/__init__.py:106}}
Jun 08 04:04:02.937793 np0000178749 devstack@neutron-api.service[103153]: DEBUG ovsdbapp.backend.ovs_idl [None req-02bdce3d-e104-4ead-9f12-8b5027ac2080 None None] Created schema index Mirror.name {{(pid=103153) autocreate_indices /opt/stack/data/venv/lib/python3.12/site-packages/ovsdbapp/backend/ovs_idl/__init__.py:106}}
Jun 08 04:04:02.937927 np0000178749 devstack@neutron-api.service[103153]: DEBUG ovsdbapp.backend.ovs_idl [None req-02bdce3d-e104-4ead-9f12-8b5027ac2080 None None] Created schema index Chassis_Template_Var.chassis {{(pid=103153) autocreate_indices /opt/stack/data/venv/lib/python3.12/site-packages/ovsdbapp/backend/ovs_idl/__init__.py:106}}
Jun 08 04:04:02.938076 np0000178749 devstack@neutron-api.service[103153]: DEBUG ovsdbapp.backend.ovs_idl [None req-02bdce3d-e104-4ead-9f12-8b5027ac2080 None None] Created schema index Logical_Router_Port.name {{(pid=103153) autocreate_indices /opt/stack/data/venv/lib/python3.12/site-packages/ovsdbapp/backend/ovs_idl/__init__.py:106}}
Jun 08 04:04:02.938195 np0000178749 devstack@neutron-api.service[103153]: DEBUG ovsdbapp.backend.ovs_idl [None req-02bdce3d-e104-4ead-9f12-8b5027ac2080 None None] Created schema index Port_Group.name {{(pid=103153) autocreate_indices /opt/stack/data/venv/lib/python3.12/site-packages/ovsdbapp/backend/ovs_idl/__init__.py:106}}
Jun 08 04:04:02.938385 np0000178749 devstack@neutron-api.service[103153]: DEBUG ovsdbapp.backend.ovs_idl [None req-02bdce3d-e104-4ead-9f12-8b5027ac2080 None None] Created schema index Logical_Switch_Port.name {{(pid=103153) autocreate_indices /opt/stack/data/venv/lib/python3.12/site-packages/ovsdbapp/backend/ovs_idl/__init__.py:106}}
Jun 08 04:04:02.942086 np0000178749 devstack@neutron-api.service[103153]: INFO ovsdbapp.backend.ovs_idl.vlog [None req-02bdce3d-e104-4ead-9f12-8b5027ac2080 None None] ssl:199.204.45.157:6641: connecting...
Jun 08 04:04:02.947749 np0000178749 devstack@neutron-api.service[103153]: INFO ovsdbapp.backend.ovs_idl.vlog [None req-02bdce3d-e104-4ead-9f12-8b5027ac2080 None None] ssl:199.204.45.157:6641: connected
Jun 08 04:04:02.992816 np0000178749 devstack@neutron-api.service[103153]: DEBUG neutron.common.ovn.hash_ring_manager [None req-02bdce3d-e104-4ead-9f12-8b5027ac2080 None None] Allow caching, nodes 4>=4 {{(pid=103153) _wait_startup_before_caching /opt/stack/neutron/neutron/common/ovn/hash_ring_manager.py:65}}
Jun 08 04:04:03.002199 np0000178749 devstack@neutron-api.service[103153]: DEBUG neutron.common.ovn.hash_ring_manager [None req-02bdce3d-e104-4ead-9f12-8b5027ac2080 None None] Hash Ring loaded. 4 active nodes. 0 offline nodes {{(pid=103153) _load_hash_ring /opt/stack/neutron/neutron/common/ovn/hash_ring_manager.py:102}}
Jun 08 04:04:03.002719 np0000178749 devstack@neutron-api.service[103153]: DEBUG neutron.plugins.ml2.drivers.ovn.mech_driver.ovsdb.ovsdb_monitor [None req-02bdce3d-e104-4ead-9f12-8b5027ac2080 None None] Hash Ring: Node 2f65f72cb9495d9eaa861408ca33ed6e (host: np0000178749) handling event "create" for row ef235220-0f6c-403a-be10-dac226bfddfd (table: ACL) {{(pid=103153) notify /opt/stack/neutron/neutron/plugins/ml2/drivers/ovn/mech_driver/ovsdb/ovsdb_monitor.py:1015}}
Jun 08 04:04:03.003052 np0000178749 devstack@neutron-api.service[103153]: DEBUG neutron.plugins.ml2.drivers.ovn.mech_driver.ovsdb.ovsdb_monitor [None req-02bdce3d-e104-4ead-9f12-8b5027ac2080 None None] Hash Ring: Node 2f65f72cb9495d9eaa861408ca33ed6e (host: np0000178749) handling event "create" for row c4a11c80-f2d6-408f-b629-105aabd24980 (table: NB_Global) {{(pid=103153) notify /opt/stack/neutron/neutron/plugins/ml2/drivers/ovn/mech_driver/ovsdb/ovsdb_monitor.py:1015}}
Jun 08 04:04:03.003460 np0000178749 devstack@neutron-api.service[103153]: DEBUG neutron.plugins.ml2.drivers.ovn.mech_driver.ovsdb.ovsdb_monitor [None req-02bdce3d-e104-4ead-9f12-8b5027ac2080 None None] Hash Ring: Node 2f65f72cb9495d9eaa861408ca33ed6e (host: np0000178749) handling event "create" for row 1d8a41a1-d1ea-4cc4-807b-a846b73c4575 (table: SSL) {{(pid=103153) notify /opt/stack/neutron/neutron/plugins/ml2/drivers/ovn/mech_driver/ovsdb/ovsdb_monitor.py:1015}}
Jun 08 04:04:03.004456 np0000178749 devstack@neutron-api.service[103153]: INFO neutron.plugins.ml2.drivers.ovn.mech_driver.ovsdb.impl_idl_ovn [None req-02bdce3d-e104-4ead-9f12-8b5027ac2080 None None] Getting OvsdbSbOvnIdl for WorkerService with retry
Jun 08 04:04:03.044621 np0000178749 devstack@neutron-api.service[103153]: DEBUG ovsdbapp.backend.ovs_idl [None req-02bdce3d-e104-4ead-9f12-8b5027ac2080 None None] Created lookup_table index Chassis.name {{(pid=103153) autocreate_indices /opt/stack/data/venv/lib/python3.12/site-packages/ovsdbapp/backend/ovs_idl/__init__.py:87}}
Jun 08 04:04:03.044780 np0000178749 devstack@neutron-api.service[103153]: DEBUG ovsdbapp.backend.ovs_idl [None req-02bdce3d-e104-4ead-9f12-8b5027ac2080 None None] Created lookup_table index Port_Binding.logical_port {{(pid=103153) autocreate_indices /opt/stack/data/venv/lib/python3.12/site-packages/ovsdbapp/backend/ovs_idl/__init__.py:87}}
Jun 08 04:04:03.044878 np0000178749 devstack@neutron-api.service[103153]: DEBUG ovsdbapp.backend.ovs_idl [None req-02bdce3d-e104-4ead-9f12-8b5027ac2080 None None] Created schema index Chassis_Private.name {{(pid=103153) autocreate_indices /opt/stack/data/venv/lib/python3.12/site-packages/ovsdbapp/backend/ovs_idl/__init__.py:106}}
Jun 08 04:04:03.044932 np0000178749 devstack@neutron-api.service[103153]: DEBUG ovsdbapp.backend.ovs_idl [None req-02bdce3d-e104-4ead-9f12-8b5027ac2080 None None] Created schema index Datapath_Binding.tunnel_key {{(pid=103153) autocreate_indices /opt/stack/data/venv/lib/python3.12/site-packages/ovsdbapp/backend/ovs_idl/__init__.py:106}}
Jun 08 04:04:03.047542 np0000178749 devstack@neutron-api.service[103153]: INFO ovsdbapp.backend.ovs_idl.vlog [None req-02bdce3d-e104-4ead-9f12-8b5027ac2080 None None] ssl:199.204.45.157:6642: connecting...
Jun 08 04:04:03.051818 np0000178749 devstack@neutron-api.service[103153]: INFO ovsdbapp.backend.ovs_idl.vlog [None req-02bdce3d-e104-4ead-9f12-8b5027ac2080 None None] ssl:199.204.45.157:6642: connected
Jun 08 04:04:03.084033 np0000178749 devstack@neutron-api.service[103153]: DEBUG neutron.common.ovn.hash_ring_manager [None req-02bdce3d-e104-4ead-9f12-8b5027ac2080 None None] Allow caching, nodes 4>=4 {{(pid=103153) _wait_startup_before_caching /opt/stack/neutron/neutron/common/ovn/hash_ring_manager.py:65}}
Jun 08 04:04:03.088488 np0000178749 devstack@neutron-api.service[103153]: DEBUG neutron.common.ovn.hash_ring_manager [None req-02bdce3d-e104-4ead-9f12-8b5027ac2080 None None] Hash Ring loaded. 4 active nodes. 0 offline nodes {{(pid=103153) _load_hash_ring /opt/stack/neutron/neutron/common/ovn/hash_ring_manager.py:102}}
Jun 08 04:04:03.088649 np0000178749 devstack@neutron-api.service[103153]: DEBUG neutron.plugins.ml2.drivers.ovn.mech_driver.ovsdb.ovsdb_monitor [None req-02bdce3d-e104-4ead-9f12-8b5027ac2080 None None] ChassisAgentWriteEvent : Matched Chassis_Private, create, None None {{(pid=103153) matches /opt/stack/neutron/neutron/plugins/ml2/drivers/ovn/mech_driver/ovsdb/ovsdb_monitor.py:64}}
Jun 08 04:04:03.088800 np0000178749 devstack@neutron-api.service[103153]: DEBUG neutron.plugins.ml2.drivers.ovn.mech_driver.ovsdb.ovsdb_monitor [None req-02bdce3d-e104-4ead-9f12-8b5027ac2080 None None] ChassisOVNAgentWriteEvent : Matched Chassis_Private, create, None None {{(pid=103153) matches /opt/stack/neutron/neutron/plugins/ml2/drivers/ovn/mech_driver/ovsdb/ovsdb_monitor.py:64}}
Jun 08 04:04:03.089121 np0000178749 devstack@neutron-api.service[103153]: DEBUG neutron.plugins.ml2.drivers.ovn.mech_driver.ovsdb.ovsdb_monitor [None req-02bdce3d-e104-4ead-9f12-8b5027ac2080 None None] Hash Ring: Node 2f65f72cb9495d9eaa861408ca33ed6e (host: np0000178749) handling event "create" for row 7fa71a5c-4381-4c78-aa0f-68ec252f674e (table: Chassis_Private) {{(pid=103153) notify /opt/stack/neutron/neutron/plugins/ml2/drivers/ovn/mech_driver/ovsdb/ovsdb_monitor.py:1015}}
Jun 08 04:04:03.091260 np0000178749 devstack@neutron-api.service[103153]: INFO neutron.plugins.ml2.drivers.ovn.mech_driver.mech_driver [None req-02bdce3d-e104-4ead-9f12-8b5027ac2080 None None] WorkerService process has finished the post initialization
Jun 08 04:04:03.091699 np0000178749 devstack@neutron-api.service[103153]: DEBUG oslo_concurrency.processutils [None req-02bdce3d-e104-4ead-9f12-8b5027ac2080 None None] Running cmd (subprocess): ovsdb-client transact ssl:199.204.45.157:6641 --timeout 180 -p /opt/stack/data/CA/int-ca/private/devstack-cert.key -c /opt/stack/data/CA/int-ca/devstack-cert.crt -C /opt/stack/data/CA/int-ca/ca-chain.pem ["OVN_Northbound", {"op": "wait", "timeout": 0, "table": "Port_Group", "where": [["name", "==", "pvlan_pg_drop"]], "until": "==", "rows": []}, {"op": "insert", "table": "ACL", "row": {"action": "drop", "direction": "to-lport", "match": "outport == @pvlan_pg_drop && ip", "priority": 1010}, "uuid-name": "pvlandroptoport"}, {"op": "insert", "table": "ACL", "row": {"action": "drop", "direction": "from-lport", "match": "inport == @pvlan_pg_drop && ip", "priority": 1010}, "uuid-name": "pvlandropfromport"}, {"op": "insert", "table": "Port_Group", "row": {"name": "pvlan_pg_drop", "acls": ["set", [["named-uuid", "pvlandroptoport"], ["named-uuid", "pvlandropfromport"]]]}}] {{(pid=103153) execute /opt/stack/data/venv/lib/python3.12/site-packages/oslo_concurrency/processutils.py:440}}
Jun 08 04:04:03.127713 np0000178749 devstack@neutron-api.service[103153]: DEBUG oslo_concurrency.processutils [None req-02bdce3d-e104-4ead-9f12-8b5027ac2080 None None] CMD "ovsdb-client transact ssl:199.204.45.157:6641 --timeout 180 -p /opt/stack/data/CA/int-ca/private/devstack-cert.key -c /opt/stack/data/CA/int-ca/devstack-cert.crt -C /opt/stack/data/CA/int-ca/ca-chain.pem ["OVN_Northbound", {"op": "wait", "timeout": 0, "table": "Port_Group", "where": [["name", "==", "pvlan_pg_drop"]], "until": "==", "rows": []}, {"op": "insert", "table": "ACL", "row": {"action": "drop", "direction": "to-lport", "match": "outport == @pvlan_pg_drop && ip", "priority": 1010}, "uuid-name": "pvlandroptoport"}, {"op": "insert", "table": "ACL", "row": {"action": "drop", "direction": "from-lport", "match": "inport == @pvlan_pg_drop && ip", "priority": 1010}, "uuid-name": "pvlandropfromport"}, {"op": "insert", "table": "Port_Group", "row": {"name": "pvlan_pg_drop", "acls": ["set", [["named-uuid", "pvlandroptoport"], ["named-uuid", "pvlandropfromport"]]]}}]" returned: 0 in 0.036s {{(pid=103153) execute /opt/stack/data/venv/lib/python3.12/site-packages/oslo_concurrency/processutils.py:468}}
Jun 08 04:04:03.130028 np0000178749 devstack@neutron-api.service[103153]: WSGI app 0 (mountpoint='') ready in 8 seconds on interpreter 0x7404358a3668 pid: 103153 (default app)
Jun 08 04:04:04.399316 np0000178749 devstack@neutron-api.service[103152]: DEBUG neutron.common.ovn.hash_ring_manager [-] Allow caching, nodes 4>=4 {{(pid=103152) _wait_startup_before_caching /opt/stack/neutron/neutron/common/ovn/hash_ring_manager.py:65}}
Jun 08 04:04:04.399843 np0000178749 devstack@neutron-api.service[103152]: DEBUG neutron.plugins.ml2.drivers.ovn.mech_driver.ovsdb.ovsdb_monitor [-] Hash Ring: Node fbe055d9b9585cd8a7a2383e2c73939f (host: np0000178749) handling event "update" for row f18a4386-1c0b-41ee-8221-69b1364266e2 (table: Connection) {{(pid=103152) notify /opt/stack/neutron/neutron/plugins/ml2/drivers/ovn/mech_driver/ovsdb/ovsdb_monitor.py:1015}}
Jun 08 04:04:04.402860 np0000178749 devstack@neutron-api.service[103155]: DEBUG neutron.common.ovn.hash_ring_manager [-] Allow caching, nodes 4>=4 {{(pid=103155) _wait_startup_before_caching /opt/stack/neutron/neutron/common/ovn/hash_ring_manager.py:65}}
Jun 08 04:04:04.403176 np0000178749 devstack@neutron-api.service[103154]: DEBUG neutron.common.ovn.hash_ring_manager [-] Allow caching, nodes 4>=4 {{(pid=103154) _wait_startup_before_caching /opt/stack/neutron/neutron/common/ovn/hash_ring_manager.py:65}}
Jun 08 04:04:04.403470 np0000178749 devstack@neutron-api.service[103155]: DEBUG neutron.plugins.ml2.drivers.ovn.mech_driver.ovsdb.ovsdb_monitor [-] Hash Ring: Node defac313f6af508186f536ed7a18771a (host: np0000178749) handling event "update" for row f18a4386-1c0b-41ee-8221-69b1364266e2 (table: Connection) {{(pid=103155) notify /opt/stack/neutron/neutron/plugins/ml2/drivers/ovn/mech_driver/ovsdb/ovsdb_monitor.py:1015}}
Jun 08 04:04:06.894840 np0000178749 devstack@neutron-api.service[103152]: DEBUG neutron.plugins.ml2.drivers.ovn.mech_driver.ovsdb.ovsdb_monitor [-] Hash Ring: Node fbe055d9b9585cd8a7a2383e2c73939f (host: np0000178749) handling event "update" for row f18a4386-1c0b-41ee-8221-69b1364266e2 (table: Connection) {{(pid=103152) notify /opt/stack/neutron/neutron/plugins/ml2/drivers/ovn/mech_driver/ovsdb/ovsdb_monitor.py:1015}}
Jun 08 04:04:06.895903 np0000178749 devstack@neutron-api.service[103155]: DEBUG neutron.plugins.ml2.drivers.ovn.mech_driver.ovsdb.ovsdb_monitor [-] Hash Ring: Node defac313f6af508186f536ed7a18771a (host: np0000178749) handling event "update" for row f18a4386-1c0b-41ee-8221-69b1364266e2 (table: Connection) {{(pid=103155) notify /opt/stack/neutron/neutron/plugins/ml2/drivers/ovn/mech_driver/ovsdb/ovsdb_monitor.py:1015}}
Jun 08 04:04:09.402798 np0000178749 devstack@neutron-api.service[103152]: DEBUG neutron.api.wsgi [None req-c202dc3f-7b73-4c30-bf28-ccc505a0a05d admin admin] Missing Content-Type {{(pid=103152) get_content_type /opt/stack/neutron/neutron/api/wsgi.py:80}}
Jun 08 04:04:09.403760 np0000178749 devstack@neutron-api.service[103152]: DEBUG neutron.api.wsgi [None req-c202dc3f-7b73-4c30-bf28-ccc505a0a05d admin admin] https://199.204.45.157/networking/v2.0/extensions returned with HTTP 200 {{(pid=103152) __call__ /opt/stack/neutron/neutron/api/wsgi.py:540}}
Jun 08 04:04:09.403760 np0000178749 devstack@neutron-api.service[103152]: [pid: 103152|app: 0|req: 2/2] 199.204.45.157 () {64 vars in 1323 bytes} [Mon Jun 8 04:04:08 2026] GET /networking/v2.0/extensions => generated 15873 bytes in 439 msecs (HTTP/1.1 200) 4 headers in 159 bytes (1 switches on core 0)
Jun 08 04:04:09.824803 np0000178749 devstack@neutron-api.service[103155]: DEBUG neutron.api.v2.base [None req-0974ddd6-79f8-484d-895e-085ebf0b1d7e admin admin] Request body: {'subnetpool': {'is_default': True, 'shared': True, 'name': 'shared-default-subnetpool-v4', 'prefixes': ['10.1.0.0/20'], 'default_prefixlen': 26}} {{(pid=103155) prepare_request_body /opt/stack/neutron/neutron/api/v2/base.py:727}}
Jun 08 04:04:10.029150 np0000178749 devstack@neutron-api.service[103155]: DEBUG neutron.policy [None req-0974ddd6-79f8-484d-895e-085ebf0b1d7e admin admin] Loaded default policies from ['neutron'] under neutron.policies entry points {{(pid=103155) register_rules /opt/stack/neutron/neutron/policy.py:65}}
Jun 08 04:04:10.180927 np0000178749 devstack@neutron-api.service[103155]: DEBUG neutron_lib.callbacks.manager [None req-0974ddd6-79f8-484d-895e-085ebf0b1d7e admin admin] Publish callbacks ['neutron.objects.securitygroup.RbacNeutronDbObjectMixin.validate_rbac_policy_change-1594123429668', 'neutron.objects.address_group.RbacNeutronDbObjectMixin.validate_rbac_policy_change-1594123390679', 'neutron.objects.network.RbacNeutronDbObjectMixin.validate_rbac_policy_change-1594123400732', 'neutron.objects.qos.policy.RbacNeutronDbObjectMixin.validate_rbac_policy_change-1594123404571', 'neutron.objects.subnetpool.RbacNeutronDbObjectMixin.validate_rbac_policy_change-1594123416357', 'neutron.objects.address_scope.RbacNeutronDbObjectMixin.validate_rbac_policy_change-1594123416150', 'neutron.plugins.ml2.plugin.External_net_db_mixin._process_ext_policy_create-136084', 'neutron.plugins.ml2.plugin.NeutronDbPluginV2.validate_network_rbac_policy_change-143456'] for rbac-policy (None), before_create {{(pid=103155) _notify_loop /opt/stack/data/venv/lib/python3.12/site-packages/neutron_lib/callbacks/manager.py:184}}
Jun 08 04:04:10.224184 np0000178749 devstack@neutron-api.service[103155]: DEBUG neutron_lib.callbacks.manager [None req-0974ddd6-79f8-484d-895e-085ebf0b1d7e admin admin] Publish callbacks [] for subnetpool (None), before_response {{(pid=103155) _notify_loop /opt/stack/data/venv/lib/python3.12/site-packages/neutron_lib/callbacks/manager.py:184}}
Jun 08 04:04:10.224884 np0000178749 devstack@neutron-api.service[103155]: [pid: 103155|app: 0|req: 1/3] 199.204.45.157 () {68 vars in 1367 bytes} [Mon Jun 8 04:04:09 2026] POST /networking/v2.0/subnetpools => generated 533 bytes in 510 msecs (HTTP/1.1 201) 4 headers in 162 bytes (1 switches on core 0)
Jun 08 04:04:10.565743 np0000178749 devstack@neutron-api.service[103154]: DEBUG neutron.api.v2.base [None req-47240911-ddbe-42f2-a391-4958ad454228 admin admin] Request body: {'subnetpool': {'is_default': True, 'shared': True, 'name': 'shared-default-subnetpool-v6', 'prefixes': ['fd4e:5c22:1fcb::/56'], 'default_prefixlen': 64}} {{(pid=103154) prepare_request_body /opt/stack/neutron/neutron/api/v2/base.py:727}}
Jun 08 04:04:10.739470 np0000178749 devstack@neutron-api.service[103154]: DEBUG neutron.policy [None req-47240911-ddbe-42f2-a391-4958ad454228 admin admin] Loaded default policies from ['neutron'] under neutron.policies entry points {{(pid=103154) register_rules /opt/stack/neutron/neutron/policy.py:65}}
Jun 08 04:04:10.891411 np0000178749 devstack@neutron-api.service[103154]: DEBUG neutron_lib.callbacks.manager [None req-47240911-ddbe-42f2-a391-4958ad454228 admin admin] Publish callbacks ['neutron.objects.securitygroup.RbacNeutronDbObjectMixin.validate_rbac_policy_change-1594124356735', 'neutron.objects.address_group.RbacNeutronDbObjectMixin.validate_rbac_policy_change-1594124309799', 'neutron.objects.network.RbacNeutronDbObjectMixin.validate_rbac_policy_change-1594123418337', 'neutron.objects.qos.policy.RbacNeutronDbObjectMixin.validate_rbac_policy_change-1594123417385', 'neutron.objects.subnetpool.RbacNeutronDbObjectMixin.validate_rbac_policy_change-1594123362762', 'neutron.objects.address_scope.RbacNeutronDbObjectMixin.validate_rbac_policy_change-1594123363871', 'neutron.plugins.ml2.plugin.External_net_db_mixin._process_ext_policy_create-32363111', 'neutron.plugins.ml2.plugin.NeutronDbPluginV2.validate_network_rbac_policy_change-32345723'] for rbac-policy (None), before_create {{(pid=103154) _notify_loop /opt/stack/data/venv/lib/python3.12/site-packages/neutron_lib/callbacks/manager.py:184}}
Jun 08 04:04:10.945294 np0000178749 devstack@neutron-api.service[103154]: DEBUG neutron_lib.callbacks.manager [None req-47240911-ddbe-42f2-a391-4958ad454228 admin admin] Publish callbacks [] for subnetpool (None), before_response {{(pid=103154) _notify_loop /opt/stack/data/venv/lib/python3.12/site-packages/neutron_lib/callbacks/manager.py:184}}
Jun 08 04:04:10.946528 np0000178749 devstack@neutron-api.service[103154]: [pid: 103154|app: 0|req: 1/4] 199.204.45.157 () {68 vars in 1367 bytes} [Mon Jun 8 04:04:10 2026] POST /networking/v2.0/subnetpools => generated 543 bytes in 496 msecs (HTTP/1.1 201) 4 headers in 162 bytes (1 switches on core 0)
Jun 08 04:04:11.373166 np0000178749 devstack@neutron-api.service[103153]: DEBUG neutron.api.v2.base [None req-3b343fe3-3d8c-43b5-9abd-c469641ca47c admin admin] Request body: {'network': {'name': 'private', 'admin_state_up': True}} {{(pid=103153) prepare_request_body /opt/stack/neutron/neutron/api/v2/base.py:727}}
Jun 08 04:04:11.406101 np0000178749 devstack@neutron-api.service[103153]: DEBUG neutron.pecan_wsgi.hooks.quota_enforcement [None req-3b343fe3-3d8c-43b5-9abd-c469641ca47c admin admin] Made reservation on behalf of d9ee96d6b0394b69b4105f3770989c93 for: {'network': 1} {{(pid=103153) before /opt/stack/neutron/neutron/pecan_wsgi/hooks/quota_enforcement.py:66}}
Jun 08 04:04:11.574361 np0000178749 devstack@neutron-api.service[103153]: DEBUG neutron.policy [None req-3b343fe3-3d8c-43b5-9abd-c469641ca47c admin admin] Loaded default policies from ['neutron'] under neutron.policies entry points {{(pid=103153) register_rules /opt/stack/neutron/neutron/policy.py:65}}
Jun 08 04:04:11.683744 np0000178749 devstack@neutron-api.service[103153]: DEBUG neutron_lib.callbacks.manager [None req-3b343fe3-3d8c-43b5-9abd-c469641ca47c admin admin] Publish callbacks ['neutron.plugins.ml2.plugin.SecurityGroupDbMixin._ensure_default_security_group_handler-1541016'] for network (None), before_create {{(pid=103153) _notify_loop /opt/stack/data/venv/lib/python3.12/site-packages/neutron_lib/callbacks/manager.py:184}}
Jun 08 04:04:11.706676 np0000178749 devstack@neutron-api.service[103153]: DEBUG neutron_lib.callbacks.manager [None req-3b343fe3-3d8c-43b5-9abd-c469641ca47c admin admin] Publish callbacks [] for security_group (None), before_create {{(pid=103153) _notify_loop /opt/stack/data/venv/lib/python3.12/site-packages/neutron_lib/callbacks/manager.py:184}}
Jun 08 04:04:11.810773 np0000178749 devstack@neutron-api.service[103153]: DEBUG neutron_lib.callbacks.manager [None req-3b343fe3-3d8c-43b5-9abd-c469641ca47c admin admin] Publish callbacks ['neutron.plugins.ml2.drivers.ovn.mech_driver.mech_driver.OVNMechanismDriver._create_security_group_precommit-199970'] for security_group (6b866c68-ba44-4e60-8d1f-b0808d49dbc4), precommit_create {{(pid=103153) _notify_loop /opt/stack/data/venv/lib/python3.12/site-packages/neutron_lib/callbacks/manager.py:184}}
Jun 08 04:04:11.811026 np0000178749 devstack@neutron-api.service[103153]: DEBUG neutron.db.ovn_revision_numbers_db [None req-3b343fe3-3d8c-43b5-9abd-c469641ca47c admin admin] create_initial_revision uuid=6b866c68-ba44-4e60-8d1f-b0808d49dbc4, type=security_groups, rev=-1 {{(pid=103153) create_initial_revision /opt/stack/neutron/neutron/db/ovn_revision_numbers_db.py:98}}
Jun 08 04:04:11.813349 np0000178749 devstack@neutron-api.service[103153]: DEBUG neutron.db.ovn_revision_numbers_db [None req-3b343fe3-3d8c-43b5-9abd-c469641ca47c admin admin] create_initial_revision uuid=58363454-21ff-458f-95e9-d9f949b9ce0b, type=security_group_rules, rev=-1 {{(pid=103153) create_initial_revision /opt/stack/neutron/neutron/db/ovn_revision_numbers_db.py:98}}
Jun 08 04:04:11.814884 np0000178749 devstack@neutron-api.service[103153]: DEBUG neutron.db.ovn_revision_numbers_db [None req-3b343fe3-3d8c-43b5-9abd-c469641ca47c admin admin] create_initial_revision uuid=6a0168ac-b72f-43a8-841c-406b40984938, type=security_group_rules, rev=-1 {{(pid=103153) create_initial_revision /opt/stack/neutron/neutron/db/ovn_revision_numbers_db.py:98}}
Jun 08 04:04:11.815898 np0000178749 devstack@neutron-api.service[103153]: DEBUG neutron.db.ovn_revision_numbers_db [None req-3b343fe3-3d8c-43b5-9abd-c469641ca47c admin admin] create_initial_revision uuid=70391aa8-b4cd-48d7-a2e0-710e82150aad, type=security_group_rules, rev=-1 {{(pid=103153) create_initial_revision /opt/stack/neutron/neutron/db/ovn_revision_numbers_db.py:98}}
Jun 08 04:04:11.816954 np0000178749 devstack@neutron-api.service[103153]: DEBUG neutron.db.ovn_revision_numbers_db [None req-3b343fe3-3d8c-43b5-9abd-c469641ca47c admin admin] create_initial_revision uuid=def49481-35bb-46d1-a58c-96b75b223d11, type=security_group_rules, rev=-1 {{(pid=103153) create_initial_revision /opt/stack/neutron/neutron/db/ovn_revision_numbers_db.py:98}}
Jun 08 04:04:11.824208 np0000178749 devstack@neutron-api.service[103153]: DEBUG neutron_lib.callbacks.manager [None req-3b343fe3-3d8c-43b5-9abd-c469641ca47c admin admin] Publish callbacks ['neutron.plugins.ml2.drivers.ovn.mech_driver.mech_driver.OVNMechanismDriver._create_security_group-199980', 'neutron.plugins.ml2.ovo_rpc._ObjectChangeHandler.handle_event-3762307'] for security_group (6b866c68-ba44-4e60-8d1f-b0808d49dbc4), after_create {{(pid=103153) _notify_loop /opt/stack/data/venv/lib/python3.12/site-packages/neutron_lib/callbacks/manager.py:184}}
Jun 08 04:04:11.824451 np0000178749 devstack@neutron-api.service[103153]: INFO neutron.plugins.ml2.drivers.ovn.mech_driver.ovsdb.extensions.qos [None req-3b343fe3-3d8c-43b5-9abd-c469641ca47c admin admin] Starting OVNClientQosExtension
Jun 08 04:04:11.824658 np0000178749 devstack@neutron-api.service[103153]: INFO neutron.plugins.ml2.drivers.ovn.mech_driver.ovsdb.extensions.placement [None req-3b343fe3-3d8c-43b5-9abd-c469641ca47c admin admin] Starting OVNClientPlacementExtension
Jun 08 04:04:11.826257 np0000178749 devstack@neutron-api.service[103153]: DEBUG ovsdbapp.backend.ovs_idl.transaction [-] Running txn n=1 command(idx=0): PgAddCommand(_result=None, name=pg_6b866c68_ba44_4e60_8d1f_b0808d49dbc4, may_exist=False, columns={'acls': [], 'external_ids': {'neutron:security_group_id': '6b866c68-ba44-4e60-8d1f-b0808d49dbc4'}}) {{(pid=103153) do_commit /opt/stack/data/venv/lib/python3.12/site-packages/ovsdbapp/backend/ovs_idl/transaction.py:89}}
Jun 08 04:04:11.828647 np0000178749 devstack@neutron-api.service[103153]: DEBUG ovsdbapp.backend.ovs_idl.transaction [-] Running txn n=1 command(idx=1): PgAclAddCommand(_result=None, entity=pg_6b866c68_ba44_4e60_8d1f_b0808d49dbc4, direction=to-lport, priority=1002, match=outport == @pg_6b866c68_ba44_4e60_8d1f_b0808d49dbc4 && ip4 && ip4.src == $pg_6b866c68_ba44_4e60_8d1f_b0808d49dbc4_ip4, action=allow-related, log=False, may_exist=True, severity=[], name=[], meter=[], external_ids={'neutron:security_group_rule_id': '58363454-21ff-458f-95e9-d9f949b9ce0b'}) {{(pid=103153) do_commit /opt/stack/data/venv/lib/python3.12/site-packages/ovsdbapp/backend/ovs_idl/transaction.py:89}}
Jun 08 04:04:11.829301 np0000178749 devstack@neutron-api.service[103153]: DEBUG ovsdbapp.backend.ovs_idl.transaction [-] Running txn n=1 command(idx=2): PgAclAddCommand(_result=None, entity=pg_6b866c68_ba44_4e60_8d1f_b0808d49dbc4, direction=to-lport, priority=1002, match=outport == @pg_6b866c68_ba44_4e60_8d1f_b0808d49dbc4 && ip6 && ip6.src == $pg_6b866c68_ba44_4e60_8d1f_b0808d49dbc4_ip6, action=allow-related, log=False, may_exist=True, severity=[], name=[], meter=[], external_ids={'neutron:security_group_rule_id': '6a0168ac-b72f-43a8-841c-406b40984938'}) {{(pid=103153) do_commit /opt/stack/data/venv/lib/python3.12/site-packages/ovsdbapp/backend/ovs_idl/transaction.py:89}}
Jun 08 04:04:11.829826 np0000178749 devstack@neutron-api.service[103153]: DEBUG ovsdbapp.backend.ovs_idl.transaction [-] Running txn n=1 command(idx=3): PgAclAddCommand(_result=None, entity=pg_6b866c68_ba44_4e60_8d1f_b0808d49dbc4, direction=from-lport, priority=1002, match=inport == @pg_6b866c68_ba44_4e60_8d1f_b0808d49dbc4 && ip4, action=allow-related, log=False, may_exist=True, severity=[], name=[], meter=[], external_ids={'neutron:security_group_rule_id': '70391aa8-b4cd-48d7-a2e0-710e82150aad'}) {{(pid=103153) do_commit /opt/stack/data/venv/lib/python3.12/site-packages/ovsdbapp/backend/ovs_idl/transaction.py:89}}
Jun 08 04:04:11.830286 np0000178749 devstack@neutron-api.service[103153]: DEBUG ovsdbapp.backend.ovs_idl.transaction [-] Running txn n=1 command(idx=4): PgAclAddCommand(_result=None, entity=pg_6b866c68_ba44_4e60_8d1f_b0808d49dbc4, direction=from-lport, priority=1002, match=inport == @pg_6b866c68_ba44_4e60_8d1f_b0808d49dbc4 && ip6, action=allow-related, log=False, may_exist=True, severity=[], name=[], meter=[], external_ids={'neutron:security_group_rule_id': 'def49481-35bb-46d1-a58c-96b75b223d11'}) {{(pid=103153) do_commit /opt/stack/data/venv/lib/python3.12/site-packages/ovsdbapp/backend/ovs_idl/transaction.py:89}}
Jun 08 04:04:11.838825 np0000178749 devstack@neutron-api.service[103153]: DEBUG neutron.plugins.ml2.drivers.ovn.mech_driver.ovsdb.ovsdb_monitor [-] Hash Ring: Node 2f65f72cb9495d9eaa861408ca33ed6e (host: np0000178749) handling event "create" for row 14fc2976-16ed-4f28-b801-044efe67ddeb (table: ACL) {{(pid=103153) notify /opt/stack/neutron/neutron/plugins/ml2/drivers/ovn/mech_driver/ovsdb/ovsdb_monitor.py:1015}}
Jun 08 04:04:11.839145 np0000178749 devstack@neutron-api.service[103153]: DEBUG neutron.plugins.ml2.drivers.ovn.mech_driver.ovsdb.ovsdb_monitor [-] Hash Ring: Node 2f65f72cb9495d9eaa861408ca33ed6e (host: np0000178749) handling event "create" for row ad8824a3-948b-49ec-92ad-89ae1e1125f3 (table: ACL) {{(pid=103153) notify /opt/stack/neutron/neutron/plugins/ml2/drivers/ovn/mech_driver/ovsdb/ovsdb_monitor.py:1015}}
Jun 08 04:04:11.839292 np0000178749 devstack@neutron-api.service[103152]: DEBUG neutron.plugins.ml2.drivers.ovn.mech_driver.ovsdb.ovsdb_monitor [-] Hash Ring: Node fbe055d9b9585cd8a7a2383e2c73939f (host: np0000178749) handling event "create" for row 14fc2976-16ed-4f28-b801-044efe67ddeb (table: ACL) {{(pid=103152) notify /opt/stack/neutron/neutron/plugins/ml2/drivers/ovn/mech_driver/ovsdb/ovsdb_monitor.py:1015}}
Jun 08 04:04:11.839844 np0000178749 devstack@neutron-api.service[103153]: DEBUG neutron.plugins.ml2.drivers.ovn.mech_driver.ovsdb.ovsdb_monitor [-] Hash Ring: Node 2f65f72cb9495d9eaa861408ca33ed6e (host: np0000178749) handling event "create" for row d82c4d57-d573-4c83-a00a-b52544d08a0e (table: ACL) {{(pid=103153) notify /opt/stack/neutron/neutron/plugins/ml2/drivers/ovn/mech_driver/ovsdb/ovsdb_monitor.py:1015}}
Jun 08 04:04:11.839955 np0000178749 devstack@neutron-api.service[103152]: DEBUG neutron.plugins.ml2.drivers.ovn.mech_driver.ovsdb.ovsdb_monitor [-] Hash Ring: Node fbe055d9b9585cd8a7a2383e2c73939f (host: np0000178749) handling event "create" for row ad8824a3-948b-49ec-92ad-89ae1e1125f3 (table: ACL) {{(pid=103152) notify /opt/stack/neutron/neutron/plugins/ml2/drivers/ovn/mech_driver/ovsdb/ovsdb_monitor.py:1015}}
Jun 08 04:04:11.839955 np0000178749 devstack@neutron-api.service[103152]: DEBUG neutron.plugins.ml2.drivers.ovn.mech_driver.ovsdb.ovsdb_monitor [-] Hash Ring: Node fbe055d9b9585cd8a7a2383e2c73939f (host: np0000178749) handling event "create" for row d82c4d57-d573-4c83-a00a-b52544d08a0e (table: ACL) {{(pid=103152) notify /opt/stack/neutron/neutron/plugins/ml2/drivers/ovn/mech_driver/ovsdb/ovsdb_monitor.py:1015}}
Jun 08 04:04:11.839955 np0000178749 devstack@neutron-api.service[103152]: DEBUG neutron.plugins.ml2.drivers.ovn.mech_driver.ovsdb.ovsdb_monitor [-] Hash Ring: Node fbe055d9b9585cd8a7a2383e2c73939f (host: np0000178749) handling event "create" for row f174e8ba-b2c5-4e82-b029-038b75e83d9a (table: ACL) {{(pid=103152) notify /opt/stack/neutron/neutron/plugins/ml2/drivers/ovn/mech_driver/ovsdb/ovsdb_monitor.py:1015}}
Jun 08 04:04:11.840170 np0000178749 devstack@neutron-api.service[103152]: DEBUG neutron.plugins.ml2.drivers.ovn.mech_driver.ovsdb.ovsdb_monitor [-] Hash Ring: Node fbe055d9b9585cd8a7a2383e2c73939f (host: np0000178749) handling event "create" for row 7d4361ee-d144-4ab1-9460-213792b4f632 (table: Port_Group) {{(pid=103152) notify /opt/stack/neutron/neutron/plugins/ml2/drivers/ovn/mech_driver/ovsdb/ovsdb_monitor.py:1015}}
Jun 08 04:04:11.840724 np0000178749 devstack@neutron-api.service[103155]: DEBUG neutron.plugins.ml2.drivers.ovn.mech_driver.ovsdb.ovsdb_monitor [-] Hash Ring: Node defac313f6af508186f536ed7a18771a (host: np0000178749) handling event "create" for row 14fc2976-16ed-4f28-b801-044efe67ddeb (table: ACL) {{(pid=103155) notify /opt/stack/neutron/neutron/plugins/ml2/drivers/ovn/mech_driver/ovsdb/ovsdb_monitor.py:1015}}
Jun 08 04:04:11.841052 np0000178749 devstack@neutron-api.service[103155]: DEBUG neutron.plugins.ml2.drivers.ovn.mech_driver.ovsdb.ovsdb_monitor [-] Hash Ring: Node defac313f6af508186f536ed7a18771a (host: np0000178749) handling event "create" for row ad8824a3-948b-49ec-92ad-89ae1e1125f3 (table: ACL) {{(pid=103155) notify /opt/stack/neutron/neutron/plugins/ml2/drivers/ovn/mech_driver/ovsdb/ovsdb_monitor.py:1015}}
Jun 08 04:04:11.841636 np0000178749 devstack@neutron-api.service[103155]: DEBUG neutron.plugins.ml2.drivers.ovn.mech_driver.ovsdb.ovsdb_monitor [-] Hash Ring: Node defac313f6af508186f536ed7a18771a (host: np0000178749) handling event "create" for row 7d4361ee-d144-4ab1-9460-213792b4f632 (table: Port_Group) {{(pid=103155) notify /opt/stack/neutron/neutron/plugins/ml2/drivers/ovn/mech_driver/ovsdb/ovsdb_monitor.py:1015}}
Jun 08 04:04:11.842774 np0000178749 devstack@neutron-api.service[103154]: DEBUG neutron.plugins.ml2.drivers.ovn.mech_driver.ovsdb.ovsdb_monitor [-] Hash Ring: Node bfe3eeee51a35910b08920211f199251 (host: np0000178749) handling event "create" for row d82c4d57-d573-4c83-a00a-b52544d08a0e (table: ACL) {{(pid=103154) notify /opt/stack/neutron/neutron/plugins/ml2/drivers/ovn/mech_driver/ovsdb/ovsdb_monitor.py:1015}}
Jun 08 04:04:11.871642 np0000178749 devstack@neutron-api.service[103153]: INFO neutron.db.ovn_revision_numbers_db [None req-3b343fe3-3d8c-43b5-9abd-c469641ca47c admin admin] Successfully bumped revision number for resource 6b866c68-ba44-4e60-8d1f-b0808d49dbc4 (type: security_groups) to 1
Jun 08 04:04:11.887120 np0000178749 devstack@neutron-api.service[103153]: INFO neutron.db.ovn_revision_numbers_db [None req-3b343fe3-3d8c-43b5-9abd-c469641ca47c admin admin] Successfully bumped revision number for resource 58363454-21ff-458f-95e9-d9f949b9ce0b (type: security_group_rules) to 0
Jun 08 04:04:11.900612 np0000178749 devstack@neutron-api.service[103153]: INFO neutron.db.ovn_revision_numbers_db [None req-3b343fe3-3d8c-43b5-9abd-c469641ca47c admin admin] Successfully bumped revision number for resource 6a0168ac-b72f-43a8-841c-406b40984938 (type: security_group_rules) to 0
Jun 08 04:04:11.915161 np0000178749 devstack@neutron-api.service[103153]: INFO neutron.db.ovn_revision_numbers_db [None req-3b343fe3-3d8c-43b5-9abd-c469641ca47c admin admin] Successfully bumped revision number for resource 70391aa8-b4cd-48d7-a2e0-710e82150aad (type: security_group_rules) to 0
Jun 08 04:04:11.928830 np0000178749 devstack@neutron-api.service[103153]: INFO neutron.db.ovn_revision_numbers_db [None req-3b343fe3-3d8c-43b5-9abd-c469641ca47c admin admin] Successfully bumped revision number for resource def49481-35bb-46d1-a58c-96b75b223d11 (type: security_group_rules) to 0
Jun 08 04:04:11.959127 np0000178749 devstack@neutron-api.service[103153]: DEBUG neutron.api.rpc.handlers.resources_rpc [None req-3b343fe3-3d8c-43b5-9abd-c469641ca47c admin admin] Pushing event updated for resources: {'SecurityGroup': ['ID=6b866c68-ba44-4e60-8d1f-b0808d49dbc4,revision_number=1']} {{(pid=103153) push /opt/stack/neutron/neutron/api/rpc/handlers/resources_rpc.py:237}}
Jun 08 04:04:11.968741 np0000178749 devstack@neutron-api.service[103153]: DEBUG ovsdbapp.backend.ovs_idl.transaction [-] Running txn n=1 command(idx=0): CheckLivenessCommand(_result=None) {{(pid=103153) do_commit /opt/stack/data/venv/lib/python3.12/site-packages/ovsdbapp/backend/ovs_idl/transaction.py:89}}
Jun 08 04:04:11.971937 np0000178749 devstack@neutron-api.service[103153]: DEBUG neutron.plugins.ml2.drivers.ovn.mech_driver.ovsdb.ovsdb_monitor [-] Hash Ring: Node 2f65f72cb9495d9eaa861408ca33ed6e (host: np0000178749) handling event "update" for row c4a11c80-f2d6-408f-b629-105aabd24980 (table: NB_Global) {{(pid=103153) notify /opt/stack/neutron/neutron/plugins/ml2/drivers/ovn/mech_driver/ovsdb/ovsdb_monitor.py:1015}}
Jun 08 04:04:11.973336 np0000178749 devstack@neutron-api.service[103152]: DEBUG neutron.plugins.ml2.drivers.ovn.mech_driver.ovsdb.ovsdb_monitor [-] Hash Ring: Node fbe055d9b9585cd8a7a2383e2c73939f (host: np0000178749) handling event "update" for row c4a11c80-f2d6-408f-b629-105aabd24980 (table: NB_Global) {{(pid=103152) notify /opt/stack/neutron/neutron/plugins/ml2/drivers/ovn/mech_driver/ovsdb/ovsdb_monitor.py:1015}}
Jun 08 04:04:11.975169 np0000178749 devstack@neutron-api.service[103154]: DEBUG neutron.plugins.ml2.drivers.ovn.mech_driver.ovsdb.ovsdb_monitor [-] Hash Ring: Node bfe3eeee51a35910b08920211f199251 (host: np0000178749) handling event "update" for row c4a11c80-f2d6-408f-b629-105aabd24980 (table: NB_Global) {{(pid=103154) notify /opt/stack/neutron/neutron/plugins/ml2/drivers/ovn/mech_driver/ovsdb/ovsdb_monitor.py:1015}}
Jun 08 04:04:11.975613 np0000178749 devstack@neutron-api.service[103153]: DEBUG neutron.api.rpc.callbacks.version_manager [None req-3b343fe3-3d8c-43b5-9abd-c469641ca47c admin admin] Tracked resource versions report:
Jun 08 04:04:11.975613 np0000178749 devstack@neutron-api.service[103153]: pushed versions:
Jun 08 04:04:11.975613 np0000178749 devstack@neutron-api.service[103153]: { 'AddressGroup': {'1.2'},
Jun 08 04:04:11.975613 np0000178749 devstack@neutron-api.service[103153]: 'Agent': {'1.1'},
Jun 08 04:04:11.975613 np0000178749 devstack@neutron-api.service[103153]: 'ConntrackHelper': {'1.0'},
Jun 08 04:04:11.975613 np0000178749 devstack@neutron-api.service[103153]: 'LocalIPAssociation': {'1.0'},
Jun 08 04:04:11.975613 np0000178749 devstack@neutron-api.service[103153]: 'Log': {'1.0'},
Jun 08 04:04:11.975613 np0000178749 devstack@neutron-api.service[103153]: 'NDPProxy': {'1.0'},
Jun 08 04:04:11.975613 np0000178749 devstack@neutron-api.service[103153]: 'Network': {'1.3'},
Jun 08 04:04:11.975613 np0000178749 devstack@neutron-api.service[103153]: 'Port': {'1.11'},
Jun 08 04:04:11.975613 np0000178749 devstack@neutron-api.service[103153]: 'PortForwarding': {'1.3'},
Jun 08 04:04:11.975613 np0000178749 devstack@neutron-api.service[103153]: 'QosPolicy': {'1.10'},
Jun 08 04:04:11.975613 np0000178749 devstack@neutron-api.service[103153]: 'SecurityGroup': {'1.6'},
Jun 08 04:04:11.975613 np0000178749 devstack@neutron-api.service[103153]: 'SecurityGroupRule': {'1.3'},
Jun 08 04:04:11.975613 np0000178749 devstack@neutron-api.service[103153]: 'SubPort': {'1.0'},
Jun 08 04:04:11.975613 np0000178749 devstack@neutron-api.service[103153]: 'Subnet': {'1.2'},
Jun 08 04:04:11.975613 np0000178749 devstack@neutron-api.service[103153]: 'Trunk': {'1.1'}}
Jun 08 04:04:11.975613 np0000178749 devstack@neutron-api.service[103153]: consumer versions:
Jun 08 04:04:11.975613 np0000178749 devstack@neutron-api.service[103153]: {}
Jun 08 04:04:11.975613 np0000178749 devstack@neutron-api.service[103153]: {{(pid=103153) report /opt/stack/neutron/neutron/api/rpc/callbacks/version_manager.py:183}}
Jun 08 04:04:11.976509 np0000178749 devstack@neutron-api.service[103152]: DEBUG neutron.plugins.ml2.drivers.ovn.mech_driver.ovsdb.ovsdb_monitor [-] Hash Ring: Node fbe055d9b9585cd8a7a2383e2c73939f (host: np0000178749) handling event "update" for row c4a11c80-f2d6-408f-b629-105aabd24980 (table: NB_Global) {{(pid=103152) notify /opt/stack/neutron/neutron/plugins/ml2/drivers/ovn/mech_driver/ovsdb/ovsdb_monitor.py:1015}}
Jun 08 04:04:11.976654 np0000178749 devstack@neutron-api.service[103152]: DEBUG neutron.plugins.ml2.drivers.ovn.mech_driver.ovsdb.ovsdb_monitor [-] Hash Ring: Node fbe055d9b9585cd8a7a2383e2c73939f (host: np0000178749) handling event "update" for row c4a11c80-f2d6-408f-b629-105aabd24980 (table: NB_Global) {{(pid=103152) notify /opt/stack/neutron/neutron/plugins/ml2/drivers/ovn/mech_driver/ovsdb/ovsdb_monitor.py:1015}}
Jun 08 04:04:11.977092 np0000178749 devstack@neutron-api.service[103154]: DEBUG neutron.plugins.ml2.drivers.ovn.mech_driver.ovsdb.ovsdb_monitor [-] Hash Ring: Node bfe3eeee51a35910b08920211f199251 (host: np0000178749) handling event "update" for row c4a11c80-f2d6-408f-b629-105aabd24980 (table: NB_Global) {{(pid=103154) notify /opt/stack/neutron/neutron/plugins/ml2/drivers/ovn/mech_driver/ovsdb/ovsdb_monitor.py:1015}}
Jun 08 04:04:11.977728 np0000178749 devstack@neutron-api.service[103152]: DEBUG neutron.plugins.ml2.drivers.ovn.mech_driver.ovsdb.ovsdb_monitor [-] ChassisAgentWriteEvent : Matched Chassis_Private, update, None None {{(pid=103152) matches /opt/stack/neutron/neutron/plugins/ml2/drivers/ovn/mech_driver/ovsdb/ovsdb_monitor.py:64}}
Jun 08 04:04:11.979490 np0000178749 devstack@neutron-api.service[103154]: DEBUG neutron.plugins.ml2.drivers.ovn.mech_driver.ovsdb.ovsdb_monitor [-] Hash Ring: Node bfe3eeee51a35910b08920211f199251 (host: np0000178749) handling event "update" for row c4a11c80-f2d6-408f-b629-105aabd24980 (table: NB_Global) {{(pid=103154) notify /opt/stack/neutron/neutron/plugins/ml2/drivers/ovn/mech_driver/ovsdb/ovsdb_monitor.py:1015}}
Jun 08 04:04:11.980853 np0000178749 devstack@neutron-api.service[103155]: DEBUG neutron.plugins.ml2.drivers.ovn.mech_driver.ovsdb.ovsdb_monitor [-] ChassisAgentWriteEvent : Matched Chassis_Private, update, None None {{(pid=103155) matches /opt/stack/neutron/neutron/plugins/ml2/drivers/ovn/mech_driver/ovsdb/ovsdb_monitor.py:64}}
Jun 08 04:04:11.981339 np0000178749 devstack@neutron-api.service[103152]: DEBUG neutron.plugins.ml2.drivers.ovn.mech_driver.ovsdb.ovsdb_monitor [-] Hash Ring: Node fbe055d9b9585cd8a7a2383e2c73939f (host: np0000178749) handling event "update" for row c4a11c80-f2d6-408f-b629-105aabd24980 (table: NB_Global) {{(pid=103152) notify /opt/stack/neutron/neutron/plugins/ml2/drivers/ovn/mech_driver/ovsdb/ovsdb_monitor.py:1015}}
Jun 08 04:04:11.983360 np0000178749 devstack@neutron-api.service[103154]: DEBUG neutron.plugins.ml2.drivers.ovn.mech_driver.ovsdb.ovsdb_monitor [-] ChassisAgentWriteEvent : Matched Chassis_Private, update, None None {{(pid=103154) matches /opt/stack/neutron/neutron/plugins/ml2/drivers/ovn/mech_driver/ovsdb/ovsdb_monitor.py:64}}
Jun 08 04:04:11.984525 np0000178749 devstack@neutron-api.service[103152]: DEBUG neutron.common.ovn.hash_ring_manager [-] Allow caching, nodes 4>=4 {{(pid=103152) _wait_startup_before_caching /opt/stack/neutron/neutron/common/ovn/hash_ring_manager.py:65}}
Jun 08 04:04:11.984824 np0000178749 devstack@neutron-api.service[103152]: DEBUG neutron.plugins.ml2.drivers.ovn.mech_driver.ovsdb.ovsdb_monitor [-] Hash Ring: Node fbe055d9b9585cd8a7a2383e2c73939f (host: np0000178749) handling event "update" for row 7fa71a5c-4381-4c78-aa0f-68ec252f674e (table: Chassis_Private) {{(pid=103152) notify /opt/stack/neutron/neutron/plugins/ml2/drivers/ovn/mech_driver/ovsdb/ovsdb_monitor.py:1015}}
Jun 08 04:04:11.986209 np0000178749 devstack@neutron-api.service[103154]: DEBUG neutron.plugins.ml2.drivers.ovn.mech_driver.ovsdb.ovsdb_monitor [-] Hash Ring: Node bfe3eeee51a35910b08920211f199251 (host: np0000178749) handling event "update" for row c4a11c80-f2d6-408f-b629-105aabd24980 (table: NB_Global) {{(pid=103154) notify /opt/stack/neutron/neutron/plugins/ml2/drivers/ovn/mech_driver/ovsdb/ovsdb_monitor.py:1015}}
Jun 08 04:04:11.986329 np0000178749 devstack@neutron-api.service[103153]: DEBUG neutron.plugins.ml2.drivers.ovn.mech_driver.ovsdb.ovsdb_monitor [-] ChassisAgentWriteEvent : Matched Chassis_Private, update, None None {{(pid=103153) matches /opt/stack/neutron/neutron/plugins/ml2/drivers/ovn/mech_driver/ovsdb/ovsdb_monitor.py:64}}
Jun 08 04:04:11.986789 np0000178749 devstack@neutron-api.service[103153]: DEBUG neutron.plugins.ml2.drivers.ovn.mech_driver.ovsdb.ovsdb_monitor [-] Hash Ring: Node 2f65f72cb9495d9eaa861408ca33ed6e (host: np0000178749) handling event "update" for row 7fa71a5c-4381-4c78-aa0f-68ec252f674e (table: Chassis_Private) {{(pid=103153) notify /opt/stack/neutron/neutron/plugins/ml2/drivers/ovn/mech_driver/ovsdb/ovsdb_monitor.py:1015}}
Jun 08 04:04:11.986836 np0000178749 devstack@neutron-api.service[103152]: DEBUG neutron.plugins.ml2.drivers.ovn.mech_driver.ovsdb.ovsdb_monitor [-] ChassisOVNAgentWriteEvent : Matched Chassis_Private, update, None None {{(pid=103152) matches /opt/stack/neutron/neutron/plugins/ml2/drivers/ovn/mech_driver/ovsdb/ovsdb_monitor.py:64}}
Jun 08 04:04:11.987482 np0000178749 devstack@neutron-api.service[103152]: DEBUG neutron.plugins.ml2.drivers.ovn.mech_driver.ovsdb.ovsdb_monitor [-] Hash Ring: Node fbe055d9b9585cd8a7a2383e2c73939f (host: np0000178749) handling event "update" for row 7fa71a5c-4381-4c78-aa0f-68ec252f674e (table: Chassis_Private) {{(pid=103152) notify /opt/stack/neutron/neutron/plugins/ml2/drivers/ovn/mech_driver/ovsdb/ovsdb_monitor.py:1015}}
Jun 08 04:04:11.987792 np0000178749 devstack@neutron-api.service[103153]: DEBUG neutron.plugins.ml2.drivers.ovn.mech_driver.ovsdb.ovsdb_monitor [-] Hash Ring: Node 2f65f72cb9495d9eaa861408ca33ed6e (host: np0000178749) handling event "update" for row c4a11c80-f2d6-408f-b629-105aabd24980 (table: NB_Global) {{(pid=103153) notify /opt/stack/neutron/neutron/plugins/ml2/drivers/ovn/mech_driver/ovsdb/ovsdb_monitor.py:1015}}
Jun 08 04:04:11.988436 np0000178749 devstack@neutron-api.service[103155]: DEBUG neutron.common.ovn.hash_ring_manager [-] Allow caching, nodes 4>=4 {{(pid=103155) _wait_startup_before_caching /opt/stack/neutron/neutron/common/ovn/hash_ring_manager.py:65}}
Jun 08 04:04:11.988612 np0000178749 devstack@neutron-api.service[103153]: DEBUG neutron.plugins.ml2.drivers.ovn.mech_driver.ovsdb.ovsdb_monitor [-] ChassisOVNAgentWriteEvent : Matched Chassis_Private, update, None None {{(pid=103153) matches /opt/stack/neutron/neutron/plugins/ml2/drivers/ovn/mech_driver/ovsdb/ovsdb_monitor.py:64}}
Jun 08 04:04:11.988657 np0000178749 devstack@neutron-api.service[103155]: DEBUG neutron.plugins.ml2.drivers.ovn.mech_driver.ovsdb.ovsdb_monitor [-] Hash Ring: Node defac313f6af508186f536ed7a18771a (host: np0000178749) handling event "update" for row 7fa71a5c-4381-4c78-aa0f-68ec252f674e (table: Chassis_Private) {{(pid=103155) notify /opt/stack/neutron/neutron/plugins/ml2/drivers/ovn/mech_driver/ovsdb/ovsdb_monitor.py:1015}}
Jun 08 04:04:11.988925 np0000178749 devstack@neutron-api.service[103153]: DEBUG neutron.plugins.ml2.drivers.ovn.mech_driver.ovsdb.ovsdb_monitor [-] Hash Ring: Node 2f65f72cb9495d9eaa861408ca33ed6e (host: np0000178749) handling event "update" for row 7fa71a5c-4381-4c78-aa0f-68ec252f674e (table: Chassis_Private) {{(pid=103153) notify /opt/stack/neutron/neutron/plugins/ml2/drivers/ovn/mech_driver/ovsdb/ovsdb_monitor.py:1015}}
Jun 08 04:04:11.989551 np0000178749 devstack@neutron-api.service[103155]: DEBUG neutron.plugins.ml2.drivers.ovn.mech_driver.ovsdb.ovsdb_monitor [-] ChassisOVNAgentWriteEvent : Matched Chassis_Private, update, None None {{(pid=103155) matches /opt/stack/neutron/neutron/plugins/ml2/drivers/ovn/mech_driver/ovsdb/ovsdb_monitor.py:64}}
Jun 08 04:04:11.989936 np0000178749 devstack@neutron-api.service[103155]: DEBUG neutron.plugins.ml2.drivers.ovn.mech_driver.ovsdb.ovsdb_monitor [-] Hash Ring: Node defac313f6af508186f536ed7a18771a (host: np0000178749) handling event "update" for row 7fa71a5c-4381-4c78-aa0f-68ec252f674e (table: Chassis_Private) {{(pid=103155) notify /opt/stack/neutron/neutron/plugins/ml2/drivers/ovn/mech_driver/ovsdb/ovsdb_monitor.py:1015}}
Jun 08 04:04:11.990704 np0000178749 devstack@neutron-api.service[103153]: DEBUG neutron.plugins.ml2.drivers.ovn.mech_driver.ovsdb.ovsdb_monitor [-] Hash Ring: Node 2f65f72cb9495d9eaa861408ca33ed6e (host: np0000178749) handling event "update" for row c4a11c80-f2d6-408f-b629-105aabd24980 (table: NB_Global) {{(pid=103153) notify /opt/stack/neutron/neutron/plugins/ml2/drivers/ovn/mech_driver/ovsdb/ovsdb_monitor.py:1015}}
Jun 08 04:04:11.991521 np0000178749 devstack@neutron-api.service[103154]: DEBUG neutron.common.ovn.hash_ring_manager [-] Allow caching, nodes 4>=4 {{(pid=103154) _wait_startup_before_caching /opt/stack/neutron/neutron/common/ovn/hash_ring_manager.py:65}}
Jun 08 04:04:11.991987 np0000178749 devstack@neutron-api.service[103153]: DEBUG neutron.plugins.ml2.drivers.ovn.mech_driver.ovsdb.ovsdb_monitor [-] Hash Ring: Node 2f65f72cb9495d9eaa861408ca33ed6e (host: np0000178749) handling event "update" for row c4a11c80-f2d6-408f-b629-105aabd24980 (table: NB_Global) {{(pid=103153) notify /opt/stack/neutron/neutron/plugins/ml2/drivers/ovn/mech_driver/ovsdb/ovsdb_monitor.py:1015}}
Jun 08 04:04:11.992473 np0000178749 devstack@neutron-api.service[103154]: DEBUG neutron.plugins.ml2.drivers.ovn.mech_driver.ovsdb.ovsdb_monitor [-] ChassisOVNAgentWriteEvent : Matched Chassis_Private, update, None None {{(pid=103154) matches /opt/stack/neutron/neutron/plugins/ml2/drivers/ovn/mech_driver/ovsdb/ovsdb_monitor.py:64}}
