2026-04-07 01:15:48.121 8 INFO neutron.db.ovn_revision_numbers_db [None req-b78a97b6-af26-4b46-a369-a595a8097306 4c369f5b570d4982ad1b24245fefdd26 aa1377eb1a6547d781a843b8f5e59bf7 - - default default] Successfully bumped revision number for resource dfcf3db3-77fe-4f86-9cb6-0ec82c05bd06 (type: security_group_rules) to 0
2026-04-07 01:15:48.135 8 INFO neutron.db.ovn_revision_numbers_db [None req-b78a97b6-af26-4b46-a369-a595a8097306 4c369f5b570d4982ad1b24245fefdd26 aa1377eb1a6547d781a843b8f5e59bf7 - - default default] Successfully bumped revision number for resource f607e720-4fe7-43a9-af7c-53824077497c (type: security_group_rules) to 0 [pid: 8|app: 0|req: 566/1254] 10.0.0.225 () {32 vars in 773 bytes} [Tue Apr 7 01:15:47 2026] GET /v2.0/security-groups?tenant_id=e702a69433ff43c292a2b301e25595fc&name=default => generated 2925 bytes in 574 msecs (HTTP/1.1 200) 4 headers in 158 bytes (1 switches on core 0) [pid: 8|app: 0|req: 567/1255] 10.0.0.225 () {32 vars in 739 bytes} [Tue Apr 7 01:15:48 2026] DELETE /v2.0/security-groups/f1fa7eb5-3848-4ba5-84cb-66dcc20d2bb2 => generated 0 bytes in 306 msecs (HTTP/1.1 204) 2 headers in 112 bytes (1 switches on core 0)
2026-04-07 01:15:48.499 7 INFO neutron_taas.services.taas.taas_plugin [None req-57011085-c243-47f2-8742-8bb86ed9b265 4c369f5b570d4982ad1b24245fefdd26 aa1377eb1a6547d781a843b8f5e59bf7 - - default default] TaaS: Handle Delete Port: 9c342b95-8d70-430a-8d17-d619a0b4aa28
2026-04-07 01:15:48.502 7 INFO neutron_taas.services.taas.tap_mirror_plugin [None req-57011085-c243-47f2-8742-8bb86ed9b265 4c369f5b570d4982ad1b24245fefdd26 aa1377eb1a6547d781a843b8f5e59bf7 - - default default] Tap Mirror: Handle Delete Port: 9c342b95-8d70-430a-8d17-d619a0b4aa28
2026-04-07 01:15:48.871 8 INFO neutron.db.ovn_revision_numbers_db [None req-1a765e84-ced5-4494-84c6-7060ba4becd4 4c369f5b570d4982ad1b24245fefdd26 aa1377eb1a6547d781a843b8f5e59bf7 - - default default] Successfully bumped revision number for resource ef0b98c3-2cfe-4946-b4a4-36a7ac844c03 (type: security_groups) to 1
2026-04-07 01:15:48.883 8 INFO neutron.db.ovn_revision_numbers_db [None req-1a765e84-ced5-4494-84c6-7060ba4becd4 4c369f5b570d4982ad1b24245fefdd26 aa1377eb1a6547d781a843b8f5e59bf7 - - default default] Successfully bumped revision number for resource 53457486-166b-452f-98d5-c3dba4f92683 (type: security_group_rules) to 0
2026-04-07 01:15:48.895 8 INFO neutron.db.ovn_revision_numbers_db [None req-1a765e84-ced5-4494-84c6-7060ba4becd4 4c369f5b570d4982ad1b24245fefdd26 aa1377eb1a6547d781a843b8f5e59bf7 - - default default] Successfully bumped revision number for resource 727dacc9-a3a9-4477-bf62-725e7b549b6b (type: security_group_rules) to 0
2026-04-07 01:15:48.920 8 INFO neutron.db.ovn_revision_numbers_db [None req-1a765e84-ced5-4494-84c6-7060ba4becd4 4c369f5b570d4982ad1b24245fefdd26 aa1377eb1a6547d781a843b8f5e59bf7 - - default default] Successfully bumped revision number for resource ccc86c80-a288-4582-bce6-fe57bcae2fd8 (type: security_group_rules) to 0
2026-04-07 01:15:48.948 8 INFO neutron.db.ovn_revision_numbers_db [None req-1a765e84-ced5-4494-84c6-7060ba4becd4 4c369f5b570d4982ad1b24245fefdd26 aa1377eb1a6547d781a843b8f5e59bf7 - - default default] Successfully bumped revision number for resource dcd5e1b3-a30b-45c4-bc75-2005586eb785 (type: security_group_rules) to 0 [pid: 7|app: 0|req: 689/1256] 10.0.0.225 () {32 vars in 723 bytes} [Tue Apr 7 01:15:48 2026] DELETE /v2.0/routers/16f52e25-0479-4b74-9e29-036e8dfbbbd0 => generated 0 bytes in 910 msecs (HTTP/1.1 204) 2 headers in 112 bytes (1 switches on core 0) [pid: 8|app: 0|req: 568/1257] 10.0.0.225 () {32 vars in 773 bytes} [Tue Apr 7 01:15:48 2026] GET /v2.0/security-groups?tenant_id=0d4f518ae7414d61a61f88f10bf8b697&name=default => generated 2925 bytes in 333 msecs (HTTP/1.1 200) 4 headers in 158 bytes (1 switches on core 0) [pid: 7|app: 0|req: 690/1258] 10.0.0.225 () {32 vars in 723 bytes} [Tue Apr 7 01:15:48 2026] DELETE /v2.0/subnets/23a8f869-5c25-4d9a-8362-344c9e3ae139 => generated 0 bytes in 179 msecs (HTTP/1.1 204) 3 headers in 131 bytes (1 switches on core 0)
2026-04-07 01:15:49.364 7 INFO neutron_taas.services.taas.taas_plugin [None req-f91c38df-8022-452c-a273-1c876f00b321 4c369f5b570d4982ad1b24245fefdd26 aa1377eb1a6547d781a843b8f5e59bf7 - - default default] TaaS: Handle Delete Port: 8358e0dd-b019-491a-be58-bb670a41c075
2026-04-07 01:15:49.367 7 INFO neutron_taas.services.taas.tap_mirror_plugin [None req-f91c38df-8022-452c-a273-1c876f00b321 4c369f5b570d4982ad1b24245fefdd26 aa1377eb1a6547d781a843b8f5e59bf7 - - default default] Tap Mirror: Handle Delete Port: 8358e0dd-b019-491a-be58-bb670a41c075 [pid: 8|app: 0|req: 569/1259] 10.0.0.225 () {32 vars in 739 bytes} [Tue Apr 7 01:15:49 2026] DELETE /v2.0/security-groups/ef0b98c3-2cfe-4946-b4a4-36a7ac844c03 => generated 0 bytes in 357 msecs (HTTP/1.1 204) 2 headers in 112 bytes (1 switches on core 0)
2026-04-07 01:15:49.577 7 INFO neutron.services.segments.plugin [-] Segment 6c6283eb-eed8-4108-936e-efaba5bd20ee resource provider aggregate not found
2026-04-07 01:15:49.587 7 INFO neutron.services.segments.plugin [-] Segment 6c6283eb-eed8-4108-936e-efaba5bd20ee resource provider aggregate not found
2026-04-07 01:15:49.596 7 INFO neutron.services.segments.plugin [-] Segment 6c6283eb-eed8-4108-936e-efaba5bd20ee resource provider not found; error: Placement Client Error (4xx): {"errors": [{"status": 404, "title": "Not Found", "detail": "The resource could not be found.\n\n No resource provider with uuid 6c6283eb-eed8-4108-936e-efaba5bd20ee found for delete ", "request_id": "req-32a57afc-7091-4287-b3da-15a9d84d8fe5"}]}
2026-04-07 01:15:49.616 7 INFO neutron.services.segments.plugin [-] Segment 6c6283eb-eed8-4108-936e-efaba5bd20ee resource provider not found; error: Placement Client Error (4xx): {"errors": [{"status": 404, "title": "Not Found", "detail": "The resource could not be found.\n\n No resource provider with uuid 6c6283eb-eed8-4108-936e-efaba5bd20ee found for delete ", "request_id": "req-adf3ef89-b2ae-46f5-b278-f6890b49491a"}]} [pid: 7|app: 0|req: 691/1262] 10.0.0.225 () {32 vars in 725 bytes} [Tue Apr 7 01:15:49 2026] DELETE /v2.0/networks/a83c7455-84c6-408a-a3f2-b2a94510e3df => generated 0 bytes in 495 msecs (HTTP/1.1 204) 3 headers in 131 bytes (1 switches on core 0) [pid: 8|app: 0|req: 572/1263] 10.0.0.225 () {32 vars in 773 bytes} [Tue Apr 7 01:15:49 2026] GET /v2.0/security-groups?tenant_id=094afa7873cd417693f16804815ccf84&name=default => generated 2925 bytes in 32 msecs (HTTP/1.1 200) 4 headers in 158 bytes (1 switches on core 0) [pid: 7|app: 0|req: 692/1264] 10.0.0.225 () {32 vars in 739 bytes} [Tue Apr 7 01:15:49 2026] DELETE /v2.0/security-groups/fa862a19-8d71-41d8-9489-aafd4f03ece8 => generated 0 bytes in 285 msecs (HTTP/1.1 204) 2 headers in 112 bytes (1 switches on core 0)
2026-04-07 01:15:51.664 8 INFO neutron.db.ovn_revision_numbers_db [None req-0f0ebb6c-57d1-4536-b54b-a81b9f6d8b78 4c369f5b570d4982ad1b24245fefdd26 aa1377eb1a6547d781a843b8f5e59bf7 - - default default] Successfully bumped revision number for resource 9a02b011-00bf-4fad-83db-6af941dd1f45 (type: security_groups) to 1
2026-04-07 01:15:51.678 8 INFO neutron.db.ovn_revision_numbers_db [None req-0f0ebb6c-57d1-4536-b54b-a81b9f6d8b78 4c369f5b570d4982ad1b24245fefdd26 aa1377eb1a6547d781a843b8f5e59bf7 - - default default] Successfully bumped revision number for resource 2030b3cb-fb71-45fb-a7c4-45a08b675a6d (type: security_group_rules) to 0
2026-04-07 01:15:51.694 8 INFO neutron.db.ovn_revision_numbers_db [None req-0f0ebb6c-57d1-4536-b54b-a81b9f6d8b78 4c369f5b570d4982ad1b24245fefdd26 aa1377eb1a6547d781a843b8f5e59bf7 - - default default] Successfully bumped revision number for resource a385f151-41d1-4fba-a69e-18d4e3af7d73 (type: security_group_rules) to 0
2026-04-07 01:15:51.717 8 INFO neutron.db.ovn_revision_numbers_db [None req-0f0ebb6c-57d1-4536-b54b-a81b9f6d8b78 4c369f5b570d4982ad1b24245fefdd26 aa1377eb1a6547d781a843b8f5e59bf7 - - default default] Successfully bumped revision number for resource c739bb9d-2197-45c4-9c95-d194e04c05ca (type: security_group_rules) to 0
2026-04-07 01:15:51.719 7 INFO neutron.db.ovn_revision_numbers_db [None req-b63f489d-fc39-40de-931d-2217ca49c59d 4c369f5b570d4982ad1b24245fefdd26 aa1377eb1a6547d781a843b8f5e59bf7 - - default default] Successfully bumped revision number for resource 17774002-78ce-432f-ba3a-10866c812874 (type: security_groups) to 1
2026-04-07 01:15:51.731 7 INFO neutron.db.ovn_revision_numbers_db [None req-b63f489d-fc39-40de-931d-2217ca49c59d 4c369f5b570d4982ad1b24245fefdd26 aa1377eb1a6547d781a843b8f5e59bf7 - - default default] Successfully bumped revision number for resource 07e2c419-87e6-4dd0-bb9f-2f339e4c9c5b (type: security_group_rules) to 0
2026-04-07 01:15:51.734 8 INFO neutron.db.ovn_revision_numbers_db [None req-0f0ebb6c-57d1-4536-b54b-a81b9f6d8b78 4c369f5b570d4982ad1b24245fefdd26 aa1377eb1a6547d781a843b8f5e59bf7 - - default default] Successfully bumped revision number for resource deb9fe59-e1b7-4738-a3d3-996351d15fbb (type: security_group_rules) to 0
2026-04-07 01:15:51.744 7 INFO neutron.db.ovn_revision_numbers_db [None req-b63f489d-fc39-40de-931d-2217ca49c59d 4c369f5b570d4982ad1b24245fefdd26 aa1377eb1a6547d781a843b8f5e59bf7 - - default default] Successfully bumped revision number for resource 0bcb3734-d9b5-48c8-83ad-f94dfa806400 (type: security_group_rules) to 0
2026-04-07 01:15:51.755 7 INFO neutron.db.ovn_revision_numbers_db [None req-b63f489d-fc39-40de-931d-2217ca49c59d 4c369f5b570d4982ad1b24245fefdd26 aa1377eb1a6547d781a843b8f5e59bf7 - - default default] Successfully bumped revision number for resource 3bcd65d9-2677-4b40-b05e-98944fea9819 (type: security_group_rules) to 0
2026-04-07 01:15:51.766 7 INFO neutron.db.ovn_revision_numbers_db [None req-b63f489d-fc39-40de-931d-2217ca49c59d 4c369f5b570d4982ad1b24245fefdd26 aa1377eb1a6547d781a843b8f5e59bf7 - - default default] Successfully bumped revision number for resource 50ebb304-b064-43a9-92d8-23af4e3c20e9 (type: security_group_rules) to 0 [pid: 8|app: 0|req: 573/1265] 10.0.0.225 () {32 vars in 773 bytes} [Tue Apr 7 01:15:51 2026] GET /v2.0/security-groups?tenant_id=3349c4dbce4f4e3b981831c7911bbf21&name=default => generated 2925 bytes in 394 msecs (HTTP/1.1 200) 4 headers in 158 bytes (1 switches on core 0) [pid: 7|app: 0|req: 693/1266] 10.0.0.225 () {32 vars in 773 bytes} [Tue Apr 7 01:15:51 2026] GET /v2.0/security-groups?tenant_id=cbb6aaaa680448a2be4bb2b2bff900d3&name=default => generated 2925 bytes in 333 msecs (HTTP/1.1 200) 4 headers in 158 bytes (1 switches on core 0) [pid: 8|app: 0|req: 574/1267] 10.0.0.225 () {32 vars in 739 bytes} [Tue Apr 7 01:15:51 2026] DELETE /v2.0/security-groups/9a02b011-00bf-4fad-83db-6af941dd1f45 => generated 0 bytes in 320 msecs (HTTP/1.1 204) 2 headers in 112 bytes (1 switches on core 0) [pid: 7|app: 0|req: 694/1268] 10.0.0.225 () {32 vars in 739 bytes} [Tue Apr 7 01:15:51 2026] DELETE /v2.0/security-groups/17774002-78ce-432f-ba3a-10866c812874 => generated 0 bytes in 331 msecs (HTTP/1.1 204) 2 headers in 112 bytes (1 switches on core 0)
2026-04-07 01:15:52.416 8 INFO neutron.db.ovn_revision_numbers_db [None req-9ff4111f-c927-4df7-b54f-628d6d3ac52f 4c369f5b570d4982ad1b24245fefdd26 aa1377eb1a6547d781a843b8f5e59bf7 - - default default] Successfully bumped revision number for resource aebe90dd-e312-4bc5-93a7-d4507cab66df (type: security_groups) to 1
2026-04-07 01:15:52.427 8 INFO neutron.db.ovn_revision_numbers_db [None req-9ff4111f-c927-4df7-b54f-628d6d3ac52f 4c369f5b570d4982ad1b24245fefdd26 aa1377eb1a6547d781a843b8f5e59bf7 - - default default] Successfully bumped revision number for resource 0746d90b-338c-488d-a7a3-81cf51a19eb9 (type: security_group_rules) to 0
2026-04-07 01:15:52.440 8 INFO neutron.db.ovn_revision_numbers_db [None req-9ff4111f-c927-4df7-b54f-628d6d3ac52f 4c369f5b570d4982ad1b24245fefdd26 aa1377eb1a6547d781a843b8f5e59bf7 - - default default] Successfully bumped revision number for resource 37b993cd-4d5b-4107-962b-381e4a1fee6e (type: security_group_rules) to 0
2026-04-07 01:15:52.451 8 INFO neutron.db.ovn_revision_numbers_db [None req-9ff4111f-c927-4df7-b54f-628d6d3ac52f 4c369f5b570d4982ad1b24245fefdd26 aa1377eb1a6547d781a843b8f5e59bf7 - - default default] Successfully bumped revision number for resource 45b536e9-daa2-4f64-9a92-a3017da49b4b (type: security_group_rules) to 0
2026-04-07 01:15:52.467 8 INFO neutron.db.ovn_revision_numbers_db [None req-9ff4111f-c927-4df7-b54f-628d6d3ac52f 4c369f5b570d4982ad1b24245fefdd26 aa1377eb1a6547d781a843b8f5e59bf7 - - default default] Successfully bumped revision number for resource fb1d51ae-2d2b-40b8-b7f1-cbee56ce9846 (type: security_group_rules) to 0
2026-04-07 01:15:52.543 7 INFO neutron.db.ovn_revision_numbers_db [None req-4aad5d35-a214-43ac-9804-d95437f0c225 4c369f5b570d4982ad1b24245fefdd26 aa1377eb1a6547d781a843b8f5e59bf7 - - default default] Successfully bumped revision number for resource 7abc9640-3a94-4fa7-819b-40baa01bf1ba (type: security_groups) to 1
2026-04-07 01:15:52.548 8 INFO neutron.db.segments_db [None req-9ff4111f-c927-4df7-b54f-628d6d3ac52f 4c369f5b570d4982ad1b24245fefdd26 aa1377eb1a6547d781a843b8f5e59bf7 - - default default] Added segment 8fb02c5c-a5e0-4e18-ad8d-d034e2a6e9e9 of type geneve for network 484b2e23-daad-4881-99b2-980ef7c21fb2
2026-04-07 01:15:52.556 7 INFO neutron.db.ovn_revision_numbers_db [None req-4aad5d35-a214-43ac-9804-d95437f0c225 4c369f5b570d4982ad1b24245fefdd26 aa1377eb1a6547d781a843b8f5e59bf7 - - default default] Successfully bumped revision number for resource 377fc321-2e6f-4d3e-9892-bbc78c22b76a (type: security_group_rules) to 0
2026-04-07 01:15:52.567 7 INFO neutron.db.ovn_revision_numbers_db [None req-4aad5d35-a214-43ac-9804-d95437f0c225 4c369f5b570d4982ad1b24245fefdd26 aa1377eb1a6547d781a843b8f5e59bf7 - - default default] Successfully bumped revision number for resource 5685e4f4-8ac1-451c-9afb-2d5ba2c354f5 (type: security_group_rules) to 0
2026-04-07 01:15:52.579 7 INFO neutron.db.ovn_revision_numbers_db [None req-4aad5d35-a214-43ac-9804-d95437f0c225 4c369f5b570d4982ad1b24245fefdd26 aa1377eb1a6547d781a843b8f5e59bf7 - - default default] Successfully bumped revision number for resource a8cb38cc-c7f1-4bb8-876d-f782e02c998b (type: security_group_rules) to 0
2026-04-07 01:15:52.596 7 INFO neutron.db.ovn_revision_numbers_db [None req-4aad5d35-a214-43ac-9804-d95437f0c225 4c369f5b570d4982ad1b24245fefdd26 aa1377eb1a6547d781a843b8f5e59bf7 - - default default] Successfully bumped revision number for resource c05904bf-c9bb-41c6-812f-2ab1a4f73a37 (type: security_group_rules) to 0 [pid: 7|app: 0|req: 695/1269] 10.0.0.225 () {32 vars in 773 bytes} [Tue Apr 7 01:15:52 2026] GET /v2.0/security-groups?tenant_id=9db1da864b9740abb5a5d282537ebd71&name=default => generated 2925 bytes in 326 msecs (HTTP/1.1 200) 4 headers in 158 bytes (1 switches on core 0)
2026-04-07 01:15:52.669 8 INFO neutron.db.ovn_revision_numbers_db [None req-9ff4111f-c927-4df7-b54f-628d6d3ac52f 4c369f5b570d4982ad1b24245fefdd26 aa1377eb1a6547d781a843b8f5e59bf7 - - default default] Successfully bumped revision number for resource 484b2e23-daad-4881-99b2-980ef7c21fb2 (type: networks) to 1
2026-04-07 01:15:52.860 8 WARNING neutron.scheduler.dhcp_agent_scheduler [None req-9ff4111f-c927-4df7-b54f-628d6d3ac52f 4c369f5b570d4982ad1b24245fefdd26 aa1377eb1a6547d781a843b8f5e59bf7 - - default default] No more DHCP agents
2026-04-07 01:15:52.861 8 WARNING neutron.api.rpc.agentnotifiers.dhcp_rpc_agent_api [None req-9ff4111f-c927-4df7-b54f-628d6d3ac52f 4c369f5b570d4982ad1b24245fefdd26 aa1377eb1a6547d781a843b8f5e59bf7 - - default default] Unable to schedule network 484b2e23-daad-4881-99b2-980ef7c21fb2: no agents available; will retry on subsequent port and subnet creation events.
2026-04-07 01:15:52.955 8 INFO neutron.plugins.ml2.drivers.ovn.mech_driver.mech_driver [None req-31ffa349-ed72-401a-be93-cbeead7375fa - - - - - -] OVN reports status down for port: e4124183-d795-4384-ab83-57a397f7ed5f
2026-04-07 01:15:53.045 8 INFO neutron.db.ovn_revision_numbers_db [None req-9ff4111f-c927-4df7-b54f-628d6d3ac52f 4c369f5b570d4982ad1b24245fefdd26 aa1377eb1a6547d781a843b8f5e59bf7 - - default default] Successfully bumped revision number for resource e4124183-d795-4384-ab83-57a397f7ed5f (type: ports) to 1 [pid: 7|app: 0|req: 696/1270] 10.0.0.225 () {32 vars in 739 bytes} [Tue Apr 7 01:15:52 2026] DELETE /v2.0/security-groups/7abc9640-3a94-4fa7-819b-40baa01bf1ba => generated 0 bytes in 388 msecs (HTTP/1.1 204) 2 headers in 112 bytes (1 switches on core 0) [pid: 8|app: 0|req: 575/1271] 10.0.0.225 () {34 vars in 670 bytes} [Tue Apr 7 01:15:52 2026] POST /v2.0/networks => generated 747 bytes in 1012 msecs (HTTP/1.1 201) 4 headers in 162 bytes (1 switches on core 0)
2026-04-07 01:15:53.288 7 WARNING neutron.scheduler.dhcp_agent_scheduler [None req-a0d57a1c-11b3-42ca-98bf-6a965a9fcab0 4c369f5b570d4982ad1b24245fefdd26 aa1377eb1a6547d781a843b8f5e59bf7 - - default default] No more DHCP agents
2026-04-07 01:15:53.290 7 WARNING neutron.api.rpc.agentnotifiers.dhcp_rpc_agent_api [None req-a0d57a1c-11b3-42ca-98bf-6a965a9fcab0 4c369f5b570d4982ad1b24245fefdd26 aa1377eb1a6547d781a843b8f5e59bf7 - - default default] Unable to schedule network 484b2e23-daad-4881-99b2-980ef7c21fb2: no agents available; will retry on subsequent port and subnet creation events.
2026-04-07 01:15:53.528 8 INFO neutron.db.ovn_revision_numbers_db [None req-96c3c86e-89f4-4f43-b312-62b737009335 4c369f5b570d4982ad1b24245fefdd26 aa1377eb1a6547d781a843b8f5e59bf7 - - default default] Successfully bumped revision number for resource 539a3f74-1664-4a79-81c2-e272e1ebab9c (type: security_groups) to 1
2026-04-07 01:15:53.540 8 INFO neutron.db.ovn_revision_numbers_db [None req-96c3c86e-89f4-4f43-b312-62b737009335 4c369f5b570d4982ad1b24245fefdd26 aa1377eb1a6547d781a843b8f5e59bf7 - - default default] Successfully bumped revision number for resource 09caefb3-21bf-4418-af1f-48d70ab75088 (type: security_group_rules) to 0
2026-04-07 01:15:53.552 8 INFO neutron.db.ovn_revision_numbers_db [None req-96c3c86e-89f4-4f43-b312-62b737009335 4c369f5b570d4982ad1b24245fefdd26 aa1377eb1a6547d781a843b8f5e59bf7 - - default default] Successfully bumped revision number for resource 2fa009f7-74b0-4939-bc26-bb1a9a7c71ea (type: security_group_rules) to 0
2026-04-07 01:15:53.565 8 INFO neutron.db.ovn_revision_numbers_db [None req-96c3c86e-89f4-4f43-b312-62b737009335 4c369f5b570d4982ad1b24245fefdd26 aa1377eb1a6547d781a843b8f5e59bf7 - - default default] Successfully bumped revision number for resource 9be0f6e9-57a6-4dd3-ab0c-7acd68e59778 (type: security_group_rules) to 0
2026-04-07 01:15:53.579 8 INFO neutron.db.ovn_revision_numbers_db [None req-96c3c86e-89f4-4f43-b312-62b737009335 4c369f5b570d4982ad1b24245fefdd26 aa1377eb1a6547d781a843b8f5e59bf7 - - default default] Successfully bumped revision number for resource ed450776-57bf-49f7-9b44-27a982d37174 (type: security_group_rules) to 0 [pid: 8|app: 0|req: 576/1272] 10.0.0.225 () {32 vars in 773 bytes} [Tue Apr 7 01:15:53 2026] GET /v2.0/security-groups?tenant_id=3af3b9473a9b4586b6bea513e8785740&name=default => generated 2925 bytes in 385 msecs (HTTP/1.1 200) 4 headers in 158 bytes (1 switches on core 0)
2026-04-07 01:15:53.941 7 INFO neutron.db.ovn_revision_numbers_db [None req-2854e469-5c2a-4543-a1ef-79ae880c9e7c - - - - - -] Successfully bumped revision number for resource e4124183-d795-4384-ab83-57a397f7ed5f (type: ports) to 2 [pid: 8|app: 0|req: 577/1273] 10.0.0.225 () {32 vars in 739 bytes} [Tue Apr 7 01:15:53 2026] DELETE /v2.0/security-groups/539a3f74-1664-4a79-81c2-e272e1ebab9c => generated 0 bytes in 364 msecs (HTTP/1.1 204) 2 headers in 112 bytes (1 switches on core 0)
2026-04-07 01:15:53.989 7 INFO neutron.db.ovn_revision_numbers_db [None req-2854e469-5c2a-4543-a1ef-79ae880c9e7c - - - - - -] Successfully bumped revision number for resource 267dad7d-34c0-448f-acb2-394c1ba3748a (type: subnets) to 0 [pid: 7|app: 0|req: 697/1274] 10.0.0.225 () {34 vars in 668 bytes} [Tue Apr 7 01:15:53 2026] POST /v2.0/subnets => generated 691 bytes in 880 msecs (HTTP/1.1 201) 4 headers in 162 bytes (1 switches on core 0)
2026-04-07 01:15:54.296 7 INFO neutron.db.ovn_revision_numbers_db [None req-0ea476ce-5be4-43a7-90de-0bd4bc658e9a 4c369f5b570d4982ad1b24245fefdd26 aa1377eb1a6547d781a843b8f5e59bf7 - - default default] Successfully bumped revision number for resource c2861911-11ff-4fda-ba7f-074009c11831 (type: security_groups) to 1
2026-04-07 01:15:54.307 7 INFO neutron.db.ovn_revision_numbers_db [None req-0ea476ce-5be4-43a7-90de-0bd4bc658e9a 4c369f5b570d4982ad1b24245fefdd26 aa1377eb1a6547d781a843b8f5e59bf7 - - default default] Successfully bumped revision number for resource 4f2f9ccc-da9b-4cc6-8ef2-080672b0df68 (type: security_group_rules) to 0
2026-04-07 01:15:54.318 7 INFO neutron.db.ovn_revision_numbers_db [None req-0ea476ce-5be4-43a7-90de-0bd4bc658e9a 4c369f5b570d4982ad1b24245fefdd26 aa1377eb1a6547d781a843b8f5e59bf7 - - default default] Successfully bumped revision number for resource a83f019f-8d52-4d46-aea4-2f564663bad5 (type: security_group_rules) to 0
2026-04-07 01:15:54.332 7 INFO neutron.db.ovn_revision_numbers_db [None req-0ea476ce-5be4-43a7-90de-0bd4bc658e9a 4c369f5b570d4982ad1b24245fefdd26 aa1377eb1a6547d781a843b8f5e59bf7 - - default default] Successfully bumped revision number for resource dda9314c-ccb2-42b8-9696-edab388243e7 (type: security_group_rules) to 0
2026-04-07 01:15:54.343 7 INFO neutron.db.ovn_revision_numbers_db [None req-0ea476ce-5be4-43a7-90de-0bd4bc658e9a 4c369f5b570d4982ad1b24245fefdd26 aa1377eb1a6547d781a843b8f5e59bf7 - - default default] Successfully bumped revision number for resource f732e0e5-c780-4cd2-bc49-7b2c1d9d55c1 (type: security_group_rules) to 0 [pid: 7|app: 0|req: 698/1275] 10.0.0.225 () {32 vars in 773 bytes} [Tue Apr 7 01:15:54 2026] GET /v2.0/security-groups?tenant_id=60b2e8b5bedd4d91ab83338f3868fbec&name=default => generated 2925 bytes in 267 msecs (HTTP/1.1 200) 4 headers in 158 bytes (1 switches on core 0)
2026-04-07 01:15:54.482 8 WARNING neutron.scheduler.dhcp_agent_scheduler [None req-c2af9cf3-7d34-425c-adff-fe0f40d29f29 4c369f5b570d4982ad1b24245fefdd26 aa1377eb1a6547d781a843b8f5e59bf7 - - default default] No more DHCP agents
2026-04-07 01:15:54.483 8 WARNING neutron.api.rpc.agentnotifiers.dhcp_rpc_agent_api [None req-c2af9cf3-7d34-425c-adff-fe0f40d29f29 4c369f5b570d4982ad1b24245fefdd26 aa1377eb1a6547d781a843b8f5e59bf7 - - default default] Unable to schedule network 8d28a1e1-3053-4d92-96ba-663be5a1c272: no agents available; will retry on subsequent port and subnet creation events.
2026-04-07 01:15:54.700 8 INFO neutron.plugins.ml2.drivers.ovn.mech_driver.mech_driver [None req-31ffa349-ed72-401a-be93-cbeead7375fa - - - - - -] OVN reports status down for port: 4de9537d-b6a5-41e4-8c8d-ae50114023c2 [pid: 7|app: 0|req: 699/1276] 10.0.0.225 () {32 vars in 739 bytes} [Tue Apr 7 01:15:54 2026] DELETE /v2.0/security-groups/c2861911-11ff-4fda-ba7f-074009c11831 => generated 0 bytes in 312 msecs (HTTP/1.1 204) 2 headers in 112 bytes (1 switches on core 0)
2026-04-07 01:15:54.777 8 INFO neutron.db.ovn_revision_numbers_db [None req-c2af9cf3-7d34-425c-adff-fe0f40d29f29 4c369f5b570d4982ad1b24245fefdd26 aa1377eb1a6547d781a843b8f5e59bf7 - - default default] Successfully bumped revision number for resource 4de9537d-b6a5-41e4-8c8d-ae50114023c2 (type: ports) to 1
2026-04-07 01:15:55.035 7 INFO neutron.db.ovn_revision_numbers_db [None req-56c7ac65-9b84-4017-b37e-a44d0e863ab5 4c369f5b570d4982ad1b24245fefdd26 aa1377eb1a6547d781a843b8f5e59bf7 - - default default] Successfully bumped revision number for resource b65a77ee-33e0-466d-bcea-3d4c6cf7d4ed (type: security_groups) to 1
2026-04-07 01:15:55.068 7 INFO neutron.db.ovn_revision_numbers_db [None req-56c7ac65-9b84-4017-b37e-a44d0e863ab5 4c369f5b570d4982ad1b24245fefdd26 aa1377eb1a6547d781a843b8f5e59bf7 - - default default] Successfully bumped revision number for resource 19744575-731e-4251-a16f-0d8d8213fd96 (type: security_group_rules) to 0
2026-04-07 01:15:55.083 7 INFO neutron.db.ovn_revision_numbers_db [None req-56c7ac65-9b84-4017-b37e-a44d0e863ab5 4c369f5b570d4982ad1b24245fefdd26 aa1377eb1a6547d781a843b8f5e59bf7 - - default default] Successfully bumped revision number for resource 34b15fe5-4208-4b18-a9b3-1c8324929207 (type: security_group_rules) to 0
2026-04-07 01:15:55.097 7 INFO neutron.db.ovn_revision_numbers_db [None req-56c7ac65-9b84-4017-b37e-a44d0e863ab5 4c369f5b570d4982ad1b24245fefdd26 aa1377eb1a6547d781a843b8f5e59bf7 - - default default] Successfully bumped revision number for resource 72187290-c205-4bbd-bb14-278010c894dd (type: security_group_rules) to 0
2026-04-07 01:15:55.109 7 INFO neutron.db.ovn_revision_numbers_db [None req-56c7ac65-9b84-4017-b37e-a44d0e863ab5 4c369f5b570d4982ad1b24245fefdd26 aa1377eb1a6547d781a843b8f5e59bf7 - - default default] Successfully bumped revision number for resource dafe4cad-224b-4e48-8bd9-c5b887f3fcbb (type: security_group_rules) to 0 [pid: 7|app: 0|req: 700/1277] 10.0.0.225 () {32 vars in 773 bytes} [Tue Apr 7 01:15:54 2026] GET /v2.0/security-groups?tenant_id=e614bf976b984dcba7f24bc8d649522e&name=default => generated 2925 bytes in 451 msecs (HTTP/1.1 200) 4 headers in 158 bytes (1 switches on core 0) [pid: 7|app: 0|req: 701/1278] 10.0.0.225 () {32 vars in 739 bytes} [Tue Apr 7 01:15:55 2026] DELETE /v2.0/security-groups/b65a77ee-33e0-466d-bcea-3d4c6cf7d4ed => generated 0 bytes in 264 msecs (HTTP/1.1 204) 2 headers in 112 bytes (1 switches on core 0)
2026-04-07 01:15:55.539 8 INFO neutron.plugins.ml2.drivers.ovn.mech_driver.ovsdb.commands [-] Schedule LRP lrp-4de9537d-b6a5-41e4-8c8d-ae50114023c2 on gateway fe668913-a4d8-42c4-b138-c1aa4d911634 with priority 1
2026-04-07 01:15:55.670 8 INFO neutron.plugins.ml2.drivers.ovn.mech_driver.ovsdb.ovsdb_monitor [None req-1714b038-6ed6-482a-8127-4085255f62a7 - - - - - -] Router f74fb862-b32f-4285-8eb3-9af55f28058e is bound to host instance
2026-04-07 01:15:55.677 8 INFO neutron.plugins.ml2.drivers.ovn.mech_driver.mech_driver [None req-31ffa349-ed72-401a-be93-cbeead7375fa - - - - - -] OVN reports status up for port: 4de9537d-b6a5-41e4-8c8d-ae50114023c2
2026-04-07 01:15:55.741 8 INFO neutron.plugins.ml2.plugin [None req-31ffa349-ed72-401a-be93-cbeead7375fa - - - - - -] Attempt 1 to provision port 4de9537d-b6a5-41e4-8c8d-ae50114023c2
2026-04-07 01:15:55.779 8 INFO neutron.db.ovn_revision_numbers_db [None req-c2af9cf3-7d34-425c-adff-fe0f40d29f29 4c369f5b570d4982ad1b24245fefdd26 aa1377eb1a6547d781a843b8f5e59bf7 - - default default] Successfully bumped revision number for resource 4de9537d-b6a5-41e4-8c8d-ae50114023c2 (type: router_ports) to 1
2026-04-07 01:15:56.526 8 INFO neutron.db.ovn_revision_numbers_db [None req-c2af9cf3-7d34-425c-adff-fe0f40d29f29 4c369f5b570d4982ad1b24245fefdd26 aa1377eb1a6547d781a843b8f5e59bf7 - - default default] Successfully bumped revision number for resource f74fb862-b32f-4285-8eb3-9af55f28058e (type: routers) to 2 [pid: 8|app: 0|req: 578/1279] 10.0.0.225 () {34 vars in 668 bytes} [Tue Apr 7 01:15:54 2026] POST /v2.0/routers => generated 969 bytes in 2573 msecs (HTTP/1.1 201) 4 headers in 162 bytes (1 switches on core 0)
2026-04-07 01:15:57.022 7 WARNING neutron.scheduler.dhcp_agent_scheduler [None req-0cd5a70c-f0cf-4c7b-a80b-f0018083c9a4 4c369f5b570d4982ad1b24245fefdd26 aa1377eb1a6547d781a843b8f5e59bf7 - - default default] No more DHCP agents
2026-04-07 01:15:57.023 7 WARNING neutron.api.rpc.agentnotifiers.dhcp_rpc_agent_api [None req-0cd5a70c-f0cf-4c7b-a80b-f0018083c9a4 4c369f5b570d4982ad1b24245fefdd26 aa1377eb1a6547d781a843b8f5e59bf7 - - default default] Unable to schedule network 484b2e23-daad-4881-99b2-980ef7c21fb2: no agents available; will retry on subsequent port and subnet creation events.
2026-04-07 01:15:57.204 7 INFO neutron.db.ovn_revision_numbers_db [None req-0cd5a70c-f0cf-4c7b-a80b-f0018083c9a4 4c369f5b570d4982ad1b24245fefdd26 aa1377eb1a6547d781a843b8f5e59bf7 - - default default] Successfully bumped revision number for resource e428bf86-c14b-4947-910b-2904bbfaf5b5 (type: ports) to 1
2026-04-07 01:15:57.390 8 INFO neutron.db.ovn_revision_numbers_db [None req-c83d3576-3535-41f1-a140-0668870e35ae - - - - - -] Successfully bumped revision number for resource 4de9537d-b6a5-41e4-8c8d-ae50114023c2 (type: ports) to 4
2026-04-07 01:15:57.704 8 INFO neutron.db.ovn_revision_numbers_db [None req-480842bf-a995-4678-9647-8da04a1ba4ec 4c369f5b570d4982ad1b24245fefdd26 aa1377eb1a6547d781a843b8f5e59bf7 - - default default] Successfully bumped revision number for resource 72c1fbff-6168-452b-9a61-c4fc6f92ea2f (type: security_groups) to 1
2026-04-07 01:15:57.727 8 INFO neutron.db.ovn_revision_numbers_db [None req-480842bf-a995-4678-9647-8da04a1ba4ec 4c369f5b570d4982ad1b24245fefdd26 aa1377eb1a6547d781a843b8f5e59bf7 - - default default] Successfully bumped revision number for resource 5e103724-e0c4-4e31-b81f-7bb32959e483 (type: security_group_rules) to 0
2026-04-07 01:15:57.749 8 INFO neutron.db.ovn_revision_numbers_db [None req-480842bf-a995-4678-9647-8da04a1ba4ec 4c369f5b570d4982ad1b24245fefdd26 aa1377eb1a6547d781a843b8f5e59bf7 - - default default] Successfully bumped revision number for resource a5a72911-f899-4b36-8276-7821e9559200 (type: security_group_rules) to 0
2026-04-07 01:15:57.775 8 INFO neutron.db.ovn_revision_numbers_db [None req-480842bf-a995-4678-9647-8da04a1ba4ec 4c369f5b570d4982ad1b24245fefdd26 aa1377eb1a6547d781a843b8f5e59bf7 - - default default] Successfully bumped revision number for resource f872abc8-3221-4c4b-90e9-e8d80650aa23 (type: security_group_rules) to 0
2026-04-07 01:15:57.808 8 INFO neutron.db.ovn_revision_numbers_db [None req-480842bf-a995-4678-9647-8da04a1ba4ec 4c369f5b570d4982ad1b24245fefdd26 aa1377eb1a6547d781a843b8f5e59bf7 - - default default] Successfully bumped revision number for resource ff1e21a6-44af-4505-a847-61b7732eb01c (type: security_group_rules) to 0 [pid: 8|app: 0|req: 579/1280] 10.0.0.225 () {32 vars in 773 bytes} [Tue Apr 7 01:15:57 2026] GET /v2.0/security-groups?tenant_id=c14fd0249f7e4dcabf5c355a97654f8e&name=default => generated 2925 bytes in 643 msecs (HTTP/1.1 200) 4 headers in 158 bytes (1 switches on core 0)
2026-04-07 01:15:57.993 8 INFO neutron.db.ovn_revision_numbers_db [None req-c83d3576-3535-41f1-a140-0668870e35ae - - - - - -] Successfully bumped revision number for resource 4de9537d-b6a5-41e4-8c8d-ae50114023c2 (type: ports) to 5
2026-04-07 01:15:58.029 7 WARNING neutron.scheduler.dhcp_agent_scheduler [None req-0cd5a70c-f0cf-4c7b-a80b-f0018083c9a4 4c369f5b570d4982ad1b24245fefdd26 aa1377eb1a6547d781a843b8f5e59bf7 - - default default] No more DHCP agents
2026-04-07 01:15:58.030 7 WARNING neutron.api.rpc.agentnotifiers.dhcp_rpc_agent_api [None req-0cd5a70c-f0cf-4c7b-a80b-f0018083c9a4 4c369f5b570d4982ad1b24245fefdd26 aa1377eb1a6547d781a843b8f5e59bf7 - - default default] Unable to schedule network 484b2e23-daad-4881-99b2-980ef7c21fb2: no agents available; will retry on subsequent port and subnet creation events.
2026-04-07 01:15:58.308 8 INFO neutron.db.ovn_revision_numbers_db [None req-b484b133-b3b8-4861-823b-6237e6705483 4c369f5b570d4982ad1b24245fefdd26 aa1377eb1a6547d781a843b8f5e59bf7 - - default default] Successfully bumped revision number for resource ea58c42f-414e-4137-bfb6-c856a6b0b207 (type: security_groups) to 1
2026-04-07 01:15:58.320 8 INFO neutron.db.ovn_revision_numbers_db [None req-b484b133-b3b8-4861-823b-6237e6705483 4c369f5b570d4982ad1b24245fefdd26 aa1377eb1a6547d781a843b8f5e59bf7 - - default default] Successfully bumped revision number for resource 0d04f7e9-e92d-4291-9211-8c7978feeb3f (type: security_group_rules) to 0
2026-04-07 01:15:58.331 8 INFO neutron.db.ovn_revision_numbers_db [None req-b484b133-b3b8-4861-823b-6237e6705483 4c369f5b570d4982ad1b24245fefdd26 aa1377eb1a6547d781a843b8f5e59bf7 - - default default] Successfully bumped revision number for resource 17235cc8-c45e-4048-ac8a-4f9d1eca92ee (type: security_group_rules) to 0
2026-04-07 01:15:58.343 8 INFO neutron.db.ovn_revision_numbers_db [None req-b484b133-b3b8-4861-823b-6237e6705483 4c369f5b570d4982ad1b24245fefdd26 aa1377eb1a6547d781a843b8f5e59bf7 - - default default] Successfully bumped revision number for resource 1b0d38be-b939-494c-9274-775275df7cdf (type: security_group_rules) to 0
2026-04-07 01:15:58.355 8 INFO neutron.db.ovn_revision_numbers_db [None req-b484b133-b3b8-4861-823b-6237e6705483 4c369f5b570d4982ad1b24245fefdd26 aa1377eb1a6547d781a843b8f5e59bf7 - - default default] Successfully bumped revision number for resource bd9dfeed-14e9-49c6-b4ba-57a29fe24266 (type: security_group_rules) to 0
2026-04-07 01:15:58.427 8 INFO neutron.db.segments_db [None req-b484b133-b3b8-4861-823b-6237e6705483 4c369f5b570d4982ad1b24245fefdd26 aa1377eb1a6547d781a843b8f5e59bf7 - - default default] Added segment 53d439ee-138b-4155-bf07-3fac9b28fc59 of type geneve for network 102f8414-974f-4762-a364-de5dc5476ebc
2026-04-07 01:15:58.549 7 INFO neutron.db.ovn_revision_numbers_db [None req-0cd5a70c-f0cf-4c7b-a80b-f0018083c9a4 4c369f5b570d4982ad1b24245fefdd26 aa1377eb1a6547d781a843b8f5e59bf7 - - default default] Successfully bumped revision number for resource e428bf86-c14b-4947-910b-2904bbfaf5b5 (type: router_ports) to 1 [pid: 7|app: 0|req: 702/1281] 10.0.0.225 () {34 vars in 782 bytes} [Tue Apr 7 01:15:56 2026] PUT /v2.0/routers/f74fb862-b32f-4285-8eb3-9af55f28058e/add_router_interface => generated 309 bytes in 1967 msecs (HTTP/1.1 200) 4 headers in 157 bytes (1 switches on core 0)
2026-04-07 01:15:58.712 8 INFO neutron.db.ovn_revision_numbers_db [None req-b484b133-b3b8-4861-823b-6237e6705483 4c369f5b570d4982ad1b24245fefdd26 aa1377eb1a6547d781a843b8f5e59bf7 - - default default] Successfully bumped revision number for resource 102f8414-974f-4762-a364-de5dc5476ebc (type: networks) to 1
2026-04-07 01:15:58.835 8 INFO neutron.plugins.ml2.drivers.ovn.mech_driver.mech_driver [None req-31ffa349-ed72-401a-be93-cbeead7375fa - - - - - -] OVN reports status down for port: e428bf86-c14b-4947-910b-2904bbfaf5b5 [pid: 7|app: 0|req: 703/1282] 10.0.0.225 () {32 vars in 739 bytes} [Tue Apr 7 01:15:58 2026] DELETE /v2.0/security-groups/72c1fbff-6168-452b-9a61-c4fc6f92ea2f => generated 0 bytes in 295 msecs (HTTP/1.1 204) 2 headers in 112 bytes (1 switches on core 0)
2026-04-07 01:15:58.955 8 WARNING neutron.plugins.ml2.drivers.ovn.mech_driver.ovsdb.ovn_client [None req-31ffa349-ed72-401a-be93-cbeead7375fa - - - - - -] Logical_Switch_Port e428bf86-c14b-4947-910b-2904bbfaf5b5 host information not removed, the port state is up
2026-04-07 01:15:58.955 8 INFO neutron.plugins.ml2.drivers.ovn.mech_driver.mech_driver [None req-31ffa349-ed72-401a-be93-cbeead7375fa - - - - - -] OVN reports status up for port: e428bf86-c14b-4947-910b-2904bbfaf5b5
2026-04-07 01:15:58.976 8 INFO neutron.plugins.ml2.plugin [None req-31ffa349-ed72-401a-be93-cbeead7375fa - - - - - -] Attempt 1 to provision port e428bf86-c14b-4947-910b-2904bbfaf5b5
2026-04-07 01:15:58.978 8 WARNING neutron.scheduler.dhcp_agent_scheduler [None req-b484b133-b3b8-4861-823b-6237e6705483 4c369f5b570d4982ad1b24245fefdd26 aa1377eb1a6547d781a843b8f5e59bf7 - - default default] No more DHCP agents
2026-04-07 01:15:58.980 8 WARNING neutron.api.rpc.agentnotifiers.dhcp_rpc_agent_api [None req-b484b133-b3b8-4861-823b-6237e6705483 4c369f5b570d4982ad1b24245fefdd26 aa1377eb1a6547d781a843b8f5e59bf7 - - default default] Unable to schedule network 102f8414-974f-4762-a364-de5dc5476ebc: no agents available; will retry on subsequent port and subnet creation events.
2026-04-07 01:15:59.191 8 INFO neutron.db.ovn_revision_numbers_db [None req-b484b133-b3b8-4861-823b-6237e6705483 4c369f5b570d4982ad1b24245fefdd26 aa1377eb1a6547d781a843b8f5e59bf7 - - default default] Successfully bumped revision number for resource 00b71bfb-77f5-4454-b944-9ff9b6fa9881 (type: ports) to 1 [pid: 8|app: 0|req: 580/1283] 10.0.0.225 () {34 vars in 670 bytes} [Tue Apr 7 01:15:57 2026] POST /v2.0/networks => generated 744 bytes in 1355 msecs (HTTP/1.1 201) 4 headers in 162 bytes (1 switches on core 0)
2026-04-07 01:15:59.363 7 INFO neutron.db.ovn_revision_numbers_db [None req-a9eb6477-9799-4af5-ad3e-c510dffcbe86 5b7d92ba9d584034aca8a9124191c953 731f88bdee6a43c788f279e2fba8943f - - default default] Successfully bumped revision number for resource ef1eb0ab-9ab1-4ea6-80cc-d1fa7de38644 (type: security_groups) to 1
2026-04-07 01:15:59.380 7 INFO neutron.db.ovn_revision_numbers_db [None req-a9eb6477-9799-4af5-ad3e-c510dffcbe86 5b7d92ba9d584034aca8a9124191c953 731f88bdee6a43c788f279e2fba8943f - - default default] Successfully bumped revision number for resource 27011715-9732-46fd-bc15-48739d807816 (type: security_group_rules) to 0
2026-04-07 01:15:59.392 7 INFO neutron.db.ovn_revision_numbers_db [None req-a9eb6477-9799-4af5-ad3e-c510dffcbe86 5b7d92ba9d584034aca8a9124191c953 731f88bdee6a43c788f279e2fba8943f - - default default] Successfully bumped revision number for resource 71850c16-9783-4cbf-9029-12b4c5cc3041 (type: security_group_rules) to 0 [pid: 7|app: 0|req: 704/1284] 10.0.0.225 () {34 vars in 684 bytes} [Tue Apr 7 01:15:59 2026] POST /v2.0/security-groups => generated 1661 bytes in 227 msecs (HTTP/1.1 201) 4 headers in 163 bytes (1 switches on core 0)
2026-04-07 01:15:59.527 8 WARNING neutron.scheduler.dhcp_agent_scheduler [None req-f39d3207-4b84-475c-be86-40ec3786de8b 4c369f5b570d4982ad1b24245fefdd26 aa1377eb1a6547d781a843b8f5e59bf7 - - default default] No more DHCP agents
2026-04-07 01:15:59.529 8 WARNING neutron.api.rpc.agentnotifiers.dhcp_rpc_agent_api [None req-f39d3207-4b84-475c-be86-40ec3786de8b 4c369f5b570d4982ad1b24245fefdd26 aa1377eb1a6547d781a843b8f5e59bf7 - - default default] Unable to schedule network 102f8414-974f-4762-a364-de5dc5476ebc: no agents available; will retry on subsequent port and subnet creation events.
2026-04-07 01:15:59.588 7 INFO neutron.db.ovn_revision_numbers_db [None req-19b076bd-8ba1-4b00-bcd8-549b84728254 5b7d92ba9d584034aca8a9124191c953 731f88bdee6a43c788f279e2fba8943f - - default default] Successfully bumped revision number for resource 18318116-ae1b-4d88-8770-ad283c876a84 (type: security_group_rules) to 0 [pid: 7|app: 0|req: 705/1285] 10.0.0.225 () {34 vars in 694 bytes} [Tue Apr 7 01:15:59 2026] POST /v2.0/security-group-rules => generated 597 bytes in 182 msecs (HTTP/1.1 201) 4 headers in 162 bytes (1 switches on core 0)
2026-04-07 01:15:59.864 7 INFO neutron.db.ovn_revision_numbers_db [None req-42874000-69f8-4d2f-b840-db6d3e59f344 4c369f5b570d4982ad1b24245fefdd26 aa1377eb1a6547d781a843b8f5e59bf7 - - default default] Successfully bumped revision number for resource 14ed0ce8-eb25-4e19-bbfc-3ac77535d9a3 (type: security_groups) to 1
2026-04-07 01:15:59.873 7 INFO neutron.db.ovn_revision_numbers_db [None req-42874000-69f8-4d2f-b840-db6d3e59f344 4c369f5b570d4982ad1b24245fefdd26 aa1377eb1a6547d781a843b8f5e59bf7 - - default default] Successfully bumped revision number for resource 104d84e8-a406-498f-9a2e-0ef7f3282024 (type: security_group_rules) to 0
2026-04-07 01:15:59.882 7 INFO neutron.db.ovn_revision_numbers_db [None req-42874000-69f8-4d2f-b840-db6d3e59f344 4c369f5b570d4982ad1b24245fefdd26 aa1377eb1a6547d781a843b8f5e59bf7 - - default default] Successfully bumped revision number for resource 2a38afc2-08f3-4097-b71c-3dac91774bc0 (type: security_group_rules) to 0
2026-04-07 01:15:59.892 7 INFO neutron.db.ovn_revision_numbers_db [None req-42874000-69f8-4d2f-b840-db6d3e59f344 4c369f5b570d4982ad1b24245fefdd26 aa1377eb1a6547d781a843b8f5e59bf7 - - default default] Successfully bumped revision number for resource 8bd9a1ba-e82d-4f3d-9541-1159ffdfa9d9 (type: security_group_rules) to 0
2026-04-07 01:15:59.905 7 INFO neutron.db.ovn_revision_numbers_db [None req-42874000-69f8-4d2f-b840-db6d3e59f344 4c369f5b570d4982ad1b24245fefdd26 aa1377eb1a6547d781a843b8f5e59bf7 - - default default] Successfully bumped revision number for resource abf6b26e-e389-4ea4-a2cd-27c2e9b36725 (type: security_group_rules) to 0 [pid: 7|app: 0|req: 706/1286] 10.0.0.225 () {32 vars in 773 bytes} [Tue Apr 7 01:15:59 2026] GET /v2.0/security-groups?tenant_id=a7204db1b1f94f8298118ceaaa223aaa&name=default => generated 2925 bytes in 318 msecs (HTTP/1.1 200) 4 headers in 158 bytes (1 switches on core 0)
2026-04-07 01:16:00.007 8 INFO neutron.db.ovn_revision_numbers_db [None req-31ffa349-ed72-401a-be93-cbeead7375fa - - - - - -] Successfully bumped revision number for resource e428bf86-c14b-4947-910b-2904bbfaf5b5 (type: ports) to 2
2026-04-07 01:16:00.068 7 INFO neutron.db.ovn_revision_numbers_db [None req-31a39ea6-8b5c-4996-acec-3079fc03ab42 5b7d92ba9d584034aca8a9124191c953 731f88bdee6a43c788f279e2fba8943f - - default default] Successfully bumped revision number for resource da6d3597-463a-4538-b23d-6fff87623646 (type: security_group_rules) to 0 [pid: 7|app: 0|req: 707/1287] 10.0.0.225 () {34 vars in 694 bytes} [Tue Apr 7 01:15:59 2026] POST /v2.0/security-group-rules => generated 602 bytes in 157 msecs (HTTP/1.1 201) 4 headers in 162 bytes (1 switches on core 0) [pid: 7|app: 0|req: 708/1288] 10.0.0.225 () {32 vars in 739 bytes} [Tue Apr 7 01:16:00 2026] DELETE /v2.0/security-groups/14ed0ce8-eb25-4e19-bbfc-3ac77535d9a3 => generated 0 bytes in 249 msecs (HTTP/1.1 204) 2 headers in 112 bytes (1 switches on core 0)
2026-04-07 01:16:00.456 8 INFO neutron.db.ovn_revision_numbers_db [None req-e369f7a9-dd53-4b7f-8897-1c5311285eff - - - - - -] Successfully bumped revision number for resource 00b71bfb-77f5-4454-b944-9ff9b6fa9881 (type: ports) to 2
2026-04-07 01:16:00.498 8 INFO neutron.db.ovn_revision_numbers_db [None req-e369f7a9-dd53-4b7f-8897-1c5311285eff - - - - - -] Successfully bumped revision number for resource 6083b0fb-458b-4cc1-9f5c-e799d7022197 (type: subnets) to 0 [pid: 8|app: 0|req: 581/1289] 10.0.0.225 () {34 vars in 668 bytes} [Tue Apr 7 01:15:59 2026] POST /v2.0/subnets => generated 688 bytes in 1271 msecs (HTTP/1.1 201) 4 headers in 162 bytes (1 switches on core 0)
2026-04-07 01:16:00.606 7 WARNING neutron.scheduler.dhcp_agent_scheduler [None req-e2398c39-c0f9-4402-aa87-1b1a5c1757e3 5b7d92ba9d584034aca8a9124191c953 731f88bdee6a43c788f279e2fba8943f - - default default] No more DHCP agents
2026-04-07 01:16:00.608 7 WARNING neutron.api.rpc.agentnotifiers.dhcp_rpc_agent_api [None req-e2398c39-c0f9-4402-aa87-1b1a5c1757e3 5b7d92ba9d584034aca8a9124191c953 731f88bdee6a43c788f279e2fba8943f - - default default] Unable to schedule network 8d28a1e1-3053-4d92-96ba-663be5a1c272: no agents available; will retry on subsequent port and subnet creation events.
2026-04-07 01:16:00.664 8 INFO neutron.db.ovn_revision_numbers_db [None req-8e83058e-432b-4386-a432-011ba8d4d906 4c369f5b570d4982ad1b24245fefdd26 aa1377eb1a6547d781a843b8f5e59bf7 - - default default] Successfully bumped revision number for resource 0349867f-ff88-49a1-8c4f-f7dd7666bb70 (type: security_groups) to 1
2026-04-07 01:16:00.675 8 INFO neutron.db.ovn_revision_numbers_db [None req-8e83058e-432b-4386-a432-011ba8d4d906 4c369f5b570d4982ad1b24245fefdd26 aa1377eb1a6547d781a843b8f5e59bf7 - - default default] Successfully bumped revision number for resource 6fa1face-18f7-4947-8efa-33de156b70b5 (type: security_group_rules) to 0
2026-04-07 01:16:00.685 8 INFO neutron.db.ovn_revision_numbers_db [None req-8e83058e-432b-4386-a432-011ba8d4d906 4c369f5b570d4982ad1b24245fefdd26 aa1377eb1a6547d781a843b8f5e59bf7 - - default default] Successfully bumped revision number for resource e5621a2a-4e83-4ecf-b193-b9aa03c053cd (type: security_group_rules) to 0
2026-04-07 01:16:00.697 8 INFO neutron.db.ovn_revision_numbers_db [None req-8e83058e-432b-4386-a432-011ba8d4d906 4c369f5b570d4982ad1b24245fefdd26 aa1377eb1a6547d781a843b8f5e59bf7 - - default default] Successfully bumped revision number for resource f3c6666c-4f90-4bbf-ae1e-890a50376d37 (type: security_group_rules) to 0
2026-04-07 01:16:00.713 8 INFO neutron.db.ovn_revision_numbers_db [None req-8e83058e-432b-4386-a432-011ba8d4d906 4c369f5b570d4982ad1b24245fefdd26 aa1377eb1a6547d781a843b8f5e59bf7 - - default default] Successfully bumped revision number for resource f4e5172e-5ce9-4d0b-9576-0f81e3f19f90 (type: security_group_rules) to 0 [pid: 8|app: 0|req: 582/1290] 10.0.0.225 () {32 vars in 773 bytes} [Tue Apr 7 01:16:00 2026] GET /v2.0/security-groups?tenant_id=5b876a762043422e82cd799a9825568f&name=default => generated 2925 bytes in 232 msecs (HTTP/1.1 200) 4 headers in 158 bytes (1 switches on core 0) [pid: 7|app: 0|req: 709/1291] 10.0.0.225 () {34 vars in 675 bytes} [Tue Apr 7 01:16:00 2026] POST /v2.0/floatingips => generated 552 bytes in 615 msecs (HTTP/1.1 201) 4 headers in 162 bytes (1 switches on core 0)
2026-04-07 01:16:01.141 8 WARNING neutron.scheduler.dhcp_agent_scheduler [None req-306c1b14-2362-428a-b76a-fa90ed3f6d02 4c369f5b570d4982ad1b24245fefdd26 aa1377eb1a6547d781a843b8f5e59bf7 - - default default] No more DHCP agents
2026-04-07 01:16:01.143 8 WARNING neutron.api.rpc.agentnotifiers.dhcp_rpc_agent_api [None req-306c1b14-2362-428a-b76a-fa90ed3f6d02 4c369f5b570d4982ad1b24245fefdd26 aa1377eb1a6547d781a843b8f5e59bf7 - - default default] Unable to schedule network 8d28a1e1-3053-4d92-96ba-663be5a1c272: no agents available; will retry on subsequent port and subnet creation events.
2026-04-07 01:16:01.300 7 INFO neutron.db.ovn_revision_numbers_db [None req-42fe88ab-700b-47cd-8453-6674cc87cbb3 5bb9ddd323fc46728c20b53ff54239c8 d21abb93d6ed43cba8b1d8983e62e4d0 - - default default] Successfully bumped revision number for resource 9d7d358b-aadf-45c6-a2f1-a76e168ce6d4 (type: security_groups) to 1
2026-04-07 01:16:01.327 7 INFO neutron.db.ovn_revision_numbers_db [None req-42fe88ab-700b-47cd-8453-6674cc87cbb3 5bb9ddd323fc46728c20b53ff54239c8 d21abb93d6ed43cba8b1d8983e62e4d0 - - default default] Successfully bumped revision number for resource 07ce21c2-017e-4f1b-b6b1-4167f17abb24 (type: security_group_rules) to 0
2026-04-07 01:16:01.345 7 INFO neutron.db.ovn_revision_numbers_db [None req-42fe88ab-700b-47cd-8453-6674cc87cbb3 5bb9ddd323fc46728c20b53ff54239c8 d21abb93d6ed43cba8b1d8983e62e4d0 - - default default] Successfully bumped revision number for resource 2e786581-76ee-451b-89fa-ca11d6e83260 (type: security_group_rules) to 0
2026-04-07 01:16:01.366 7 INFO neutron.db.ovn_revision_numbers_db [None req-42fe88ab-700b-47cd-8453-6674cc87cbb3 5bb9ddd323fc46728c20b53ff54239c8 d21abb93d6ed43cba8b1d8983e62e4d0 - - default default] Successfully bumped revision number for resource 425dd3c2-bc2b-4730-baf0-577cadc861bc (type: security_group_rules) to 0
2026-04-07 01:16:01.377 8 INFO neutron.db.ovn_revision_numbers_db [None req-306c1b14-2362-428a-b76a-fa90ed3f6d02 4c369f5b570d4982ad1b24245fefdd26 aa1377eb1a6547d781a843b8f5e59bf7 - - default default] Successfully bumped revision number for resource 1e1f9ee8-d5e9-4669-99ab-674bf214bdf3 (type: ports) to 1
2026-04-07 01:16:01.379 7 INFO neutron.db.ovn_revision_numbers_db [None req-42fe88ab-700b-47cd-8453-6674cc87cbb3 5bb9ddd323fc46728c20b53ff54239c8 d21abb93d6ed43cba8b1d8983e62e4d0 - - default default] Successfully bumped revision number for resource de8154eb-0e7f-465e-a036-d6cef3ceacde (type: security_group_rules) to 0
2026-04-07 01:16:01.521 7 INFO neutron.db.ovn_revision_numbers_db [None req-42fe88ab-700b-47cd-8453-6674cc87cbb3 5bb9ddd323fc46728c20b53ff54239c8 d21abb93d6ed43cba8b1d8983e62e4d0 - - default default] Successfully bumped revision number for resource e4845867-8175-4d78-85ab-ba1bce902f1f (type: security_groups) to 1
2026-04-07 01:16:01.532 7 INFO neutron.db.ovn_revision_numbers_db [None req-42fe88ab-700b-47cd-8453-6674cc87cbb3 5bb9ddd323fc46728c20b53ff54239c8 d21abb93d6ed43cba8b1d8983e62e4d0 - - default default] Successfully bumped revision number for resource 73664790-b566-438c-9575-818761874b3e (type: security_group_rules) to 0
2026-04-07 01:16:01.543 7 INFO neutron.db.ovn_revision_numbers_db [None req-42fe88ab-700b-47cd-8453-6674cc87cbb3 5bb9ddd323fc46728c20b53ff54239c8 d21abb93d6ed43cba8b1d8983e62e4d0 - - default default] Successfully bumped revision number for resource bf8cd046-249b-4c59-b62b-f491c1f5096b (type: security_group_rules) to 0 [pid: 7|app: 0|req: 710/1292] 10.0.0.225 () {34 vars in 683 bytes} [Tue Apr 7 01:16:00 2026] POST /v2.0/security-groups => generated 1624 bytes in 622 msecs (HTTP/1.1 201) 4 headers in 163 bytes (1 switches on core 0) [pid: 7|app: 0|req: 711/1293] 10.0.0.225 () {32 vars in 739 bytes} [Tue Apr 7 01:16:01 2026] DELETE /v2.0/security-groups/0349867f-ff88-49a1-8c4f-f7dd7666bb70 => generated 0 bytes in 272 msecs (HTTP/1.1 204) 2 headers in 112 bytes (1 switches on core 0) [pid: 7|app: 0|req: 712/1294] 10.0.0.100 () {34 vars in 1099 bytes} [Tue Apr 7 01:16:01 2026] GET /v2.0/security-groups?name=tempest-securitygroup--1892063928&fields=id&tenant_id=731f88bdee6a43c788f279e2fba8943f => generated 69 bytes in 28 msecs (HTTP/1.1 200) 4 headers in 156 bytes (1 switches on core 0) [pid: 7|app: 0|req: 713/1295] 10.0.0.225 () {32 vars in 662 bytes} [Tue Apr 7 01:16:01 2026] GET /v2.0/security-groups => generated 4529 bytes in 33 msecs (HTTP/1.1 200) 4 headers in 158 bytes (1 switches on core 0) [pid: 7|app: 0|req: 714/1296] 10.0.0.100 () {34 vars in 981 bytes} [Tue Apr 7 01:16:01 2026] GET /v2.0/networks?id=484b2e23-daad-4881-99b2-980ef7c21fb2 => generated 676 bytes in 41 msecs (HTTP/1.1 200) 4 headers in 157 bytes (1 switches on core 0)
2026-04-07 01:16:02.025 7 INFO neutron.db.ovn_revision_numbers_db [None req-524dea39-78cd-4b64-b120-31382fff452e 5bb9ddd323fc46728c20b53ff54239c8 d21abb93d6ed43cba8b1d8983e62e4d0 - - default default] Successfully bumped revision number for resource e4845867-8175-4d78-85ab-ba1bce902f1f (type: security_groups) to 2 [pid: 7|app: 0|req: 715/1297] 10.0.0.225 () {34 vars in 757 bytes} [Tue Apr 7 01:16:01 2026] PUT /v2.0/security-groups/e4845867-8175-4d78-85ab-ba1bce902f1f => generated 1663 bytes in 86 msecs (HTTP/1.1 200) 4 headers in 158 bytes (1 switches on core 0)
